06-24 11:47:51.524 0 0 I : [3 T17293 ..] mediaproxy_get_fifo get idx[2]
06-24 11:47:51.525 0 0 I : [3 T17293 ..] Session producer-2 is connected fifo idx [2]
06-24 11:47:51.526 0 0 E : [3 T17293 ..] mediaproxy produce connect [2]
06-24 11:47:51.526 0 0 I : [3 T17293 ..] mediaproxy produce msg type :0x40 module_name:aml-vcodec-dec
06-24 11:47:51.528 0 0 I [3 T17293 ..] [amlv4l]: [21]: DW:10, TW:0, Margin:6
06-24 11:47:51.529 0 0 D [0 T17298 ..] [amlcom]: vdec_create instance 00000000e42ca5c5, total 1, PM: power-domain
06-24 11:47:51.529 0 0 D [0 T17298 ..] [media_clock]: vdec mux clock is 799999988 Hz
06-24 11:47:51.529 0 0 I [0 T17298 ..] [amlcom]: dos_local_config end, id 0, is_on 1
06-24 11:47:51.529 0 0 I [0 T17298 ..] [amlcom]: vdec_init, dev_name:ammvdec_h264_v4l, vdec_type=VDEC_TYPE_FRAME_BLOCK, format: 2, total: 1
06-24 11:47:51.532 0 0 D [0 T17298 ..] [h264]: 0: pdata->config=parm_v4l_codec_enable:1;mh264_double_write_mode:16;parm_v4l_buffer_margin:6;parm_v4l_canvas_mem_mode:0;parm_v4l_canvas_mem_endian:0;parm_v4l_low_latency_mode:0;parm_v4l_metadata_config_flag:1050626;parm_v4l_duration:0;parm_v4l_error_handle_info:0;
06-24 11:47:51.532 0 0 D [0 T17298 ..] [h264]: 0: ammvdec_h264_probe error_proc_policy 0x813fcff7 mb_count_threshold 0
06-24 11:47:51.532 0 0 D [0 T17298 ..] [h264]: ammvdec_h264_bmmu_init tvp = 0x0
06-24 11:47:51.537 0 0 D [2 T17298 ..] [media_clock]: vdec mux clock is 799999988 Hz
06-24 11:47:51.538 0 0 D [2 T17298 ..] [h264]: vh264_init, phy_addr=cee29000 vaddr=000000009999a744
06-24 11:47:51.538 0 0 I [3 T17285 ..] [amlv4l]: [21]: set vf duration: f00
06-24 11:47:51.733 0 0 D [0 T312 ..] [h264]: 0: vmh264_get_ps_info mmu_enable 0 double_write_mode 0x10
06-24 11:47:51.733 0 0 I [0 T312 ..] [amlv4l]: [21]: Parse from ucode, visible(1920 x 1080), coded(1920 x 1088), scan:P, bitdepth(0), dw(10)
06-24 11:47:51.734 0 0 I [0 T17298 ..] [amlv4l]: [21]: Picture buffer count: dec:5, vpp:0, ge2d:0, margin:6, total:11
06-24 11:47:51.735 0 0 D [0 T17298 ..] [amlv4l]: [21]: Post event: res chg
06-24 11:47:51.756 0 0 I [3 T216 ..] servicemanager: Found android.hardware.graphics.allocator.IAllocator/default in device VINTF manifest.
06-24 11:47:51.759 0 0 I [0 T216 ..] servicemanager: Found android.hardware.graphics.allocator.IAllocator/default in device VINTF manifest.
06-24 11:47:51.797 0 0 D [2 T312 ..] [h264]: 0: restriction_flag=0, max_dec_frame_buffering=4, dec_dpb_size=5 num_reorder_frames 2 used_reorder_dpb_size_margin 6
06-24 11:47:51.805 0 0 D [0 T239 ..] [h264]: 0: decoder duration change old: 0 new: 3840
06-24 11:47:52.240 0 0 I : [1 T360 ..] di_process_open iminor(inode) =0
06-24 11:47:52.241 0 0 I [1 T360 ..] dim: reg:use[1]ms
06-24 11:47:52.241 0 0 I [1 T360 ..] dim: ins:create:ch[2],tmode[3]
06-24 11:47:52.242 0 0 I [0 T360 ..] dim: out:0x80000000
06-24 11:47:52.247 0 0 E [1 T360 ..] dp: [0]no hdr10+ data.
06-24 11:47:52.247 0 0 E [1 T360 ..] dp: [0]no meta_data.
06-24 11:47:52.248 0 0 E [1 T360 ..] dp: [0]invalid ud param.
06-24 11:47:52.249 0 0 I [2 T108 ..] dim: value reg:ch[2]:fix_buf:0;ponly <0,0> post_nub=5
06-24 11:47:52.249 0 0 I [3 T360 ..] vc: [0]vc: set enable index=0, val=1
06-24 11:47:52.249 0 0 I [2 T108 ..] dim: di_cnt_i_buf1:tvp:0
06-24 11:47:52.250 0 0 I [0 T360 ..] VID: VD1 off
06-24 11:47:52.251 0 0 I [2 T108 ..] dim: di_reg_setting:ch[2]:for first ch reg:
06-24 11:47:52.251 0 0 I [0 T360 ..] VID: VD1 set global output as 1
06-24 11:47:52.252 0 0 I [2 T108 ..] dim: ch[2]:reg:mem cfg[0][0][0]
06-24 11:47:52.252 0 0 I [0 T360 ..] VID: store VD0 path_id changed -1->2
06-24 11:47:52.253 0 0 I [2 T108 ..] dim: ch[2]:bypass change:i:0->1:0x60
06-24 11:47:52.255 0 0 I [1 T360 ..] vc: [0]sideband_type =-1
06-24 11:47:52.266 0 0 W : [3 T16769 .s] [SP FRAME TX] arp req,vif_idx:0 sender:[1c:79:2d:20:62:cb 192.168.3.75]receiver:[00:00:00:00:00:00 192.168.3.250]
06-24 11:47:52.285 0 0 W : [3 T1046 ..] [SP FRAME RX] arp rsp,vif_idx:0 sender:[a2:e3:8f:e4:ff:46 192.168.3.250]receiver:[1c:79:2d:20:62:cb 192.168.3.75]
06-24 11:47:52.286 0 0 I [2 T314 ..] dim: pq i:rm 0x1000
06-24 11:47:52.288 0 0 I [2 T314 ..] dim: pq i:rm 0x2000
06-24 11:47:52.293 0 0 I [2 T314 ..] dim: pq i:rm 0x200
06-24 11:47:52.295 0 0 I [2 T314 ..] dim: pq i:rm 0x800
06-24 11:47:52.319 0 0 W : [3 T1046 ..] [SP FRAME RX] arp req,vif_idx:0 sender:[a2:e3:8f:e4:ff:46 192.168.3.250]receiver:[00:00:00:00:00:00 192.168.3.75]
06-24 11:47:52.320 0 0 W : [3 T1046 ..] [SP FRAME TX] arp rsp,vif_idx:0 sender:[1c:79:2d:20:62:cb 192.168.3.75]receiver:[a2:e3:8f:e4:ff:46 192.168.3.250]
06-24 11:47:52.378 0 0 W [1 T14130 ..] audit: audit_lost=2506 audit_rate_limit=5 audit_backlog_limit=64
06-24 11:47:52.378 0 0 E [1 T14130 ..] audit: rate limit exceeded
06-24 11:47:52.478 685 780 D ActivityManager: freezing 2025 com.android.providers.tv
06-24 11:47:52.824 272 16720 I keystore2: system/security/keystore2/src/watchdog.rs:319 - Watchdog thread idle -> terminating. Have a great day.
06-24 11:47:56.802 685 1083 D CompatibilityChangeReporter: Compat change id reported: 197654537; UID 10080; state: ENABLED
06-24 11:47:56.803 685 13323 D CompatibilityChangeReporter: Compat change id reported: 135634846; UID 10080; state: DISABLED
06-24 11:47:56.803 685 719 D CompatibilityChangeReporter: Compat change id reported: 143937733; UID 10080; state: ENABLED
06-24 11:47:56.807 685 685 D CompatibilityChangeReporter: Compat change id reported: 194833441; UID 10080; state: DISABLED
06-24 11:47:56.822 685 719 I ActivityManager: Start proc 17385:cn.miguvideo.migutv:pushservice/u0a80 for service {cn.miguvideo.migutv/cn.migu.tsg.mpush.PushService}
06-24 11:47:56.855 685 1083 D CompatibilityChangeReporter: Compat change id reported: 168419799; UID 10080; state: DISABLED
06-24 11:47:56.856 685 1083 D CompatibilityChangeReporter: Compat change id reported: 273564678; UID 10080; state: DISABLED
06-24 11:47:56.866 685 1083 D CompatibilityChangeReporter: Compat change id reported: 170503758; UID 10080; state: ENABLED
06-24 11:47:57.212 685 1083 D CompatibilityChangeReporter: Compat change id reported: 261072174; UID 10080; state: DISABLED
06-24 11:47:57.221 685 1083 D CompatibilityChangeReporter: Compat change id reported: 161145287; UID 10080; state: DISABLED
06-24 11:47:57.386 0 0 W : [0 T647 .s] [SP FRAME TX] arp req,vif_idx:0 sender:[1c:79:2d:20:62:cb 192.168.3.75]receiver:[00:00:00:00:00:00 192.168.3.104]
06-24 11:47:57.387 0 0 W : [0 T647 .s] [SP FRAME TX] arp req,vif_idx:0 sender:[1c:79:2d:20:62:cb 192.168.3.75]receiver:[00:00:00:00:00:00 192.168.3.35]
06-24 11:47:57.389 0 0 W : [0 T647 .s] [SP FRAME TX] arp req,vif_idx:0 sender:[1c:79:2d:20:62:cb 192.168.3.75]receiver:[00:00:00:00:00:00 192.168.3.77]
06-24 11:47:57.390 0 0 W : [0 T647 .s] [SP FRAME TX] arp req,vif_idx:0 sender:[1c:79:2d:20:62:cb 192.168.3.75]receiver:[00:00:00:00:00:00 192.168.3.244]
06-24 11:47:57.392 0 0 W : [1 T1046 ..] [SP FRAME RX] arp rsp,vif_idx:0 sender:[7c:21:4a:22:40:b1 192.168.3.104]receiver:[1c:79:2d:20:62:cb 192.168.3.75]
06-24 11:47:57.395 0 0 W : [2 T1046 ..] [SP FRAME RX] arp rsp,vif_idx:0 sender:[b0:dc:ef:00:4c:09 192.168.3.77]receiver:[1c:79:2d:20:62:cb 192.168.3.75]
06-24 11:47:57.397 0 0 W : [3 T1046 ..] [SP FRAME RX] arp rsp,vif_idx:0 sender:[f0:a6:54:29:d5:2f 192.168.3.35]receiver:[1c:79:2d:20:62:cb 192.168.3.75]
06-24 11:47:57.398 0 0 W : [1 T1046 ..] [SP FRAME RX] arp rsp,vif_idx:0 sender:[cc:f9:e4:c5:46:30 192.168.3.244]receiver:[1c:79:2d:20:62:cb 192.168.3.75]
06-24 11:47:57.576 0 0 W : [3 T1041 ..] traffic idle!!
06-24 11:48:01.114 0 0 W : [0 T1046 ..] [SP FRAME RX] arp req,vif_idx:0 sender:[b6:86:f8:35:d4:28 192.168.3.36]receiver:[00:00:00:00:00:00 192.168.3.75]
06-24 11:48:01.115 0 0 W : [0 T1046 ..] [SP FRAME TX] arp rsp,vif_idx:0 sender:[1c:79:2d:20:62:cb 192.168.3.75]receiver:[b6:86:f8:35:d4:28 192.168.3.36]
06-24 11:48:01.226 0 0 W : [0 T0 .s] [SP FRAME TX] arp req,vif_idx:0 sender:[1c:79:2d:20:62:cb 192.168.3.75]receiver:[00:00:00:00:00:00 192.168.3.36]
06-24 11:48:01.230 0 0 W : [0 T1046 ..] [SP FRAME RX] arp rsp,vif_idx:0 sender:[b6:86:f8:35:d4:28 192.168.3.36]receiver:[1c:79:2d:20:62:cb 192.168.3.75]
06-24 11:48:02.762 0 0 W : [3 T10784 ..] [aml_send_sync_trace 4388] sync token[63766]
06-24 11:48:02.762 0 0 W : [3 T10784 ..] >>> aml_send_msg()
06-24 11:48:02.763 0 0 W : [3 T1041 ..] ipc_sdio_host_msgack_handler 0000000070be3b5b
06-24 11:48:02.764 0 0 W : [3 T1041 ..] [aml_msgackind 2039] msg ack hostid=0xffffff808bb51300
06-24 11:48:02.765 0 0 W : [3 T1041 ..] [cmd_mgr_llind 329] cmd tkn[100] flags:0008 result: -4 cmd: 105-MM_SYNC_TRACE - reqcfm( 0-none)
06-24 11:48:02.766 0 0 W : [3 T1041 ..] [cmd_complete 65] cmd tkn[100] flags:0000 result: -4 cmd: 105-MM_SYNC_TRACE - reqcfm( 0-none)
06-24 11:48:06.669 0 0 D [2 T17297 ..] [amlv4l]: [21]: Post event: eos
06-24 11:48:06.671 0 0 I [1 T17298 ..] [amlv4l]: [21]: reset mode: 1, es frames buffering: 0
06-24 11:48:06.674 0 0 I [2 T17298 ..] [amlv4l]: [21]: reset mode: 1, es frames buffering: 0
06-24 11:48:06.913 0 0 I [3 T17293 ..] [amlv4l]: [21]: reset mode: 1, es frames buffering: 0
06-24 11:48:06.916 0 0 D [3 T17293 ..] [amlcom]: vdec_release instance 00000000e42ca5c5, total 1
06-24 11:48:06.916 0 0 I [2 T17293 ..] [amlcom]: dos_local_config end, id 0, is_on 0
06-24 11:48:06.916 0 0 D [2 T17293 ..] [media_clock]: the clk_vdec_mux clock off, ref cnt: 0
06-24 11:48:06.916 0 0 I : [2 T17293 ..] deinit session
06-24 11:48:06.917 0 0 I : [2 T17293 ..] deinit session producer-2
06-24 11:48:06.917 0 0 I : [2 T17293 ..] deinit has_unusing_fifo [1]
06-24 11:48:06.918 0 0 I : [1 T98 ..] p_fifo[2] name[aml-vcodec-dec] state[0] to MP_FIFO_UNUSED
06-24 11:48:07.006 0 0 I [2 T108 ..] dim: unreg:2keep[0], msk:[0x0,0x0]
06-24 11:48:07.006 0 0 I [2 T108 ..] dim: hf:r:ch[2]:cnt[0]
06-24 11:48:07.007 0 0 I [2 T108 ..] dim: di_unreg_setting:
06-24 11:48:07.007 0 0 I [0 T360 ..] dim: unreg:use[17]ms
06-24 11:48:07.008 0 0 I [3 T360 ..] dim: ins:destroy:ch[2]:end
06-24 11:48:07.009 0 0 I : [1 T360 ..] di process release
06-24 11:48:07.013 0 0 I [1 T360 ..] vc: [0]vc: set enable index=0, val=0
06-24 11:48:07.013 0 0 I [1 T360 ..] VID: store VD0 path_id changed 2->-1
06-24 11:48:07.014 0 0 I [1 T360 ..] VID: VD1 off
06-24 11:48:07.014 0 0 I [1 T360 ..] VID: VD1 set global output as 0
06-24 11:48:07.014 0 0 I : [1 T360 ..] common_vf_unreg_provider video_render.0: vd1 used:true, vd2 used:false, vd3 used:false, f_wait:true (0 0), b_out:0, cur_buf:00000000c149d856
06-24 11:48:07.035 0 0 I [1 T360 ..] dp_put_file_ext: put_file=ffffff80ab7dbb80, file_count=7
06-24 11:48:07.804 685 780 D ActivityManager: freezing 1799 com.android.permissioncontroller
06-24 11:48:17.354 0 0 W : [2 T0 .s] [SP FRAME TX] arp req,vif_idx:0 sender:[1c:79:2d:20:62:cb 192.168.3.75]receiver:[00:00:00:00:00:00 192.168.3.65]
06-24 11:48:17.493 0 0 W : [2 T1046 ..] [SP FRAME RX] arp rsp,vif_idx:0 sender:[b6:9c:70:ec:40:e7 192.168.3.65]receiver:[1c:79:2d:20:62:cb 192.168.3.75]
06-24 11:48:19.402 0 0 W : [0 T647 .s] [SP FRAME TX] arp req,vif_idx:0 sender:[1c:79:2d:20:62:cb 192.168.3.75]receiver:[00:00:00:00:00:00 192.168.3.3]
06-24 11:48:19.409 0 0 W : [2 T1046 ..] [SP FRAME RX] arp rsp,vif_idx:0 sender:[02:fe:15:17:79:f9 192.168.3.3]receiver:[1c:79:2d:20:62:cb 192.168.3.75]
06-24 11:48:19.515 0 0 W : [2 T1046 ..] [SP FRAME RX] arp req,vif_idx:0 sender:[02:fe:15:17:79:f9 192.168.3.3]receiver:[00:00:00:00:00:00 192.168.3.75]
06-24 11:48:19.516 0 0 W : [2 T1046 ..] [SP FRAME TX] arp rsp,vif_idx:0 sender:[1c:79:2d:20:62:cb 192.168.3.75]receiver:[02:fe:15:17:79:f9 192.168.3.3]
06-24 11:48:26.713 0 0 W : [2 T1046 ..] [SP FRAME RX] DHCP[0 1], vif_idx:0
06-24 11:48:27.827 0 0 W : [2 T1046 ..] [SP FRAME RX] DHCP[0 1], vif_idx:0
06-24 11:48:48.662 685 9098 D CompatibilityChangeReporter: Compat change id reported: 214016041; UID 10080; state: DISABLED
06-24 11:48:51.140 0 0 W : [2 T1041 ..] traffic busy!!
06-24 11:48:54.098 685 700 D CompatibilityChangeReporter: Compat change id reported: 265464455; UID 10080; state: DISABLED
06-24 11:48:54.098 685 700 D CompatibilityChangeReporter: Compat change id reported: 265452344; UID 10080; state: DISABLED
06-24 11:48:54.099 685 700 D CompatibilityChangeReporter: Compat change id reported: 266124927; UID 10080; state: DISABLED
06-24 11:48:54.099 685 700 D CompatibilityChangeReporter: Compat change id reported: 265451093; UID 10080; state: DISABLED
06-24 11:48:54.099 685 700 D CompatibilityChangeReporter: Compat change id reported: 265456536; UID 10080; state: DISABLED
06-24 11:48:54.099 685 700 D CompatibilityChangeReporter: Compat change id reported: 255940284; UID 10080; state: DISABLED
06-24 11:48:54.099 685 700 D CompatibilityChangeReporter: Compat change id reported: 236283604; UID 10080; state: DISABLED
06-24 11:48:54.099 685 700 D CompatibilityChangeReporter: Compat change id reported: 263959004; UID 10080; state: DISABLED
06-24 11:48:54.100 685 700 D CompatibilityChangeReporter: Compat change id reported: 264304459; UID 10080; state: DISABLED
06-24 11:48:54.100 685 700 D CompatibilityChangeReporter: Compat change id reported: 264301586; UID 10080; state: DISABLED
06-24 11:48:54.100 685 700 D CompatibilityChangeReporter: Compat change id reported: 254631730; UID 10080; state: DISABLED
06-24 11:48:54.100 685 700 D CompatibilityChangeReporter: Compat change id reported: 273509367; UID 10080; state: DISABLED
06-24 11:48:54.100 685 700 D CompatibilityChangeReporter: Compat change id reported: 263259275; UID 10080; state: DISABLED
06-24 11:48:54.100 685 700 D CompatibilityChangeReporter: Compat change id reported: 174042980; UID 10080; state: DISABLED
06-24 11:48:54.101 685 700 D CompatibilityChangeReporter: Compat change id reported: 174042936; UID 10080; state: DISABLED
06-24 11:48:54.101 685 700 D CompatibilityChangeReporter: Compat change id reported: 181136395; UID 10080; state: DISABLED
06-24 11:48:54.102 685 700 D CompatibilityChangeReporter: Compat change id reported: 194480991; UID 10080; state: ENABLED
06-24 11:48:54.105 685 700 D CompatibilityChangeReporter: Compat change id reported: 184838306; UID 10080; state: DISABLED
06-24 11:48:54.105 685 700 D CompatibilityChangeReporter: Compat change id reported: 185004937; UID 10080; state: DISABLED
06-24 11:48:54.112 685 700 E Transition: Trying to add a ready-group twice: Display{#0 state=ON size=1920x1080 ROTATION_0}
06-24 11:48:54.113 901 979 V WindowManagerShell: Transition requested: android.os.BinderProxy@27885f7 TransitionRequestInfo { type = 1, triggerTask = TaskInfo{userId=0 taskId=47 displayId=0 isRunning=true baseIntent=Intent { act=android.intent.action.MAIN cat=[android.intent.category.LAUNCHER] flg=0x10000000 pkg=cn.miguvideo.migutv cmp=cn.miguvideo.migutv/.SplashActivity } baseActivity=ComponentInfo{cn.miguvideo.migutv/cn.miguvideo.migutv.libdisplay.MainActivity} topActivity=ComponentInfo{cn.miguvideo.migutv/cn.miguvideo.migutv.libplaydetail.PlayMgdbidActivity} origActivity=null realActivity=ComponentInfo{cn.miguvideo.migutv/cn.miguvideo.migutv.SplashActivity} numActivities=2 lastActiveTime=2342013 supportsMultiWindow=true resizeMode=1 isResizeable=true minWidth=-1 minHeight=-1 defaultMinSize=220 token=WCT{android.window.IWindowContainerToken$Stub$Proxy@a2c7c64} topActivityType=1 pictureInPictureParams=null shouldDockBigOverlays=true launchIntoPipHostTaskId=-1 lastParentTaskIdBeforePip=-1 displayCutoutSafeInsets=null topActivityInfo=ActivityInfo{c2f9ecd cn.miguvideo.migutv.libplaydetail.PlayMgdbidActivity} launchCookies=[] positionInParent=Point(0, 0) parentTaskId=-1 isFocused=true isVisible=true isVisibleRequested=true isSleeping=false topActivityInSizeCompat=false topActivityEligibleForLetterboxEducation= false isLetterboxDoubleTapEnabled= false topActivityEligibleForUserAspectRatioButton= false topActivityBoundsLetterboxed= false isFromLetterboxDoubleTap= false topActivityLetterboxVerticalPosition= -1 topActivityLetterboxHorizontalPosition= -1 topActivityLetterboxWidth=-1 topActivityLetterboxHeight=-1 isUserFullscreenOverrideEnabled=false isTopActivityTransparent=false locusId=null displayAreaFeatureId=1 cameraCompatControlState=hidden}, remoteTransition = null, displayChange = null, flags = 0 }
06-24 11:48:54.114 685 700 I ActivityTaskManager: START u0 {cmp=cn.miguvideo.migutv/.libplaydetail.PlayMgdbidActivity (has extras)} with LAUNCH_MULTIPLE from uid 10080 (BAL_ALLOW_VISIBLE_WINDOW) result code=0
06-24 11:48:54.128 685 9098 V WindowManager: app ------------- force_land :0
06-24 11:48:54.232 901 979 D WindowManagerShell: TvPipController: onTaskStackChanged()
06-24 11:48:54.291 685 700 W WindowManager: [addWindow] title:cn.miguvideo.migutv/cn.miguvideo.migutv.libplaydetail.PlayMgdbidActivity
06-24 11:48:54.291 685 9098 W WindowManager: Failed looking up window session=Session{5977386 16754:u0a10080} callers=com.android.server.wm.WindowManagerService.windowForClientLocked:6077 com.android.server.wm.Session.updateRequestedVisibleTypes:695 android.view.IWindowSession$Stub.onTransact:1034
06-24 11:48:54.300 685 700 D CoreBackPreview: Window{c0064f0 u0 cn.miguvideo.migutv/cn.miguvideo.migutv.libplaydetail.PlayMgdbidActivity}: Setting back callback OnBackInvokedCallbackInfo{mCallback=android.window.IOnBackInvokedCallback$Stub$Proxy@1192bab, mPriority=0, mIsAnimationCallback=false}
06-24 11:48:54.334 0 0 I [3 T265 ..] dp_buf: [0:21]di buf_mgr free
06-24 11:48:54.333 685 708 V WindowManager: Sent Transition #73 createdAt=06-24 11:48:54.102 via request=TransitionRequestInfo { type = 1, triggerTask = TaskInfo{userId=0 taskId=47 displayId=0 isRunning=true baseIntent=Intent { act=android.intent.action.MAIN cat=[android.intent.category.LAUNCHER] flg=0x10000000 pkg=cn.miguvideo.migutv cmp=cn.miguvideo.migutv/.SplashActivity } baseActivity=ComponentInfo{cn.miguvideo.migutv/cn.miguvideo.migutv.libdisplay.MainActivity} topActivity=ComponentInfo{cn.miguvideo.migutv/cn.miguvideo.migutv.libplaydetail.PlayMgdbidActivity} origActivity=null realActivity=ComponentInfo{cn.miguvideo.migutv/cn.miguvideo.migutv.SplashActivity} numActivities=2 lastActiveTime=2342013 supportsMultiWindow=true resizeMode=1 isResizeable=true minWidth=-1 minHeight=-1 defaultMinSize=220 token=WCT{RemoteToken{7fa7e0c Task{1778f08 #47 type=standard A=10080:cn.miguvideo.migutv}}} topActivityType=1 pictureInPictureParams=null shouldDockBigOverlays=true launchIntoPipHostTaskId=-1 lastParentTaskIdBeforePip=-1 displayCutoutSafeInsets=null topActivityInfo=ActivityInfo{c609bc6 cn.miguvideo.migutv.libplaydetail.PlayMgdbidActivity} launchCookies=[] positionInParent=Point(0, 0) parentTaskId=-1 isFocused=true isVisible=true isVisibleRequested=true isSleeping=false topActivityInSizeCompat=false topActivityEligibleForLetterboxEducation= false isLetterboxDoubleTapEnabled= false topActivityEligibleForUserAspectRatioButton= false topActivityBoundsLetterboxed= false isFromLetterboxDoubleTap= false topActivityLetterboxVerticalPosition= -1 topActivityLetterboxHorizontalPosition= -1 topActivityLetterboxWidth=-1 topActivityLetterboxHeight=-1 isUserFullscreenOverrideEnabled=false isTopActivityTransparent=false locusId=null displayAreaFeatureId=1 cameraCompatControlState=hidden}, remoteTransition = null, displayChange = null, flags = 0 }
06-24 11:48:54.333 901 979 V WindowManagerShell: onTransitionReady android.os.BinderProxy@27885f7: {id=73 t=OPEN f=0x0 trk=0 r=[0@Point(0, 0)] c=[{null m=OPEN f=FILLS_TASK leash=Surface(name=ActivityRecord{b99d46d u0 cn.miguvideo.migutv/.libplaydetail.PlayMgdbidActivity)/@0x2374382 sb=Rect(0, 0 - 0, 0) eb=Rect(0, 0 - 1920, 1080) d=-1->0 r=-1->0:-1},{null m=TO_BACK f=FILLS_TASK leash=Surface(name=ActivityRecord{e972ce6 u0 cn.miguvideo.migutv/.libdisplay.MainActivity)/@0xa58a93 sb=Rect(0, 0 - 1920, 1080) eb=Rect(0, 0 - 1920, 1080) d=0}]}
06-24 11:48:54.333 685 708 V WindowManager: startWCT=WindowContainerTransaction { changes = {} hops = [] errorCallbackToken=null taskFragmentOrganizer=null }
06-24 11:48:54.333 901 979 V WindowManagerShell: Playing animation for (#73)android.os.BinderProxy@27885f7@0
06-24 11:48:54.333 685 708 V WindowManager: info={id=73 t=OPEN f=0x0 trk=0 r=[0@Point(0, 0)] c=[{null m=OPEN f=FILLS_TASK leash=Surface(name=ActivityRecord{b99d46d u0 cn.miguvideo.migutv/.libplaydetail.PlayMgdbidActivity)/@0x447e208 sb=Rect(0, 0 - 0, 0) eb=Rect(0, 0 - 1920, 1080) d=-1->0 r=-1->0:-1},{null m=TO_BACK f=FILLS_TASK leash=Surface(name=ActivityRecord{e972ce6 u0 cn.miguvideo.migutv/.libdisplay.MainActivity)/@0xd32ac7a sb=Rect(0, 0 - 1920, 1080) eb=Rect(0, 0 - 1920, 1080) d=0}]}
06-24 11:48:54.333 901 979 V WindowManagerShell: try handler com.android.wm.shell.keyguard.KeyguardTransitionHandler@24e2028
06-24 11:48:54.333 901 979 V WindowManagerShell: try handler com.android.wm.shell.pip.tv.TvPipTransition@1141
06-24 11:48:54.334 901 979 V WindowManagerShell: try handler com.android.wm.shell.activityembedding.ActivityEmbeddingController@e8f56e6
06-24 11:48:54.334 901 979 V WindowManagerShell: try handler com.android.wm.shell.transition.RemoteTransitionHandler@b664427
06-24 11:48:54.334 901 979 V WindowManagerShell: Transition doesn't have explicit remote, search filters for match for {id=73 t=OPEN f=0x0 trk=0 r=[0@Point(0, 0)] c=[{null m=OPEN f=FILLS_TASK leash=Surface(name=ActivityRecord{b99d46d u0 cn.miguvideo.migutv/.libplaydetail.PlayMgdbidActivity)/@0x2374382 sb=Rect(0, 0 - 0, 0) eb=Rect(0, 0 - 1920, 1080) d=-1->0 r=-1->0:-1},{null m=TO_BACK f=FILLS_TASK leash=Surface(name=ActivityRecord{e972ce6 u0 cn.miguvideo.migutv/.libdisplay.MainActivity)/@0xa58a93 sb=Rect(0, 0 - 1920, 1080) eb=Rect(0, 0 - 1920, 1080) d=0}]}
06-24 11:48:54.335 901 979 V WindowManagerShell: Delegate animation for #73 to null
06-24 11:48:54.335 901 979 V WindowManagerShell: try handler com.android.wm.shell.transition.DefaultTransitionHandler@7916d4
06-24 11:48:54.335 901 979 V WindowManagerShell: start default transition animation, info = {id=73 t=OPEN f=0x0 trk=0 r=[0@Point(0, 0)] c=[{null m=OPEN f=FILLS_TASK leash=Surface(name=ActivityRecord{b99d46d u0 cn.miguvideo.migutv/.libplaydetail.PlayMgdbidActivity)/@0x2374382 sb=Rect(0, 0 - 0, 0) eb=Rect(0, 0 - 1920, 1080) d=-1->0 r=-1->0:-1},{null m=TO_BACK f=FILLS_TASK leash=Surface(name=ActivityRecord{e972ce6 u0 cn.miguvideo.migutv/.libdisplay.MainActivity)/@0xa58a93 sb=Rect(0, 0 - 1920, 1080) eb=Rect(0, 0 - 1920, 1080) d=0}]}
06-24 11:48:54.336 901 979 V WindowManagerShell: loadAnimation: anim=android.view.animation.AlphaAnimation@4245ac9 animAttr=0x5 type=OPEN isEntrance=false
06-24 11:48:54.336 901 979 V WindowManagerShell: loadAnimation: anim=android.view.animation.AlphaAnimation@79a15ce animAttr=0x4 type=OPEN isEntrance=true
06-24 11:48:54.338 901 979 V WindowManagerShell: animated by com.android.wm.shell.transition.DefaultTransitionHandler@7916d4
06-24 11:48:54.406 685 709 W ContextImpl: Calling a method in the system process without a qualified user: android.app.ContextImpl.startService:1899 com.android.server.wm.DisplayPolicy.lambda$focusChangedLw$5:2126 com.android.server.wm.DisplayPolicy.$r8$lambda$Znxk63oh-WzVnzo_WQefN7uxV48:0 com.android.server.wm.DisplayPolicy$$ExternalSyntheticLambda13.run:0 android.os.Handler.handleCallback:958
06-24 11:48:54.759 901 979 V WindowManagerShell: Transition animation finished (aborted=false), notifying core (#73)android.os.BinderProxy@27885f7@0
06-24 11:48:54.762 685 708 V WindowManager: Finish Transition #73: created at
06-24 11:48:54.102 collect-started=0.078ms request-sent=9.992ms started=13.828ms ready=28.847ms sent=228.278ms finished=658.489ms
06-24 11:48:54.763 901 979 V WindowManagerShell: Track 0 became idle
06-24 11:48:54.763 901 979 V WindowManagerShell: All active transition animations finished
06-24 11:48:57.115 685 1390 E TaskPersister: File error accessing recents directory (directory doesn't exist?).
06-24 11:48:58.375 0 0 W [3 T17715 ..] audit: audit_lost=2509 audit_rate_limit=5 audit_backlog_limit=64
06-24 11:48:58.376 0 0 E [3 T17715 ..] audit: rate limit exceeded
06-24 11:48:58.906 0 0 E : [0 T17729 ..] mediaproxy produce init [aml-vcodec-dec]
06-24 11:48:58.906 0 0 I : [0 T17729 ..] Mediaproxy is opened name[aml-vcodec-dec]\n
06-24 11:48:58.906 0 0 I : [0 T17729 ..] Mediaproxy is opened name[aml-vcodec-dec] end\n
06-24 11:48:58.907 0 0 E : [0 T17729 ..] mediaproxy produce start connect
06-24 11:48:58.909 0 0 I : [0 T17729 ..] find p kfifo size:[32][2]
06-24 11:48:58.909 0 0 I : [0 T17729 ..] mediaproxy_get_fifo get idx[2]
06-24 11:48:58.910 0 0 I : [0 T17729 ..] Session producer-2 is connected fifo idx [2]
06-24 11:48:58.911 0 0 E : [0 T17729 ..] mediaproxy produce connect [2]
06-24 11:48:58.911 0 0 I : [0 T17729 ..] mediaproxy produce msg type :0x40 module_name:aml-vcodec-dec
06-24 11:48:58.913 0 0 I : [2 T17729 ..] deinit session
06-24 11:48:58.913 0 0 I : [2 T17729 ..] deinit session producer-2
06-24 11:48:58.913 0 0 I : [2 T17729 ..] deinit has_unusing_fifo [1]
06-24 11:48:58.914 0 0 I : [0 T98 ..] p_fifo[2] name[aml-vcodec-dec] state[0] to MP_FIFO_UNUSED
06-24 11:48:58.914 0 0 E : [2 T17729 ..] mediaproxy produce init [aml-vcodec-dec]
06-24 11:48:58.916 0 0 I : [2 T17729 ..] Mediaproxy is opened name[aml-vcodec-dec]\n
06-24 11:48:58.916 0 0 I : [2 T17729 ..] Mediaproxy is opened name[aml-vcodec-dec] end\n
06-24 11:48:58.916 0 0 E : [2 T17729 ..] mediaproxy produce start connect
06-24 11:48:58.918 0 0 I : [2 T17729 ..] find p kfifo size:[32][2]
06-24 11:48:58.919 0 0 I : [2 T17729 ..] mediaproxy_get_fifo get idx[2]
06-24 11:48:58.920 0 0 I : [2 T17729 ..] Session producer-2 is connected fifo idx [2]
06-24 11:48:58.920 0 0 E : [2 T17729 ..] mediaproxy produce connect [2]
06-24 11:48:58.921 0 0 I : [2 T17729 ..] mediaproxy produce msg type :0x40 module_name:aml-vcodec-dec
06-24 11:48:58.923 0 0 I : [1 T17729 ..] deinit session
06-24 11:48:58.923 0 0 I : [1 T17729 ..] deinit session producer-2
06-24 11:48:58.923 0 0 I : [1 T17729 ..] deinit has_unusing_fifo [1]
06-24 11:48:58.924 0 0 I : [3 T98 ..] p_fifo[2] name[aml-vcodec-dec] state[0] to MP_FIFO_UNUSED
06-24 11:48:58.928 0 0 I : [1 T17729 ..] codec mem info:
06-24 11:48:58.928 0 0 I : [1 T17729 ..] total codec mem size:364 MB
06-24 11:48:58.929 0 0 I : [1 T17729 ..] alloced size= 0 MB
06-24 11:48:58.929 0 0 I : [1 T17729 ..] max alloced: 119 MB
06-24 11:48:58.929 0 0 I [1 T17729 ..] CMA: 0,RES:0,TVP:0,SYS:0,COHER:0,VMAPED:0 MB
06-24 11:48:58.930 0 0 I [1 T17729 ..] RES_EXT: 0 MB
06-24 11:48:58.931 0 0 I : [1 T17729 ..] [4]CMA size:364 MB:alloced: 0 MB,free:364 MB
06-24 11:48:58.932 0 0 I : [1 T17729 ..] codec mem info:
06-24 11:48:58.932 0 0 I : [1 T17729 ..] total codec mem size:364 MB
06-24 11:48:58.933 0 0 I : [1 T17729 ..] alloced size= 0 MB
06-24 11:48:58.933 0 0 I : [1 T17729 ..] max alloced: 119 MB
06-24 11:48:58.934 0 0 I [1 T17729 ..] CMA: 0,RES:0,TVP:0,SYS:0,COHER:0,VMAPED:0 MB
06-24 11:48:58.934 0 0 I [1 T17729 ..] RES_EXT: 0 MB
06-24 11:48:58.935 0 0 I : [1 T17729 ..] [4]CMA size:364 MB:alloced: 0 MB,free:364 MB
06-24 11:48:58.937 0 0 E : [1 T17734 ..] mediaproxy produce init [aml-vcodec-dec]
06-24 11:48:58.937 0 0 I : [1 T17734 ..] Mediaproxy is opened name[aml-vcodec-dec]\n
06-24 11:48:58.937 0 0 I : [1 T17734 ..] Mediaproxy is opened name[aml-vcodec-dec] end\n
06-24 11:48:58.940 0 0 E : [1 T17734 ..] mediaproxy produce start connect
06-24 11:48:58.941 0 0 I : [1 T17734 ..] find p kfifo size:[32][2]
06-24 11:48:58.941 0 0 I : [1 T17734 ..] mediaproxy_get_fifo get idx[2]
06-24 11:48:58.942 0 0 I : [1 T17734 ..] Session producer-2 is connected fifo idx [2]
06-24 11:48:58.943 0 0 E : [1 T17734 ..] mediaproxy produce connect [2]
06-24 11:48:58.943 0 0 I : [1 T17734 ..] mediaproxy produce msg type :0x40 module_name:aml-vcodec-dec
06-24 11:48:58.946 0 0 I : [3 T17734 ..] deinit session
06-24 11:48:58.946 0 0 I : [3 T17734 ..] deinit session producer-2
06-24 11:48:58.947 0 0 I : [3 T17734 ..] deinit has_unusing_fifo [1]
06-24 11:48:58.948 0 0 I : [3 T98 ..] p_fifo[2] name[aml-vcodec-dec] state[0] to MP_FIFO_UNUSED
06-24 11:48:58.949 0 0 E : [1 T17734 ..] mediaproxy produce init [aml-vcodec-dec]
06-24 11:48:58.949 0 0 I : [1 T17734 ..] Mediaproxy is opened name[aml-vcodec-dec]\n
06-24 11:48:58.949 0 0 I : [1 T17734 ..] Mediaproxy is opened name[aml-vcodec-dec] end\n
06-24 11:48:58.950 0 0 E : [1 T17734 ..] mediaproxy produce start connect
06-24 11:48:58.951 0 0 I : [1 T17734 ..] find p kfifo size:[32][2]
06-24 11:48:58.952 0 0 I : [1 T17734 ..] mediaproxy_get_fifo get idx[2]
06-24 11:48:58.953 0 0 I : [1 T17734 ..] Session producer-2 is connected fifo idx [2]
06-24 11:48:58.953 0 0 E : [1 T17734 ..] mediaproxy produce connect [2]
06-24 11:48:58.954 0 0 I : [1 T17734 ..] mediaproxy produce msg type :0x40 module_name:aml-vcodec-dec
06-24 11:48:58.958 0 0 I [1 T17734 ..] [amlv4l]: [25]: DW:10, TW:0, Margin:6
06-24 11:48:58.959 0 0 I [2 T17729 ..] [amlv4l]: [25]: set vf duration: f00
06-24 11:48:58.961 0 0 D [2 T17744 ..] [amlcom]: vdec_create instance 00000000df9dbb01, total 1, PM: power-domain
06-24 11:48:58.961 0 0 D [2 T17744 ..] [media_clock]: vdec mux clock is 799999988 Hz
06-24 11:48:58.962 0 0 I [2 T17744 ..] [amlcom]: dos_local_config end, id 0, is_on 1
06-24 11:48:58.962 0 0 I [2 T17744 ..] [amlcom]: vdec_init, dev_name:ammvdec_h264_v4l, vdec_type=VDEC_TYPE_FRAME_BLOCK, format: 2, total: 1
06-24 11:48:58.966 0 0 D [2 T17744 ..] [h264]: 0: pdata->config=parm_v4l_codec_enable:1;mh264_double_write_mode:16;parm_v4l_buffer_margin:6;parm_v4l_canvas_mem_mode:0;parm_v4l_canvas_mem_endian:0;parm_v4l_low_latency_mode:0;parm_v4l_metadata_config_flag:1050626;parm_v4l_duration:0;parm_v4l_error_handle_info:0;
06-24 11:48:58.966 0 0 D [2 T17744 ..] [h264]: 0: ammvdec_h264_probe error_proc_policy 0x813fcff7 mb_count_threshold 0
06-24 11:48:58.966 0 0 D [2 T17744 ..] [h264]: ammvdec_h264_bmmu_init tvp = 0x0
06-24 11:48:58.975 0 0 D [1 T17744 ..] [media_clock]: vdec mux clock is 799999988 Hz
06-24 11:48:58.975 0 0 D [1 T17744 ..] [h264]: vh264_init, phy_addr=cee29000 vaddr=000000005220d888
06-24 11:48:58.984 0 0 D [3 T312 ..] [h264]: 0: vmh264_get_ps_info mmu_enable 0 double_write_mode 0x10
06-24 11:48:58.984 0 0 I [3 T312 ..] [amlv4l]: [25]: Parse from ucode, visible(1920 x 1080), coded(1920 x 1088), scan:P, bitdepth(0), dw(10)
06-24 11:48:58.985 0 0 I [0 T17744 ..] [amlv4l]: [25]: Picture buffer count: dec:5, vpp:0, ge2d:0, margin:6, total:11
06-24 11:48:58.987 0 0 D [0 T17744 ..] [amlv4l]: [25]: Post event: res chg
06-24 11:48:59.018 0 0 D [3 T10746 ..] [h264]: 0: restriction_flag=0, max_dec_frame_buffering=4, dec_dpb_size=5 num_reorder_frames 2 used_reorder_dpb_size_margin 6
06-24 11:48:59.029 0 0 D [0 T239 ..] [h264]: 0: decoder duration change old: 0 new: 3840
06-24 11:48:59.458 0 0 I : [0 T360 ..] di_process_open iminor(inode) =0
06-24 11:48:59.459 0 0 I [0 T360 ..] dim: reg:use[0]ms
06-24 11:48:59.459 0 0 I [0 T360 ..] dim: ins:create:ch[2],tmode[3]
06-24 11:48:59.459 0 0 I [0 T360 ..] dim: out:0x80000000
06-24 11:48:59.462 0 0 E [0 T360 ..] dp: [0]no hdr10+ data.
06-24 11:48:59.462 0 0 E [0 T360 ..] dp: [0]no meta_data.
06-24 11:48:59.463 0 0 E [0 T360 ..] dp: [0]invalid ud param.
06-24 11:48:59.463 0 0 I [2 T108 ..] dim: value reg:ch[2]:fix_buf:0;ponly <0,0> post_nub=5
06-24 11:48:59.464 0 0 I [0 T360 ..] VID: VD1 off
06-24 11:48:59.464 0 0 I [2 T108 ..] dim: di_cnt_i_buf1:tvp:0
06-24 11:48:59.465 0 0 I [0 T360 ..] vc: [0]vc: set enable index=0, val=1
06-24 11:48:59.465 0 0 I [2 T108 ..] dim: di_reg_setting:ch[2]:for first ch reg:
06-24 11:48:59.466 0 0 I [0 T360 ..] VID: VD1 off
06-24 11:48:59.467 0 0 I [2 T108 ..] dim: ch[2]:reg:mem cfg[0][0][0]
06-24 11:48:59.467 0 0 I [3 T360 ..] VID: VD1 set global output as 1
06-24 11:48:59.468 0 0 I [2 T108 ..] dim: ch[2]:bypass change:i:0->1:0x60
06-24 11:48:59.469 0 0 I [1 T360 ..] VID: store VD0 path_id changed -1->2
06-24 11:48:59.470 0 0 I [0 T360 ..] vc: [0]sideband_type =-1
06-24 11:49:01.642 0 0 W : [0 T647 .s] [SP FRAME TX] arp req,vif_idx:0 sender:[1c:79:2d:20:62:cb 192.168.3.75]receiver:[00:00:00:00:00:00 192.168.3.27]
06-24 11:49:01.708 0 0 W : [0 T1046 ..] [SP FRAME RX] arp rsp,vif_idx:0 sender:[d2:07:9a:6e:a7:36 192.168.3.27]receiver:[1c:79:2d:20:62:cb 192.168.3.75]
06-24 11:49:04.148 0 0 W : [1 T1041 ..] traffic idle!!
06-24 11:49:04.202 0 0 W : [0 T312 ..] [aml_send_sync_trace 4388] sync token[63767]
06-24 11:49:04.202 0 0 W : [0 T312 ..] >>> aml_send_msg()
06-24 11:49:04.203 0 0 W : [1 T1041 ..] ipc_sdio_host_msgack_handler 0000000098b00e02
06-24 11:49:04.204 0 0 W : [1 T1041 ..] [aml_msgackind 2039] msg ack hostid=0xffffff80bc98b880
06-24 11:49:04.205 0 0 W : [1 T1041 ..] [cmd_mgr_llind 329] cmd tkn[101] flags:0008 result: -4 cmd: 105-MM_SYNC_TRACE - reqcfm( 0-none)
06-24 11:49:04.206 0 0 W : [1 T1041 ..] [cmd_complete 65] cmd tkn[101] flags:0000 result: -4 cmd: 105-MM_SYNC_TRACE - reqcfm( 0-none)
06-24 11:49:13.865 0 0 D [3 T17743 ..] [amlv4l]: [25]: Post event: eos
06-24 11:49:13.867 0 0 I [0 T17744 ..] [amlv4l]: [25]: reset mode: 1, es frames buffering: 0
06-24 11:49:13.870 0 0 I [0 T17744 ..] [amlv4l]: [25]: reset mode: 1, es frames buffering: 0
06-24 11:49:14.338 0 0 I [2 T17734 ..] [amlv4l]: [25]: reset mode: 1, es frames buffering: 0
06-24 11:49:14.342 0 0 D [3 T17734 ..] [amlcom]: vdec_release instance 00000000df9dbb01, total 1
06-24 11:49:14.342 0 0 I [3 T17734 ..] [amlcom]: dos_local_config end, id 0, is_on 0
06-24 11:49:14.343 0 0 D [3 T17734 ..] [media_clock]: the clk_vdec_mux clock off, ref cnt: 0
06-24 11:49:14.343 0 0 I : [3 T17734 ..] deinit session
06-24 11:49:14.343 0 0 I : [3 T17734 ..] deinit session producer-2
06-24 11:49:14.344 0 0 I : [3 T17734 ..] deinit has_unusing_fifo [1]
06-24 11:49:14.344 0 0 I : [2 T98 ..] p_fifo[2] name[aml-vcodec-dec] state[0] to MP_FIFO_UNUSED
06-24 11:49:14.667 0 0 E : [2 T17822 ..] mediaproxy produce init [aml-vcodec-dec]
06-24 11:49:14.667 0 0 I : [2 T17822 ..] Mediaproxy is opened name[aml-vcodec-dec]\n
06-24 11:49:14.667 0 0 I : [2 T17822 ..] Mediaproxy is opened name[aml-vcodec-dec] end\n
06-24 11:49:14.668 0 0 E : [2 T17822 ..] mediaproxy produce start connect
06-24 11:49:14.670 0 0 I : [2 T17822 ..] find p kfifo size:[32][2]
06-24 11:49:14.670 0 0 I : [2 T17822 ..] mediaproxy_get_fifo get idx[2]
06-24 11:49:14.679 0 0 I : [2 T17822 ..] Session producer-2 is connected fifo idx [2]
06-24 11:49:14.679 0 0 E : [2 T17822 ..] mediaproxy produce connect [2]
06-24 11:49:14.680 0 0 I : [2 T17822 ..] mediaproxy produce msg type :0x40 module_name:aml-vcodec-dec
06-24 11:49:14.692 0 0 W [3 T17824 ..] audit: audit_lost=2519 audit_rate_limit=5 audit_backlog_limit=64
06-24 11:49:14.693 0 0 E [3 T17824 ..] audit: rate limit exceeded
06-24 11:49:14.708 0 0 I : [0 T17822 ..] deinit session
06-24 11:49:14.708 0 0 I : [0 T17822 ..] deinit session producer-2
06-24 11:49:14.708 0 0 I : [0 T17822 ..] deinit has_unusing_fifo [1]
06-24 11:49:14.709 0 0 I : [0 T98 ..] p_fifo[2] name[aml-vcodec-dec] state[0] to MP_FIFO_UNUSED
06-24 11:49:14.710 0 0 E : [0 T17822 ..] mediaproxy produce init [aml-vcodec-dec]
06-24 11:49:14.711 0 0 I : [0 T17822 ..] Mediaproxy is opened name[aml-vcodec-dec]\n
06-24 11:49:14.711 0 0 I : [0 T17822 ..] Mediaproxy is opened name[aml-vcodec-dec] end\n
06-24 11:49:14.711 0 0 E : [0 T17822 ..] mediaproxy produce start connect
06-24 11:49:14.713 0 0 I : [0 T17822 ..] find p kfifo size:[32][2]
06-24 11:49:14.714 0 0 I : [0 T17822 ..] mediaproxy_get_fifo get idx[2]
06-24 11:49:14.714 0 0 I : [0 T17822 ..] Session producer-2 is connected fifo idx [2]
06-24 11:49:14.715 0 0 E : [0 T17822 ..] mediaproxy produce connect [2]
06-24 11:49:14.716 0 0 I : [0 T17822 ..] mediaproxy produce msg type :0x40 module_name:aml-vcodec-dec
06-24 11:49:14.720 0 0 I : [3 T17822 ..] deinit session
06-24 11:49:14.720 0 0 I : [3 T17822 ..] deinit session producer-2
06-24 11:49:14.721 0 0 I : [3 T17822 ..] deinit has_unusing_fifo [1]
06-24 11:49:14.721 0 0 I : [2 T98 ..] p_fifo[2] name[aml-vcodec-dec] state[0] to MP_FIFO_UNUSED
06-24 11:49:14.725 0 0 I : [3 T17822 ..] codec mem info:
06-24 11:49:14.725 0 0 I : [3 T17822 ..] total codec mem size:364 MB
06-24 11:49:14.729 0 0 I : [3 T17822 ..] alloced size= 2 MB
06-24 11:49:14.729 0 0 I : [3 T17822 ..] max alloced: 119 MB
06-24 11:49:14.730 0 0 I [3 T17822 ..] CMA: 2,RES:0,TVP:0,SYS:0,COHER:0,VMAPED:0 MB
06-24 11:49:14.731 0 0 I [3 T17822 ..] RES_EXT: 0 MB
06-24 11:49:14.731 0 0 I : [3 T17822 ..] [4]CMA size:364 MB:alloced: 2 MB,free:361 MB
06-24 11:49:14.733 0 0 I [3 T17822 d.] [211].0: CODEC_MM_DMA_BUF.0,addr=0xd0a18000,size=3133440,from=4,cnt=1,flags=1,used:15680 ms
06-24 11:49:14.733 0 0 I : [3 T17822 ..] codec mem info:
06-24 11:49:14.734 0 0 I : [3 T17822 ..] total codec mem size:364 MB
06-24 11:49:14.735 0 0 I : [3 T17822 ..] alloced size= 2 MB
06-24 11:49:14.735 0 0 I : [3 T17822 ..] max alloced: 119 MB
06-24 11:49:14.736 0 0 I [3 T17822 ..] CMA: 2,RES:0,TVP:0,SYS:0,COHER:0,VMAPED:0 MB
06-24 11:49:14.737 0 0 I [3 T17822 ..] RES_EXT: 0 MB
06-24 11:49:14.737 0 0 I : [3 T17822 ..] [4]CMA size:364 MB:alloced: 2 MB,free:361 MB
06-24 11:49:14.738 0 0 I [3 T17822 d.] [211].0: CODEC_MM_DMA_BUF.0,addr=0xd0a18000,size=3133440,from=4,cnt=1,flags=1,used:15684 ms
06-24 11:49:14.740 0 0 E : [3 T17831 ..] mediaproxy produce init [aml-vcodec-dec]
06-24 11:49:14.742 0 0 I : [3 T17831 ..] Mediaproxy is opened name[aml-vcodec-dec]\n
06-24 11:49:14.742 0 0 I : [3 T17831 ..] Mediaproxy is opened name[aml-vcodec-dec] end\n
06-24 11:49:14.743 0 0 E : [3 T17831 ..] mediaproxy produce start connect
06-24 11:49:14.745 0 0 I : [3 T17831 ..] find p kfifo size:[32][2]
06-24 11:49:14.745 0 0 I : [3 T17831 ..] mediaproxy_get_fifo get idx[2]
06-24 11:49:14.745 0 0 I : [3 T17831 ..] Session producer-2 is connected fifo idx [2]
06-24 11:49:14.746 0 0 E : [3 T17831 ..] mediaproxy produce connect [2]
06-24 11:49:14.747 0 0 I : [3 T17831 ..] mediaproxy produce msg type :0x40 module_name:aml-vcodec-dec
06-24 11:49:14.749 0 0 I : [0 T17831 ..] deinit session
06-24 11:49:14.749 0 0 I : [0 T17831 ..] deinit session producer-2
06-24 11:49:14.750 0 0 I : [0 T17831 ..] deinit has_unusing_fifo [1]
06-24 11:49:14.751 0 0 I : [3 T98 ..] p_fifo[2] name[aml-vcodec-dec] state[0] to MP_FIFO_UNUSED
06-24 11:49:14.751 0 0 E : [0 T17831 ..] mediaproxy produce init [aml-vcodec-dec]
06-24 11:49:14.753 0 0 I : [0 T17831 ..] Mediaproxy is opened name[aml-vcodec-dec]\n
06-24 11:49:14.753 0 0 I : [0 T17831 ..] Mediaproxy is opened name[aml-vcodec-dec] end\n
06-24 11:49:14.753 0 0 E : [0 T17831 ..] mediaproxy produce start connect
06-24 11:49:14.756 0 0 I : [0 T17831 ..] find p kfifo size:[32][2]
06-24 11:49:14.758 0 0 I : [0 T17831 ..] mediaproxy_get_fifo get idx[2]
06-24 11:49:14.758 0 0 I : [0 T17831 ..] Session producer-2 is connected fifo idx [2]
06-24 11:49:14.759 0 0 E : [0 T17831 ..] mediaproxy produce connect [2]
06-24 11:49:14.759 0 0 I : [0 T17831 ..] mediaproxy produce msg type :0x40 module_name:aml-vcodec-dec
06-24 11:49:14.761 0 0 I [2 T17831 ..] [amlv4l]: [29]: DW:10, TW:0, Margin:6
06-24 11:49:14.762 0 0 D [0 T17837 ..] [amlcom]: vdec_create instance 0000000023a05083, total 1, PM: power-domain
06-24 11:49:14.762 0 0 D [0 T17837 ..] [media_clock]: vdec mux clock is 799999988 Hz
06-24 11:49:14.763 0 0 I [3 T17837 ..] [amlcom]: dos_local_config end, id 0, is_on 1
06-24 11:49:14.763 0 0 I [3 T17837 ..] [amlcom]: vdec_init, dev_name:ammvdec_h264_v4l, vdec_type=VDEC_TYPE_FRAME_BLOCK, format: 2, total: 1
06-24 11:49:14.766 0 0 D [3 T17837 ..] [h264]: 0: pdata->config=parm_v4l_codec_enable:1;mh264_double_write_mode:16;parm_v4l_buffer_margin:6;parm_v4l_canvas_mem_mode:0;parm_v4l_canvas_mem_endian:0;parm_v4l_low_latency_mode:0;parm_v4l_metadata_config_flag:1050626;parm_v4l_duration:0;parm_v4l_error_handle_info:0;
06-24 11:49:14.766 0 0 D [3 T17837 ..] [h264]: 0: ammvdec_h264_probe error_proc_policy 0x813fcff7 mb_count_threshold 0
06-24 11:49:14.766 0 0 D [3 T17837 ..] [h264]: ammvdec_h264_bmmu_init tvp = 0x0
06-24 11:49:14.773 0 0 D [3 T17837 ..] [media_clock]: vdec mux clock is 799999988 Hz
06-24 11:49:14.776 0 0 D [3 T17837 ..] [h264]: vh264_init, phy_addr=cee29000 vaddr=000000009d48808f
06-24 11:49:14.777 0 0 I [3 T17822 ..] [amlv4l]: [29]: set vf duration: f00
06-24 11:49:14.800 0 0 D [3 T10746 ..] [h264]: 0: vmh264_get_ps_info mmu_enable 0 double_write_mode 0x10
06-24 11:49:14.800 0 0 I [3 T10746 ..] [amlv4l]: [29]: Parse from ucode, visible(1920 x 1080), coded(1920 x 1088), scan:P, bitdepth(0), dw(10)
06-24 11:49:14.800 0 0 I [2 T17837 ..] [amlv4l]: [29]: Picture buffer count: dec:5, vpp:0, ge2d:0, margin:6, total:11
06-24 11:49:14.803 0 0 D [2 T17837 ..] [amlv4l]: [29]: Post event: res chg
06-24 11:49:14.816 0 0 D [3 T10746 ..] [h264]: 0: restriction_flag=0, max_dec_frame_buffering=4, dec_dpb_size=5 num_reorder_frames 2 used_reorder_dpb_size_margin 6
06-24 11:49:14.825 0 0 D [0 T239 ..] [h264]: 0: decoder duration change old: 0 new: 3840
06-24 11:49:15.004 0 0 W : [1 T1041 ..] traffic busy!!
06-24 11:49:15.403 0 0 I [0 T17754 ..] dp_buf: [0:25]di buf_mgr free
06-24 11:49:18.601 1407 1731 W ContextImpl: Calling a method in the system process without a qualified user: android.app.ContextImpl.sendBroadcast:1220 android.content.ContextWrapper.sendBroadcast:504 com.dangbei.etna.setting.core.SettingHelper.sendCycleToProjector:257 com.dangbei.etna.setting.core.SettingHelper.sendCycleCheckBroadcast:226 com.dangbei.etna.setting.core.SettingHelper.startLoop$lambda-0:185
06-24 11:49:18.604 1407 1731 W ContextImpl: Calling a method in the system process without a qualified user: android.app.ContextImpl.sendBroadcast:1220 android.content.ContextWrapper.sendBroadcast:504 com.dangbei.etna.setting.core.SettingHelper.sendCycleToVoice:242 com.dangbei.etna.setting.core.SettingHelper.sendCycleCheckBroadcast:227 com.dangbei.etna.setting.core.SettingHelper.startLoop$lambda-0:185
06-24 11:49:18.691 0 0 W : [2 T1041 ..] traffic idle!!
06-24 11:49:44.686 0 0 D [1 T17836 ..] [amlv4l]: [29]: Post event: eos
06-24 11:49:44.691 0 0 I [1 T17837 ..] [amlv4l]: [29]: reset mode: 1, es frames buffering: 0
06-24 11:49:44.694 0 0 I [1 T17837 ..] [amlv4l]: [29]: reset mode: 1, es frames buffering: 0
06-24 11:49:45.143 0 0 I [2 T17831 ..] [amlv4l]: [29]: reset mode: 1, es frames buffering: 0
06-24 11:49:45.146 0 0 D [0 T17831 ..] [amlcom]: vdec_release instance 0000000023a05083, total 1
06-24 11:49:45.146 0 0 I [3 T17831 ..] [amlcom]: dos_local_config end, id 0, is_on 0
06-24 11:49:45.146 0 0 D [3 T17831 ..] [media_clock]: the clk_vdec_mux clock off, ref cnt: 0
06-24 11:49:45.146 0 0 I : [3 T17831 ..] deinit session
06-24 11:49:45.147 0 0 I : [3 T17831 ..] deinit session producer-2
06-24 11:49:45.147 0 0 I : [3 T17831 ..] deinit has_unusing_fifo [1]
06-24 11:49:45.148 0 0 I : [0 T98 ..] p_fifo[2] name[aml-vcodec-dec] state[0] to MP_FIFO_UNUSED
06-24 11:49:45.786 0 0 E : [0 T17937 ..] mediaproxy produce init [aml-vcodec-dec]
06-24 11:49:45.789 0 0 I : [0 T17937 ..] Mediaproxy is opened name[aml-vcodec-dec]\n
06-24 11:49:45.789 0 0 I : [0 T17937 ..] Mediaproxy is opened name[aml-vcodec-dec] end\n
06-24 11:49:45.789 0 0 E : [0 T17937 ..] mediaproxy produce start connect
06-24 11:49:45.791 0 0 I : [0 T17937 ..] find p kfifo size:[32][2]
06-24 11:49:45.792 0 0 I : [0 T17937 ..] mediaproxy_get_fifo get idx[2]
06-24 11:49:45.792 0 0 I : [0 T17937 ..] Session producer-2 is connected fifo idx [2]
06-24 11:49:45.793 0 0 E : [0 T17937 ..] mediaproxy produce connect [2]
06-24 11:49:45.793 0 0 I : [0 T17937 ..] mediaproxy produce msg type :0x40 module_name:aml-vcodec-dec
06-24 11:49:45.809 0 0 I : [3 T17937 ..] deinit session
06-24 11:49:45.809 0 0 I : [3 T17937 ..] deinit session producer-2
06-24 11:49:45.810 0 0 I : [3 T17937 ..] deinit has_unusing_fifo [1]
06-24 11:49:45.811 0 0 I : [2 T98 ..] p_fifo[2] name[aml-vcodec-dec] state[0] to MP_FIFO_UNUSED
06-24 11:49:45.811 0 0 E : [3 T17937 ..] mediaproxy produce init [aml-vcodec-dec]
06-24 11:49:45.812 0 0 I : [3 T17937 ..] Mediaproxy is opened name[aml-vcodec-dec]\n
06-24 11:49:45.812 0 0 I : [3 T17937 ..] Mediaproxy is opened name[aml-vcodec-dec] end\n
06-24 11:49:45.813 0 0 E : [3 T17937 ..] mediaproxy produce start connect
06-24 11:49:45.815 0 0 I : [3 T17937 ..] find p kfifo size:[32][2]
06-24 11:49:45.815 0 0 I : [3 T17937 ..] mediaproxy_get_fifo get idx[2]
06-24 11:49:45.816 0 0 I : [3 T17937 ..] Session producer-2 is connected fifo idx [2]
06-24 11:49:45.817 0 0 E : [3 T17937 ..] mediaproxy produce connect [2]
06-24 11:49:45.817 0 0 I : [3 T17937 ..] mediaproxy produce msg type :0x40 module_name:aml-vcodec-dec
06-24 11:49:45.820 0 0 I : [1 T17937 ..] deinit session
06-24 11:49:45.822 0 0 I : [1 T17937 ..] deinit session producer-2
06-24 11:49:45.822 0 0 I : [1 T17937 ..] deinit has_unusing_fifo [1]
06-24 11:49:45.823 0 0 I : [1 T98 ..] p_fifo[2] name[aml-vcodec-dec] state[0] to MP_FIFO_UNUSED
06-24 11:49:45.827 0 0 I : [1 T17937 ..] codec mem info:
06-24 11:49:45.827 0 0 I : [1 T17937 ..] total codec mem size:364 MB
06-24 11:49:45.828 0 0 I : [1 T17937 ..] alloced size= 2 MB
06-24 11:49:45.828 0 0 I : [1 T17937 ..] max alloced: 119 MB
06-24 11:49:45.828 0 0 I [1 T17937 ..] CMA: 2,RES:0,TVP:0,SYS:0,COHER:0,VMAPED:0 MB
06-24 11:49:45.830 0 0 I [1 T17937 ..] RES_EXT: 0 MB
06-24 11:49:45.830 0 0 I : [1 T17937 ..] [4]CMA size:364 MB:alloced: 2 MB,free:361 MB
06-24 11:49:45.843 0 0 I [1 T17937 d.] [227].0: CODEC_MM_DMA_BUF.0,addr=0xd0d15000,size=3133440,from=4,cnt=1,flags=1,used:31000 ms
06-24 11:49:45.844 0 0 I : [1 T17937 ..] codec mem info:
06-24 11:49:45.845 0 0 I : [1 T17937 ..] total codec mem size:364 MB
06-24 11:49:45.846 0 0 I : [1 T17937 ..] alloced size= 2 MB
06-24 11:49:45.846 0 0 I : [1 T17937 ..] max alloced: 119 MB
06-24 11:49:45.847 0 0 I [1 T17937 ..] CMA: 2,RES:0,TVP:0,SYS:0,COHER:0,VMAPED:0 MB
06-24 11:49:45.847 0 0 I [1 T17937 ..] RES_EXT: 0 MB
06-24 11:49:45.848 0 0 I : [1 T17937 ..] [4]CMA size:364 MB:alloced: 2 MB,free:361 MB
06-24 11:49:45.849 0 0 I [1 T17937 d.] [227].0: CODEC_MM_DMA_BUF.0,addr=0xd0d15000,size=3133440,from=4,cnt=1,flags=1,used:31004 ms
06-24 11:49:45.850 0 0 E : [1 T17944 ..] mediaproxy produce init [aml-vcodec-dec]
06-24 11:49:45.854 0 0 I : [1 T17944 ..] Mediaproxy is opened name[aml-vcodec-dec]\n
06-24 11:49:45.854 0 0 I : [1 T17944 ..] Mediaproxy is opened name[aml-vcodec-dec] end\n
06-24 11:49:45.854 0 0 E : [1 T17944 ..] mediaproxy produce start connect
06-24 11:49:45.858 0 0 I : [1 T17944 ..] find p kfifo size:[32][2]
06-24 11:49:45.858 0 0 I : [1 T17944 ..] mediaproxy_get_fifo get idx[2]
06-24 11:49:45.859 0 0 I : [1 T17944 ..] Session producer-2 is connected fifo idx [2]
06-24 11:49:45.860 0 0 E : [1 T17944 ..] mediaproxy produce connect [2]
06-24 11:49:45.861 0 0 I : [1 T17944 ..] mediaproxy produce msg type :0x40 module_name:aml-vcodec-dec
06-24 11:49:45.863 0 0 I : [0 T17944 ..] deinit session
06-24 11:49:45.863 0 0 I : [0 T17944 ..] deinit session producer-2
06-24 11:49:45.863 0 0 I : [0 T17944 ..] deinit has_unusing_fifo [1]
06-24 11:49:45.864 0 0 I : [1 T98 ..] p_fifo[2] name[aml-vcodec-dec] state[0] to MP_FIFO_UNUSED
06-24 11:49:45.865 0 0 E : [3 T17944 ..] mediaproxy produce init [aml-vcodec-dec]
06-24 11:49:45.865 0 0 I : [3 T17944 ..] Mediaproxy is opened name[aml-vcodec-dec]\n
06-24 11:49:45.865 0 0 I : [3 T17944 ..] Mediaproxy is opened name[aml-vcodec-dec] end\n
06-24 11:49:45.866 0 0 E : [3 T17944 ..] mediaproxy produce start connect
06-24 11:49:45.868 0 0 I : [3 T17944 ..] find p kfifo size:[32][2]
06-24 11:49:45.868 0 0 I : [3 T17944 ..] mediaproxy_get_fifo get idx[2]
06-24 11:49:45.869 0 0 I : [3 T17944 ..] Session producer-2 is connected fifo idx [2]
06-24 11:49:45.870 0 0 E : [3 T17944 ..] mediaproxy produce connect [2]
06-24 11:49:45.871 0 0 I : [3 T17944 ..] mediaproxy produce msg type :0x40 module_name:aml-vcodec-dec
06-24 11:49:45.874 0 0 I [3 T17944 ..] [amlv4l]: [33]: DW:10, TW:0, Margin:6
06-24 11:49:45.875 0 0 D [1 T17949 ..] [amlcom]: vdec_create instance 0000000027e80398, total 1, PM: power-domain
06-24 11:49:45.876 0 0 D [1 T17949 ..] [media_clock]: vdec mux clock is 799999988 Hz
06-24 11:49:45.876 0 0 I [1 T17949 ..] [amlcom]: dos_local_config end, id 0, is_on 1
06-24 11:49:45.876 0 0 I [1 T17949 ..] [amlcom]: vdec_init, dev_name:ammvdec_h264_v4l, vdec_type=VDEC_TYPE_FRAME_BLOCK, format: 2, total: 1
06-24 11:49:45.880 0 0 D [1 T17949 ..] [h264]: 0: pdata->config=parm_v4l_codec_enable:1;mh264_double_write_mode:16;parm_v4l_buffer_margin:6;parm_v4l_canvas_mem_mode:0;parm_v4l_canvas_mem_endian:0;parm_v4l_low_latency_mode:0;parm_v4l_metadata_config_flag:1050626;parm_v4l_duration:0;parm_v4l_error_handle_info:0;
06-24 11:49:45.880 0 0 D [1 T17949 ..] [h264]: 0: ammvdec_h264_probe error_proc_policy 0x813fcff7 mb_count_threshold 0
06-24 11:49:45.880 0 0 D [1 T17949 ..] [h264]: ammvdec_h264_bmmu_init tvp = 0x0
06-24 11:49:45.888 0 0 D [0 T17949 ..] [media_clock]: vdec mux clock is 799999988 Hz
06-24 11:49:45.890 0 0 D [1 T17949 ..] [h264]: vh264_init, phy_addr=cee29000 vaddr=000000001b26b105
06-24 11:49:45.899 0 0 I [0 T17937 ..] [amlv4l]: [33]: set vf duration: f00
06-24 11:49:45.925 0 0 D [2 T5560 ..] [h264]: 0: vmh264_get_ps_info mmu_enable 0 double_write_mode 0x10
06-24 11:49:45.925 0 0 I [2 T5560 ..] [amlv4l]: [33]: Parse from ucode, visible(1920 x 1080), coded(1920 x 1088), scan:P, bitdepth(0), dw(10)
06-24 11:49:45.925 0 0 I [0 T17949 ..] [amlv4l]: [33]: Picture buffer count: dec:5, vpp:0, ge2d:0, margin:6, total:11
06-24 11:49:45.927 0 0 D [0 T17949 ..] [amlv4l]: [33]: Post event: res chg
06-24 11:49:45.943 0 0 D [3 T312 ..] [h264]: 0: restriction_flag=0, max_dec_frame_buffering=4, dec_dpb_size=5 num_reorder_frames 2 used_reorder_dpb_size_margin 6
06-24 11:49:45.946 0 0 W [2 T17950 ..] audit: audit_lost=2530 audit_rate_limit=5 audit_backlog_limit=64
06-24 11:49:45.946 0 0 E [2 T17950 ..] audit: rate limit exceeded
06-24 11:49:45.952 0 0 D [0 T239 ..] [h264]: 0: decoder duration change old: 0 new: 3840
06-24 11:49:46.037 0 0 W : [1 T1041 ..] traffic busy!!
06-24 11:49:46.434 0 0 I [0 T17754 ..] dp_buf: [0:29]di buf_mgr free
