06-24 11:51:57.787 0 0 I [2 T18541 ..] CMA: 0,RES:0,TVP:0,SYS:0,COHER:0,VMAPED:0 MB
06-24 11:51:57.787 0 0 I [2 T18541 ..] RES_EXT: 0 MB
06-24 11:51:57.788 0 0 I : [2 T18541 ..] [4]CMA size:364 MB:alloced: 0 MB,free:364 MB
06-24 11:51:57.790 0 0 E : [3 T18549 ..] mediaproxy produce init [aml-vcodec-dec]
06-24 11:51:57.790 0 0 I : [3 T18549 ..] Mediaproxy is opened name[aml-vcodec-dec]\n
06-24 11:51:57.790 0 0 I : [3 T18549 ..] Mediaproxy is opened name[aml-vcodec-dec] end\n
06-24 11:51:57.791 0 0 E : [3 T18549 ..] mediaproxy produce start connect
06-24 11:51:57.791 0 0 W [1 T18547 ..] audit: audit_lost=2562 audit_rate_limit=5 audit_backlog_limit=64
06-24 11:51:57.792 0 0 I : [3 T18549 ..] find p kfifo size:[32][2]
06-24 11:51:57.792 0 0 E [1 T18547 ..] audit: rate limit exceeded
06-24 11:51:57.793 0 0 I : [3 T18549 ..] mediaproxy_get_fifo get idx[2]
06-24 11:51:57.795 0 0 I : [3 T18549 ..] Session producer-2 is connected fifo idx [2]
06-24 11:51:57.796 0 0 E : [3 T18549 ..] mediaproxy produce connect [2]
06-24 11:51:57.797 0 0 I : [3 T18549 ..] mediaproxy produce msg type :0x40 module_name:aml-vcodec-dec
06-24 11:51:57.801 0 0 I : [2 T18549 ..] deinit session
06-24 11:51:57.801 0 0 I : [2 T18549 ..] deinit session producer-2
06-24 11:51:57.801 0 0 I : [2 T18549 ..] deinit has_unusing_fifo [1]
06-24 11:51:57.802 0 0 I : [1 T98 ..] p_fifo[2] name[aml-vcodec-dec] state[0] to MP_FIFO_UNUSED
06-24 11:51:57.804 0 0 E : [2 T18549 ..] mediaproxy produce init [aml-vcodec-dec]
06-24 11:51:57.804 0 0 I : [2 T18549 ..] Mediaproxy is opened name[aml-vcodec-dec]\n
06-24 11:51:57.804 0 0 I : [2 T18549 ..] Mediaproxy is opened name[aml-vcodec-dec] end\n
06-24 11:51:57.805 0 0 E : [2 T18549 ..] mediaproxy produce start connect
06-24 11:51:57.806 0 0 I : [2 T18549 ..] find p kfifo size:[32][2]
06-24 11:51:57.807 0 0 I : [2 T18549 ..] mediaproxy_get_fifo get idx[2]
06-24 11:51:57.810 0 0 I : [2 T18549 ..] Session producer-2 is connected fifo idx [2]
06-24 11:51:57.810 0 0 E : [2 T18549 ..] mediaproxy produce connect [2]
06-24 11:51:57.811 0 0 I : [2 T18549 ..] mediaproxy produce msg type :0x40 module_name:aml-vcodec-dec
06-24 11:51:57.812 0 0 I [1 T18549 ..] [amlv4l]: [53]: DW:10, TW:0, Margin:6
06-24 11:51:57.813 0 0 D [3 T18555 ..] [amlcom]: vdec_create instance 000000004b165146, total 1, PM: power-domain
06-24 11:51:57.813 0 0 D [3 T18555 ..] [media_clock]: vdec mux clock is 799999988 Hz
06-24 11:51:57.814 0 0 I [3 T18555 ..] [amlcom]: dos_local_config end, id 0, is_on 1
06-24 11:51:57.814 0 0 I [3 T18555 ..] [amlcom]: vdec_init, dev_name:ammvdec_h264_v4l, vdec_type=VDEC_TYPE_FRAME_BLOCK, format: 2, total: 1
06-24 11:51:57.818 0 0 D [3 T18555 ..] [h264]: 0: pdata->config=parm_v4l_codec_enable:1;mh264_double_write_mode:16;parm_v4l_buffer_margin:6;parm_v4l_canvas_mem_mode:0;parm_v4l_canvas_mem_endian:0;parm_v4l_low_latency_mode:0;parm_v4l_metadata_config_flag:1050626;parm_v4l_duration:0;parm_v4l_error_handle_info:0;
06-24 11:51:57.818 0 0 D [3 T18555 ..] [h264]: 0: ammvdec_h264_probe error_proc_policy 0x813fcff7 mb_count_threshold 0
06-24 11:51:57.818 0 0 D [3 T18555 ..] [h264]: ammvdec_h264_bmmu_init tvp = 0x0
06-24 11:51:57.825 0 0 D [3 T18555 ..] [media_clock]: vdec mux clock is 799999988 Hz
06-24 11:51:57.826 0 0 D [3 T18555 ..] [h264]: vh264_init, phy_addr=cee29000 vaddr=000000003d31b418
06-24 11:51:57.827 0 0 I [1 T18541 ..] [amlv4l]: [53]: set vf duration: f00
06-24 11:51:57.935 685 11707 D CoreBackPreview: Window{da306ec u0 cn.miguvideo.migutv/cn.miguvideo.migutv.libplaydetail.PlayMgdbidActivity}: Setting back callback null
06-24 11:51:57.966 685 711 V WindowManager: Unknown focus tokens, dropping reportFocusChanged
06-24 11:51:58.051 685 709 W ContextImpl: Calling a method in the system process without a qualified user: android.app.ContextImpl.startService:1899 com.android.server.wm.DisplayPolicy.lambda$focusChangedLw$5:2126 com.android.server.wm.DisplayPolicy.$r8$lambda$Znxk63oh-WzVnzo_WQefN7uxV48:0 com.android.server.wm.DisplayPolicy$$ExternalSyntheticLambda13.run:0 android.os.Handler.handleCallback:958
06-24 11:51:58.409 0 0 D [2 T312 ..] [h264]: 0: vmh264_get_ps_info mmu_enable 0 double_write_mode 0x10
06-24 11:51:58.409 0 0 I [2 T312 ..] [amlv4l]: [53]: Parse from ucode, visible(1920 x 1080), coded(1920 x 1088), scan:P, bitdepth(0), dw(10)
06-24 11:51:58.409 0 0 I [1 T18555 ..] [amlv4l]: [53]: Picture buffer count: dec:5, vpp:0, ge2d:0, margin:6, total:11
06-24 11:51:58.411 0 0 D [1 T18555 ..] [amlv4l]: [53]: Post event: res chg
06-24 11:51:58.426 0 0 D [1 T312 ..] [h264]: 0: restriction_flag=0, max_dec_frame_buffering=4, dec_dpb_size=5 num_reorder_frames 2 used_reorder_dpb_size_margin 6
06-24 11:51:58.434 0 0 D [0 T239 ..] [h264]: 0: decoder duration change old: 0 new: 3840
06-24 11:51:58.703 0 0 I : [2 T360 ..] di_process_open iminor(inode) =0
06-24 11:51:58.704 0 0 I [2 T360 ..] dim: reg:use[1]ms
06-24 11:51:58.704 0 0 I [2 T360 ..] dim: ins:create:ch[2],tmode[3]
06-24 11:51:58.704 0 0 I [2 T360 ..] dim: out:0x80000000
06-24 11:51:58.708 0 0 E [1 T360 ..] dp: [0]no hdr10+ data.
06-24 11:51:58.708 0 0 E [1 T360 ..] dp: [0]no meta_data.
06-24 11:51:58.708 0 0 E [1 T360 ..] dp: [0]invalid ud param.
06-24 11:51:58.709 0 0 I [3 T108 ..] dim: value reg:ch[2]:fix_buf:0;ponly <0,0> post_nub=5
06-24 11:51:58.709 0 0 I [1 T360 ..] VID: VD1 off
06-24 11:51:58.710 0 0 I [3 T108 ..] dim: di_cnt_i_buf1:tvp:0
06-24 11:51:58.710 0 0 I [2 T360 ..] vc: [0]vc: set enable index=0, val=1
06-24 11:51:58.711 0 0 I [3 T108 ..] dim: di_reg_setting:ch[2]:for first ch reg:
06-24 11:51:58.711 0 0 I [1 T360 ..] VID: VD1 off
06-24 11:51:58.712 0 0 I [3 T108 ..] dim: ch[2]:reg:mem cfg[0][0][0]
06-24 11:51:58.713 0 0 I [0 T360 ..] VID: VD1 set global output as 1
06-24 11:51:58.713 0 0 I [3 T108 ..] dim: ch[2]:bypass change:i:0->1:0x60
06-24 11:51:58.714 0 0 I [2 T360 ..] VID: store VD0 path_id changed -1->2
06-24 11:51:58.716 0 0 I [0 T360 ..] vc: [0]sideband_type =-1
06-24 11:51:58.738 0 0 I [2 T314 ..] dim: pq i:rm 0x1000
06-24 11:51:58.739 0 0 I [2 T314 ..] dim: pq i:rm 0x2000
06-24 11:51:58.743 0 0 I [2 T314 ..] dim: pq i:rm 0x200
06-24 11:51:58.745 0 0 I [2 T314 ..] dim: pq i:rm 0x800
06-24 11:51:58.792 685 11707 W WindowManager: [addWindow] title:Toast
06-24 11:51:58.809 685 959 D CoreBackPreview: Window{c95b85a u0 Toast}: Setting back callback OnBackInvokedCallbackInfo{mCallback=android.window.IOnBackInvokedCallback$Stub$Proxy@4339781, mPriority=0, mIsAnimationCallback=false}
06-24 11:51:59.821 685 791 D WindowManager: handleVolumeKeyInArc KeyEvent { action=ACTION_DOWN, keyCode=KEYCODE_VOLUME_UP, scanCode=115, metaState=0, flags=0x8, repeatCount=0, eventTime=2527572493000, downTime=2527572493000, deviceId=10, source=0x301, displayId=-1 }
06-24 11:51:59.821 685 791 D WindowManager: dispatchDirectAudioEvent KeyEvent { action=ACTION_DOWN, keyCode=KEYCODE_VOLUME_UP, scanCode=115, metaState=0, flags=0x8, repeatCount=0, eventTime=2527572493000, downTime=2527572493000, deviceId=10, source=0x301, displayId=-1 }
06-24 11:51:59.882 685 11707 W WindowManager: [addWindow] title:VolumeDialogImpl
06-24 11:51:59.886 685 791 D WindowManager: handleVolumeKeyInArc KeyEvent { action=ACTION_UP, keyCode=KEYCODE_VOLUME_UP, scanCode=115, metaState=0, flags=0x8, repeatCount=0, eventTime=2527786422000, downTime=2527572493000, deviceId=10, source=0x301, displayId=-1 }
06-24 11:51:59.886 685 791 D WindowManager: dispatchDirectAudioEvent KeyEvent { action=ACTION_UP, keyCode=KEYCODE_VOLUME_UP, scanCode=115, metaState=0, flags=0x8, repeatCount=0, eventTime=2527786422000, downTime=2527572493000, deviceId=10, source=0x301, displayId=-1 }
06-24 11:51:59.905 685 9098 D CoreBackPreview: Window{7d7bc7b u0 VolumeDialogImpl}: Setting back callback OnBackInvokedCallbackInfo{mCallback=android.window.IOnBackInvokedCallback$Stub$Proxy@e9062f1, mPriority=0, mIsAnimationCallback=false}
06-24 11:52:00.181 685 791 D WindowManager: handleVolumeKeyInArc KeyEvent { action=ACTION_DOWN, keyCode=KEYCODE_VOLUME_UP, scanCode=115, metaState=0, flags=0x8, repeatCount=0, eventTime=2527943882000, downTime=2527943882000, deviceId=10, source=0x301, displayId=-1 }
06-24 11:52:00.181 685 791 D WindowManager: dispatchDirectAudioEvent KeyEvent { action=ACTION_DOWN, keyCode=KEYCODE_VOLUME_UP, scanCode=115, metaState=0, flags=0x8, repeatCount=0, eventTime=2527943882000, downTime=2527943882000, deviceId=10, source=0x301, displayId=-1 }
06-24 11:52:00.223 685 791 D WindowManager: handleVolumeKeyInArc KeyEvent { action=ACTION_UP, keyCode=KEYCODE_VOLUME_UP, scanCode=115, metaState=0, flags=0x8, repeatCount=0, eventTime=2528082078000, downTime=2527943882000, deviceId=10, source=0x301, displayId=-1 }
06-24 11:52:00.223 685 791 D WindowManager: dispatchDirectAudioEvent KeyEvent { action=ACTION_UP, keyCode=KEYCODE_VOLUME_UP, scanCode=115, metaState=0, flags=0x8, repeatCount=0, eventTime=2528082078000, downTime=2527943882000, deviceId=10, source=0x301, displayId=-1 }
06-24 11:52:00.520 685 791 D WindowManager: handleVolumeKeyInArc KeyEvent { action=ACTION_DOWN, keyCode=KEYCODE_VOLUME_UP, scanCode=115, metaState=0, flags=0x8, repeatCount=0, eventTime=2528270004000, downTime=2528270004000, deviceId=10, source=0x301, displayId=-1 }
06-24 11:52:00.520 685 791 D WindowManager: dispatchDirectAudioEvent KeyEvent { action=ACTION_DOWN, keyCode=KEYCODE_VOLUME_UP, scanCode=115, metaState=0, flags=0x8, repeatCount=0, eventTime=2528270004000, downTime=2528270004000, deviceId=10, source=0x301, displayId=-1 }
06-24 11:52:00.559 685 791 D WindowManager: handleVolumeKeyInArc KeyEvent { action=ACTION_UP, keyCode=KEYCODE_VOLUME_UP, scanCode=115, metaState=0, flags=0x8, repeatCount=0, eventTime=2528438920000, downTime=2528270004000, deviceId=10, source=0x301, displayId=-1 }
06-24 11:52:00.559 685 791 D WindowManager: dispatchDirectAudioEvent KeyEvent { action=ACTION_UP, keyCode=KEYCODE_VOLUME_UP, scanCode=115, metaState=0, flags=0x8, repeatCount=0, eventTime=2528438920000, downTime=2528270004000, deviceId=10, source=0x301, displayId=-1 }
06-24 11:52:00.843 685 791 D WindowManager: handleVolumeKeyInArc KeyEvent { action=ACTION_DOWN, keyCode=KEYCODE_VOLUME_UP, scanCode=115, metaState=0, flags=0x8, repeatCount=0, eventTime=2528596688000, downTime=2528596688000, deviceId=10, source=0x301, displayId=-1 }
06-24 11:52:00.847 685 791 D WindowManager: dispatchDirectAudioEvent KeyEvent { action=ACTION_DOWN, keyCode=KEYCODE_VOLUME_UP, scanCode=115, metaState=0, flags=0x8, repeatCount=0, eventTime=2528596688000, downTime=2528596688000, deviceId=10, source=0x301, displayId=-1 }
06-24 11:52:00.877 685 791 D WindowManager: handleVolumeKeyInArc KeyEvent { action=ACTION_UP, keyCode=KEYCODE_VOLUME_UP, scanCode=115, metaState=0, flags=0x8, repeatCount=0, eventTime=2528742965000, downTime=2528596688000, deviceId=10, source=0x301, displayId=-1 }
06-24 11:52:00.877 685 791 D WindowManager: dispatchDirectAudioEvent KeyEvent { action=ACTION_UP, keyCode=KEYCODE_VOLUME_UP, scanCode=115, metaState=0, flags=0x8, repeatCount=0, eventTime=2528742965000, downTime=2528596688000, deviceId=10, source=0x301, displayId=-1 }
06-24 11:52:01.055 685 791 D WindowManager: handleVolumeKeyInArc KeyEvent { action=ACTION_DOWN, keyCode=KEYCODE_VOLUME_UP, scanCode=115, metaState=0, flags=0x8, repeatCount=0, eventTime=2528854974000, downTime=2528854974000, deviceId=10, source=0x301, displayId=-1 }
06-24 11:52:01.055 685 791 D WindowManager: dispatchDirectAudioEvent KeyEvent { action=ACTION_DOWN, keyCode=KEYCODE_VOLUME_UP, scanCode=115, metaState=0, flags=0x8, repeatCount=0, eventTime=2528854974000, downTime=2528854974000, deviceId=10, source=0x301, displayId=-1 }
06-24 11:52:01.082 685 791 D WindowManager: handleVolumeKeyInArc KeyEvent { action=ACTION_UP, keyCode=KEYCODE_VOLUME_UP, scanCode=115, metaState=0, flags=0x8, repeatCount=0, eventTime=2528956499000, downTime=2528854974000, deviceId=10, source=0x301, displayId=-1 }
06-24 11:52:01.082 685 791 D WindowManager: dispatchDirectAudioEvent KeyEvent { action=ACTION_UP, keyCode=KEYCODE_VOLUME_UP, scanCode=115, metaState=0, flags=0x8, repeatCount=0, eventTime=2528956499000, downTime=2528854974000, deviceId=10, source=0x301, displayId=-1 }
06-24 11:52:01.224 685 791 D WindowManager: handleVolumeKeyInArc KeyEvent { action=ACTION_DOWN, keyCode=KEYCODE_VOLUME_UP, scanCode=115, metaState=0, flags=0x8, repeatCount=0, eventTime=2529069206000, downTime=2529069206000, deviceId=10, source=0x301, displayId=-1 }
06-24 11:52:01.224 685 791 D WindowManager: dispatchDirectAudioEvent KeyEvent { action=ACTION_DOWN, keyCode=KEYCODE_VOLUME_UP, scanCode=115, metaState=0, flags=0x8, repeatCount=0, eventTime=2529069206000, downTime=2529069206000, deviceId=10, source=0x301, displayId=-1 }
06-24 11:52:01.259 685 791 D WindowManager: handleVolumeKeyInArc KeyEvent { action=ACTION_UP, keyCode=KEYCODE_VOLUME_UP, scanCode=115, metaState=0, flags=0x8, repeatCount=0, eventTime=2529125009000, downTime=2529069206000, deviceId=10, source=0x301, displayId=-1 }
06-24 11:52:01.260 685 791 D WindowManager: dispatchDirectAudioEvent KeyEvent { action=ACTION_UP, keyCode=KEYCODE_VOLUME_UP, scanCode=115, metaState=0, flags=0x8, repeatCount=0, eventTime=2529125009000, downTime=2529069206000, deviceId=10, source=0x301, displayId=-1 }
06-24 11:52:01.497 685 791 D WindowManager: handleVolumeKeyInArc KeyEvent { action=ACTION_DOWN, keyCode=KEYCODE_VOLUME_UP, scanCode=115, metaState=0, flags=0x8, repeatCount=0, eventTime=2529248756000, downTime=2529248756000, deviceId=10, source=0x301, displayId=-1 }
06-24 11:52:01.497 685 791 D WindowManager: dispatchDirectAudioEvent KeyEvent { action=ACTION_DOWN, keyCode=KEYCODE_VOLUME_UP, scanCode=115, metaState=0, flags=0x8, repeatCount=0, eventTime=2529248756000, downTime=2529248756000, deviceId=10, source=0x301, displayId=-1 }
06-24 11:52:01.584 685 791 D WindowManager: handleVolumeKeyInArc KeyEvent { action=ACTION_UP, keyCode=KEYCODE_VOLUME_UP, scanCode=115, metaState=0, flags=0x8, repeatCount=0, eventTime=2529485009000, downTime=2529248756000, deviceId=10, source=0x301, displayId=-1 }
06-24 11:52:01.584 685 791 D WindowManager: dispatchDirectAudioEvent KeyEvent { action=ACTION_UP, keyCode=KEYCODE_VOLUME_UP, scanCode=115, metaState=0, flags=0x8, repeatCount=0, eventTime=2529485009000, downTime=2529248756000, deviceId=10, source=0x301, displayId=-1 }
06-24 11:52:01.593 685 959 D CoreBackPreview: Window{c95b85a u0 Toast}: Setting back callback null
06-24 11:52:01.614 685 9054 I NotificationService: cancelToast pkg=cn.miguvideo.migutv token=android.os.BinderProxy@37c440c
06-24 11:52:02.122 0 0 W : [2 T0 .s] [SP FRAME TX] arp req,vif_idx:0 sender:[1c:79:2d:20:62:cb 192.168.3.75]receiver:[00:00:00:00:00:00 192.168.3.45]
06-24 11:52:02.165 0 0 W : [0 T1046 ..] [SP FRAME RX] arp rsp,vif_idx:0 sender:[82:d8:26:78:cd:e3 192.168.3.45]receiver:[1c:79:2d:20:62:cb 192.168.3.75]
06-24 11:52:02.264 685 791 D WindowManager: handleVolumeKeyInArc KeyEvent { action=ACTION_DOWN, keyCode=KEYCODE_VOLUME_UP, scanCode=115, metaState=0, flags=0x8, repeatCount=0, eventTime=2530014407000, downTime=2530014407000, deviceId=10, source=0x301, displayId=-1 }
06-24 11:52:02.265 685 791 D WindowManager: dispatchDirectAudioEvent KeyEvent { action=ACTION_DOWN, keyCode=KEYCODE_VOLUME_UP, scanCode=115, metaState=0, flags=0x8, repeatCount=0, eventTime=2530014407000, downTime=2530014407000, deviceId=10, source=0x301, displayId=-1 }
06-24 11:52:02.297 685 791 D WindowManager: handleVolumeKeyInArc KeyEvent { action=ACTION_UP, keyCode=KEYCODE_VOLUME_UP, scanCode=115, metaState=0, flags=0x8, repeatCount=0, eventTime=2530182923000, downTime=2530014407000, deviceId=10, source=0x301, displayId=-1 }
06-24 11:52:02.301 685 791 D WindowManager: dispatchDirectAudioEvent KeyEvent { action=ACTION_UP, keyCode=KEYCODE_VOLUME_UP, scanCode=115, metaState=0, flags=0x8, repeatCount=0, eventTime=2530182923000, downTime=2530014407000, deviceId=10, source=0x301, displayId=-1 }
06-24 11:52:02.564 685 791 D WindowManager: handleVolumeKeyInArc KeyEvent { action=ACTION_DOWN, keyCode=KEYCODE_VOLUME_UP, scanCode=115, metaState=0, flags=0x8, repeatCount=0, eventTime=2530317525000, downTime=2530317525000, deviceId=10, source=0x301, displayId=-1 }
06-24 11:52:02.564 685 791 D WindowManager: dispatchDirectAudioEvent KeyEvent { action=ACTION_DOWN, keyCode=KEYCODE_VOLUME_UP, scanCode=115, metaState=0, flags=0x8, repeatCount=0, eventTime=2530317525000, downTime=2530317525000, deviceId=10, source=0x301, displayId=-1 }
06-24 11:52:02.590 685 791 D WindowManager: handleVolumeKeyInArc KeyEvent { action=ACTION_UP, keyCode=KEYCODE_VOLUME_UP, scanCode=115, metaState=0, flags=0x8, repeatCount=0, eventTime=2530464402000, downTime=2530317525000, deviceId=10, source=0x301, displayId=-1 }
06-24 11:52:02.590 685 791 D WindowManager: dispatchDirectAudioEvent KeyEvent { action=ACTION_UP, keyCode=KEYCODE_VOLUME_UP, scanCode=115, metaState=0, flags=0x8, repeatCount=0, eventTime=2530464402000, downTime=2530317525000, deviceId=10, source=0x301, displayId=-1 }
06-24 11:52:02.882 685 791 D WindowManager: handleVolumeKeyInArc KeyEvent { action=ACTION_DOWN, keyCode=KEYCODE_VOLUME_UP, scanCode=115, metaState=0, flags=0x8, repeatCount=0, eventTime=2530632549000, downTime=2530632549000, deviceId=10, source=0x301, displayId=-1 }
06-24 11:52:02.882 685 791 D WindowManager: dispatchDirectAudioEvent KeyEvent { action=ACTION_DOWN, keyCode=KEYCODE_VOLUME_UP, scanCode=115, metaState=0, flags=0x8, repeatCount=0, eventTime=2530632549000, downTime=2530632549000, deviceId=10, source=0x301, displayId=-1 }
06-24 11:52:02.894 685 711 W WindowManager: Unable to start animation, surface is null or no children.
06-24 11:52:02.916 685 791 D WindowManager: handleVolumeKeyInArc KeyEvent { action=ACTION_UP, keyCode=KEYCODE_VOLUME_UP, scanCode=115, metaState=0, flags=0x8, repeatCount=0, eventTime=2530790164000, downTime=2530632549000, deviceId=10, source=0x301, displayId=-1 }
06-24 11:52:02.916 685 791 D WindowManager: dispatchDirectAudioEvent KeyEvent { action=ACTION_UP, keyCode=KEYCODE_VOLUME_UP, scanCode=115, metaState=0, flags=0x8, repeatCount=0, eventTime=2530790164000, downTime=2530632549000, deviceId=10, source=0x301, displayId=-1 }
06-24 11:52:03.755 685 791 D WindowManager: handleVolumeKeyInArc KeyEvent { action=ACTION_DOWN, keyCode=KEYCODE_VOLUME_DOWN, scanCode=114, metaState=0, flags=0x8, repeatCount=0, eventTime=2531544126000, downTime=2531544126000, deviceId=10, source=0x301, displayId=-1 }
06-24 11:52:03.755 685 791 D WindowManager: dispatchDirectAudioEvent KeyEvent { action=ACTION_DOWN, keyCode=KEYCODE_VOLUME_DOWN, scanCode=114, metaState=0, flags=0x8, repeatCount=0, eventTime=2531544126000, downTime=2531544126000, deviceId=10, source=0x301, displayId=-1 }
06-24 11:52:03.793 685 791 D WindowManager: handleVolumeKeyInArc KeyEvent { action=ACTION_UP, keyCode=KEYCODE_VOLUME_DOWN, scanCode=114, metaState=0, flags=0x8, repeatCount=0, eventTime=2531656398000, downTime=2531544126000, deviceId=10, source=0x301, displayId=-1 }
06-24 11:52:03.793 685 791 D WindowManager: dispatchDirectAudioEvent KeyEvent { action=ACTION_UP, keyCode=KEYCODE_VOLUME_DOWN, scanCode=114, metaState=0, flags=0x8, repeatCount=0, eventTime=2531656398000, downTime=2531544126000, deviceId=10, source=0x301, displayId=-1 }
06-24 11:52:04.115 685 791 D WindowManager: handleVolumeKeyInArc KeyEvent { action=ACTION_DOWN, keyCode=KEYCODE_VOLUME_DOWN, scanCode=114, metaState=0, flags=0x8, repeatCount=0, eventTime=2531881350000, downTime=2531881350000, deviceId=10, source=0x301, displayId=-1 }
06-24 11:52:04.116 685 791 D WindowManager: dispatchDirectAudioEvent KeyEvent { action=ACTION_DOWN, keyCode=KEYCODE_VOLUME_DOWN, scanCode=114, metaState=0, flags=0x8, repeatCount=0, eventTime=2531881350000, downTime=2531881350000, deviceId=10, source=0x301, displayId=-1 }
06-24 11:52:04.146 685 791 D WindowManager: handleVolumeKeyInArc KeyEvent { action=ACTION_UP, keyCode=KEYCODE_VOLUME_DOWN, scanCode=114, metaState=0, flags=0x8, repeatCount=0, eventTime=2532016429000, downTime=2531881350000, deviceId=10, source=0x301, displayId=-1 }
06-24 11:52:04.146 685 791 D WindowManager: dispatchDirectAudioEvent KeyEvent { action=ACTION_UP, keyCode=KEYCODE_VOLUME_DOWN, scanCode=114, metaState=0, flags=0x8, repeatCount=0, eventTime=2532016429000, downTime=2531881350000, deviceId=10, source=0x301, displayId=-1 }
06-24 11:52:04.441 685 791 D WindowManager: handleVolumeKeyInArc KeyEvent { action=ACTION_DOWN, keyCode=KEYCODE_VOLUME_DOWN, scanCode=114, metaState=0, flags=0x8, repeatCount=0, eventTime=2532196383000, downTime=2532196383000, deviceId=10, source=0x301, displayId=-1 }
06-24 11:52:04.441 685 791 D WindowManager: dispatchDirectAudioEvent KeyEvent { action=ACTION_DOWN, keyCode=KEYCODE_VOLUME_DOWN, scanCode=114, metaState=0, flags=0x8, repeatCount=0, eventTime=2532196383000, downTime=2532196383000, deviceId=10, source=0x301, displayId=-1 }
06-24 11:52:04.465 685 791 D WindowManager: handleVolumeKeyInArc KeyEvent { action=ACTION_UP, keyCode=KEYCODE_VOLUME_DOWN, scanCode=114, metaState=0, flags=0x8, repeatCount=0, eventTime=2532342565000, downTime=2532196383000, deviceId=10, source=0x301, displayId=-1 }
06-24 11:52:04.465 685 791 D WindowManager: dispatchDirectAudioEvent KeyEvent { action=ACTION_UP, keyCode=KEYCODE_VOLUME_DOWN, scanCode=114, metaState=0, flags=0x8, repeatCount=0, eventTime=2532342565000, downTime=2532196383000, deviceId=10, source=0x301, displayId=-1 }
06-24 11:52:04.621 685 791 D WindowManager: handleVolumeKeyInArc KeyEvent { action=ACTION_DOWN, keyCode=KEYCODE_VOLUME_DOWN, scanCode=114, metaState=0, flags=0x8, repeatCount=0, eventTime=2532433090000, downTime=2532433090000, deviceId=10, source=0x301, displayId=-1 }
06-24 11:52:04.622 685 791 D WindowManager: dispatchDirectAudioEvent KeyEvent { action=ACTION_DOWN, keyCode=KEYCODE_VOLUME_DOWN, scanCode=114, metaState=0, flags=0x8, repeatCount=0, eventTime=2532433090000, downTime=2532433090000, deviceId=10, source=0x301, displayId=-1 }
06-24 11:52:04.654 685 791 D WindowManager: handleVolumeKeyInArc KeyEvent { action=ACTION_UP, keyCode=KEYCODE_VOLUME_DOWN, scanCode=114, metaState=0, flags=0x8, repeatCount=0, eventTime=2532522570000, downTime=2532433090000, deviceId=10, source=0x301, displayId=-1 }
06-24 11:52:04.654 685 791 D WindowManager: dispatchDirectAudioEvent KeyEvent { action=ACTION_UP, keyCode=KEYCODE_VOLUME_DOWN, scanCode=114, metaState=0, flags=0x8, repeatCount=0, eventTime=2532522570000, downTime=2532433090000, deviceId=10, source=0x301, displayId=-1 }
06-24 11:52:04.817 685 791 D WindowManager: handleVolumeKeyInArc KeyEvent { action=ACTION_DOWN, keyCode=KEYCODE_VOLUME_DOWN, scanCode=114, metaState=0, flags=0x8, repeatCount=0, eventTime=2532624282000, downTime=2532624282000, deviceId=10, source=0x301, displayId=-1 }
06-24 11:52:04.817 685 791 D WindowManager: dispatchDirectAudioEvent KeyEvent { action=ACTION_DOWN, keyCode=KEYCODE_VOLUME_DOWN, scanCode=114, metaState=0, flags=0x8, repeatCount=0, eventTime=2532624282000, downTime=2532624282000, deviceId=10, source=0x301, displayId=-1 }
06-24 11:52:04.848 685 791 D WindowManager: handleVolumeKeyInArc KeyEvent { action=ACTION_UP, keyCode=KEYCODE_VOLUME_DOWN, scanCode=114, metaState=0, flags=0x8, repeatCount=0, eventTime=2532717438000, downTime=2532624282000, deviceId=10, source=0x301, displayId=-1 }
06-24 11:52:04.848 685 791 D WindowManager: dispatchDirectAudioEvent KeyEvent { action=ACTION_UP, keyCode=KEYCODE_VOLUME_DOWN, scanCode=114, metaState=0, flags=0x8, repeatCount=0, eventTime=2532717438000, downTime=2532624282000, deviceId=10, source=0x301, displayId=-1 }
06-24 11:52:04.982 685 791 D WindowManager: handleVolumeKeyInArc KeyEvent { action=ACTION_DOWN, keyCode=KEYCODE_VOLUME_DOWN, scanCode=114, metaState=0, flags=0x8, repeatCount=0, eventTime=2532770038000, downTime=2532770038000, deviceId=10, source=0x301, displayId=-1 }
06-24 11:52:04.982 685 791 D WindowManager: dispatchDirectAudioEvent KeyEvent { action=ACTION_DOWN, keyCode=KEYCODE_VOLUME_DOWN, scanCode=114, metaState=0, flags=0x8, repeatCount=0, eventTime=2532770038000, downTime=2532770038000, deviceId=10, source=0x301, displayId=-1 }
06-24 11:52:05.006 685 791 D WindowManager: handleVolumeKeyInArc KeyEvent { action=ACTION_UP, keyCode=KEYCODE_VOLUME_DOWN, scanCode=114, metaState=0, flags=0x8, repeatCount=0, eventTime=2532882596000, downTime=2532770038000, deviceId=10, source=0x301, displayId=-1 }
06-24 11:52:05.006 685 791 D WindowManager: dispatchDirectAudioEvent KeyEvent { action=ACTION_UP, keyCode=KEYCODE_VOLUME_DOWN, scanCode=114, metaState=0, flags=0x8, repeatCount=0, eventTime=2532882596000, downTime=2532770038000, deviceId=10, source=0x301, displayId=-1 }
06-24 11:52:05.240 685 791 D WindowManager: handleVolumeKeyInArc KeyEvent { action=ACTION_DOWN, keyCode=KEYCODE_VOLUME_DOWN, scanCode=114, metaState=0, flags=0x8, repeatCount=0, eventTime=2533051312000, downTime=2533051312000, deviceId=10, source=0x301, displayId=-1 }
06-24 11:52:05.240 685 791 D WindowManager: dispatchDirectAudioEvent KeyEvent { action=ACTION_DOWN, keyCode=KEYCODE_VOLUME_DOWN, scanCode=114, metaState=0, flags=0x8, repeatCount=0, eventTime=2533051312000, downTime=2533051312000, deviceId=10, source=0x301, displayId=-1 }
06-24 11:52:05.257 685 791 D WindowManager: handleVolumeKeyInArc KeyEvent { action=ACTION_UP, keyCode=KEYCODE_VOLUME_DOWN, scanCode=114, metaState=0, flags=0x8, repeatCount=0, eventTime=2533141289000, downTime=2533051312000, deviceId=10, source=0x301, displayId=-1 }
06-24 11:52:05.257 685 791 D WindowManager: dispatchDirectAudioEvent KeyEvent { action=ACTION_UP, keyCode=KEYCODE_VOLUME_DOWN, scanCode=114, metaState=0, flags=0x8, repeatCount=0, eventTime=2533141289000, downTime=2533051312000, deviceId=10, source=0x301, displayId=-1 }
06-24 11:52:05.532 685 791 D WindowManager: handleVolumeKeyInArc KeyEvent { action=ACTION_DOWN, keyCode=KEYCODE_VOLUME_DOWN, scanCode=114, metaState=0, flags=0x8, repeatCount=0, eventTime=2533355211000, downTime=2533355211000, deviceId=10, source=0x301, displayId=-1 }
06-24 11:52:05.532 685 791 D WindowManager: dispatchDirectAudioEvent KeyEvent { action=ACTION_DOWN, keyCode=KEYCODE_VOLUME_DOWN, scanCode=114, metaState=0, flags=0x8, repeatCount=0, eventTime=2533355211000, downTime=2533355211000, deviceId=10, source=0x301, displayId=-1 }
06-24 11:52:05.577 685 791 D WindowManager: handleVolumeKeyInArc KeyEvent { action=ACTION_UP, keyCode=KEYCODE_VOLUME_DOWN, scanCode=114, metaState=0, flags=0x8, repeatCount=0, eventTime=2533433759000, downTime=2533355211000, deviceId=10, source=0x301, displayId=-1 }
06-24 11:52:05.577 685 791 D WindowManager: dispatchDirectAudioEvent KeyEvent { action=ACTION_UP, keyCode=KEYCODE_VOLUME_DOWN, scanCode=114, metaState=0, flags=0x8, repeatCount=0, eventTime=2533433759000, downTime=2533355211000, deviceId=10, source=0x301, displayId=-1 }
06-24 11:52:05.938 0 0 W : [2 T1046 ..] [SP FRAME RX] arp req,vif_idx:0 sender:[a2:e3:8f:e4:ff:46 192.168.3.250]receiver:[00:00:00:00:00:00 192.168.3.75]
06-24 11:52:05.939 0 0 W : [2 T1046 ..] [SP FRAME TX] arp rsp,vif_idx:0 sender:[1c:79:2d:20:62:cb 192.168.3.75]receiver:[a2:e3:8f:e4:ff:46 192.168.3.250]
06-24 11:52:05.962 0 0 W : [3 T18530 .s] [SP FRAME TX] arp req,vif_idx:0 sender:[1c:79:2d:20:62:cb 192.168.3.75]receiver:[00:00:00:00:00:00 192.168.3.250]
06-24 11:52:05.969 0 0 W : [2 T1046 ..] [SP FRAME RX] arp rsp,vif_idx:0 sender:[a2:e3:8f:e4:ff:46 192.168.3.250]receiver:[1c:79:2d:20:62:cb 192.168.3.75]
06-24 11:52:06.558 0 0 W : [1 T1041 ..] traffic idle!!
06-24 11:52:08.197 0 0 W : [2 T1041 ..] traffic busy!!
06-24 11:52:08.428 685 9098 W WindowManager: [addWindow] title:cn.miguvideo.migutv/cn.miguvideo.migutv.libplaydetail.PlayMgdbidActivity
06-24 11:52:08.451 685 959 D CoreBackPreview: Window{1220117 u0 cn.miguvideo.migutv/cn.miguvideo.migutv.libplaydetail.PlayMgdbidActivity}: Setting back callback OnBackInvokedCallbackInfo{mCallback=android.window.IOnBackInvokedCallback$Stub$Proxy@e045eed, mPriority=0, mIsAnimationCallback=false}
06-24 11:52:08.522 0 0 W : [0 T18203 ..] [aml_send_sync_trace 4388] sync token[63770]
06-24 11:52:08.523 0 0 W : [0 T18203 ..] >>> aml_send_msg()
06-24 11:52:08.524 0 0 W : [2 T1041 ..] ipc_sdio_host_msgack_handler 00000000bd638ff9
06-24 11:52:08.524 0 0 W : [2 T1041 ..] [aml_msgackind 2039] msg ack hostid=0xffffff807c9d4800
06-24 11:52:08.525 0 0 W : [2 T1041 ..] [cmd_mgr_llind 329] cmd tkn[104] flags:0008 result: -4 cmd: 105-MM_SYNC_TRACE - reqcfm( 0-none)
06-24 11:52:08.527 0 0 W : [2 T1041 ..] [cmd_complete 65] cmd tkn[104] flags:0000 result: -4 cmd: 105-MM_SYNC_TRACE - reqcfm( 0-none)
06-24 11:52:08.535 685 709 W ContextImpl: Calling a method in the system process without a qualified user: android.app.ContextImpl.startService:1899 com.android.server.wm.DisplayPolicy.lambda$focusChangedLw$5:2126 com.android.server.wm.DisplayPolicy.$r8$lambda$Znxk63oh-WzVnzo_WQefN7uxV48:0 com.android.server.wm.DisplayPolicy$$ExternalSyntheticLambda13.run:0 android.os.Handler.handleCallback:958
06-24 11:52:09.050 685 4709 D CoreBackPreview: Window{7d7bc7b u0 VolumeDialogImpl}: Setting back callback null
06-24 11:52:10.655 0 0 W : [1 T1041 ..] traffic idle!!
06-24 11:52:12.614 685 685 W WindowManager: removeWindowToken: Attempted to remove non-existing token: android.os.Binder@6ee866f
06-24 11:52:16.998 685 9098 W WindowManager: [addWindow] title:Toast
06-24 11:52:17.011 685 9098 D CoreBackPreview: Window{95fd7cd u0 Toast}: Setting back callback OnBackInvokedCallbackInfo{mCallback=android.window.IOnBackInvokedCallback$Stub$Proxy@95b47d0, mPriority=0, mIsAnimationCallback=false}
06-24 11:52:17.927 0 0 W : [0 T1041 ..] traffic busy!!
06-24 11:52:18.690 1407 1731 W ContextImpl: Calling a method in the system process without a qualified user: android.app.ContextImpl.sendBroadcast:1220 android.content.ContextWrapper.sendBroadcast:504 com.dangbei.etna.setting.core.SettingHelper.sendCycleToProjector:257 com.dangbei.etna.setting.core.SettingHelper.sendCycleCheckBroadcast:226 com.dangbei.etna.setting.core.SettingHelper.startLoop$lambda-0:185
06-24 11:52:18.692 1407 1731 W ContextImpl: Calling a method in the system process without a qualified user: android.app.ContextImpl.sendBroadcast:1220 android.content.ContextWrapper.sendBroadcast:504 com.dangbei.etna.setting.core.SettingHelper.sendCycleToVoice:242 com.dangbei.etna.setting.core.SettingHelper.sendCycleCheckBroadcast:227 com.dangbei.etna.setting.core.SettingHelper.startLoop$lambda-0:185
06-24 11:52:18.707 685 709 D AutofillManagerService: onBackKeyPressed()
06-24 11:52:18.711 685 1076 D CoreBackPreview: Window{1220117 u0 cn.miguvideo.migutv/cn.miguvideo.migutv.libplaydetail.PlayMgdbidActivity}: Setting back callback null
06-24 11:52:18.735 685 711 V WindowManager: Unknown focus tokens, dropping reportFocusChanged
06-24 11:52:18.826 685 709 W ContextImpl: Calling a method in the system process without a qualified user: android.app.ContextImpl.startService:1899 com.android.server.wm.DisplayPolicy.lambda$focusChangedLw$5:2126 com.android.server.wm.DisplayPolicy.$r8$lambda$Znxk63oh-WzVnzo_WQefN7uxV48:0 com.android.server.wm.DisplayPolicy$$ExternalSyntheticLambda13.run:0 android.os.Handler.handleCallback:958
06-24 11:52:19.017 685 1076 D CoreBackPreview: Window{95fd7cd u0 Toast}: Setting back callback null
06-24 11:52:19.026 685 1076 W NotificationService: Toast already killed. pkg=cn.miguvideo.migutv token=android.os.BinderProxy@2940ad
06-24 11:52:21.000 685 711 W WindowManager: Unable to start animation, surface is null or no children.
06-24 11:52:22.231 0 0 W : [1 T1041 ..] traffic idle!!
06-24 11:52:23.524 0 0 I [2 T18555 ..] [amlv4l]: [53]: reset mode: 1, es frames buffering: 2
06-24 11:52:23.527 0 0 I [2 T18555 ..] [amlv4l]: [53]: reset mode: 1, es frames buffering: 0
06-24 11:52:23.540 0 0 I [0 T18549 ..] [amlv4l]: [53]: reset mode: 1, es frames buffering: 0
06-24 11:52:23.543 0 0 D [0 T18549 ..] [amlcom]: vdec_release instance 000000004b165146, total 1
06-24 11:52:23.544 0 0 I [2 T18549 ..] [amlcom]: dos_local_config end, id 0, is_on 0
06-24 11:52:23.544 0 0 D [2 T18549 ..] [media_clock]: the clk_vdec_mux clock off, ref cnt: 0
06-24 11:52:23.544 0 0 I : [2 T18549 ..] deinit session
06-24 11:52:23.544 0 0 I : [2 T18549 ..] deinit session producer-2
06-24 11:52:23.545 0 0 I : [2 T18549 ..] deinit has_unusing_fifo [1]
06-24 11:52:23.546 0 0 I : [1 T98 ..] p_fifo[2] name[aml-vcodec-dec] state[0] to MP_FIFO_UNUSED
06-24 11:52:23.683 685 9098 E Transition: Trying to add a ready-group twice: Display{#0 state=ON size=1920x1080 ROTATION_0}
06-24 11:52:23.684 685 9098 I ActivityTaskManager: START u0 {cmp=cn.miguvideo.migutv/.libpay.DisplayMemberActivity (has extras)} with LAUNCH_MULTIPLE from uid 10080 (BAL_ALLOW_VISIBLE_WINDOW) result code=0
06-24 11:52:23.687 901 979 V WindowManagerShell: Transition requested: android.os.BinderProxy@286205c TransitionRequestInfo { type = 1, triggerTask = TaskInfo{userId=0 taskId=47 displayId=0 isRunning=true baseIntent=Intent { act=android.intent.action.MAIN cat=[android.intent.category.LAUNCHER] flg=0x10000000 pkg=cn.miguvideo.migutv cmp=cn.miguvideo.migutv/.SplashActivity } baseActivity=ComponentInfo{cn.miguvideo.migutv/cn.miguvideo.migutv.libdisplay.MainActivity} topActivity=ComponentInfo{cn.miguvideo.migutv/cn.miguvideo.migutv.libpay.DisplayMemberActivity} origActivity=null realActivity=ComponentInfo{cn.miguvideo.migutv/cn.miguvideo.migutv.SplashActivity} numActivities=3 lastActiveTime=2551584 supportsMultiWindow=true resizeMode=1 isResizeable=true minWidth=-1 minHeight=-1 defaultMinSize=220 token=WCT{android.window.IWindowContainerToken$Stub$Proxy@41fff65} topActivityType=1 pictureInPictureParams=null shouldDockBigOverlays=true launchIntoPipHostTaskId=-1 lastParentTaskIdBeforePip=-1 displayCutoutSafeInsets=null topActivityInfo=ActivityInfo{e8eb43a cn.miguvideo.migutv.libpay.DisplayMemberActivity} launchCookies=[] positionInParent=Point(0, 0) parentTaskId=-1 isFocused=true isVisible=true isVisibleRequested=true isSleeping=false topActivityInSizeCompat=false topActivityEligibleForLetterboxEducation= false isLetterboxDoubleTapEnabled= false topActivityEligibleForUserAspectRatioButton= false topActivityBoundsLetterboxed= false isFromLetterboxDoubleTap= false topActivityLetterboxVerticalPosition= -1 topActivityLetterboxHorizontalPosition= -1 topActivityLetterboxWidth=-1 topActivityLetterboxHeight=-1 isUserFullscreenOverrideEnabled=false isTopActivityTransparent=false locusId=null displayAreaFeatureId=1 cameraCompatControlState=hidden}, remoteTransition = null, displayChange = null, flags = 0 }
06-24 11:52:23.700 685 6903 V WindowManager: app ------------- force_land :0
06-24 11:52:23.706 685 6903 I NotificationService: cancelToast pkg=cn.miguvideo.migutv token=android.os.BinderProxy@2940ad
06-24 11:52:23.706 685 6903 W NotificationService: Toast already cancelled. pkg=cn.miguvideo.migutv token=android.os.BinderProxy@2940ad
06-24 11:52:23.722 0 0 I [3 T108 ..] dim: unreg:2keep[0], msk:[0x0,0x0]
06-24 11:52:23.722 0 0 I [3 T108 ..] dim: hf:r:ch[2]:cnt[0]
06-24 11:52:23.723 0 0 I [3 T108 ..] dim: di_unreg_setting:
06-24 11:52:23.725 0 0 I [1 T360 ..] dim: unreg:use[17]ms
06-24 11:52:23.725 0 0 I [1 T360 ..] dim: ins:destroy:ch[2]:end
06-24 11:52:23.726 0 0 I : [0 T360 ..] di process release
06-24 11:52:23.728 0 0 I [0 T360 ..] vc: [0]vc: set enable index=0, val=0
06-24 11:52:23.728 0 0 I [0 T360 ..] VID: store VD0 path_id changed 2->-1
06-24 11:52:23.729 0 0 I [0 T360 ..] VID: VD1 off
06-24 11:52:23.730 0 0 I [0 T360 ..] VID: VD1 set global output as 0
06-24 11:52:23.730 0 0 I : [0 T360 ..] common_vf_unreg_provider video_render.0: vd1 used:true, vd2 used:false, vd3 used:false, f_wait:true (0 0), b_out:0, cur_buf:00000000c149d856
06-24 11:52:23.757 0 0 I [0 T360 ..] dp_put_file_ext: put_file=ffffff8048def180, file_count=7
06-24 11:52:23.804 901 979 D WindowManagerShell: TvPipController: onTaskStackChanged()
06-24 11:52:23.829 685 1076 W WindowManager: [addWindow] title:cn.miguvideo.migutv/cn.miguvideo.migutv.libpay.DisplayMemberActivity
06-24 11:52:23.829 685 6903 W WindowManager: Failed looking up window session=Session{5977386 16754:u0a10080} callers=com.android.server.wm.WindowManagerService.windowForClientLocked:6077 com.android.server.wm.Session.updateRequestedVisibleTypes:695 android.view.IWindowSession$Stub.onTransact:1034
06-24 11:52:23.835 685 6903 D CoreBackPreview: Window{82f193a u0 cn.miguvideo.migutv/cn.miguvideo.migutv.libpay.DisplayMemberActivity}: Setting back callback OnBackInvokedCallbackInfo{mCallback=android.window.IOnBackInvokedCallback$Stub$Proxy@f0e5348, mPriority=0, mIsAnimationCallback=false}
06-24 11:52:23.874 0 0 I [0 T265 ..] dp_buf: [0:53]di buf_mgr free
06-24 11:52:23.877 685 708 V WindowManager: Sent Transition #74 createdAt=06-24 11:52:23.677 via request=TransitionRequestInfo { type = 1, triggerTask = TaskInfo{userId=0 taskId=47 displayId=0 isRunning=true baseIntent=Intent { act=android.intent.action.MAIN cat=[android.intent.category.LAUNCHER] flg=0x10000000 pkg=cn.miguvideo.migutv cmp=cn.miguvideo.migutv/.SplashActivity } baseActivity=ComponentInfo{cn.miguvideo.migutv/cn.miguvideo.migutv.libdisplay.MainActivity} topActivity=ComponentInfo{cn.miguvideo.migutv/cn.miguvideo.migutv.libpay.DisplayMemberActivity} origActivity=null realActivity=ComponentInfo{cn.miguvideo.migutv/cn.miguvideo.migutv.SplashActivity} numActivities=3 lastActiveTime=2551584 supportsMultiWindow=true resizeMode=1 isResizeable=true minWidth=-1 minHeight=-1 defaultMinSize=220 token=WCT{RemoteToken{7fa7e0c Task{1778f08 #47 type=standard A=10080:cn.miguvideo.migutv}}} topActivityType=1 pictureInPictureParams=null shouldDockBigOverlays=true launchIntoPipHostTaskId=-1 lastParentTaskIdBeforePip=-1 displayCutoutSafeInsets=null topActivityInfo=ActivityInfo{b75e9c7 cn.miguvideo.migutv.libpay.DisplayMemberActivity} launchCookies=[] positionInParent=Point(0, 0) parentTaskId=-1 isFocused=true isVisible=true isVisibleRequested=true isSleeping=false topActivityInSizeCompat=false topActivityEligibleForLetterboxEducation= false isLetterboxDoubleTapEnabled= false topActivityEligibleForUserAspectRatioButton= false topActivityBoundsLetterboxed= false isFromLetterboxDoubleTap= false topActivityLetterboxVerticalPosition= -1 topActivityLetterboxHorizontalPosition= -1 topActivityLetterboxWidth=-1 topActivityLetterboxHeight=-1 isUserFullscreenOverrideEnabled=false isTopActivityTransparent=false locusId=null displayAreaFeatureId=1 cameraCompatControlState=hidden}, remoteTransition = null, displayChange = null, flags = 0 }
06-24 11:52:23.877 685 708 V WindowManager: startWCT=WindowContainerTransaction { changes = {} hops = [] errorCallbackToken=null taskFragmentOrganizer=null }
06-24 11:52:23.877 901 979 V WindowManagerShell: onTransitionReady android.os.BinderProxy@286205c: {id=74 t=OPEN f=0x0 trk=0 r=[0@Point(0, 0)] c=[{null m=OPEN f=FILLS_TASK leash=Surface(name=ActivityRecord{ae5cfcf u0 cn.miguvideo.migutv/.libpay.DisplayMemberActivity)/@0xc8898eb sb=Rect(0, 0 - 0, 0) eb=Rect(0, 0 - 1920, 1080) d=-1->0 r=-1->0:-1},{null m=TO_BACK f=FILLS_TASK leash=Surface(name=ActivityRecord{b99d46d u0 cn.miguvideo.migutv/.libplaydetail.PlayMgdbidActivity)/@0x582e648 sb=Rect(0, 0 - 1920, 1080) eb=Rect(0, 0 - 1920, 1080) d=0}]}
06-24 11:52:23.878 901 979 V WindowManagerShell: Playing animation for (#74)android.os.BinderProxy@286205c@0
06-24 11:52:23.878 901 979 V WindowManagerShell: try handler com.android.wm.shell.keyguard.KeyguardTransitionHandler@24e2028
06-24 11:52:23.878 901 979 V WindowManagerShell: try handler com.android.wm.shell.pip.tv.TvPipTransition@1141
06-24 11:52:23.878 685 708 V WindowManager: info={id=74 t=OPEN f=0x0 trk=0 r=[0@Point(0, 0)] c=[{null m=OPEN f=FILLS_TASK leash=Surface(name=ActivityRecord{ae5cfcf u0 cn.miguvideo.migutv/.libpay.DisplayMemberActivity)/@0x82995e1 sb=Rect(0, 0 - 0, 0) eb=Rect(0, 0 - 1920, 1080) d=-1->0 r=-1->0:-1},{null m=TO_BACK f=FILLS_TASK leash=Surface(name=ActivityRecord{b99d46d u0 cn.miguvideo.migutv/.libplaydetail.PlayMgdbidActivity)/@0x447e208 sb=Rect(0, 0 - 1920, 1080) eb=Rect(0, 0 - 1920, 1080) d=0}]}
06-24 11:52:23.878 901 979 V WindowManagerShell: try handler com.android.wm.shell.activityembedding.ActivityEmbeddingController@e8f56e6
06-24 11:52:23.878 901 979 V WindowManagerShell: try handler com.android.wm.shell.transition.RemoteTransitionHandler@b664427
06-24 11:52:23.878 901 979 V WindowManagerShell: Transition doesn't have explicit remote, search filters for match for {id=74 t=OPEN f=0x0 trk=0 r=[0@Point(0, 0)] c=[{null m=OPEN f=FILLS_TASK leash=Surface(name=ActivityRecord{ae5cfcf u0 cn.miguvideo.migutv/.libpay.DisplayMemberActivity)/@0xc8898eb sb=Rect(0, 0 - 0, 0) eb=Rect(0, 0 - 1920, 1080) d=-1->0 r=-1->0:-1},{null m=TO_BACK f=FILLS_TASK leash=Surface(name=ActivityRecord{b99d46d u0 cn.miguvideo.migutv/.libplaydetail.PlayMgdbidActivity)/@0x582e648 sb=Rect(0, 0 - 1920, 1080) eb=Rect(0, 0 - 1920, 1080) d=0}]}
06-24 11:52:23.878 901 979 V WindowManagerShell: Delegate animation for #74 to null
06-24 11:52:23.878 901 979 V WindowManagerShell: try handler com.android.wm.shell.transition.DefaultTransitionHandler@7916d4
06-24 11:52:23.879 901 979 V WindowManagerShell: start default transition animation, info = {id=74 t=OPEN f=0x0 trk=0 r=[0@Point(0, 0)] c=[{null m=OPEN f=FILLS_TASK leash=Surface(name=ActivityRecord{ae5cfcf u0 cn.miguvideo.migutv/.libpay.DisplayMemberActivity)/@0xc8898eb sb=Rect(0, 0 - 0, 0) eb=Rect(0, 0 - 1920, 1080) d=-1->0 r=-1->0:-1},{null m=TO_BACK f=FILLS_TASK leash=Surface(name=ActivityRecord{b99d46d u0 cn.miguvideo.migutv/.libplaydetail.PlayMgdbidActivity)/@0x582e648 sb=Rect(0, 0 - 1920, 1080) eb=Rect(0, 0 - 1920, 1080) d=0}]}
06-24 11:52:23.879 901 979 V WindowManagerShell: loadAnimation: anim=android.view.animation.AlphaAnimation@ea3da06 animAttr=0x5 type=OPEN isEntrance=false
06-24 11:52:23.880 901 979 V WindowManagerShell: loadAnimation: anim=android.view.animation.AlphaAnimation@ed5d8c7 animAttr=0x4 type=OPEN isEntrance=true
06-24 11:52:23.886 901 979 V WindowManagerShell: animated by com.android.wm.shell.transition.DefaultTransitionHandler@7916d4
06-24 11:52:23.941 685 709 W ContextImpl: Calling a method in the system process without a qualified user: android.app.ContextImpl.startService:1899 com.android.server.wm.DisplayPolicy.lambda$focusChangedLw$5:2126 com.android.server.wm.DisplayPolicy.$r8$lambda$Znxk63oh-WzVnzo_WQefN7uxV48:0 com.android.server.wm.DisplayPolicy$$ExternalSyntheticLambda13.run:0 android.os.Handler.handleCallback:958
06-24 11:52:24.301 901 979 V WindowManagerShell: Transition animation finished (aborted=false), notifying core (#74)android.os.BinderProxy@286205c@0
06-24 11:52:24.304 685 708 V WindowManager: Finish Transition #74: created at
06-24 11:52:23.677 collect-started=0.076ms request-sent=6.264ms started=14.371ms ready=25.922ms sent=193.369ms finished=626.044ms
06-24 11:52:24.307 901 979 V WindowManagerShell: Track 0 became idle
06-24 11:52:24.307 901 979 V WindowManagerShell: All active transition animations finished
06-24 11:52:24.343 685 6903 D CompatibilityChangeReporter: Compat change id reported: 253665015; UID 10080; state: DISABLED
06-24 11:52:24.343 685 6903 D CompatibilityChangeReporter: Compat change id reported: 194532703; UID 10080; state: DISABLED
06-24 11:52:26.688 685 1390 E TaskPersister: File error accessing recents directory (directory doesn't exist?).
06-24 11:52:27.144 685 709 D AutofillManagerService: onBackKeyPressed()
06-24 11:52:28.405 685 709 D AutofillManagerService: onBackKeyPressed()
06-24 11:52:28.412 901 979 V WindowManagerShell: Transition requested: android.os.BinderProxy@fcd3a63 TransitionRequestInfo { type = 2, triggerTask = null, remoteTransition = null, displayChange = null, flags = 0 }
06-24 11:52:28.425 685 9098 V WindowManager: app ------------- force_land :0
06-24 11:52:28.528 901 979 D WindowManagerShell: TvPipController: onTaskStackChanged()
06-24 11:52:28.643 685 708 V WindowManager: Sent Transition #75 createdAt=06-24 11:52:28.411 via request=TransitionRequestInfo { type = 2, triggerTask = null, remoteTransition = null, displayChange = null, flags = 0 }
06-24 11:52:28.643 685 708 V WindowManager: startWCT=WindowContainerTransaction { changes = {} hops = [] errorCallbackToken=null taskFragmentOrganizer=null }
06-24 11:52:28.644 685 708 V WindowManager: info={id=75 t=CLOSE f=0x0 trk=0 r=[0@Point(0, 0)] c=[{null m=CLOSE f=FILLS_TASK leash=Surface(name=ActivityRecord{ae5cfcf u0 cn.miguvideo.migutv/.libpay.DisplayMemberActivity)/@0x82995e1 sb=Rect(0, 0 - 1920, 1080) eb=Rect(0, 0 - 1920, 1080) d=0},{null m=TO_FRONT f=FILLS_TASK leash=Surface(name=ActivityRecord{b99d46d u0 cn.miguvideo.migutv/.libplaydetail.PlayMgdbidActivity)/@0x447e208 sb=Rect(0, 0 - 1920, 1080) eb=Rect(0, 0 - 1920, 1080) d=0}]}
06-24 11:52:28.644 901 979 V WindowManagerShell: onTransitionReady android.os.BinderProxy@fcd3a63: {id=75 t=CLOSE f=0x0 trk=0 r=[0@Point(0, 0)] c=[{null m=CLOSE f=FILLS_TASK leash=Surface(name=ActivityRecord{ae5cfcf u0 cn.miguvideo.migutv/.libpay.DisplayMemberActivity)/@0xdbe3660 sb=Rect(0, 0 - 1920, 1080) eb=Rect(0, 0 - 1920, 1080) d=0},{null m=TO_FRONT f=FILLS_TASK leash=Surface(name=ActivityRecord{b99d46d u0 cn.miguvideo.migutv/.libplaydetail.PlayMgdbidActivity)/@0xcce9719 sb=Rect(0, 0 - 1920, 1080) eb=Rect(0, 0 - 1920, 1080) d=0}]}
06-24 11:52:28.644 901 979 V WindowManagerShell: Playing animation for (#75)android.os.BinderProxy@fcd3a63@0
06-24 11:52:28.644 901 979 V WindowManagerShell: try handler com.android.wm.shell.keyguard.KeyguardTransitionHandler@24e2028
06-24 11:52:28.644 901 979 V WindowManagerShell: try handler com.android.wm.shell.pip.tv.TvPipTransition@1141
06-24 11:52:28.644 901 979 V WindowManagerShell: try handler com.android.wm.shell.activityembedding.ActivityEmbeddingController@e8f56e6
06-24 11:52:28.644 901 979 V WindowManagerShell: try handler com.android.wm.shell.transition.RemoteTransitionHandler@b664427
06-24 11:52:28.645 901 979 V WindowManagerShell: Transition doesn't have explicit remote, search filters for match for {id=75 t=CLOSE f=0x0 trk=0 r=[0@Point(0, 0)] c=[{null m=CLOSE f=FILLS_TASK leash=Surface(name=ActivityRecord{ae5cfcf u0 cn.miguvideo.migutv/.libpay.DisplayMemberActivity)/@0xdbe3660 sb=Rect(0, 0 - 1920, 1080) eb=Rect(0, 0 - 1920, 1080) d=0},{null m=TO_FRONT f=FILLS_TASK leash=Surface(name=ActivityRecord{b99d46d u0 cn.miguvideo.migutv/.libplaydetail.PlayMgdbidActivity)/@0xcce9719 sb=Rect(0, 0 - 1920, 1080) eb=Rect(0, 0 - 1920, 1080) d=0}]}
06-24 11:52:28.645 901 979 V WindowManagerShell: Delegate animation for #75 to null
06-24 11:52:28.645 901 979 V WindowManagerShell: try handler com.android.wm.shell.transition.DefaultTransitionHandler@7916d4
06-24 11:52:28.645 901 979 V WindowManagerShell: start default transition animation, info = {id=75 t=CLOSE f=0x0 trk=0 r=[0@Point(0, 0)] c=[{null m=CLOSE f=FILLS_TASK leash=Surface(name=ActivityRecord{ae5cfcf u0 cn.miguvideo.migutv/.libpay.DisplayMemberActivity)/@0xdbe3660 sb=Rect(0, 0 - 1920, 1080) eb=Rect(0, 0 - 1920, 1080) d=0},{null m=TO_FRONT f=FILLS_TASK leash=Surface(name=ActivityRecord{b99d46d u0 cn.miguvideo.migutv/.libplaydetail.PlayMgdbidActivity)/@0xcce9719 sb=Rect(0, 0 - 1920, 1080) eb=Rect(0, 0 - 1920, 1080) d=0}]}
06-24 11:52:28.646 901 979 V WindowManagerShell: loadAnimation: anim=android.view.animation.AlphaAnimation@340588c animAttr=0x6 type=CLOSE isEntrance=true
06-24 11:52:28.646 901 979 V WindowManagerShell: loadAnimation: anim=android.view.animation.AlphaAnimation@f1c9fea animAttr=0x7 type=CLOSE isEntrance=false
06-24 11:52:28.648 901 979 V WindowManagerShell: animated by com.android.wm.shell.transition.DefaultTransitionHandler@7916d4
06-24 11:52:28.663 685 709 W ContextImpl: Calling a method in the system process without a qualified user: android.app.ContextImpl.startService:1899 com.android.server.wm.DisplayPolicy.lambda$focusChangedLw$5:2126 com.android.server.wm.DisplayPolicy.$r8$lambda$Znxk63oh-WzVnzo_WQefN7uxV48:0 com.android.server.wm.DisplayPolicy$$ExternalSyntheticLambda13.run:0 android.os.Handler.handleCallback:958
06-24 11:52:29.055 901 979 V WindowManagerShell: Transition animation finished (aborted=false), notifying core (#75)android.os.BinderProxy@fcd3a63@0
06-24 11:52:29.059 685 708 V WindowManager: Finish Transition #75: created at
06-24 11:52:28.411 collect-started=0.1ms request-sent=0.19ms started=4.777ms ready=15.811ms sent=230.958ms finished=645.962ms
06-24 11:52:29.061 901 979 V WindowManagerShell: Track 0 became idle
06-24 11:52:29.061 901 979 V WindowManagerShell: All active transition animations finished
06-24 11:52:29.103 685 6903 D CoreBackPreview: Window{82f193a u0 cn.miguvideo.migutv/cn.miguvideo.migutv.libpay.DisplayMemberActivity}: Setting back callback null
06-24 11:52:30.661 685 6903 E Transition: Trying to add a ready-group twice: Display{#0 state=ON size=1920x1080 ROTATION_0}
06-24 11:52:30.663 685 6903 I ActivityTaskManager: START u0 {cmp=cn.miguvideo.migutv/.libpay.DisplayMemberActivity (has extras)} with LAUNCH_MULTIPLE from uid 10080 (BAL_ALLOW_VISIBLE_WINDOW) result code=0
