06-24 13:33:52.085 0 0 W : [3 T1046 ..] [SP FRAME TX] arp rsp,vif_idx:0 sender:[1c:79:2d:20:62:cb 192.168.3.75]receiver:[28:7b:11:70:4f:bd 192.168.3.156]
06-24 13:33:52.088 0 0 W : [3 T1046 ..] [SP FRAME RX] arp req,vif_idx:0 sender:[20:57:9e:67:7f:db 192.168.3.98]receiver:[00:00:00:00:00:00 192.168.3.75]
06-24 13:33:52.089 0 0 W : [3 T1046 ..] [SP FRAME TX] arp rsp,vif_idx:0 sender:[1c:79:2d:20:62:cb 192.168.3.75]receiver:[20:57:9e:67:7f:db 192.168.3.98]
06-24 13:33:52.205 0 0 W : [3 T1046 ..] [SP FRAME RX] arp req,vif_idx:0 sender:[b6:9c:70:ec:40:e7 192.168.3.65]receiver:[00:00:00:00:00:00 192.168.3.75]
06-24 13:33:52.206 0 0 W : [3 T1046 ..] [SP FRAME TX] arp rsp,vif_idx:0 sender:[1c:79:2d:20:62:cb 192.168.3.75]receiver:[b6:9c:70:ec:40:e7 192.168.3.65]
06-24 13:33:52.210 0 0 W : [3 T1046 ..] [SP FRAME RX] arp req,vif_idx:0 sender:[0c:91:60:12:cd:fc 192.168.3.171]receiver:[00:00:00:00:00:00 192.168.3.75]
06-24 13:33:52.211 0 0 W : [3 T1046 ..] [SP FRAME TX] arp rsp,vif_idx:0 sender:[1c:79:2d:20:62:cb 192.168.3.75]receiver:[0c:91:60:12:cd:fc 192.168.3.171]
06-24 13:33:52.229 0 0 W : [3 T1046 ..] [SP FRAME RX] arp req,vif_idx:0 sender:[0c:91:60:12:cd:8c 192.168.3.70]receiver:[00:00:00:00:00:00 192.168.3.75]
06-24 13:33:52.230 0 0 W : [3 T1046 ..] [SP FRAME TX] arp rsp,vif_idx:0 sender:[1c:79:2d:20:62:cb 192.168.3.75]receiver:[0c:91:60:12:cd:8c 192.168.3.70]
06-24 13:33:52.239 0 0 W : [3 T1046 ..] [SP FRAME RX] arp req,vif_idx:0 sender:[68:39:43:80:0a:5c 192.168.3.209]receiver:[00:00:00:00:00:00 192.168.3.75]
06-24 13:33:52.240 0 0 W : [3 T1046 ..] [SP FRAME TX] arp rsp,vif_idx:0 sender:[1c:79:2d:20:62:cb 192.168.3.75]receiver:[68:39:43:80:0a:5c 192.168.3.209]
06-24 13:33:52.386 0 0 W : [3 T1046 ..] [SP FRAME RX] arp req,vif_idx:0 sender:[d2:07:9a:6e:a7:36 192.168.3.27]receiver:[00:00:00:00:00:00 192.168.3.75]
06-24 13:33:52.387 0 0 W : [3 T1046 ..] [SP FRAME TX] arp rsp,vif_idx:0 sender:[1c:79:2d:20:62:cb 192.168.3.75]receiver:[d2:07:9a:6e:a7:36 192.168.3.27]
06-24 13:33:52.389 0 0 W : [3 T1046 ..] [SP FRAME RX] arp req,vif_idx:0 sender:[0c:91:60:12:cd:6e 192.168.3.81]receiver:[00:00:00:00:00:00 192.168.3.75]
06-24 13:33:52.390 0 0 W : [3 T1046 ..] [SP FRAME TX] arp rsp,vif_idx:0 sender:[1c:79:2d:20:62:cb 192.168.3.75]receiver:[0c:91:60:12:cd:6e 192.168.3.81]
06-24 13:33:52.467 0 0 W : [3 T1046 ..] [SP FRAME RX] arp req,vif_idx:0 sender:[da:b8:33:f6:93:fe 192.168.3.89]receiver:[00:00:00:00:00:00 192.168.3.75]
06-24 13:33:52.468 0 0 W : [3 T1046 ..] [SP FRAME TX] arp rsp,vif_idx:0 sender:[1c:79:2d:20:62:cb 192.168.3.75]receiver:[da:b8:33:f6:93:fe 192.168.3.89]
06-24 13:33:52.588 0 0 W : [3 T1046 ..] [SP FRAME RX] arp req,vif_idx:0 sender:[56:86:a9:ec:10:a8 192.168.3.19]receiver:[00:00:00:00:00:00 192.168.3.75]
06-24 13:33:52.589 0 0 W : [3 T1046 ..] [SP FRAME TX] arp rsp,vif_idx:0 sender:[1c:79:2d:20:62:cb 192.168.3.75]receiver:[56:86:a9:ec:10:a8 192.168.3.19]
06-24 13:33:52.613 0 0 W : [3 T1046 ..] [SP FRAME RX] arp req,vif_idx:0 sender:[28:7b:11:70:51:1f 192.168.3.44]receiver:[00:00:00:00:00:00 192.168.3.75]
06-24 13:33:52.614 0 0 W : [3 T1046 ..] [SP FRAME TX] arp rsp,vif_idx:0 sender:[1c:79:2d:20:62:cb 192.168.3.75]receiver:[28:7b:11:70:51:1f 192.168.3.44]
06-24 13:33:52.627 0 0 W : [3 T1046 ..] [SP FRAME RX] arp req,vif_idx:0 sender:[10:b2:32:39:59:ba 192.168.3.57]receiver:[00:00:00:00:00:00 192.168.3.75]
06-24 13:33:52.628 0 0 W : [3 T1046 ..] [SP FRAME TX] arp rsp,vif_idx:0 sender:[1c:79:2d:20:62:cb 192.168.3.75]receiver:[10:b2:32:39:59:ba 192.168.3.57]
06-24 13:33:52.688 0 0 W : [3 T1046 ..] [SP FRAME RX] arp req,vif_idx:0 sender:[9a:86:f7:27:5c:25 192.168.3.169]receiver:[00:00:00:00:00:00 192.168.3.75]
06-24 13:33:52.689 0 0 W : [3 T1046 ..] [SP FRAME TX] arp rsp,vif_idx:0 sender:[1c:79:2d:20:62:cb 192.168.3.75]receiver:[9a:86:f7:27:5c:25 192.168.3.169]
06-24 13:33:52.781 0 0 W : [3 T1046 ..] [SP FRAME RX] arp req,vif_idx:0 sender:[e2:04:f6:d8:62:00 192.168.3.194]receiver:[00:00:00:00:00:00 192.168.3.75]
06-24 13:33:52.782 0 0 W : [3 T1046 ..] [SP FRAME TX] arp rsp,vif_idx:0 sender:[1c:79:2d:20:62:cb 192.168.3.75]receiver:[e2:04:f6:d8:62:00 192.168.3.194]
06-24 13:33:52.833 0 0 W : [3 T1046 ..] [SP FRAME RX] arp req,vif_idx:0 sender:[16:8e:6e:17:dc:41 192.168.3.176]receiver:[00:00:00:00:00:00 192.168.3.75]
06-24 13:33:52.834 0 0 W : [3 T1046 ..] [SP FRAME TX] arp rsp,vif_idx:0 sender:[1c:79:2d:20:62:cb 192.168.3.75]receiver:[16:8e:6e:17:dc:41 192.168.3.176]
06-24 13:33:52.869 0 0 W : [0 T1046 ..] [SP FRAME RX] arp req,vif_idx:0 sender:[28:7b:11:70:4f:a5 192.168.3.155]receiver:[00:00:00:00:00:00 192.168.3.75]
06-24 13:33:52.870 0 0 W : [0 T1046 ..] [SP FRAME TX] arp rsp,vif_idx:0 sender:[1c:79:2d:20:62:cb 192.168.3.75]receiver:[28:7b:11:70:4f:a5 192.168.3.155]
06-24 13:33:53.102 0 0 W : [0 T1046 ..] [SP FRAME RX] arp req,vif_idx:0 sender:[b6:86:f8:35:d4:28 192.168.3.36]receiver:[00:00:00:00:00:00 192.168.3.75]
06-24 13:33:53.103 0 0 W : [0 T1046 ..] [SP FRAME TX] arp rsp,vif_idx:0 sender:[1c:79:2d:20:62:cb 192.168.3.75]receiver:[b6:86:f8:35:d4:28 192.168.3.36]
06-24 13:33:53.263 0 0 W : [1 T1046 ..] [SP FRAME RX] arp req,vif_idx:0 sender:[50:ba:02:e7:1e:de 192.168.3.157]receiver:[00:00:00:00:00:00 192.168.3.75]
06-24 13:33:53.264 0 0 W : [1 T1046 ..] [SP FRAME TX] arp rsp,vif_idx:0 sender:[1c:79:2d:20:62:cb 192.168.3.75]receiver:[50:ba:02:e7:1e:de 192.168.3.157]
06-24 13:33:53.610 0 0 W : [2 T879 .s] [SP FRAME TX] arp req,vif_idx:0 sender:[1c:79:2d:20:62:cb 192.168.3.75]receiver:[00:00:00:00:00:00 192.168.3.1]
06-24 13:33:53.615 0 0 W : [1 T1046 ..] [SP FRAME RX] arp rsp,vif_idx:0 sender:[70:3a:a6:36:a8:d7 192.168.3.1]receiver:[1c:79:2d:20:62:cb 192.168.3.75]
06-24 13:33:57.822 0 0 W : [2 T1046 ..] [SP FRAME RX] arp req,vif_idx:0 sender:[28:48:e7:f0:76:bd 192.168.3.210]receiver:[00:00:00:00:00:00 192.168.3.75]
06-24 13:33:57.823 0 0 W : [2 T1046 ..] [SP FRAME TX] arp rsp,vif_idx:0 sender:[1c:79:2d:20:62:cb 192.168.3.75]receiver:[28:48:e7:f0:76:bd 192.168.3.210]
06-24 13:33:58.203 0 0 W : [2 T1046 ..] [SP FRAME RX] DHCP[0 1], vif_idx:0
06-24 13:33:58.805 0 0 W : [2 T1046 ..] [SP FRAME RX] arp req,vif_idx:0 sender:[28:48:e7:f0:76:bd 192.168.3.210]receiver:[00:00:00:00:00:00 192.168.3.75]
06-24 13:33:58.806 0 0 W : [2 T1046 ..] [SP FRAME TX] arp rsp,vif_idx:0 sender:[1c:79:2d:20:62:cb 192.168.3.75]receiver:[28:48:e7:f0:76:bd 192.168.3.210]
06-24 13:33:59.248 0 0 W : [1 T1046 ..] [SP FRAME RX] DHCP[0 1], vif_idx:0
06-24 13:33:59.878 0 0 W : [1 T1046 ..] [SP FRAME RX] arp req,vif_idx:0 sender:[28:48:e7:f0:76:bd 192.168.3.210]receiver:[00:00:00:00:00:00 192.168.3.75]
06-24 13:33:59.879 0 0 W : [1 T1046 ..] [SP FRAME TX] arp rsp,vif_idx:0 sender:[1c:79:2d:20:62:cb 192.168.3.75]receiver:[28:48:e7:f0:76:bd 192.168.3.210]
06-24 13:34:01.546 0 0 W : [2 T23022 .s] [SP FRAME TX] arp req,vif_idx:0 sender:[1c:79:2d:20:62:cb 192.168.3.75]receiver:[00:00:00:00:00:00 192.168.3.65]
06-24 13:34:01.551 0 0 W : [3 T1046 ..] [SP FRAME RX] arp rsp,vif_idx:0 sender:[b6:9c:70:ec:40:e7 192.168.3.65]receiver:[1c:79:2d:20:62:cb 192.168.3.75]
06-24 13:34:16.735 0 0 W : [3 T1046 ..] [SP FRAME RX] DHCP[1 0], vif_idx:0
06-24 13:34:19.210 0 0 W : [3 T23751 .s] [SP FRAME TX] arp req,vif_idx:0 sender:[1c:79:2d:20:62:cb 192.168.3.75]receiver:[00:00:00:00:00:00 192.168.3.1]
06-24 13:34:19.486 0 0 W : [3 T1046 ..] [SP FRAME RX] arp rsp,vif_idx:0 sender:[70:3a:a6:36:a8:d7 192.168.3.1]receiver:[1c:79:2d:20:62:cb 192.168.3.75]
06-24 13:34:22.210 1407 1731 W ContextImpl: Calling a method in the system process without a qualified user: android.app.ContextImpl.sendBroadcast:1220 android.content.ContextWrapper.sendBroadcast:504 com.dangbei.etna.setting.core.SettingHelper.sendCycleToProjector:257 com.dangbei.etna.setting.core.SettingHelper.sendCycleCheckBroadcast:226 com.dangbei.etna.setting.core.SettingHelper.startLoop$lambda-0:185
06-24 13:34:22.212 1407 1731 W ContextImpl: Calling a method in the system process without a qualified user: android.app.ContextImpl.sendBroadcast:1220 android.content.ContextWrapper.sendBroadcast:504 com.dangbei.etna.setting.core.SettingHelper.sendCycleToVoice:242 com.dangbei.etna.setting.core.SettingHelper.sendCycleCheckBroadcast:227 com.dangbei.etna.setting.core.SettingHelper.startLoop$lambda-0:185
06-24 13:34:30.181 0 0 W : [3 T1046 ..] [SP FRAME RX] DHCP[0 1], vif_idx:0
06-24 13:34:31.228 0 0 W : [3 T1046 ..] [SP FRAME RX] DHCP[0 1], vif_idx:0
06-24 13:34:32.522 0 0 W : [0 T10746 ..] [aml_send_sync_trace 4388] sync token[63870]
06-24 13:34:32.522 0 0 W : [0 T10746 ..] >>> aml_send_msg()
06-24 13:34:32.523 0 0 W : [0 T1041 ..] ipc_sdio_host_msgack_handler 000000004d887aba
06-24 13:34:32.524 0 0 W : [0 T1041 ..] [aml_msgackind 2039] msg ack hostid=0xffffff80c95ef200
06-24 13:34:32.525 0 0 W : [0 T1041 ..] [cmd_mgr_llind 329] cmd tkn[210] flags:0008 result: -4 cmd: 105-MM_SYNC_TRACE - reqcfm( 0-none)
06-24 13:34:32.526 0 0 W : [0 T1041 ..] [cmd_complete 65] cmd tkn[210] flags:0000 result: -4 cmd: 105-MM_SYNC_TRACE - reqcfm( 0-none)
06-24 13:34:32.926 0 0 W : [3 T1046 ..] [SP FRAME RX] DHCP[0 1], vif_idx:0
06-24 13:34:33.843 0 0 W : [3 T1046 ..] [SP FRAME RX] DHCP[0 1], vif_idx:0
06-24 13:34:35.815 0 0 W : [3 T1046 ..] [SP FRAME RX] DHCP[0 1], vif_idx:0
06-24 13:34:39.775 0 0 W : [3 T1046 ..] [SP FRAME RX] DHCP[0 1], vif_idx:0
06-24 13:34:47.866 0 0 W : [3 T1046 ..] [SP FRAME RX] DHCP[0 1], vif_idx:0
06-24 13:34:48.394 0 0 W : [2 T518 .s] [SP FRAME TX] arp req,vif_idx:0 sender:[1c:79:2d:20:62:cb 192.168.3.75]receiver:[00:00:00:00:00:00 192.168.3.3]
06-24 13:34:48.427 0 0 W : [0 T1046 ..] [SP FRAME RX] arp rsp,vif_idx:0 sender:[02:fe:15:17:79:f9 192.168.3.3]receiver:[1c:79:2d:20:62:cb 192.168.3.75]
06-24 13:34:48.428 0 0 W : [0 T1046 ..] [SP FRAME RX] arp req,vif_idx:0 sender:[02:fe:15:17:79:f9 192.168.3.3]receiver:[00:00:00:00:00:00 192.168.3.75]
06-24 13:34:48.430 0 0 W : [0 T1046 ..] [SP FRAME TX] arp rsp,vif_idx:0 sender:[1c:79:2d:20:62:cb 192.168.3.75]receiver:[02:fe:15:17:79:f9 192.168.3.3]
06-24 13:34:53.042 0 0 W : [2 T1046 ..] [SP FRAME RX] DHCP[0 1], vif_idx:0
06-24 13:34:54.117 0 0 W : [3 T1046 ..] [SP FRAME RX] DHCP[0 1], vif_idx:0
06-24 13:34:55.135 0 0 W : [3 T1046 ..] [SP FRAME RX] DHCP[0 1], vif_idx:0
06-24 13:34:57.200 0 0 W : [3 T1046 ..] [SP FRAME RX] DHCP[0 1], vif_idx:0
06-24 13:35:01.097 0 0 W : [3 T1046 ..] [SP FRAME RX] DHCP[0 1], vif_idx:0
06-24 13:35:01.706 0 0 W : [0 T0 .s] [SP FRAME TX] arp req,vif_idx:0 sender:[1c:79:2d:20:62:cb 192.168.3.75]receiver:[00:00:00:00:00:00 192.168.3.65]
06-24 13:35:01.720 0 0 W : [3 T1046 ..] [SP FRAME RX] arp rsp,vif_idx:0 sender:[b6:9c:70:ec:40:e7 192.168.3.65]receiver:[1c:79:2d:20:62:cb 192.168.3.75]
06-24 13:35:02.218 0 0 W : [1 T23751 .s] [SP FRAME TX] arp req,vif_idx:0 sender:[1c:79:2d:20:62:cb 192.168.3.75]receiver:[00:00:00:00:00:00 192.168.3.178]
06-24 13:35:02.227 0 0 W : [3 T1046 ..] [SP FRAME RX] arp req,vif_idx:0 sender:[42:b8:8f:60:49:b1 192.168.3.178]receiver:[00:00:00:00:00:00 192.168.3.75]
06-24 13:35:02.228 0 0 W : [3 T1046 ..] [SP FRAME TX] arp rsp,vif_idx:0 sender:[1c:79:2d:20:62:cb 192.168.3.75]receiver:[42:b8:8f:60:49:b1 192.168.3.178]
06-24 13:35:02.231 0 0 W : [3 T1046 ..] [SP FRAME RX] arp rsp,vif_idx:0 sender:[42:b8:8f:60:49:b1 192.168.3.178]receiver:[1c:79:2d:20:62:cb 192.168.3.75]
06-24 13:35:03.859 0 0 W : [1 T1046 ..] [SP FRAME RX] DHCP[0 1], vif_idx:0
06-24 13:35:09.069 0 0 W : [3 T1046 ..] [SP FRAME RX] DHCP[0 1], vif_idx:0
06-24 13:35:19.114 0 0 W : [1 T0 .s] [SP FRAME TX] arp req,vif_idx:0 sender:[1c:79:2d:20:62:cb 192.168.3.75]receiver:[00:00:00:00:00:00 192.168.3.1]
06-24 13:35:19.151 0 0 W : [3 T1046 ..] [SP FRAME RX] arp rsp,vif_idx:0 sender:[70:3a:a6:36:a8:d7 192.168.3.1]receiver:[1c:79:2d:20:62:cb 192.168.3.75]
06-24 13:35:22.202 0 0 W : [3 T1046 ..] [SP FRAME RX] arp req,vif_idx:0 sender:[20:57:9e:67:7f:db 192.168.3.98]receiver:[00:00:00:00:00:00 192.168.3.75]
06-24 13:35:22.204 0 0 W : [3 T1046 ..] [SP FRAME TX] arp rsp,vif_idx:0 sender:[1c:79:2d:20:62:cb 192.168.3.75]receiver:[20:57:9e:67:7f:db 192.168.3.98]
06-24 13:35:22.339 0 0 W : [3 T1046 ..] [SP FRAME RX] arp req,vif_idx:0 sender:[b6:9c:70:ec:40:e7 192.168.3.65]receiver:[00:00:00:00:00:00 192.168.3.75]
06-24 13:35:22.340 0 0 W : [3 T1046 ..] [SP FRAME TX] arp rsp,vif_idx:0 sender:[1c:79:2d:20:62:cb 192.168.3.75]receiver:[b6:9c:70:ec:40:e7 192.168.3.65]
06-24 13:35:22.350 0 0 W : [3 T1046 ..] [SP FRAME RX] arp req,vif_idx:0 sender:[68:39:43:80:0a:5c 192.168.3.209]receiver:[00:00:00:00:00:00 192.168.3.75]
06-24 13:35:22.351 0 0 W : [3 T1046 ..] [SP FRAME TX] arp rsp,vif_idx:0 sender:[1c:79:2d:20:62:cb 192.168.3.75]receiver:[68:39:43:80:0a:5c 192.168.3.209]
06-24 13:35:22.449 0 0 W : [3 T1046 ..] [SP FRAME RX] arp req,vif_idx:0 sender:[b6:86:f8:35:d4:28 192.168.3.36]receiver:[00:00:00:00:00:00 192.168.3.75]
06-24 13:35:22.450 0 0 W : [3 T1046 ..] [SP FRAME TX] arp rsp,vif_idx:0 sender:[1c:79:2d:20:62:cb 192.168.3.75]receiver:[b6:86:f8:35:d4:28 192.168.3.36]
06-24 13:35:22.472 0 0 W : [3 T1046 ..] [SP FRAME RX] arp req,vif_idx:0 sender:[28:7b:11:70:4f:a5 192.168.3.155]receiver:[00:00:00:00:00:00 192.168.3.75]
06-24 13:35:22.473 0 0 W : [3 T1046 ..] [SP FRAME TX] arp rsp,vif_idx:0 sender:[1c:79:2d:20:62:cb 192.168.3.75]receiver:[28:7b:11:70:4f:a5 192.168.3.155]
06-24 13:35:22.485 0 0 W : [3 T1046 ..] [SP FRAME RX] arp req,vif_idx:0 sender:[28:7b:11:70:51:1f 192.168.3.44]receiver:[00:00:00:00:00:00 192.168.3.75]
06-24 13:35:22.486 0 0 W : [3 T1046 ..] [SP FRAME TX] arp rsp,vif_idx:0 sender:[1c:79:2d:20:62:cb 192.168.3.75]receiver:[28:7b:11:70:51:1f 192.168.3.44]
06-24 13:35:22.487 0 0 W : [3 T1046 ..] [SP FRAME RX] arp req,vif_idx:0 sender:[d2:07:9a:6e:a7:36 192.168.3.27]receiver:[00:00:00:00:00:00 192.168.3.75]
06-24 13:35:22.489 0 0 W : [3 T1046 ..] [SP FRAME TX] arp rsp,vif_idx:0 sender:[1c:79:2d:20:62:cb 192.168.3.75]receiver:[d2:07:9a:6e:a7:36 192.168.3.27]
06-24 13:35:22.528 0 0 W : [3 T1046 ..] [SP FRAME RX] arp req,vif_idx:0 sender:[10:b2:32:39:59:ba 192.168.3.57]receiver:[00:00:00:00:00:00 192.168.3.75]
06-24 13:35:22.529 0 0 W : [3 T1046 ..] [SP FRAME TX] arp rsp,vif_idx:0 sender:[1c:79:2d:20:62:cb 192.168.3.75]receiver:[10:b2:32:39:59:ba 192.168.3.57]
06-24 13:35:22.538 0 0 W : [3 T1046 ..] [SP FRAME RX] arp req,vif_idx:0 sender:[9a:86:f7:27:5c:25 192.168.3.169]receiver:[00:00:00:00:00:00 192.168.3.75]
06-24 13:35:22.539 0 0 W : [3 T1046 ..] [SP FRAME TX] arp rsp,vif_idx:0 sender:[1c:79:2d:20:62:cb 192.168.3.75]receiver:[9a:86:f7:27:5c:25 192.168.3.169]
06-24 13:35:22.603 0 0 W : [3 T1046 ..] [SP FRAME RX] arp req,vif_idx:0 sender:[da:b8:33:f6:93:fe 192.168.3.89]receiver:[00:00:00:00:00:00 192.168.3.75]
06-24 13:35:22.604 0 0 W : [3 T1046 ..] [SP FRAME TX] arp rsp,vif_idx:0 sender:[1c:79:2d:20:62:cb 192.168.3.75]receiver:[da:b8:33:f6:93:fe 192.168.3.89]
06-24 13:35:22.651 0 0 W : [3 T1046 ..] [SP FRAME RX] arp req,vif_idx:0 sender:[0c:91:60:12:cd:8c 192.168.3.70]receiver:[00:00:00:00:00:00 192.168.3.75]
06-24 13:35:22.652 0 0 W : [3 T1046 ..] [SP FRAME TX] arp rsp,vif_idx:0 sender:[1c:79:2d:20:62:cb 192.168.3.75]receiver:[0c:91:60:12:cd:8c 192.168.3.70]
06-24 13:35:22.706 0 0 W : [3 T1046 ..] [SP FRAME RX] arp req,vif_idx:0 sender:[28:7b:11:70:4f:bd 192.168.3.156]receiver:[00:00:00:00:00:00 192.168.3.75]
06-24 13:35:22.707 0 0 W : [3 T1046 ..] [SP FRAME TX] arp rsp,vif_idx:0 sender:[1c:79:2d:20:62:cb 192.168.3.75]receiver:[28:7b:11:70:4f:bd 192.168.3.156]
06-24 13:35:22.712 0 0 W : [3 T1046 ..] [SP FRAME RX] arp req,vif_idx:0 sender:[56:86:a9:ec:10:a8 192.168.3.19]receiver:[00:00:00:00:00:00 192.168.3.75]
06-24 13:35:22.713 0 0 W : [3 T1046 ..] [SP FRAME TX] arp rsp,vif_idx:0 sender:[1c:79:2d:20:62:cb 192.168.3.75]receiver:[56:86:a9:ec:10:a8 192.168.3.19]
06-24 13:35:22.943 0 0 W : [3 T1046 ..] [SP FRAME RX] arp req,vif_idx:0 sender:[16:8e:6e:17:dc:41 192.168.3.176]receiver:[00:00:00:00:00:00 192.168.3.75]
06-24 13:35:22.944 0 0 W : [3 T1046 ..] [SP FRAME TX] arp rsp,vif_idx:0 sender:[1c:79:2d:20:62:cb 192.168.3.75]receiver:[16:8e:6e:17:dc:41 192.168.3.176]
06-24 13:35:23.088 0 0 W : [0 T1046 ..] [SP FRAME RX] arp req,vif_idx:0 sender:[0c:91:60:12:cd:fc 192.168.3.171]receiver:[00:00:00:00:00:00 192.168.3.75]
06-24 13:35:23.089 0 0 W : [0 T1046 ..] [SP FRAME TX] arp rsp,vif_idx:0 sender:[1c:79:2d:20:62:cb 192.168.3.75]receiver:[0c:91:60:12:cd:fc 192.168.3.171]
06-24 13:35:23.156 0 0 W : [0 T1046 ..] [SP FRAME RX] arp req,vif_idx:0 sender:[e2:04:f6:d8:62:00 192.168.3.194]receiver:[00:00:00:00:00:00 192.168.3.75]
06-24 13:35:23.157 0 0 W : [0 T1046 ..] [SP FRAME TX] arp rsp,vif_idx:0 sender:[1c:79:2d:20:62:cb 192.168.3.75]receiver:[e2:04:f6:d8:62:00 192.168.3.194]
06-24 13:35:23.215 0 0 W : [0 T1046 ..] [SP FRAME RX] DHCP[0 1], vif_idx:0
06-24 13:35:23.261 0 0 W : [0 T1046 ..] [SP FRAME RX] arp req,vif_idx:0 sender:[0c:91:60:12:cd:6e 192.168.3.81]receiver:[00:00:00:00:00:00 192.168.3.75]
06-24 13:35:23.262 0 0 W : [0 T1046 ..] [SP FRAME TX] arp rsp,vif_idx:0 sender:[1c:79:2d:20:62:cb 192.168.3.75]receiver:[0c:91:60:12:cd:6e 192.168.3.81]
06-24 13:35:23.362 0 0 W : [0 T1046 ..] [SP FRAME RX] arp req,vif_idx:0 sender:[50:ba:02:e7:1e:de 192.168.3.157]receiver:[00:00:00:00:00:00 192.168.3.75]
06-24 13:35:23.363 0 0 W : [0 T1046 ..] [SP FRAME TX] arp rsp,vif_idx:0 sender:[1c:79:2d:20:62:cb 192.168.3.75]receiver:[50:ba:02:e7:1e:de 192.168.3.157]
06-24 13:35:24.220 0 0 W : [3 T1046 ..] [SP FRAME RX] DHCP[0 1], vif_idx:0
06-24 13:35:25.139 0 0 W : [3 T1046 ..] [SP FRAME RX] DHCP[0 1], vif_idx:0
06-24 13:35:26.175 0 0 W : [3 T1046 ..] [SP FRAME RX] DHCP[0 1], vif_idx:0
06-24 13:35:31.658 0 0 W : [3 T0 .s] [SP FRAME TX] arp req,vif_idx:0 sender:[1c:79:2d:20:62:cb 192.168.3.75]receiver:[00:00:00:00:00:00 192.168.3.65]
06-24 13:35:31.675 0 0 W : [0 T1046 ..] [SP FRAME RX] arp rsp,vif_idx:0 sender:[b6:9c:70:ec:40:e7 192.168.3.65]receiver:[1c:79:2d:20:62:cb 192.168.3.75]
06-24 13:35:33.962 0 0 W : [0 T1716 ..] [aml_send_sync_trace 4388] sync token[63871]
06-24 13:35:33.962 0 0 W : [0 T1716 ..] >>> aml_send_msg()
06-24 13:35:33.963 0 0 W : [2 T1041 ..] ipc_sdio_host_msgack_handler 00000000486745fa
06-24 13:35:33.964 0 0 W : [2 T1041 ..] [aml_msgackind 2039] msg ack hostid=0xffffff8058da8600
06-24 13:35:33.965 0 0 W : [2 T1041 ..] [cmd_mgr_llind 329] cmd tkn[211] flags:0008 result: -4 cmd: 105-MM_SYNC_TRACE - reqcfm( 0-none)
06-24 13:35:33.966 0 0 W : [2 T1041 ..] [cmd_complete 65] cmd tkn[211] flags:0000 result: -4 cmd: 105-MM_SYNC_TRACE - reqcfm( 0-none)
06-24 13:35:35.802 0 0 W : [3 T1046 ..] [SP FRAME RX] DHCP[0 1], vif_idx:0
06-24 13:35:38.354 0 0 W : [3 T1046 ..] [SP FRAME RX] DHCP[0 1], vif_idx:0
06-24 13:35:38.588 901 979 V WindowManagerShell: Transition requested: android.os.BinderProxy@5152ec5 TransitionRequestInfo { type = 3, triggerTask = null, remoteTransition = null, displayChange = null, flags = 0 }
06-24 13:35:38.594 685 19107 I DreamManagerService: Gently waking up from dream.
06-24 13:35:38.604 685 1135 V WindowManager: app ------------- force_land :0
06-24 13:35:38.614 685 19107 V WindowManager: app ------------- force_land :0
06-24 13:35:38.627 685 711 I ActivityManager: Killing 1940:com.android.localtransport/1000 (adj 995): empty #17
06-24 13:35:38.635 1539 1539 W Looper : Drained
06-24 13:35:38.638 22882 22882 W VRI[DreamActivity]: Cancelling event (no window focus):KeyEvent { action=ACTION_UP, keyCode=KEYCODE_BACK, scanCode=1, metaState=0, flags=0x28, repeatCount=0, eventTime=8746510909170, downTime=8746478601000, deviceId=10, source=0x301, displayId=-1 }
06-24 13:35:38.639 22882 22882 W VRI[DreamActivity]: Cancelling event (no window focus):KeyEvent { action=ACTION_UP, keyCode=KEYCODE_BACK, scanCode=1, metaState=0, flags=0x28, repeatCount=0, eventTime=8746510909170, downTime=8746478601000, deviceId=10, source=0x301, displayId=-1 }
06-24 13:35:38.639 22882 22882 W VRI[DreamActivity]: Cancelling event (no window focus):KeyEvent { action=ACTION_UP, keyCode=KEYCODE_BACK, scanCode=1, metaState=0, flags=0x28, repeatCount=0, eventTime=8746510909170, downTime=8746478601000, deviceId=10, source=0x301, displayId=-1 }
06-24 13:35:38.656 685 735 I PowerGroup: Waking up power group from Dreaming (groupId=0, uid=1000, reason=WAKE_REASON_DREAM_FINISHED, details=android.server.power:DREAM_FINISHED)...
06-24 13:35:38.658 685 735 I PowerManagerService: Waking up from Dreaming (uid=1000, reason=WAKE_REASON_DREAM_FINISHED, details=android.server.power:DREAM_FINISHED)...
06-24 13:35:38.660 685 685 E ActivityManager: Cancel pending or running compactions as system is awake
06-24 13:35:38.695 685 709 D AutofillManagerService: onBackKeyPressed()
06-24 13:35:38.712 685 709 W ContextImpl: Calling a method in the system process without a qualified user: android.app.ContextImpl.startService:1899 com.android.server.wm.DisplayPolicy.lambda$focusChangedLw$5:2126 com.android.server.wm.DisplayPolicy.$r8$lambda$Znxk63oh-WzVnzo_WQefN7uxV48:0 com.android.server.wm.DisplayPolicy$$ExternalSyntheticLambda13.run:0 android.os.Handler.handleCallback:958
06-24 13:35:38.719 901 979 D WindowManagerShell: TvPipController: onTaskStackChanged()
06-24 13:35:38.722 685 708 V WindowManager: Sent Transition #93 createdAt=06-24 13:35:38.582 via request=TransitionRequestInfo { type = 3, triggerTask = null, remoteTransition = null, displayChange = null, flags = 0 }
06-24 13:35:38.722 685 708 V WindowManager: startWCT=WindowContainerTransaction { changes = {} hops = [] errorCallbackToken=null taskFragmentOrganizer=null }
06-24 13:35:38.724 685 708 V WindowManager: info={id=93 t=TO_FRONT f=0x0 trk=0 r=[0@Point(0, 0)] c=[{WCT{RemoteToken{1fd6066 Task{78573f4 #52 type=dream}}} m=TO_BACK f=TRANSLUCENT leash=Surface(name=Task=52)/@0x127a545 sb=Rect(0, 0 - 1920, 1080) eb=Rect(0, 0 - 1920, 1080) d=0},{WCT{RemoteToken{30b1e82 Task{4d21fd0 #1 type=home}}} m=TO_FRONT f=NONE leash=Surface(name=Task=1)/@0x54f0375 sb=Rect(0, 0 - 1920, 1080) eb=Rect(0, 0 - 1920, 1080) d=0}]}
06-24 13:35:38.727 901 979 V WindowManagerShell: onTransitionReady android.os.BinderProxy@5152ec5: {id=93 t=TO_FRONT f=0x0 trk=0 r=[0@Point(0, 0)] c=[{WCT{android.window.IWindowContainerToken$Stub$Proxy@d9ef241} m=TO_BACK f=TRANSLUCENT leash=Surface(name=Task=52)/@0xfa3201a sb=Rect(0, 0 - 1920, 1080) eb=Rect(0, 0 - 1920, 1080) d=0},{WCT{android.window.IWindowContainerToken$Stub$Proxy@9c323e6} m=TO_FRONT f=NONE leash=Surface(name=Task=1)/@0xa58c74b sb=Rect(0, 0 - 1920, 1080) eb=Rect(0, 0 - 1920, 1080) d=0}]}
06-24 13:35:38.727 901 979 V WindowManagerShell: Playing animation for (#93)android.os.BinderProxy@5152ec5@0
06-24 13:35:38.727 901 979 V WindowManagerShell: try handler com.android.wm.shell.keyguard.KeyguardTransitionHandler@24e2028
06-24 13:35:38.727 901 979 V WindowManagerShell: try handler com.android.wm.shell.pip.tv.TvPipTransition@1141
06-24 13:35:38.728 901 979 V WindowManagerShell: try handler com.android.wm.shell.activityembedding.ActivityEmbeddingController@e8f56e6
06-24 13:35:38.728 901 979 V WindowManagerShell: try handler com.android.wm.shell.transition.RemoteTransitionHandler@b664427
06-24 13:35:38.728 901 979 V WindowManagerShell: Transition doesn't have explicit remote, search filters for match for {id=93 t=TO_FRONT f=0x0 trk=0 r=[0@Point(0, 0)] c=[{WCT{android.window.IWindowContainerToken$Stub$Proxy@d9ef241} m=TO_BACK f=TRANSLUCENT leash=Surface(name=Task=52)/@0xfa3201a sb=Rect(0, 0 - 1920, 1080) eb=Rect(0, 0 - 1920, 1080) d=0},{WCT{android.window.IWindowContainerToken$Stub$Proxy@9c323e6} m=TO_FRONT f=NONE leash=Surface(name=Task=1)/@0xa58c74b sb=Rect(0, 0 - 1920, 1080) eb=Rect(0, 0 - 1920, 1080) d=0}]}
06-24 13:35:38.728 901 979 V WindowManagerShell: Delegate animation for #93 to null
06-24 13:35:38.728 901 979 V WindowManagerShell: try handler com.android.wm.shell.transition.DefaultTransitionHandler@7916d4
06-24 13:35:38.728 901 979 V WindowManagerShell: start default transition animation, info = {id=93 t=TO_FRONT f=0x0 trk=0 r=[0@Point(0, 0)] c=[{WCT{android.window.IWindowContainerToken$Stub$Proxy@d9ef241} m=TO_BACK f=TRANSLUCENT leash=Surface(name=Task=52)/@0xfa3201a sb=Rect(0, 0 - 1920, 1080) eb=Rect(0, 0 - 1920, 1080) d=0},{WCT{android.window.IWindowContainerToken$Stub$Proxy@9c323e6} m=TO_FRONT f=NONE leash=Surface(name=Task=1)/@0xa58c74b sb=Rect(0, 0 - 1920, 1080) eb=Rect(0, 0 - 1920, 1080) d=0}]}
06-24 13:35:38.728 901 979 V WindowManagerShell: loadAnimation: anim=null animAttr=0x0 type=TO_FRONT isEntrance=true
06-24 13:35:38.728 901 979 V WindowManagerShell: loadAnimation: anim=null animAttr=0x0 type=TO_FRONT isEntrance=false
06-24 13:35:38.729 901 979 V WindowManagerShell: Transition animation finished (aborted=false), notifying core (#93)android.os.BinderProxy@5152ec5@0
06-24 13:35:38.739 685 708 V WindowManager: Finish Transition #93: created at
06-24 13:35:38.582 collect-started=0.119ms request-sent=4.053ms started=12.228ms ready=32.835ms sent=138.375ms finished=153.781ms
06-24 13:35:38.741 901 979 V WindowManagerShell: Track 0 became idle
06-24 13:35:38.741 901 979 V WindowManagerShell: All active transition animations finished
06-24 13:35:38.741 901 979 V WindowManagerShell: animated by com.android.wm.shell.transition.DefaultTransitionHandler@7916d4
06-24 13:35:38.742 901 979 V WindowManagerShell: Track 0 became idle
06-24 13:35:38.742 901 979 V WindowManagerShell: All active transition animations finished
06-24 13:35:38.799 685 2059 I DreamManagerService: Leaving dreamland.
06-24 13:35:38.804 685 708 I DreamController: Stopping dream: name=ComponentInfo{com.dangbei.lerad.screensaver/com.dangbei.lerad.screensaver.service.ScreenSaverService}, isPreviewMode=false, canDoze=false, userId=0, reason='finished self'(from 'finished self')
06-24 13:35:38.820 685 701 D CoreBackPreview: Window{df52d8e u0 com.dangbei.lerad.screensaver/android.service.dreams.DreamActivity}: Setting back callback null
06-24 13:35:38.905 0 0 W [3 T1762 ..] audit: audit_lost=2778 audit_rate_limit=5 audit_backlog_limit=64
06-24 13:35:38.906 0 0 E [3 T1762 ..] audit: rate limit exceeded
06-24 13:35:38.965 0 0 I [2 T23778 ..] [amlv4l]: [97]: reset mode: 1, es frames buffering: 2
06-24 13:35:38.966 0 0 D [2 T23778 ..] [h265]: [0]h265:pts_unstable=0
06-24 13:35:38.966 0 0 D [2 T23778 ..] [h265]: [0]h265: ver (201602101,0) decinfo: 0x0 rate=3600
06-24 13:35:38.971 0 0 I [3 T23778 ..] [amlv4l]: [97]: reset mode: 1, es frames buffering: 0
06-24 13:35:38.971 0 0 D [3 T23778 ..] [h265]: [0]h265:pts_unstable=0
06-24 13:35:38.972 0 0 D [3 T23778 ..] [h265]: [0]h265: ver (201602101,0) decinfo: 0x0 rate=3600
06-24 13:35:39.033 0 0 I [1 T2424 ..] binder: release 22882:3814 transaction 4303836 out, still active
06-24 13:35:39.034 0 0 I [1 T2424 ..] binder: undelivered transaction 4303938, process died.
06-24 13:35:39.035 0 0 I [1 T2424 ..] binder: send failed reply for transaction 4303940 to 461:23753
06-24 13:35:39.041 0 0 I [2 T23773 ..] [amlv4l]: [97]: reset mode: 1, es frames buffering: 0
06-24 13:35:39.041 0 0 D [2 T23773 ..] [h265]: [0]h265:pts_unstable=0
06-24 13:35:39.041 0 0 D [2 T23773 ..] [h265]: [0]h265: ver (201602101,0) decinfo: 0x0 rate=3600
06-24 13:35:39.044 0 0 D [3 T23773 ..] [amlcom]: vdec_release instance 000000001f7cdad2, total 1
06-24 13:35:39.045 0 0 I [3 T23773 ..] [amlcom]: dos_local_config end, id 3, is_on 0
06-24 13:35:39.045 0 0 D [3 T23773 ..] [media_clock]: the clk_hevcf_mux clock off, ref cnt: 0
06-24 13:35:39.045 0 0 I : [3 T23773 ..] deinit session
06-24 13:35:39.045 0 0 I : [3 T23773 ..] deinit session producer-2
06-24 13:35:39.046 0 0 I : [3 T23773 ..] deinit has_unusing_fifo [1]
06-24 13:35:39.047 0 0 I : [3 T98 ..] p_fifo[2] name[aml-vcodec-dec] state[0] to MP_FIFO_UNUSED
06-24 13:35:39.059 0 0 I [3 T31848 ..] binder: undelivered transaction 4303960, process died.
06-24 13:35:39.061 0 0 I [2 T1087 ..] dp_buf: [0:97]di buf_mgr free
06-24 13:35:39.062 0 0 I [0 T1077 ..] binder: 461:1077 transaction failed 29189/0, size 8-0 line 3204
06-24 13:35:39.063 0 0 I [0 T1077 ..] binder: send failed reply for transaction 4303836, target dead
06-24 13:35:39.047 685 19107 I ActivityManager: Process com.dangbei.lerad.screensaver (pid 22882) has died: fg SVC
06-24 13:35:39.051 685 709 D DisplayManagerService: Drop pending events for gone uid 10043
06-24 13:35:39.052 685 711 W ActivityManager: setHasOverlayUi called on unknown pid: 22882
06-24 13:35:39.991 0 0 W [2 T20512 ..] audit: audit_lost=2790 audit_rate_limit=5 audit_backlog_limit=64
06-24 13:35:39.991 0 0 E [2 T20512 ..] audit: rate limit exceeded
06-24 13:35:48.674 685 780 D ActivityManager: freezing 1539 android.process.acore
06-24 13:35:54.221 0 0 W : [2 T1046 ..] [SP FRAME RX] DHCP[0 1], vif_idx:0
06-24 13:35:57.088 0 0 W : [2 T1046 ..] [SP FRAME RX] DHCP[0 1], vif_idx:0
06-24 13:36:30.921 0 0 W : [3 T1046 ..] [SP FRAME RX] arp req,vif_idx:0 sender:[a2:e3:8f:e4:ff:46 192.168.3.250]receiver:[00:00:00:00:00:00 192.168.3.75]
06-24 13:36:30.922 0 0 W : [3 T1046 ..] [SP FRAME TX] arp rsp,vif_idx:0 sender:[1c:79:2d:20:62:cb 192.168.3.75]receiver:[a2:e3:8f:e4:ff:46 192.168.3.250]
06-24 13:36:31.054 0 0 W : [1 T0 .s] [SP FRAME TX] arp req,vif_idx:0 sender:[1c:79:2d:20:62:cb 192.168.3.75]receiver:[00:00:00:00:00:00 192.168.3.250]
06-24 13:36:31.061 0 0 W : [3 T1046 ..] [SP FRAME RX] arp rsp,vif_idx:0 sender:[a2:e3:8f:e4:ff:46 192.168.3.250]receiver:[1c:79:2d:20:62:cb 192.168.3.75]
06-24 13:36:31.818 0 0 W : [0 T0 .s] [SP FRAME TX] arp req,vif_idx:0 sender:[1c:79:2d:20:62:cb 192.168.3.75]receiver:[00:00:00:00:00:00 192.168.3.65]
06-24 13:36:31.854 0 0 W : [3 T1046 ..] [SP FRAME RX] arp rsp,vif_idx:0 sender:[b6:9c:70:ec:40:e7 192.168.3.65]receiver:[1c:79:2d:20:62:cb 192.168.3.75]
06-24 13:36:32.330 0 0 W : [2 T0 .s] [SP FRAME TX] arp req,vif_idx:0 sender:[1c:79:2d:20:62:cb 192.168.3.75]receiver:[00:00:00:00:00:00 192.168.3.178]
06-24 13:36:32.506 0 0 W : [3 T1046 ..] [SP FRAME RX] arp rsp,vif_idx:0 sender:[42:b8:8f:60:49:b1 192.168.3.178]receiver:[1c:79:2d:20:62:cb 192.168.3.75]
06-24 13:36:34.121 0 0 W : [3 T1046 ..] [SP FRAME RX] arp req,vif_idx:0 sender:[42:b8:8f:60:49:b1 192.168.3.178]receiver:[00:00:00:00:00:00 192.168.3.75]
06-24 13:36:34.123 0 0 W : [3 T1046 ..] [SP FRAME TX] arp rsp,vif_idx:0 sender:[1c:79:2d:20:62:cb 192.168.3.75]receiver:[42:b8:8f:60:49:b1 192.168.3.178]
06-24 13:36:35.402 0 0 W : [0 T10746 ..] [aml_send_sync_trace 4388] sync token[63872]
06-24 13:36:35.402 0 0 W : [0 T10746 ..] >>> aml_send_msg()
06-24 13:36:35.403 0 0 W : [2 T1041 ..] ipc_sdio_host_msgack_handler 00000000fc7941f2
06-24 13:36:35.404 0 0 W : [2 T1041 ..] [aml_msgackind 2039] msg ack hostid=0xffffff807b316300
06-24 13:36:35.405 0 0 W : [2 T1041 ..] [cmd_mgr_llind 329] cmd tkn[212] flags:0008 result: -4 cmd: 105-MM_SYNC_TRACE - reqcfm( 0-none)
06-24 13:36:35.406 0 0 W : [2 T1041 ..] [cmd_complete 65] cmd tkn[212] flags:0000 result: -4 cmd: 105-MM_SYNC_TRACE - reqcfm( 0-none)
06-24 13:36:38.632 685 952 W BatteryExternalStatsWorker: error reading Bluetooth stats: 11
06-24 13:36:52.324 0 0 W : [2 T1046 ..] [SP FRAME RX] arp req,vif_idx:0 sender:[20:57:9e:67:7f:db 192.168.3.98]receiver:[00:00:00:00:00:00 192.168.3.75]
06-24 13:36:52.325 0 0 W : [2 T1046 ..] [SP FRAME TX] arp rsp,vif_idx:0 sender:[1c:79:2d:20:62:cb 192.168.3.75]receiver:[20:57:9e:67:7f:db 192.168.3.98]
06-24 13:36:52.351 0 0 W : [2 T1046 ..] [SP FRAME RX] arp req,vif_idx:0 sender:[0c:91:60:12:cd:6e 192.168.3.81]receiver:[00:00:00:00:00:00 192.168.3.75]
06-24 13:36:52.352 0 0 W : [2 T1046 ..] [SP FRAME TX] arp rsp,vif_idx:0 sender:[1c:79:2d:20:62:cb 192.168.3.75]receiver:[0c:91:60:12:cd:6e 192.168.3.81]
06-24 13:36:52.433 0 0 W : [2 T1046 ..] [SP FRAME RX] arp req,vif_idx:0 sender:[b6:9c:70:ec:40:e7 192.168.3.65]receiver:[00:00:00:00:00:00 192.168.3.75]
06-24 13:36:52.434 0 0 W : [2 T1046 ..] [SP FRAME TX] arp rsp,vif_idx:0 sender:[1c:79:2d:20:62:cb 192.168.3.75]receiver:[b6:9c:70:ec:40:e7 192.168.3.65]
06-24 13:36:52.436 0 0 W : [2 T1046 ..] [SP FRAME RX] arp req,vif_idx:0 sender:[0c:91:60:12:cd:fc 192.168.3.171]receiver:[00:00:00:00:00:00 192.168.3.75]
06-24 13:36:52.437 0 0 W : [2 T1046 ..] [SP FRAME TX] arp rsp,vif_idx:0 sender:[1c:79:2d:20:62:cb 192.168.3.75]receiver:[0c:91:60:12:cd:fc 192.168.3.171]
06-24 13:36:52.455 0 0 W : [2 T1046 ..] [SP FRAME RX] arp req,vif_idx:0 sender:[0c:91:60:12:cd:8c 192.168.3.70]receiver:[00:00:00:00:00:00 192.168.3.75]
06-24 13:36:52.456 0 0 W : [2 T1046 ..] [SP FRAME TX] arp rsp,vif_idx:0 sender:[1c:79:2d:20:62:cb 192.168.3.75]receiver:[0c:91:60:12:cd:8c 192.168.3.70]
06-24 13:36:52.464 0 0 W : [2 T1046 ..] [SP FRAME RX] arp req,vif_idx:0 sender:[68:39:43:80:0a:5c 192.168.3.209]receiver:[00:00:00:00:00:00 192.168.3.75]
06-24 13:36:52.465 0 0 W : [2 T1046 ..] [SP FRAME TX] arp rsp,vif_idx:0 sender:[1c:79:2d:20:62:cb 192.168.3.75]receiver:[68:39:43:80:0a:5c 192.168.3.209]
06-24 13:36:52.497 0 0 W : [2 T1046 ..] [SP FRAME RX] arp req,vif_idx:0 sender:[e2:04:f6:d8:62:00 192.168.3.194]receiver:[00:00:00:00:00:00 192.168.3.75]
06-24 13:36:52.498 0 0 W : [2 T1046 ..] [SP FRAME TX] arp rsp,vif_idx:0 sender:[1c:79:2d:20:62:cb 192.168.3.75]receiver:[e2:04:f6:d8:62:00 192.168.3.194]
06-24 13:36:52.824 0 0 W : [2 T1046 ..] [SP FRAME RX] arp req,vif_idx:0 sender:[b6:86:f8:35:d4:28 192.168.3.36]receiver:[00:00:00:00:00:00 192.168.3.75]
06-24 13:36:52.825 0 0 W : [2 T1046 ..] [SP FRAME TX] arp rsp,vif_idx:0 sender:[1c:79:2d:20:62:cb 192.168.3.75]receiver:[b6:86:f8:35:d4:28 192.168.3.36]
06-24 13:36:52.858 0 0 W : [2 T1046 ..] [SP FRAME RX] arp req,vif_idx:0 sender:[d2:07:9a:6e:a7:36 192.168.3.27]receiver:[00:00:00:00:00:00 192.168.3.75]
06-24 13:36:52.859 0 0 W : [2 T1046 ..] [SP FRAME TX] arp rsp,vif_idx:0 sender:[1c:79:2d:20:62:cb 192.168.3.75]receiver:[d2:07:9a:6e:a7:36 192.168.3.27]
06-24 13:36:52.922 0 0 W : [2 T1046 ..] [SP FRAME RX] arp req,vif_idx:0 sender:[9a:86:f7:27:5c:25 192.168.3.169]receiver:[00:00:00:00:00:00 192.168.3.75]
06-24 13:36:52.923 0 0 W : [2 T1046 ..] [SP FRAME TX] arp rsp,vif_idx:0 sender:[1c:79:2d:20:62:cb 192.168.3.75]receiver:[9a:86:f7:27:5c:25 192.168.3.169]
06-24 13:36:53.018 0 0 W : [2 T1046 ..] [SP FRAME RX] arp req,vif_idx:0 sender:[10:b2:32:39:59:ba 192.168.3.57]receiver:[00:00:00:00:00:00 192.168.3.75]
06-24 13:36:53.019 0 0 W : [2 T1046 ..] [SP FRAME TX] arp rsp,vif_idx:0 sender:[1c:79:2d:20:62:cb 192.168.3.75]receiver:[10:b2:32:39:59:ba 192.168.3.57]
06-24 13:36:53.057 0 0 W : [2 T1046 ..] [SP FRAME RX] arp req,vif_idx:0 sender:[16:8e:6e:17:dc:41 192.168.3.176]receiver:[00:00:00:00:00:00 192.168.3.75]
06-24 13:36:53.058 0 0 W : [2 T1046 ..] [SP FRAME TX] arp rsp,vif_idx:0 sender:[1c:79:2d:20:62:cb 192.168.3.75]receiver:[16:8e:6e:17:dc:41 192.168.3.176]
06-24 13:36:53.073 0 0 W : [2 T1046 ..] [SP FRAME RX] arp req,vif_idx:0 sender:[56:86:a9:ec:10:a8 192.168.3.19]receiver:[00:00:00:00:00:00 192.168.3.75]
06-24 13:36:53.074 0 0 W : [2 T1046 ..] [SP FRAME TX] arp rsp,vif_idx:0 sender:[1c:79:2d:20:62:cb 192.168.3.75]receiver:[56:86:a9:ec:10:a8 192.168.3.19]
06-24 13:36:53.075 0 0 W : [2 T1046 ..] [SP FRAME RX] arp req,vif_idx:0 sender:[28:7b:11:70:4f:bd 192.168.3.156]receiver:[00:00:00:00:00:00 192.168.3.75]
06-24 13:36:53.077 0 0 W : [2 T1046 ..] [SP FRAME TX] arp rsp,vif_idx:0 sender:[1c:79:2d:20:62:cb 192.168.3.75]receiver:[28:7b:11:70:4f:bd 192.168.3.156]
06-24 13:36:53.249 0 0 W : [2 T1046 ..] [SP FRAME RX] arp req,vif_idx:0 sender:[da:b8:33:f6:93:fe 192.168.3.89]receiver:[00:00:00:00:00:00 192.168.3.75]
06-24 13:36:53.250 0 0 W : [2 T1046 ..] [SP FRAME TX] arp rsp,vif_idx:0 sender:[1c:79:2d:20:62:cb 192.168.3.75]receiver:[da:b8:33:f6:93:fe 192.168.3.89]
06-24 13:36:53.360 0 0 W : [2 T1046 ..] [SP FRAME RX] arp req,vif_idx:0 sender:[02:d1:be:fb:0a:d7 192.168.3.130]receiver:[00:00:00:00:00:00 192.168.3.75]
06-24 13:36:53.361 0 0 W : [2 T1046 ..] [SP FRAME TX] arp rsp,vif_idx:0 sender:[1c:79:2d:20:62:cb 192.168.3.75]receiver:[02:d1:be:fb:0a:d7 192.168.3.130]
06-24 13:36:53.379 0 0 W : [2 T1046 ..] [SP FRAME RX] arp req,vif_idx:0 sender:[28:7b:11:70:51:1f 192.168.3.44]receiver:[00:00:00:00:00:00 192.168.3.75]
06-24 13:36:53.380 0 0 W : [2 T1046 ..] [SP FRAME TX] arp rsp,vif_idx:0 sender:[1c:79:2d:20:62:cb 192.168.3.75]receiver:[28:7b:11:70:51:1f 192.168.3.44]
06-24 13:36:53.381 0 0 W : [2 T1046 ..] [SP FRAME RX] arp req,vif_idx:0 sender:[28:7b:11:70:4f:a5 192.168.3.155]receiver:[00:00:00:00:00:00 192.168.3.75]
06-24 13:36:53.383 0 0 W : [2 T1046 ..] [SP FRAME TX] arp rsp,vif_idx:0 sender:[1c:79:2d:20:62:cb 192.168.3.75]receiver:[28:7b:11:70:4f:a5 192.168.3.155]
06-24 13:36:53.478 0 0 W : [2 T1046 ..] [SP FRAME RX] arp req,vif_idx:0 sender:[50:ba:02:e7:1e:de 192.168.3.157]receiver:[00:00:00:00:00:00 192.168.3.75]
06-24 13:36:53.479 0 0 W : [2 T1046 ..] [SP FRAME TX] arp rsp,vif_idx:0 sender:[1c:79:2d:20:62:cb 192.168.3.75]receiver:[50:ba:02:e7:1e:de 192.168.3.157]
06-24 13:36:54.346 0 0 W : [0 T0 .s] [SP FRAME TX] arp req,vif_idx:0 sender:[1c:79:2d:20:62:cb 192.168.3.75]receiver:[00:00:00:00:00:00 192.168.3.58]
06-24 13:36:54.378 0 0 W : [2 T1046 ..] [SP FRAME RX] arp rsp,vif_idx:0 sender:[ee:78:83:8f:63:7e 192.168.3.58]receiver:[1c:79:2d:20:62:cb 192.168.3.75]
06-24 13:36:57.591 0 0 W : [2 T1046 ..] [SP FRAME RX] arp req,vif_idx:0 sender:[28:48:e7:f0:76:bd 192.168.3.210]receiver:[00:00:00:00:00:00 192.168.3.75]
06-24 13:36:57.592 0 0 W : [2 T1046 ..] [SP FRAME TX] arp rsp,vif_idx:0 sender:[1c:79:2d:20:62:cb 192.168.3.75]receiver:[28:48:e7:f0:76:bd 192.168.3.210]
06-24 13:36:58.720 0 0 W : [2 T1046 ..] [SP FRAME RX] arp req,vif_idx:0 sender:[28:48:e7:f0:76:bd 192.168.3.210]receiver:[00:00:00:00:00:00 192.168.3.75]
06-24 13:36:58.721 0 0 W : [2 T1046 ..] [SP FRAME TX] arp rsp,vif_idx:0 sender:[1c:79:2d:20:62:cb 192.168.3.75]receiver:[28:48:e7:f0:76:bd 192.168.3.210]
06-24 13:36:59.532 0 0 W : [2 T1046 ..] [SP FRAME RX] arp req,vif_idx:0 sender:[28:48:e7:f0:76:bd 192.168.3.210]receiver:[00:00:00:00:00:00 192.168.3.75]
06-24 13:36:59.533 0 0 W : [2 T1046 ..] [SP FRAME TX] arp rsp,vif_idx:0 sender:[1c:79:2d:20:62:cb 192.168.3.75]receiver:[28:48:e7:f0:76:bd 192.168.3.210]
06-24 13:37:22.314 1407 1731 W ContextImpl: Calling a method in the system process without a qualified user: android.app.ContextImpl.sendBroadcast:1220 android.content.ContextWrapper.sendBroadcast:504 com.dangbei.etna.setting.core.SettingHelper.sendCycleToProjector:257 com.dangbei.etna.setting.core.SettingHelper.sendCycleCheckBroadcast:226 com.dangbei.etna.setting.core.SettingHelper.startLoop$lambda-0:185
06-24 13:37:22.316 1407 1731 W ContextImpl: Calling a method in the system process without a qualified user: android.app.ContextImpl.sendBroadcast:1220 android.content.ContextWrapper.sendBroadcast:504 com.dangbei.etna.setting.core.SettingHelper.sendCycleToVoice:242 com.dangbei.etna.setting.core.SettingHelper.sendCycleCheckBroadcast:227 com.dangbei.etna.setting.core.SettingHelper.startLoop$lambda-0:185
06-24 13:37:23.530 0 0 W : [2 T0 .s] [SP FRAME TX] arp req,vif_idx:0 sender:[1c:79:2d:20:62:cb 192.168.3.75]receiver:[00:00:00:00:00:00 192.168.3.1]
06-24 13:37:23.537 0 0 W : [3 T1046 ..] [SP FRAME RX] arp rsp,vif_idx:0 sender:[70:3a:a6:36:a8:d7 192.168.3.1]receiver:[1c:79:2d:20:62:cb 192.168.3.75]
06-24 13:37:27.370 0 0 W : [3 T0 .s] [SP FRAME TX] arp req,vif_idx:0 sender:[1c:79:2d:20:62:cb 192.168.3.75]receiver:[00:00:00:00:00:00 192.168.3.154]
06-24 13:37:27.500 0 0 W : [3 T1046 ..] [SP FRAME RX] arp rsp,vif_idx:0 sender:[f2:5c:30:fe:9f:9c 192.168.3.154]receiver:[1c:79:2d:20:62:cb 192.168.3.75]
06-24 13:37:36.842 0 0 W : [0 T10746 ..] [aml_send_sync_trace 4388] sync token[63873]
06-24 13:37:36.842 0 0 W : [0 T10746 ..] >>> aml_send_msg()
06-24 13:37:36.843 0 0 W : [2 T1041 ..] ipc_sdio_host_msgack_handler 000000004ea7bdbe
06-24 13:37:36.844 0 0 W : [2 T1041 ..] [aml_msgackind 2039] msg ack hostid=0xffffff807d1cdd00
06-24 13:37:36.845 0 0 W : [2 T1041 ..] [cmd_mgr_llind 329] cmd tkn[213] flags:0008 result: -4 cmd: 105-MM_SYNC_TRACE - reqcfm( 0-none)
06-24 13:37:36.846 0 0 W : [2 T1041 ..] [cmd_complete 65] cmd tkn[213] flags:0000 result: -4 cmd: 105-MM_SYNC_TRACE - reqcfm( 0-none)
06-24 13:37:50.222 0 0 W : [2 T1046 ..] [SP FRAME RX] arp req,vif_idx:0 sender:[f2:5c:30:fe:9f:9c 192.168.3.154]receiver:[00:00:00:00:00:00 192.168.3.75]
06-24 13:37:50.223 0 0 W : [2 T1046 ..] [SP FRAME TX] arp rsp,vif_idx:0 sender:[1c:79:2d:20:62:cb 192.168.3.75]receiver:[f2:5c:30:fe:9f:9c 192.168.3.154]
06-24 13:38:00.254 0 0 W : [2 T1046 ..] [SP FRAME TX] arp req,vif_idx:0 sender:[1c:79:2d:20:62:cb 192.168.3.75]receiver:[00:00:00:00:00:00 192.168.3.71]
06-24 13:38:00.265 0 0 W : [2 T1046 ..] [SP FRAME RX] arp rsp,vif_idx:0 sender:[22:75:a5:1f:46:24 192.168.3.71]receiver:[1c:79:2d:20:62:cb 192.168.3.75]
06-24 13:38:01.930 0 0 W : [2 T0 .s] [SP FRAME TX] arp req,vif_idx:0 sender:[1c:79:2d:20:62:cb 192.168.3.75]receiver:[00:00:00:00:00:00 192.168.3.65]
06-24 13:38:01.973 0 0 W : [2 T1046 ..] [SP FRAME RX] arp rsp,vif_idx:0 sender:[b6:9c:70:ec:40:e7 192.168.3.65]receiver:[1c:79:2d:20:62:cb 192.168.3.75]
06-24 13:38:07.604 0 0 W : [3 T1041 ..] fmac ASSERT (***** assert_rec *****: ) at ip/lmac/src/hal/hal_machw.c:754
06-24 13:38:07.605 0 0 W : [3 T1041 ..] >>> aml_rx_dbg_error_ind()
06-24 13:38:07.605 0 0 E : [3 T1041 ..] aml_sdio mmc1:0000:7: (type 0): dump received
06-24 13:38:07.606 0 0 E : [3 T31848 ..] aml_sdio mmc1:0000:7: Failed to call /usr/bin/aml_umh.sh (/usr/bin/aml_umh.sh returned -524)
06-24 13:38:22.579 0 0 W : [2 T1046 ..] [SP FRAME RX] arp req,vif_idx:0 sender:[20:57:9e:67:7f:db 192.168.3.98]receiver:[00:00:00:00:00:00 192.168.3.75]
06-24 13:38:22.580 0 0 W : [2 T1046 ..] [SP FRAME TX] arp rsp,vif_idx:0 sender:[1c:79:2d:20:62:cb 192.168.3.75]receiver:[20:57:9e:67:7f:db 192.168.3.98]
06-24 13:38:22.581 0 0 W : [2 T1046 ..] [SP FRAME RX] arp req,vif_idx:0 sender:[b6:9c:70:ec:40:e7 192.168.3.65]receiver:[00:00:00:00:00:00 192.168.3.75]
06-24 13:38:22.583 0 0 W : [2 T1046 ..] [SP FRAME TX] arp rsp,vif_idx:0 sender:[1c:79:2d:20:62:cb 192.168.3.75]receiver:[b6:9c:70:ec:40:e7 192.168.3.65]
06-24 13:38:22.585 0 0 W : [2 T1046 ..] [SP FRAME RX] arp req,vif_idx:0 sender:[68:39:43:80:0a:5c 192.168.3.209]receiver:[00:00:00:00:00:00 192.168.3.75]
06-24 13:38:22.586 0 0 W : [2 T1046 ..] [SP FRAME TX] arp rsp,vif_idx:0 sender:[1c:79:2d:20:62:cb 192.168.3.75]receiver:[68:39:43:80:0a:5c 192.168.3.209]
06-24 13:38:22.700 0 0 W : [2 T1046 ..] [SP FRAME RX] arp req,vif_idx:0 sender:[56:86:a9:ec:10:a8 192.168.3.19]receiver:[00:00:00:00:00:00 192.168.3.75]
06-24 13:38:22.701 0 0 W : [2 T1046 ..] [SP FRAME TX] arp rsp,vif_idx:0 sender:[1c:79:2d:20:62:cb 192.168.3.75]receiver:[56:86:a9:ec:10:a8 192.168.3.19]
06-24 13:38:22.747 0 0 W : [2 T1046 ..] [SP FRAME RX] arp req,vif_idx:0 sender:[22:75:a5:1f:46:24 192.168.3.71]receiver:[00:00:00:00:00:00 192.168.3.75]
06-24 13:38:22.748 0 0 W : [2 T1046 ..] [SP FRAME TX] arp rsp,vif_idx:0 sender:[1c:79:2d:20:62:cb 192.168.3.75]receiver:[22:75:a5:1f:46:24 192.168.3.71]
06-24 13:38:22.807 0 0 W : [2 T1046 ..] [SP FRAME RX] arp req,vif_idx:0 sender:[0c:91:60:12:cd:fc 192.168.3.171]receiver:[00:00:00:00:00:00 192.168.3.75]
06-24 13:38:22.808 0 0 W : [2 T1046 ..] [SP FRAME TX] arp rsp,vif_idx:0 sender:[1c:79:2d:20:62:cb 192.168.3.75]receiver:[0c:91:60:12:cd:fc 192.168.3.171]
06-24 13:38:22.957 0 0 W : [2 T1046 ..] [SP FRAME RX] arp req,vif_idx:0 sender:[28:7b:11:70:4f:a5 192.168.3.155]receiver:[00:00:00:00:00:00 192.168.3.75]
06-24 13:38:22.958 0 0 W : [2 T1046 ..] [SP FRAME TX] arp rsp,vif_idx:0 sender:[1c:79:2d:20:62:cb 192.168.3.75]receiver:[28:7b:11:70:4f:a5 192.168.3.155]
06-24 13:38:22.981 0 0 W : [2 T1046 ..] [SP FRAME RX] arp req,vif_idx:0 sender:[0c:91:60:12:cd:6e 192.168.3.81]receiver:[00:00:00:00:00:00 192.168.3.75]
06-24 13:38:22.982 0 0 W : [2 T1046 ..] [SP FRAME TX] arp rsp,vif_idx:0 sender:[1c:79:2d:20:62:cb 192.168.3.75]receiver:[0c:91:60:12:cd:6e 192.168.3.81]
06-24 13:38:23.164 0 0 W : [2 T1046 ..] [SP FRAME RX] arp req,vif_idx:0 sender:[e2:04:f6:d8:62:00 192.168.3.194]receiver:[00:00:00:00:00:00 192.168.3.75]
06-24 13:38:23.165 0 0 W : [2 T1046 ..] [SP FRAME TX] arp rsp,vif_idx:0 sender:[1c:79:2d:20:62:cb 192.168.3.75]receiver:[e2:04:f6:d8:62:00 192.168.3.194]
06-24 13:38:23.194 0 0 W : [2 T1046 ..] [SP FRAME RX] arp req,vif_idx:0 sender:[b6:86:f8:35:d4:28 192.168.3.36]receiver:[00:00:00:00:00:00 192.168.3.75]
06-24 13:38:23.195 0 0 W : [2 T1046 ..] [SP FRAME TX] arp rsp,vif_idx:0 sender:[1c:79:2d:20:62:cb 192.168.3.75]receiver:[b6:86:f8:35:d4:28 192.168.3.36]
06-24 13:38:23.196 0 0 W : [2 T1046 ..] [SP FRAME RX] arp req,vif_idx:0 sender:[28:7b:11:70:4f:bd 192.168.3.156]receiver:[00:00:00:00:00:00 192.168.3.75]
06-24 13:38:23.198 0 0 W : [2 T1046 ..] [SP FRAME TX] arp rsp,vif_idx:0 sender:[1c:79:2d:20:62:cb 192.168.3.75]receiver:[28:7b:11:70:4f:bd 192.168.3.156]
06-24 13:38:23.395 0 0 W : [2 T1046 ..] [SP FRAME RX] arp req,vif_idx:0 sender:[28:7b:11:70:51:1f 192.168.3.44]receiver:[00:00:00:00:00:00 192.168.3.75]
06-24 13:38:23.396 0 0 W : [2 T1046 ..] [SP FRAME TX] arp rsp,vif_idx:0 sender:[1c:79:2d:20:62:cb 192.168.3.75]receiver:[28:7b:11:70:51:1f 192.168.3.44]
06-24 13:38:23.397 0 0 W : [2 T1046 ..] [SP FRAME RX] arp req,vif_idx:0 sender:[d2:07:9a:6e:a7:36 192.168.3.27]receiver:[00:00:00:00:00:00 192.168.3.75]
06-24 13:38:23.399 0 0 W : [2 T1046 ..] [SP FRAME TX] arp rsp,vif_idx:0 sender:[1c:79:2d:20:62:cb 192.168.3.75]receiver:[d2:07:9a:6e:a7:36 192.168.3.27]
06-24 13:38:23.434 0 0 W : [2 T1046 ..] [SP FRAME RX] arp req,vif_idx:0 sender:[9a:86:f7:27:5c:25 192.168.3.169]receiver:[00:00:00:00:00:00 192.168.3.75]
06-24 13:38:23.435 0 0 W : [2 T1046 ..] [SP FRAME TX] arp rsp,vif_idx:0 sender:[1c:79:2d:20:62:cb 192.168.3.75]receiver:[9a:86:f7:27:5c:25 192.168.3.169]
06-24 13:38:23.436 0 0 W : [2 T1046 ..] [SP FRAME RX] arp req,vif_idx:0 sender:[0c:91:60:12:cd:8c 192.168.3.70]receiver:[00:00:00:00:00:00 192.168.3.75]
06-24 13:38:23.438 0 0 W : [2 T1046 ..] [SP FRAME TX] arp rsp,vif_idx:0 sender:[1c:79:2d:20:62:cb 192.168.3.75]receiver:[0c:91:60:12:cd:8c 192.168.3.70]
06-24 13:38:23.439 0 0 W : [2 T1046 ..] [SP FRAME RX] arp req,vif_idx:0 sender:[16:8e:6e:17:dc:41 192.168.3.176]receiver:[00:00:00:00:00:00 192.168.3.75]
06-24 13:38:23.441 0 0 W : [2 T1046 ..] [SP FRAME TX] arp rsp,vif_idx:0 sender:[1c:79:2d:20:62:cb 192.168.3.75]receiver:[16:8e:6e:17:dc:41 192.168.3.176]
06-24 13:38:23.442 0 0 W : [2 T1046 ..] [SP FRAME RX] arp req,vif_idx:0 sender:[10:b2:32:39:59:ba 192.168.3.57]receiver:[00:00:00:00:00:00 192.168.3.75]
06-24 13:38:23.444 0 0 W : [2 T1046 ..] [SP FRAME TX] arp rsp,vif_idx:0 sender:[1c:79:2d:20:62:cb 192.168.3.75]receiver:[10:b2:32:39:59:ba 192.168.3.57]
06-24 13:38:23.578 0 0 W : [2 T1046 ..] [SP FRAME RX] arp req,vif_idx:0 sender:[da:b8:33:f6:93:fe 192.168.3.89]receiver:[00:00:00:00:00:00 192.168.3.75]
06-24 13:38:23.579 0 0 W : [2 T1046 ..] [SP FRAME TX] arp rsp,vif_idx:0 sender:[1c:79:2d:20:62:cb 192.168.3.75]receiver:[da:b8:33:f6:93:fe 192.168.3.89]
06-24 13:38:23.589 0 0 W : [2 T1046 ..] [SP FRAME RX] arp req,vif_idx:0 sender:[50:ba:02:e7:1e:de 192.168.3.157]receiver:[00:00:00:00:00:00 192.168.3.75]
06-24 13:38:23.590 0 0 W : [2 T1046 ..] [SP FRAME TX] arp rsp,vif_idx:0 sender:[1c:79:2d:20:62:cb 192.168.3.75]receiver:[50:ba:02:e7:1e:de 192.168.3.157]
06-24 13:38:38.286 0 0 W : [0 T10746 ..] [aml_send_sync_trace 4388] sync token[63874]
06-24 13:38:38.286 0 0 W : [0 T10746 ..] >>> aml_send_msg()
06-24 13:38:38.287 0 0 W : [3 T1041 ..] ipc_sdio_host_msgack_handler 0000000062bddd51
06-24 13:38:38.288 0 0 W : [3 T1041 ..] [aml_msgackind 2039] msg ack hostid=0xffffff802b914e00
06-24 13:38:38.289 0 0 W : [3 T1041 ..] [cmd_mgr_llind 329] cmd tkn[214] flags:0008 result: -4 cmd: 105-MM_SYNC_TRACE - reqcfm( 0-none)
06-24 13:38:38.290 0 0 W : [3 T1041 ..] [cmd_complete 65] cmd tkn[214] flags:0000 result: -4 cmd: 105-MM_SYNC_TRACE - reqcfm( 0-none)
06-24 13:39:20.379 0 0 W : [2 T1046 ..] [SP FRAME RX] DHCP[0 1], vif_idx:0
06-24 13:39:21.386 0 0 W : [2 T1046 ..] [SP FRAME RX] DHCP[0 1], vif_idx:0
06-24 13:39:23.431 0 0 W : [2 T1046 ..] [SP FRAME RX] DHCP[0 1], vif_idx:0
06-24 13:39:27.482 0 0 W : [2 T1046 ..] [SP FRAME RX] DHCP[0 1], vif_idx:0
06-24 13:39:32.042 0 0 W : [1 T0 .s] [SP FRAME TX] arp req,vif_idx:0 sender:[1c:79:2d:20:62:cb 192.168.3.75]receiver:[00:00:00:00:00:00 192.168.3.65]
06-24 13:39:32.060 0 0 W : [2 T1046 ..] [SP FRAME RX] arp rsp,vif_idx:0 sender:[b6:9c:70:ec:40:e7 192.168.3.65]receiver:[1c:79:2d:20:62:cb 192.168.3.75]
06-24 13:39:34.394 0 0 W : [2 T1046 ..] [SP FRAME RX] DHCP[0 1], vif_idx:0
06-24 13:39:35.440 0 0 W : [2 T1046 ..] [SP FRAME RX] DHCP[0 1], vif_idx:0
06-24 13:39:37.359 0 0 W : [2 T1046 ..] [SP FRAME RX] DHCP[0 1], vif_idx:0
06-24 13:39:39.722 0 0 W : [0 T29173 ..] [aml_send_sync_trace 4388] sync token[63875]
06-24 13:39:39.722 0 0 W : [0 T29173 ..] >>> aml_send_msg()
06-24 13:39:39.723 0 0 W : [2 T1041 ..] ipc_sdio_host_msgack_handler 000000000c768d43
06-24 13:39:39.724 0 0 W : [2 T1041 ..] [aml_msgackind 2039] msg ack hostid=0xffffff806c835a00
06-24 13:39:39.725 0 0 W : [2 T1041 ..] [cmd_mgr_llind 329] cmd tkn[215] flags:0008 result: -4 cmd: 105-MM_SYNC_TRACE - reqcfm( 0-none)
06-24 13:39:39.726 0 0 W : [2 T1041 ..] [cmd_complete 65] cmd tkn[215] flags:0000 result: -4 cmd: 105-MM_SYNC_TRACE - reqcfm( 0-none)
06-24 13:39:41.461 0 0 W : [3 T1046 ..] [SP FRAME RX] DHCP[0 1], vif_idx:0
06-24 13:39:49.549 0 0 W : [2 T1046 ..] [SP FRAME RX] DHCP[0 1], vif_idx:0
06-24 13:39:52.202 685 725 W BatteryExternalStatsWorker: error reading modem stats:ERROR_PHONE_NOT_AVAILABLE
06-24 13:39:52.203 685 1135 W BatteryExternalStatsWorker: error reading Bluetooth stats: 11
06-24 13:39:52.654 0 0 W : [3 T1046 ..] [SP FRAME RX] arp req,vif_idx:0 sender:[20:57:9e:67:7f:db 192.168.3.98]receiver:[00:00:00:00:00:00 192.168.3.75]
06-24 13:39:52.655 0 0 W : [3 T1046 ..] [SP FRAME TX] arp rsp,vif_idx:0 sender:[1c:79:2d:20:62:cb 192.168.3.75]receiver:[20:57:9e:67:7f:db 192.168.3.98]
06-24 13:39:52.893 0 0 W : [3 T1046 ..] [SP FRAME RX] arp req,vif_idx:0 sender:[b6:9c:70:ec:40:e7 192.168.3.65]receiver:[00:00:00:00:00:00 192.168.3.75]
