06-24 13:43:28.896 0 0 D [1 T6190 ..] [media_clock]: vdec mux clock is 799999988 Hz
06-24 13:43:28.897 0 0 D [3 T6190 ..] [h264]: vh264_init, phy_addr=cee29000 vaddr=00000000402cc0cc
06-24 13:43:28.898 0 0 I [3 T6167 ..] [amlv4l]: [131]: set vf duration: c80
06-24 13:43:28.945 0 0 I [0 T6190 ..] [amlv4l]: [131]: reset mode: 1, es frames buffering: 0
06-24 13:43:28.946 0 0 D [0 T6190 ..] [h264]: 0: !!!wrong seq_info2 0x0 mb_width/mb_height (0x0/0x0), ret:1
06-24 13:43:29.161 0 0 D [1 T27270 ..] [h264]: 0: vmh264_get_ps_info mmu_enable 0 double_write_mode 0x10
06-24 13:43:29.161 0 0 I [1 T27270 ..] [amlv4l]: [131]: Parse from ucode, visible(864 x 362), coded(896 x 384), scan:P, bitdepth(0), dw(10)
06-24 13:43:29.161 0 0 I [0 T6190 ..] [amlv4l]: [131]: Picture buffer count: dec:7, vpp:0, ge2d:0, margin:6, total:13
06-24 13:43:29.164 0 0 D [0 T6190 ..] [amlv4l]: [131]: Post event: res chg
06-24 13:43:29.184 0 0 D [3 T5322 ..] [h264]: 0: restriction_flag=0, max_dec_frame_buffering=6, dec_dpb_size=7 num_reorder_frames 4 used_reorder_dpb_size_margin 6
06-24 13:43:29.213 0 0 D [0 T239 ..] [h264]: 0: decoder duration change old: 0 new: 1920
06-24 13:43:29.829 0 0 W [1 T265 ..] audit: audit_lost=2918 audit_rate_limit=5 audit_backlog_limit=64
06-24 13:43:29.829 0 0 E [1 T265 ..] audit: rate limit exceeded
06-24 13:43:29.873 0 0 I [1 T314 ..] dim: pq i:rm 0x1000
06-24 13:43:29.875 0 0 I [1 T314 ..] dim: pq i:rm 0x2000
06-24 13:43:29.878 0 0 I [1 T314 ..] dim: pq i:rm 0x200
06-24 13:43:29.881 0 0 I [1 T314 ..] dim: pq i:rm 0x800
06-24 13:43:29.912 0 0 I [1 T265 ..] dp_buf: [0:127]di buf_mgr free
06-24 13:43:31.668 0 0 W [3 T20512 ..] audit: audit_lost=2920 audit_rate_limit=5 audit_backlog_limit=64
06-24 13:43:31.669 0 0 E [3 T20512 ..] audit: rate limit exceeded
06-24 13:43:43.927 0 0 D [2 T6189 ..] [amlv4l]: [131]: Post event: eos
06-24 13:43:43.930 0 0 I [1 T6190 ..] [amlv4l]: [131]: reset mode: 1, es frames buffering: 0
06-24 13:43:43.931 0 0 I [0 T6190 ..] [amlv4l]: [131]: reset mode: 1, es frames buffering: 0
06-24 13:43:43.934 0 0 I [1 T6190 ..] dp_buf: [0:131]q_checkin ref dec fail
06-24 13:43:43.934 0 0 I [1 T6190 ..] dp_buf: [0:131]ref_dec, last instance qbuf, no recycle 1, 2
06-24 13:43:44.176 0 0 I [3 T6190 ..] [amlv4l]: [131]: reset mode: 1, es frames buffering: 0
06-24 13:43:44.177 0 0 I [3 T6190 ..] [amlv4l]: [131]: reset mode: 1, es frames buffering: 0
06-24 13:43:44.191 0 0 I [3 T6190 ..] dp_buf: [0:131]q_checkin second:1 3
06-24 13:43:44.191 0 0 I [3 T6190 ..] dp_buf: [0:131]q_checkin ref dec fail
06-24 13:43:44.192 0 0 I [3 T6190 ..] dp_buf: [0:131]q_checkin ref dec fail
06-24 13:43:44.193 0 0 I [3 T6190 ..] dp_buf: [0:131]q_checkin ref dec fail
06-24 13:43:44.194 0 0 I [3 T6190 ..] dp_buf: [0:131]q_checkin ref dec fail
06-24 13:43:45.482 0 0 W : [0 T10746 ..] [aml_send_sync_trace 4388] sync token[63879]
06-24 13:43:45.482 0 0 W : [0 T10746 ..] >>> aml_send_msg()
06-24 13:43:45.483 0 0 W : [3 T1041 ..] ipc_sdio_host_msgack_handler 000000000285d1f3
06-24 13:43:45.484 0 0 W : [3 T1041 ..] [aml_msgackind 2039] msg ack hostid=0xffffff806a14e580
06-24 13:43:45.485 0 0 W : [3 T1041 ..] [cmd_mgr_llind 329] cmd tkn[221] flags:0008 result: -4 cmd: 105-MM_SYNC_TRACE - reqcfm( 0-none)
06-24 13:43:45.486 0 0 W : [3 T1041 ..] [cmd_complete 65] cmd tkn[221] flags:0000 result: -4 cmd: 105-MM_SYNC_TRACE - reqcfm( 0-none)
06-24 13:43:48.881 0 0 W : [2 T1046 ..] [SP FRAME RX] arp req,vif_idx:0 sender:[62:77:26:21:8d:8b 192.168.3.188]receiver:[1c:79:2d:20:62:cb 192.168.3.75]
06-24 13:43:48.882 0 0 W : [2 T1046 ..] [SP FRAME TX] arp rsp,vif_idx:0 sender:[1c:79:2d:20:62:cb 192.168.3.75]receiver:[62:77:26:21:8d:8b 192.168.3.188]
06-24 13:43:52.101 0 0 I [2 T6190 ..] [amlv4l]: [131]: reset mode: 1, es frames buffering: 2
06-24 13:43:52.102 0 0 I [2 T6190 ..] [amlv4l]: [131]: reset mode: 1, es frames buffering: 0
06-24 13:43:52.133 0 0 I [1 T6190 ..] dp_buf: [0:131]q_checkin ref dec fail
06-24 13:43:52.186 0 0 I [1 T6190 ..] [amlv4l]: [131]: reset mode: 1, es frames buffering: 0
06-24 13:43:52.187 0 0 I [1 T6190 ..] [amlv4l]: [131]: reset mode: 1, es frames buffering: 0
06-24 13:43:52.207 0 0 I [2 T6190 ..] dp_buf: [0:131]q_checkin ref dec fail
06-24 13:43:52.208 0 0 I [2 T6190 ..] dp_buf: [0:131]q_checkin ref dec fail
06-24 13:43:52.208 0 0 I [2 T6190 ..] dp_buf: [0:131]q_checkin ref dec fail
06-24 13:43:52.209 0 0 I [2 T6190 ..] dp_buf: [0:131]q_checkin ref dec fail
06-24 13:43:52.210 0 0 I [2 T6190 ..] dp_buf: [0:131]q_checkin ref dec fail
06-24 13:43:52.211 0 0 I [2 T6190 ..] dp_buf: [0:131]q_checkin ref dec fail
06-24 13:43:52.211 0 0 I [2 T6190 ..] dp_buf: [0:131]q_checkin ref dec fail
06-24 13:43:52.216 0 0 I [2 T6190 ..] dp_buf: [0:131]q_checkin ref dec fail
06-24 13:43:52.216 0 0 I [2 T6190 ..] dp_buf: [0:131]q_checkin ref dec fail
06-24 13:43:52.217 0 0 I [2 T6190 ..] dp_buf: [0:131]q_checkin ref dec fail
06-24 13:43:52.218 0 0 I [2 T6190 ..] dp_buf: [0:131]q_checkin ref dec fail
06-24 13:43:59.276 0 0 W : [2 T1046 ..] [SP FRAME RX] arp req,vif_idx:0 sender:[02:fe:15:17:79:f9 192.168.3.3]receiver:[00:00:00:00:00:00 192.168.3.75]
06-24 13:43:59.276 0 0 W : [2 T1046 ..] [SP FRAME TX] arp rsp,vif_idx:0 sender:[1c:79:2d:20:62:cb 192.168.3.75]receiver:[02:fe:15:17:79:f9 192.168.3.3]
06-24 13:43:59.306 0 0 W : [3 T0 .s] [SP FRAME TX] arp req,vif_idx:0 sender:[1c:79:2d:20:62:cb 192.168.3.75]receiver:[00:00:00:00:00:00 192.168.3.3]
06-24 13:43:59.342 0 0 W : [2 T1046 ..] [SP FRAME RX] arp rsp,vif_idx:0 sender:[02:fe:15:17:79:f9 192.168.3.3]receiver:[1c:79:2d:20:62:cb 192.168.3.75]
06-24 13:43:59.933 685 1083 W WindowManager: [addWindow] title:cn.cibntv.ott/com.youku.tv.home.activity.HomeActivity
06-24 13:43:59.944 685 1083 D CoreBackPreview: Window{c90fc79 u0 cn.cibntv.ott/com.youku.tv.home.activity.HomeActivity}: Setting back callback OnBackInvokedCallbackInfo{mCallback=android.window.IOnBackInvokedCallback$Stub$Proxy@9c66e1f, mPriority=0, mIsAnimationCallback=false}
06-24 13:44:00.037 685 709 W ContextImpl: Calling a method in the system process without a qualified user: android.app.ContextImpl.startService:1899 com.android.server.wm.DisplayPolicy.lambda$focusChangedLw$5:2126 com.android.server.wm.DisplayPolicy.$r8$lambda$Znxk63oh-WzVnzo_WQefN7uxV48:0 com.android.server.wm.DisplayPolicy$$ExternalSyntheticLambda13.run:0 android.os.Handler.handleCallback:958
06-24 13:44:02.378 0 0 W : [0 T263 .s] [SP FRAME TX] arp req,vif_idx:0 sender:[1c:79:2d:20:62:cb 192.168.3.75]receiver:[00:00:00:00:00:00 192.168.3.65]
06-24 13:44:02.384 0 0 W : [3 T1046 ..] [SP FRAME RX] arp rsp,vif_idx:0 sender:[b6:9c:70:ec:40:e7 192.168.3.65]receiver:[1c:79:2d:20:62:cb 192.168.3.75]
06-24 13:44:03.223 0 0 I [2 T6190 ..] [amlv4l]: [131]: reset mode: 1, es frames buffering: 2
06-24 13:44:03.224 0 0 I [3 T6190 ..] [amlv4l]: [131]: reset mode: 1, es frames buffering: 0
06-24 13:44:03.241 0 0 I [1 T6184 ..] [amlv4l]: [131]: reset mode: 1, es frames buffering: 0
06-24 13:44:03.242 0 0 D [2 T6184 ..] [amlcom]: vdec_release instance 0000000009206d03, total 1
06-24 13:44:03.243 0 0 I [2 T6184 ..] [amlcom]: dos_local_config end, id 0, is_on 0
06-24 13:44:03.244 0 0 D [2 T6184 ..] [media_clock]: the clk_vdec_mux clock off, ref cnt: 0
06-24 13:44:03.244 0 0 I : [2 T6184 ..] deinit session
06-24 13:44:03.244 0 0 I : [2 T6184 ..] deinit session producer-2
06-24 13:44:03.245 0 0 I : [2 T6184 ..] deinit has_unusing_fifo [1]
06-24 13:44:03.246 0 0 I : [3 T98 ..] p_fifo[2] name[aml-vcodec-dec] state[0] to MP_FIFO_UNUSED
06-24 13:44:03.310 685 1083 D CoreBackPreview: Window{c90fc79 u0 cn.cibntv.ott/com.youku.tv.home.activity.HomeActivity}: Setting back callback null
06-24 13:44:03.334 685 711 V WindowManager: Unknown focus tokens, dropping reportFocusChanged
06-24 13:44:03.422 685 709 W ContextImpl: Calling a method in the system process without a qualified user: android.app.ContextImpl.startService:1899 com.android.server.wm.DisplayPolicy.lambda$focusChangedLw$5:2126 com.android.server.wm.DisplayPolicy.$r8$lambda$Znxk63oh-WzVnzo_WQefN7uxV48:0 com.android.server.wm.DisplayPolicy$$ExternalSyntheticLambda13.run:0 android.os.Handler.handleCallback:958
06-24 13:44:03.740 0 0 E : [1 T6449 ..] mediaproxy produce init [aml-vcodec-dec]
06-24 13:44:03.740 0 0 I : [1 T6449 ..] Mediaproxy is opened name[aml-vcodec-dec]\n
06-24 13:44:03.740 0 0 I : [1 T6449 ..] Mediaproxy is opened name[aml-vcodec-dec] end\n
06-24 13:44:03.742 0 0 E : [1 T6449 ..] mediaproxy produce start connect
06-24 13:44:03.742 0 0 I : [1 T6449 ..] find p kfifo size:[32][2]
06-24 13:44:03.743 0 0 I : [1 T6449 ..] mediaproxy_get_fifo get idx[2]
06-24 13:44:03.744 0 0 I : [1 T6449 ..] Session producer-2 is connected fifo idx [2]
06-24 13:44:03.744 0 0 E : [1 T6449 ..] mediaproxy produce connect [2]
06-24 13:44:03.745 0 0 I : [1 T6449 ..] mediaproxy produce msg type :0x40 module_name:aml-vcodec-dec
06-24 13:44:03.828 0 0 I : [1 T6449 ..] deinit session
06-24 13:44:03.828 0 0 I : [1 T6449 ..] deinit session producer-2
06-24 13:44:03.828 0 0 I : [1 T6449 ..] deinit has_unusing_fifo [1]
06-24 13:44:03.829 0 0 I : [2 T98 ..] p_fifo[2] name[aml-vcodec-dec] state[0] to MP_FIFO_UNUSED
06-24 13:44:03.829 0 0 E : [3 T6449 ..] mediaproxy produce init [aml-vcodec-dec]
06-24 13:44:03.830 0 0 I : [3 T6449 ..] Mediaproxy is opened name[aml-vcodec-dec]\n
06-24 13:44:03.830 0 0 I : [3 T6449 ..] Mediaproxy is opened name[aml-vcodec-dec] end\n
06-24 13:44:03.831 0 0 E : [3 T6449 ..] mediaproxy produce start connect
06-24 13:44:03.833 0 0 I : [3 T6449 ..] find p kfifo size:[32][2]
06-24 13:44:03.833 0 0 I : [3 T6449 ..] mediaproxy_get_fifo get idx[2]
06-24 13:44:03.834 0 0 I : [3 T6449 ..] Session producer-2 is connected fifo idx [2]
06-24 13:44:03.835 0 0 E : [3 T6449 ..] mediaproxy produce connect [2]
06-24 13:44:03.836 0 0 I : [3 T6449 ..] mediaproxy produce msg type :0x40 module_name:aml-vcodec-dec
06-24 13:44:03.856 0 0 I : [1 T6449 ..] deinit session
06-24 13:44:03.856 0 0 I : [1 T6449 ..] deinit session producer-2
06-24 13:44:03.857 0 0 I : [1 T6449 ..] deinit has_unusing_fifo [1]
06-24 13:44:03.857 0 0 I : [0 T98 ..] p_fifo[2] name[aml-vcodec-dec] state[0] to MP_FIFO_UNUSED
06-24 13:44:03.863 0 0 I : [0 T6449 ..] codec mem info:
06-24 13:44:03.863 0 0 I : [0 T6449 ..] total codec mem size:364 MB
06-24 13:44:03.864 0 0 I : [0 T6449 ..] alloced size= 0 MB
06-24 13:44:03.864 0 0 I : [0 T6449 ..] max alloced: 119 MB
06-24 13:44:03.865 0 0 I [0 T6449 ..] CMA: 0,RES:0,TVP:0,SYS:0,COHER:0,VMAPED:0 MB
06-24 13:44:03.866 0 0 I [0 T6449 ..] RES_EXT: 0 MB
06-24 13:44:03.866 0 0 I : [0 T6449 ..] [4]CMA size:364 MB:alloced: 0 MB,free:363 MB
06-24 13:44:03.867 0 0 I [0 T6449 d.] [839].0: CODEC_MM_DMA_BUF.0,addr=0xcf544000,size=516096,from=4,cnt=1,flags=1,used:34660 ms
06-24 13:44:03.870 0 0 I : [0 T6449 ..] codec mem info:
06-24 13:44:03.871 0 0 I : [0 T6449 ..] total codec mem size:364 MB
06-24 13:44:03.872 0 0 I : [0 T6449 ..] alloced size= 0 MB
06-24 13:44:03.872 0 0 I : [0 T6449 ..] max alloced: 119 MB
06-24 13:44:03.873 0 0 I [0 T6449 ..] CMA: 0,RES:0,TVP:0,SYS:0,COHER:0,VMAPED:0 MB
06-24 13:44:03.874 0 0 I [0 T6449 ..] RES_EXT: 0 MB
06-24 13:44:03.874 0 0 I : [0 T6449 ..] [4]CMA size:364 MB:alloced: 0 MB,free:363 MB
06-24 13:44:03.875 0 0 I [0 T6449 d.] [839].0: CODEC_MM_DMA_BUF.0,addr=0xcf544000,size=516096,from=4,cnt=1,flags=1,used:34668 ms
06-24 13:44:03.878 0 0 E : [2 T6464 ..] mediaproxy produce init [aml-vcodec-dec]
06-24 13:44:03.880 0 0 I : [2 T6464 ..] Mediaproxy is opened name[aml-vcodec-dec]\n
06-24 13:44:03.880 0 0 I : [2 T6464 ..] Mediaproxy is opened name[aml-vcodec-dec] end\n
06-24 13:44:03.880 0 0 E : [2 T6464 ..] mediaproxy produce start connect
06-24 13:44:03.883 0 0 I : [2 T6464 ..] find p kfifo size:[32][2]
06-24 13:44:03.883 0 0 I : [2 T6464 ..] mediaproxy_get_fifo get idx[2]
06-24 13:44:03.883 0 0 I : [2 T6464 ..] Session producer-2 is connected fifo idx [2]
06-24 13:44:03.886 0 0 E : [2 T6464 ..] mediaproxy produce connect [2]
06-24 13:44:03.886 0 0 I : [2 T6464 ..] mediaproxy produce msg type :0x40 module_name:aml-vcodec-dec
06-24 13:44:03.911 0 0 I : [3 T6464 ..] deinit session
06-24 13:44:03.912 0 0 I : [3 T6464 ..] deinit session producer-2
06-24 13:44:03.912 0 0 I : [3 T6464 ..] deinit has_unusing_fifo [1]
06-24 13:44:03.913 0 0 I : [2 T98 ..] p_fifo[2] name[aml-vcodec-dec] state[0] to MP_FIFO_UNUSED
06-24 13:44:03.914 0 0 E : [2 T6464 ..] mediaproxy produce init [aml-vcodec-dec]
06-24 13:44:03.914 0 0 I : [2 T6464 ..] Mediaproxy is opened name[aml-vcodec-dec]\n
06-24 13:44:03.914 0 0 I : [2 T6464 ..] Mediaproxy is opened name[aml-vcodec-dec] end\n
06-24 13:44:03.915 0 0 E : [2 T6464 ..] mediaproxy produce start connect
06-24 13:44:03.917 0 0 I : [2 T6464 ..] find p kfifo size:[32][2]
06-24 13:44:03.917 0 0 I : [2 T6464 ..] mediaproxy_get_fifo get idx[2]
06-24 13:44:03.918 0 0 I : [2 T6464 ..] Session producer-2 is connected fifo idx [2]
06-24 13:44:03.919 0 0 E : [2 T6464 ..] mediaproxy produce connect [2]
06-24 13:44:03.919 0 0 I : [2 T6464 ..] mediaproxy produce msg type :0x40 module_name:aml-vcodec-dec
06-24 13:44:03.921 0 0 I [2 T6464 ..] [amlv4l]: [135]: DW:10, TW:0, Margin:6
06-24 13:44:03.922 0 0 D [3 T6469 ..] [amlcom]: vdec_create instance 0000000064920f3b, total 1, PM: power-domain
06-24 13:44:03.922 0 0 D [3 T6469 ..] [media_clock]: vdec mux clock is 799999988 Hz
06-24 13:44:03.923 0 0 I [3 T6469 ..] [amlcom]: dos_local_config end, id 0, is_on 1
06-24 13:44:03.923 0 0 I [3 T6469 ..] [amlcom]: vdec_init, dev_name:ammvdec_h264_v4l, vdec_type=VDEC_TYPE_FRAME_BLOCK, format: 2, total: 1
06-24 13:44:03.926 0 0 D [3 T6469 ..] [h264]: 0: pdata->config=parm_v4l_codec_enable:1;mh264_double_write_mode:16;parm_v4l_buffer_margin:6;parm_v4l_canvas_mem_mode:0;parm_v4l_canvas_mem_endian:0;parm_v4l_low_latency_mode:0;parm_v4l_metadata_config_flag:1050626;parm_v4l_duration:0;parm_v4l_error_handle_info:0;
06-24 13:44:03.926 0 0 D [3 T6469 ..] [h264]: 0: ammvdec_h264_probe error_proc_policy 0x813fcff7 mb_count_threshold 0
06-24 13:44:03.926 0 0 D [3 T6469 ..] [h264]: ammvdec_h264_bmmu_init tvp = 0x0
06-24 13:44:03.937 0 0 D [0 T6469 ..] [media_clock]: vdec mux clock is 799999988 Hz
06-24 13:44:03.937 0 0 D [2 T6469 ..] [h264]: vh264_init, phy_addr=cee29000 vaddr=000000006eef7de2
06-24 13:44:03.938 0 0 I [0 T6449 ..] [amlv4l]: [135]: set vf duration: c80
06-24 13:44:03.955 0 0 W [1 T6463 ..] audit: audit_lost=2921 audit_rate_limit=5 audit_backlog_limit=64
06-24 13:44:03.956 0 0 E [1 T6463 ..] audit: rate limit exceeded
06-24 13:44:04.236 0 0 I [3 T6469 ..] [amlv4l]: [135]: reset mode: 1, es frames buffering: 0
06-24 13:44:04.236 0 0 D [3 T6469 ..] [h264]: 0: !!!wrong seq_info2 0x0 mb_width/mb_height (0x0/0x0), ret:1
06-24 13:44:04.258 0 0 D [3 T29173 ..] [h264]: 0: vmh264_get_ps_info mmu_enable 0 double_write_mode 0x10
06-24 13:44:04.258 0 0 I [3 T29173 ..] [amlv4l]: [135]: Parse from ucode, visible(640 x 268), coded(640 x 320), scan:P, bitdepth(0), dw(10)
06-24 13:44:04.258 0 0 I [0 T6469 ..] [amlv4l]: [135]: Picture buffer count: dec:7, vpp:0, ge2d:0, margin:6, total:13
06-24 13:44:04.260 0 0 D [0 T6469 ..] [amlv4l]: [135]: Post event: res chg
06-24 13:44:04.286 0 0 D [2 T29173 ..] [h264]: 0: restriction_flag=0, max_dec_frame_buffering=6, dec_dpb_size=7 num_reorder_frames 4 used_reorder_dpb_size_margin 6
06-24 13:44:04.327 0 0 D [0 T239 ..] [h264]: 0: decoder duration change old: 0 new: 1920
06-24 13:44:05.059 0 0 I [1 T360 ..] dp_buf: [0:131]di buf_mgr free
06-24 13:44:16.939 685 13323 W WindowManager: [addWindow] title:cn.cibntv.ott/com.youku.tv.home.activity.HomeActivity
06-24 13:44:16.959 685 1083 D CoreBackPreview: Window{ba2c0cd u0 cn.cibntv.ott/com.youku.tv.home.activity.HomeActivity}: Setting back callback OnBackInvokedCallbackInfo{mCallback=android.window.IOnBackInvokedCallback$Stub$Proxy@d527c93, mPriority=0, mIsAnimationCallback=false}
06-24 13:44:17.043 685 709 W ContextImpl: Calling a method in the system process without a qualified user: android.app.ContextImpl.startService:1899 com.android.server.wm.DisplayPolicy.lambda$focusChangedLw$5:2126 com.android.server.wm.DisplayPolicy.$r8$lambda$Znxk63oh-WzVnzo_WQefN7uxV48:0 com.android.server.wm.DisplayPolicy$$ExternalSyntheticLambda13.run:0 android.os.Handler.handleCallback:958
06-24 13:44:18.250 0 0 W : [1 T6439 .s] [SP FRAME TX] arp req,vif_idx:0 sender:[1c:79:2d:20:62:cb 192.168.3.75]receiver:[00:00:00:00:00:00 192.168.3.224]
06-24 13:44:18.305 0 0 W : [3 T1046 ..] [SP FRAME RX] arp rsp,vif_idx:0 sender:[9a:4b:83:2e:ec:1b 192.168.3.224]receiver:[1c:79:2d:20:62:cb 192.168.3.75]
06-24 13:44:21.646 0 0 W : [0 T1046 ..] [SP FRAME RX] DHCP[0 1], vif_idx:0
06-24 13:44:22.656 0 0 W : [1 T1046 ..] [SP FRAME RX] DHCP[0 1], vif_idx:0
06-24 13:44:23.393 0 0 W : [3 T1046 ..] [SP FRAME RX] arp req,vif_idx:0 sender:[20:57:9e:67:7f:db 192.168.3.98]receiver:[00:00:00:00:00:00 192.168.3.75]
06-24 13:44:23.394 0 0 W : [3 T1046 ..] [SP FRAME TX] arp rsp,vif_idx:0 sender:[1c:79:2d:20:62:cb 192.168.3.75]receiver:[20:57:9e:67:7f:db 192.168.3.98]
06-24 13:44:23.413 0 0 W : [3 T1046 ..] [SP FRAME RX] arp req,vif_idx:0 sender:[28:7b:11:70:4f:a5 192.168.3.155]receiver:[00:00:00:00:00:00 192.168.3.75]
06-24 13:44:23.414 0 0 W : [3 T1046 ..] [SP FRAME TX] arp rsp,vif_idx:0 sender:[1c:79:2d:20:62:cb 192.168.3.75]receiver:[28:7b:11:70:4f:a5 192.168.3.155]
06-24 13:44:23.493 0 0 W : [3 T1046 ..] [SP FRAME RX] arp req,vif_idx:0 sender:[b6:9c:70:ec:40:e7 192.168.3.65]receiver:[00:00:00:00:00:00 192.168.3.75]
06-24 13:44:23.494 0 0 W : [3 T1046 ..] [SP FRAME TX] arp rsp,vif_idx:0 sender:[1c:79:2d:20:62:cb 192.168.3.75]receiver:[b6:9c:70:ec:40:e7 192.168.3.65]
06-24 13:44:23.550 0 0 W : [3 T1046 ..] [SP FRAME RX] arp req,vif_idx:0 sender:[68:39:43:80:0a:5c 192.168.3.209]receiver:[00:00:00:00:00:00 192.168.3.75]
06-24 13:44:23.551 0 0 W : [3 T1046 ..] [SP FRAME TX] arp rsp,vif_idx:0 sender:[1c:79:2d:20:62:cb 192.168.3.75]receiver:[68:39:43:80:0a:5c 192.168.3.209]
06-24 13:44:23.874 0 0 W : [1 T1046 ..] [SP FRAME RX] arp req,vif_idx:0 sender:[02:d1:be:fb:0a:d7 192.168.3.130]receiver:[00:00:00:00:00:00 192.168.3.75]
06-24 13:44:23.875 0 0 W : [1 T1046 ..] [SP FRAME TX] arp rsp,vif_idx:0 sender:[1c:79:2d:20:62:cb 192.168.3.75]receiver:[02:d1:be:fb:0a:d7 192.168.3.130]
06-24 13:44:23.889 0 0 W : [3 T1046 ..] [SP FRAME RX] arp req,vif_idx:0 sender:[16:8e:6e:17:dc:41 192.168.3.176]receiver:[00:00:00:00:00:00 192.168.3.75]
06-24 13:44:23.890 0 0 W : [3 T1046 ..] [SP FRAME TX] arp rsp,vif_idx:0 sender:[1c:79:2d:20:62:cb 192.168.3.75]receiver:[16:8e:6e:17:dc:41 192.168.3.176]
06-24 13:44:23.906 0 0 W : [0 T1046 ..] [SP FRAME RX] arp req,vif_idx:0 sender:[28:7b:11:70:4f:bd 192.168.3.156]receiver:[00:00:00:00:00:00 192.168.3.75]
06-24 13:44:23.907 0 0 W : [0 T1046 ..] [SP FRAME TX] arp rsp,vif_idx:0 sender:[1c:79:2d:20:62:cb 192.168.3.75]receiver:[28:7b:11:70:4f:bd 192.168.3.156]
06-24 13:44:23.927 0 0 W : [0 T1046 ..] [SP FRAME RX] arp req,vif_idx:0 sender:[28:7b:11:70:51:1f 192.168.3.44]receiver:[00:00:00:00:00:00 192.168.3.75]
06-24 13:44:23.928 0 0 W : [0 T1046 ..] [SP FRAME TX] arp rsp,vif_idx:0 sender:[1c:79:2d:20:62:cb 192.168.3.75]receiver:[28:7b:11:70:51:1f 192.168.3.44]
06-24 13:44:23.950 0 0 W : [0 T1046 ..] [SP FRAME RX] arp req,vif_idx:0 sender:[0c:91:60:12:cd:6e 192.168.3.81]receiver:[00:00:00:00:00:00 192.168.3.75]
06-24 13:44:23.951 0 0 W : [0 T1046 ..] [SP FRAME TX] arp rsp,vif_idx:0 sender:[1c:79:2d:20:62:cb 192.168.3.75]receiver:[0c:91:60:12:cd:6e 192.168.3.81]
06-24 13:44:24.044 0 0 W : [0 T1046 ..] [SP FRAME RX] arp req,vif_idx:0 sender:[da:b8:33:f6:93:fe 192.168.3.89]receiver:[00:00:00:00:00:00 192.168.3.75]
06-24 13:44:24.045 0 0 W : [0 T1046 ..] [SP FRAME TX] arp rsp,vif_idx:0 sender:[1c:79:2d:20:62:cb 192.168.3.75]receiver:[da:b8:33:f6:93:fe 192.168.3.89]
06-24 13:44:24.053 0 0 W : [0 T1046 ..] [SP FRAME RX] arp req,vif_idx:0 sender:[0c:91:60:12:cd:8c 192.168.3.70]receiver:[00:00:00:00:00:00 192.168.3.75]
06-24 13:44:24.054 0 0 W : [0 T1046 ..] [SP FRAME TX] arp rsp,vif_idx:0 sender:[1c:79:2d:20:62:cb 192.168.3.75]receiver:[0c:91:60:12:cd:8c 192.168.3.70]
06-24 13:44:24.162 0 0 W : [3 T1046 ..] [SP FRAME RX] arp req,vif_idx:0 sender:[56:86:a9:ec:10:a8 192.168.3.19]receiver:[00:00:00:00:00:00 192.168.3.75]
06-24 13:44:24.163 0 0 W : [3 T1046 ..] [SP FRAME TX] arp rsp,vif_idx:0 sender:[1c:79:2d:20:62:cb 192.168.3.75]receiver:[56:86:a9:ec:10:a8 192.168.3.19]
06-24 13:44:24.234 0 0 W : [1 T1046 ..] [SP FRAME RX] arp req,vif_idx:0 sender:[22:75:a5:1f:46:24 192.168.3.71]receiver:[00:00:00:00:00:00 192.168.3.75]
06-24 13:44:24.235 0 0 W : [1 T1046 ..] [SP FRAME TX] arp rsp,vif_idx:0 sender:[1c:79:2d:20:62:cb 192.168.3.75]receiver:[22:75:a5:1f:46:24 192.168.3.71]
06-24 13:44:24.256 0 0 W : [1 T1046 ..] [SP FRAME RX] arp req,vif_idx:0 sender:[9a:86:f7:27:5c:25 192.168.3.169]receiver:[00:00:00:00:00:00 192.168.3.75]
06-24 13:44:24.257 0 0 W : [1 T1046 ..] [SP FRAME TX] arp rsp,vif_idx:0 sender:[1c:79:2d:20:62:cb 192.168.3.75]receiver:[9a:86:f7:27:5c:25 192.168.3.169]
06-24 13:44:24.306 0 0 W : [1 T1046 ..] [SP FRAME RX] arp req,vif_idx:0 sender:[0c:91:60:12:cd:fc 192.168.3.171]receiver:[00:00:00:00:00:00 192.168.3.75]
06-24 13:44:24.307 0 0 W : [1 T1046 ..] [SP FRAME TX] arp rsp,vif_idx:0 sender:[1c:79:2d:20:62:cb 192.168.3.75]receiver:[0c:91:60:12:cd:fc 192.168.3.171]
06-24 13:44:24.353 0 0 W : [1 T1046 ..] [SP FRAME RX] arp req,vif_idx:0 sender:[e2:04:f6:d8:62:00 192.168.3.194]receiver:[00:00:00:00:00:00 192.168.3.75]
06-24 13:44:24.354 0 0 W : [1 T1046 ..] [SP FRAME TX] arp rsp,vif_idx:0 sender:[1c:79:2d:20:62:cb 192.168.3.75]receiver:[e2:04:f6:d8:62:00 192.168.3.194]
06-24 13:44:24.418 0 0 W : [3 T1046 ..] [SP FRAME RX] arp req,vif_idx:0 sender:[b6:86:f8:35:d4:28 192.168.3.36]receiver:[00:00:00:00:00:00 192.168.3.75]
06-24 13:44:24.419 0 0 W : [3 T1046 ..] [SP FRAME TX] arp rsp,vif_idx:0 sender:[1c:79:2d:20:62:cb 192.168.3.75]receiver:[b6:86:f8:35:d4:28 192.168.3.36]
06-24 13:44:24.697 0 0 W : [0 T1046 ..] [SP FRAME RX] DHCP[0 1], vif_idx:0
06-24 13:44:28.174 685 1083 W WindowManager: [addWindow] title:cn.cibntv.ott/com.youku.tv.home.activity.HomeActivity
06-24 13:44:28.180 685 6903 D CoreBackPreview: Window{ba2c0cd u0 cn.cibntv.ott/com.youku.tv.home.activity.HomeActivity}: Setting back callback null
06-24 13:44:28.206 685 711 V WindowManager: Unknown focus tokens, dropping reportFocusChanged
06-24 13:44:28.278 685 709 W ContextImpl: Calling a method in the system process without a qualified user: android.app.ContextImpl.startService:1899 com.android.server.wm.DisplayPolicy.lambda$focusChangedLw$5:2126 com.android.server.wm.DisplayPolicy.$r8$lambda$Znxk63oh-WzVnzo_WQefN7uxV48:0 com.android.server.wm.DisplayPolicy$$ExternalSyntheticLambda13.run:0 android.os.Handler.handleCallback:958
06-24 13:44:28.314 685 1083 D CoreBackPreview: Window{b1c7ada u0 cn.cibntv.ott/com.youku.tv.home.activity.HomeActivity}: Setting back callback OnBackInvokedCallbackInfo{mCallback=android.window.IOnBackInvokedCallback$Stub$Proxy@feab094, mPriority=0, mIsAnimationCallback=false}
06-24 13:44:28.802 0 0 W : [0 T1046 ..] [SP FRAME RX] DHCP[0 1], vif_idx:0
06-24 13:44:29.478 685 1083 D CoreBackPreview: Window{b1c7ada u0 cn.cibntv.ott/com.youku.tv.home.activity.HomeActivity}: Setting back callback null
06-24 13:44:29.493 685 711 V WindowManager: Unknown focus tokens, dropping reportFocusChanged
06-24 13:44:29.592 685 709 W ContextImpl: Calling a method in the system process without a qualified user: android.app.ContextImpl.startService:1899 com.android.server.wm.DisplayPolicy.lambda$focusChangedLw$5:2126 com.android.server.wm.DisplayPolicy.$r8$lambda$Znxk63oh-WzVnzo_WQefN7uxV48:0 com.android.server.wm.DisplayPolicy$$ExternalSyntheticLambda13.run:0 android.os.Handler.handleCallback:958
06-24 13:44:29.596 685 709 D AutofillManagerService: onBackKeyPressed()
06-24 13:44:30.505 685 13323 W WindowManager: [addWindow] title:cn.cibntv.ott/com.youku.tv.home.activity.HomeActivity
06-24 13:44:30.529 685 13323 D CoreBackPreview: Window{da5c956 u0 cn.cibntv.ott/com.youku.tv.home.activity.HomeActivity}: Setting back callback OnBackInvokedCallbackInfo{mCallback=android.window.IOnBackInvokedCallback$Stub$Proxy@c6566c4, mPriority=0, mIsAnimationCallback=false}
06-24 13:44:30.608 685 709 W ContextImpl: Calling a method in the system process without a qualified user: android.app.ContextImpl.startService:1899 com.android.server.wm.DisplayPolicy.lambda$focusChangedLw$5:2126 com.android.server.wm.DisplayPolicy.$r8$lambda$Znxk63oh-WzVnzo_WQefN7uxV48:0 com.android.server.wm.DisplayPolicy$$ExternalSyntheticLambda13.run:0 android.os.Handler.handleCallback:958
06-24 13:44:31.916 0 0 W : [1 T1046 ..] [SP FRAME RX] arp req,vif_idx:0 sender:[10:b2:32:39:59:ba 192.168.3.57]receiver:[00:00:00:00:00:00 192.168.3.75]
06-24 13:44:31.917 0 0 W : [1 T1046 ..] [SP FRAME TX] arp rsp,vif_idx:0 sender:[1c:79:2d:20:62:cb 192.168.3.75]receiver:[10:b2:32:39:59:ba 192.168.3.57]
06-24 13:44:32.874 0 0 W : [0 T1046 ..] [SP FRAME RX] arp req,vif_idx:0 sender:[10:b2:32:39:59:ba 192.168.3.57]receiver:[00:00:00:00:00:00 192.168.3.75]
06-24 13:44:32.875 0 0 W : [0 T1046 ..] [SP FRAME TX] arp rsp,vif_idx:0 sender:[1c:79:2d:20:62:cb 192.168.3.75]receiver:[10:b2:32:39:59:ba 192.168.3.57]
06-24 13:44:33.866 0 0 W : [0 T1046 ..] [SP FRAME RX] arp req,vif_idx:0 sender:[10:b2:32:39:59:ba 192.168.3.57]receiver:[00:00:00:00:00:00 192.168.3.75]
06-24 13:44:33.867 0 0 W : [0 T1046 ..] [SP FRAME TX] arp rsp,vif_idx:0 sender:[1c:79:2d:20:62:cb 192.168.3.75]receiver:[10:b2:32:39:59:ba 192.168.3.57]
06-24 13:44:34.756 0 0 I [3 T6469 ..] [amlv4l]: [135]: reset mode: 1, es frames buffering: 2
06-24 13:44:34.757 0 0 I [3 T6469 ..] [amlv4l]: [135]: reset mode: 1, es frames buffering: 0
06-24 13:44:34.765 0 0 I [0 T6464 ..] [amlv4l]: [135]: reset mode: 1, es frames buffering: 0
06-24 13:44:34.767 0 0 D [2 T6464 ..] [amlcom]: vdec_release instance 0000000064920f3b, total 1
06-24 13:44:34.767 0 0 I [3 T6464 ..] [amlcom]: dos_local_config end, id 0, is_on 0
06-24 13:44:34.769 0 0 D [3 T6464 ..] [media_clock]: the clk_vdec_mux clock off, ref cnt: 0
06-24 13:44:34.769 0 0 I : [3 T6464 ..] deinit session
06-24 13:44:34.770 0 0 I : [3 T6464 ..] deinit session producer-2
06-24 13:44:34.770 0 0 I : [3 T6464 ..] deinit has_unusing_fifo [1]
06-24 13:44:34.771 0 0 I : [0 T98 ..] p_fifo[2] name[aml-vcodec-dec] state[0] to MP_FIFO_UNUSED
06-24 13:44:34.836 685 13323 D CoreBackPreview: Window{da5c956 u0 cn.cibntv.ott/com.youku.tv.home.activity.HomeActivity}: Setting back callback null
06-24 13:44:34.860 685 711 V WindowManager: Unknown focus tokens, dropping reportFocusChanged
06-24 13:44:34.954 685 709 W ContextImpl: Calling a method in the system process without a qualified user: android.app.ContextImpl.startService:1899 com.android.server.wm.DisplayPolicy.lambda$focusChangedLw$5:2126 com.android.server.wm.DisplayPolicy.$r8$lambda$Znxk63oh-WzVnzo_WQefN7uxV48:0 com.android.server.wm.DisplayPolicy$$ExternalSyntheticLambda13.run:0 android.os.Handler.handleCallback:958
06-24 13:44:35.435 0 0 E : [1 T6689 ..] mediaproxy produce init [aml-vcodec-dec]
06-24 13:44:35.435 0 0 I : [1 T6689 ..] Mediaproxy is opened name[aml-vcodec-dec]\n
06-24 13:44:35.435 0 0 I : [1 T6689 ..] Mediaproxy is opened name[aml-vcodec-dec] end\n
06-24 13:44:35.438 0 0 E : [1 T6689 ..] mediaproxy produce start connect
06-24 13:44:35.440 0 0 I : [1 T6689 ..] find p kfifo size:[32][2]
06-24 13:44:35.440 0 0 I : [1 T6689 ..] mediaproxy_get_fifo get idx[2]
06-24 13:44:35.441 0 0 I : [1 T6689 ..] Session producer-2 is connected fifo idx [2]
06-24 13:44:35.442 0 0 E : [1 T6689 ..] mediaproxy produce connect [2]
06-24 13:44:35.442 0 0 I : [1 T6689 ..] mediaproxy produce msg type :0x40 module_name:aml-vcodec-dec
06-24 13:44:35.474 0 0 I : [0 T6689 ..] deinit session
06-24 13:44:35.474 0 0 I : [0 T6689 ..] deinit session producer-2
06-24 13:44:35.475 0 0 I : [0 T6689 ..] deinit has_unusing_fifo [1]
06-24 13:44:35.475 0 0 I : [3 T98 ..] p_fifo[2] name[aml-vcodec-dec] state[0] to MP_FIFO_UNUSED
06-24 13:44:35.479 0 0 E : [1 T6689 ..] mediaproxy produce init [aml-vcodec-dec]
06-24 13:44:35.479 0 0 I : [1 T6689 ..] Mediaproxy is opened name[aml-vcodec-dec]\n
06-24 13:44:35.479 0 0 I : [1 T6689 ..] Mediaproxy is opened name[aml-vcodec-dec] end\n
06-24 13:44:35.480 0 0 E : [1 T6689 ..] mediaproxy produce start connect
06-24 13:44:35.481 0 0 I : [1 T6689 ..] find p kfifo size:[32][2]
06-24 13:44:35.482 0 0 I : [1 T6689 ..] mediaproxy_get_fifo get idx[2]
06-24 13:44:35.483 0 0 I : [1 T6689 ..] Session producer-2 is connected fifo idx [2]
06-24 13:44:35.483 0 0 E : [1 T6689 ..] mediaproxy produce connect [2]
06-24 13:44:35.484 0 0 I : [1 T6689 ..] mediaproxy produce msg type :0x40 module_name:aml-vcodec-dec
06-24 13:44:35.486 0 0 I : [0 T6689 ..] deinit session
06-24 13:44:35.486 0 0 I : [0 T6689 ..] deinit session producer-2
06-24 13:44:35.486 0 0 I : [0 T6689 ..] deinit has_unusing_fifo [1]
06-24 13:44:35.487 0 0 I : [3 T98 ..] p_fifo[2] name[aml-vcodec-dec] state[0] to MP_FIFO_UNUSED
06-24 13:44:35.491 0 0 I : [2 T6689 ..] codec mem info:
06-24 13:44:35.491 0 0 I : [2 T6689 ..] total codec mem size:364 MB
06-24 13:44:35.491 0 0 I : [2 T6689 ..] alloced size= 0 MB
06-24 13:44:35.492 0 0 I : [2 T6689 ..] max alloced: 119 MB
06-24 13:44:35.492 0 0 I [2 T6689 ..] CMA: 0,RES:0,TVP:0,SYS:0,COHER:0,VMAPED:0 MB
06-24 13:44:35.493 0 0 I [2 T6689 ..] RES_EXT: 0 MB
06-24 13:44:35.493 0 0 I : [2 T6689 ..] [4]CMA size:364 MB:alloced: 0 MB,free:363 MB
06-24 13:44:35.494 0 0 I [2 T6689 d.] [857].0: CODEC_MM_DMA_BUF.0,addr=0xcf405000,size=307200,from=4,cnt=1,flags=1,used:31196 ms
06-24 13:44:35.494 0 0 I : [2 T6689 ..] codec mem info:
06-24 13:44:35.496 0 0 I : [2 T6689 ..] total codec mem size:364 MB
06-24 13:44:35.497 0 0 I : [2 T6689 ..] alloced size= 0 MB
06-24 13:44:35.497 0 0 I : [2 T6689 ..] max alloced: 119 MB
06-24 13:44:35.498 0 0 I [2 T6689 ..] CMA: 0,RES:0,TVP:0,SYS:0,COHER:0,VMAPED:0 MB
06-24 13:44:35.499 0 0 I [2 T6689 ..] RES_EXT: 0 MB
06-24 13:44:35.500 0 0 I : [2 T6689 ..] [4]CMA size:364 MB:alloced: 0 MB,free:363 MB
06-24 13:44:35.500 0 0 I [2 T6689 d.] [857].0: CODEC_MM_DMA_BUF.0,addr=0xcf405000,size=307200,from=4,cnt=1,flags=1,used:31200 ms
06-24 13:44:35.501 0 0 E : [3 T6700 ..] mediaproxy produce init [aml-vcodec-dec]
06-24 13:44:35.503 0 0 I : [3 T6700 ..] Mediaproxy is opened name[aml-vcodec-dec]\n
06-24 13:44:35.503 0 0 I : [3 T6700 ..] Mediaproxy is opened name[aml-vcodec-dec] end\n
06-24 13:44:35.503 0 0 E : [3 T6700 ..] mediaproxy produce start connect
06-24 13:44:35.504 0 0 I : [3 T6700 ..] find p kfifo size:[32][2]
06-24 13:44:35.506 0 0 I : [3 T6700 ..] mediaproxy_get_fifo get idx[2]
06-24 13:44:35.506 0 0 I : [3 T6700 ..] Session producer-2 is connected fifo idx [2]
06-24 13:44:35.508 0 0 E : [3 T6700 ..] mediaproxy produce connect [2]
06-24 13:44:35.508 0 0 I : [3 T6700 ..] mediaproxy produce msg type :0x40 module_name:aml-vcodec-dec
06-24 13:44:35.512 0 0 I : [0 T6700 ..] deinit session
06-24 13:44:35.512 0 0 I : [0 T6700 ..] deinit session producer-2
06-24 13:44:35.513 0 0 I : [0 T6700 ..] deinit has_unusing_fifo [1]
06-24 13:44:35.513 0 0 I : [1 T98 ..] p_fifo[2] name[aml-vcodec-dec] state[0] to MP_FIFO_UNUSED
06-24 13:44:35.519 0 0 E : [2 T6700 ..] mediaproxy produce init [aml-vcodec-dec]
06-24 13:44:35.519 0 0 I : [2 T6700 ..] Mediaproxy is opened name[aml-vcodec-dec]\n
06-24 13:44:35.519 0 0 I : [2 T6700 ..] Mediaproxy is opened name[aml-vcodec-dec] end\n
06-24 13:44:35.520 0 0 E : [2 T6700 ..] mediaproxy produce start connect
06-24 13:44:35.523 0 0 I : [2 T6700 ..] find p kfifo size:[32][2]
06-24 13:44:35.523 0 0 I : [2 T6700 ..] mediaproxy_get_fifo get idx[2]
06-24 13:44:35.524 0 0 I : [2 T6700 ..] Session producer-2 is connected fifo idx [2]
06-24 13:44:35.525 0 0 E : [2 T6700 ..] mediaproxy produce connect [2]
06-24 13:44:35.525 0 0 I : [2 T6700 ..] mediaproxy produce msg type :0x40 module_name:aml-vcodec-dec
06-24 13:44:35.528 0 0 I [0 T6700 ..] [amlv4l]: [139]: DW:10, TW:0, Margin:6
06-24 13:44:35.529 0 0 D [1 T6706 ..] [amlcom]: vdec_create instance 00000000b56a0a45, total 1, PM: power-domain
06-24 13:44:35.529 0 0 D [1 T6706 ..] [media_clock]: vdec mux clock is 799999988 Hz
06-24 13:44:35.530 0 0 I [2 T6706 ..] [amlcom]: dos_local_config end, id 0, is_on 1
06-24 13:44:35.530 0 0 I [2 T6706 ..] [amlcom]: vdec_init, dev_name:ammvdec_h264_v4l, vdec_type=VDEC_TYPE_FRAME_BLOCK, format: 2, total: 1
06-24 13:44:35.534 0 0 D [2 T6706 ..] [h264]: 0: pdata->config=parm_v4l_codec_enable:1;mh264_double_write_mode:16;parm_v4l_buffer_margin:6;parm_v4l_canvas_mem_mode:0;parm_v4l_canvas_mem_endian:0;parm_v4l_low_latency_mode:0;parm_v4l_metadata_config_flag:1050626;parm_v4l_duration:0;parm_v4l_error_handle_info:0;
06-24 13:44:35.534 0 0 D [2 T6706 ..] [h264]: 0: ammvdec_h264_probe error_proc_policy 0x813fcff7 mb_count_threshold 0
06-24 13:44:35.534 0 0 D [2 T6706 ..] [h264]: ammvdec_h264_bmmu_init tvp = 0x0
06-24 13:44:35.541 0 0 D [2 T6706 ..] [media_clock]: vdec mux clock is 799999988 Hz
06-24 13:44:35.541 0 0 D [2 T6706 ..] [h264]: vh264_init, phy_addr=cee29000 vaddr=00000000f97cf033
06-24 13:44:35.546 0 0 I [1 T6689 ..] [amlv4l]: [139]: set vf duration: c80
06-24 13:44:35.697 0 0 I [3 T6706 ..] [amlv4l]: [139]: reset mode: 1, es frames buffering: 0
06-24 13:44:35.697 0 0 D [3 T6706 ..] [h264]: 0: !!!wrong seq_info2 0x0 mb_width/mb_height (0x0/0x0), ret:1
06-24 13:44:35.721 0 0 D [3 T6307 ..] [h264]: 0: vmh264_get_ps_info mmu_enable 0 double_write_mode 0x10
06-24 13:44:35.721 0 0 I [3 T6307 ..] [amlv4l]: [139]: Parse from ucode, visible(1280 x 536), coded(1280 x 576), scan:P, bitdepth(0), dw(10)
06-24 13:44:35.721 0 0 I [2 T6706 ..] [amlv4l]: [139]: Picture buffer count: dec:7, vpp:0, ge2d:0, margin:6, total:13
06-24 13:44:35.724 0 0 D [2 T6706 ..] [amlv4l]: [139]: Post event: res chg
06-24 13:44:35.738 0 0 D [3 T27270 ..] [h264]: 0: restriction_flag=0, max_dec_frame_buffering=6, dec_dpb_size=7 num_reorder_frames 4 used_reorder_dpb_size_margin 6
06-24 13:44:35.759 0 0 D [0 T239 ..] [h264]: 0: decoder duration change old: 0 new: 1920
06-24 13:44:35.851 0 0 W [0 T6712 ..] audit: audit_lost=2937 audit_rate_limit=5 audit_backlog_limit=64
06-24 13:44:35.851 0 0 E [0 T6712 ..] audit: rate limit exceeded
06-24 13:44:36.561 0 0 I [3 T314 ..] dim: pq i:rm 0x1000
06-24 13:44:36.563 0 0 I [3 T314 ..] dim: pq i:rm 0x2000
06-24 13:44:36.568 0 0 I [3 T314 ..] dim: pq i:rm 0x200
06-24 13:44:36.569 0 0 I [3 T314 ..] dim: pq i:rm 0x800
06-24 13:44:36.690 0 0 W : [0 T1046 ..] [SP FRAME RX] DHCP[0 1], vif_idx:0
06-24 13:44:36.691 0 0 I [1 T360 ..] dp_buf: [0:135]di buf_mgr free
06-24 13:44:45.005 0 0 W : [2 T1046 ..] [SP FRAME RX] arp req,vif_idx:0 sender:[42:b8:8f:60:49:b1 192.168.3.178]receiver:[00:00:00:00:00:00 192.168.3.75]
06-24 13:44:45.006 0 0 W : [2 T1046 ..] [SP FRAME TX] arp rsp,vif_idx:0 sender:[1c:79:2d:20:62:cb 192.168.3.75]receiver:[42:b8:8f:60:49:b1 192.168.3.178]
06-24 13:44:45.130 0 0 W : [2 T0 .s] [SP FRAME TX] arp req,vif_idx:0 sender:[1c:79:2d:20:62:cb 192.168.3.75]receiver:[00:00:00:00:00:00 192.168.3.178]
06-24 13:44:45.137 0 0 W : [2 T1046 ..] [SP FRAME RX] arp rsp,vif_idx:0 sender:[42:b8:8f:60:49:b1 192.168.3.178]receiver:[1c:79:2d:20:62:cb 192.168.3.75]
06-24 13:44:46.922 0 0 W : [0 T27270 ..] [aml_send_sync_trace 4388] sync token[63880]
06-24 13:44:46.922 0 0 W : [0 T27270 ..] >>> aml_send_msg()
06-24 13:44:46.924 0 0 W : [1 T1041 ..] ipc_sdio_host_msgack_handler 00000000ed6f8332
06-24 13:44:46.924 0 0 W : [1 T1041 ..] [aml_msgackind 2039] msg ack hostid=0xffffff807bbae280
06-24 13:44:46.925 0 0 W : [1 T1041 ..] [cmd_mgr_llind 329] cmd tkn[222] flags:0008 result: -4 cmd: 105-MM_SYNC_TRACE - reqcfm( 0-none)
06-24 13:44:46.926 0 0 W : [1 T1041 ..] [cmd_complete 65] cmd tkn[222] flags:0000 result: -4 cmd: 105-MM_SYNC_TRACE - reqcfm( 0-none)
06-24 13:44:52.664 0 0 W : [1 T1046 ..] [SP FRAME RX] DHCP[0 1], vif_idx:0
06-24 13:44:53.446 0 0 W : [0 T1046 ..] [SP FRAME RX] arp req,vif_idx:0 sender:[b6:9c:70:ec:40:e7 192.168.3.65]receiver:[00:00:00:00:00:00 192.168.3.75]
06-24 13:44:53.447 0 0 W : [0 T1046 ..] [SP FRAME TX] arp rsp,vif_idx:0 sender:[1c:79:2d:20:62:cb 192.168.3.75]receiver:[b6:9c:70:ec:40:e7 192.168.3.65]
06-24 13:44:53.578 0 0 W : [0 T0 .s] [SP FRAME TX] arp req,vif_idx:0 sender:[1c:79:2d:20:62:cb 192.168.3.75]receiver:[00:00:00:00:00:00 192.168.3.65]
06-24 13:44:53.584 0 0 W : [2 T1046 ..] [SP FRAME RX] arp rsp,vif_idx:0 sender:[b6:9c:70:ec:40:e7 192.168.3.65]receiver:[1c:79:2d:20:62:cb 192.168.3.75]
06-24 13:44:55.324 0 0 W : [2 T1046 ..] [SP FRAME RX] DHCP[0 1], vif_idx:0
06-24 13:44:55.370 0 0 W : [3 T0 .s] [SP FRAME TX] arp req,vif_idx:0 sender:[1c:79:2d:20:62:cb 192.168.3.75]receiver:[00:00:00:00:00:00 192.168.3.157]
06-24 13:44:55.757 0 0 W : [3 T1046 ..] [SP FRAME RX] arp rsp,vif_idx:0 sender:[50:ba:02:e7:1e:de 192.168.3.157]receiver:[1c:79:2d:20:62:cb 192.168.3.75]
06-24 13:44:56.138 0 0 W : [2 T643 .s] [SP FRAME TX] arp req,vif_idx:0 sender:[1c:79:2d:20:62:cb 192.168.3.75]receiver:[00:00:00:00:00:00 192.168.3.224]
06-24 13:44:56.202 0 0 W : [3 T1046 ..] [SP FRAME RX] arp rsp,vif_idx:0 sender:[9a:4b:83:2e:ec:1b 192.168.3.224]receiver:[1c:79:2d:20:62:cb 192.168.3.75]
06-24 13:44:56.207 0 0 W : [1 T1041 ..] fmac ASSERT (***** assert_rec *****: ) at ip/lmac/src/hal/hal_machw.c:754
06-24 13:44:56.207 0 0 W : [1 T1041 ..] >>> aml_rx_dbg_error_ind()
06-24 13:44:56.208 0 0 E : [1 T1041 ..] aml_sdio mmc1:0000:7: (type 0): dump received
06-24 13:44:56.208 0 0 E : [1 T4812 ..] aml_sdio mmc1:0000:7: Failed to call /usr/bin/aml_umh.sh (/usr/bin/aml_umh.sh returned -524)
06-24 13:44:56.347 0 0 W : [2 T1046 ..] [SP FRAME RX] arp req,vif_idx:0 sender:[9a:4b:83:2e:ec:1b 192.168.3.224]receiver:[00:00:00:00:00:00 192.168.3.75]
06-24 13:44:56.348 0 0 W : [2 T1046 ..] [SP FRAME TX] arp rsp,vif_idx:0 sender:[1c:79:2d:20:62:cb 192.168.3.75]receiver:[9a:4b:83:2e:ec:1b 192.168.3.224]
06-24 13:44:56.474 0 0 W : [2 T1046 ..] [SP FRAME RX] DHCP[0 1], vif_idx:0
06-24 13:44:58.490 0 0 W : [0 T1046 ..] [SP FRAME RX] DHCP[0 1], vif_idx:0
06-24 13:45:02.485 0 0 W : [3 T1046 ..] [SP FRAME RX] DHCP[0 1], vif_idx:0
06-24 13:45:04.635 0 0 W : [2 T1046 ..] [SP FRAME RX] DHCP[0 1], vif_idx:0
06-24 13:45:05.713 0 0 W : [0 T1046 ..] [SP FRAME RX] DHCP[0 1], vif_idx:0
06-24 13:45:07.612 0 0 W : [0 T1046 ..] [SP FRAME RX] DHCP[0 1], vif_idx:0
06-24 13:45:07.658 0 0 W : [2 T643 .s] [SP FRAME TX] arp req,vif_idx:0 sender:[1c:79:2d:20:62:cb 192.168.3.75]receiver:[00:00:00:00:00:00 192.168.3.217]
06-24 13:45:07.685 0 0 W : [0 T1046 ..] [SP FRAME RX] arp rsp,vif_idx:0 sender:[b2:33:fc:c9:ef:d5 192.168.3.217]receiver:[1c:79:2d:20:62:cb 192.168.3.75]
06-24 13:45:07.838 0 0 W : [0 T1046 ..] [SP FRAME RX] arp req,vif_idx:0 sender:[b2:33:fc:c9:ef:d5 192.168.3.217]receiver:[00:00:00:00:00:00 192.168.3.75]
06-24 13:45:07.839 0 0 W : [0 T1046 ..] [SP FRAME TX] arp rsp,vif_idx:0 sender:[1c:79:2d:20:62:cb 192.168.3.75]receiver:[b2:33:fc:c9:ef:d5 192.168.3.217]
06-24 13:45:10.796 0 0 W : [3 T1041 ..] traffic idle!!
06-24 13:45:11.701 0 0 W : [2 T1046 ..] [SP FRAME RX] DHCP[0 1], vif_idx:0
06-24 13:45:13.546 0 0 W : [0 T0 .s] [SP FRAME TX] arp req,vif_idx:0 sender:[1c:79:2d:20:62:cb 192.168.3.75]receiver:[00:00:00:00:00:00 192.168.3.224]
06-24 13:45:13.750 0 0 W : [2 T1046 ..] [SP FRAME RX] arp rsp,vif_idx:0 sender:[9a:4b:83:2e:ec:1b 192.168.3.224]receiver:[1c:79:2d:20:62:cb 192.168.3.75]
06-24 13:45:18.922 0 0 W : [2 T0 .s] [SP FRAME TX] arp req,vif_idx:0 sender:[1c:79:2d:20:62:cb 192.168.3.75]receiver:[00:00:00:00:00:00 192.168.3.157]
06-24 13:45:18.959 0 0 W : [0 T1046 ..] [SP FRAME RX] arp rsp,vif_idx:0 sender:[50:ba:02:e7:1e:de 192.168.3.157]receiver:[1c:79:2d:20:62:cb 192.168.3.75]
06-24 13:45:19.699 0 0 W : [3 T1046 ..] [SP FRAME RX] DHCP[0 1], vif_idx:0
06-24 13:45:26.179 0 0 W : [1 T1046 ..] [SP FRAME RX] DHCP[0 1], vif_idx:0
06-24 13:45:32.746 0 0 W : [1 T0 .s] [SP FRAME TX] arp req,vif_idx:0 sender:[1c:79:2d:20:62:cb 192.168.3.75]receiver:[00:00:00:00:00:00 192.168.3.65]
06-24 13:45:32.844 0 0 W : [3 T1046 ..] [SP FRAME RX] arp rsp,vif_idx:0 sender:[b6:9c:70:ec:40:e7 192.168.3.65]receiver:[1c:79:2d:20:62:cb 192.168.3.75]
06-24 13:45:35.765 0 0 W : [0 T1046 ..] [SP FRAME RX] DHCP[0 1], vif_idx:0
06-24 13:45:42.478 0 0 W : [3 T1046 ..] [SP FRAME RX] arp req,vif_idx:0 sender:[c2:04:5a:1e:8c:b3 192.168.3.47]receiver:[00:00:00:00:00:00 192.168.3.75]
06-24 13:45:42.478 0 0 W : [1 T0 .s] [SP FRAME TX] arp req,vif_idx:0 sender:[1c:79:2d:20:62:cb 192.168.3.75]receiver:[00:00:00:00:00:00 192.168.3.47]
06-24 13:45:42.480 0 0 W : [1 T0 .s] [SP FRAME TX] arp rsp,vif_idx:0 sender:[1c:79:2d:20:62:cb 192.168.3.75]receiver:[c2:04:5a:1e:8c:b3 192.168.3.47]
06-24 13:45:43.498 0 0 W : [1 T0 .s] [SP FRAME TX] arp req,vif_idx:0 sender:[1c:79:2d:20:62:cb 192.168.3.75]receiver:[00:00:00:00:00:00 192.168.3.47]
06-24 13:45:43.593 0 0 W : [3 T1046 ..] [SP FRAME RX] arp req,vif_idx:0 sender:[c2:04:5a:1e:8c:b3 192.168.3.47]receiver:[00:00:00:00:00:00 192.168.3.75]
06-24 13:45:43.594 0 0 W : [3 T1046 ..] [SP FRAME TX] arp rsp,vif_idx:0 sender:[1c:79:2d:20:62:cb 192.168.3.75]receiver:[c2:04:5a:1e:8c:b3 192.168.3.47]
06-24 13:45:43.666 0 0 W : [3 T1046 ..] [SP FRAME RX] arp rsp,vif_idx:0 sender:[c2:04:5a:1e:8c:b3 192.168.3.47]receiver:[1c:79:2d:20:62:cb 192.168.3.75]
06-24 13:45:44.245 0 0 W : [1 T1046 ..] [SP FRAME RX] arp rsp,vif_idx:0 sender:[c2:04:5a:1e:8c:b3 192.168.3.47]receiver:[1c:79:2d:20:62:cb 192.168.3.75]
06-24 13:45:44.292 0 0 W : [3 T1046 ..] [SP FRAME RX] arp rsp,vif_idx:0 sender:[c2:04:5a:1e:8c:b3 192.168.3.47]receiver:[1c:79:2d:20:62:cb 192.168.3.75]
06-24 13:45:45.802 0 0 W : [0 T0 .s] [SP FRAME TX] arp req,vif_idx:0 sender:[1c:79:2d:20:62:cb 192.168.3.75]receiver:[00:00:00:00:00:00 192.168.3.157]
06-24 13:45:46.474 0 0 W : [0 T1046 ..] [SP FRAME RX] arp rsp,vif_idx:0 sender:[50:ba:02:e7:1e:de 192.168.3.157]receiver:[1c:79:2d:20:62:cb 192.168.3.75]
06-24 13:45:48.362 0 0 W : [0 T6307 ..] [aml_send_sync_trace 4388] sync token[63881]
06-24 13:45:48.362 0 0 W : [0 T6307 ..] >>> aml_send_msg()
06-24 13:45:48.363 0 0 W : [2 T1041 ..] ipc_sdio_host_msgack_handler 000000002c4e3cd9
06-24 13:45:48.364 0 0 W : [2 T1041 ..] [aml_msgackind 2039] msg ack hostid=0xffffff8046a4bd80
06-24 13:45:48.365 0 0 W : [2 T1041 ..] [cmd_mgr_llind 329] cmd tkn[223] flags:0008 result: -4 cmd: 105-MM_SYNC_TRACE - reqcfm( 0-none)
06-24 13:45:48.366 0 0 W : [2 T1041 ..] [cmd_complete 65] cmd tkn[223] flags:0000 result: -4 cmd: 105-MM_SYNC_TRACE - reqcfm( 0-none)
06-24 13:45:53.517 0 0 W : [2 T1046 ..] [SP FRAME RX] arp req,vif_idx:0 sender:[20:57:9e:67:7f:db 192.168.3.98]receiver:[00:00:00:00:00:00 192.168.3.75]
06-24 13:45:53.518 0 0 W : [2 T1046 ..] [SP FRAME TX] arp rsp,vif_idx:0 sender:[1c:79:2d:20:62:cb 192.168.3.75]receiver:[20:57:9e:67:7f:db 192.168.3.98]
06-24 13:45:53.551 0 0 W : [2 T1046 ..] [SP FRAME RX] arp req,vif_idx:0 sender:[0c:91:60:12:cd:6e 192.168.3.81]receiver:[00:00:00:00:00:00 192.168.3.75]
06-24 13:45:53.552 0 0 W : [2 T1046 ..] [SP FRAME TX] arp rsp,vif_idx:0 sender:[1c:79:2d:20:62:cb 192.168.3.75]receiver:[0c:91:60:12:cd:6e 192.168.3.81]
06-24 13:45:53.627 0 0 W : [2 T1046 ..] [SP FRAME RX] arp req,vif_idx:0 sender:[b6:9c:70:ec:40:e7 192.168.3.65]receiver:[00:00:00:00:00:00 192.168.3.75]
06-24 13:45:53.628 0 0 W : [2 T1046 ..] [SP FRAME TX] arp rsp,vif_idx:0 sender:[1c:79:2d:20:62:cb 192.168.3.75]receiver:[b6:9c:70:ec:40:e7 192.168.3.65]
06-24 13:45:53.658 0 0 W : [2 T1046 ..] [SP FRAME RX] arp req,vif_idx:0 sender:[68:39:43:80:0a:5c 192.168.3.209]receiver:[00:00:00:00:00:00 192.168.3.75]
06-24 13:45:53.659 0 0 W : [2 T1046 ..] [SP FRAME TX] arp rsp,vif_idx:0 sender:[1c:79:2d:20:62:cb 192.168.3.75]receiver:[68:39:43:80:0a:5c 192.168.3.209]
06-24 13:45:53.765 0 0 W : [2 T1046 ..] [SP FRAME RX] arp req,vif_idx:0 sender:[b6:86:f8:35:d4:28 192.168.3.36]receiver:[00:00:00:00:00:00 192.168.3.75]
06-24 13:45:53.766 0 0 W : [2 T1046 ..] [SP FRAME TX] arp rsp,vif_idx:0 sender:[1c:79:2d:20:62:cb 192.168.3.75]receiver:[b6:86:f8:35:d4:28 192.168.3.36]
06-24 13:45:53.845 0 0 W : [3 T1046 ..] [SP FRAME RX] arp req,vif_idx:0 sender:[28:7b:11:70:51:1f 192.168.3.44]receiver:[00:00:00:00:00:00 192.168.3.75]
06-24 13:45:53.846 0 0 W : [3 T1046 ..] [SP FRAME TX] arp rsp,vif_idx:0 sender:[1c:79:2d:20:62:cb 192.168.3.75]receiver:[28:7b:11:70:51:1f 192.168.3.44]
06-24 13:45:53.847 0 0 W : [3 T1046 ..] [SP FRAME RX] arp req,vif_idx:0 sender:[d2:07:9a:6e:a7:36 192.168.3.27]receiver:[00:00:00:00:00:00 192.168.3.75]
06-24 13:45:53.849 0 0 W : [3 T1046 ..] [SP FRAME TX] arp rsp,vif_idx:0 sender:[1c:79:2d:20:62:cb 192.168.3.75]receiver:[d2:07:9a:6e:a7:36 192.168.3.27]
06-24 13:45:53.872 0 0 W : [3 T1046 ..] [SP FRAME RX] arp req,vif_idx:0 sender:[9a:86:f7:27:5c:25 192.168.3.169]receiver:[00:00:00:00:00:00 192.168.3.75]
06-24 13:45:53.873 0 0 W : [3 T1046 ..] [SP FRAME TX] arp rsp,vif_idx:0 sender:[1c:79:2d:20:62:cb 192.168.3.75]receiver:[9a:86:f7:27:5c:25 192.168.3.169]
06-24 13:45:54.041 0 0 W : [0 T1046 ..] [SP FRAME RX] arp req,vif_idx:0 sender:[9a:4b:83:2e:ec:1b 192.168.3.224]receiver:[00:00:00:00:00:00 192.168.3.75]
06-24 13:45:54.042 0 0 W : [0 T1046 ..] [SP FRAME TX] arp rsp,vif_idx:0 sender:[1c:79:2d:20:62:cb 192.168.3.75]receiver:[9a:4b:83:2e:ec:1b 192.168.3.224]
06-24 13:45:54.060 0 0 W : [0 T1046 ..] [SP FRAME RX] arp req,vif_idx:0 sender:[16:8e:6e:17:dc:41 192.168.3.176]receiver:[00:00:00:00:00:00 192.168.3.75]
06-24 13:45:54.062 0 0 W : [0 T1046 ..] [SP FRAME TX] arp rsp,vif_idx:0 sender:[1c:79:2d:20:62:cb 192.168.3.75]receiver:[16:8e:6e:17:dc:41 192.168.3.176]
06-24 13:45:54.075 0 0 W : [0 T1046 ..] [SP FRAME RX] arp req,vif_idx:0 sender:[28:7b:11:70:4f:bd 192.168.3.156]receiver:[00:00:00:00:00:00 192.168.3.75]
06-24 13:45:54.076 0 0 W : [0 T1046 ..] [SP FRAME TX] arp rsp,vif_idx:0 sender:[1c:79:2d:20:62:cb 192.168.3.75]receiver:[28:7b:11:70:4f:bd 192.168.3.156]
06-24 13:45:54.129 0 0 W : [0 T1046 ..] [SP FRAME RX] arp req,vif_idx:0 sender:[28:7b:11:70:4f:a5 192.168.3.155]receiver:[00:00:00:00:00:00 192.168.3.75]
06-24 13:45:54.130 0 0 W : [0 T1046 ..] [SP FRAME TX] arp rsp,vif_idx:0 sender:[1c:79:2d:20:62:cb 192.168.3.75]receiver:[28:7b:11:70:4f:a5 192.168.3.155]
06-24 13:45:54.160 0 0 W : [0 T1046 ..] [SP FRAME RX] arp req,vif_idx:0 sender:[da:b8:33:f6:93:fe 192.168.3.89]receiver:[00:00:00:00:00:00 192.168.3.75]
06-24 13:45:54.160 0 0 W : [0 T1046 ..] [SP FRAME TX] arp rsp,vif_idx:0 sender:[1c:79:2d:20:62:cb 192.168.3.75]receiver:[da:b8:33:f6:93:fe 192.168.3.89]
06-24 13:45:54.167 0 0 W : [0 T1046 ..] [SP FRAME RX] arp req,vif_idx:0 sender:[0c:91:60:12:cd:8c 192.168.3.70]receiver:[00:00:00:00:00:00 192.168.3.75]
06-24 13:45:54.168 0 0 W : [0 T1046 ..] [SP FRAME TX] arp rsp,vif_idx:0 sender:[1c:79:2d:20:62:cb 192.168.3.75]receiver:[0c:91:60:12:cd:8c 192.168.3.70]
06-24 13:45:54.307 0 0 W : [1 T1046 ..] [SP FRAME RX] arp req,vif_idx:0 sender:[56:86:a9:ec:10:a8 192.168.3.19]receiver:[00:00:00:00:00:00 192.168.3.75]
06-24 13:45:54.308 0 0 W : [3 T20860 ..] [SP FRAME TX] arp rsp,vif_idx:0 sender:[1c:79:2d:20:62:cb 192.168.3.75]receiver:[56:86:a9:ec:10:a8 192.168.3.19]
06-24 13:45:54.442 0 0 W : [1 T1046 ..] [SP FRAME RX] arp req,vif_idx:0 sender:[22:75:a5:1f:46:24 192.168.3.71]receiver:[00:00:00:00:00:00 192.168.3.75]
06-24 13:45:54.443 0 0 W : [1 T1046 ..] [SP FRAME TX] arp rsp,vif_idx:0 sender:[1c:79:2d:20:62:cb 192.168.3.75]receiver:[22:75:a5:1f:46:24 192.168.3.71]
06-24 13:45:54.473 0 0 W : [3 T1046 ..] [SP FRAME RX] arp req,vif_idx:0 sender:[e2:04:f6:d8:62:00 192.168.3.194]receiver:[00:00:00:00:00:00 192.168.3.75]
06-24 13:45:54.474 0 0 W : [3 T1046 ..] [SP FRAME TX] arp rsp,vif_idx:0 sender:[1c:79:2d:20:62:cb 192.168.3.75]receiver:[e2:04:f6:d8:62:00 192.168.3.194]
06-24 13:45:54.657 0 0 W : [3 T1046 ..] [SP FRAME RX] arp req,vif_idx:0 sender:[0c:91:60:12:cd:fc 192.168.3.171]receiver:[00:00:00:00:00:00 192.168.3.75]
06-24 13:45:54.658 0 0 W : [3 T1046 ..] [SP FRAME TX] arp rsp,vif_idx:0 sender:[1c:79:2d:20:62:cb 192.168.3.75]receiver:[0c:91:60:12:cd:fc 192.168.3.171]
06-24 13:45:54.768 0 0 W : [1 T1046 ..] [SP FRAME RX] arp req,vif_idx:0 sender:[02:d1:be:fb:0a:d7 192.168.3.130]receiver:[00:00:00:00:00:00 192.168.3.75]
06-24 13:45:54.769 0 0 W : [1 T1046 ..] [SP FRAME TX] arp rsp,vif_idx:0 sender:[1c:79:2d:20:62:cb 192.168.3.75]receiver:[02:d1:be:fb:0a:d7 192.168.3.130]
06-24 13:46:07.715 0 0 W : [3 T1046 ..] [SP FRAME RX] DHCP[0 1], vif_idx:0
06-24 13:46:22.618 1407 1731 W ContextImpl: Calling a method in the system process without a qualified user: android.app.ContextImpl.sendBroadcast:1220 android.content.ContextWrapper.sendBroadcast:504 com.dangbei.etna.setting.core.SettingHelper.sendCycleToProjector:257 com.dangbei.etna.setting.core.SettingHelper.sendCycleCheckBroadcast:226 com.dangbei.etna.setting.core.SettingHelper.startLoop$lambda-0:185
06-24 13:46:22.620 1407 1731 W ContextImpl: Calling a method in the system process without a qualified user: android.app.ContextImpl.sendBroadcast:1220 android.content.ContextWrapper.sendBroadcast:504 com.dangbei.etna.setting.core.SettingHelper.sendCycleToVoice:242 com.dangbei.etna.setting.core.SettingHelper.sendCycleCheckBroadcast:227 com.dangbei.etna.setting.core.SettingHelper.startLoop$lambda-0:185
06-24 13:46:23.694 0 0 W : [3 T0 .s] [SP FRAME TX] arp req,vif_idx:0 sender:[1c:79:2d:20:62:cb 192.168.3.75]receiver:[00:00:00:00:00:00 192.168.3.65]
06-24 13:46:23.704 0 0 W : [3 T1046 ..] [SP FRAME RX] arp rsp,vif_idx:0 sender:[b6:9c:70:ec:40:e7 192.168.3.65]receiver:[1c:79:2d:20:62:cb 192.168.3.75]
06-24 13:46:30.031 685 959 W WindowManager: [addWindow] title:cn.cibntv.ott/com.youku.tv.home.activity.HomeActivity
06-24 13:46:30.045 685 959 D CoreBackPreview: Window{4b5e4fa u0 cn.cibntv.ott/com.youku.tv.home.activity.HomeActivity}: Setting back callback OnBackInvokedCallbackInfo{mCallback=android.window.IOnBackInvokedCallback$Stub$Proxy@8696508, mPriority=0, mIsAnimationCallback=false}
