06-24 11:35:16.180 901 979 V WindowManagerShell: try handler com.android.wm.shell.keyguard.KeyguardTransitionHandler@24e2028
06-24 11:35:16.180 901 979 V WindowManagerShell: try handler com.android.wm.shell.pip.tv.TvPipTransition@1141
06-24 11:35:16.180 901 979 V WindowManagerShell: try handler com.android.wm.shell.activityembedding.ActivityEmbeddingController@e8f56e6
06-24 11:35:16.180 901 979 V WindowManagerShell: try handler com.android.wm.shell.transition.RemoteTransitionHandler@b664427
06-24 11:35:16.180 901 979 V WindowManagerShell: Transition doesn't have explicit remote, search filters for match for {id=44 t=OPEN f=0x0 trk=0 r=[0@Point(0, 0)] c=[{null m=OPEN f=FILLS_TASK leash=Surface(name=ActivityRecord{c21aaef u0 com.netease.cloudmusic.tv/.activity.TvVideoActivity)/@0x7044ab5 sb=Rect(0, 0 - 0, 0) eb=Rect(0, 0 - 1920, 1080) d=-1->0 r=-1->0:-1},{null m=TO_BACK f=FILLS_TASK leash=Surface(name=ActivityRecord{cf771ba u0 com.netease.cloudmusic.tv/com.netease.cloudmusic.app.PlaylistActivity)/@0x895254a sb=Rect(0, 0 - 1920, 1080) eb=Rect(0, 0 - 1920, 1080) d=0}]}
06-24 11:35:16.180 901 979 V WindowManagerShell: Delegate animation for #44 to null
06-24 11:35:16.180 901 979 V WindowManagerShell: try handler com.android.wm.shell.transition.DefaultTransitionHandler@7916d4
06-24 11:35:16.180 901 979 V WindowManagerShell: start default transition animation, info = {id=44 t=OPEN f=0x0 trk=0 r=[0@Point(0, 0)] c=[{null m=OPEN f=FILLS_TASK leash=Surface(name=ActivityRecord{c21aaef u0 com.netease.cloudmusic.tv/.activity.TvVideoActivity)/@0x7044ab5 sb=Rect(0, 0 - 0, 0) eb=Rect(0, 0 - 1920, 1080) d=-1->0 r=-1->0:-1},{null m=TO_BACK f=FILLS_TASK leash=Surface(name=ActivityRecord{cf771ba u0 com.netease.cloudmusic.tv/com.netease.cloudmusic.app.PlaylistActivity)/@0x895254a sb=Rect(0, 0 - 1920, 1080) eb=Rect(0, 0 - 1920, 1080) d=0}]}
06-24 11:35:16.181 901 979 V WindowManagerShell: loadAnimation: anim=android.view.animation.AlphaAnimation@1884c16 animAttr=0x5 type=OPEN isEntrance=false
06-24 11:35:16.182 901 979 V WindowManagerShell: loadAnimation: anim=android.view.animation.AlphaAnimation@4748784 animAttr=0x4 type=OPEN isEntrance=true
06-24 11:35:16.183 901 979 V WindowManagerShell: animated by com.android.wm.shell.transition.DefaultTransitionHandler@7916d4
06-24 11:35:16.205 685 6903 D CoreBackPreview: Window{b922fa9 u0 Toast}: Setting back callback OnBackInvokedCallbackInfo{mCallback=android.window.IOnBackInvokedCallback$Stub$Proxy@5e4f65c, mPriority=0, mIsAnimationCallback=false}
06-24 11:35:16.248 685 709 W ContextImpl: Calling a method in the system process without a qualified user: android.app.ContextImpl.startService:1899 com.android.server.wm.DisplayPolicy.lambda$focusChangedLw$5:2126 com.android.server.wm.DisplayPolicy.$r8$lambda$Znxk63oh-WzVnzo_WQefN7uxV48:0 com.android.server.wm.DisplayPolicy$$ExternalSyntheticLambda13.run:0 android.os.Handler.handleCallback:958
06-24 11:35:16.592 901 979 V WindowManagerShell: Transition animation finished (aborted=false), notifying core (#44)android.os.BinderProxy@c3f133e@0
06-24 11:35:16.594 685 708 V WindowManager: Finish Transition #44: created at
06-24 11:35:15.971 collect-started=0.086ms request-sent=8.206ms started=12.282ms ready=26.688ms sent=202.835ms finished=622.537ms
06-24 11:35:16.599 901 979 V WindowManagerShell: Track 0 became idle
06-24 11:35:16.599 901 979 V WindowManagerShell: All active transition animations finished
06-24 11:35:18.983 685 1390 E TaskPersister: File error accessing recents directory (directory doesn't exist?).
06-24 11:35:19.630 685 2118 D CoreBackPreview: Window{b922fa9 u0 Toast}: Setting back callback null
06-24 11:35:19.641 685 1069 W NotificationService: Toast already killed. pkg=com.netease.cloudmusic.tv token=android.os.BinderProxy@65da68e
06-24 11:35:20.180 685 711 W WindowManager: Unable to start animation, surface is null or no children.
06-24 11:35:27.047 685 791 D WindowManager: handleVolumeKeyInArc KeyEvent { action=ACTION_DOWN, keyCode=KEYCODE_VOLUME_UP, scanCode=115, metaState=0, flags=0x8, repeatCount=0, eventTime=1534802357000, downTime=1534802357000, deviceId=10, source=0x301, displayId=-1 }
06-24 11:35:27.048 685 791 D WindowManager: dispatchDirectAudioEvent KeyEvent { action=ACTION_DOWN, keyCode=KEYCODE_VOLUME_UP, scanCode=115, metaState=0, flags=0x8, repeatCount=0, eventTime=1534802357000, downTime=1534802357000, deviceId=10, source=0x301, displayId=-1 }
06-24 11:35:27.074 685 791 D WindowManager: handleVolumeKeyInArc KeyEvent { action=ACTION_UP, keyCode=KEYCODE_VOLUME_UP, scanCode=115, metaState=0, flags=0x8, repeatCount=0, eventTime=1534948750000, downTime=1534802357000, deviceId=10, source=0x301, displayId=-1 }
06-24 11:35:27.074 685 791 D WindowManager: dispatchDirectAudioEvent KeyEvent { action=ACTION_UP, keyCode=KEYCODE_VOLUME_UP, scanCode=115, metaState=0, flags=0x8, repeatCount=0, eventTime=1534948750000, downTime=1534802357000, deviceId=10, source=0x301, displayId=-1 }
06-24 11:35:27.109 685 959 W WindowManager: [addWindow] title:VolumeDialogImpl
06-24 11:35:27.121 685 1069 D CoreBackPreview: Window{bc6cf3e u0 VolumeDialogImpl}: Setting back callback OnBackInvokedCallbackInfo{mCallback=android.window.IOnBackInvokedCallback$Stub$Proxy@24e62ec, mPriority=0, mIsAnimationCallback=false}
06-24 11:35:27.351 685 791 D WindowManager: handleVolumeKeyInArc KeyEvent { action=ACTION_DOWN, keyCode=KEYCODE_VOLUME_UP, scanCode=115, metaState=0, flags=0x8, repeatCount=0, eventTime=1535128739000, downTime=1535128739000, deviceId=10, source=0x301, displayId=-1 }
06-24 11:35:27.351 685 791 D WindowManager: dispatchDirectAudioEvent KeyEvent { action=ACTION_DOWN, keyCode=KEYCODE_VOLUME_UP, scanCode=115, metaState=0, flags=0x8, repeatCount=0, eventTime=1535128739000, downTime=1535128739000, deviceId=10, source=0x301, displayId=-1 }
06-24 11:35:27.386 685 791 D WindowManager: handleVolumeKeyInArc KeyEvent { action=ACTION_UP, keyCode=KEYCODE_VOLUME_UP, scanCode=115, metaState=0, flags=0x8, repeatCount=0, eventTime=1535252336000, downTime=1535128739000, deviceId=10, source=0x301, displayId=-1 }
06-24 11:35:27.386 685 791 D WindowManager: dispatchDirectAudioEvent KeyEvent { action=ACTION_UP, keyCode=KEYCODE_VOLUME_UP, scanCode=115, metaState=0, flags=0x8, repeatCount=0, eventTime=1535252336000, downTime=1535128739000, deviceId=10, source=0x301, displayId=-1 }
06-24 11:35:28.232 685 791 D WindowManager: handleVolumeKeyInArc KeyEvent { action=ACTION_DOWN, keyCode=KEYCODE_VOLUME_UP, scanCode=115, metaState=0, flags=0x8, repeatCount=0, eventTime=1535983403000, downTime=1535983403000, deviceId=10, source=0x301, displayId=-1 }
06-24 11:35:28.232 685 791 D WindowManager: dispatchDirectAudioEvent KeyEvent { action=ACTION_DOWN, keyCode=KEYCODE_VOLUME_UP, scanCode=115, metaState=0, flags=0x8, repeatCount=0, eventTime=1535983403000, downTime=1535983403000, deviceId=10, source=0x301, displayId=-1 }
06-24 11:35:28.265 685 791 D WindowManager: handleVolumeKeyInArc KeyEvent { action=ACTION_UP, keyCode=KEYCODE_VOLUME_UP, scanCode=115, metaState=0, flags=0x8, repeatCount=0, eventTime=1536163727000, downTime=1535983403000, deviceId=10, source=0x301, displayId=-1 }
06-24 11:35:28.265 685 791 D WindowManager: dispatchDirectAudioEvent KeyEvent { action=ACTION_UP, keyCode=KEYCODE_VOLUME_UP, scanCode=115, metaState=0, flags=0x8, repeatCount=0, eventTime=1536163727000, downTime=1535983403000, deviceId=10, source=0x301, displayId=-1 }
06-24 11:35:29.638 685 791 D WindowManager: handleVolumeKeyInArc KeyEvent { action=ACTION_DOWN, keyCode=KEYCODE_VOLUME_UP, scanCode=115, metaState=0, flags=0x8, repeatCount=0, eventTime=1537389644000, downTime=1537389644000, deviceId=10, source=0x301, displayId=-1 }
06-24 11:35:29.638 685 791 D WindowManager: dispatchDirectAudioEvent KeyEvent { action=ACTION_DOWN, keyCode=KEYCODE_VOLUME_UP, scanCode=115, metaState=0, flags=0x8, repeatCount=0, eventTime=1537389644000, downTime=1537389644000, deviceId=10, source=0x301, displayId=-1 }
06-24 11:35:29.673 685 791 D WindowManager: handleVolumeKeyInArc KeyEvent { action=ACTION_UP, keyCode=KEYCODE_VOLUME_UP, scanCode=115, metaState=0, flags=0x8, repeatCount=0, eventTime=1537570072000, downTime=1537389644000, deviceId=10, source=0x301, displayId=-1 }
06-24 11:35:29.673 685 791 D WindowManager: dispatchDirectAudioEvent KeyEvent { action=ACTION_UP, keyCode=KEYCODE_VOLUME_UP, scanCode=115, metaState=0, flags=0x8, repeatCount=0, eventTime=1537570072000, downTime=1537389644000, deviceId=10, source=0x301, displayId=-1 }
06-24 11:35:33.173 685 1069 D CoreBackPreview: Window{bc6cf3e u0 VolumeDialogImpl}: Setting back callback null
06-24 11:37:18.201 1407 1731 W ContextImpl: Calling a method in the system process without a qualified user: android.app.ContextImpl.sendBroadcast:1220 android.content.ContextWrapper.sendBroadcast:504 com.dangbei.etna.setting.core.SettingHelper.sendCycleToProjector:257 com.dangbei.etna.setting.core.SettingHelper.sendCycleCheckBroadcast:226 com.dangbei.etna.setting.core.SettingHelper.startLoop$lambda-0:185
06-24 11:37:18.202 1407 1731 W ContextImpl: Calling a method in the system process without a qualified user: android.app.ContextImpl.sendBroadcast:1220 android.content.ContextWrapper.sendBroadcast:504 com.dangbei.etna.setting.core.SettingHelper.sendCycleToVoice:242 com.dangbei.etna.setting.core.SettingHelper.sendCycleCheckBroadcast:227 com.dangbei.etna.setting.core.SettingHelper.startLoop$lambda-0:185
06-24 11:39:14.057 685 709 D HdmiControlService: Process pid: 685 is calling oneTouchPlay.
06-24 11:39:14.057 685 685 D HdmiControlService: Local device is under address allocation. Save OTP callback for later process.
06-24 11:39:14.060 901 979 D WindowManagerShell: TvPipMenuController: closeMenu()
06-24 11:39:14.061 901 979 I WindowManagerShell: TvPipMenuController: switchToMenuMode: setting mCurrentMenuMode=MODE_NO_MENU, mPrevMenuMode=MODE_NO_MENU
06-24 11:39:14.063 685 708 D AutofillManagerService: Close system dialogs
06-24 11:39:14.079 685 709 I ActivityTaskManager: START u0 {act=android.intent.action.MAIN cat=[android.intent.category.HOME] flg=0x10000100 cmp=com.dangbei.leard.leradlauncher/com.dangbei.launcher.home.LauncherActivity (has extras)} with LAUNCH_SINGLE_TASK from uid 0 (BAL_ALLOW_ALLOWLISTED_UID) result code=2
06-24 11:39:14.080 901 979 V WindowManagerShell: Transition requested: android.os.BinderProxy@349e6c6 TransitionRequestInfo { type = 1, triggerTask = TaskInfo{userId=0 taskId=32 displayId=0 isRunning=true baseIntent=Intent { act=android.intent.action.MAIN cat=[android.intent.category.HOME] flg=0x10800100 cmp=com.dangbei.leard.leradlauncher/com.dangbei.launcher.home.LauncherActivity } baseActivity=ComponentInfo{com.dangbei.leard.leradlauncher/com.dangbei.launcher.home.LauncherActivity} topActivity=ComponentInfo{com.dangbei.leard.leradlauncher/com.dangbei.launcher.home.LauncherActivity} origActivity=null realActivity=ComponentInfo{com.dangbei.leard.leradlauncher/com.dangbei.launcher.home.LauncherActivity} numActivities=1 lastActiveTime=1249590 supportsMultiWindow=true resizeMode=0 isResizeable=false minWidth=-1 minHeight=-1 defaultMinSize=220 token=WCT{android.window.IWindowContainerToken$Stub$Proxy@debc687} topActivityType=2 pictureInPictureParams=null shouldDockBigOverlays=true launchIntoPipHostTaskId=-1 lastParentTaskIdBeforePip=-1 displayCutoutSafeInsets=null topActivityInfo=ActivityInfo{74ad9b4 com.dangbei.launcher.home.LauncherActivity} launchCookies=[] positionInParent=Point(0, 0) parentTaskId=-1 isFocused=true isVisible=false isVisibleRequested=false isSleeping=false topActivityInSizeCompat=false topActivityEligibleForLetterboxEducation= false isLetterboxDoubleTapEnabled= false topActivityEligibleForUserAspectRatioButton= false topActivityBoundsLetterboxed= false isFromLetterboxDoubleTap= false topActivityLetterboxVerticalPosition= -1 topActivityLetterboxHorizontalPosition= -1 topActivityLetterboxWidth=-1 topActivityLetterboxHeight=-1 isUserFullscreenOverrideEnabled=false isTopActivityTransparent=false locusId=null displayAreaFeatureId=1 cameraCompatControlState=hidden}, remoteTransition = null, displayChange = null, flags = 0 }
06-24 11:39:14.086 685 959 E Transition: Trying to add a ready-group twice: Display{#0 state=ON size=1920x1080 ROTATION_0}
06-24 11:39:14.089 685 959 V WindowManager: app ------------- force_land :0
06-24 11:39:14.195 901 979 D WindowManagerShell: TvPipController: onTaskStackChanged()
06-24 11:39:14.221 901 979 V WindowManagerShell: onTransitionReady android.os.BinderProxy@349e6c6: {id=45 t=OPEN f=0x0 trk=0 r=[0@Point(0, 0)] c=[{WCT{android.window.IWindowContainerToken$Stub$Proxy@695dd20} m=TO_FRONT f=MOVE_TO_TOP leash=Surface(name=Task=1)/@0xe6bb9dd sb=Rect(0, 0 - 1920, 1080) eb=Rect(0, 0 - 1920, 1080) d=0},{WCT{android.window.IWindowContainerToken$Stub$Proxy@def16d9} m=TO_BACK f=NONE leash=Surface(name=Task=42)/@0x46da952 sb=Rect(0, 0 - 1920, 1080) eb=Rect(0, 0 - 1920, 1080) d=0}]}
06-24 11:39:14.221 901 979 V WindowManagerShell: Playing animation for (#45)android.os.BinderProxy@349e6c6@0
06-24 11:39:14.221 901 979 V WindowManagerShell: try handler com.android.wm.shell.keyguard.KeyguardTransitionHandler@24e2028
06-24 11:39:14.221 901 979 V WindowManagerShell: try handler com.android.wm.shell.pip.tv.TvPipTransition@1141
06-24 11:39:14.222 901 979 V WindowManagerShell: try handler com.android.wm.shell.activityembedding.ActivityEmbeddingController@e8f56e6
06-24 11:39:14.222 901 979 V WindowManagerShell: try handler com.android.wm.shell.transition.RemoteTransitionHandler@b664427
06-24 11:39:14.222 901 979 V WindowManagerShell: Transition doesn't have explicit remote, search filters for match for {id=45 t=OPEN f=0x0 trk=0 r=[0@Point(0, 0)] c=[{WCT{android.window.IWindowContainerToken$Stub$Proxy@695dd20} m=TO_FRONT f=MOVE_TO_TOP leash=Surface(name=Task=1)/@0xe6bb9dd sb=Rect(0, 0 - 1920, 1080) eb=Rect(0, 0 - 1920, 1080) d=0},{WCT{android.window.IWindowContainerToken$Stub$Proxy@def16d9} m=TO_BACK f=NONE leash=Surface(name=Task=42)/@0x46da952 sb=Rect(0, 0 - 1920, 1080) eb=Rect(0, 0 - 1920, 1080) d=0}]}
06-24 11:39:14.223 901 979 V WindowManagerShell: Delegate animation for #45 to null
06-24 11:39:14.223 901 979 V WindowManagerShell: try handler com.android.wm.shell.transition.DefaultTransitionHandler@7916d4
06-24 11:39:14.223 901 979 V WindowManagerShell: start default transition animation, info = {id=45 t=OPEN f=0x0 trk=0 r=[0@Point(0, 0)] c=[{WCT{android.window.IWindowContainerToken$Stub$Proxy@695dd20} m=TO_FRONT f=MOVE_TO_TOP leash=Surface(name=Task=1)/@0xe6bb9dd sb=Rect(0, 0 - 1920, 1080) eb=Rect(0, 0 - 1920, 1080) d=0},{WCT{android.window.IWindowContainerToken$Stub$Proxy@def16d9} m=TO_BACK f=NONE leash=Surface(name=Task=42)/@0x46da952 sb=Rect(0, 0 - 1920, 1080) eb=Rect(0, 0 - 1920, 1080) d=0}]}
06-24 11:39:14.223 901 979 V WindowManagerShell: loadAnimation: anim=android.view.animation.AlphaAnimation@c99089e animAttr=0x9 type=OPEN isEntrance=false
06-24 11:39:14.226 901 979 V WindowManagerShell: loadAnimation: anim=android.view.animation.AlphaAnimation@5fcff7f animAttr=0x8 type=OPEN isEntrance=true
06-24 11:39:14.227 685 709 W ContextImpl: Calling a method in the system process without a qualified user: android.app.ContextImpl.startService:1899 com.android.server.wm.DisplayPolicy.lambda$focusChangedLw$5:2126 com.android.server.wm.DisplayPolicy.$r8$lambda$Znxk63oh-WzVnzo_WQefN7uxV48:0 com.android.server.wm.DisplayPolicy$$ExternalSyntheticLambda13.run:0 android.os.Handler.handleCallback:958
06-24 11:39:14.231 685 708 V WindowManager: Sent Transition #45 createdAt=06-24 11:39:14.069 via request=TransitionRequestInfo { type = 1, triggerTask = TaskInfo{userId=0 taskId=32 displayId=0 isRunning=true baseIntent=Intent { act=android.intent.action.MAIN cat=[android.intent.category.HOME] flg=0x10800100 cmp=com.dangbei.leard.leradlauncher/com.dangbei.launcher.home.LauncherActivity } baseActivity=ComponentInfo{com.dangbei.leard.leradlauncher/com.dangbei.launcher.home.LauncherActivity} topActivity=ComponentInfo{com.dangbei.leard.leradlauncher/com.dangbei.launcher.home.LauncherActivity} origActivity=null realActivity=ComponentInfo{com.dangbei.leard.leradlauncher/com.dangbei.launcher.home.LauncherActivity} numActivities=1 lastActiveTime=1249590 supportsMultiWindow=true resizeMode=0 isResizeable=false minWidth=-1 minHeight=-1 defaultMinSize=220 token=WCT{RemoteToken{a5d9d8d Task{131419d #32 type=home A=1000:com.dangbei.leard.leradlauncher}}} topActivityType=2 pictureInPictureParams=null shouldDockBigOverlays=true launchIntoPipHostTaskId=-1 lastParentTaskIdBeforePip=-1 displayCutoutSafeInsets=null topActivityInfo=ActivityInfo{f394bcd com.dangbei.launcher.home.LauncherActivity} launchCookies=[] positionInParent=Point(0, 0) parentTaskId=-1 isFocused=true isVisible=false isVisibleRequested=false isSleeping=false topActivityInSizeCompat=false topActivityEligibleForLetterboxEducation= false isLetterboxDoubleTapEnabled= false topActivityEligibleForUserAspectRatioButton= false topActivityBoundsLetterboxed= false isFromLetterboxDoubleTap= false topActivityLetterboxVerticalPosition= -1 topActivityLetterboxHorizontalPosition= -1 topActivityLetterboxWidth=-1 topActivityLetterboxHeight=-1 isUserFullscreenOverrideEnabled=false isTopActivityTransparent=false locusId=null displayAreaFeatureId=1 cameraCompatControlState=hidden}, remoteTransition = null, displayChange = null, flags = 0 }
06-24 11:39:14.231 685 708 V WindowManager: startWCT=WindowContainerTransaction { changes = {} hops = [] errorCallbackToken=null taskFragmentOrganizer=null }
06-24 11:39:14.231 685 708 V WindowManager: info={id=45 t=OPEN f=0x0 trk=0 r=[0@Point(0, 0)] c=[{WCT{RemoteToken{30b1e82 Task{4d21fd0 #1 type=home}}} m=TO_FRONT f=MOVE_TO_TOP leash=Surface(name=Task=1)/@0x54f0375 sb=Rect(0, 0 - 1920, 1080) eb=Rect(0, 0 - 1920, 1080) d=0},{WCT{RemoteToken{23995a6 Task{b15b8a7 #42 type=standard A=10078:com.netease.cloudmusic.tv}}} m=TO_BACK f=NONE leash=Surface(name=Task=42)/@0x37a4a0b sb=Rect(0, 0 - 1920, 1080) eb=Rect(0, 0 - 1920, 1080) d=0}]}
06-24 11:39:14.233 901 979 V WindowManagerShell: animated by com.android.wm.shell.transition.DefaultTransitionHandler@7916d4
06-24 11:39:14.642 685 700 I MediaSessionStack: removeSession | record: com.dangbei.dbmusic/MusicService (userId=0)
06-24 11:39:14.642 685 750 I ActivityManager: Process com.dangbei.dbmusic (pid 9133) has died: prcp FGS
06-24 11:39:14.646 685 861 W ActivityManager: pid 685 system sent binder code 2 with flags 1 to frozen apps and got error -32
06-24 11:39:14.647 685 750 W ActivityManager: Scheduling restart of crashed service com.dangbei.dbmusic/.player.service.MusicService in 1000ms for start-requested
06-24 11:39:14.647 685 750 W ActivityManager: Scheduling restart of crashed service com.dangbei.dbmusic/com.dangbei.downloader.core.DownloadService in 10997ms for start-requested
06-24 11:39:14.648 685 709 D DisplayManagerService: Drop pending events for gone uid 10077
06-24 11:39:14.654 901 979 V WindowManagerShell: Transition animation finished (aborted=false), notifying core (#45)android.os.BinderProxy@349e6c6@0
06-24 11:39:14.658 685 708 V WindowManager: Finish Transition #45: created at
06-24 11:39:14.069 collect-started=0.067ms request-sent=7.984ms started=11.429ms ready=22.582ms sent=144.239ms finished=588.161ms
06-24 11:39:14.666 901 979 V WindowManagerShell: Track 0 became idle
06-24 11:39:14.667 901 979 V WindowManagerShell: All active transition animations finished
06-24 11:39:14.715 685 718 W ForegroundServiceTypeLoggerModule: FGS stop call for: 10077 has no types!
06-24 11:39:14.720 685 700 W BatteryExternalStatsWorker: error reading Bluetooth stats: 11
06-24 11:39:14.720 685 725 W BatteryExternalStatsWorker: error reading modem stats:ERROR_PHONE_NOT_AVAILABLE
06-24 11:39:15.647 685 718 D CompatibilityChangeReporter: Compat change id reported: 135634846; UID 10077; state: DISABLED
06-24 11:39:15.648 685 719 D CompatibilityChangeReporter: Compat change id reported: 143937733; UID 10077; state: ENABLED
06-24 11:39:15.668 685 719 I ActivityManager: Start proc 11732:com.dangbei.dbmusic/u0a77 for service {com.dangbei.dbmusic/com.dangbei.dbmusic.player.service.MusicService}
06-24 11:39:15.701 685 8210 D CompatibilityChangeReporter: Compat change id reported: 168419799; UID 10077; state: DISABLED
06-24 11:39:15.701 685 8210 D CompatibilityChangeReporter: Compat change id reported: 273564678; UID 10077; state: DISABLED
06-24 11:39:15.703 685 763 D CompatibilityChangeReporter: Compat change id reported: 265195908; UID 10077; state: ENABLED
06-24 11:39:15.708 685 8210 D CompatibilityChangeReporter: Compat change id reported: 170503758; UID 10077; state: DISABLED
06-24 11:39:15.833 685 8210 I MediaSessionStack: addSession to bottom of stack | record: com.dangbei.dbmusic/MusicService (userId=0)
06-24 11:39:15.852 685 752 D CompatibilityChangeReporter: Compat change id reported: 170668199; UID 10077; state: DISABLED
06-24 11:39:15.853 685 752 W ActivityManager: Foreground service started from background can not have location/camera/microphone access: service com.dangbei.dbmusic/.player.service.MusicService
06-24 11:39:15.853 685 752 I ActivityManager: Background started FGS: Allowed [callingPackage: com.dangbei.dbmusic; callingUid: 10077; uidState: SVC ; uidBFSL: n/a; intent: Intent { act=android.media.browse.MediaBrowserService cmp=com.dangbei.dbmusic/.player.service.MusicService }; code:SYSTEM_ALERT_WINDOW_PERMISSION; tempAllowListReason:; targetSdkVersion:30; callerTargetSdkVersion:30; startForegroundCount:4; bindFromPackage:null: isBindService:false]
06-24 11:39:15.853 685 752 D CompatibilityChangeReporter: Compat change id reported: 255038118; UID 10077; state: DISABLED
06-24 11:39:15.854 685 752 D CompatibilityChangeReporter: Compat change id reported: 255042465; UID 10077; state: DISABLED
06-24 11:39:15.855 685 752 W ForegroundServiceTypeLoggerModule: Foreground service start for UID: 10077 does not have any types
06-24 11:39:15.857 685 718 V ActivityManager: Attempted to start a foreground service (com.dangbei.dbmusic/.player.service.MusicService) with a broken notification (no icon: Notification(channel=400 shortcut=null contentView=null vibrate=null sound=null defaults=0x0 flags=0x40 color=0x00000000 vis=PRIVATE))
06-24 11:39:15.868 685 959 W ActivityManager: Foreground service started from background can not have location/camera/microphone access: service com.dangbei.dbmusic/.player.service.MusicService
06-24 11:39:15.869 685 718 V ActivityManager: Attempted to start a foreground service (com.dangbei.dbmusic/.player.service.MusicService) with a broken notification (no icon: Notification(channel=400 shortcut=null contentView=null vibrate=null sound=null defaults=0x0 flags=0x40 color=0x00000000 vis=PRIVATE))
06-24 11:39:15.978 685 959 D CompatibilityChangeReporter: Compat change id reported: 161145287; UID 10077; state: DISABLED
06-24 11:39:15.985 685 959 D CompatibilityChangeReporter: Compat change id reported: 261072174; UID 10077; state: DISABLED
06-24 11:39:16.067 685 685 W NotificationHistory: Attempted to add notif for locked/gone/disabled user 0
06-24 11:39:17.577 1423 1423 W ContextImpl: Calling a method in the system process without a qualified user: android.app.ContextImpl.startActivity:1102 android.content.ContextWrapper.startActivity:436 ie.b.f:119 ie.a.b:75 ge.a.c:71
06-24 11:39:17.577 1423 1423 W ContextImpl: Calling a method in the system process without a qualified user: android.app.ContextImpl.startActivity:1114 android.app.ContextImpl.startActivity:1103 android.content.ContextWrapper.startActivity:436 ie.b.f:119 ie.a.b:75
06-24 11:39:17.587 685 752 V SplashScreenExceptionList: SplashScreen checking exception for package com.netease.cloudmusic.tv (target sdk:29) -> false
06-24 11:39:17.589 685 752 D CompatibilityChangeReporter: Compat change id reported: 205907456; UID 10078; state: DISABLED
06-24 11:39:17.593 685 752 I ActivityTaskManager: START u0 {act=android.intent.action.MAIN cat=[android.intent.category.LAUNCHER] flg=0x10000000 pkg=com.netease.cloudmusic.tv cmp=com.netease.cloudmusic.tv/com.netease.cloudmusic.app.LoadingActivity} with LAUNCH_MULTIPLE from uid 1000 (BAL_ALLOW_ALLOWLISTED_UID) result code=2
06-24 11:39:17.593 901 979 V WindowManagerShell: Transition requested: android.os.BinderProxy@6ae3038 TransitionRequestInfo { type = 1, triggerTask = TaskInfo{userId=0 taskId=42 displayId=0 isRunning=true baseIntent=Intent { act=android.intent.action.MAIN cat=[android.intent.category.LAUNCHER] flg=0x10000000 pkg=com.netease.cloudmusic.tv cmp=com.netease.cloudmusic.tv/com.netease.cloudmusic.app.LoadingActivity } baseActivity=ComponentInfo{com.netease.cloudmusic.tv/com.netease.cloudmusic.tv.activity.MainActivity} topActivity=ComponentInfo{com.netease.cloudmusic.tv/com.netease.cloudmusic.tv.activity.TvVideoActivity} origActivity=null realActivity=ComponentInfo{com.netease.cloudmusic.tv/com.netease.cloudmusic.app.LoadingActivity} numActivities=3 lastActiveTime=1761977 supportsMultiWindow=true resizeMode=2 isResizeable=true minWidth=-1 minHeight=-1 defaultMinSize=220 token=WCT{android.window.IWindowContainerToken$Stub$Proxy@e2bc811} topActivityType=1 pictureInPictureParams=null shouldDockBigOverlays=true launchIntoPipHostTaskId=-1 lastParentTaskIdBeforePip=-1 displayCutoutSafeInsets=null topActivityInfo=ActivityInfo{dbf8d76 com.netease.cloudmusic.tv.activity.TvVideoActivity} launchCookies=[] positionInParent=Point(0, 0) parentTaskId=-1 isFocused=true isVisible=false isVisibleRequested=false isSleeping=false topActivityInSizeCompat=false topActivityEligibleForLetterboxEducation= false isLetterboxDoubleTapEnabled= false topActivityEligibleForUserAspectRatioButton= false topActivityBoundsLetterboxed= false isFromLetterboxDoubleTap= false topActivityLetterboxVerticalPosition= -1 topActivityLetterboxHorizontalPosition= -1 topActivityLetterboxWidth=-1 topActivityLetterboxHeight=-1 isUserFullscreenOverrideEnabled=false isTopActivityTransparent=false locusId=null displayAreaFeatureId=1 cameraCompatControlState=hidden}, remoteTransition = null, displayChange = null, flags = 0 }
06-24 11:39:17.603 685 8210 E Transition: Trying to add a ready-group twice: Display{#0 state=ON size=1920x1080 ROTATION_0}
06-24 11:39:17.605 685 8210 V WindowManager: app ------------- force_land :0
06-24 11:39:17.705 685 708 V WindowManager: Sent Transition #46 createdAt=06-24 11:39:17.581 via request=TransitionRequestInfo { type = 1, triggerTask = TaskInfo{userId=0 taskId=42 displayId=0 isRunning=true baseIntent=Intent { act=android.intent.action.MAIN cat=[android.intent.category.LAUNCHER] flg=0x10000000 pkg=com.netease.cloudmusic.tv cmp=com.netease.cloudmusic.tv/com.netease.cloudmusic.app.LoadingActivity } baseActivity=ComponentInfo{com.netease.cloudmusic.tv/com.netease.cloudmusic.tv.activity.MainActivity} topActivity=ComponentInfo{com.netease.cloudmusic.tv/com.netease.cloudmusic.tv.activity.TvVideoActivity} origActivity=null realActivity=ComponentInfo{com.netease.cloudmusic.tv/com.netease.cloudmusic.app.LoadingActivity} numActivities=3 lastActiveTime=1761977 supportsMultiWindow=true resizeMode=2 isResizeable=true minWidth=-1 minHeight=-1 defaultMinSize=220 token=WCT{RemoteToken{23995a6 Task{b15b8a7 #42 type=standard A=10078:com.netease.cloudmusic.tv}}} topActivityType=1 pictureInPictureParams=null shouldDockBigOverlays=true launchIntoPipHostTaskId=-1 lastParentTaskIdBeforePip=-1 displayCutoutSafeInsets=null topActivityInfo=ActivityInfo{8255c73 com.netease.cloudmusic.tv.activity.TvVideoActivity} launchCookies=[] positionInParent=Point(0, 0) parentTaskId=-1 isFocused=true isVisible=false isVisibleRequested=false isSleeping=false topActivityInSizeCompat=false topActivityEligibleForLetterboxEducation= false isLetterboxDoubleTapEnabled= false topActivityEligibleForUserAspectRatioButton= false topActivityBoundsLetterboxed= false isFromLetterboxDoubleTap= false topActivityLetterboxVerticalPosition= -1 topActivityLetterboxHorizontalPosition= -1 topActivityLetterboxWidth=-1 topActivityLetterboxHeight=-1 isUserFullscreenOverrideEnabled=false isTopActivityTransparent=false locusId=null displayAreaFeatureId=1 cameraCompatControlState=hidden}, remoteTransition = null, displayChange = null, flags = 0 }
06-24 11:39:17.705 685 708 V WindowManager: startWCT=WindowContainerTransaction { changes = {} hops = [] errorCallbackToken=null taskFragmentOrganizer=null }
06-24 11:39:17.705 685 708 V WindowManager: info={id=46 t=OPEN f=0x0 trk=0 r=[0@Point(0, 0)] c=[{WCT{RemoteToken{23995a6 Task{b15b8a7 #42 type=standard A=10078:com.netease.cloudmusic.tv}}} m=TO_FRONT f=MOVE_TO_TOP leash=Surface(name=Task=42)/@0x37a4a0b sb=Rect(0, 0 - 1920, 1080) eb=Rect(0, 0 - 1920, 1080) d=0},{WCT{RemoteToken{30b1e82 Task{4d21fd0 #1 type=home}}} m=TO_BACK f=NONE leash=Surface(name=Task=1)/@0x54f0375 sb=Rect(0, 0 - 1920, 1080) eb=Rect(0, 0 - 1920, 1080) d=0}]}
06-24 11:39:17.709 901 979 D WindowManagerShell: TvPipController: onTaskStackChanged()
06-24 11:39:17.714 901 979 V WindowManagerShell: onTransitionReady android.os.BinderProxy@6ae3038: {id=46 t=OPEN f=0x0 trk=0 r=[0@Point(0, 0)] c=[{WCT{android.window.IWindowContainerToken$Stub$Proxy@c0f0b02} m=TO_FRONT f=MOVE_TO_TOP leash=Surface(name=Task=42)/@0x6ed5f77 sb=Rect(0, 0 - 1920, 1080) eb=Rect(0, 0 - 1920, 1080) d=0},{WCT{android.window.IWindowContainerToken$Stub$Proxy@d4e7c13} m=TO_BACK f=NONE leash=Surface(name=Task=1)/@0x33217e4 sb=Rect(0, 0 - 1920, 1080) eb=Rect(0, 0 - 1920, 1080) d=0}]}
06-24 11:39:17.714 901 979 V WindowManagerShell: Playing animation for (#46)android.os.BinderProxy@6ae3038@0
06-24 11:39:17.715 901 979 V WindowManagerShell: try handler com.android.wm.shell.keyguard.KeyguardTransitionHandler@24e2028
06-24 11:39:17.715 901 979 V WindowManagerShell: try handler com.android.wm.shell.pip.tv.TvPipTransition@1141
06-24 11:39:17.715 901 979 V WindowManagerShell: try handler com.android.wm.shell.activityembedding.ActivityEmbeddingController@e8f56e6
06-24 11:39:17.715 901 979 V WindowManagerShell: try handler com.android.wm.shell.transition.RemoteTransitionHandler@b664427
06-24 11:39:17.715 901 979 V WindowManagerShell: Transition doesn't have explicit remote, search filters for match for {id=46 t=OPEN f=0x0 trk=0 r=[0@Point(0, 0)] c=[{WCT{android.window.IWindowContainerToken$Stub$Proxy@c0f0b02} m=TO_FRONT f=MOVE_TO_TOP leash=Surface(name=Task=42)/@0x6ed5f77 sb=Rect(0, 0 - 1920, 1080) eb=Rect(0, 0 - 1920, 1080) d=0},{WCT{android.window.IWindowContainerToken$Stub$Proxy@d4e7c13} m=TO_BACK f=NONE leash=Surface(name=Task=1)/@0x33217e4 sb=Rect(0, 0 - 1920, 1080) eb=Rect(0, 0 - 1920, 1080) d=0}]}
06-24 11:39:17.715 901 979 V WindowManagerShell: Delegate animation for #46 to null
06-24 11:39:17.715 901 979 V WindowManagerShell: try handler com.android.wm.shell.transition.DefaultTransitionHandler@7916d4
06-24 11:39:17.715 901 979 V WindowManagerShell: start default transition animation, info = {id=46 t=OPEN f=0x0 trk=0 r=[0@Point(0, 0)] c=[{WCT{android.window.IWindowContainerToken$Stub$Proxy@c0f0b02} m=TO_FRONT f=MOVE_TO_TOP leash=Surface(name=Task=42)/@0x6ed5f77 sb=Rect(0, 0 - 1920, 1080) eb=Rect(0, 0 - 1920, 1080) d=0},{WCT{android.window.IWindowContainerToken$Stub$Proxy@d4e7c13} m=TO_BACK f=NONE leash=Surface(name=Task=1)/@0x33217e4 sb=Rect(0, 0 - 1920, 1080) eb=Rect(0, 0 - 1920, 1080) d=0}]}
06-24 11:39:17.716 901 979 V WindowManagerShell: loadAnimation: anim=android.view.animation.AlphaAnimation@deace50 animAttr=0x9 type=OPEN isEntrance=false
06-24 11:39:17.716 901 979 V WindowManagerShell: loadAnimation: anim=android.view.animation.AlphaAnimation@9b66849 animAttr=0x8 type=OPEN isEntrance=true
06-24 11:39:17.720 901 979 V WindowManagerShell: animated by com.android.wm.shell.transition.DefaultTransitionHandler@7916d4
06-24 11:39:17.761 685 709 W ContextImpl: Calling a method in the system process without a qualified user: android.app.ContextImpl.startService:1899 com.android.server.wm.DisplayPolicy.lambda$focusChangedLw$5:2126 com.android.server.wm.DisplayPolicy.$r8$lambda$Znxk63oh-WzVnzo_WQefN7uxV48:0 com.android.server.wm.DisplayPolicy$$ExternalSyntheticLambda13.run:0 android.os.Handler.handleCallback:958
06-24 11:39:18.134 901 979 V WindowManagerShell: Transition animation finished (aborted=false), notifying core (#46)android.os.BinderProxy@6ae3038@0
06-24 11:39:18.137 685 708 V WindowManager: Finish Transition #46: created at
06-24 11:39:17.581 collect-started=0.077ms request-sent=10.269ms started=12.92ms ready=25.403ms sent=115.169ms finished=554.628ms
06-24 11:39:18.140 901 979 V WindowManagerShell: Track 0 became idle
06-24 11:39:18.141 901 979 V WindowManagerShell: All active transition animations finished
06-24 11:39:20.368 685 709 D AutofillManagerService: onBackKeyPressed()
06-24 11:39:20.595 685 1390 E TaskPersister: File error accessing recents directory (directory doesn't exist?).
06-24 11:39:21.302 685 709 D AutofillManagerService: onBackKeyPressed()
06-24 11:39:21.312 901 979 V WindowManagerShell: Transition requested: android.os.BinderProxy@45ef85a TransitionRequestInfo { type = 2, triggerTask = null, remoteTransition = null, displayChange = null, flags = 0 }
06-24 11:39:21.321 685 8210 V WindowManager: app ------------- force_land :0
06-24 11:39:21.407 901 979 V WindowManagerShell: onTransitionReady android.os.BinderProxy@45ef85a: {id=47 t=CLOSE f=0x0 trk=0 r=[0@Point(0, 0)] c=[{null m=CLOSE f=FILLS_TASK leash=Surface(name=ActivityRecord{c21aaef u0 com.netease.cloudmusic.tv/.activity.TvVideoActivity)/@0xbb75a8b sb=Rect(0, 0 - 1920, 1080) eb=Rect(0, 0 - 1920, 1080) d=0},{null m=TO_FRONT f=FILLS_TASK leash=Surface(name=ActivityRecord{cf771ba u0 com.netease.cloudmusic.tv/com.netease.cloudmusic.app.PlaylistActivity)/@0xd2a1768 sb=Rect(0, 0 - 1920, 1080) eb=Rect(0, 0 - 1920, 1080) d=0}]}
06-24 11:39:21.407 901 979 V WindowManagerShell: Playing animation for (#47)android.os.BinderProxy@45ef85a@0
06-24 11:39:21.407 901 979 V WindowManagerShell: try handler com.android.wm.shell.keyguard.KeyguardTransitionHandler@24e2028
06-24 11:39:21.407 901 979 V WindowManagerShell: try handler com.android.wm.shell.pip.tv.TvPipTransition@1141
06-24 11:39:21.407 901 979 V WindowManagerShell: try handler com.android.wm.shell.activityembedding.ActivityEmbeddingController@e8f56e6
06-24 11:39:21.407 901 979 V WindowManagerShell: try handler com.android.wm.shell.transition.RemoteTransitionHandler@b664427
06-24 11:39:21.407 685 708 V WindowManager: Sent Transition #47 createdAt=06-24 11:39:21.308 via request=TransitionRequestInfo { type = 2, triggerTask = null, remoteTransition = null, displayChange = null, flags = 0 }
06-24 11:39:21.408 901 979 V WindowManagerShell: Transition doesn't have explicit remote, search filters for match for {id=47 t=CLOSE f=0x0 trk=0 r=[0@Point(0, 0)] c=[{null m=CLOSE f=FILLS_TASK leash=Surface(name=ActivityRecord{c21aaef u0 com.netease.cloudmusic.tv/.activity.TvVideoActivity)/@0xbb75a8b sb=Rect(0, 0 - 1920, 1080) eb=Rect(0, 0 - 1920, 1080) d=0},{null m=TO_FRONT f=FILLS_TASK leash=Surface(name=ActivityRecord{cf771ba u0 com.netease.cloudmusic.tv/com.netease.cloudmusic.app.PlaylistActivity)/@0xd2a1768 sb=Rect(0, 0 - 1920, 1080) eb=Rect(0, 0 - 1920, 1080) d=0}]}
06-24 11:39:21.408 901 979 V WindowManagerShell: Delegate animation for #47 to null
06-24 11:39:21.408 685 708 V WindowManager: startWCT=WindowContainerTransaction { changes = {} hops = [] errorCallbackToken=null taskFragmentOrganizer=null }
06-24 11:39:21.408 901 979 V WindowManagerShell: try handler com.android.wm.shell.transition.DefaultTransitionHandler@7916d4
06-24 11:39:21.408 901 979 V WindowManagerShell: start default transition animation, info = {id=47 t=CLOSE f=0x0 trk=0 r=[0@Point(0, 0)] c=[{null m=CLOSE f=FILLS_TASK leash=Surface(name=ActivityRecord{c21aaef u0 com.netease.cloudmusic.tv/.activity.TvVideoActivity)/@0xbb75a8b sb=Rect(0, 0 - 1920, 1080) eb=Rect(0, 0 - 1920, 1080) d=0},{null m=TO_FRONT f=FILLS_TASK leash=Surface(name=ActivityRecord{cf771ba u0 com.netease.cloudmusic.tv/com.netease.cloudmusic.app.PlaylistActivity)/@0xd2a1768 sb=Rect(0, 0 - 1920, 1080) eb=Rect(0, 0 - 1920, 1080) d=0}]}
06-24 11:39:21.408 685 708 V WindowManager: info={id=47 t=CLOSE f=0x0 trk=0 r=[0@Point(0, 0)] c=[{null m=CLOSE f=FILLS_TASK leash=Surface(name=ActivityRecord{c21aaef u0 com.netease.cloudmusic.tv/.activity.TvVideoActivity)/@0x72fe5ad sb=Rect(0, 0 - 1920, 1080) eb=Rect(0, 0 - 1920, 1080) d=0},{null m=TO_FRONT f=FILLS_TASK leash=Surface(name=ActivityRecord{cf771ba u0 com.netease.cloudmusic.tv/com.netease.cloudmusic.app.PlaylistActivity)/@0x6c44636 sb=Rect(0, 0 - 1920, 1080) eb=Rect(0, 0 - 1920, 1080) d=0}]}
06-24 11:39:21.409 901 979 V WindowManagerShell: loadAnimation: anim=android.view.animation.AlphaAnimation@43d4214 animAttr=0x6 type=CLOSE isEntrance=true
06-24 11:39:21.409 901 979 V WindowManagerShell: loadAnimation: anim=android.view.animation.AlphaAnimation@36438b2 animAttr=0x7 type=CLOSE isEntrance=false
06-24 11:39:21.411 901 979 V WindowManagerShell: animated by com.android.wm.shell.transition.DefaultTransitionHandler@7916d4
06-24 11:39:21.424 901 979 D WindowManagerShell: TvPipController: onTaskStackChanged()
06-24 11:39:21.452 685 709 W ContextImpl: Calling a method in the system process without a qualified user: android.app.ContextImpl.startService:1899 com.android.server.wm.DisplayPolicy.lambda$focusChangedLw$5:2126 com.android.server.wm.DisplayPolicy.$r8$lambda$Znxk63oh-WzVnzo_WQefN7uxV48:0 com.android.server.wm.DisplayPolicy$$ExternalSyntheticLambda13.run:0 android.os.Handler.handleCallback:958
06-24 11:39:21.819 901 979 V WindowManagerShell: Transition animation finished (aborted=false), notifying core (#47)android.os.BinderProxy@45ef85a@0
06-24 11:39:21.822 685 708 V WindowManager: Finish Transition #47: created at
06-24 11:39:21.308 collect-started=0.098ms request-sent=0.19ms started=5.288ms ready=15.712ms sent=96.894ms finished=512.882ms
06-24 11:39:21.825 901 979 V WindowManagerShell: Track 0 became idle
06-24 11:39:21.825 901 979 V WindowManagerShell: All active transition animations finished
06-24 11:39:21.881 685 11707 D CoreBackPreview: Window{3559556 u0 com.netease.cloudmusic.tv/com.netease.cloudmusic.tv.activity.TvVideoActivity}: Setting back callback null
06-24 11:39:22.459 685 709 D AutofillManagerService: onBackKeyPressed()
06-24 11:39:22.465 901 979 V WindowManagerShell: Transition requested: android.os.BinderProxy@8592dfe TransitionRequestInfo { type = 2, triggerTask = null, remoteTransition = null, displayChange = null, flags = 0 }
06-24 11:39:22.477 685 959 V WindowManager: app ------------- force_land :0
06-24 11:39:22.581 901 979 D WindowManagerShell: TvPipController: onTaskStackChanged()
06-24 11:39:22.640 685 708 V WindowManager: Sent Transition #48 createdAt=06-24 11:39:22.464 via request=TransitionRequestInfo { type = 2, triggerTask = null, remoteTransition = null, displayChange = null, flags = 0 }
06-24 11:39:22.640 685 708 V WindowManager: startWCT=WindowContainerTransaction { changes = {} hops = [] errorCallbackToken=null taskFragmentOrganizer=null }
06-24 11:39:22.641 685 708 V WindowManager: info={id=48 t=CLOSE f=0x0 trk=0 r=[0@Point(0, 0)] c=[{null m=CLOSE f=FILLS_TASK leash=Surface(name=ActivityRecord{cf771ba u0 com.netease.cloudmusic.tv/com.netease.cloudmusic.app.PlaylistActivity)/@0x6c44636 sb=Rect(0, 0 - 1920, 1080) eb=Rect(0, 0 - 1920, 1080) d=0},{null m=TO_FRONT f=FILLS_TASK leash=Surface(name=ActivityRecord{d446fb4 u0 com.netease.cloudmusic.tv/.activity.MainActivity)/@0x5114450 sb=Rect(0, 0 - 1920, 1080) eb=Rect(0, 0 - 1920, 1080) d=0}]}
06-24 11:39:22.641 901 979 V WindowManagerShell: onTransitionReady android.os.BinderProxy@8592dfe: {id=48 t=CLOSE f=0x0 trk=0 r=[0@Point(0, 0)] c=[{null m=CLOSE f=FILLS_TASK leash=Surface(name=ActivityRecord{cf771ba u0 com.netease.cloudmusic.tv/com.netease.cloudmusic.app.PlaylistActivity)/@0xa70295f sb=Rect(0, 0 - 1920, 1080) eb=Rect(0, 0 - 1920, 1080) d=0},{null m=TO_FRONT f=FILLS_TASK leash=Surface(name=ActivityRecord{d446fb4 u0 com.netease.cloudmusic.tv/.activity.MainActivity)/@0xcd6bfac sb=Rect(0, 0 - 1920, 1080) eb=Rect(0, 0 - 1920, 1080) d=0}]}
06-24 11:39:22.641 901 979 V WindowManagerShell: Playing animation for (#48)android.os.BinderProxy@8592dfe@0
06-24 11:39:22.641 901 979 V WindowManagerShell: try handler com.android.wm.shell.keyguard.KeyguardTransitionHandler@24e2028
06-24 11:39:22.642 901 979 V WindowManagerShell: try handler com.android.wm.shell.pip.tv.TvPipTransition@1141
06-24 11:39:22.642 901 979 V WindowManagerShell: try handler com.android.wm.shell.activityembedding.ActivityEmbeddingController@e8f56e6
06-24 11:39:22.642 901 979 V WindowManagerShell: try handler com.android.wm.shell.transition.RemoteTransitionHandler@b664427
06-24 11:39:22.642 901 979 V WindowManagerShell: Transition doesn't have explicit remote, search filters for match for {id=48 t=CLOSE f=0x0 trk=0 r=[0@Point(0, 0)] c=[{null m=CLOSE f=FILLS_TASK leash=Surface(name=ActivityRecord{cf771ba u0 com.netease.cloudmusic.tv/com.netease.cloudmusic.app.PlaylistActivity)/@0xa70295f sb=Rect(0, 0 - 1920, 1080) eb=Rect(0, 0 - 1920, 1080) d=0},{null m=TO_FRONT f=FILLS_TASK leash=Surface(name=ActivityRecord{d446fb4 u0 com.netease.cloudmusic.tv/.activity.MainActivity)/@0xcd6bfac sb=Rect(0, 0 - 1920, 1080) eb=Rect(0, 0 - 1920, 1080) d=0}]}
06-24 11:39:22.642 901 979 V WindowManagerShell: Delegate animation for #48 to null
06-24 11:39:22.642 901 979 V WindowManagerShell: try handler com.android.wm.shell.transition.DefaultTransitionHandler@7916d4
06-24 11:39:22.642 901 979 V WindowManagerShell: start default transition animation, info = {id=48 t=CLOSE f=0x0 trk=0 r=[0@Point(0, 0)] c=[{null m=CLOSE f=FILLS_TASK leash=Surface(name=ActivityRecord{cf771ba u0 com.netease.cloudmusic.tv/com.netease.cloudmusic.app.PlaylistActivity)/@0xa70295f sb=Rect(0, 0 - 1920, 1080) eb=Rect(0, 0 - 1920, 1080) d=0},{null m=TO_FRONT f=FILLS_TASK leash=Surface(name=ActivityRecord{d446fb4 u0 com.netease.cloudmusic.tv/.activity.MainActivity)/@0xcd6bfac sb=Rect(0, 0 - 1920, 1080) eb=Rect(0, 0 - 1920, 1080) d=0}]}
06-24 11:39:22.642 901 979 V WindowManagerShell: loadAnimation: anim=android.view.animation.AlphaAnimation@a162c0a animAttr=0x6 type=CLOSE isEntrance=true
06-24 11:39:22.643 901 979 V WindowManagerShell: loadAnimation: anim=android.view.animation.AlphaAnimation@697fc7b animAttr=0x7 type=CLOSE isEntrance=false
06-24 11:39:22.644 901 979 V WindowManagerShell: animated by com.android.wm.shell.transition.DefaultTransitionHandler@7916d4
06-24 11:39:22.657 685 709 W ContextImpl: Calling a method in the system process without a qualified user: android.app.ContextImpl.startService:1899 com.android.server.wm.DisplayPolicy.lambda$focusChangedLw$5:2126 com.android.server.wm.DisplayPolicy.$r8$lambda$Znxk63oh-WzVnzo_WQefN7uxV48:0 com.android.server.wm.DisplayPolicy$$ExternalSyntheticLambda13.run:0 android.os.Handler.handleCallback:958
06-24 11:39:23.055 901 979 V WindowManagerShell: Transition animation finished (aborted=false), notifying core (#48)android.os.BinderProxy@8592dfe@0
06-24 11:39:23.058 685 708 V WindowManager: Finish Transition #48: created at
06-24 11:39:22.464 collect-started=0.093ms request-sent=0.183ms started=4.223ms ready=14.598ms sent=175.246ms finished=593.155ms
06-24 11:39:23.061 901 979 V WindowManagerShell: Track 0 became idle
06-24 11:39:23.061 901 979 V WindowManagerShell: All active transition animations finished
06-24 11:39:23.099 685 700 D CoreBackPreview: Window{cc6225b u0 com.netease.cloudmusic.tv/com.netease.cloudmusic.app.PlaylistActivity}: Setting back callback null
06-24 11:39:23.449 685 709 D AutofillManagerService: onBackKeyPressed()
06-24 11:39:24.338 685 709 D AutofillManagerService: onBackKeyPressed()
06-24 11:39:24.402 685 700 W WindowManager: [addWindow] title:com.netease.cloudmusic.tv/com.netease.cloudmusic.tv.activity.MainActivity
06-24 11:39:24.415 685 700 D CoreBackPreview: Window{a212eee u0 com.netease.cloudmusic.tv/com.netease.cloudmusic.tv.activity.MainActivity}: Setting back callback OnBackInvokedCallbackInfo{mCallback=android.window.IOnBackInvokedCallback$Stub$Proxy@4f821c, mPriority=0, mIsAnimationCallback=false}
06-24 11:39:24.507 685 709 W ContextImpl: Calling a method in the system process without a qualified user: android.app.ContextImpl.startService:1899 com.android.server.wm.DisplayPolicy.lambda$focusChangedLw$5:2126 com.android.server.wm.DisplayPolicy.$r8$lambda$Znxk63oh-WzVnzo_WQefN7uxV48:0 com.android.server.wm.DisplayPolicy$$ExternalSyntheticLambda13.run:0 android.os.Handler.handleCallback:958
06-24 11:39:25.400 685 1390 E TaskPersister: File error accessing recents directory (directory doesn't exist?).
06-24 11:39:26.991 685 700 I WindowManager: WIN DEATH: Window{a212eee u0 com.netease.cloudmusic.tv/com.netease.cloudmusic.tv.activity.MainActivity}
06-24 11:39:26.991 685 8210 I MediaSessionStack: removeSession | record: com.netease.cloudmusic.tv/MediaSession (userId=0)
06-24 11:39:26.993 685 1076 I ActivityManager: Process com.netease.cloudmusic.tv (pid 8834) has died: fg TOP
06-24 11:39:27.000 685 11707 W ActivityManager: pid 985 com.android.bluetooth sent binder code 4 with flags 0 to frozen apps and got error -32
06-24 11:39:27.002 685 959 I WindowManager: WIN DEATH: Window{fe0324d u0 com.netease.cloudmusic.tv/com.netease.cloudmusic.tv.activity.MainActivity}
06-24 11:39:27.008 685 1076 W ActivityManager: Scheduling restart of crashed service com.netease.cloudmusic.tv/com.netease.cloudmusic.service.PlayService in 1000ms for start-requested
06-24 11:39:27.010 685 763 D CompatibilityChangeReporter: Compat change id reported: 265195908; UID 10078; state: ENABLED
06-24 11:39:27.012 685 711 V WindowManager: Unknown focus tokens, dropping reportFocusChanged
06-24 11:39:27.013 685 709 D DisplayManagerService: Drop pending events for gone uid 10078
06-24 11:39:27.013 685 1076 W ActivityTaskManager: Force removing ActivityRecord{d446fb4 u0 com.netease.cloudmusic.tv/.activity.MainActivity t42}: app died, no saved state
06-24 11:39:27.016 901 979 V WindowManagerShell: Transition requested: android.os.BinderProxy@19fe557 TransitionRequestInfo { type = 2, triggerTask = TaskInfo{userId=0 taskId=42 displayId=0 isRunning=true baseIntent=Intent { act=android.intent.action.MAIN cat=[android.intent.category.LAUNCHER] flg=0x10000000 pkg=com.netease.cloudmusic.tv cmp=com.netease.cloudmusic.tv/com.netease.cloudmusic.app.LoadingActivity } baseActivity=ComponentInfo{com.netease.cloudmusic.tv/com.netease.cloudmusic.tv.activity.MainActivity} topActivity=ComponentInfo{com.netease.cloudmusic.tv/com.netease.cloudmusic.tv.activity.MainActivity} origActivity=null realActivity=ComponentInfo{com.netease.cloudmusic.tv/com.netease.cloudmusic.app.LoadingActivity} numActivities=1 lastActiveTime=1770377 supportsMultiWindow=true resizeMode=2 isResizeable=true minWidth=-1 minHeight=-1 defaultMinSize=220 token=WCT{android.window.IWindowContainerToken$Stub$Proxy@13f5844} topActivityType=1 pictureInPictureParams=null shouldDockBigOverlays=true launchIntoPipHostTaskId=-1 lastParentTaskIdBeforePip=-1 displayCutoutSafeInsets=null topActivityInfo=ActivityInfo{d757d2d com.netease.cloudmusic.tv.activity.MainActivity} launchCookies=[] positionInParent=Point(0, 0) parentTaskId=-1 isFocused=true isVisible=true isVisibleRequested=true isSleeping=false topActivityInSizeCompat=false topActivityEligibleForLetterboxEducation= false isLetterboxDoubleTapEnabled= false topActivityEligibleForUserAspectRatioButton= false topActivityBoundsLetterboxed= false isFromLetterboxDoubleTap= false topActivityLetterboxVerticalPosition= -1 topActivityLetterboxHorizontalPosition= -1 topActivityLetterboxWidth=-1 topActivityLetterboxHeight=-1 isUserFullscreenOverrideEnabled=false isTopActivityTransparent=false locusId=null displayAreaFeatureId=1 cameraCompatControlState=hidden}, remoteTransition = null, displayChange = null, flags = 0 }
06-24 11:39:27.048 685 1076 V WindowManager: app ------------- force_land :0
06-24 11:39:27.051 901 979 W Looper : Slow dispatch took 34ms wmshell.main h=android.os.Handler c=com.android.wm.shell.transition.Transitions$TransitionPlayerImpl$$ExternalSyntheticLambda1@4f83262 m=0
06-24 11:39:27.051 901 979 W Looper : Slow delivery took 34ms wmshell.main h=android.os.Handler c=com.android.wm.shell.pip.PinnedStackListenerForwarder$PinnedTaskListenerImpl$$ExternalSyntheticLambda1@6d37ff3 m=0
06-24 11:39:27.051 901 979 W Looper : Drained
06-24 11:39:27.097 685 709 W ContextImpl: Calling a method in the system process without a qualified user: android.app.ContextImpl.startService:1899 com.android.server.wm.DisplayPolicy.lambda$focusChangedLw$5:2126 com.android.server.wm.DisplayPolicy.$r8$lambda$Znxk63oh-WzVnzo_WQefN7uxV48:0 com.android.server.wm.DisplayPolicy$$ExternalSyntheticLambda13.run:0 android.os.Handler.handleCallback:958
