06-24 13:39:52.894 0 0 W : [3 T1046 ..] [SP FRAME TX] arp rsp,vif_idx:0 sender:[1c:79:2d:20:62:cb 192.168.3.75]receiver:[b6:9c:70:ec:40:e7 192.168.3.65]
06-24 13:39:52.958 0 0 W : [3 T1046 ..] [SP FRAME RX] arp req,vif_idx:0 sender:[68:39:43:80:0a:5c 192.168.3.209]receiver:[00:00:00:00:00:00 192.168.3.75]
06-24 13:39:52.959 0 0 W : [3 T1046 ..] [SP FRAME TX] arp rsp,vif_idx:0 sender:[1c:79:2d:20:62:cb 192.168.3.75]receiver:[68:39:43:80:0a:5c 192.168.3.209]
06-24 13:39:52.977 0 0 W : [3 T1046 ..] [SP FRAME RX] arp req,vif_idx:0 sender:[10:b2:32:39:59:ba 192.168.3.57]receiver:[00:00:00:00:00:00 192.168.3.75]
06-24 13:39:52.978 0 0 W : [3 T1046 ..] [SP FRAME TX] arp rsp,vif_idx:0 sender:[1c:79:2d:20:62:cb 192.168.3.75]receiver:[10:b2:32:39:59:ba 192.168.3.57]
06-24 13:39:53.053 0 0 W : [3 T1046 ..] [SP FRAME RX] arp req,vif_idx:0 sender:[b6:86:f8:35:d4:28 192.168.3.36]receiver:[00:00:00:00:00:00 192.168.3.75]
06-24 13:39:53.054 0 0 W : [3 T1046 ..] [SP FRAME TX] arp rsp,vif_idx:0 sender:[1c:79:2d:20:62:cb 192.168.3.75]receiver:[b6:86:f8:35:d4:28 192.168.3.36]
06-24 13:39:53.091 0 0 W : [3 T1046 ..] [SP FRAME RX] arp req,vif_idx:0 sender:[0c:91:60:12:cd:6e 192.168.3.81]receiver:[00:00:00:00:00:00 192.168.3.75]
06-24 13:39:53.092 0 0 W : [3 T1046 ..] [SP FRAME TX] arp rsp,vif_idx:0 sender:[1c:79:2d:20:62:cb 192.168.3.75]receiver:[0c:91:60:12:cd:6e 192.168.3.81]
06-24 13:39:53.123 0 0 W : [3 T1046 ..] [SP FRAME RX] arp req,vif_idx:0 sender:[22:75:a5:1f:46:24 192.168.3.71]receiver:[00:00:00:00:00:00 192.168.3.75]
06-24 13:39:53.124 0 0 W : [3 T1046 ..] [SP FRAME TX] arp rsp,vif_idx:0 sender:[1c:79:2d:20:62:cb 192.168.3.75]receiver:[22:75:a5:1f:46:24 192.168.3.71]
06-24 13:39:53.200 0 0 W : [3 T1046 ..] [SP FRAME RX] arp req,vif_idx:0 sender:[9a:86:f7:27:5c:25 192.168.3.169]receiver:[00:00:00:00:00:00 192.168.3.75]
06-24 13:39:53.201 0 0 W : [3 T1046 ..] [SP FRAME TX] arp rsp,vif_idx:0 sender:[1c:79:2d:20:62:cb 192.168.3.75]receiver:[9a:86:f7:27:5c:25 192.168.3.169]
06-24 13:39:53.359 0 0 W : [3 T1046 ..] [SP FRAME RX] arp req,vif_idx:0 sender:[28:7b:11:70:51:1f 192.168.3.44]receiver:[00:00:00:00:00:00 192.168.3.75]
06-24 13:39:53.360 0 0 W : [3 T1046 ..] [SP FRAME TX] arp rsp,vif_idx:0 sender:[1c:79:2d:20:62:cb 192.168.3.75]receiver:[28:7b:11:70:51:1f 192.168.3.44]
06-24 13:39:53.429 0 0 W : [3 T1046 ..] [SP FRAME RX] arp req,vif_idx:0 sender:[0c:91:60:12:cd:fc 192.168.3.171]receiver:[00:00:00:00:00:00 192.168.3.75]
06-24 13:39:53.430 0 0 W : [3 T1046 ..] [SP FRAME TX] arp rsp,vif_idx:0 sender:[1c:79:2d:20:62:cb 192.168.3.75]receiver:[0c:91:60:12:cd:fc 192.168.3.171]
06-24 13:39:53.452 0 0 W : [3 T1046 ..] [SP FRAME RX] arp req,vif_idx:0 sender:[0c:91:60:12:cd:8c 192.168.3.70]receiver:[00:00:00:00:00:00 192.168.3.75]
06-24 13:39:53.453 0 0 W : [3 T1046 ..] [SP FRAME TX] arp rsp,vif_idx:0 sender:[1c:79:2d:20:62:cb 192.168.3.75]receiver:[0c:91:60:12:cd:8c 192.168.3.70]
06-24 13:39:53.567 0 0 W : [3 T1046 ..] [SP FRAME RX] arp req,vif_idx:0 sender:[28:7b:11:70:4f:bd 192.168.3.156]receiver:[00:00:00:00:00:00 192.168.3.75]
06-24 13:39:53.568 0 0 W : [3 T1046 ..] [SP FRAME TX] arp rsp,vif_idx:0 sender:[1c:79:2d:20:62:cb 192.168.3.75]receiver:[28:7b:11:70:4f:bd 192.168.3.156]
06-24 13:39:53.582 0 0 W : [3 T1046 ..] [SP FRAME RX] arp req,vif_idx:0 sender:[28:7b:11:70:4f:a5 192.168.3.155]receiver:[00:00:00:00:00:00 192.168.3.75]
06-24 13:39:53.583 0 0 W : [3 T1046 ..] [SP FRAME TX] arp rsp,vif_idx:0 sender:[1c:79:2d:20:62:cb 192.168.3.75]receiver:[28:7b:11:70:4f:a5 192.168.3.155]
06-24 13:39:53.598 0 0 W : [3 T1046 ..] [SP FRAME RX] arp req,vif_idx:0 sender:[d2:07:9a:6e:a7:36 192.168.3.27]receiver:[00:00:00:00:00:00 192.168.3.75]
06-24 13:39:53.599 0 0 W : [3 T1046 ..] [SP FRAME TX] arp rsp,vif_idx:0 sender:[1c:79:2d:20:62:cb 192.168.3.75]receiver:[d2:07:9a:6e:a7:36 192.168.3.27]
06-24 13:39:53.693 0 0 W : [3 T1046 ..] [SP FRAME RX] arp req,vif_idx:0 sender:[da:b8:33:f6:93:fe 192.168.3.89]receiver:[00:00:00:00:00:00 192.168.3.75]
06-24 13:39:53.694 0 0 W : [3 T1046 ..] [SP FRAME TX] arp rsp,vif_idx:0 sender:[1c:79:2d:20:62:cb 192.168.3.75]receiver:[da:b8:33:f6:93:fe 192.168.3.89]
06-24 13:39:53.712 0 0 W : [3 T1046 ..] [SP FRAME RX] arp req,vif_idx:0 sender:[50:ba:02:e7:1e:de 192.168.3.157]receiver:[00:00:00:00:00:00 192.168.3.75]
06-24 13:39:53.713 0 0 W : [3 T1046 ..] [SP FRAME TX] arp rsp,vif_idx:0 sender:[1c:79:2d:20:62:cb 192.168.3.75]receiver:[50:ba:02:e7:1e:de 192.168.3.157]
06-24 13:39:53.776 0 0 W : [3 T1046 ..] [SP FRAME RX] arp req,vif_idx:0 sender:[e2:04:f6:d8:62:00 192.168.3.194]receiver:[00:00:00:00:00:00 192.168.3.75]
06-24 13:39:53.777 0 0 W : [3 T1046 ..] [SP FRAME TX] arp rsp,vif_idx:0 sender:[1c:79:2d:20:62:cb 192.168.3.75]receiver:[e2:04:f6:d8:62:00 192.168.3.194]
06-24 13:39:53.796 0 0 W : [3 T1046 ..] [SP FRAME RX] arp req,vif_idx:0 sender:[16:8e:6e:17:dc:41 192.168.3.176]receiver:[00:00:00:00:00:00 192.168.3.75]
06-24 13:39:53.797 0 0 W : [3 T1046 ..] [SP FRAME TX] arp rsp,vif_idx:0 sender:[1c:79:2d:20:62:cb 192.168.3.75]receiver:[16:8e:6e:17:dc:41 192.168.3.176]
06-24 13:39:59.434 0 0 W : [1 T0 .s] [SP FRAME TX] arp req,vif_idx:0 sender:[1c:79:2d:20:62:cb 192.168.3.75]receiver:[00:00:00:00:00:00 192.168.3.1]
06-24 13:39:59.438 0 0 W : [3 T1046 ..] [SP FRAME RX] arp rsp,vif_idx:0 sender:[70:3a:a6:36:a8:d7 192.168.3.1]receiver:[1c:79:2d:20:62:cb 192.168.3.75]
06-24 13:40:05.440 0 0 W : [3 T1046 ..] [SP FRAME RX] DHCP[0 1], vif_idx:0
06-24 13:40:22.412 1407 1731 W ContextImpl: Calling a method in the system process without a qualified user: android.app.ContextImpl.sendBroadcast:1220 android.content.ContextWrapper.sendBroadcast:504 com.dangbei.etna.setting.core.SettingHelper.sendCycleToProjector:257 com.dangbei.etna.setting.core.SettingHelper.sendCycleCheckBroadcast:226 com.dangbei.etna.setting.core.SettingHelper.startLoop$lambda-0:185
06-24 13:40:22.414 1407 1731 W ContextImpl: Calling a method in the system process without a qualified user: android.app.ContextImpl.sendBroadcast:1220 android.content.ContextWrapper.sendBroadcast:504 com.dangbei.etna.setting.core.SettingHelper.sendCycleToVoice:242 com.dangbei.etna.setting.core.SettingHelper.sendCycleCheckBroadcast:227 com.dangbei.etna.setting.core.SettingHelper.startLoop$lambda-0:185
06-24 13:40:22.847 0 0 W : [3 T1046 ..] [SP FRAME RX] arp req,vif_idx:0 sender:[b6:9c:70:ec:40:e7 192.168.3.65]receiver:[00:00:00:00:00:00 192.168.3.75]
06-24 13:40:22.848 0 0 W : [3 T1046 ..] [SP FRAME TX] arp rsp,vif_idx:0 sender:[1c:79:2d:20:62:cb 192.168.3.75]receiver:[b6:9c:70:ec:40:e7 192.168.3.65]
06-24 13:40:31.728 685 735 V DisplayPowerController2[0]: Brightness [0.05] reason changing to: 'manual [ dim ]', previous reason: 'manual'.
06-24 13:40:31.728 685 735 I DisplayPowerController2[0]: BrightnessEvent: disp=0, physDisp=local:4625716335649126415, brt=0.05, initBrt=0.39763778, rcmdBrt=NaN, preBrt=NaN, lux=0.0, preLux=0.0, hbmMax=1.0, hbmMode=off, rbcStrength=0, thrmMax=1.0, powerFactor=1.0, wasShortTermModelActive=false, flags=, reason=manual [ dim ], autoBrightness=false, strategy=InvalidBrightnessStrategy
06-24 13:40:31.729 685 711 D DisplayManagerService: Ignore redundant display event 0/4 to 10080/16754
06-24 13:40:31.729 685 735 W PowerManagerService: Screen on took 293074 ms
06-24 13:40:37.468 0 0 W : [3 T1046 ..] [SP FRAME RX] DHCP[0 1], vif_idx:0
06-24 13:40:38.762 685 735 I PowerGroup: Napping power group (groupId=0, uid=1000)...
06-24 13:40:38.763 685 735 I PowerManagerService: Nap time (uid 1000)...
06-24 13:40:38.764 685 735 W DreamManagerService: Falling back to default dream ComponentInfo{com.dangbei.lerad.screensaver/com.dangbei.lerad.screensaver.service.ScreenSaverService}
06-24 13:40:38.764 685 735 I DreamManagerService: Entering dreamland.
06-24 13:40:38.766 685 735 I PowerManagerService: Dreaming...
06-24 13:40:38.767 685 708 I DreamController: Starting dream: name=ComponentInfo{com.dangbei.lerad.screensaver/com.dangbei.lerad.screensaver.service.ScreenSaverService}, isPreviewMode=false, canDoze=false, userId=0, reason='power manager request'
06-24 13:40:38.771 685 708 D CompatibilityChangeReporter: Compat change id reported: 135634846; UID 10043; state: DISABLED
06-24 13:40:38.772 685 719 D CompatibilityChangeReporter: Compat change id reported: 143937733; UID 10043; state: ENABLED
06-24 13:40:38.773 685 708 D AutofillManagerService: Close system dialogs
06-24 13:40:38.775 901 979 D WindowManagerShell: TvPipMenuController: closeMenu()
06-24 13:40:38.776 901 979 I WindowManagerShell: TvPipMenuController: switchToMenuMode: setting mCurrentMenuMode=MODE_NO_MENU, mPrevMenuMode=MODE_NO_MENU
06-24 13:40:38.792 685 719 I ActivityManager: Start proc 4619:com.dangbei.lerad.screensaver/u0a43 for service {com.dangbei.lerad.screensaver/com.dangbei.lerad.screensaver.service.ScreenSaverService}
06-24 13:40:38.840 0 0 W : [3 T1046 ..] [SP FRAME RX] arp req,vif_idx:0 sender:[92:c1:3a:b4:c7:c8 192.168.3.139]receiver:[1c:79:2d:20:62:cb 192.168.3.75]
06-24 13:40:38.841 0 0 W : [3 T1046 ..] [SP FRAME TX] arp rsp,vif_idx:0 sender:[1c:79:2d:20:62:cb 192.168.3.75]receiver:[92:c1:3a:b4:c7:c8 192.168.3.139]
06-24 13:40:39.103 685 708 W ActivityTaskManager: callingPackage for (uid=1000, pid=0) has no WPC
06-24 13:40:39.123 0 0 W [3 T4671 ..] audit: audit_lost=2794 audit_rate_limit=5 audit_backlog_limit=64
06-24 13:40:39.117 685 708 V SplashScreenExceptionList: SplashScreen checking exception for package com.dangbei.lerad.screensaver (target sdk:34) -> false
06-24 13:40:39.124 0 0 E [3 T4671 ..] audit: rate limit exceeded
06-24 13:40:39.122 901 979 V WindowManagerShell: Transition requested: android.os.BinderProxy@8190222 TransitionRequestInfo { type = 1, triggerTask = TaskInfo{userId=0 taskId=55 displayId=0 isRunning=true baseIntent=Intent { flg=0x10840000 pkg=com.dangbei.lerad.screensaver cmp=com.dangbei.lerad.screensaver/android.service.dreams.DreamActivity } baseActivity=ComponentInfo{com.dangbei.lerad.screensaver/android.service.dreams.DreamActivity} topActivity=ComponentInfo{com.dangbei.lerad.screensaver/android.service.dreams.DreamActivity} origActivity=null realActivity=ComponentInfo{com.dangbei.lerad.screensaver/android.service.dreams.DreamActivity} numActivities=1 lastActiveTime=9047021 supportsMultiWindow=true resizeMode=0 isResizeable=false minWidth=-1 minHeight=-1 defaultMinSize=220 token=WCT{android.window.IWindowContainerToken$Stub$Proxy@99874b3} topActivityType=5 pictureInPictureParams=null shouldDockBigOverlays=true launchIntoPipHostTaskId=-1 lastParentTaskIdBeforePip=-1 displayCutoutSafeInsets=null topActivityInfo=ActivityInfo{eea6a70 android.service.dreams.DreamActivity} launchCookies=[] positionInParent=Point(0, 0) parentTaskId=-1 isFocused=false isVisible=false isVisibleRequested=false isSleeping=false topActivityInSizeCompat=false topActivityEligibleForLetterboxEducation= false isLetterboxDoubleTapEnabled= false topActivityEligibleForUserAspectRatioButton= false topActivityBoundsLetterboxed= false isFromLetterboxDoubleTap= false topActivityLetterboxVerticalPosition= -1 topActivityLetterboxHorizontalPosition= -1 topActivityLetterboxWidth=-1 topActivityLetterboxHeight=-1 isUserFullscreenOverrideEnabled=false isTopActivityTransparent=false locusId=null displayAreaFeatureId=1 cameraCompatControlState=hidden}, remoteTransition = null, displayChange = null, flags = 0 }
06-24 13:40:39.127 685 708 I ActivityTaskManager: START u0 {flg=0x10040000 pkg=com.dangbei.lerad.screensaver cmp=com.dangbei.lerad.screensaver/android.service.dreams.DreamActivity (has extras)} with LAUNCH_SINGLE_INSTANCE from uid 10043 (realCallingUid=1000) (BAL_ALLOW_PENDING_INTENT) result code=0
06-24 13:40:39.134 685 6903 V WindowManager: app ------------- force_land :0
06-24 13:40:39.134 685 6903 V WindowManager: app ------------- force_land :0
06-24 13:40:39.134 685 6903 V WindowManager: app ------------- force_land :0
06-24 13:40:39.197 685 952 W WindowManager: [addWindow] title:com.dangbei.lerad.screensaver/android.service.dreams.DreamActivity
06-24 13:40:39.215 685 952 D CoreBackPreview: Window{43d60bc u0 com.dangbei.lerad.screensaver/android.service.dreams.DreamActivity}: Setting back callback OnBackInvokedCallbackInfo{mCallback=android.window.IOnBackInvokedCallback$Stub$Proxy@c31db9a, mPriority=0, mIsAnimationCallback=false}
06-24 13:40:39.239 901 979 D WindowManagerShell: TvPipController: onTaskStackChanged()
06-24 13:40:39.312 0 0 I [0 T216 ..] servicemanager: Found android.hardware.graphics.allocator.IAllocator/default in device VINTF manifest.
06-24 13:40:39.314 0 0 I [1 T216 ..] servicemanager: Found android.hardware.graphics.allocator.IAllocator/default in device VINTF manifest.
06-24 13:40:39.324 685 709 W ContextImpl: Calling a method in the system process without a qualified user: android.app.ContextImpl.startService:1899 com.android.server.wm.DisplayPolicy.lambda$focusChangedLw$5:2126 com.android.server.wm.DisplayPolicy.$r8$lambda$Znxk63oh-WzVnzo_WQefN7uxV48:0 com.android.server.wm.DisplayPolicy$$ExternalSyntheticLambda13.run:0 android.os.Handler.handleCallback:958
06-24 13:40:39.350 901 979 V WindowManagerShell: onTransitionReady android.os.BinderProxy@8190222: {id=94 t=OPEN f=0x0 trk=0 r=[0@Point(0, 0)] c=[{WCT{android.window.IWindowContainerToken$Stub$Proxy@d63bd9c} m=TO_FRONT f=NONE leash=Surface(name=Task=54)/@0x8dda1e9 sb=Rect(0, 0 - 1920, 1080) eb=Rect(0, 0 - 1920, 1080) d=0},{WCT{android.window.IWindowContainerToken$Stub$Proxy@9e573a5} m=TO_BACK f=NONE leash=Surface(name=Task=1)/@0xe91e6e sb=Rect(0, 0 - 1920, 1080) eb=Rect(0, 0 - 1920, 1080) d=0}]}
06-24 13:40:39.350 901 979 V WindowManagerShell: Playing animation for (#94)android.os.BinderProxy@8190222@0
06-24 13:40:39.350 901 979 V WindowManagerShell: try handler com.android.wm.shell.keyguard.KeyguardTransitionHandler@24e2028
06-24 13:40:39.350 901 979 V WindowManagerShell: try handler com.android.wm.shell.pip.tv.TvPipTransition@1141
06-24 13:40:39.350 901 979 V WindowManagerShell: try handler com.android.wm.shell.activityembedding.ActivityEmbeddingController@e8f56e6
06-24 13:40:39.350 901 979 V WindowManagerShell: try handler com.android.wm.shell.transition.RemoteTransitionHandler@b664427
06-24 13:40:39.351 901 979 V WindowManagerShell: Transition doesn't have explicit remote, search filters for match for {id=94 t=OPEN f=0x0 trk=0 r=[0@Point(0, 0)] c=[{WCT{android.window.IWindowContainerToken$Stub$Proxy@d63bd9c} m=TO_FRONT f=NONE leash=Surface(name=Task=54)/@0x8dda1e9 sb=Rect(0, 0 - 1920, 1080) eb=Rect(0, 0 - 1920, 1080) d=0},{WCT{android.window.IWindowContainerToken$Stub$Proxy@9e573a5} m=TO_BACK f=NONE leash=Surface(name=Task=1)/@0xe91e6e sb=Rect(0, 0 - 1920, 1080) eb=Rect(0, 0 - 1920, 1080) d=0}]}
06-24 13:40:39.351 901 979 V WindowManagerShell: Delegate animation for #94 to null
06-24 13:40:39.351 901 979 V WindowManagerShell: try handler com.android.wm.shell.transition.DefaultTransitionHandler@7916d4
06-24 13:40:39.351 901 979 V WindowManagerShell: start default transition animation, info = {id=94 t=OPEN f=0x0 trk=0 r=[0@Point(0, 0)] c=[{WCT{android.window.IWindowContainerToken$Stub$Proxy@d63bd9c} m=TO_FRONT f=NONE leash=Surface(name=Task=54)/@0x8dda1e9 sb=Rect(0, 0 - 1920, 1080) eb=Rect(0, 0 - 1920, 1080) d=0},{WCT{android.window.IWindowContainerToken$Stub$Proxy@9e573a5} m=TO_BACK f=NONE leash=Surface(name=Task=1)/@0xe91e6e sb=Rect(0, 0 - 1920, 1080) eb=Rect(0, 0 - 1920, 1080) d=0}]}
06-24 13:40:39.351 901 979 V WindowManagerShell: loadAnimation: anim=null animAttr=0x1d type=OPEN isEntrance=false
06-24 13:40:39.351 901 979 V WindowManagerShell: loadAnimation: anim=null animAttr=0x1c type=OPEN isEntrance=true
06-24 13:40:39.352 901 979 V WindowManagerShell: Transition animation finished (aborted=false), notifying core (#94)android.os.BinderProxy@8190222@0
06-24 13:40:39.353 685 735 V DisplayPowerController2[0]: Brightness [0.39763778] reason changing to: 'manual', previous reason: 'manual [ dim ]'.
06-24 13:40:39.353 685 735 I DisplayPowerController2[0]: BrightnessEvent: disp=0, physDisp=local:4625716335649126415, brt=0.39763778, initBrt=0.05, rcmdBrt=NaN, preBrt=NaN, lux=0.0, preLux=0.0, hbmMax=1.0, hbmMode=off, rbcStrength=0, thrmMax=1.0, powerFactor=1.0, wasShortTermModelActive=false, flags=, reason=manual, autoBrightness=false, strategy=InvalidBrightnessStrategy
06-24 13:40:39.355 685 711 D DisplayManagerService: Ignore redundant display event 0/4 to 10080/16754
06-24 13:40:39.360 685 708 V WindowManager: Sent Transition #94 createdAt=06-24 13:40:39.106 via request=TransitionRequestInfo { type = 1, triggerTask = TaskInfo{userId=0 taskId=55 displayId=0 isRunning=true baseIntent=Intent { flg=0x10840000 pkg=com.dangbei.lerad.screensaver cmp=com.dangbei.lerad.screensaver/android.service.dreams.DreamActivity } baseActivity=ComponentInfo{com.dangbei.lerad.screensaver/android.service.dreams.DreamActivity} topActivity=ComponentInfo{com.dangbei.lerad.screensaver/android.service.dreams.DreamActivity} origActivity=null realActivity=ComponentInfo{com.dangbei.lerad.screensaver/android.service.dreams.DreamActivity} numActivities=1 lastActiveTime=9047021 supportsMultiWindow=true resizeMode=0 isResizeable=false minWidth=-1 minHeight=-1 defaultMinSize=220 token=WCT{RemoteToken{6970b54 Task{f2eeb19 #55 type=dream A=10043:android:com.dangbei.lerad.screensaver/dream}}} topActivityType=5 pictureInPictureParams=null shouldDockBigOverlays=true launchIntoPipHostTaskId=-1 lastParentTaskIdBeforePip=-1 displayCutoutSafeInsets=null topActivityInfo=ActivityInfo{abb9afd android.service.dreams.DreamActivity} launchCookies=[] positionInParent=Point(0, 0) parentTaskId=-1 isFocused=false isVisible=false isVisibleRequested=false isSleeping=false topActivityInSizeCompat=false topActivityEligibleForLetterboxEducation= false isLetterboxDoubleTapEnabled= false topActivityEligibleForUserAspectRatioButton= false topActivityBoundsLetterboxed= false isFromLetterboxDoubleTap= false topActivityLetterboxVerticalPosition= -1 topActivityLetterboxHorizontalPosition= -1 topActivityLetterboxWidth=-1 topActivityLetterboxHeight=-1 isUserFullscreenOverrideEnabled=false isTopActivityTransparent=false locusId=null displayAreaFeatureId=1 cameraCompatControlState=hidden}, remoteTransition = null, displayChange = null, flags = 0 }
06-24 13:40:39.360 685 708 V WindowManager: startWCT=WindowContainerTransaction { changes = {} hops = [] errorCallbackToken=null taskFragmentOrganizer=null }
06-24 13:40:39.360 685 708 V WindowManager: info={id=94 t=OPEN f=0x0 trk=0 r=[0@Point(0, 0)] c=[{WCT{RemoteToken{7c843f2 Task{edb5a60 #54 type=dream}}} m=TO_FRONT f=NONE leash=Surface(name=Task=54)/@0xdbb83c1 sb=Rect(0, 0 - 1920, 1080) eb=Rect(0, 0 - 1920, 1080) d=0},{WCT{RemoteToken{30b1e82 Task{4d21fd0 #1 type=home}}} m=TO_BACK f=NONE leash=Surface(name=Task=1)/@0x54f0375 sb=Rect(0, 0 - 1920, 1080) eb=Rect(0, 0 - 1920, 1080) d=0}]}
06-24 13:40:39.361 685 708 V WindowManager: Finish Transition #94: created at
06-24 13:40:39.106 collect-started=0.099ms request-sent=13.324ms started=22.913ms ready=30.697ms sent=240.713ms finished=248.663ms
06-24 13:40:39.365 901 979 V WindowManagerShell: Track 0 became idle
06-24 13:40:39.365 901 979 V WindowManagerShell: All active transition animations finished
06-24 13:40:39.365 901 979 V WindowManagerShell: animated by com.android.wm.shell.transition.DefaultTransitionHandler@7916d4
06-24 13:40:39.365 901 979 V WindowManagerShell: Track 0 became idle
06-24 13:40:39.366 901 979 V WindowManagerShell: All active transition animations finished
06-24 13:40:39.381 685 1069 D CompatibilityChangeReporter: Compat change id reported: 214016041; UID 10043; state: ENABLED
06-24 13:40:39.541 0 0 E : [3 T4772 ..] mediaproxy produce init [aml-vcodec-dec]
06-24 13:40:39.541 0 0 I : [3 T4772 ..] Mediaproxy is opened name[aml-vcodec-dec]\n
06-24 13:40:39.541 0 0 I : [3 T4772 ..] Mediaproxy is opened name[aml-vcodec-dec] end\n
06-24 13:40:39.542 0 0 E : [3 T4772 ..] mediaproxy produce start connect
06-24 13:40:39.543 0 0 I : [3 T4772 ..] find p kfifo size:[32][2]
06-24 13:40:39.544 0 0 I : [3 T4772 ..] mediaproxy_get_fifo get idx[2]
06-24 13:40:39.544 0 0 I : [3 T4772 ..] Session producer-2 is connected fifo idx [2]
06-24 13:40:39.545 0 0 E : [3 T4772 ..] mediaproxy produce connect [2]
06-24 13:40:39.546 0 0 I : [3 T4772 ..] mediaproxy produce msg type :0x40 module_name:aml-vcodec-dec
06-24 13:40:39.547 0 0 I : [2 T4772 ..] deinit session
06-24 13:40:39.547 0 0 I : [2 T4772 ..] deinit session producer-2
06-24 13:40:39.548 0 0 I : [2 T4772 ..] deinit has_unusing_fifo [1]
06-24 13:40:39.549 0 0 I : [3 T98 ..] p_fifo[2] name[aml-vcodec-dec] state[0] to MP_FIFO_UNUSED
06-24 13:40:39.549 0 0 E : [2 T4772 ..] mediaproxy produce init [aml-vcodec-dec]
06-24 13:40:39.550 0 0 I : [2 T4772 ..] Mediaproxy is opened name[aml-vcodec-dec]\n
06-24 13:40:39.550 0 0 I : [2 T4772 ..] Mediaproxy is opened name[aml-vcodec-dec] end\n
06-24 13:40:39.551 0 0 E : [2 T4772 ..] mediaproxy produce start connect
06-24 13:40:39.553 0 0 I : [2 T4772 ..] find p kfifo size:[32][2]
06-24 13:40:39.553 0 0 I : [2 T4772 ..] mediaproxy_get_fifo get idx[2]
06-24 13:40:39.554 0 0 I : [2 T4772 ..] Session producer-2 is connected fifo idx [2]
06-24 13:40:39.555 0 0 E : [2 T4772 ..] mediaproxy produce connect [2]
06-24 13:40:39.555 0 0 I : [2 T4772 ..] mediaproxy produce msg type :0x40 module_name:aml-vcodec-dec
06-24 13:40:39.557 0 0 I : [2 T4772 ..] deinit session
06-24 13:40:39.557 0 0 I : [2 T4772 ..] deinit session producer-2
06-24 13:40:39.557 0 0 I : [2 T4772 ..] deinit has_unusing_fifo [1]
06-24 13:40:39.558 0 0 I : [0 T98 ..] p_fifo[2] name[aml-vcodec-dec] state[0] to MP_FIFO_UNUSED
06-24 13:40:39.559 0 0 I : [3 T4772 ..] codec mem info:
06-24 13:40:39.559 0 0 I : [3 T4772 ..] total codec mem size:364 MB
06-24 13:40:39.560 0 0 I : [3 T4772 ..] alloced size= 0 MB
06-24 13:40:39.560 0 0 I : [3 T4772 ..] max alloced: 119 MB
06-24 13:40:39.561 0 0 I [3 T4772 ..] CMA: 0,RES:0,TVP:0,SYS:0,COHER:0,VMAPED:0 MB
06-24 13:40:39.562 0 0 I [3 T4772 ..] RES_EXT: 0 MB
06-24 13:40:39.562 0 0 I : [3 T4772 ..] [4]CMA size:364 MB:alloced: 0 MB,free:364 MB
06-24 13:40:39.563 0 0 I : [3 T4772 ..] codec mem info:
06-24 13:40:39.564 0 0 I : [3 T4772 ..] total codec mem size:364 MB
06-24 13:40:39.564 0 0 I : [3 T4772 ..] alloced size= 0 MB
06-24 13:40:39.565 0 0 I : [3 T4772 ..] max alloced: 119 MB
06-24 13:40:39.565 0 0 I [3 T4772 ..] CMA: 0,RES:0,TVP:0,SYS:0,COHER:0,VMAPED:0 MB
06-24 13:40:39.566 0 0 I [3 T4772 ..] RES_EXT: 0 MB
06-24 13:40:39.567 0 0 I : [3 T4772 ..] [4]CMA size:364 MB:alloced: 0 MB,free:364 MB
06-24 13:40:39.568 0 0 E : [0 T4779 ..] mediaproxy produce init [aml-vcodec-dec]
06-24 13:40:39.569 0 0 I : [0 T4779 ..] Mediaproxy is opened name[aml-vcodec-dec]\n
06-24 13:40:39.569 0 0 I : [0 T4779 ..] Mediaproxy is opened name[aml-vcodec-dec] end\n
06-24 13:40:39.569 0 0 E : [0 T4779 ..] mediaproxy produce start connect
06-24 13:40:39.571 0 0 I : [0 T4779 ..] find p kfifo size:[32][2]
06-24 13:40:39.571 0 0 I : [0 T4779 ..] mediaproxy_get_fifo get idx[2]
06-24 13:40:39.573 0 0 I : [0 T4779 ..] Session producer-2 is connected fifo idx [2]
06-24 13:40:39.573 0 0 E : [0 T4779 ..] mediaproxy produce connect [2]
06-24 13:40:39.574 0 0 I : [0 T4779 ..] mediaproxy produce msg type :0x40 module_name:aml-vcodec-dec
06-24 13:40:39.575 0 0 I : [0 T4779 ..] deinit session
06-24 13:40:39.575 0 0 I : [0 T4779 ..] deinit session producer-2
06-24 13:40:39.576 0 0 I : [0 T4779 ..] deinit has_unusing_fifo [1]
06-24 13:40:39.576 0 0 I : [3 T98 ..] p_fifo[2] name[aml-vcodec-dec] state[0] to MP_FIFO_UNUSED
06-24 13:40:39.577 0 0 E : [0 T4779 ..] mediaproxy produce init [aml-vcodec-dec]
06-24 13:40:39.578 0 0 I : [0 T4779 ..] Mediaproxy is opened name[aml-vcodec-dec]\n
06-24 13:40:39.578 0 0 I : [0 T4779 ..] Mediaproxy is opened name[aml-vcodec-dec] end\n
06-24 13:40:39.579 0 0 E : [0 T4779 ..] mediaproxy produce start connect
06-24 13:40:39.580 0 0 I : [0 T4779 ..] find p kfifo size:[32][2]
06-24 13:40:39.581 0 0 I : [0 T4779 ..] mediaproxy_get_fifo get idx[2]
06-24 13:40:39.582 0 0 I : [0 T4779 ..] Session producer-2 is connected fifo idx [2]
06-24 13:40:39.582 0 0 E : [0 T4779 ..] mediaproxy produce connect [2]
06-24 13:40:39.583 0 0 I : [0 T4779 ..] mediaproxy produce msg type :0x40 module_name:aml-vcodec-dec
06-24 13:40:39.585 0 0 I [2 T4779 ..] [amlv4l]: [101]: DW:3, TW:0, Margin:6
06-24 13:40:39.586 0 0 D [0 T4789 ..] [amlcom]: vdec_create instance 00000000ce6a456c, total 1, PM: power-domain
06-24 13:40:39.586 0 0 D [0 T4789 ..] [media_clock]: hevc mux clock is 799999988 Hz
06-24 13:40:39.587 0 0 I [1 T4789 ..] [amlcom]: dos_local_config end, id 3, is_on 1
06-24 13:40:39.587 0 0 I [1 T4789 ..] [amlcom]: vdec_init, dev_name:ammvdec_h265_v4l, vdec_type=VDEC_TYPE_FRAME_BLOCK, format: 11, total: 1
06-24 13:40:39.590 0 0 D [1 T4789 ..] [h265]: [0]pdata->config=parm_v4l_codec_enable:1;parm_v4l_buffer_margin:6;hevc_double_write_mode:3;hevc_triple_write_mode:0;hevc_buf_width:4096;hevc_buf_height:2304;save_buffer_mode:0;parm_v4l_canvas_mem_mode:0;parm_v4l_canvas_mem_endian:0;parm_v4l_low_latency_mode:0;parm_v4l_metadata_config_flag:1050626;parm_v4l_duration:0;dv_profile:0;parm_v4l_error_handle_info:0;
06-24 13:40:39.590 0 0 D [1 T4789 ..] [h265]: [0]discard dv data
06-24 13:40:39.590 0 0 D [1 T4789 ..] [h265]: [0]dv_profile: 0
06-24 13:40:39.590 0 0 D [1 T4789 ..] [h265]: [0]Correction: policy 0x2 mode 2 lcu_percentage_threshold 0
06-24 13:40:39.602 0 0 D [3 T4789 ..] [h265]: [0]dynamic_buf_num_margin=6
06-24 13:40:39.602 0 0 D [3 T4789 ..] [h265]: [0]double_write_mode=3
06-24 13:40:39.602 0 0 D [3 T4789 ..] [h265]: [0]nal_skip_policy=2
06-24 13:40:39.602 0 0 D [3 T4789 ..] [h265]: [0]h265:pts_unstable=0
06-24 13:40:39.602 0 0 D [3 T4789 ..] [h265]: [0]h265: ver (201602101,0) decinfo: 0x0 rate=3600
06-24 13:40:39.602 0 0 D [3 T4789 ..] [h265]: ucode version 4.184, swap enable 1
06-24 13:40:39.602 0 0 D [3 T4789 ..] [media_clock]: hevc mux clock is 799999988 Hz
06-24 13:40:39.602 0 0 D [3 T4789 ..] [amlcom]: hevc video changed to 3840 x 2160 60 fps clk->800MHZ
06-24 13:40:39.603 0 0 I [3 T4772 ..] [amlv4l]: [101]: set vf duration: c80
06-24 13:40:39.621 0 0 I [3 T4789 ..] [amlv4l]: [101]: reset mode: 1, es frames buffering: 0
06-24 13:40:39.621 0 0 D [3 T4789 ..] [h265]: [0]h265:pts_unstable=0
06-24 13:40:39.621 0 0 D [3 T4789 ..] [h265]: [0]h265: ver (201602101,0) decinfo: 0x0 rate=3600
06-24 13:40:39.631 0 0 D [2 T4779 ..] [amlcom]: vdec_release instance 00000000ce6a456c, total 1
06-24 13:40:39.631 0 0 I [1 T4779 ..] [amlcom]: dos_local_config end, id 3, is_on 0
06-24 13:40:39.631 0 0 D [1 T4779 ..] [media_clock]: the clk_hevcf_mux clock off, ref cnt: 0
06-24 13:40:39.631 0 0 I : [1 T4779 ..] deinit session
06-24 13:40:39.632 0 0 I : [1 T4779 ..] deinit session producer-2
06-24 13:40:39.632 0 0 I : [1 T4779 ..] deinit has_unusing_fifo [1]
06-24 13:40:39.633 0 0 I : [2 T98 ..] p_fifo[2] name[aml-vcodec-dec] state[0] to MP_FIFO_UNUSED
06-24 13:40:39.635 0 0 I : [1 T4772 ..] codec mem info:
06-24 13:40:39.635 0 0 I : [1 T4772 ..] total codec mem size:364 MB
06-24 13:40:39.635 0 0 I : [1 T4772 ..] alloced size= 0 MB
06-24 13:40:39.636 0 0 I : [1 T4772 ..] max alloced: 119 MB
06-24 13:40:39.637 0 0 I [1 T4772 ..] CMA: 0,RES:0,TVP:0,SYS:0,COHER:0,VMAPED:0 MB
06-24 13:40:39.640 0 0 I [1 T4772 ..] RES_EXT: 0 MB
06-24 13:40:39.640 0 0 I : [1 T4772 ..] [4]CMA size:364 MB:alloced: 0 MB,free:364 MB
06-24 13:40:39.641 0 0 I : [1 T4772 ..] codec mem info:
06-24 13:40:39.641 0 0 I : [1 T4772 ..] total codec mem size:364 MB
06-24 13:40:39.642 0 0 I : [1 T4772 ..] alloced size= 0 MB
06-24 13:40:39.643 0 0 I : [1 T4772 ..] max alloced: 119 MB
06-24 13:40:39.643 0 0 I [1 T4772 ..] CMA: 0,RES:0,TVP:0,SYS:0,COHER:0,VMAPED:0 MB
06-24 13:40:39.644 0 0 I [1 T4772 ..] RES_EXT: 0 MB
06-24 13:40:39.645 0 0 I : [1 T4772 ..] [4]CMA size:364 MB:alloced: 0 MB,free:364 MB
06-24 13:40:39.647 0 0 E : [3 T4796 ..] mediaproxy produce init [aml-vcodec-dec]
06-24 13:40:39.647 0 0 I : [3 T4796 ..] Mediaproxy is opened name[aml-vcodec-dec]\n
06-24 13:40:39.647 0 0 I : [3 T4796 ..] Mediaproxy is opened name[aml-vcodec-dec] end\n
06-24 13:40:39.648 0 0 E : [3 T4796 ..] mediaproxy produce start connect
06-24 13:40:39.649 0 0 I : [3 T4796 ..] find p kfifo size:[32][2]
06-24 13:40:39.650 0 0 I : [3 T4796 ..] mediaproxy_get_fifo get idx[2]
06-24 13:40:39.650 0 0 I : [3 T4796 ..] Session producer-2 is connected fifo idx [2]
06-24 13:40:39.651 0 0 E : [3 T4796 ..] mediaproxy produce connect [2]
06-24 13:40:39.652 0 0 I : [3 T4796 ..] mediaproxy produce msg type :0x40 module_name:aml-vcodec-dec
06-24 13:40:39.663 0 0 I : [1 T4796 ..] deinit session
06-24 13:40:39.664 0 0 I : [1 T4796 ..] deinit session producer-2
06-24 13:40:39.664 0 0 I : [1 T4796 ..] deinit has_unusing_fifo [1]
06-24 13:40:39.665 0 0 E : [1 T4796 ..] mediaproxy produce init [aml-vcodec-dec]
06-24 13:40:39.665 0 0 I : [1 T4796 ..] Mediaproxy is opened name[aml-vcodec-dec]\n
06-24 13:40:39.665 0 0 I : [1 T4796 ..] Mediaproxy is opened name[aml-vcodec-dec] end\n
06-24 13:40:39.666 0 0 I : [2 T98 ..] p_fifo[2] name[aml-vcodec-dec] state[0] to MP_FIFO_UNUSED
06-24 13:40:39.666 0 0 E : [1 T4796 ..] mediaproxy produce start connect
06-24 13:40:39.666 0 0 I : [1 T4796 ..] find p kfifo size:[32][2]
06-24 13:40:39.670 0 0 I : [1 T4796 ..] mediaproxy_get_fifo get idx[2]
06-24 13:40:39.670 0 0 I : [1 T4796 ..] Session producer-2 is connected fifo idx [2]
06-24 13:40:39.671 0 0 E : [1 T4796 ..] mediaproxy produce connect [2]
06-24 13:40:39.671 0 0 I : [1 T4796 ..] mediaproxy produce msg type :0x40 module_name:aml-vcodec-dec
06-24 13:40:39.686 0 0 I [2 T4796 ..] [amlv4l]: [103]: DW:1, TW:0, Margin:6
06-24 13:40:39.687 0 0 I [0 T4772 ..] [amlv4l]: [103]: set vf duration: c80
06-24 13:40:39.688 0 0 D [0 T4806 ..] [amlcom]: vdec_create instance 00000000d00064bb, total 1, PM: power-domain
06-24 13:40:39.688 0 0 D [0 T4806 ..] [media_clock]: hevc mux clock is 799999988 Hz
06-24 13:40:39.693 0 0 I [1 T4806 ..] [amlcom]: dos_local_config end, id 3, is_on 1
06-24 13:40:39.693 0 0 I [1 T4806 ..] [amlcom]: vdec_init, dev_name:ammvdec_h265_v4l, vdec_type=VDEC_TYPE_FRAME_BLOCK, format: 11, total: 1
06-24 13:40:39.696 0 0 D [1 T4806 ..] [h265]: [0]pdata->config=parm_v4l_codec_enable:1;parm_v4l_buffer_margin:6;hevc_double_write_mode:1;hevc_triple_write_mode:0;hevc_buf_width:4096;hevc_buf_height:2304;save_buffer_mode:0;parm_v4l_canvas_mem_mode:0;parm_v4l_canvas_mem_endian:0;parm_v4l_low_latency_mode:0;parm_v4l_metadata_config_flag:1574914;parm_v4l_duration:0;dv_profile:0;parm_v4l_error_handle_info:0;
06-24 13:40:39.696 0 0 D [1 T4806 ..] [h265]: [0]discard dv data
06-24 13:40:39.696 0 0 D [1 T4806 ..] [h265]: [0]dv_profile: 0
06-24 13:40:39.696 0 0 D [1 T4806 ..] [h265]: [0]Correction: policy 0x2 mode 2 lcu_percentage_threshold 0
06-24 13:40:39.700 0 0 D [1 T4806 ..] [h265]: [0]dynamic_buf_num_margin=6
06-24 13:40:39.700 0 0 D [1 T4806 ..] [h265]: [0]double_write_mode=1
06-24 13:40:39.700 0 0 D [1 T4806 ..] [h265]: [0]nal_skip_policy=2
06-24 13:40:39.700 0 0 D [1 T4806 ..] [h265]: [0]h265:pts_unstable=0
06-24 13:40:39.700 0 0 D [1 T4806 ..] [h265]: [0]h265: ver (201602101,0) decinfo: 0x0 rate=3600
06-24 13:40:39.702 0 0 D [1 T4806 ..] [h265]: ucode version 4.184, swap enable 1
06-24 13:40:39.702 0 0 D [1 T4806 ..] [media_clock]: hevc mux clock is 799999988 Hz
06-24 13:40:39.702 0 0 D [1 T4806 ..] [amlcom]: hevc video changed to 3840 x 2160 60 fps clk->800MHZ
06-24 13:40:39.705 0 0 D [1 T240 ..] [h265]: [0]vh265 cached=0 need_size=16384 speed= 8 ms
06-24 13:40:39.706 0 0 D [0 T238 ..] [h265]: set ucode parse
06-24 13:40:39.706 0 0 W : [0 T238 ..] hevc get comp info: 64 65536 797
06-24 13:40:39.706 0 0 D [0 T238 ..] [h265]: margin = 6, sps_max_dec_pic_buffering_minus1_0 = 5
06-24 13:40:39.706 0 0 I [0 T238 ..] [amlv4l]: [103]: Parse from ucode, visible(1920 x 1080), coded(1920 x 1088), scan:P, bitdepth(8), DW/TW(1, 0)
06-24 13:40:39.706 0 0 I [1 T4806 ..] [amlv4l]: [103]: Picture buffer count: dec:7, vpp:0, ge2d:0, margin:6, total:13
06-24 13:40:39.708 0 0 D [1 T4806 ..] [amlv4l]: [103]: Post event: res chg
06-24 13:40:39.720 0 0 D [0 T238 ..] [h265]: [0]hevc->performance_profile 0
06-24 13:40:39.720 0 0 D [0 T238 ..] [h265]: [0]set pic_list_init_flag 1
06-24 13:40:39.721 0 0 D [1 T27270 ..] [h265]: [0]init_buf_spec2 1920 1080
06-24 13:40:39.721 0 0 D [1 T27270 ..] [h265]: [0]set pic_list_init_flag to 2
06-24 13:40:39.721 0 0 D [0 T238 ..] [h265]: [0]set pic_list_init_flag to 3
06-24 13:40:39.721 0 0 D [0 T238 ..] [h265]: [vdec_kpi][vh265_isr_thread_fn] First I frame coming.
06-24 13:40:39.727 0 0 D [0 T238 ..] [h265]: [0]VH265: output first frame poc 0
06-24 13:40:39.727 0 0 D [0 T238 ..] [h265]: [0]decoder duration change old: 0 new: 3200
06-24 13:40:39.727 0 0 D [0 T238 ..] [h265]: [vdec_kpi][post_video_frame] First I frame decoded.
06-24 13:40:41.162 0 0 W : [2 T27270 ..] [aml_send_sync_trace 4388] sync token[63876]
06-24 13:40:41.162 0 0 W : [2 T27270 ..] >>> aml_send_msg()
06-24 13:40:41.164 0 0 W : [1 T1041 ..] ipc_sdio_host_msgack_handler 00000000417e980e
06-24 13:40:41.164 0 0 W : [1 T1041 ..] [aml_msgackind 2039] msg ack hostid=0xffffff80c8d48f80
06-24 13:40:41.165 0 0 W : [1 T1041 ..] [cmd_mgr_llind 329] cmd tkn[216] flags:0008 result: -4 cmd: 105-MM_SYNC_TRACE - reqcfm( 0-none)
06-24 13:40:41.166 0 0 W : [1 T1041 ..] [cmd_complete 65] cmd tkn[216] flags:0000 result: -4 cmd: 105-MM_SYNC_TRACE - reqcfm( 0-none)
06-24 13:40:47.955 901 979 V WindowManagerShell: Transition requested: android.os.BinderProxy@2f3c72b TransitionRequestInfo { type = 3, triggerTask = null, remoteTransition = null, displayChange = null, flags = 0 }
06-24 13:40:47.961 685 952 I DreamManagerService: Gently waking up from dream.
06-24 13:40:47.966 685 1069 V WindowManager: app ------------- force_land :0
06-24 13:40:48.001 4619 4619 W VRI[DreamActivity]: Cancelling event (no window focus):KeyEvent { action=ACTION_UP, keyCode=KEYCODE_BACK, scanCode=1, metaState=0, flags=0x28, repeatCount=0, eventTime=9055885162068, downTime=9055844360000, deviceId=10, source=0x301, displayId=-1 }
06-24 13:40:48.002 4619 4619 W VRI[DreamActivity]: Cancelling event (no window focus):KeyEvent { action=ACTION_UP, keyCode=KEYCODE_BACK, scanCode=1, metaState=0, flags=0x28, repeatCount=0, eventTime=9055885162068, downTime=9055844360000, deviceId=10, source=0x301, displayId=-1 }
06-24 13:40:48.002 4619 4619 W VRI[DreamActivity]: Cancelling event (no window focus):KeyEvent { action=ACTION_UP, keyCode=KEYCODE_BACK, scanCode=1, metaState=0, flags=0x28, repeatCount=0, eventTime=9055885162068, downTime=9055844360000, deviceId=10, source=0x301, displayId=-1 }
06-24 13:40:48.032 685 708 V WindowManager: Sent Transition #95 createdAt=06-24 13:40:47.947 via request=TransitionRequestInfo { type = 3, triggerTask = null, remoteTransition = null, displayChange = null, flags = 0 }
06-24 13:40:48.032 685 708 V WindowManager: startWCT=WindowContainerTransaction { changes = {} hops = [] errorCallbackToken=null taskFragmentOrganizer=null }
06-24 13:40:48.032 685 708 V WindowManager: info={id=95 t=TO_FRONT f=0x0 trk=0 r=[0@Point(0, 0)] c=[{WCT{RemoteToken{7c843f2 Task{edb5a60 #54 type=dream}}} m=TO_BACK f=TRANSLUCENT leash=Surface(name=Task=54)/@0xdbb83c1 sb=Rect(0, 0 - 1920, 1080) eb=Rect(0, 0 - 1920, 1080) d=0},{WCT{RemoteToken{30b1e82 Task{4d21fd0 #1 type=home}}} m=TO_FRONT f=NONE leash=Surface(name=Task=1)/@0x54f0375 sb=Rect(0, 0 - 1920, 1080) eb=Rect(0, 0 - 1920, 1080) d=0}]}
06-24 13:40:48.033 901 979 V WindowManagerShell: onTransitionReady android.os.BinderProxy@2f3c72b: {id=95 t=TO_FRONT f=0x0 trk=0 r=[0@Point(0, 0)] c=[{WCT{android.window.IWindowContainerToken$Stub$Proxy@d65ab07} m=TO_BACK f=TRANSLUCENT leash=Surface(name=Task=54)/@0xebd1788 sb=Rect(0, 0 - 1920, 1080) eb=Rect(0, 0 - 1920, 1080) d=0},{WCT{android.window.IWindowContainerToken$Stub$Proxy@cd02434} m=TO_FRONT f=NONE leash=Surface(name=Task=1)/@0xedea521 sb=Rect(0, 0 - 1920, 1080) eb=Rect(0, 0 - 1920, 1080) d=0}]}
06-24 13:40:48.033 901 979 V WindowManagerShell: Playing animation for (#95)android.os.BinderProxy@2f3c72b@0
06-24 13:40:48.033 901 979 V WindowManagerShell: try handler com.android.wm.shell.keyguard.KeyguardTransitionHandler@24e2028
06-24 13:40:48.034 901 979 V WindowManagerShell: try handler com.android.wm.shell.pip.tv.TvPipTransition@1141
06-24 13:40:48.034 901 979 V WindowManagerShell: try handler com.android.wm.shell.activityembedding.ActivityEmbeddingController@e8f56e6
06-24 13:40:48.034 901 979 V WindowManagerShell: try handler com.android.wm.shell.transition.RemoteTransitionHandler@b664427
06-24 13:40:48.034 901 979 V WindowManagerShell: Transition doesn't have explicit remote, search filters for match for {id=95 t=TO_FRONT f=0x0 trk=0 r=[0@Point(0, 0)] c=[{WCT{android.window.IWindowContainerToken$Stub$Proxy@d65ab07} m=TO_BACK f=TRANSLUCENT leash=Surface(name=Task=54)/@0xebd1788 sb=Rect(0, 0 - 1920, 1080) eb=Rect(0, 0 - 1920, 1080) d=0},{WCT{android.window.IWindowContainerToken$Stub$Proxy@cd02434} m=TO_FRONT f=NONE leash=Surface(name=Task=1)/@0xedea521 sb=Rect(0, 0 - 1920, 1080) eb=Rect(0, 0 - 1920, 1080) d=0}]}
06-24 13:40:48.034 901 979 V WindowManagerShell: Delegate animation for #95 to null
06-24 13:40:48.034 901 979 V WindowManagerShell: try handler com.android.wm.shell.transition.DefaultTransitionHandler@7916d4
06-24 13:40:48.034 901 979 V WindowManagerShell: start default transition animation, info = {id=95 t=TO_FRONT f=0x0 trk=0 r=[0@Point(0, 0)] c=[{WCT{android.window.IWindowContainerToken$Stub$Proxy@d65ab07} m=TO_BACK f=TRANSLUCENT leash=Surface(name=Task=54)/@0xebd1788 sb=Rect(0, 0 - 1920, 1080) eb=Rect(0, 0 - 1920, 1080) d=0},{WCT{android.window.IWindowContainerToken$Stub$Proxy@cd02434} m=TO_FRONT f=NONE leash=Surface(name=Task=1)/@0xedea521 sb=Rect(0, 0 - 1920, 1080) eb=Rect(0, 0 - 1920, 1080) d=0}]}
06-24 13:40:48.034 901 979 V WindowManagerShell: loadAnimation: anim=null animAttr=0x0 type=TO_FRONT isEntrance=true
06-24 13:40:48.034 901 979 V WindowManagerShell: loadAnimation: anim=null animAttr=0x0 type=TO_FRONT isEntrance=false
06-24 13:40:48.037 901 979 V WindowManagerShell: Transition animation finished (aborted=false), notifying core (#95)android.os.BinderProxy@2f3c72b@0
06-24 13:40:48.040 685 735 I PowerGroup: Waking up power group from Dreaming (groupId=0, uid=1000, reason=WAKE_REASON_DREAM_FINISHED, details=android.server.power:DREAM_FINISHED)...
06-24 13:40:48.041 685 735 I PowerManagerService: Waking up from Dreaming (uid=1000, reason=WAKE_REASON_DREAM_FINISHED, details=android.server.power:DREAM_FINISHED)...
06-24 13:40:48.042 685 685 E ActivityManager: Cancel pending or running compactions as system is awake
06-24 13:40:48.045 685 708 V WindowManager: Finish Transition #95: created at
06-24 13:40:47.947 collect-started=0.102ms request-sent=3.294ms started=13.543ms ready=19.968ms sent=82.964ms finished=95.066ms
06-24 13:40:48.046 901 979 V WindowManagerShell: Track 0 became idle
06-24 13:40:48.046 901 979 V WindowManagerShell: All active transition animations finished
06-24 13:40:48.046 901 979 V WindowManagerShell: animated by com.android.wm.shell.transition.DefaultTransitionHandler@7916d4
06-24 13:40:48.047 901 979 V WindowManagerShell: Track 0 became idle
06-24 13:40:48.047 901 979 V WindowManagerShell: All active transition animations finished
06-24 13:40:48.071 901 979 D WindowManagerShell: TvPipController: onTaskStackChanged()
06-24 13:40:48.073 685 959 I DreamManagerService: Leaving dreamland.
06-24 13:40:48.074 685 708 I DreamController: Stopping dream: name=ComponentInfo{com.dangbei.lerad.screensaver/com.dangbei.lerad.screensaver.service.ScreenSaverService}, isPreviewMode=false, canDoze=false, userId=0, reason='finished self'(from 'finished self')
06-24 13:40:48.091 685 709 W ContextImpl: Calling a method in the system process without a qualified user: android.app.ContextImpl.startService:1899 com.android.server.wm.DisplayPolicy.lambda$focusChangedLw$5:2126 com.android.server.wm.DisplayPolicy.$r8$lambda$Znxk63oh-WzVnzo_WQefN7uxV48:0 com.android.server.wm.DisplayPolicy$$ExternalSyntheticLambda13.run:0 android.os.Handler.handleCallback:958
06-24 13:40:48.094 685 959 D CoreBackPreview: Window{43d60bc u0 com.dangbei.lerad.screensaver/android.service.dreams.DreamActivity}: Setting back callback null
06-24 13:40:48.100 685 709 D AutofillManagerService: onBackKeyPressed()
06-24 13:40:48.163 0 0 I [3 T4806 ..] [amlv4l]: [103]: reset mode: 1, es frames buffering: 2
06-24 13:40:48.163 0 0 D [3 T4806 ..] [h265]: [0]h265:pts_unstable=0
06-24 13:40:48.163 0 0 D [3 T4806 ..] [h265]: [0]h265: ver (201602101,0) decinfo: 0x0 rate=3600
06-24 13:40:48.166 0 0 I [3 T4806 ..] [amlv4l]: [103]: reset mode: 1, es frames buffering: 0
06-24 13:40:48.166 0 0 D [3 T4806 ..] [h265]: [0]h265:pts_unstable=0
06-24 13:40:48.166 0 0 D [3 T4806 ..] [h265]: [0]h265: ver (201602101,0) decinfo: 0x0 rate=3600
06-24 13:40:48.177 0 0 I [0 T4796 ..] [amlv4l]: [103]: reset mode: 1, es frames buffering: 0
06-24 13:40:48.179 0 0 D [0 T4796 ..] [h265]: [0]h265:pts_unstable=0
06-24 13:40:48.179 0 0 D [0 T4796 ..] [h265]: [0]h265: ver (201602101,0) decinfo: 0x0 rate=3600
06-24 13:40:48.182 0 0 D [0 T4796 ..] [amlcom]: vdec_release instance 00000000d00064bb, total 1
06-24 13:40:48.182 0 0 I [2 T4796 ..] [amlcom]: dos_local_config end, id 3, is_on 0
06-24 13:40:48.183 0 0 D [2 T4796 ..] [media_clock]: the clk_hevcf_mux clock off, ref cnt: 0
06-24 13:40:48.183 0 0 I : [2 T4796 ..] deinit session
06-24 13:40:48.183 0 0 I : [2 T4796 ..] deinit session producer-2
06-24 13:40:48.184 0 0 I : [2 T4796 ..] deinit has_unusing_fifo [1]
06-24 13:40:48.184 0 0 I : [0 T98 ..] p_fifo[2] name[aml-vcodec-dec] state[0] to MP_FIFO_UNUSED
06-24 13:40:48.256 0 0 I [0 T4626 ..] dp_buf: [0:103]di buf_mgr free
06-24 13:40:48.254 685 6903 I ActivityManager: Process com.dangbei.lerad.screensaver (pid 4619) has died: fg SVC
06-24 13:40:48.263 0 0 I [1 T4812 ..] binder: undelivered TRANSACTION_COMPLETE
06-24 13:40:48.263 0 0 I [1 T4812 ..] binder: undelivered transaction 4344873, process died.
06-24 13:40:48.265 0 0 I [1 T4812 ..] binder: undelivered transaction 4344874, process died.
06-24 13:40:48.258 685 709 D DisplayManagerService: Drop pending events for gone uid 10043
06-24 13:40:48.684 0 0 W [0 T4386 ..] audit: audit_lost=2816 audit_rate_limit=5 audit_backlog_limit=64
06-24 13:40:48.684 0 0 E [0 T4386 ..] audit: rate limit exceeded
06-24 13:40:51.924 1423 1423 W ContextImpl: Calling a method in the system process without a qualified user: android.app.ContextImpl.startActivity:1102 android.content.ContextWrapper.startActivity:436 ie.b.f:119 ie.a.b:75 ge.a.c:71
06-24 13:40:51.925 1423 1423 W ContextImpl: Calling a method in the system process without a qualified user: android.app.ContextImpl.startActivity:1114 android.app.ContextImpl.startActivity:1103 android.content.ContextWrapper.startActivity:436 ie.b.f:119 ie.a.b:75
06-24 13:40:51.928 685 959 D CompatibilityChangeReporter: Compat change id reported: 265464455; UID 10081; state: DISABLED
06-24 13:40:51.929 685 959 D CompatibilityChangeReporter: Compat change id reported: 265452344; UID 10081; state: DISABLED
06-24 13:40:51.929 685 959 D CompatibilityChangeReporter: Compat change id reported: 266124927; UID 10081; state: DISABLED
06-24 13:40:51.929 685 959 D CompatibilityChangeReporter: Compat change id reported: 265451093; UID 10081; state: DISABLED
06-24 13:40:51.930 685 959 D CompatibilityChangeReporter: Compat change id reported: 265456536; UID 10081; state: DISABLED
06-24 13:40:51.930 685 959 D CompatibilityChangeReporter: Compat change id reported: 255940284; UID 10081; state: DISABLED
06-24 13:40:51.930 685 959 D CompatibilityChangeReporter: Compat change id reported: 236283604; UID 10081; state: DISABLED
06-24 13:40:51.931 685 959 D CompatibilityChangeReporter: Compat change id reported: 263959004; UID 10081; state: DISABLED
06-24 13:40:51.931 685 959 D CompatibilityChangeReporter: Compat change id reported: 264304459; UID 10081; state: DISABLED
06-24 13:40:51.932 685 959 D CompatibilityChangeReporter: Compat change id reported: 264301586; UID 10081; state: DISABLED
06-24 13:40:51.932 685 959 D CompatibilityChangeReporter: Compat change id reported: 254631730; UID 10081; state: DISABLED
06-24 13:40:51.932 685 959 D CompatibilityChangeReporter: Compat change id reported: 273509367; UID 10081; state: DISABLED
06-24 13:40:51.932 685 959 D CompatibilityChangeReporter: Compat change id reported: 263259275; UID 10081; state: DISABLED
06-24 13:40:51.933 685 959 D CompatibilityChangeReporter: Compat change id reported: 174042980; UID 10081; state: DISABLED
06-24 13:40:51.933 685 959 D CompatibilityChangeReporter: Compat change id reported: 174042936; UID 10081; state: DISABLED
06-24 13:40:51.933 685 959 D CompatibilityChangeReporter: Compat change id reported: 181136395; UID 10081; state: DISABLED
06-24 13:40:51.934 685 959 D CompatibilityChangeReporter: Compat change id reported: 194480991; UID 10081; state: ENABLED
06-24 13:40:51.939 685 959 V SplashScreenExceptionList: SplashScreen checking exception for package cn.cibntv.ott (target sdk:25) -> false
06-24 13:40:51.940 685 959 D CompatibilityChangeReporter: Compat change id reported: 205907456; UID 10081; state: DISABLED
06-24 13:40:51.944 685 959 D CompatibilityChangeReporter: Compat change id reported: 194833441; UID 10081; state: DISABLED
06-24 13:40:51.945 901 979 V WindowManagerShell: Transition requested: android.os.BinderProxy@bea37d2 TransitionRequestInfo { type = 1, triggerTask = TaskInfo{userId=0 taskId=51 displayId=0 isRunning=true baseIntent=Intent { act=android.intent.action.MAIN cat=[android.intent.category.LAUNCHER] flg=0x10000000 pkg=cn.cibntv.ott cmp=cn.cibntv.ott/com.youku.tv.home.activity.HomeActivity } baseActivity=ComponentInfo{cn.cibntv.ott/com.youku.tv.home.activity.HomeActivity} topActivity=ComponentInfo{cn.cibntv.ott/com.youku.tv.home.activity.HomeActivity} origActivity=null realActivity=ComponentInfo{cn.cibntv.ott/com.youku.tv.home.activity.HomeActivity} numActivities=1 lastActiveTime=2777902 supportsMultiWindow=true resizeMode=1 isResizeable=true minWidth=-1 minHeight=-1 defaultMinSize=220 token=WCT{android.window.IWindowContainerToken$Stub$Proxy@e27f0a3} topActivityType=1 pictureInPictureParams=null shouldDockBigOverlays=true launchIntoPipHostTaskId=-1 lastParentTaskIdBeforePip=-1 displayCutoutSafeInsets=null topActivityInfo=ActivityInfo{3654fa0 com.youku.tv.home.activity.HomeActivity} launchCookies=[] positionInParent=Point(0, 0) parentTaskId=-1 isFocused=true isVisible=false isVisibleRequested=false isSleeping=false topActivityInSizeCompat=false topActivityEligibleForLetterboxEducation= false isLetterboxDoubleTapEnabled= false topActivityEligibleForUserAspectRatioButton= false topActivityBoundsLetterboxed= false isFromLetterboxDoubleTap= false topActivityLetterboxVerticalPosition= -1 topActivityLetterboxHorizontalPosition= -1 topActivityLetterboxWidth=-1 topActivityLetterboxHeight=-1 isUserFullscreenOverrideEnabled=false isTopActivityTransparent=false locusId=null displayAreaFeatureId=1 cameraCompatControlState=hidden}, remoteTransition = null, displayChange = null, flags = 0 }
06-24 13:40:51.945 685 959 I ActivityTaskManager: START u0 {act=android.intent.action.MAIN cat=[android.intent.category.LAUNCHER] flg=0x10000000 pkg=cn.cibntv.ott cmp=cn.cibntv.ott/com.youku.tv.home.activity.HomeActivity} with LAUNCH_SINGLE_TASK from uid 1000 (BAL_ALLOW_ALLOWLISTED_UID) result code=2
06-24 13:40:51.952 685 13323 E Transition: Trying to add a ready-group twice: Display{#0 state=ON size=1920x1080 ROTATION_0}
06-24 13:40:51.954 685 13323 V WindowManager: app ------------- force_land :0
06-24 13:40:52.058 901 979 D WindowManagerShell: TvPipController: onTaskStackChanged()
06-24 13:40:52.079 901 979 V WindowManagerShell: onTransitionReady android.os.BinderProxy@bea37d2: {id=96 t=OPEN f=0x0 trk=0 r=[0@Point(0, 0)] c=[{WCT{android.window.IWindowContainerToken$Stub$Proxy@5fc5cc} m=TO_FRONT f=MOVE_TO_TOP leash=Surface(name=Task=51)/@0x625d759 sb=Rect(0, 0 - 1920, 1080) eb=Rect(0, 0 - 1920, 1080) d=0},{WCT{android.window.IWindowContainerToken$Stub$Proxy@ed39015} m=TO_BACK f=NONE leash=Surface(name=Task=1)/@0xd8fff1e sb=Rect(0, 0 - 1920, 1080) eb=Rect(0, 0 - 1920, 1080) d=0}]}
06-24 13:40:52.079 901 979 V WindowManagerShell: Playing animation for (#96)android.os.BinderProxy@bea37d2@0
06-24 13:40:52.080 901 979 V WindowManagerShell: try handler com.android.wm.shell.keyguard.KeyguardTransitionHandler@24e2028
06-24 13:40:52.080 901 979 V WindowManagerShell: try handler com.android.wm.shell.pip.tv.TvPipTransition@1141
06-24 13:40:52.080 901 979 V WindowManagerShell: try handler com.android.wm.shell.activityembedding.ActivityEmbeddingController@e8f56e6
06-24 13:40:52.080 901 979 V WindowManagerShell: try handler com.android.wm.shell.transition.RemoteTransitionHandler@b664427
06-24 13:40:52.080 901 979 V WindowManagerShell: Transition doesn't have explicit remote, search filters for match for {id=96 t=OPEN f=0x0 trk=0 r=[0@Point(0, 0)] c=[{WCT{android.window.IWindowContainerToken$Stub$Proxy@5fc5cc} m=TO_FRONT f=MOVE_TO_TOP leash=Surface(name=Task=51)/@0x625d759 sb=Rect(0, 0 - 1920, 1080) eb=Rect(0, 0 - 1920, 1080) d=0},{WCT{android.window.IWindowContainerToken$Stub$Proxy@ed39015} m=TO_BACK f=NONE leash=Surface(name=Task=1)/@0xd8fff1e sb=Rect(0, 0 - 1920, 1080) eb=Rect(0, 0 - 1920, 1080) d=0}]}
06-24 13:40:52.080 901 979 V WindowManagerShell: Delegate animation for #96 to null
06-24 13:40:52.080 901 979 V WindowManagerShell: try handler com.android.wm.shell.transition.DefaultTransitionHandler@7916d4
