06-24 13:40:52.080 901 979 V WindowManagerShell: start default transition animation, info = {id=96 t=OPEN f=0x0 trk=0 r=[0@Point(0, 0)] c=[{WCT{android.window.IWindowContainerToken$Stub$Proxy@5fc5cc} m=TO_FRONT f=MOVE_TO_TOP leash=Surface(name=Task=51)/@0x625d759 sb=Rect(0, 0 - 1920, 1080) eb=Rect(0, 0 - 1920, 1080) d=0},{WCT{android.window.IWindowContainerToken$Stub$Proxy@ed39015} m=TO_BACK f=NONE leash=Surface(name=Task=1)/@0xd8fff1e sb=Rect(0, 0 - 1920, 1080) eb=Rect(0, 0 - 1920, 1080) d=0}]}
06-24 13:40:52.080 901 979 V WindowManagerShell: loadAnimation: anim=android.view.animation.AlphaAnimation@b38ef2a animAttr=0x9 type=OPEN isEntrance=false
06-24 13:40:52.081 901 979 V WindowManagerShell: loadAnimation: anim=android.view.animation.AlphaAnimation@498d11b animAttr=0x8 type=OPEN isEntrance=true
06-24 13:40:52.084 901 979 V WindowManagerShell: animated by com.android.wm.shell.transition.DefaultTransitionHandler@7916d4
06-24 13:40:52.089 685 708 V WindowManager: Sent Transition #96 createdAt=06-24 13:40:51.934 via request=TransitionRequestInfo { type = 1, triggerTask = TaskInfo{userId=0 taskId=51 displayId=0 isRunning=true baseIntent=Intent { act=android.intent.action.MAIN cat=[android.intent.category.LAUNCHER] flg=0x10000000 pkg=cn.cibntv.ott cmp=cn.cibntv.ott/com.youku.tv.home.activity.HomeActivity } baseActivity=ComponentInfo{cn.cibntv.ott/com.youku.tv.home.activity.HomeActivity} topActivity=ComponentInfo{cn.cibntv.ott/com.youku.tv.home.activity.HomeActivity} origActivity=null realActivity=ComponentInfo{cn.cibntv.ott/com.youku.tv.home.activity.HomeActivity} numActivities=1 lastActiveTime=2777902 supportsMultiWindow=true resizeMode=1 isResizeable=true minWidth=-1 minHeight=-1 defaultMinSize=220 token=WCT{RemoteToken{89b553e Task{5d53c92 #51 type=standard A=10081:cn.cibntv.ott}}} topActivityType=1 pictureInPictureParams=null shouldDockBigOverlays=true launchIntoPipHostTaskId=-1 lastParentTaskIdBeforePip=-1 displayCutoutSafeInsets=null topActivityInfo=ActivityInfo{a105f9f com.youku.tv.home.activity.HomeActivity} launchCookies=[] positionInParent=Point(0, 0) parentTaskId=-1 isFocused=true isVisible=false isVisibleRequested=false isSleeping=false topActivityInSizeCompat=false topActivityEligibleForLetterboxEducation= false isLetterboxDoubleTapEnabled= false topActivityEligibleForUserAspectRatioButton= false topActivityBoundsLetterboxed= false isFromLetterboxDoubleTap= false topActivityLetterboxVerticalPosition= -1 topActivityLetterboxHorizontalPosition= -1 topActivityLetterboxWidth=-1 topActivityLetterboxHeight=-1 isUserFullscreenOverrideEnabled=false isTopActivityTransparent=false locusId=null displayAreaFeatureId=1 cameraCompatControlState=hidden}, remoteTransition = null, displayChange = null, flags = 0 }
06-24 13:40:52.089 685 708 V WindowManager: startWCT=WindowContainerTransaction { changes = {} hops = [] errorCallbackToken=null taskFragmentOrganizer=null }
06-24 13:40:52.091 685 708 V WindowManager: info={id=96 t=OPEN f=0x0 trk=0 r=[0@Point(0, 0)] c=[{WCT{RemoteToken{89b553e Task{5d53c92 #51 type=standard A=10081:cn.cibntv.ott}}} m=TO_FRONT f=MOVE_TO_TOP leash=Surface(name=Task=51)/@0x51be243 sb=Rect(0, 0 - 1920, 1080) eb=Rect(0, 0 - 1920, 1080) d=0},{WCT{RemoteToken{30b1e82 Task{4d21fd0 #1 type=home}}} m=TO_BACK f=NONE leash=Surface(name=Task=1)/@0x54f0375 sb=Rect(0, 0 - 1920, 1080) eb=Rect(0, 0 - 1920, 1080) d=0}]}
06-24 13:40:52.132 685 709 W ContextImpl: Calling a method in the system process without a qualified user: android.app.ContextImpl.startService:1899 com.android.server.wm.DisplayPolicy.lambda$focusChangedLw$5:2126 com.android.server.wm.DisplayPolicy.$r8$lambda$Znxk63oh-WzVnzo_WQefN7uxV48:0 com.android.server.wm.DisplayPolicy$$ExternalSyntheticLambda13.run:0 android.os.Handler.handleCallback:958
06-24 13:40:52.505 901 979 V WindowManagerShell: Transition animation finished (aborted=false), notifying core (#96)android.os.BinderProxy@bea37d2@0
06-24 13:40:52.510 901 979 V WindowManagerShell: Track 0 became idle
06-24 13:40:52.510 901 979 V WindowManagerShell: All active transition animations finished
06-24 13:40:52.514 685 708 V WindowManager: Finish Transition #96: created at
06-24 13:40:51.934 collect-started=0.093ms request-sent=8.484ms started=12.321ms ready=20.758ms sent=140.013ms finished=572.394ms
06-24 13:40:52.682 0 0 W : [3 T20454 .s] [SP FRAME TX] arp req,vif_idx:0 sender:[1c:79:2d:20:62:cb 192.168.3.75]receiver:[00:00:00:00:00:00 192.168.3.90]
06-24 13:40:52.956 0 0 W : [3 T1046 ..] [SP FRAME RX] arp rsp,vif_idx:0 sender:[62:e6:cb:ad:3a:47 192.168.3.90]receiver:[1c:79:2d:20:62:cb 192.168.3.75]
06-24 13:40:53.052 685 959 I PowerManagerService: Allowing device wake-up without android.permission.TURN_SCREEN_ON for cn.cibntv.ott
06-24 13:40:54.946 685 1390 E TaskPersister: File error accessing recents directory (directory doesn't exist?).
06-24 13:40:54.975 685 709 D AutofillManagerService: onBackKeyPressed()
06-24 13:40:57.535 0 0 W : [2 T1041 ..] traffic busy!!
06-24 13:40:57.716 685 13323 I PowerManagerService: Allowing device wake-up without android.permission.TURN_SCREEN_ON for cn.cibntv.ott
06-24 13:40:57.801 0 0 E : [0 T5028 ..] mediaproxy produce init [aml-vcodec-dec]
06-24 13:40:57.801 0 0 I : [0 T5028 ..] Mediaproxy is opened name[aml-vcodec-dec]\n
06-24 13:40:57.801 0 0 I : [0 T5028 ..] Mediaproxy is opened name[aml-vcodec-dec] end\n
06-24 13:40:57.802 0 0 E : [0 T5028 ..] mediaproxy produce start connect
06-24 13:40:57.803 0 0 I : [0 T5028 ..] find p kfifo size:[32][2]
06-24 13:40:57.804 0 0 I : [0 T5028 ..] mediaproxy_get_fifo get idx[2]
06-24 13:40:57.805 0 0 I : [0 T5028 ..] Session producer-2 is connected fifo idx [2]
06-24 13:40:57.805 0 0 E : [0 T5028 ..] mediaproxy produce connect [2]
06-24 13:40:57.806 0 0 I : [0 T5028 ..] mediaproxy produce msg type :0x40 module_name:aml-vcodec-dec
06-24 13:40:57.810 0 0 I : [2 T5028 ..] deinit session
06-24 13:40:57.810 0 0 I : [2 T5028 ..] deinit session producer-2
06-24 13:40:57.811 0 0 I : [2 T5028 ..] deinit has_unusing_fifo [1]
06-24 13:40:57.811 0 0 I : [0 T98 ..] p_fifo[2] name[aml-vcodec-dec] state[0] to MP_FIFO_UNUSED
06-24 13:40:57.814 0 0 E : [1 T5028 ..] mediaproxy produce init [aml-vcodec-dec]
06-24 13:40:57.814 0 0 I : [1 T5028 ..] Mediaproxy is opened name[aml-vcodec-dec]\n
06-24 13:40:57.814 0 0 I : [1 T5028 ..] Mediaproxy is opened name[aml-vcodec-dec] end\n
06-24 13:40:57.815 0 0 E : [1 T5028 ..] mediaproxy produce start connect
06-24 13:40:57.821 0 0 I : [1 T5028 ..] find p kfifo size:[32][2]
06-24 13:40:57.821 0 0 I : [1 T5028 ..] mediaproxy_get_fifo get idx[2]
06-24 13:40:57.821 0 0 I : [1 T5028 ..] Session producer-2 is connected fifo idx [2]
06-24 13:40:57.822 0 0 E : [1 T5028 ..] mediaproxy produce connect [2]
06-24 13:40:57.823 0 0 I : [1 T5028 ..] mediaproxy produce msg type :0x40 module_name:aml-vcodec-dec
06-24 13:40:57.876 0 0 I : [0 T5028 ..] deinit session
06-24 13:40:57.876 0 0 I : [0 T5028 ..] deinit session producer-2
06-24 13:40:57.877 0 0 I : [0 T5028 ..] deinit has_unusing_fifo [1]
06-24 13:40:57.877 0 0 I : [1 T98 ..] p_fifo[2] name[aml-vcodec-dec] state[0] to MP_FIFO_UNUSED
06-24 13:40:57.880 0 0 I : [0 T5028 ..] codec mem info:
06-24 13:40:57.880 0 0 I : [0 T5028 ..] total codec mem size:364 MB
06-24 13:40:57.880 0 0 I : [0 T5028 ..] alloced size= 0 MB
06-24 13:40:57.881 0 0 I : [0 T5028 ..] max alloced: 119 MB
06-24 13:40:57.881 0 0 I [0 T5028 ..] CMA: 0,RES:0,TVP:0,SYS:0,COHER:0,VMAPED:0 MB
06-24 13:40:57.882 0 0 I [0 T5028 ..] RES_EXT: 0 MB
06-24 13:40:57.883 0 0 I : [0 T5028 ..] [4]CMA size:364 MB:alloced: 0 MB,free:364 MB
06-24 13:40:57.884 0 0 I : [0 T5028 ..] codec mem info:
06-24 13:40:57.886 0 0 I : [0 T5028 ..] total codec mem size:364 MB
06-24 13:40:57.886 0 0 I : [0 T5028 ..] alloced size= 0 MB
06-24 13:40:57.886 0 0 I : [0 T5028 ..] max alloced: 119 MB
06-24 13:40:57.887 0 0 I [0 T5028 ..] CMA: 0,RES:0,TVP:0,SYS:0,COHER:0,VMAPED:0 MB
06-24 13:40:57.888 0 0 I [0 T5028 ..] RES_EXT: 0 MB
06-24 13:40:57.888 0 0 I : [0 T5028 ..] [4]CMA size:364 MB:alloced: 0 MB,free:364 MB
06-24 13:40:57.890 0 0 E : [3 T5045 ..] mediaproxy produce init [aml-vcodec-dec]
06-24 13:40:57.890 0 0 I : [3 T5045 ..] Mediaproxy is opened name[aml-vcodec-dec]\n
06-24 13:40:57.890 0 0 I : [3 T5045 ..] Mediaproxy is opened name[aml-vcodec-dec] end\n
06-24 13:40:57.891 0 0 E : [3 T5045 ..] mediaproxy produce start connect
06-24 13:40:57.892 0 0 I : [3 T5045 ..] find p kfifo size:[32][2]
06-24 13:40:57.896 0 0 I : [3 T5045 ..] mediaproxy_get_fifo get idx[2]
06-24 13:40:57.896 0 0 I : [3 T5045 ..] Session producer-2 is connected fifo idx [2]
06-24 13:40:57.897 0 0 E : [3 T5045 ..] mediaproxy produce connect [2]
06-24 13:40:57.898 0 0 I : [3 T5045 ..] mediaproxy produce msg type :0x40 module_name:aml-vcodec-dec
06-24 13:40:57.900 0 0 I : [3 T5045 ..] deinit session
06-24 13:40:57.900 0 0 I : [3 T5045 ..] deinit session producer-2
06-24 13:40:57.900 0 0 I : [3 T5045 ..] deinit has_unusing_fifo [1]
06-24 13:40:57.901 0 0 I : [3 T98 ..] p_fifo[2] name[aml-vcodec-dec] state[0] to MP_FIFO_UNUSED
06-24 13:40:57.905 0 0 E : [1 T5045 ..] mediaproxy produce init [aml-vcodec-dec]
06-24 13:40:57.905 0 0 I : [1 T5045 ..] Mediaproxy is opened name[aml-vcodec-dec]\n
06-24 13:40:57.905 0 0 I : [1 T5045 ..] Mediaproxy is opened name[aml-vcodec-dec] end\n
06-24 13:40:57.913 0 0 E : [1 T5045 ..] mediaproxy produce start connect
06-24 13:40:57.914 0 0 I : [1 T5045 ..] find p kfifo size:[32][2]
06-24 13:40:57.914 0 0 I : [1 T5045 ..] mediaproxy_get_fifo get idx[2]
06-24 13:40:57.915 0 0 I : [1 T5045 ..] Session producer-2 is connected fifo idx [2]
06-24 13:40:57.916 0 0 E : [1 T5045 ..] mediaproxy produce connect [2]
06-24 13:40:57.920 0 0 I : [1 T5045 ..] mediaproxy produce msg type :0x40 module_name:aml-vcodec-dec
06-24 13:40:57.934 0 0 I [3 T5045 ..] [amlv4l]: [107]: DW:10, TW:0, Margin:6
06-24 13:40:57.935 0 0 I [0 T5028 ..] [amlv4l]: [107]: set vf duration: c80
06-24 13:40:57.936 0 0 W [3 T1878 ..] audit: audit_lost=2822 audit_rate_limit=5 audit_backlog_limit=64
06-24 13:40:57.937 0 0 E [3 T1878 ..] audit: rate limit exceeded
06-24 13:40:57.938 0 0 D [2 T5052 ..] [amlcom]: vdec_create instance 00000000c533d690, total 1, PM: power-domain
06-24 13:40:57.938 0 0 D [2 T5052 ..] [media_clock]: vdec mux clock is 799999988 Hz
06-24 13:40:57.939 0 0 I [1 T5052 ..] [amlcom]: dos_local_config end, id 0, is_on 1
06-24 13:40:57.939 0 0 I [1 T5052 ..] [amlcom]: vdec_init, dev_name:ammvdec_h264_v4l, vdec_type=VDEC_TYPE_FRAME_BLOCK, format: 2, total: 1
06-24 13:40:57.942 0 0 D [1 T5052 ..] [h264]: 0: pdata->config=parm_v4l_codec_enable:1;mh264_double_write_mode:16;parm_v4l_buffer_margin:6;parm_v4l_canvas_mem_mode:0;parm_v4l_canvas_mem_endian:0;parm_v4l_low_latency_mode:0;parm_v4l_metadata_config_flag:1050626;parm_v4l_duration:0;parm_v4l_error_handle_info:0;
06-24 13:40:57.942 0 0 D [1 T5052 ..] [h264]: 0: ammvdec_h264_probe error_proc_policy 0x813fcff7 mb_count_threshold 0
06-24 13:40:57.942 0 0 D [1 T5052 ..] [h264]: ammvdec_h264_bmmu_init tvp = 0x0
06-24 13:40:57.956 0 0 D [1 T5052 ..] [media_clock]: vdec mux clock is 799999988 Hz
06-24 13:40:57.962 0 0 D [0 T5052 ..] [h264]: vh264_init, phy_addr=cee29000 vaddr=00000000c47de736
06-24 13:40:57.981 0 0 D [3 T29173 ..] [h264]: 0: vmh264_get_ps_info mmu_enable 0 double_write_mode 0x10
06-24 13:40:57.981 0 0 I [3 T29173 ..] [amlv4l]: [107]: Parse from ucode, visible(1280 x 546), coded(1280 x 576), scan:P, bitdepth(0), dw(10)
06-24 13:40:57.982 0 0 I [3 T5052 ..] [amlv4l]: [107]: Picture buffer count: dec:7, vpp:0, ge2d:0, margin:6, total:13
06-24 13:40:57.983 0 0 D [3 T5052 ..] [amlv4l]: [107]: Post event: res chg
06-24 13:40:57.996 0 0 D [0 T29173 ..] [h264]: 0: restriction_flag=0, max_dec_frame_buffering=6, dec_dpb_size=7 num_reorder_frames 4 used_reorder_dpb_size_margin 6
06-24 13:40:58.001 0 0 D [0 T239 ..] [h264]: 0: decoder duration change old: 0 new: 1920
06-24 13:40:58.058 0 0 W : [1 T20816 .s] [SP FRAME TX] arp req,vif_idx:0 sender:[1c:79:2d:20:62:cb 192.168.3.75]receiver:[00:00:00:00:00:00 192.168.3.217]
06-24 13:40:58.074 0 0 W : [2 T1046 ..] [SP FRAME RX] arp rsp,vif_idx:0 sender:[b2:33:fc:c9:ef:d5 192.168.3.217]receiver:[1c:79:2d:20:62:cb 192.168.3.75]
06-24 13:40:58.240 0 0 W : [1 T1046 ..] [SP FRAME RX] arp req,vif_idx:0 sender:[b2:33:fc:c9:ef:d5 192.168.3.217]receiver:[00:00:00:00:00:00 192.168.3.75]
06-24 13:40:58.241 0 0 W : [1 T1046 ..] [SP FRAME TX] arp rsp,vif_idx:0 sender:[1c:79:2d:20:62:cb 192.168.3.75]receiver:[b2:33:fc:c9:ef:d5 192.168.3.217]
06-24 13:40:58.353 0 0 I : [0 T360 ..] di_process_open iminor(inode) =0
06-24 13:40:58.354 0 0 I [0 T360 ..] dim: reg:use[1]ms
06-24 13:40:58.354 0 0 I [0 T360 ..] dim: ins:create:ch[2],tmode[3]
06-24 13:40:58.355 0 0 I [0 T360 ..] dim: out:0x80000000
06-24 13:40:58.363 0 0 E [1 T360 ..] dp: [0]no hdr10+ data.
06-24 13:40:58.363 0 0 E [1 T360 ..] dp: [0]no meta_data.
06-24 13:40:58.363 0 0 E [1 T360 ..] dp: [0]invalid ud param.
06-24 13:40:58.364 0 0 I [3 T108 ..] dim: value reg:ch[2]:fix_buf:0;ponly <0,0> post_nub=5
06-24 13:40:58.364 0 0 I [1 T360 ..] VID: VD1 off
06-24 13:40:58.364 0 0 I [3 T108 ..] dim: di_cnt_i_buf1:tvp:0
06-24 13:40:58.365 0 0 I [1 T360 ..] vc: [0]vc: set enable index=0, val=1
06-24 13:40:58.366 0 0 I [3 T108 ..] dim: di_reg_setting:ch[2]:for first ch reg:
06-24 13:40:58.366 0 0 I [1 T360 ..] VID: VD1 off
06-24 13:40:58.367 0 0 I [3 T108 ..] dim: ch[2]:reg:mem cfg[0][0][0]
06-24 13:40:58.367 0 0 I [1 T360 ..] VID: VD1 set global output as 1
06-24 13:40:58.367 0 0 I [1 T360 ..] VID: store VD0 path_id changed -1->2
06-24 13:40:58.368 0 0 I [3 T108 ..] dim: ch[2]:bypass change:i:0->1:0x60
06-24 13:40:58.369 0 0 I [1 T360 ..] vc: [0]sideband_type =-1
06-24 13:40:58.396 0 0 I [0 T314 ..] dim: pq i:rm 0x1000
06-24 13:40:58.397 0 0 I [0 T314 ..] dim: pq i:rm 0x2000
06-24 13:40:58.406 0 0 I [3 T314 ..] dim: pq i:rm 0x200
06-24 13:40:58.410 0 0 I [3 T314 ..] dim: pq i:rm 0x800
06-24 13:40:58.412 0 0 I [0 T5052 ..] [amlv4l]: [107]: reset mode: 1, es frames buffering: 2
06-24 13:40:58.413 0 0 I [0 T5052 ..] [amlv4l]: [107]: reset mode: 1, es frames buffering: 0
06-24 13:40:58.429 0 0 I [2 T5045 ..] [amlv4l]: [107]: reset mode: 1, es frames buffering: 0
06-24 13:40:58.432 0 0 D [1 T5045 ..] [amlcom]: vdec_release instance 00000000c533d690, total 1
06-24 13:40:58.433 0 0 I [0 T5045 ..] [amlcom]: dos_local_config end, id 0, is_on 0
06-24 13:40:58.433 0 0 D [0 T5045 ..] [media_clock]: the clk_vdec_mux clock off, ref cnt: 0
06-24 13:40:58.433 0 0 I : [0 T5045 ..] deinit session
06-24 13:40:58.433 0 0 I : [0 T5045 ..] deinit session producer-2
06-24 13:40:58.434 0 0 I : [0 T5045 ..] deinit has_unusing_fifo [1]
06-24 13:40:58.435 0 0 I : [3 T98 ..] p_fifo[2] name[aml-vcodec-dec] state[0] to MP_FIFO_UNUSED
06-24 13:40:58.622 0 0 I [3 T108 ..] dim: unreg:2keep[0], msk:[0x0,0x0]
06-24 13:40:58.622 0 0 I [3 T108 ..] dim: hf:r:ch[2]:cnt[0]
06-24 13:40:58.623 0 0 I [3 T108 ..] dim: di_unreg_setting:
06-24 13:40:58.626 0 0 I [1 T360 ..] dim: unreg:use[17]ms
06-24 13:40:58.626 0 0 I [1 T360 ..] dim: ins:destroy:ch[2]:end
06-24 13:40:58.626 0 0 I : [1 T360 ..] di process release
06-24 13:40:58.631 0 0 I [1 T360 ..] vc: [0]vc: set enable index=0, val=0
06-24 13:40:58.631 0 0 I [1 T360 ..] VID: store VD0 path_id changed 2->-1
06-24 13:40:58.632 0 0 I [1 T360 ..] VID: VD1 off
06-24 13:40:58.632 0 0 I [1 T360 ..] VID: VD1 set global output as 0
06-24 13:40:58.633 0 0 I : [1 T360 ..] common_vf_unreg_provider video_render.0: vd1 used:true, vd2 used:false, vd3 used:false, f_wait:true (0 0), b_out:0, cur_buf:00000000c149d856
06-24 13:40:58.667 0 0 I [0 T360 ..] dp_put_file_ext: put_file=ffffff80ac97d900, file_count=7
06-24 13:40:58.687 0 0 I [1 T265 ..] dp_buf: [0:107]di buf_mgr free
06-24 13:40:58.799 685 13323 I PowerManagerService: Allowing device wake-up without android.permission.TURN_SCREEN_ON for cn.cibntv.ott
06-24 13:40:59.735 685 13323 W WindowManager: [addWindow] title:cn.cibntv.ott/com.youku.tv.home.activity.HomeActivity
06-24 13:40:59.736 685 959 W WindowManager: Failed looking up window session=Session{344ecaf 20454:u0a10081} callers=com.android.server.wm.WindowManagerService.windowForClientLocked:6077 com.android.server.wm.Session.updateRequestedVisibleTypes:695 android.view.IWindowSession$Stub.onTransact:1034
06-24 13:40:59.736 685 13323 D CompatibilityChangeReporter: Compat change id reported: 168419799; UID 10081; state: DISABLED
06-24 13:40:59.737 685 13323 D CompatibilityChangeReporter: Compat change id reported: 273564678; UID 10081; state: DISABLED
06-24 13:40:59.749 685 13323 D CoreBackPreview: Window{32b2c6b u0 cn.cibntv.ott/com.youku.tv.home.activity.HomeActivity}: Setting back callback OnBackInvokedCallbackInfo{mCallback=android.window.IOnBackInvokedCallback$Stub$Proxy@affac61, mPriority=0, mIsAnimationCallback=false}
06-24 13:40:59.843 685 709 W ContextImpl: Calling a method in the system process without a qualified user: android.app.ContextImpl.startService:1899 com.android.server.wm.DisplayPolicy.lambda$focusChangedLw$5:2126 com.android.server.wm.DisplayPolicy.$r8$lambda$Znxk63oh-WzVnzo_WQefN7uxV48:0 com.android.server.wm.DisplayPolicy$$ExternalSyntheticLambda13.run:0 android.os.Handler.handleCallback:958
06-24 13:41:00.296 685 709 D AutofillManagerService: onBackKeyPressed()
06-24 13:41:00.362 685 959 D CoreBackPreview: Window{32b2c6b u0 cn.cibntv.ott/com.youku.tv.home.activity.HomeActivity}: Setting back callback null
06-24 13:41:00.396 685 711 V WindowManager: Unknown focus tokens, dropping reportFocusChanged
06-24 13:41:00.482 685 709 W ContextImpl: Calling a method in the system process without a qualified user: android.app.ContextImpl.startService:1899 com.android.server.wm.DisplayPolicy.lambda$focusChangedLw$5:2126 com.android.server.wm.DisplayPolicy.$r8$lambda$Znxk63oh-WzVnzo_WQefN7uxV48:0 com.android.server.wm.DisplayPolicy$$ExternalSyntheticLambda13.run:0 android.os.Handler.handleCallback:958
06-24 13:41:00.983 0 0 E : [2 T5167 ..] mediaproxy produce init [aml-vcodec-dec]
06-24 13:41:00.983 0 0 I : [2 T5167 ..] Mediaproxy is opened name[aml-vcodec-dec]\n
06-24 13:41:00.983 0 0 I : [2 T5167 ..] Mediaproxy is opened name[aml-vcodec-dec] end\n
06-24 13:41:00.984 0 0 E : [2 T5167 ..] mediaproxy produce start connect
06-24 13:41:00.986 0 0 I : [2 T5167 ..] find p kfifo size:[32][2]
06-24 13:41:00.987 0 0 I : [2 T5167 ..] mediaproxy_get_fifo get idx[2]
06-24 13:41:00.987 0 0 I : [2 T5167 ..] Session producer-2 is connected fifo idx [2]
06-24 13:41:00.988 0 0 E : [2 T5167 ..] mediaproxy produce connect [2]
06-24 13:41:00.989 0 0 I : [2 T5167 ..] mediaproxy produce msg type :0x40 module_name:aml-vcodec-dec
06-24 13:41:01.018 0 0 I : [0 T5167 ..] deinit session
06-24 13:41:01.018 0 0 I : [0 T5167 ..] deinit session producer-2
06-24 13:41:01.018 0 0 I : [0 T5167 ..] deinit has_unusing_fifo [1]
06-24 13:41:01.019 0 0 I : [3 T98 ..] p_fifo[2] name[aml-vcodec-dec] state[0] to MP_FIFO_UNUSED
06-24 13:41:01.020 0 0 E : [0 T5167 ..] mediaproxy produce init [aml-vcodec-dec]
06-24 13:41:01.020 0 0 I : [0 T5167 ..] Mediaproxy is opened name[aml-vcodec-dec]\n
06-24 13:41:01.020 0 0 I : [0 T5167 ..] Mediaproxy is opened name[aml-vcodec-dec] end\n
06-24 13:41:01.021 0 0 E : [0 T5167 ..] mediaproxy produce start connect
06-24 13:41:01.034 0 0 I : [0 T5167 ..] find p kfifo size:[32][2]
06-24 13:41:01.034 0 0 I : [0 T5167 ..] mediaproxy_get_fifo get idx[2]
06-24 13:41:01.035 0 0 I : [0 T5167 ..] Session producer-2 is connected fifo idx [2]
06-24 13:41:01.035 0 0 E : [0 T5167 ..] mediaproxy produce connect [2]
06-24 13:41:01.042 0 0 I : [0 T5167 ..] mediaproxy produce msg type :0x40 module_name:aml-vcodec-dec
06-24 13:41:01.084 0 0 I : [0 T5167 ..] deinit session
06-24 13:41:01.084 0 0 I : [0 T5167 ..] deinit session producer-2
06-24 13:41:01.084 0 0 I : [0 T5167 ..] deinit has_unusing_fifo [1]
06-24 13:41:01.086 0 0 I : [1 T98 ..] p_fifo[2] name[aml-vcodec-dec] state[0] to MP_FIFO_UNUSED
06-24 13:41:01.088 0 0 I : [2 T5167 ..] codec mem info:
06-24 13:41:01.088 0 0 I : [2 T5167 ..] total codec mem size:364 MB
06-24 13:41:01.089 0 0 I : [2 T5167 ..] alloced size= 0 MB
06-24 13:41:01.089 0 0 I : [2 T5167 ..] max alloced: 119 MB
06-24 13:41:01.090 0 0 I [2 T5167 ..] CMA: 0,RES:0,TVP:0,SYS:0,COHER:0,VMAPED:0 MB
06-24 13:41:01.091 0 0 I [2 T5167 ..] RES_EXT: 0 MB
06-24 13:41:01.091 0 0 I : [2 T5167 ..] [4]CMA size:364 MB:alloced: 0 MB,free:364 MB
06-24 13:41:01.092 0 0 I : [2 T5167 ..] codec mem info:
06-24 13:41:01.092 0 0 I : [2 T5167 ..] total codec mem size:364 MB
06-24 13:41:01.093 0 0 I : [2 T5167 ..] alloced size= 0 MB
06-24 13:41:01.093 0 0 I : [2 T5167 ..] max alloced: 119 MB
06-24 13:41:01.094 0 0 I [2 T5167 ..] CMA: 0,RES:0,TVP:0,SYS:0,COHER:0,VMAPED:0 MB
06-24 13:41:01.095 0 0 I [2 T5167 ..] RES_EXT: 0 MB
06-24 13:41:01.095 0 0 I : [2 T5167 ..] [4]CMA size:364 MB:alloced: 0 MB,free:364 MB
06-24 13:41:01.097 0 0 E : [1 T5183 ..] mediaproxy produce init [aml-vcodec-dec]
06-24 13:41:01.097 0 0 I : [1 T5183 ..] Mediaproxy is opened name[aml-vcodec-dec]\n
06-24 13:41:01.097 0 0 I : [1 T5183 ..] Mediaproxy is opened name[aml-vcodec-dec] end\n
06-24 13:41:01.098 0 0 E : [1 T5183 ..] mediaproxy produce start connect
06-24 13:41:01.099 0 0 I : [1 T5183 ..] find p kfifo size:[32][2]
06-24 13:41:01.100 0 0 I : [1 T5183 ..] mediaproxy_get_fifo get idx[2]
06-24 13:41:01.101 0 0 I : [1 T5183 ..] Session producer-2 is connected fifo idx [2]
06-24 13:41:01.101 0 0 E : [1 T5183 ..] mediaproxy produce connect [2]
06-24 13:41:01.102 0 0 I : [1 T5183 ..] mediaproxy produce msg type :0x40 module_name:aml-vcodec-dec
06-24 13:41:01.109 0 0 I : [2 T5183 ..] deinit session
06-24 13:41:01.109 0 0 I : [2 T5183 ..] deinit session producer-2
06-24 13:41:01.110 0 0 I : [2 T5183 ..] deinit has_unusing_fifo [1]
06-24 13:41:01.110 0 0 I : [3 T98 ..] p_fifo[2] name[aml-vcodec-dec] state[0] to MP_FIFO_UNUSED
06-24 13:41:01.113 0 0 E : [0 T5183 ..] mediaproxy produce init [aml-vcodec-dec]
06-24 13:41:01.113 0 0 I : [0 T5183 ..] Mediaproxy is opened name[aml-vcodec-dec]\n
06-24 13:41:01.113 0 0 I : [0 T5183 ..] Mediaproxy is opened name[aml-vcodec-dec] end\n
06-24 13:41:01.113 0 0 E : [0 T5183 ..] mediaproxy produce start connect
06-24 13:41:01.115 0 0 I : [0 T5183 ..] find p kfifo size:[32][2]
06-24 13:41:01.116 0 0 I : [0 T5183 ..] mediaproxy_get_fifo get idx[2]
06-24 13:41:01.116 0 0 I : [0 T5183 ..] Session producer-2 is connected fifo idx [2]
06-24 13:41:01.117 0 0 E : [0 T5183 ..] mediaproxy produce connect [2]
06-24 13:41:01.118 0 0 I : [0 T5183 ..] mediaproxy produce msg type :0x40 module_name:aml-vcodec-dec
06-24 13:41:01.120 0 0 I [0 T5183 ..] [amlv4l]: [111]: DW:10, TW:0, Margin:6
06-24 13:41:01.121 0 0 D [1 T5189 ..] [amlcom]: vdec_create instance 0000000026133702, total 1, PM: power-domain
06-24 13:41:01.121 0 0 D [1 T5189 ..] [media_clock]: vdec mux clock is 799999988 Hz
06-24 13:41:01.121 0 0 I [1 T5189 ..] [amlcom]: dos_local_config end, id 0, is_on 1
06-24 13:41:01.121 0 0 I [1 T5189 ..] [amlcom]: vdec_init, dev_name:ammvdec_h264_v4l, vdec_type=VDEC_TYPE_FRAME_BLOCK, format: 2, total: 1
06-24 13:41:01.124 0 0 D [1 T5189 ..] [h264]: 0: pdata->config=parm_v4l_codec_enable:1;mh264_double_write_mode:16;parm_v4l_buffer_margin:6;parm_v4l_canvas_mem_mode:0;parm_v4l_canvas_mem_endian:0;parm_v4l_low_latency_mode:0;parm_v4l_metadata_config_flag:1050626;parm_v4l_duration:0;parm_v4l_error_handle_info:0;
06-24 13:41:01.124 0 0 D [1 T5189 ..] [h264]: 0: ammvdec_h264_probe error_proc_policy 0x813fcff7 mb_count_threshold 0
06-24 13:41:01.124 0 0 D [1 T5189 ..] [h264]: ammvdec_h264_bmmu_init tvp = 0x0
06-24 13:41:01.128 0 0 D [1 T5189 ..] [media_clock]: vdec mux clock is 799999988 Hz
06-24 13:41:01.128 0 0 D [2 T5189 ..] [h264]: vh264_init, phy_addr=cee29000 vaddr=0000000020cfab5c
06-24 13:41:01.128 0 0 W [3 T5186 ..] audit: audit_lost=2843 audit_rate_limit=5 audit_backlog_limit=64
06-24 13:41:01.128 0 0 I [2 T5167 ..] [amlv4l]: [111]: set vf duration: c80
06-24 13:41:01.129 0 0 E [3 T5186 ..] audit: rate limit exceeded
06-24 13:41:01.148 0 0 D [1 T27270 ..] [h264]: 0: vmh264_get_ps_info mmu_enable 0 double_write_mode 0x10
06-24 13:41:01.150 0 0 I [1 T27270 ..] [amlv4l]: [111]: Parse from ucode, visible(1280 x 720), coded(1280 x 768), scan:P, bitdepth(0), dw(10)
06-24 13:41:01.150 0 0 I [3 T5189 ..] [amlv4l]: [111]: Picture buffer count: dec:7, vpp:0, ge2d:0, margin:6, total:13
06-24 13:41:01.153 0 0 D [3 T5189 ..] [amlv4l]: [111]: Post event: res chg
06-24 13:41:01.178 0 0 D [1 T27270 ..] [h264]: 0: restriction_flag=0, max_dec_frame_buffering=6, dec_dpb_size=7 num_reorder_frames 4 used_reorder_dpb_size_margin 6
06-24 13:41:01.184 0 0 D [0 T239 ..] [h264]: 0: decoder duration change old: 0 new: 1920
06-24 13:41:01.233 0 0 I [0 T5189 ..] [amlv4l]: [111]: reset mode: 1, es frames buffering: 0
06-24 13:41:01.235 0 0 I [0 T5189 ..] [amlv4l]: [111]: reset mode: 1, es frames buffering: 0
06-24 13:41:01.243 0 0 I [1 T5189 ..] [amlv4l]: [111]: reset mode: 1, es frames buffering: 0
06-24 13:41:01.245 0 0 I [1 T5189 ..] [amlv4l]: [111]: reset mode: 1, es frames buffering: 0
06-24 13:41:01.254 0 0 I [0 T5183 ..] [amlv4l]: [111]: reset mode: 1, es frames buffering: 0
06-24 13:41:01.256 0 0 D [3 T5183 ..] [amlcom]: vdec_release instance 0000000026133702, total 1
06-24 13:41:01.257 0 0 I [1 T5183 ..] [amlcom]: dos_local_config end, id 0, is_on 0
06-24 13:41:01.257 0 0 D [1 T5183 ..] [media_clock]: the clk_vdec_mux clock off, ref cnt: 0
06-24 13:41:01.257 0 0 I : [1 T5183 ..] deinit session
06-24 13:41:01.257 0 0 I : [1 T5183 ..] deinit session producer-2
06-24 13:41:01.258 0 0 I : [1 T5183 ..] deinit has_unusing_fifo [1]
06-24 13:41:01.258 0 0 I : [2 T98 ..] p_fifo[2] name[aml-vcodec-dec] state[0] to MP_FIFO_UNUSED
06-24 13:41:01.270 0 0 I [1 T21169 ..] dp_buf: [0:111]di buf_mgr free
06-24 13:41:01.353 685 709 D AutofillManagerService: onBackKeyPressed()
06-24 13:41:02.154 0 0 W : [1 T20608 .s] [SP FRAME TX] arp req,vif_idx:0 sender:[1c:79:2d:20:62:cb 192.168.3.75]receiver:[00:00:00:00:00:00 192.168.3.65]
06-24 13:41:02.202 0 0 W : [2 T1046 ..] [SP FRAME RX] arp rsp,vif_idx:0 sender:[b6:9c:70:ec:40:e7 192.168.3.65]receiver:[1c:79:2d:20:62:cb 192.168.3.75]
06-24 13:41:02.908 0 0 W [3 T4386 ..] audit: audit_lost=2860 audit_rate_limit=5 audit_backlog_limit=64
06-24 13:41:02.909 0 0 E [3 T4386 ..] audit: rate limit exceeded
06-24 13:41:04.206 0 0 W : [1 T20859 .s] [SP FRAME TX] arp req,vif_idx:0 sender:[1c:79:2d:20:62:cb 192.168.3.75]receiver:[00:00:00:00:00:00 192.168.3.3]
06-24 13:41:04.346 0 0 W : [2 T1046 ..] [SP FRAME RX] arp req,vif_idx:0 sender:[02:fe:15:17:79:f9 192.168.3.3]receiver:[00:00:00:00:00:00 192.168.3.75]
06-24 13:41:04.347 0 0 W : [2 T1046 ..] [SP FRAME TX] arp rsp,vif_idx:0 sender:[1c:79:2d:20:62:cb 192.168.3.75]receiver:[02:fe:15:17:79:f9 192.168.3.3]
06-24 13:41:04.551 0 0 W : [2 T1046 ..] [SP FRAME RX] arp rsp,vif_idx:0 sender:[02:fe:15:17:79:f9 192.168.3.3]receiver:[1c:79:2d:20:62:cb 192.168.3.75]
06-24 13:41:08.948 0 0 E : [2 T5294 ..] mediaproxy produce init [aml-vcodec-dec]
06-24 13:41:08.948 0 0 I : [2 T5294 ..] Mediaproxy is opened name[aml-vcodec-dec]\n
06-24 13:41:08.948 0 0 I : [2 T5294 ..] Mediaproxy is opened name[aml-vcodec-dec] end\n
06-24 13:41:08.949 0 0 E : [2 T5294 ..] mediaproxy produce start connect
06-24 13:41:08.951 0 0 I : [2 T5294 ..] find p kfifo size:[32][2]
06-24 13:41:08.951 0 0 I : [2 T5294 ..] mediaproxy_get_fifo get idx[2]
06-24 13:41:08.952 0 0 I : [2 T5294 ..] Session producer-2 is connected fifo idx [2]
06-24 13:41:08.953 0 0 E : [2 T5294 ..] mediaproxy produce connect [2]
06-24 13:41:08.953 0 0 I : [2 T5294 ..] mediaproxy produce msg type :0x40 module_name:aml-vcodec-dec
06-24 13:41:08.969 0 0 I : [2 T5294 ..] deinit session
06-24 13:41:08.969 0 0 I : [2 T5294 ..] deinit session producer-2
06-24 13:41:08.970 0 0 I : [2 T5294 ..] deinit has_unusing_fifo [1]
06-24 13:41:08.971 0 0 I : [3 T98 ..] p_fifo[2] name[aml-vcodec-dec] state[0] to MP_FIFO_UNUSED
06-24 13:41:08.972 0 0 E : [0 T5294 ..] mediaproxy produce init [aml-vcodec-dec]
06-24 13:41:08.972 0 0 I : [0 T5294 ..] Mediaproxy is opened name[aml-vcodec-dec]\n
06-24 13:41:08.972 0 0 I : [0 T5294 ..] Mediaproxy is opened name[aml-vcodec-dec] end\n
06-24 13:41:08.973 0 0 E : [0 T5294 ..] mediaproxy produce start connect
06-24 13:41:08.982 0 0 I : [0 T5294 ..] find p kfifo size:[32][2]
06-24 13:41:08.984 0 0 I : [0 T5294 ..] mediaproxy_get_fifo get idx[2]
06-24 13:41:08.985 0 0 I : [0 T5294 ..] Session producer-2 is connected fifo idx [2]
06-24 13:41:08.986 0 0 E : [0 T5294 ..] mediaproxy produce connect [2]
06-24 13:41:08.987 0 0 I : [0 T5294 ..] mediaproxy produce msg type :0x40 module_name:aml-vcodec-dec
06-24 13:41:09.029 0 0 I : [2 T5294 ..] deinit session
06-24 13:41:09.029 0 0 I : [2 T5294 ..] deinit session producer-2
06-24 13:41:09.029 0 0 I : [2 T5294 ..] deinit has_unusing_fifo [1]
06-24 13:41:09.030 0 0 I : [3 T98 ..] p_fifo[2] name[aml-vcodec-dec] state[0] to MP_FIFO_UNUSED
06-24 13:41:09.032 0 0 I : [2 T5294 ..] codec mem info:
06-24 13:41:09.032 0 0 I : [2 T5294 ..] total codec mem size:364 MB
06-24 13:41:09.033 0 0 I : [2 T5294 ..] alloced size= 0 MB
06-24 13:41:09.033 0 0 I : [2 T5294 ..] max alloced: 119 MB
06-24 13:41:09.034 0 0 I [2 T5294 ..] CMA: 0,RES:0,TVP:0,SYS:0,COHER:0,VMAPED:0 MB
06-24 13:41:09.034 0 0 I [2 T5294 ..] RES_EXT: 0 MB
06-24 13:41:09.035 0 0 I : [2 T5294 ..] [4]CMA size:364 MB:alloced: 0 MB,free:364 MB
06-24 13:41:09.036 0 0 I : [2 T5294 ..] codec mem info:
06-24 13:41:09.036 0 0 I : [2 T5294 ..] total codec mem size:364 MB
06-24 13:41:09.037 0 0 I : [2 T5294 ..] alloced size= 0 MB
06-24 13:41:09.037 0 0 I : [2 T5294 ..] max alloced: 119 MB
06-24 13:41:09.038 0 0 I [2 T5294 ..] CMA: 0,RES:0,TVP:0,SYS:0,COHER:0,VMAPED:0 MB
06-24 13:41:09.039 0 0 I [2 T5294 ..] RES_EXT: 0 MB
06-24 13:41:09.039 0 0 I : [2 T5294 ..] [4]CMA size:364 MB:alloced: 0 MB,free:364 MB
06-24 13:41:09.066 0 0 E : [2 T5302 ..] mediaproxy produce init [aml-vcodec-dec]
06-24 13:41:09.066 0 0 I : [2 T5302 ..] Mediaproxy is opened name[aml-vcodec-dec]\n
06-24 13:41:09.066 0 0 I : [2 T5302 ..] Mediaproxy is opened name[aml-vcodec-dec] end\n
06-24 13:41:09.067 0 0 W : [2 T5302 .s] [SP FRAME TX] arp req,vif_idx:0 sender:[1c:79:2d:20:62:cb 192.168.3.75]receiver:[00:00:00:00:00:00 192.168.3.113]
06-24 13:41:09.070 0 0 E : [2 T5302 ..] mediaproxy produce start connect
06-24 13:41:09.070 0 0 I : [2 T5302 ..] find p kfifo size:[32][2]
06-24 13:41:09.070 0 0 I : [2 T5302 ..] mediaproxy_get_fifo get idx[2]
06-24 13:41:09.071 0 0 I : [2 T5302 ..] Session producer-2 is connected fifo idx [2]
06-24 13:41:09.072 0 0 E : [2 T5302 ..] mediaproxy produce connect [2]
06-24 13:41:09.072 0 0 I : [2 T5302 ..] mediaproxy produce msg type :0x40 module_name:aml-vcodec-dec
06-24 13:41:09.075 0 0 I : [2 T5302 ..] deinit session
06-24 13:41:09.075 0 0 I : [2 T5302 ..] deinit session producer-2
06-24 13:41:09.075 0 0 I : [2 T5302 ..] deinit has_unusing_fifo [1]
06-24 13:41:09.076 0 0 I : [1 T98 ..] p_fifo[2] name[aml-vcodec-dec] state[0] to MP_FIFO_UNUSED
06-24 13:41:09.078 0 0 E : [0 T5302 ..] mediaproxy produce init [aml-vcodec-dec]
06-24 13:41:09.078 0 0 I : [0 T5302 ..] Mediaproxy is opened name[aml-vcodec-dec]\n
06-24 13:41:09.078 0 0 I : [0 T5302 ..] Mediaproxy is opened name[aml-vcodec-dec] end\n
06-24 13:41:09.079 0 0 E : [0 T5302 ..] mediaproxy produce start connect
06-24 13:41:09.082 0 0 I : [0 T5302 ..] find p kfifo size:[32][2]
06-24 13:41:09.083 0 0 I : [0 T5302 ..] mediaproxy_get_fifo get idx[2]
06-24 13:41:09.083 0 0 I : [0 T5302 ..] Session producer-2 is connected fifo idx [2]
06-24 13:41:09.084 0 0 E : [0 T5302 ..] mediaproxy produce connect [2]
06-24 13:41:09.084 0 0 I : [0 T5302 ..] mediaproxy produce msg type :0x40 module_name:aml-vcodec-dec
06-24 13:41:09.087 0 0 I [2 T5302 ..] [amlv4l]: [115]: DW:10, TW:0, Margin:6
06-24 13:41:09.088 0 0 I [2 T5294 ..] [amlv4l]: [115]: set vf duration: c80
06-24 13:41:09.089 0 0 D [2 T5308 ..] [amlcom]: vdec_create instance 00000000cc5b0fb8, total 1, PM: power-domain
06-24 13:41:09.090 0 0 D [2 T5308 ..] [media_clock]: vdec mux clock is 799999988 Hz
06-24 13:41:09.091 0 0 I [2 T5308 ..] [amlcom]: dos_local_config end, id 0, is_on 1
06-24 13:41:09.091 0 0 I [2 T5308 ..] [amlcom]: vdec_init, dev_name:ammvdec_h264_v4l, vdec_type=VDEC_TYPE_FRAME_BLOCK, format: 2, total: 1
06-24 13:41:09.093 0 0 D [2 T5308 ..] [h264]: 0: pdata->config=parm_v4l_codec_enable:1;mh264_double_write_mode:16;parm_v4l_buffer_margin:6;parm_v4l_canvas_mem_mode:0;parm_v4l_canvas_mem_endian:0;parm_v4l_low_latency_mode:0;parm_v4l_metadata_config_flag:1050626;parm_v4l_duration:0;parm_v4l_error_handle_info:0;
06-24 13:41:09.095 0 0 D [2 T5308 ..] [h264]: 0: ammvdec_h264_probe error_proc_policy 0x813fcff7 mb_count_threshold 0
06-24 13:41:09.095 0 0 D [2 T5308 ..] [h264]: ammvdec_h264_bmmu_init tvp = 0x0
06-24 13:41:09.098 0 0 D [2 T5308 ..] [media_clock]: vdec mux clock is 799999988 Hz
06-24 13:41:09.100 0 0 D [2 T5308 ..] [h264]: vh264_init, phy_addr=cee29000 vaddr=00000000734eef6f
06-24 13:41:09.114 0 0 D [3 T10746 ..] [h264]: 0: vmh264_get_ps_info mmu_enable 0 double_write_mode 0x10
06-24 13:41:09.114 0 0 I [3 T10746 ..] [amlv4l]: [115]: Parse from ucode, visible(1280 x 720), coded(1280 x 768), scan:P, bitdepth(0), dw(10)
06-24 13:41:09.115 0 0 I [2 T5308 ..] [amlv4l]: [115]: Picture buffer count: dec:7, vpp:0, ge2d:0, margin:6, total:13
06-24 13:41:09.117 0 0 D [2 T5308 ..] [amlv4l]: [115]: Post event: res chg
06-24 13:41:09.135 0 0 D [3 T27270 ..] [h264]: 0: restriction_flag=0, max_dec_frame_buffering=6, dec_dpb_size=7 num_reorder_frames 4 used_reorder_dpb_size_margin 6
06-24 13:41:09.139 0 0 D [0 T239 ..] [h264]: 0: decoder duration change old: 0 new: 1920
06-24 13:41:09.256 0 0 W [2 T5312 ..] audit: audit_lost=2861 audit_rate_limit=5 audit_backlog_limit=64
06-24 13:41:09.256 0 0 E [2 T5312 ..] audit: rate limit exceeded
06-24 13:41:09.561 0 0 W : [3 T1046 ..] [SP FRAME RX] arp rsp,vif_idx:0 sender:[22:53:1b:e9:95:aa 192.168.3.113]receiver:[1c:79:2d:20:62:cb 192.168.3.75]
06-24 13:41:10.674 0 0 I [1 T5308 ..] [amlv4l]: [115]: reset mode: 1, es frames buffering: 2
06-24 13:41:10.676 0 0 I [2 T5308 ..] [amlv4l]: [115]: reset mode: 1, es frames buffering: 0
06-24 13:41:10.682 0 0 I [3 T5308 ..] [amlv4l]: [115]: reset mode: 1, es frames buffering: 0
06-24 13:41:10.683 0 0 I [3 T5308 ..] [amlv4l]: [115]: reset mode: 1, es frames buffering: 0
06-24 13:41:10.690 0 0 I [0 T5302 ..] [amlv4l]: [115]: reset mode: 1, es frames buffering: 0
06-24 13:41:10.692 0 0 D [2 T5302 ..] [amlcom]: vdec_release instance 00000000cc5b0fb8, total 1
06-24 13:41:10.693 0 0 I [2 T5302 ..] [amlcom]: dos_local_config end, id 0, is_on 0
06-24 13:41:10.693 0 0 D [2 T5302 ..] [media_clock]: the clk_vdec_mux clock off, ref cnt: 0
06-24 13:41:10.693 0 0 I : [2 T5302 ..] deinit session
06-24 13:41:10.693 0 0 I : [2 T5302 ..] deinit session producer-2
06-24 13:41:10.694 0 0 I : [2 T5302 ..] deinit has_unusing_fifo [1]
06-24 13:41:10.698 0 0 I : [0 T98 ..] p_fifo[2] name[aml-vcodec-dec] state[0] to MP_FIFO_UNUSED
06-24 13:41:10.711 0 0 I [3 T21479 ..] dp_buf: [0:115]di buf_mgr free
06-24 13:41:10.759 0 0 W [2 T20454 ..] audit: audit_lost=2873 audit_rate_limit=5 audit_backlog_limit=64
06-24 13:41:10.759 0 0 E [2 T20454 ..] audit: rate limit exceeded
06-24 13:41:10.904 685 952 I PowerManagerService: Allowing device wake-up without android.permission.TURN_SCREEN_ON for cn.cibntv.ott
06-24 13:41:12.290 0 0 E : [1 T5377 ..] mediaproxy produce init [aml-vcodec-dec]
06-24 13:41:12.290 0 0 I : [1 T5377 ..] Mediaproxy is opened name[aml-vcodec-dec]\n
06-24 13:41:12.290 0 0 I : [1 T5377 ..] Mediaproxy is opened name[aml-vcodec-dec] end\n
06-24 13:41:12.291 0 0 E : [1 T5377 ..] mediaproxy produce start connect
06-24 13:41:12.292 0 0 I : [1 T5377 ..] find p kfifo size:[32][2]
06-24 13:41:12.293 0 0 I : [1 T5377 ..] mediaproxy_get_fifo get idx[2]
06-24 13:41:12.294 0 0 I : [1 T5377 ..] Session producer-2 is connected fifo idx [2]
06-24 13:41:12.294 0 0 E : [1 T5377 ..] mediaproxy produce connect [2]
06-24 13:41:12.295 0 0 I : [1 T5377 ..] mediaproxy produce msg type :0x40 module_name:aml-vcodec-dec
06-24 13:41:12.360 0 0 I : [2 T5377 ..] deinit session
06-24 13:41:12.360 0 0 I : [2 T5377 ..] deinit session producer-2
06-24 13:41:12.360 0 0 I : [2 T5377 ..] deinit has_unusing_fifo [1]
06-24 13:41:12.361 0 0 I : [0 T98 ..] p_fifo[2] name[aml-vcodec-dec] state[0] to MP_FIFO_UNUSED
06-24 13:41:12.362 0 0 E : [3 T5377 ..] mediaproxy produce init [aml-vcodec-dec]
06-24 13:41:12.363 0 0 I : [3 T5377 ..] Mediaproxy is opened name[aml-vcodec-dec]\n
06-24 13:41:12.363 0 0 I : [3 T5377 ..] Mediaproxy is opened name[aml-vcodec-dec] end\n
06-24 13:41:12.363 0 0 E : [3 T5377 ..] mediaproxy produce start connect
06-24 13:41:12.365 0 0 I : [3 T5377 ..] find p kfifo size:[32][2]
06-24 13:41:12.365 0 0 I : [3 T5377 ..] mediaproxy_get_fifo get idx[2]
06-24 13:41:12.366 0 0 I : [3 T5377 ..] Session producer-2 is connected fifo idx [2]
06-24 13:41:12.367 0 0 E : [3 T5377 ..] mediaproxy produce connect [2]
06-24 13:41:12.367 0 0 I : [3 T5377 ..] mediaproxy produce msg type :0x40 module_name:aml-vcodec-dec
06-24 13:41:12.425 0 0 I : [0 T5377 ..] deinit session
06-24 13:41:12.425 0 0 I : [0 T5377 ..] deinit session producer-2
06-24 13:41:12.425 0 0 I : [0 T5377 ..] deinit has_unusing_fifo [1]
06-24 13:41:12.426 0 0 I : [3 T98 ..] p_fifo[2] name[aml-vcodec-dec] state[0] to MP_FIFO_UNUSED
06-24 13:41:12.428 0 0 I : [3 T5377 ..] codec mem info:
06-24 13:41:12.428 0 0 I : [3 T5377 ..] total codec mem size:364 MB
06-24 13:41:12.428 0 0 I : [3 T5377 ..] alloced size= 0 MB
06-24 13:41:12.429 0 0 I : [3 T5377 ..] max alloced: 119 MB
06-24 13:41:12.429 0 0 I [3 T5377 ..] CMA: 0,RES:0,TVP:0,SYS:0,COHER:0,VMAPED:0 MB
06-24 13:41:12.430 0 0 I [3 T5377 ..] RES_EXT: 0 MB
06-24 13:41:12.431 0 0 I : [3 T5377 ..] [4]CMA size:364 MB:alloced: 0 MB,free:364 MB
06-24 13:41:12.432 0 0 I : [3 T5377 ..] codec mem info:
06-24 13:41:12.432 0 0 I : [3 T5377 ..] total codec mem size:364 MB
06-24 13:41:12.433 0 0 I : [3 T5377 ..] alloced size= 0 MB
06-24 13:41:12.433 0 0 I : [3 T5377 ..] max alloced: 119 MB
06-24 13:41:12.434 0 0 I [3 T5377 ..] CMA: 0,RES:0,TVP:0,SYS:0,COHER:0,VMAPED:0 MB
06-24 13:41:12.434 0 0 I [3 T5377 ..] RES_EXT: 0 MB
06-24 13:41:12.435 0 0 I : [3 T5377 ..] [4]CMA size:364 MB:alloced: 0 MB,free:364 MB
06-24 13:41:12.437 0 0 E : [1 T5400 ..] mediaproxy produce init [aml-vcodec-dec]
06-24 13:41:12.437 0 0 I : [1 T5400 ..] Mediaproxy is opened name[aml-vcodec-dec]\n
06-24 13:41:12.437 0 0 I : [1 T5400 ..] Mediaproxy is opened name[aml-vcodec-dec] end\n
06-24 13:41:12.438 0 0 E : [1 T5400 ..] mediaproxy produce start connect
06-24 13:41:12.439 0 0 I : [1 T5400 ..] find p kfifo size:[32][2]
06-24 13:41:12.440 0 0 I : [1 T5400 ..] mediaproxy_get_fifo get idx[2]
06-24 13:41:12.440 0 0 I : [1 T5400 ..] Session producer-2 is connected fifo idx [2]
06-24 13:41:12.441 0 0 E : [1 T5400 ..] mediaproxy produce connect [2]
06-24 13:41:12.442 0 0 I : [1 T5400 ..] mediaproxy produce msg type :0x40 module_name:aml-vcodec-dec
06-24 13:41:12.444 0 0 I : [1 T5400 ..] deinit session
06-24 13:41:12.444 0 0 I : [1 T5400 ..] deinit session producer-2
06-24 13:41:12.444 0 0 I : [1 T5400 ..] deinit has_unusing_fifo [1]
06-24 13:41:12.445 0 0 I : [2 T98 ..] p_fifo[2] name[aml-vcodec-dec] state[0] to MP_FIFO_UNUSED
06-24 13:41:12.447 0 0 E : [3 T5400 ..] mediaproxy produce init [aml-vcodec-dec]
06-24 13:41:12.447 0 0 I : [3 T5400 ..] Mediaproxy is opened name[aml-vcodec-dec]\n
06-24 13:41:12.447 0 0 I : [3 T5400 ..] Mediaproxy is opened name[aml-vcodec-dec] end\n
06-24 13:41:12.448 0 0 E : [3 T5400 ..] mediaproxy produce start connect
06-24 13:41:12.450 0 0 I : [3 T5400 ..] find p kfifo size:[32][2]
06-24 13:41:12.450 0 0 I : [3 T5400 ..] mediaproxy_get_fifo get idx[2]
06-24 13:41:12.451 0 0 I : [3 T5400 ..] Session producer-2 is connected fifo idx [2]
06-24 13:41:12.451 0 0 E : [3 T5400 ..] mediaproxy produce connect [2]
06-24 13:41:12.452 0 0 I : [3 T5400 ..] mediaproxy produce msg type :0x40 module_name:aml-vcodec-dec
06-24 13:41:12.466 0 0 I [1 T5400 ..] [amlv4l]: [119]: DW:10, TW:0, Margin:6
06-24 13:41:12.467 0 0 D [3 T5408 ..] [amlcom]: vdec_create instance 0000000035177b5f, total 1, PM: power-domain
06-24 13:41:12.467 0 0 D [3 T5408 ..] [media_clock]: vdec mux clock is 799999988 Hz
06-24 13:41:12.468 0 0 I [1 T5408 ..] [amlcom]: dos_local_config end, id 0, is_on 1
06-24 13:41:12.468 0 0 I [1 T5408 ..] [amlcom]: vdec_init, dev_name:ammvdec_h264_v4l, vdec_type=VDEC_TYPE_FRAME_BLOCK, format: 2, total: 1
06-24 13:41:12.471 0 0 D [1 T5408 ..] [h264]: 0: pdata->config=parm_v4l_codec_enable:1;mh264_double_write_mode:16;parm_v4l_buffer_margin:6;parm_v4l_canvas_mem_mode:0;parm_v4l_canvas_mem_endian:0;parm_v4l_low_latency_mode:0;parm_v4l_metadata_config_flag:1050626;parm_v4l_duration:0;parm_v4l_error_handle_info:0;
06-24 13:41:12.471 0 0 D [1 T5408 ..] [h264]: 0: ammvdec_h264_probe error_proc_policy 0x813fcff7 mb_count_threshold 0
06-24 13:41:12.471 0 0 D [1 T5408 ..] [h264]: ammvdec_h264_bmmu_init tvp = 0x0
06-24 13:41:12.475 0 0 D [1 T5408 ..] [media_clock]: vdec mux clock is 799999988 Hz
06-24 13:41:12.475 0 0 D [1 T5408 ..] [h264]: vh264_init, phy_addr=cee29000 vaddr=00000000936944a0
06-24 13:41:12.476 0 0 I [1 T5377 ..] [amlv4l]: [119]: set vf duration: c80
06-24 13:41:12.490 0 0 D [3 T29173 ..] [h264]: 0: vmh264_get_ps_info mmu_enable 0 double_write_mode 0x10
06-24 13:41:12.490 0 0 I [3 T29173 ..] [amlv4l]: [119]: Parse from ucode, visible(1280 x 720), coded(1280 x 768), scan:P, bitdepth(0), dw(10)
06-24 13:41:12.490 0 0 I [0 T5408 ..] [amlv4l]: [119]: Picture buffer count: dec:7, vpp:0, ge2d:0, margin:6, total:13
06-24 13:41:12.492 0 0 D [0 T5408 ..] [amlv4l]: [119]: Post event: res chg
06-24 13:41:12.506 0 0 D [1 T29173 ..] [h264]: 0: restriction_flag=0, max_dec_frame_buffering=6, dec_dpb_size=7 num_reorder_frames 4 used_reorder_dpb_size_margin 6
06-24 13:41:12.510 0 0 D [0 T239 ..] [h264]: 0: decoder duration change old: 0 new: 1920
06-24 13:41:12.645 0 0 W [0 T4906 ..] audit: audit_lost=2875 audit_rate_limit=5 audit_backlog_limit=64
06-24 13:41:12.645 0 0 E [0 T4906 ..] audit: rate limit exceeded
06-24 13:41:12.885 0 0 I : [1 T360 ..] di_process_open iminor(inode) =0
06-24 13:41:12.886 0 0 I [1 T360 ..] dim: reg:use[0]ms
06-24 13:41:12.886 0 0 I [1 T360 ..] dim: ins:create:ch[2],tmode[3]
06-24 13:41:12.886 0 0 I [1 T360 ..] dim: out:0x80000000
06-24 13:41:12.890 0 0 E [2 T360 ..] dp: [0]no hdr10+ data.
06-24 13:41:12.890 0 0 E [2 T360 ..] dp: [0]no meta_data.
06-24 13:41:12.890 0 0 E [2 T360 ..] dp: [0]invalid ud param.
06-24 13:41:12.891 0 0 I [3 T108 ..] dim: value reg:ch[2]:fix_buf:0;ponly <0,0> post_nub=5
06-24 13:41:12.891 0 0 I [2 T360 ..] VID: VD1 off
06-24 13:41:12.891 0 0 I [3 T108 ..] dim: di_cnt_i_buf1:tvp:0
06-24 13:41:12.892 0 0 I [0 T360 ..] vc: [0]vc: set enable index=0, val=1
06-24 13:41:12.893 0 0 I [3 T108 ..] dim: di_reg_setting:ch[2]:for first ch reg:
06-24 13:41:12.893 0 0 I [0 T360 ..] VID: VD1 off
06-24 13:41:12.894 0 0 I [3 T108 ..] dim: ch[2]:reg:mem cfg[0][0][0]
06-24 13:41:12.894 0 0 I [0 T360 ..] VID: VD1 set global output as 1
06-24 13:41:12.895 0 0 I [0 T360 ..] VID: store VD0 path_id changed -1->2
06-24 13:41:12.895 0 0 I [3 T108 ..] dim: ch[2]:bypass change:i:0->1:0x60
06-24 13:41:12.896 0 0 I [0 T360 ..] vc: [0]sideband_type =-1
06-24 13:41:12.925 0 0 I [2 T314 ..] dim: pq i:rm 0x1000
06-24 13:41:12.926 0 0 I [2 T314 ..] dim: pq i:rm 0x2000
06-24 13:41:12.939 0 0 I [2 T314 ..] dim: pq i:rm 0x200
06-24 13:41:12.940 0 0 I [2 T314 ..] dim: pq i:rm 0x800
06-24 13:41:16.679 0 0 I [2 T5408 ..] [amlv4l]: [119]: reset mode: 1, es frames buffering: 2
06-24 13:41:16.680 0 0 I [2 T5408 ..] [amlv4l]: [119]: reset mode: 1, es frames buffering: 0
06-24 13:41:16.692 0 0 I [0 T5400 ..] [amlv4l]: [119]: reset mode: 1, es frames buffering: 0
06-24 13:41:16.694 0 0 D [2 T5400 ..] [amlcom]: vdec_release instance 0000000035177b5f, total 1
06-24 13:41:16.694 0 0 I [0 T5400 ..] [amlcom]: dos_local_config end, id 0, is_on 0
06-24 13:41:16.694 0 0 D [0 T5400 ..] [media_clock]: the clk_vdec_mux clock off, ref cnt: 0
06-24 13:41:16.694 0 0 I : [0 T5400 ..] deinit session
06-24 13:41:16.695 0 0 I : [0 T5400 ..] deinit session producer-2
06-24 13:41:16.695 0 0 I : [0 T5400 ..] deinit has_unusing_fifo [1]
06-24 13:41:16.696 0 0 I : [2 T98 ..] p_fifo[2] name[aml-vcodec-dec] state[0] to MP_FIFO_UNUSED
06-24 13:41:18.597 0 0 W [1 T4918 ..] audit: audit_lost=2883 audit_rate_limit=5 audit_backlog_limit=64
06-24 13:41:18.597 0 0 E [1 T4918 ..] audit: rate limit exceeded
06-24 13:41:18.603 0 0 E : [3 T5491 ..] mediaproxy produce init [aml-vcodec-dec]
06-24 13:41:18.603 0 0 I : [3 T5491 ..] Mediaproxy is opened name[aml-vcodec-dec]\n
06-24 13:41:18.603 0 0 I : [3 T5491 ..] Mediaproxy is opened name[aml-vcodec-dec] end\n
06-24 13:41:18.604 0 0 E : [3 T5491 ..] mediaproxy produce start connect
06-24 13:41:18.605 0 0 I : [3 T5491 ..] find p kfifo size:[32][2]
06-24 13:41:18.606 0 0 I : [3 T5491 ..] mediaproxy_get_fifo get idx[2]
06-24 13:41:18.607 0 0 I : [3 T5491 ..] Session producer-2 is connected fifo idx [2]
06-24 13:41:18.608 0 0 E : [3 T5491 ..] mediaproxy produce connect [2]
06-24 13:41:18.608 0 0 I : [3 T5491 ..] mediaproxy produce msg type :0x40 module_name:aml-vcodec-dec
06-24 13:41:18.618 0 0 I : [1 T5491 ..] deinit session
06-24 13:41:18.618 0 0 I : [1 T5491 ..] deinit session producer-2
06-24 13:41:18.618 0 0 I : [1 T5491 ..] deinit has_unusing_fifo [1]
06-24 13:41:18.619 0 0 I : [0 T98 ..] p_fifo[2] name[aml-vcodec-dec] state[0] to MP_FIFO_UNUSED
06-24 13:41:18.620 0 0 E : [3 T5491 ..] mediaproxy produce init [aml-vcodec-dec]
06-24 13:41:18.621 0 0 I : [3 T5491 ..] Mediaproxy is opened name[aml-vcodec-dec]\n
06-24 13:41:18.621 0 0 I : [3 T5491 ..] Mediaproxy is opened name[aml-vcodec-dec] end\n
06-24 13:41:18.622 0 0 E : [3 T5491 ..] mediaproxy produce start connect
06-24 13:41:18.624 0 0 I : [3 T5491 ..] find p kfifo size:[32][2]
06-24 13:41:18.624 0 0 I : [3 T5491 ..] mediaproxy_get_fifo get idx[2]
06-24 13:41:18.624 0 0 I : [3 T5491 ..] Session producer-2 is connected fifo idx [2]
06-24 13:41:18.625 0 0 E : [3 T5491 ..] mediaproxy produce connect [2]
06-24 13:41:18.626 0 0 I : [3 T5491 ..] mediaproxy produce msg type :0x40 module_name:aml-vcodec-dec
06-24 13:41:18.679 0 0 I : [1 T5491 ..] deinit session
06-24 13:41:18.679 0 0 I : [1 T5491 ..] deinit session producer-2
06-24 13:41:18.679 0 0 I : [1 T5491 ..] deinit has_unusing_fifo [1]
06-24 13:41:18.680 0 0 I : [2 T98 ..] p_fifo[2] name[aml-vcodec-dec] state[0] to MP_FIFO_UNUSED
06-24 13:41:18.684 0 0 I : [2 T5491 ..] codec mem info:
06-24 13:41:18.684 0 0 I : [2 T5491 ..] total codec mem size:364 MB
06-24 13:41:18.684 0 0 I : [2 T5491 ..] alloced size= 2 MB
06-24 13:41:18.685 0 0 I : [2 T5491 ..] max alloced: 119 MB
06-24 13:41:18.685 0 0 I [2 T5491 ..] CMA: 2,RES:0,TVP:0,SYS:0,COHER:0,VMAPED:0 MB
06-24 13:41:18.686 0 0 I [2 T5491 ..] RES_EXT: 0 MB
06-24 13:41:18.687 0 0 I : [2 T5491 ..] [4]CMA size:364 MB:alloced: 2 MB,free:361 MB
06-24 13:41:18.687 0 0 I [2 T5491 d.] [787].0: CODEC_MM_DMA_BUF.0,addr=0xcfdca000,size=1474560,from=4,cnt=1,flags=1,used:6160 ms
06-24 13:41:18.687 0 0 I [2 T5491 d.] [793].0: CODEC_MM_DMA_BUF.0,addr=0xd063a000,size=1474560,from=4,cnt=1,flags=1,used:5832 ms
06-24 13:41:18.689 0 0 I : [2 T5491 ..] codec mem info:
06-24 13:41:18.691 0 0 I : [2 T5491 ..] total codec mem size:364 MB
06-24 13:41:18.691 0 0 I : [2 T5491 ..] alloced size= 2 MB
06-24 13:41:18.691 0 0 I : [2 T5491 ..] max alloced: 119 MB
06-24 13:41:18.692 0 0 I [2 T5491 ..] CMA: 2,RES:0,TVP:0,SYS:0,COHER:0,VMAPED:0 MB
06-24 13:41:18.696 0 0 I [2 T5491 ..] RES_EXT: 0 MB
06-24 13:41:18.696 0 0 I : [2 T5491 ..] [4]CMA size:364 MB:alloced: 2 MB,free:361 MB
06-24 13:41:18.697 0 0 I [2 T5491 d.] [787].0: CODEC_MM_DMA_BUF.0,addr=0xcfdca000,size=1474560,from=4,cnt=1,flags=1,used:6168 ms
06-24 13:41:18.697 0 0 I [2 T5491 d.] [793].0: CODEC_MM_DMA_BUF.0,addr=0xd063a000,size=1474560,from=4,cnt=1,flags=1,used:5840 ms
06-24 13:41:18.700 0 0 E : [3 T5502 ..] mediaproxy produce init [aml-vcodec-dec]
06-24 13:41:18.701 0 0 I : [3 T5502 ..] Mediaproxy is opened name[aml-vcodec-dec]\n
06-24 13:41:18.701 0 0 I : [3 T5502 ..] Mediaproxy is opened name[aml-vcodec-dec] end\n
06-24 13:41:18.702 0 0 E : [3 T5502 ..] mediaproxy produce start connect
06-24 13:41:18.704 0 0 I : [3 T5502 ..] find p kfifo size:[32][2]
06-24 13:41:18.704 0 0 I : [3 T5502 ..] mediaproxy_get_fifo get idx[2]
06-24 13:41:18.705 0 0 I : [3 T5502 ..] Session producer-2 is connected fifo idx [2]
06-24 13:41:18.706 0 0 E : [3 T5502 ..] mediaproxy produce connect [2]
06-24 13:41:18.706 0 0 I : [3 T5502 ..] mediaproxy produce msg type :0x40 module_name:aml-vcodec-dec
06-24 13:41:18.708 0 0 I : [0 T5502 ..] deinit session
06-24 13:41:18.708 0 0 I : [0 T5502 ..] deinit session producer-2
06-24 13:41:18.708 0 0 I : [0 T5502 ..] deinit has_unusing_fifo [1]
06-24 13:41:18.709 0 0 I : [2 T98 ..] p_fifo[2] name[aml-vcodec-dec] state[0] to MP_FIFO_UNUSED
06-24 13:41:18.709 0 0 E : [0 T5502 ..] mediaproxy produce init [aml-vcodec-dec]
06-24 13:41:18.711 0 0 I : [0 T5502 ..] Mediaproxy is opened name[aml-vcodec-dec]\n
06-24 13:41:18.711 0 0 I : [0 T5502 ..] Mediaproxy is opened name[aml-vcodec-dec] end\n
06-24 13:41:18.711 0 0 E : [0 T5502 ..] mediaproxy produce start connect
06-24 13:41:18.713 0 0 I : [0 T5502 ..] find p kfifo size:[32][2]
06-24 13:41:18.713 0 0 I : [0 T5502 ..] mediaproxy_get_fifo get idx[2]
06-24 13:41:18.714 0 0 I : [0 T5502 ..] Session producer-2 is connected fifo idx [2]
06-24 13:41:18.715 0 0 E : [0 T5502 ..] mediaproxy produce connect [2]
06-24 13:41:18.716 0 0 I : [0 T5502 ..] mediaproxy produce msg type :0x40 module_name:aml-vcodec-dec
06-24 13:41:18.718 0 0 I [2 T5502 ..] [amlv4l]: [123]: DW:10, TW:0, Margin:6
