06-24 13:41:18.719 0 0 D [0 T5508 ..] [amlcom]: vdec_create instance 000000009302dcee, total 1, PM: power-domain
06-24 13:41:18.719 0 0 D [0 T5508 ..] [media_clock]: vdec mux clock is 799999988 Hz
06-24 13:41:18.720 0 0 I [3 T5508 ..] [amlcom]: dos_local_config end, id 0, is_on 1
06-24 13:41:18.720 0 0 I [3 T5508 ..] [amlcom]: vdec_init, dev_name:ammvdec_h264_v4l, vdec_type=VDEC_TYPE_FRAME_BLOCK, format: 2, total: 1
06-24 13:41:18.731 0 0 D [3 T5508 ..] [h264]: 0: pdata->config=parm_v4l_codec_enable:1;mh264_double_write_mode:16;parm_v4l_buffer_margin:6;parm_v4l_canvas_mem_mode:0;parm_v4l_canvas_mem_endian:0;parm_v4l_low_latency_mode:0;parm_v4l_metadata_config_flag:1050626;parm_v4l_duration:0;parm_v4l_error_handle_info:0;
06-24 13:41:18.731 0 0 D [3 T5508 ..] [h264]: 0: ammvdec_h264_probe error_proc_policy 0x813fcff7 mb_count_threshold 0
06-24 13:41:18.731 0 0 D [3 T5508 ..] [h264]: ammvdec_h264_bmmu_init tvp = 0x0
06-24 13:41:18.734 0 0 D [1 T5508 ..] [media_clock]: vdec mux clock is 799999988 Hz
06-24 13:41:18.734 0 0 D [3 T5508 ..] [h264]: vh264_init, phy_addr=cee29000 vaddr=000000002fec69d1
06-24 13:41:18.735 0 0 I [1 T5491 ..] [amlv4l]: [123]: set vf duration: c80
06-24 13:41:18.751 0 0 D [3 T5322 ..] [h264]: 0: vmh264_get_ps_info mmu_enable 0 double_write_mode 0x10
06-24 13:41:18.751 0 0 I [3 T5322 ..] [amlv4l]: [123]: Parse from ucode, visible(1280 x 720), coded(1280 x 768), scan:P, bitdepth(0), dw(10)
06-24 13:41:18.751 0 0 I [1 T5508 ..] [amlv4l]: [123]: Picture buffer count: dec:7, vpp:0, ge2d:0, margin:6, total:13
06-24 13:41:18.753 0 0 D [1 T5508 ..] [amlv4l]: [123]: Post event: res chg
06-24 13:41:18.764 0 0 D [3 T5322 ..] [h264]: 0: restriction_flag=0, max_dec_frame_buffering=6, dec_dpb_size=7 num_reorder_frames 4 used_reorder_dpb_size_margin 6
06-24 13:41:18.771 0 0 D [0 T239 ..] [h264]: 0: decoder duration change old: 0 new: 1920
06-24 13:41:19.160 0 0 I [0 T360 ..] dp_buf: [0:119]di buf_mgr free
06-24 13:41:20.301 0 0 W : [3 T1127 ..] [aml_android_priv_ioctl 128] vif idx=0 cmd=SETSUSPENDMODE 0
06-24 13:41:20.302 0 0 W : [3 T1127 ..] [aml_android_set_suspend_mode 77] set google_cast 0
06-24 13:41:20.303 0 0 W : [3 T1127 ..] >>> aml_cfg80211_set_power_mgmt()
06-24 13:41:20.304 0 0 W : [3 T1127 ..] [aml_send_me_set_ps_mode 2111] set power save mode:0
06-24 13:41:20.304 0 0 W : [3 T1127 ..] >>> aml_send_msg()
06-24 13:41:20.305 0 0 W : [2 T1041 ..] ipc_sdio_host_msgack_handler 00000000db0518d7
06-24 13:41:20.305 0 0 W : [2 T1041 ..] [aml_msgackind 2039] msg ack hostid=0xffffff805c56cc80
06-24 13:41:20.306 0 0 W : [2 T1041 ..] [cmd_mgr_llind 329] cmd tkn[217] flags:001a result: -4 cmd:5139-ME_SET_PS_MODE_REQ - reqcfm(5140-ME_SET_PS_MODE_CFM)
06-24 13:41:20.308 0 0 W : [2 T1041 ..] [cmd_mgr_msgind 409] cmd tkn[217] flags:0012 result: -4 cmd:5139-ME_SET_PS_MODE_REQ - reqcfm(5140-ME_SET_PS_MODE_CFM)
06-24 13:41:20.310 0 0 W : [2 T1041 ..] [cmd_complete 65] cmd tkn[217] flags:0002 result: -4 cmd:5139-ME_SET_PS_MODE_REQ - reqcfm(5140-ME_SET_PS_MODE_CFM)
06-24 13:41:20.318 0 0 W : [3 T1149 ..] [SP FRAME TX] DHCP[1 0], vif_idx:0
06-24 13:41:20.347 0 0 W : [3 T1046 ..] [SP FRAME RX] DHCP[1 0], vif_idx:0
06-24 13:41:20.363 0 0 W : [3 T1127 ..] >>> aml_cfg80211_set_power_mgmt()
06-24 13:41:20.363 0 0 W : [3 T1127 ..] [aml_send_me_set_ps_mode 2111] set power save mode:0
06-24 13:41:20.363 0 0 W : [3 T1127 ..] >>> aml_send_msg()
06-24 13:41:20.365 0 0 W : [2 T1041 ..] ipc_sdio_host_msgack_handler 00000000ccfc9680
06-24 13:41:20.365 0 0 W : [2 T1041 ..] [aml_msgackind 2039] msg ack hostid=0xffffff80c9083700
06-24 13:41:20.366 0 0 W : [2 T1041 ..] [cmd_mgr_llind 329] cmd tkn[218] flags:001a result: -4 cmd:5139-ME_SET_PS_MODE_REQ - reqcfm(5140-ME_SET_PS_MODE_CFM)
06-24 13:41:20.368 0 0 W : [2 T1041 ..] [cmd_mgr_msgind 409] cmd tkn[218] flags:0012 result: -4 cmd:5139-ME_SET_PS_MODE_REQ - reqcfm(5140-ME_SET_PS_MODE_CFM)
06-24 13:41:20.369 0 0 W : [2 T1041 ..] [cmd_complete 65] cmd tkn[218] flags:0002 result: -4 cmd:5139-ME_SET_PS_MODE_REQ - reqcfm(5140-ME_SET_PS_MODE_CFM)
06-24 13:41:20.363 685 822 W ContextImpl: Calling a method in the system process without a qualified user: android.app.ContextImpl.sendStickyBroadcast:1626 com.android.server.wifi.ClientModeImpl.sendNetworkChangeBroadcast:3008 com.android.server.wifi.ClientModeImpl.lambda$sendNetworkChangeBroadcastWithCurrentState$14:2985 com.android.server.wifi.ClientModeImpl.$r8$lambda$q-j88Pjw4gROgoJFr8wBlBVbuJI:0 com.android.server.wifi.ClientModeImpl$$ExternalSyntheticLambda4.send:0
06-24 13:41:22.909 0 0 W : [1 T1046 ..] [SP FRAME RX] arp req,vif_idx:0 sender:[28:7b:11:70:4f:bd 192.168.3.156]receiver:[00:00:00:00:00:00 192.168.3.75]
06-24 13:41:22.910 0 0 W : [1 T1046 ..] [SP FRAME TX] arp rsp,vif_idx:0 sender:[1c:79:2d:20:62:cb 192.168.3.75]receiver:[28:7b:11:70:4f:bd 192.168.3.156]
06-24 13:41:22.960 0 0 W : [3 T1046 ..] [SP FRAME RX] arp req,vif_idx:0 sender:[d2:07:9a:6e:a7:36 192.168.3.27]receiver:[00:00:00:00:00:00 192.168.3.75]
06-24 13:41:22.961 0 0 W : [3 T1046 ..] [SP FRAME TX] arp rsp,vif_idx:0 sender:[1c:79:2d:20:62:cb 192.168.3.75]receiver:[d2:07:9a:6e:a7:36 192.168.3.27]
06-24 13:41:22.966 0 0 W : [3 T1046 ..] [SP FRAME RX] arp req,vif_idx:0 sender:[20:57:9e:67:7f:db 192.168.3.98]receiver:[00:00:00:00:00:00 192.168.3.75]
06-24 13:41:22.967 0 0 W : [3 T1046 ..] [SP FRAME TX] arp rsp,vif_idx:0 sender:[1c:79:2d:20:62:cb 192.168.3.75]receiver:[20:57:9e:67:7f:db 192.168.3.98]
06-24 13:41:23.009 0 0 W : [3 T1046 ..] [SP FRAME RX] arp req,vif_idx:0 sender:[b6:9c:70:ec:40:e7 192.168.3.65]receiver:[00:00:00:00:00:00 192.168.3.75]
06-24 13:41:23.010 0 0 W : [3 T1046 ..] [SP FRAME TX] arp rsp,vif_idx:0 sender:[1c:79:2d:20:62:cb 192.168.3.75]receiver:[b6:9c:70:ec:40:e7 192.168.3.65]
06-24 13:41:23.061 0 0 W : [3 T1046 ..] [SP FRAME RX] arp req,vif_idx:0 sender:[68:39:43:80:0a:5c 192.168.3.209]receiver:[00:00:00:00:00:00 192.168.3.75]
06-24 13:41:23.062 0 0 W : [3 T1046 ..] [SP FRAME TX] arp rsp,vif_idx:0 sender:[1c:79:2d:20:62:cb 192.168.3.75]receiver:[68:39:43:80:0a:5c 192.168.3.209]
06-24 13:41:23.235 0 0 W : [3 T1046 ..] [SP FRAME RX] arp req,vif_idx:0 sender:[22:75:a5:1f:46:24 192.168.3.71]receiver:[00:00:00:00:00:00 192.168.3.75]
06-24 13:41:23.236 0 0 W : [3 T1046 ..] [SP FRAME TX] arp rsp,vif_idx:0 sender:[1c:79:2d:20:62:cb 192.168.3.75]receiver:[22:75:a5:1f:46:24 192.168.3.71]
06-24 13:41:23.307 0 0 W : [3 T1046 ..] [SP FRAME RX] arp req,vif_idx:0 sender:[0c:91:60:12:cd:8c 192.168.3.70]receiver:[00:00:00:00:00:00 192.168.3.75]
06-24 13:41:23.308 0 0 W : [3 T1046 ..] [SP FRAME TX] arp rsp,vif_idx:0 sender:[1c:79:2d:20:62:cb 192.168.3.75]receiver:[0c:91:60:12:cd:8c 192.168.3.70]
06-24 13:41:23.420 0 0 W : [3 T1046 ..] [SP FRAME RX] arp req,vif_idx:0 sender:[b6:86:f8:35:d4:28 192.168.3.36]receiver:[00:00:00:00:00:00 192.168.3.75]
06-24 13:41:23.421 0 0 W : [3 T1046 ..] [SP FRAME TX] arp rsp,vif_idx:0 sender:[1c:79:2d:20:62:cb 192.168.3.75]receiver:[b6:86:f8:35:d4:28 192.168.3.36]
06-24 13:41:23.558 0 0 W : [0 T1046 ..] [SP FRAME RX] arp req,vif_idx:0 sender:[da:b8:33:f6:93:fe 192.168.3.89]receiver:[00:00:00:00:00:00 192.168.3.75]
06-24 13:41:23.559 0 0 W : [0 T1046 ..] [SP FRAME TX] arp rsp,vif_idx:0 sender:[1c:79:2d:20:62:cb 192.168.3.75]receiver:[da:b8:33:f6:93:fe 192.168.3.89]
06-24 13:41:23.612 0 0 W : [0 T1046 ..] [SP FRAME RX] arp req,vif_idx:0 sender:[e2:04:f6:d8:62:00 192.168.3.194]receiver:[00:00:00:00:00:00 192.168.3.75]
06-24 13:41:23.613 0 0 W : [0 T1046 ..] [SP FRAME TX] arp rsp,vif_idx:0 sender:[1c:79:2d:20:62:cb 192.168.3.75]receiver:[e2:04:f6:d8:62:00 192.168.3.194]
06-24 13:41:23.659 0 0 W : [0 T1046 ..] [SP FRAME RX] arp req,vif_idx:0 sender:[16:8e:6e:17:dc:41 192.168.3.176]receiver:[00:00:00:00:00:00 192.168.3.75]
06-24 13:41:23.660 0 0 W : [0 T1046 ..] [SP FRAME TX] arp rsp,vif_idx:0 sender:[1c:79:2d:20:62:cb 192.168.3.75]receiver:[16:8e:6e:17:dc:41 192.168.3.176]
06-24 13:41:23.696 0 0 W : [0 T1046 ..] [SP FRAME RX] arp req,vif_idx:0 sender:[28:7b:11:70:51:1f 192.168.3.44]receiver:[00:00:00:00:00:00 192.168.3.75]
06-24 13:41:23.697 0 0 W : [0 T1046 ..] [SP FRAME TX] arp rsp,vif_idx:0 sender:[1c:79:2d:20:62:cb 192.168.3.75]receiver:[28:7b:11:70:51:1f 192.168.3.44]
06-24 13:41:23.805 0 0 W : [0 T1046 ..] [SP FRAME RX] arp req,vif_idx:0 sender:[9a:86:f7:27:5c:25 192.168.3.169]receiver:[00:00:00:00:00:00 192.168.3.75]
06-24 13:41:23.806 0 0 W : [0 T1046 ..] [SP FRAME TX] arp rsp,vif_idx:0 sender:[1c:79:2d:20:62:cb 192.168.3.75]receiver:[9a:86:f7:27:5c:25 192.168.3.169]
06-24 13:41:23.808 0 0 W : [0 T1046 ..] [SP FRAME RX] arp req,vif_idx:0 sender:[0c:91:60:12:cd:fc 192.168.3.171]receiver:[00:00:00:00:00:00 192.168.3.75]
06-24 13:41:23.810 0 0 W : [0 T1046 ..] [SP FRAME TX] arp rsp,vif_idx:0 sender:[1c:79:2d:20:62:cb 192.168.3.75]receiver:[0c:91:60:12:cd:fc 192.168.3.171]
06-24 13:41:23.829 0 0 W : [0 T1046 ..] [SP FRAME RX] arp req,vif_idx:0 sender:[50:ba:02:e7:1e:de 192.168.3.157]receiver:[00:00:00:00:00:00 192.168.3.75]
06-24 13:41:23.830 0 0 W : [0 T1046 ..] [SP FRAME TX] arp rsp,vif_idx:0 sender:[1c:79:2d:20:62:cb 192.168.3.75]receiver:[50:ba:02:e7:1e:de 192.168.3.157]
06-24 13:41:23.877 0 0 W : [0 T1046 ..] [SP FRAME RX] arp req,vif_idx:0 sender:[10:b2:32:39:59:ba 192.168.3.57]receiver:[00:00:00:00:00:00 192.168.3.75]
06-24 13:41:23.878 0 0 W : [0 T1046 ..] [SP FRAME TX] arp rsp,vif_idx:0 sender:[1c:79:2d:20:62:cb 192.168.3.75]receiver:[10:b2:32:39:59:ba 192.168.3.57]
06-24 13:41:23.931 0 0 W : [0 T1046 ..] [SP FRAME RX] arp req,vif_idx:0 sender:[56:86:a9:ec:10:a8 192.168.3.19]receiver:[00:00:00:00:00:00 192.168.3.75]
06-24 13:41:23.932 0 0 W : [0 T1046 ..] [SP FRAME TX] arp rsp,vif_idx:0 sender:[1c:79:2d:20:62:cb 192.168.3.75]receiver:[56:86:a9:ec:10:a8 192.168.3.19]
06-24 13:41:24.011 0 0 W : [0 T1046 ..] [SP FRAME RX] arp req,vif_idx:0 sender:[28:7b:11:70:4f:a5 192.168.3.155]receiver:[00:00:00:00:00:00 192.168.3.75]
06-24 13:41:24.012 0 0 W : [0 T1046 ..] [SP FRAME TX] arp rsp,vif_idx:0 sender:[1c:79:2d:20:62:cb 192.168.3.75]receiver:[28:7b:11:70:4f:a5 192.168.3.155]
06-24 13:41:24.013 0 0 W : [0 T1046 ..] [SP FRAME RX] arp req,vif_idx:0 sender:[0c:91:60:12:cd:6e 192.168.3.81]receiver:[00:00:00:00:00:00 192.168.3.75]
06-24 13:41:24.015 0 0 W : [0 T1046 ..] [SP FRAME TX] arp rsp,vif_idx:0 sender:[1c:79:2d:20:62:cb 192.168.3.75]receiver:[0c:91:60:12:cd:6e 192.168.3.81]
06-24 13:41:24.229 685 791 D WindowManager: handleVolumeKeyInArc KeyEvent { action=ACTION_DOWN, keyCode=KEYCODE_VOLUME_DOWN, scanCode=114, metaState=0, flags=0x8, repeatCount=0, eventTime=9091980303000, downTime=9091980303000, deviceId=10, source=0x301, displayId=-1 }
06-24 13:41:24.229 685 791 D WindowManager: dispatchDirectAudioEvent KeyEvent { action=ACTION_DOWN, keyCode=KEYCODE_VOLUME_DOWN, scanCode=114, metaState=0, flags=0x8, repeatCount=0, eventTime=9091980303000, downTime=9091980303000, deviceId=10, source=0x301, displayId=-1 }
06-24 13:41:24.283 685 791 D WindowManager: handleVolumeKeyInArc KeyEvent { action=ACTION_UP, keyCode=KEYCODE_VOLUME_DOWN, scanCode=114, metaState=0, flags=0x8, repeatCount=0, eventTime=9092183425000, downTime=9091980303000, deviceId=10, source=0x301, displayId=-1 }
06-24 13:41:24.283 685 791 D WindowManager: dispatchDirectAudioEvent KeyEvent { action=ACTION_UP, keyCode=KEYCODE_VOLUME_DOWN, scanCode=114, metaState=0, flags=0x8, repeatCount=0, eventTime=9092183425000, downTime=9091980303000, deviceId=10, source=0x301, displayId=-1 }
06-24 13:41:24.300 685 959 W WindowManager: [addWindow] title:VolumeDialogImpl
06-24 13:41:24.311 685 13323 D CoreBackPreview: Window{e9fc2df u0 VolumeDialogImpl}: Setting back callback OnBackInvokedCallbackInfo{mCallback=android.window.IOnBackInvokedCallback$Stub$Proxy@dbb29f5, mPriority=0, mIsAnimationCallback=false}
06-24 13:41:24.545 685 791 D WindowManager: handleVolumeKeyInArc KeyEvent { action=ACTION_DOWN, keyCode=KEYCODE_VOLUME_DOWN, scanCode=114, metaState=0, flags=0x8, repeatCount=0, eventTime=9092295071000, downTime=9092295071000, deviceId=10, source=0x301, displayId=-1 }
06-24 13:41:24.545 685 791 D WindowManager: dispatchDirectAudioEvent KeyEvent { action=ACTION_DOWN, keyCode=KEYCODE_VOLUME_DOWN, scanCode=114, metaState=0, flags=0x8, repeatCount=0, eventTime=9092295071000, downTime=9092295071000, deviceId=10, source=0x301, displayId=-1 }
06-24 13:41:24.609 685 791 D WindowManager: handleVolumeKeyInArc KeyEvent { action=ACTION_UP, keyCode=KEYCODE_VOLUME_DOWN, scanCode=114, metaState=0, flags=0x8, repeatCount=0, eventTime=9092452749000, downTime=9092295071000, deviceId=10, source=0x301, displayId=-1 }
06-24 13:41:24.609 685 791 D WindowManager: dispatchDirectAudioEvent KeyEvent { action=ACTION_UP, keyCode=KEYCODE_VOLUME_DOWN, scanCode=114, metaState=0, flags=0x8, repeatCount=0, eventTime=9092452749000, downTime=9092295071000, deviceId=10, source=0x301, displayId=-1 }
06-24 13:41:24.863 0 0 W : [0 T1046 ..] [SP FRAME RX] arp req,vif_idx:0 sender:[10:b2:32:39:59:ba 192.168.3.57]receiver:[00:00:00:00:00:00 192.168.3.75]
06-24 13:41:24.864 0 0 W : [0 T1046 ..] [SP FRAME TX] arp rsp,vif_idx:0 sender:[1c:79:2d:20:62:cb 192.168.3.75]receiver:[10:b2:32:39:59:ba 192.168.3.57]
06-24 13:41:25.784 0 0 W : [0 T1046 ..] [SP FRAME RX] arp req,vif_idx:0 sender:[28:48:e7:f0:76:bd 192.168.3.210]receiver:[00:00:00:00:00:00 192.168.3.75]
06-24 13:41:25.785 0 0 W : [0 T1046 ..] [SP FRAME TX] arp rsp,vif_idx:0 sender:[1c:79:2d:20:62:cb 192.168.3.75]receiver:[28:48:e7:f0:76:bd 192.168.3.210]
06-24 13:41:25.932 0 0 W : [1 T1046 ..] [SP FRAME RX] DHCP[0 1], vif_idx:0
06-24 13:41:26.776 0 0 W : [0 T1046 ..] [SP FRAME RX] arp req,vif_idx:0 sender:[28:48:e7:f0:76:bd 192.168.3.210]receiver:[00:00:00:00:00:00 192.168.3.75]
06-24 13:41:26.777 0 0 W : [0 T1046 ..] [SP FRAME TX] arp rsp,vif_idx:0 sender:[1c:79:2d:20:62:cb 192.168.3.75]receiver:[28:48:e7:f0:76:bd 192.168.3.210]
06-24 13:41:26.994 0 0 W : [1 T1046 ..] [SP FRAME RX] DHCP[0 1], vif_idx:0
06-24 13:41:27.777 0 0 W : [0 T1046 ..] [SP FRAME RX] arp req,vif_idx:0 sender:[28:48:e7:f0:76:bd 192.168.3.210]receiver:[00:00:00:00:00:00 192.168.3.75]
06-24 13:41:27.778 0 0 W : [0 T1046 ..] [SP FRAME TX] arp rsp,vif_idx:0 sender:[1c:79:2d:20:62:cb 192.168.3.75]receiver:[28:48:e7:f0:76:bd 192.168.3.210]
06-24 13:41:28.093 685 6903 D CoreBackPreview: Window{e9fc2df u0 VolumeDialogImpl}: Setting back callback null
06-24 13:41:28.902 0 0 W : [3 T1046 ..] [SP FRAME RX] DHCP[0 1], vif_idx:0
06-24 13:41:33.120 0 0 W : [3 T1046 ..] [SP FRAME RX] DHCP[0 1], vif_idx:0
06-24 13:41:33.468 0 0 D [3 T5507 ..] [amlv4l]: [123]: Post event: eos
06-24 13:41:33.470 0 0 I [0 T5508 ..] [amlv4l]: [123]: reset mode: 1, es frames buffering: 0
06-24 13:41:33.472 0 0 I [2 T5508 ..] [amlv4l]: [123]: reset mode: 1, es frames buffering: 0
06-24 13:41:33.563 0 0 I [3 T5508 ..] [amlv4l]: [123]: reset mode: 1, es frames buffering: 0
06-24 13:41:33.565 0 0 I [3 T5508 ..] [amlv4l]: [123]: reset mode: 1, es frames buffering: 0
06-24 13:41:33.578 0 0 I [1 T5508 ..] dp_buf: [0:123]q_checkin ref dec fail
06-24 13:41:33.578 0 0 I [1 T5508 ..] dp_buf: [0:123]q_checkin ref dec fail
06-24 13:41:33.579 0 0 I [1 T5508 ..] dp_buf: [0:123]q_checkin ref dec fail
06-24 13:41:38.773 685 6903 W BatteryExternalStatsWorker: error reading Bluetooth stats: 11
06-24 13:41:40.956 0 0 W : [3 T1046 ..] [SP FRAME RX] DHCP[0 1], vif_idx:0
06-24 13:41:42.602 0 0 W : [0 T10746 ..] [aml_send_sync_trace 4388] sync token[63877]
06-24 13:41:42.602 0 0 W : [0 T10746 ..] >>> aml_send_msg()
06-24 13:41:42.603 0 0 W : [2 T1041 ..] ipc_sdio_host_msgack_handler 000000009715feb3
06-24 13:41:42.604 0 0 W : [2 T1041 ..] [aml_msgackind 2039] msg ack hostid=0xffffff80a3e83400
06-24 13:41:42.605 0 0 W : [2 T1041 ..] [cmd_mgr_llind 329] cmd tkn[219] flags:0008 result: -4 cmd: 105-MM_SYNC_TRACE - reqcfm( 0-none)
06-24 13:41:42.606 0 0 W : [2 T1041 ..] [cmd_complete 65] cmd tkn[219] flags:0000 result: -4 cmd: 105-MM_SYNC_TRACE - reqcfm( 0-none)
06-24 13:41:47.885 0 0 D [3 T5507 ..] [amlv4l]: [123]: Post event: eos
06-24 13:41:47.888 0 0 I [2 T5508 ..] [amlv4l]: [123]: reset mode: 1, es frames buffering: 0
06-24 13:41:47.892 0 0 I [3 T5508 ..] [amlv4l]: [123]: reset mode: 1, es frames buffering: 0
06-24 13:41:47.959 0 0 I [2 T5508 ..] dp_buf: [0:123]q_checkin ref dec fail
06-24 13:41:55.402 0 0 W : [2 T0 .s] [SP FRAME TX] arp req,vif_idx:0 sender:[1c:79:2d:20:62:cb 192.168.3.75]receiver:[00:00:00:00:00:00 192.168.3.250]
06-24 13:41:55.453 0 0 W : [2 T1046 ..] [SP FRAME RX] arp rsp,vif_idx:0 sender:[a2:e3:8f:e4:ff:46 192.168.3.250]receiver:[1c:79:2d:20:62:cb 192.168.3.75]
06-24 13:41:55.456 0 0 W : [2 T1046 ..] [SP FRAME RX] arp req,vif_idx:0 sender:[a2:e3:8f:e4:ff:46 192.168.3.250]receiver:[00:00:00:00:00:00 192.168.3.75]
06-24 13:41:55.457 0 0 W : [2 T1046 ..] [SP FRAME TX] arp rsp,vif_idx:0 sender:[1c:79:2d:20:62:cb 192.168.3.75]receiver:[a2:e3:8f:e4:ff:46 192.168.3.250]
06-24 13:41:56.942 0 0 W : [0 T1046 ..] [SP FRAME RX] DHCP[0 1], vif_idx:0
06-24 13:41:57.133 0 0 W : [3 T1041 ..] traffic idle!!
06-24 13:41:57.191 0 0 W : [0 T1046 ..] [SP FRAME RX] arp req,vif_idx:0 sender:[92:c8:7a:73:1d:bb 192.168.3.34]receiver:[00:00:00:00:00:00 192.168.3.75]
06-24 13:41:57.192 0 0 W : [0 T1046 ..] [SP FRAME TX] arp rsp,vif_idx:0 sender:[1c:79:2d:20:62:cb 192.168.3.75]receiver:[92:c8:7a:73:1d:bb 192.168.3.34]
06-24 13:41:57.194 0 0 W : [0 T0 .s] [SP FRAME TX] arp req,vif_idx:0 sender:[1c:79:2d:20:62:cb 192.168.3.75]receiver:[00:00:00:00:00:00 192.168.3.34]
06-24 13:41:57.209 0 0 W : [0 T1046 ..] [SP FRAME RX] arp rsp,vif_idx:0 sender:[92:c8:7a:73:1d:bb 192.168.3.34]receiver:[1c:79:2d:20:62:cb 192.168.3.75]
06-24 13:42:00.852 0 0 W : [2 T1046 ..] [SP FRAME RX] DHCP[0 1], vif_idx:0
06-24 13:42:01.851 0 0 W : [2 T1046 ..] [SP FRAME RX] DHCP[0 1], vif_idx:0
06-24 13:42:02.354 0 0 D [3 T5507 ..] [amlv4l]: [123]: Post event: eos
06-24 13:42:02.355 0 0 I [1 T5508 ..] [amlv4l]: [123]: reset mode: 1, es frames buffering: 0
06-24 13:42:02.357 0 0 I [1 T5508 ..] [amlv4l]: [123]: reset mode: 1, es frames buffering: 0
06-24 13:42:02.439 0 0 I [0 T5508 ..] dp_buf: [0:123]q_checkin ref dec fail
06-24 13:42:03.902 0 0 W : [2 T1046 ..] [SP FRAME RX] DHCP[0 1], vif_idx:0
06-24 13:42:07.891 0 0 W : [2 T1046 ..] [SP FRAME RX] DHCP[0 1], vif_idx:0
06-24 13:42:09.994 0 0 W : [2 T0 .s] [SP FRAME TX] arp req,vif_idx:0 sender:[1c:79:2d:20:62:cb 192.168.3.75]receiver:[00:00:00:00:00:00 192.168.3.190]
06-24 13:42:10.012 0 0 W : [0 T1046 ..] [SP FRAME RX] arp rsp,vif_idx:0 sender:[12:2c:8d:45:1c:5f 192.168.3.190]receiver:[1c:79:2d:20:62:cb 192.168.3.75]
06-24 13:42:10.258 0 0 W : [0 T1046 ..] [SP FRAME RX] arp req,vif_idx:0 sender:[12:2c:8d:45:1c:5f 192.168.3.190]receiver:[00:00:00:00:00:00 192.168.3.75]
06-24 13:42:10.259 0 0 W : [0 T1046 ..] [SP FRAME TX] arp rsp,vif_idx:0 sender:[1c:79:2d:20:62:cb 192.168.3.75]receiver:[12:2c:8d:45:1c:5f 192.168.3.190]
06-24 13:42:15.876 0 0 W : [0 T1046 ..] [SP FRAME RX] DHCP[0 1], vif_idx:0
06-24 13:42:16.829 0 0 D [3 T5507 ..] [amlv4l]: [123]: Post event: eos
06-24 13:42:16.831 0 0 I [2 T5508 ..] [amlv4l]: [123]: reset mode: 1, es frames buffering: 0
06-24 13:42:16.834 0 0 I [2 T5508 ..] [amlv4l]: [123]: reset mode: 1, es frames buffering: 0
06-24 13:42:16.985 0 0 I [0 T5508 ..] dp_buf: [0:123]q_checkin ref dec fail
06-24 13:42:18.779 0 0 W : [3 T1046 ..] [SP FRAME RX] DHCP[0 1], vif_idx:0
06-24 13:42:19.776 0 0 W : [3 T1046 ..] [SP FRAME RX] DHCP[0 1], vif_idx:0
06-24 13:42:21.715 0 0 W : [3 T1046 ..] [SP FRAME RX] DHCP[0 1], vif_idx:0
06-24 13:42:22.282 0 0 W : [2 T0 .s] [SP FRAME TX] arp req,vif_idx:0 sender:[1c:79:2d:20:62:cb 192.168.3.75]receiver:[00:00:00:00:00:00 192.168.3.157]
06-24 13:42:22.374 0 0 W : [3 T1046 ..] [SP FRAME RX] arp rsp,vif_idx:0 sender:[50:ba:02:e7:1e:de 192.168.3.157]receiver:[1c:79:2d:20:62:cb 192.168.3.75]
06-24 13:42:25.811 0 0 W : [3 T1046 ..] [SP FRAME RX] DHCP[0 1], vif_idx:0
06-24 13:42:28.983 0 0 W : [3 T1046 ..] [SP FRAME RX] DHCP[0 1], vif_idx:0
06-24 13:42:31.291 0 0 D [3 T5507 ..] [amlv4l]: [123]: Post event: eos
06-24 13:42:31.292 0 0 I [1 T5508 ..] [amlv4l]: [123]: reset mode: 1, es frames buffering: 0
06-24 13:42:31.294 0 0 I [3 T5508 ..] [amlv4l]: [123]: reset mode: 1, es frames buffering: 0
06-24 13:42:31.296 0 0 I [3 T5508 ..] dp_buf: [0:123]q_checkin ref dec fail
06-24 13:42:31.297 0 0 I [3 T5508 ..] dp_buf: [0:123]ref_dec, last instance qbuf, no recycle 6, 7
06-24 13:42:31.353 0 0 I [1 T5508 ..] [amlv4l]: [123]: reset mode: 1, es frames buffering: 0
06-24 13:42:31.354 0 0 I [1 T5508 ..] [amlv4l]: [123]: reset mode: 1, es frames buffering: 0
06-24 13:42:31.364 0 0 I [0 T5508 ..] dp_buf: [0:123]q_checkin ref dec fail
06-24 13:42:31.364 0 0 I [0 T5508 ..] dp_buf: [0:123]q_checkin ref dec fail
06-24 13:42:31.365 0 0 I [0 T5508 ..] dp_buf: [0:123]q_checkin second:7 8
06-24 13:42:31.365 0 0 I [0 T5508 ..] dp_buf: [0:123]q_checkin ref dec fail
06-24 13:42:31.366 0 0 I [0 T5508 ..] dp_buf: [0:123]q_checkin ref dec fail
06-24 13:42:31.367 0 0 I [0 T5508 ..] dp_buf: [0:123]q_checkin ref dec fail
06-24 13:42:31.367 0 0 I [0 T5508 ..] dp_buf: [0:123]q_checkin ref dec fail
06-24 13:42:31.370 0 0 I [0 T5508 ..] dp_buf: [0:123]q_checkin ref dec fail
06-24 13:42:31.850 0 0 W : [3 T1046 ..] [SP FRAME RX] DHCP[0 1], vif_idx:0
06-24 13:42:32.522 0 0 W : [3 T0 .s] [SP FRAME TX] arp req,vif_idx:0 sender:[1c:79:2d:20:62:cb 192.168.3.75]receiver:[00:00:00:00:00:00 192.168.3.65]
06-24 13:42:32.527 0 0 W : [3 T1046 ..] [SP FRAME RX] arp rsp,vif_idx:0 sender:[b6:9c:70:ec:40:e7 192.168.3.65]receiver:[1c:79:2d:20:62:cb 192.168.3.75]
06-24 13:42:33.925 0 0 W : [1 T1046 ..] [SP FRAME RX] DHCP[0 1], vif_idx:0
06-24 13:42:39.154 0 0 W : [0 T1046 ..] [SP FRAME RX] arp req,vif_idx:0 sender:[92:c8:7a:73:1d:bb 192.168.3.34]receiver:[00:00:00:00:00:00 192.168.3.75]
06-24 13:42:39.155 0 0 W : [0 T1046 ..] [SP FRAME TX] arp rsp,vif_idx:0 sender:[1c:79:2d:20:62:cb 192.168.3.75]receiver:[92:c8:7a:73:1d:bb 192.168.3.34]
06-24 13:42:39.178 0 0 W : [3 T0 .s] [SP FRAME TX] arp req,vif_idx:0 sender:[1c:79:2d:20:62:cb 192.168.3.75]receiver:[00:00:00:00:00:00 192.168.3.34]
06-24 13:42:39.190 0 0 W : [0 T1046 ..] [SP FRAME RX] arp rsp,vif_idx:0 sender:[92:c8:7a:73:1d:bb 192.168.3.34]receiver:[1c:79:2d:20:62:cb 192.168.3.75]
06-24 13:42:44.042 0 0 W : [0 T27270 ..] [aml_send_sync_trace 4388] sync token[63878]
06-24 13:42:44.042 0 0 W : [0 T27270 ..] >>> aml_send_msg()
06-24 13:42:44.043 0 0 W : [2 T1041 ..] ipc_sdio_host_msgack_handler 000000009156183c
06-24 13:42:44.044 0 0 W : [2 T1041 ..] [aml_msgackind 2039] msg ack hostid=0xffffff8065005e80
06-24 13:42:44.045 0 0 W : [2 T1041 ..] [cmd_mgr_llind 329] cmd tkn[220] flags:0008 result: -4 cmd: 105-MM_SYNC_TRACE - reqcfm( 0-none)
06-24 13:42:44.046 0 0 W : [2 T1041 ..] [cmd_complete 65] cmd tkn[220] flags:0000 result: -4 cmd: 105-MM_SYNC_TRACE - reqcfm( 0-none)
06-24 13:42:45.697 0 0 D [2 T5507 ..] [amlv4l]: [123]: Post event: eos
06-24 13:42:45.699 0 0 I [0 T5508 ..] [amlv4l]: [123]: reset mode: 1, es frames buffering: 0
06-24 13:42:45.701 0 0 I [0 T5508 ..] [amlv4l]: [123]: reset mode: 1, es frames buffering: 0
06-24 13:42:45.713 0 0 I [3 T108 ..] dp_buf: [0:123]ref_dec, last instance qbuf, no recycle 8, 9
06-24 13:42:45.745 0 0 I [2 T5508 ..] dp_buf: [0:123]q_checkin ref dec fail
06-24 13:42:45.746 0 0 I [2 T5508 ..] dp_buf: [0:123]q_checkin ref dec fail
06-24 13:42:45.746 0 0 I [2 T5508 ..] dp_buf: [0:123]q_checkin ref dec fail
06-24 13:42:45.747 0 0 I [2 T5508 ..] dp_buf: [0:123]q_checkin ref dec fail
06-24 13:42:45.748 0 0 I [2 T5508 ..] dp_buf: [0:123]q_checkin ref dec fail
06-24 13:42:45.749 0 0 I [2 T5508 ..] dp_buf: [0:123]q_checkin ref dec fail
06-24 13:42:45.749 0 0 I [2 T5508 ..] dp_buf: [0:123]q_checkin ref dec fail
06-24 13:42:49.771 0 0 W : [0 T1046 ..] [SP FRAME RX] DHCP[0 1], vif_idx:0
06-24 13:42:53.126 0 0 W : [2 T1046 ..] [SP FRAME RX] arp req,vif_idx:0 sender:[b6:9c:70:ec:40:e7 192.168.3.65]receiver:[00:00:00:00:00:00 192.168.3.75]
06-24 13:42:53.127 0 0 W : [2 T1046 ..] [SP FRAME TX] arp rsp,vif_idx:0 sender:[1c:79:2d:20:62:cb 192.168.3.75]receiver:[b6:9c:70:ec:40:e7 192.168.3.65]
06-24 13:42:53.178 0 0 W : [2 T1046 ..] [SP FRAME RX] arp req,vif_idx:0 sender:[68:39:43:80:0a:5c 192.168.3.209]receiver:[00:00:00:00:00:00 192.168.3.75]
06-24 13:42:53.179 0 0 W : [2 T1046 ..] [SP FRAME TX] arp rsp,vif_idx:0 sender:[1c:79:2d:20:62:cb 192.168.3.75]receiver:[68:39:43:80:0a:5c 192.168.3.209]
06-24 13:42:53.208 0 0 W : [2 T1046 ..] [SP FRAME RX] arp req,vif_idx:0 sender:[20:57:9e:67:7f:db 192.168.3.98]receiver:[00:00:00:00:00:00 192.168.3.75]
06-24 13:42:53.209 0 0 W : [2 T1046 ..] [SP FRAME TX] arp rsp,vif_idx:0 sender:[1c:79:2d:20:62:cb 192.168.3.75]receiver:[20:57:9e:67:7f:db 192.168.3.98]
06-24 13:42:53.303 0 0 W : [2 T1046 ..] [SP FRAME RX] arp req,vif_idx:0 sender:[b6:86:f8:35:d4:28 192.168.3.36]receiver:[00:00:00:00:00:00 192.168.3.75]
06-24 13:42:53.304 0 0 W : [2 T1046 ..] [SP FRAME TX] arp rsp,vif_idx:0 sender:[1c:79:2d:20:62:cb 192.168.3.75]receiver:[b6:86:f8:35:d4:28 192.168.3.36]
06-24 13:42:53.319 0 0 W : [2 T1046 ..] [SP FRAME RX] arp req,vif_idx:0 sender:[0c:91:60:12:cd:6e 192.168.3.81]receiver:[00:00:00:00:00:00 192.168.3.75]
06-24 13:42:53.320 0 0 W : [2 T1046 ..] [SP FRAME TX] arp rsp,vif_idx:0 sender:[1c:79:2d:20:62:cb 192.168.3.75]receiver:[0c:91:60:12:cd:6e 192.168.3.81]
06-24 13:42:53.415 0 0 W : [0 T1046 ..] [SP FRAME RX] arp req,vif_idx:0 sender:[da:b8:33:f6:93:fe 192.168.3.89]receiver:[00:00:00:00:00:00 192.168.3.75]
06-24 13:42:53.416 0 0 W : [0 T1046 ..] [SP FRAME TX] arp rsp,vif_idx:0 sender:[1c:79:2d:20:62:cb 192.168.3.75]receiver:[da:b8:33:f6:93:fe 192.168.3.89]
06-24 13:42:53.625 0 0 W : [2 T1046 ..] [SP FRAME RX] arp req,vif_idx:0 sender:[9a:86:f7:27:5c:25 192.168.3.169]receiver:[00:00:00:00:00:00 192.168.3.75]
06-24 13:42:53.626 0 0 W : [2 T1046 ..] [SP FRAME TX] arp rsp,vif_idx:0 sender:[1c:79:2d:20:62:cb 192.168.3.75]receiver:[9a:86:f7:27:5c:25 192.168.3.169]
06-24 13:42:53.922 0 0 W : [0 T1046 ..] [SP FRAME RX] arp req,vif_idx:0 sender:[0c:91:60:12:cd:fc 192.168.3.171]receiver:[00:00:00:00:00:00 192.168.3.75]
06-24 13:42:53.923 0 0 W : [0 T1046 ..] [SP FRAME TX] arp rsp,vif_idx:0 sender:[1c:79:2d:20:62:cb 192.168.3.75]receiver:[0c:91:60:12:cd:fc 192.168.3.171]
06-24 13:42:53.987 0 0 W : [3 T1046 ..] [SP FRAME RX] arp req,vif_idx:0 sender:[e2:04:f6:d8:62:00 192.168.3.194]receiver:[00:00:00:00:00:00 192.168.3.75]
06-24 13:42:53.988 0 0 W : [3 T1046 ..] [SP FRAME TX] arp rsp,vif_idx:0 sender:[1c:79:2d:20:62:cb 192.168.3.75]receiver:[e2:04:f6:d8:62:00 192.168.3.194]
06-24 13:42:54.043 0 0 W : [3 T1046 ..] [SP FRAME RX] arp req,vif_idx:0 sender:[28:7b:11:70:4f:bd 192.168.3.156]receiver:[00:00:00:00:00:00 192.168.3.75]
06-24 13:42:54.044 0 0 W : [3 T1046 ..] [SP FRAME TX] arp rsp,vif_idx:0 sender:[1c:79:2d:20:62:cb 192.168.3.75]receiver:[28:7b:11:70:4f:bd 192.168.3.156]
06-24 13:42:54.068 0 0 W : [1 T1046 ..] [SP FRAME RX] arp req,vif_idx:0 sender:[28:7b:11:70:4f:a5 192.168.3.155]receiver:[00:00:00:00:00:00 192.168.3.75]
06-24 13:42:54.070 0 0 W : [1 T1046 ..] [SP FRAME TX] arp rsp,vif_idx:0 sender:[1c:79:2d:20:62:cb 192.168.3.75]receiver:[28:7b:11:70:4f:a5 192.168.3.155]
06-24 13:42:54.076 0 0 W : [1 T1046 ..] [SP FRAME RX] arp req,vif_idx:0 sender:[28:7b:11:70:51:1f 192.168.3.44]receiver:[00:00:00:00:00:00 192.168.3.75]
06-24 13:42:54.077 0 0 W : [1 T1046 ..] [SP FRAME TX] arp rsp,vif_idx:0 sender:[1c:79:2d:20:62:cb 192.168.3.75]receiver:[28:7b:11:70:51:1f 192.168.3.44]
06-24 13:42:54.084 0 0 W : [1 T1046 ..] [SP FRAME RX] arp req,vif_idx:0 sender:[d2:07:9a:6e:a7:36 192.168.3.27]receiver:[00:00:00:00:00:00 192.168.3.75]
06-24 13:42:54.085 0 0 W : [1 T1046 ..] [SP FRAME TX] arp rsp,vif_idx:0 sender:[1c:79:2d:20:62:cb 192.168.3.75]receiver:[d2:07:9a:6e:a7:36 192.168.3.27]
06-24 13:42:54.205 0 0 W : [1 T1046 ..] [SP FRAME RX] arp req,vif_idx:0 sender:[0c:91:60:12:cd:8c 192.168.3.70]receiver:[00:00:00:00:00:00 192.168.3.75]
06-24 13:42:54.206 0 0 W : [1 T1046 ..] [SP FRAME TX] arp rsp,vif_idx:0 sender:[1c:79:2d:20:62:cb 192.168.3.75]receiver:[0c:91:60:12:cd:8c 192.168.3.70]
06-24 13:42:54.307 0 0 W : [0 T1046 ..] [SP FRAME RX] arp req,vif_idx:0 sender:[02:d1:be:fb:0a:d7 192.168.3.130]receiver:[00:00:00:00:00:00 192.168.3.75]
06-24 13:42:54.308 0 0 W : [0 T1046 ..] [SP FRAME TX] arp rsp,vif_idx:0 sender:[1c:79:2d:20:62:cb 192.168.3.75]receiver:[02:d1:be:fb:0a:d7 192.168.3.130]
06-24 13:42:54.310 0 0 W : [0 T1046 ..] [SP FRAME RX] arp req,vif_idx:0 sender:[16:8e:6e:17:dc:41 192.168.3.176]receiver:[00:00:00:00:00:00 192.168.3.75]
06-24 13:42:54.311 0 0 W : [0 T1046 ..] [SP FRAME TX] arp rsp,vif_idx:0 sender:[1c:79:2d:20:62:cb 192.168.3.75]receiver:[16:8e:6e:17:dc:41 192.168.3.176]
06-24 13:43:00.107 0 0 D [2 T5507 ..] [amlv4l]: [123]: Post event: eos
06-24 13:43:00.109 0 0 I [1 T5508 ..] [amlv4l]: [123]: reset mode: 1, es frames buffering: 0
06-24 13:43:00.111 0 0 I [1 T5508 ..] [amlv4l]: [123]: reset mode: 1, es frames buffering: 0
06-24 13:43:00.229 0 0 I [2 T5508 ..] dp_buf: [0:123]q_checkin ref dec fail
06-24 13:43:00.231 0 0 I [2 T5508 ..] dp_buf: [0:123]q_checkin ref dec fail
06-24 13:43:01.194 0 0 W : [2 T0 .s] [SP FRAME TX] arp req,vif_idx:0 sender:[1c:79:2d:20:62:cb 192.168.3.75]receiver:[00:00:00:00:00:00 192.168.3.157]
06-24 13:43:01.202 0 0 W : [0 T1046 ..] [SP FRAME RX] arp req,vif_idx:0 sender:[10:b2:32:39:59:ba 192.168.3.57]receiver:[00:00:00:00:00:00 192.168.3.75]
06-24 13:43:01.203 0 0 W : [0 T1046 ..] [SP FRAME TX] arp rsp,vif_idx:0 sender:[1c:79:2d:20:62:cb 192.168.3.75]receiver:[10:b2:32:39:59:ba 192.168.3.57]
06-24 13:43:01.440 0 0 W : [0 T1046 ..] [SP FRAME RX] arp rsp,vif_idx:0 sender:[50:ba:02:e7:1e:de 192.168.3.157]receiver:[1c:79:2d:20:62:cb 192.168.3.75]
06-24 13:43:02.149 0 0 W : [0 T1046 ..] [SP FRAME RX] arp req,vif_idx:0 sender:[10:b2:32:39:59:ba 192.168.3.57]receiver:[00:00:00:00:00:00 192.168.3.75]
06-24 13:43:02.150 0 0 W : [0 T1046 ..] [SP FRAME TX] arp rsp,vif_idx:0 sender:[1c:79:2d:20:62:cb 192.168.3.75]receiver:[10:b2:32:39:59:ba 192.168.3.57]
06-24 13:43:03.181 0 0 W : [1 T1046 ..] [SP FRAME RX] arp req,vif_idx:0 sender:[10:b2:32:39:59:ba 192.168.3.57]receiver:[00:00:00:00:00:00 192.168.3.75]
06-24 13:43:03.182 0 0 W : [1 T1046 ..] [SP FRAME TX] arp rsp,vif_idx:0 sender:[1c:79:2d:20:62:cb 192.168.3.75]receiver:[10:b2:32:39:59:ba 192.168.3.57]
06-24 13:43:06.357 0 0 W : [2 T1041 ..] traffic busy!!
06-24 13:43:14.667 0 0 D [2 T5507 ..] [amlv4l]: [123]: Post event: eos
06-24 13:43:14.668 0 0 I [2 T5508 ..] [amlv4l]: [123]: reset mode: 1, es frames buffering: 0
06-24 13:43:14.670 0 0 I [2 T5508 ..] [amlv4l]: [123]: reset mode: 1, es frames buffering: 0
06-24 13:43:15.141 0 0 I [3 T5508 ..] [amlv4l]: [123]: reset mode: 1, es frames buffering: 0
06-24 13:43:15.143 0 0 I [3 T5508 ..] [amlv4l]: [123]: reset mode: 1, es frames buffering: 0
06-24 13:43:15.156 0 0 I [1 T5502 ..] [amlv4l]: [123]: reset mode: 1, es frames buffering: 0
06-24 13:43:15.159 0 0 D [1 T5502 ..] [amlcom]: vdec_release instance 000000009302dcee, total 1
06-24 13:43:15.160 0 0 I [0 T5502 ..] [amlcom]: dos_local_config end, id 0, is_on 0
06-24 13:43:15.160 0 0 D [0 T5502 ..] [media_clock]: the clk_vdec_mux clock off, ref cnt: 0
06-24 13:43:15.160 0 0 I : [0 T5502 ..] deinit session
06-24 13:43:15.161 0 0 I : [0 T5502 ..] deinit session producer-2
06-24 13:43:15.161 0 0 I : [0 T5502 ..] deinit has_unusing_fifo [1]
06-24 13:43:15.162 0 0 I : [0 T98 ..] p_fifo[2] name[aml-vcodec-dec] state[0] to MP_FIFO_UNUSED
06-24 13:43:15.619 685 13323 I PowerManagerService: Allowing device wake-up without android.permission.TURN_SCREEN_ON for cn.cibntv.ott
06-24 13:43:15.672 0 0 E : [1 T5979 ..] mediaproxy produce init [aml-vcodec-dec]
06-24 13:43:15.672 0 0 I : [1 T5979 ..] Mediaproxy is opened name[aml-vcodec-dec]\n
06-24 13:43:15.672 0 0 I : [1 T5979 ..] Mediaproxy is opened name[aml-vcodec-dec] end\n
06-24 13:43:15.673 0 0 E : [1 T5979 ..] mediaproxy produce start connect
06-24 13:43:15.674 0 0 I : [1 T5979 ..] find p kfifo size:[32][2]
06-24 13:43:15.675 0 0 I : [1 T5979 ..] mediaproxy_get_fifo get idx[2]
06-24 13:43:15.675 0 0 I : [1 T5979 ..] Session producer-2 is connected fifo idx [2]
06-24 13:43:15.676 0 0 E : [1 T5979 ..] mediaproxy produce connect [2]
06-24 13:43:15.677 0 0 I : [1 T5979 ..] mediaproxy produce msg type :0x40 module_name:aml-vcodec-dec
06-24 13:43:15.705 0 0 I : [0 T5979 ..] deinit session
06-24 13:43:15.706 0 0 I : [0 T5979 ..] deinit session producer-2
06-24 13:43:15.706 0 0 I : [0 T5979 ..] deinit has_unusing_fifo [1]
06-24 13:43:15.707 0 0 I : [1 T98 ..] p_fifo[2] name[aml-vcodec-dec] state[0] to MP_FIFO_UNUSED
06-24 13:43:15.711 0 0 E : [1 T5979 ..] mediaproxy produce init [aml-vcodec-dec]
06-24 13:43:15.711 0 0 I : [1 T5979 ..] Mediaproxy is opened name[aml-vcodec-dec]\n
06-24 13:43:15.711 0 0 I : [1 T5979 ..] Mediaproxy is opened name[aml-vcodec-dec] end\n
06-24 13:43:15.712 0 0 E : [1 T5979 ..] mediaproxy produce start connect
06-24 13:43:15.713 0 0 I : [1 T5979 ..] find p kfifo size:[32][2]
06-24 13:43:15.719 0 0 I : [1 T5979 ..] mediaproxy_get_fifo get idx[2]
06-24 13:43:15.719 0 0 I : [1 T5979 ..] Session producer-2 is connected fifo idx [2]
06-24 13:43:15.719 0 0 E : [1 T5979 ..] mediaproxy produce connect [2]
06-24 13:43:15.720 0 0 I : [1 T5979 ..] mediaproxy produce msg type :0x40 module_name:aml-vcodec-dec
06-24 13:43:15.767 0 0 I : [0 T5979 ..] deinit session
06-24 13:43:15.767 0 0 I : [0 T5979 ..] deinit session producer-2
06-24 13:43:15.767 0 0 I : [0 T5979 ..] deinit has_unusing_fifo [1]
06-24 13:43:15.768 0 0 I : [2 T98 ..] p_fifo[2] name[aml-vcodec-dec] state[0] to MP_FIFO_UNUSED
06-24 13:43:15.770 0 0 I : [2 T5979 ..] codec mem info:
06-24 13:43:15.772 0 0 I : [2 T5979 ..] total codec mem size:364 MB
06-24 13:43:15.773 0 0 I : [2 T5979 ..] alloced size= 2 MB
06-24 13:43:15.773 0 0 I : [2 T5979 ..] max alloced: 119 MB
06-24 13:43:15.774 0 0 I [2 T5979 ..] CMA: 2,RES:0,TVP:0,SYS:0,COHER:0,VMAPED:0 MB
06-24 13:43:15.776 0 0 I [2 T5979 ..] RES_EXT: 0 MB
06-24 13:43:15.776 0 0 I : [2 T5979 ..] [4]CMA size:364 MB:alloced: 2 MB,free:361 MB
06-24 13:43:15.777 0 0 I [2 T5979 d.] [810].0: CODEC_MM_DMA_BUF.0,addr=0xd07a2000,size=1474560,from=4,cnt=1,flags=1,used:116968 ms
06-24 13:43:15.777 0 0 I [2 T5979 d.] [811].0: CODEC_MM_DMA_BUF.0,addr=0xd063a000,size=1474560,from=4,cnt=1,flags=1,used:116688 ms
06-24 13:43:15.778 0 0 I : [2 T5979 ..] codec mem info:
06-24 13:43:15.780 0 0 I : [2 T5979 ..] total codec mem size:364 MB
06-24 13:43:15.781 0 0 I : [2 T5979 ..] alloced size= 2 MB
06-24 13:43:15.781 0 0 I : [2 T5979 ..] max alloced: 119 MB
06-24 13:43:15.782 0 0 I [2 T5979 ..] CMA: 2,RES:0,TVP:0,SYS:0,COHER:0,VMAPED:0 MB
06-24 13:43:15.783 0 0 I [2 T5979 ..] RES_EXT: 0 MB
06-24 13:43:15.783 0 0 I : [2 T5979 ..] [4]CMA size:364 MB:alloced: 2 MB,free:361 MB
06-24 13:43:15.784 0 0 I [2 T5979 d.] [810].0: CODEC_MM_DMA_BUF.0,addr=0xd07a2000,size=1474560,from=4,cnt=1,flags=1,used:116976 ms
06-24 13:43:15.784 0 0 I [2 T5979 d.] [811].0: CODEC_MM_DMA_BUF.0,addr=0xd063a000,size=1474560,from=4,cnt=1,flags=1,used:116696 ms
06-24 13:43:15.786 0 0 E : [0 T6003 ..] mediaproxy produce init [aml-vcodec-dec]
06-24 13:43:15.788 0 0 I : [0 T6003 ..] Mediaproxy is opened name[aml-vcodec-dec]\n
06-24 13:43:15.788 0 0 I : [0 T6003 ..] Mediaproxy is opened name[aml-vcodec-dec] end\n
06-24 13:43:15.788 0 0 E : [0 T6003 ..] mediaproxy produce start connect
06-24 13:43:15.790 0 0 I : [0 T6003 ..] find p kfifo size:[32][2]
06-24 13:43:15.790 0 0 I : [0 T6003 ..] mediaproxy_get_fifo get idx[2]
06-24 13:43:15.791 0 0 I : [0 T6003 ..] Session producer-2 is connected fifo idx [2]
06-24 13:43:15.794 0 0 E : [0 T6003 ..] mediaproxy produce connect [2]
06-24 13:43:15.795 0 0 I : [0 T6003 ..] mediaproxy produce msg type :0x40 module_name:aml-vcodec-dec
06-24 13:43:15.800 0 0 I : [1 T6003 ..] deinit session
06-24 13:43:15.800 0 0 I : [1 T6003 ..] deinit session producer-2
06-24 13:43:15.801 0 0 I : [1 T6003 ..] deinit has_unusing_fifo [1]
06-24 13:43:15.802 0 0 I : [0 T98 ..] p_fifo[2] name[aml-vcodec-dec] state[0] to MP_FIFO_UNUSED
06-24 13:43:15.804 0 0 E : [3 T6003 ..] mediaproxy produce init [aml-vcodec-dec]
06-24 13:43:15.804 0 0 I : [3 T6003 ..] Mediaproxy is opened name[aml-vcodec-dec]\n
06-24 13:43:15.804 0 0 I : [3 T6003 ..] Mediaproxy is opened name[aml-vcodec-dec] end\n
06-24 13:43:15.805 0 0 E : [3 T6003 ..] mediaproxy produce start connect
06-24 13:43:15.807 0 0 I : [3 T6003 ..] find p kfifo size:[32][2]
06-24 13:43:15.807 0 0 I : [3 T6003 ..] mediaproxy_get_fifo get idx[2]
06-24 13:43:15.808 0 0 I : [3 T6003 ..] Session producer-2 is connected fifo idx [2]
06-24 13:43:15.808 0 0 E : [3 T6003 ..] mediaproxy produce connect [2]
06-24 13:43:15.808 0 0 I : [3 T6003 ..] mediaproxy produce msg type :0x40 module_name:aml-vcodec-dec
06-24 13:43:15.857 0 0 W [0 T5955 ..] audit: audit_lost=2893 audit_rate_limit=5 audit_backlog_limit=64
06-24 13:43:15.860 0 0 E [0 T5955 ..] audit: rate limit exceeded
06-24 13:43:15.873 0 0 I [0 T6003 ..] [amlv4l]: [127]: DW:10, TW:0, Margin:6
06-24 13:43:15.874 0 0 D [2 T6009 ..] [amlcom]: vdec_create instance 00000000a6da43c0, total 1, PM: power-domain
06-24 13:43:15.874 0 0 D [2 T6009 ..] [media_clock]: vdec mux clock is 799999988 Hz
06-24 13:43:15.875 0 0 I [0 T6009 ..] [amlcom]: dos_local_config end, id 0, is_on 1
06-24 13:43:15.875 0 0 I [0 T6009 ..] [amlcom]: vdec_init, dev_name:ammvdec_h264_v4l, vdec_type=VDEC_TYPE_FRAME_BLOCK, format: 2, total: 1
06-24 13:43:15.880 0 0 D [0 T6009 ..] [h264]: 0: pdata->config=parm_v4l_codec_enable:1;mh264_double_write_mode:16;parm_v4l_buffer_margin:6;parm_v4l_canvas_mem_mode:0;parm_v4l_canvas_mem_endian:0;parm_v4l_low_latency_mode:0;parm_v4l_metadata_config_flag:1050626;parm_v4l_duration:0;parm_v4l_error_handle_info:0;
06-24 13:43:15.880 0 0 D [0 T6009 ..] [h264]: 0: ammvdec_h264_probe error_proc_policy 0x813fcff7 mb_count_threshold 0
06-24 13:43:15.880 0 0 D [0 T6009 ..] [h264]: ammvdec_h264_bmmu_init tvp = 0x0
06-24 13:43:15.888 0 0 D [0 T6009 ..] [media_clock]: vdec mux clock is 799999988 Hz
06-24 13:43:15.890 0 0 D [1 T6009 ..] [h264]: vh264_init, phy_addr=cee29000 vaddr=0000000035f66b4b
06-24 13:43:15.900 0 0 I [2 T5979 ..] [amlv4l]: [127]: set vf duration: c80
06-24 13:43:15.953 0 0 D [1 T27270 ..] [h264]: 0: vmh264_get_ps_info mmu_enable 0 double_write_mode 0x10
06-24 13:43:15.953 0 0 I [1 T27270 ..] [amlv4l]: [127]: Parse from ucode, visible(1280 x 536), coded(1280 x 576), scan:P, bitdepth(0), dw(10)
06-24 13:43:15.964 0 0 I [0 T6009 ..] [amlv4l]: [127]: Picture buffer count: dec:7, vpp:0, ge2d:0, margin:6, total:13
06-24 13:43:15.964 0 0 D [0 T6009 ..] [amlv4l]: [127]: Post event: res chg
06-24 13:43:15.983 0 0 D [2 T27270 ..] [h264]: 0: restriction_flag=0, max_dec_frame_buffering=6, dec_dpb_size=7 num_reorder_frames 4 used_reorder_dpb_size_margin 6
06-24 13:43:15.987 0 0 D [0 T239 ..] [h264]: 0: decoder duration change old: 0 new: 1920
06-24 13:43:16.413 0 0 I [2 T314 ..] dim: pq i:rm 0x1000
06-24 13:43:16.414 0 0 I [2 T314 ..] dim: pq i:rm 0x2000
06-24 13:43:16.419 0 0 I [2 T314 ..] dim: pq i:rm 0x200
06-24 13:43:16.421 0 0 I [2 T314 ..] dim: pq i:rm 0x800
06-24 13:43:16.528 0 0 I [2 T360 ..] dp_buf: [0:123]di buf_mgr free
06-24 13:43:18.346 0 0 W : [1 T0 .s] [SP FRAME TX] arp req,vif_idx:0 sender:[1c:79:2d:20:62:cb 192.168.3.75]receiver:[00:00:00:00:00:00 192.168.3.157]
06-24 13:43:18.356 0 0 W : [0 T1046 ..] [SP FRAME RX] arp rsp,vif_idx:0 sender:[50:ba:02:e7:1e:de 192.168.3.157]receiver:[1c:79:2d:20:62:cb 192.168.3.75]
06-24 13:43:21.822 0 0 W : [2 T1046 ..] [SP FRAME RX] DHCP[0 1], vif_idx:0
06-24 13:43:22.397 685 952 W WindowManager: [addWindow] title:cn.cibntv.ott/com.youku.tv.home.activity.HomeActivity
06-24 13:43:22.411 685 952 D CoreBackPreview: Window{d8fcd13 u0 cn.cibntv.ott/com.youku.tv.home.activity.HomeActivity}: Setting back callback OnBackInvokedCallbackInfo{mCallback=android.window.IOnBackInvokedCallback$Stub$Proxy@13aa149, mPriority=0, mIsAnimationCallback=false}
06-24 13:43:22.500 685 709 W ContextImpl: Calling a method in the system process without a qualified user: android.app.ContextImpl.startService:1899 com.android.server.wm.DisplayPolicy.lambda$focusChangedLw$5:2126 com.android.server.wm.DisplayPolicy.$r8$lambda$Znxk63oh-WzVnzo_WQefN7uxV48:0 com.android.server.wm.DisplayPolicy$$ExternalSyntheticLambda13.run:0 android.os.Handler.handleCallback:958
06-24 13:43:22.515 1407 1731 W ContextImpl: Calling a method in the system process without a qualified user: android.app.ContextImpl.sendBroadcast:1220 android.content.ContextWrapper.sendBroadcast:504 com.dangbei.etna.setting.core.SettingHelper.sendCycleToProjector:257 com.dangbei.etna.setting.core.SettingHelper.sendCycleCheckBroadcast:226 com.dangbei.etna.setting.core.SettingHelper.startLoop$lambda-0:185
06-24 13:43:22.516 1407 1731 W ContextImpl: Calling a method in the system process without a qualified user: android.app.ContextImpl.sendBroadcast:1220 android.content.ContextWrapper.sendBroadcast:504 com.dangbei.etna.setting.core.SettingHelper.sendCycleToVoice:242 com.dangbei.etna.setting.core.SettingHelper.sendCycleCheckBroadcast:227 com.dangbei.etna.setting.core.SettingHelper.startLoop$lambda-0:185
06-24 13:43:27.601 0 0 D [2 T6008 ..] [amlv4l]: [127]: Post event: eos
06-24 13:43:27.602 0 0 I [0 T6009 ..] [amlv4l]: [127]: reset mode: 1, es frames buffering: 0
06-24 13:43:27.608 0 0 I [0 T6009 ..] [amlv4l]: [127]: reset mode: 1, es frames buffering: 0
06-24 13:43:27.610 0 0 I [0 T6009 ..] dp_buf: [0:127]q_checkin ref dec fail
06-24 13:43:27.611 0 0 I [0 T6009 ..] dp_buf: [0:127]ref_dec, last instance qbuf, no recycle 1, 2
06-24 13:43:27.613 0 0 I [3 T6009 ..] [amlv4l]: [127]: reset mode: 1, es frames buffering: 0
06-24 13:43:27.615 0 0 I [3 T6009 ..] [amlv4l]: [127]: reset mode: 1, es frames buffering: 0
06-24 13:43:27.626 0 0 I [0 T6009 ..] dp_buf: [0:127]q_checkin ref dec fail
06-24 13:43:27.626 0 0 I [0 T6009 ..] dp_buf: [0:127]q_checkin ref dec fail
06-24 13:43:27.627 0 0 I [0 T6009 ..] dp_buf: [0:127]q_checkin ref dec fail
06-24 13:43:27.628 0 0 I [0 T6009 ..] dp_buf: [0:127]q_checkin ref dec fail
06-24 13:43:27.629 0 0 I [0 T6009 ..] dp_buf: [0:127]q_checkin ref dec fail
06-24 13:43:27.629 0 0 I [0 T6009 ..] dp_buf: [0:127]q_checkin ref dec fail
06-24 13:43:27.630 0 0 I [0 T6009 ..] dp_buf: [0:127]q_checkin ref dec fail
06-24 13:43:27.631 0 0 I [0 T6009 ..] dp_buf: [0:127]q_checkin ref dec fail
06-24 13:43:28.040 0 0 I [2 T6009 ..] [amlv4l]: [127]: reset mode: 1, es frames buffering: 2
06-24 13:43:28.042 0 0 I [1 T6009 ..] [amlv4l]: [127]: reset mode: 1, es frames buffering: 0
06-24 13:43:28.055 0 0 I [3 T6003 ..] [amlv4l]: [127]: reset mode: 1, es frames buffering: 0
06-24 13:43:28.057 0 0 D [1 T6003 ..] [amlcom]: vdec_release instance 00000000a6da43c0, total 1
06-24 13:43:28.058 0 0 I [1 T6003 ..] [amlcom]: dos_local_config end, id 0, is_on 0
06-24 13:43:28.059 0 0 D [1 T6003 ..] [media_clock]: the clk_vdec_mux clock off, ref cnt: 0
06-24 13:43:28.059 0 0 I : [1 T6003 ..] deinit session
06-24 13:43:28.059 0 0 I : [1 T6003 ..] deinit session producer-2
06-24 13:43:28.060 0 0 I : [1 T6003 ..] deinit has_unusing_fifo [1]
06-24 13:43:28.060 0 0 I : [0 T98 ..] p_fifo[2] name[aml-vcodec-dec] state[0] to MP_FIFO_UNUSED
06-24 13:43:28.139 685 13323 D CoreBackPreview: Window{d8fcd13 u0 cn.cibntv.ott/com.youku.tv.home.activity.HomeActivity}: Setting back callback null
06-24 13:43:28.160 685 711 V WindowManager: Unknown focus tokens, dropping reportFocusChanged
06-24 13:43:28.255 685 709 W ContextImpl: Calling a method in the system process without a qualified user: android.app.ContextImpl.startService:1899 com.android.server.wm.DisplayPolicy.lambda$focusChangedLw$5:2126 com.android.server.wm.DisplayPolicy.$r8$lambda$Znxk63oh-WzVnzo_WQefN7uxV48:0 com.android.server.wm.DisplayPolicy$$ExternalSyntheticLambda13.run:0 android.os.Handler.handleCallback:958
06-24 13:43:28.683 0 0 E : [3 T6167 ..] mediaproxy produce init [aml-vcodec-dec]
06-24 13:43:28.683 0 0 I : [3 T6167 ..] Mediaproxy is opened name[aml-vcodec-dec]\n
06-24 13:43:28.683 0 0 I : [3 T6167 ..] Mediaproxy is opened name[aml-vcodec-dec] end\n
06-24 13:43:28.684 0 0 E : [3 T6167 ..] mediaproxy produce start connect
06-24 13:43:28.685 0 0 I : [3 T6167 ..] find p kfifo size:[32][2]
06-24 13:43:28.686 0 0 I : [3 T6167 ..] mediaproxy_get_fifo get idx[2]
06-24 13:43:28.686 0 0 I : [3 T6167 ..] Session producer-2 is connected fifo idx [2]
06-24 13:43:28.687 0 0 E : [3 T6167 ..] mediaproxy produce connect [2]
06-24 13:43:28.688 0 0 I : [3 T6167 ..] mediaproxy produce msg type :0x40 module_name:aml-vcodec-dec
06-24 13:43:28.772 0 0 I : [0 T6167 ..] deinit session
06-24 13:43:28.772 0 0 I : [0 T6167 ..] deinit session producer-2
06-24 13:43:28.772 0 0 I : [0 T6167 ..] deinit has_unusing_fifo [1]
06-24 13:43:28.773 0 0 I : [0 T98 ..] p_fifo[2] name[aml-vcodec-dec] state[0] to MP_FIFO_UNUSED
06-24 13:43:28.776 0 0 E : [3 T6167 ..] mediaproxy produce init [aml-vcodec-dec]
06-24 13:43:28.776 0 0 I : [3 T6167 ..] Mediaproxy is opened name[aml-vcodec-dec]\n
06-24 13:43:28.776 0 0 I : [3 T6167 ..] Mediaproxy is opened name[aml-vcodec-dec] end\n
06-24 13:43:28.777 0 0 E : [3 T6167 ..] mediaproxy produce start connect
06-24 13:43:28.779 0 0 I : [3 T6167 ..] find p kfifo size:[32][2]
06-24 13:43:28.779 0 0 I : [3 T6167 ..] mediaproxy_get_fifo get idx[2]
06-24 13:43:28.780 0 0 I : [3 T6167 ..] Session producer-2 is connected fifo idx [2]
06-24 13:43:28.781 0 0 E : [3 T6167 ..] mediaproxy produce connect [2]
06-24 13:43:28.781 0 0 I : [3 T6167 ..] mediaproxy produce msg type :0x40 module_name:aml-vcodec-dec
06-24 13:43:28.813 0 0 I : [0 T6167 ..] deinit session
06-24 13:43:28.813 0 0 I : [0 T6167 ..] deinit session producer-2
06-24 13:43:28.813 0 0 I : [0 T6167 ..] deinit has_unusing_fifo [1]
06-24 13:43:28.814 0 0 I : [3 T98 ..] p_fifo[2] name[aml-vcodec-dec] state[0] to MP_FIFO_UNUSED
06-24 13:43:28.815 0 0 I : [1 T6167 ..] codec mem info:
06-24 13:43:28.815 0 0 I : [1 T6167 ..] total codec mem size:364 MB
06-24 13:43:28.816 0 0 I : [1 T6167 ..] alloced size= 1 MB
06-24 13:43:28.816 0 0 I : [1 T6167 ..] max alloced: 119 MB
06-24 13:43:28.817 0 0 I [1 T6167 ..] CMA: 1,RES:0,TVP:0,SYS:0,COHER:0,VMAPED:0 MB
06-24 13:43:28.818 0 0 I [1 T6167 ..] RES_EXT: 0 MB
06-24 13:43:28.818 0 0 I : [1 T6167 ..] [4]CMA size:364 MB:alloced: 1 MB,free:362 MB
06-24 13:43:28.819 0 0 I [1 T6167 d.] [821].0: CODEC_MM_DMA_BUF.0,addr=0xcf8c8000,size=1105920,from=4,cnt=1,flags=1,used:12816 ms
06-24 13:43:28.819 0 0 I : [1 T6167 ..] codec mem info:
06-24 13:43:28.821 0 0 W [0 T6174 ..] audit: audit_lost=2907 audit_rate_limit=5 audit_backlog_limit=64
06-24 13:43:28.821 0 0 I : [1 T6167 ..] total codec mem size:364 MB
06-24 13:43:28.822 0 0 E [0 T6174 ..] audit: rate limit exceeded
06-24 13:43:28.823 0 0 I : [1 T6167 ..] alloced size= 1 MB
06-24 13:43:28.823 0 0 I : [1 T6167 ..] max alloced: 119 MB
06-24 13:43:28.824 0 0 I [1 T6167 ..] CMA: 1,RES:0,TVP:0,SYS:0,COHER:0,VMAPED:0 MB
06-24 13:43:28.825 0 0 I [1 T6167 ..] RES_EXT: 0 MB
06-24 13:43:28.825 0 0 I : [1 T6167 ..] [4]CMA size:364 MB:alloced: 1 MB,free:362 MB
06-24 13:43:28.826 0 0 I [1 T6167 d.] [821].0: CODEC_MM_DMA_BUF.0,addr=0xcf8c8000,size=1105920,from=4,cnt=1,flags=1,used:12824 ms
06-24 13:43:28.827 0 0 E : [0 T6184 ..] mediaproxy produce init [aml-vcodec-dec]
06-24 13:43:28.829 0 0 I : [0 T6184 ..] Mediaproxy is opened name[aml-vcodec-dec]\n
06-24 13:43:28.829 0 0 I : [0 T6184 ..] Mediaproxy is opened name[aml-vcodec-dec] end\n
06-24 13:43:28.830 0 0 E : [0 T6184 ..] mediaproxy produce start connect
06-24 13:43:28.831 0 0 I : [0 T6184 ..] find p kfifo size:[32][2]
06-24 13:43:28.832 0 0 I : [0 T6184 ..] mediaproxy_get_fifo get idx[2]
06-24 13:43:28.832 0 0 I : [0 T6184 ..] Session producer-2 is connected fifo idx [2]
06-24 13:43:28.833 0 0 E : [0 T6184 ..] mediaproxy produce connect [2]
06-24 13:43:28.834 0 0 I : [0 T6184 ..] mediaproxy produce msg type :0x40 module_name:aml-vcodec-dec
06-24 13:43:28.836 0 0 I : [0 T6184 ..] deinit session
06-24 13:43:28.836 0 0 I : [0 T6184 ..] deinit session producer-2
06-24 13:43:28.837 0 0 I : [0 T6184 ..] deinit has_unusing_fifo [1]
06-24 13:43:28.837 0 0 I : [1 T98 ..] p_fifo[2] name[aml-vcodec-dec] state[0] to MP_FIFO_UNUSED
06-24 13:43:28.839 0 0 E : [3 T6184 ..] mediaproxy produce init [aml-vcodec-dec]
06-24 13:43:28.839 0 0 I : [3 T6184 ..] Mediaproxy is opened name[aml-vcodec-dec]\n
06-24 13:43:28.839 0 0 I : [3 T6184 ..] Mediaproxy is opened name[aml-vcodec-dec] end\n
06-24 13:43:28.842 0 0 E : [1 T6184 ..] mediaproxy produce start connect
06-24 13:43:28.843 0 0 I : [1 T6184 ..] find p kfifo size:[32][2]
06-24 13:43:28.844 0 0 I : [1 T6184 ..] mediaproxy_get_fifo get idx[2]
06-24 13:43:28.844 0 0 I : [1 T6184 ..] Session producer-2 is connected fifo idx [2]
06-24 13:43:28.845 0 0 E : [1 T6184 ..] mediaproxy produce connect [2]
06-24 13:43:28.846 0 0 I : [1 T6184 ..] mediaproxy produce msg type :0x40 module_name:aml-vcodec-dec
06-24 13:43:28.869 0 0 I [0 T6184 ..] [amlv4l]: [131]: DW:10, TW:0, Margin:6
06-24 13:43:28.870 0 0 D [1 T6190 ..] [amlcom]: vdec_create instance 0000000009206d03, total 1, PM: power-domain
06-24 13:43:28.870 0 0 D [1 T6190 ..] [media_clock]: vdec mux clock is 799999988 Hz
06-24 13:43:28.871 0 0 I [1 T6190 ..] [amlcom]: dos_local_config end, id 0, is_on 1
06-24 13:43:28.871 0 0 I [1 T6190 ..] [amlcom]: vdec_init, dev_name:ammvdec_h264_v4l, vdec_type=VDEC_TYPE_FRAME_BLOCK, format: 2, total: 1
06-24 13:43:28.893 0 0 D [1 T6190 ..] [h264]: 0: pdata->config=parm_v4l_codec_enable:1;mh264_double_write_mode:16;parm_v4l_buffer_margin:6;parm_v4l_canvas_mem_mode:0;parm_v4l_canvas_mem_endian:0;parm_v4l_low_latency_mode:0;parm_v4l_metadata_config_flag:1050626;parm_v4l_duration:0;parm_v4l_error_handle_info:0;
06-24 13:43:28.893 0 0 D [1 T6190 ..] [h264]: 0: ammvdec_h264_probe error_proc_policy 0x813fcff7 mb_count_threshold 0
06-24 13:43:28.893 0 0 D [1 T6190 ..] [h264]: ammvdec_h264_bmmu_init tvp = 0x0
