06-24 11:58:48.156 0 0 W : [2 T1046 ..] [SP FRAME RX] arp rsp,vif_idx:0 sender:[b6:9c:70:ec:40:e7 192.168.3.65]receiver:[1c:79:2d:20:62:cb 192.168.3.75]
06-24 11:59:01.554 0 0 W : [3 T1046 ..] [SP FRAME RX] DHCP[1 0], vif_idx:0
06-24 11:59:02.474 0 0 W : [1 T0 .s] [SP FRAME TX] arp req,vif_idx:0 sender:[1c:79:2d:20:62:cb 192.168.3.75]receiver:[00:00:00:00:00:00 192.168.3.3]
06-24 11:59:02.489 0 0 W : [3 T1046 ..] [SP FRAME RX] arp req,vif_idx:0 sender:[02:fe:15:17:79:f9 192.168.3.3]receiver:[00:00:00:00:00:00 192.168.3.75]
06-24 11:59:02.490 0 0 W : [3 T1046 ..] [SP FRAME TX] arp rsp,vif_idx:0 sender:[1c:79:2d:20:62:cb 192.168.3.75]receiver:[02:fe:15:17:79:f9 192.168.3.3]
06-24 11:59:02.492 0 0 W : [3 T1046 ..] [SP FRAME RX] arp rsp,vif_idx:0 sender:[02:fe:15:17:79:f9 192.168.3.3]receiver:[1c:79:2d:20:62:cb 192.168.3.75]
06-24 11:59:03.206 0 0 W : [3 T1046 ..] [SP FRAME RX] DHCP[1 0], vif_idx:0
06-24 11:59:08.117 0 0 W : [3 T1046 ..] [SP FRAME RX] arp req,vif_idx:0 sender:[0c:91:60:12:cd:8c 192.168.3.70]receiver:[00:00:00:00:00:00 192.168.3.75]
06-24 11:59:08.118 0 0 W : [3 T1046 ..] [SP FRAME TX] arp rsp,vif_idx:0 sender:[1c:79:2d:20:62:cb 192.168.3.75]receiver:[0c:91:60:12:cd:8c 192.168.3.70]
06-24 11:59:08.139 0 0 W : [3 T1046 ..] [SP FRAME RX] arp req,vif_idx:0 sender:[20:57:9e:67:7f:db 192.168.3.98]receiver:[00:00:00:00:00:00 192.168.3.75]
06-24 11:59:08.140 0 0 W : [3 T1046 ..] [SP FRAME TX] arp rsp,vif_idx:0 sender:[1c:79:2d:20:62:cb 192.168.3.75]receiver:[20:57:9e:67:7f:db 192.168.3.98]
06-24 11:59:08.164 0 0 W : [3 T1046 ..] [SP FRAME RX] arp req,vif_idx:0 sender:[68:39:43:80:0a:5c 192.168.3.209]receiver:[00:00:00:00:00:00 192.168.3.75]
06-24 11:59:08.165 0 0 W : [3 T1046 ..] [SP FRAME TX] arp rsp,vif_idx:0 sender:[1c:79:2d:20:62:cb 192.168.3.75]receiver:[68:39:43:80:0a:5c 192.168.3.209]
06-24 11:59:08.215 0 0 W : [3 T1046 ..] [SP FRAME RX] arp req,vif_idx:0 sender:[16:8e:6e:17:dc:41 192.168.3.176]receiver:[00:00:00:00:00:00 192.168.3.75]
06-24 11:59:08.216 0 0 W : [3 T1046 ..] [SP FRAME TX] arp rsp,vif_idx:0 sender:[1c:79:2d:20:62:cb 192.168.3.75]receiver:[16:8e:6e:17:dc:41 192.168.3.176]
06-24 11:59:08.342 0 0 W : [3 T1046 ..] [SP FRAME RX] arp req,vif_idx:0 sender:[b6:9c:70:ec:40:e7 192.168.3.65]receiver:[00:00:00:00:00:00 192.168.3.75]
06-24 11:59:08.343 0 0 W : [3 T1046 ..] [SP FRAME TX] arp rsp,vif_idx:0 sender:[1c:79:2d:20:62:cb 192.168.3.75]receiver:[b6:9c:70:ec:40:e7 192.168.3.65]
06-24 11:59:08.345 0 0 W : [3 T1046 ..] [SP FRAME RX] arp req,vif_idx:0 sender:[0c:91:60:12:cd:fc 192.168.3.171]receiver:[00:00:00:00:00:00 192.168.3.75]
06-24 11:59:08.346 0 0 W : [3 T1046 ..] [SP FRAME TX] arp rsp,vif_idx:0 sender:[1c:79:2d:20:62:cb 192.168.3.75]receiver:[0c:91:60:12:cd:fc 192.168.3.171]
06-24 11:59:08.390 0 0 W : [3 T1046 ..] [SP FRAME RX] arp req,vif_idx:0 sender:[e2:04:f6:d8:62:00 192.168.3.194]receiver:[00:00:00:00:00:00 192.168.3.75]
06-24 11:59:08.391 0 0 W : [3 T1046 ..] [SP FRAME TX] arp rsp,vif_idx:0 sender:[1c:79:2d:20:62:cb 192.168.3.75]receiver:[e2:04:f6:d8:62:00 192.168.3.194]
06-24 11:59:08.541 0 0 W : [3 T1046 ..] [SP FRAME RX] arp req,vif_idx:0 sender:[0c:91:60:12:cd:6e 192.168.3.81]receiver:[00:00:00:00:00:00 192.168.3.75]
06-24 11:59:08.542 0 0 W : [3 T1046 ..] [SP FRAME TX] arp rsp,vif_idx:0 sender:[1c:79:2d:20:62:cb 192.168.3.75]receiver:[0c:91:60:12:cd:6e 192.168.3.81]
06-24 11:59:08.761 0 0 W : [3 T1046 ..] [SP FRAME RX] arp req,vif_idx:0 sender:[28:7b:11:70:4f:a5 192.168.3.155]receiver:[00:00:00:00:00:00 192.168.3.75]
06-24 11:59:08.762 0 0 W : [3 T1046 ..] [SP FRAME TX] arp rsp,vif_idx:0 sender:[1c:79:2d:20:62:cb 192.168.3.75]receiver:[28:7b:11:70:4f:a5 192.168.3.155]
06-24 11:59:08.863 0 0 W : [3 T1046 ..] [SP FRAME RX] arp req,vif_idx:0 sender:[da:b8:33:f6:93:fe 192.168.3.89]receiver:[00:00:00:00:00:00 192.168.3.75]
06-24 11:59:08.864 0 0 W : [3 T1046 ..] [SP FRAME TX] arp rsp,vif_idx:0 sender:[1c:79:2d:20:62:cb 192.168.3.75]receiver:[da:b8:33:f6:93:fe 192.168.3.89]
06-24 11:59:08.932 0 0 W : [3 T1046 ..] [SP FRAME RX] arp req,vif_idx:0 sender:[02:d1:be:fb:0a:d7 192.168.3.130]receiver:[00:00:00:00:00:00 192.168.3.75]
06-24 11:59:08.933 0 0 W : [3 T1046 ..] [SP FRAME TX] arp rsp,vif_idx:0 sender:[1c:79:2d:20:62:cb 192.168.3.75]receiver:[02:d1:be:fb:0a:d7 192.168.3.130]
06-24 11:59:08.970 0 0 W : [3 T1046 ..] [SP FRAME RX] arp req,vif_idx:0 sender:[b6:86:f8:35:d4:28 192.168.3.36]receiver:[00:00:00:00:00:00 192.168.3.75]
06-24 11:59:08.971 0 0 W : [3 T1046 ..] [SP FRAME TX] arp rsp,vif_idx:0 sender:[1c:79:2d:20:62:cb 192.168.3.75]receiver:[b6:86:f8:35:d4:28 192.168.3.36]
06-24 11:59:08.988 0 0 W : [3 T1046 ..] [SP FRAME RX] arp req,vif_idx:0 sender:[56:86:a9:ec:10:a8 192.168.3.19]receiver:[00:00:00:00:00:00 192.168.3.75]
06-24 11:59:08.989 0 0 W : [3 T1046 ..] [SP FRAME TX] arp rsp,vif_idx:0 sender:[1c:79:2d:20:62:cb 192.168.3.75]receiver:[56:86:a9:ec:10:a8 192.168.3.19]
06-24 11:59:09.002 0 0 W : [3 T1046 ..] [SP FRAME RX] arp req,vif_idx:0 sender:[d2:07:9a:6e:a7:36 192.168.3.27]receiver:[00:00:00:00:00:00 192.168.3.75]
06-24 11:59:09.003 0 0 W : [3 T1046 ..] [SP FRAME TX] arp rsp,vif_idx:0 sender:[1c:79:2d:20:62:cb 192.168.3.75]receiver:[d2:07:9a:6e:a7:36 192.168.3.27]
06-24 11:59:09.041 0 0 W : [3 T1046 ..] [SP FRAME RX] arp req,vif_idx:0 sender:[28:7b:11:70:51:1f 192.168.3.44]receiver:[00:00:00:00:00:00 192.168.3.75]
06-24 11:59:09.042 0 0 W : [3 T1046 ..] [SP FRAME TX] arp rsp,vif_idx:0 sender:[1c:79:2d:20:62:cb 192.168.3.75]receiver:[28:7b:11:70:51:1f 192.168.3.44]
06-24 11:59:09.241 0 0 W : [3 T1046 ..] [SP FRAME RX] arp req,vif_idx:0 sender:[28:7b:11:70:4f:bd 192.168.3.156]receiver:[00:00:00:00:00:00 192.168.3.75]
06-24 11:59:09.242 0 0 W : [3 T1046 ..] [SP FRAME TX] arp rsp,vif_idx:0 sender:[1c:79:2d:20:62:cb 192.168.3.75]receiver:[28:7b:11:70:4f:bd 192.168.3.156]
06-24 11:59:18.602 0 0 W : [0 T17793 ..] [aml_send_sync_trace 4388] sync token[63777]
06-24 11:59:18.602 0 0 W : [0 T17793 ..] >>> aml_send_msg()
06-24 11:59:18.603 0 0 W : [2 T1041 ..] ipc_sdio_host_msgack_handler 00000000129d5e2b
06-24 11:59:18.604 0 0 W : [2 T1041 ..] [aml_msgackind 2039] msg ack hostid=0xffffff80bed1ba80
06-24 11:59:18.605 0 0 W : [2 T1041 ..] [cmd_mgr_llind 329] cmd tkn[111] flags:0008 result: -4 cmd: 105-MM_SYNC_TRACE - reqcfm( 0-none)
06-24 11:59:18.606 0 0 W : [2 T1041 ..] [cmd_complete 65] cmd tkn[111] flags:0000 result: -4 cmd: 105-MM_SYNC_TRACE - reqcfm( 0-none)
06-24 11:59:18.763 0 0 W : [3 T1046 ..] [SP FRAME RX] DHCP[1 0], vif_idx:0
06-24 12:00:18.506 0 0 W : [0 T0 .s] [SP FRAME TX] arp req,vif_idx:0 sender:[1c:79:2d:20:62:cb 192.168.3.75]receiver:[00:00:00:00:00:00 192.168.3.65]
06-24 12:00:18.526 0 0 W : [2 T1046 ..] [SP FRAME RX] arp rsp,vif_idx:0 sender:[b6:9c:70:ec:40:e7 192.168.3.65]receiver:[1c:79:2d:20:62:cb 192.168.3.75]
06-24 12:00:20.042 0 0 W : [0 T17793 ..] [aml_send_sync_trace 4388] sync token[63778]
06-24 12:00:20.042 0 0 W : [0 T17793 ..] >>> aml_send_msg()
06-24 12:00:20.043 0 0 W : [3 T1041 ..] ipc_sdio_host_msgack_handler 00000000825d7084
06-24 12:00:20.044 0 0 W : [3 T1041 ..] [aml_msgackind 2039] msg ack hostid=0xffffff80835b2e00
06-24 12:00:20.045 0 0 W : [3 T1041 ..] [cmd_mgr_llind 329] cmd tkn[112] flags:0008 result: -4 cmd: 105-MM_SYNC_TRACE - reqcfm( 0-none)
06-24 12:00:20.046 0 0 W : [3 T1041 ..] [cmd_complete 65] cmd tkn[112] flags:0000 result: -4 cmd: 105-MM_SYNC_TRACE - reqcfm( 0-none)
06-24 12:00:37.706 0 0 W : [0 T0 .s] [SP FRAME TX] arp req,vif_idx:0 sender:[1c:79:2d:20:62:cb 192.168.3.75]receiver:[00:00:00:00:00:00 192.168.3.34]
06-24 12:00:37.748 0 0 W : [3 T1046 ..] [SP FRAME RX] arp rsp,vif_idx:0 sender:[92:c8:7a:73:1d:bb 192.168.3.34]receiver:[1c:79:2d:20:62:cb 192.168.3.75]
06-24 12:00:37.768 0 0 W : [3 T1046 ..] [SP FRAME RX] arp req,vif_idx:0 sender:[92:c8:7a:73:1d:bb 192.168.3.34]receiver:[00:00:00:00:00:00 192.168.3.75]
06-24 12:00:37.769 0 0 W : [3 T1046 ..] [SP FRAME TX] arp rsp,vif_idx:0 sender:[1c:79:2d:20:62:cb 192.168.3.75]receiver:[92:c8:7a:73:1d:bb 192.168.3.34]
06-24 12:00:38.477 0 0 W : [3 T1046 ..] [SP FRAME RX] arp req,vif_idx:0 sender:[0c:91:60:12:cd:8c 192.168.3.70]receiver:[00:00:00:00:00:00 192.168.3.75]
06-24 12:00:38.478 0 0 W : [3 T1046 ..] [SP FRAME TX] arp rsp,vif_idx:0 sender:[1c:79:2d:20:62:cb 192.168.3.75]receiver:[0c:91:60:12:cd:8c 192.168.3.70]
06-24 12:00:38.531 0 0 W : [3 T1046 ..] [SP FRAME RX] arp req,vif_idx:0 sender:[68:39:43:80:0a:5c 192.168.3.209]receiver:[00:00:00:00:00:00 192.168.3.75]
06-24 12:00:38.532 0 0 W : [3 T1046 ..] [SP FRAME TX] arp rsp,vif_idx:0 sender:[1c:79:2d:20:62:cb 192.168.3.75]receiver:[68:39:43:80:0a:5c 192.168.3.209]
06-24 12:00:38.534 0 0 W : [3 T1046 ..] [SP FRAME RX] arp req,vif_idx:0 sender:[20:57:9e:67:7f:db 192.168.3.98]receiver:[00:00:00:00:00:00 192.168.3.75]
06-24 12:00:38.535 0 0 W : [3 T1046 ..] [SP FRAME TX] arp rsp,vif_idx:0 sender:[1c:79:2d:20:62:cb 192.168.3.75]receiver:[20:57:9e:67:7f:db 192.168.3.98]
06-24 12:00:38.695 0 0 W : [3 T1046 ..] [SP FRAME RX] arp req,vif_idx:0 sender:[b6:9c:70:ec:40:e7 192.168.3.65]receiver:[00:00:00:00:00:00 192.168.3.75]
06-24 12:00:38.696 0 0 W : [3 T1046 ..] [SP FRAME TX] arp rsp,vif_idx:0 sender:[1c:79:2d:20:62:cb 192.168.3.75]receiver:[b6:9c:70:ec:40:e7 192.168.3.65]
06-24 12:00:38.725 0 0 W : [3 T1046 ..] [SP FRAME RX] arp req,vif_idx:0 sender:[da:b8:33:f6:93:fe 192.168.3.89]receiver:[00:00:00:00:00:00 192.168.3.75]
06-24 12:00:38.726 0 0 W : [3 T1046 ..] [SP FRAME TX] arp rsp,vif_idx:0 sender:[1c:79:2d:20:62:cb 192.168.3.75]receiver:[da:b8:33:f6:93:fe 192.168.3.89]
06-24 12:00:38.774 0 0 W : [3 T1046 ..] [SP FRAME RX] arp req,vif_idx:0 sender:[e2:04:f6:d8:62:00 192.168.3.194]receiver:[00:00:00:00:00:00 192.168.3.75]
06-24 12:00:38.775 0 0 W : [3 T1046 ..] [SP FRAME TX] arp rsp,vif_idx:0 sender:[1c:79:2d:20:62:cb 192.168.3.75]receiver:[e2:04:f6:d8:62:00 192.168.3.194]
06-24 12:00:38.793 0 0 W : [3 T1046 ..] [SP FRAME RX] arp req,vif_idx:0 sender:[02:d1:be:fb:0a:d7 192.168.3.130]receiver:[00:00:00:00:00:00 192.168.3.75]
06-24 12:00:38.794 0 0 W : [3 T1046 ..] [SP FRAME TX] arp rsp,vif_idx:0 sender:[1c:79:2d:20:62:cb 192.168.3.75]receiver:[02:d1:be:fb:0a:d7 192.168.3.130]
06-24 12:00:40.016 0 0 W : [3 T1046 ..] [SP FRAME RX] arp req,vif_idx:0 sender:[b6:86:f8:35:d4:28 192.168.3.36]receiver:[00:00:00:00:00:00 192.168.3.75]
06-24 12:00:40.017 0 0 W : [3 T1046 ..] [SP FRAME TX] arp rsp,vif_idx:0 sender:[1c:79:2d:20:62:cb 192.168.3.75]receiver:[b6:86:f8:35:d4:28 192.168.3.36]
06-24 12:00:40.019 0 0 W : [3 T1046 ..] [SP FRAME RX] arp req,vif_idx:0 sender:[56:86:a9:ec:10:a8 192.168.3.19]receiver:[00:00:00:00:00:00 192.168.3.75]
06-24 12:00:40.020 0 0 W : [3 T1046 ..] [SP FRAME TX] arp rsp,vif_idx:0 sender:[1c:79:2d:20:62:cb 192.168.3.75]receiver:[56:86:a9:ec:10:a8 192.168.3.19]
06-24 12:00:40.022 0 0 W : [3 T1046 ..] [SP FRAME RX] arp req,vif_idx:0 sender:[28:7b:11:70:4f:a5 192.168.3.155]receiver:[00:00:00:00:00:00 192.168.3.75]
06-24 12:00:40.023 0 0 W : [3 T1046 ..] [SP FRAME TX] arp rsp,vif_idx:0 sender:[1c:79:2d:20:62:cb 192.168.3.75]receiver:[28:7b:11:70:4f:a5 192.168.3.155]
06-24 12:00:40.025 0 0 W : [3 T1046 ..] [SP FRAME RX] arp req,vif_idx:0 sender:[9a:86:f7:27:5c:25 192.168.3.169]receiver:[00:00:00:00:00:00 192.168.3.75]
06-24 12:00:40.026 0 0 W : [3 T1046 ..] [SP FRAME TX] arp rsp,vif_idx:0 sender:[1c:79:2d:20:62:cb 192.168.3.75]receiver:[9a:86:f7:27:5c:25 192.168.3.169]
06-24 12:00:40.028 0 0 W : [3 T1046 ..] [SP FRAME RX] arp req,vif_idx:0 sender:[d2:07:9a:6e:a7:36 192.168.3.27]receiver:[00:00:00:00:00:00 192.168.3.75]
06-24 12:00:40.029 0 0 W : [3 T1046 ..] [SP FRAME TX] arp rsp,vif_idx:0 sender:[1c:79:2d:20:62:cb 192.168.3.75]receiver:[d2:07:9a:6e:a7:36 192.168.3.27]
06-24 12:00:40.031 0 0 W : [3 T1046 ..] [SP FRAME RX] arp req,vif_idx:0 sender:[10:b2:32:39:59:ba 192.168.3.57]receiver:[00:00:00:00:00:00 192.168.3.75]
06-24 12:00:40.032 0 0 W : [3 T1046 ..] [SP FRAME TX] arp rsp,vif_idx:0 sender:[1c:79:2d:20:62:cb 192.168.3.75]receiver:[10:b2:32:39:59:ba 192.168.3.57]
06-24 12:00:40.034 0 0 W : [3 T1046 ..] [SP FRAME RX] arp req,vif_idx:0 sender:[28:7b:11:70:4f:bd 192.168.3.156]receiver:[00:00:00:00:00:00 192.168.3.75]
06-24 12:00:40.035 0 0 W : [3 T1046 ..] [SP FRAME TX] arp rsp,vif_idx:0 sender:[1c:79:2d:20:62:cb 192.168.3.75]receiver:[28:7b:11:70:4f:bd 192.168.3.156]
06-24 12:00:40.037 0 0 W : [3 T1046 ..] [SP FRAME RX] arp req,vif_idx:0 sender:[28:7b:11:70:51:1f 192.168.3.44]receiver:[00:00:00:00:00:00 192.168.3.75]
06-24 12:00:40.039 0 0 W : [3 T1046 ..] [SP FRAME TX] arp rsp,vif_idx:0 sender:[1c:79:2d:20:62:cb 192.168.3.75]receiver:[28:7b:11:70:51:1f 192.168.3.44]
06-24 12:00:40.040 0 0 W : [3 T1046 ..] [SP FRAME RX] arp req,vif_idx:0 sender:[0c:91:60:12:cd:6e 192.168.3.81]receiver:[00:00:00:00:00:00 192.168.3.75]
06-24 12:00:40.042 0 0 W : [3 T1046 ..] [SP FRAME TX] arp rsp,vif_idx:0 sender:[1c:79:2d:20:62:cb 192.168.3.75]receiver:[0c:91:60:12:cd:6e 192.168.3.81]
06-24 12:00:40.043 0 0 W : [3 T1046 ..] [SP FRAME RX] arp req,vif_idx:0 sender:[0c:91:60:12:cd:fc 192.168.3.171]receiver:[00:00:00:00:00:00 192.168.3.75]
06-24 12:00:40.045 0 0 W : [3 T1046 ..] [SP FRAME TX] arp rsp,vif_idx:0 sender:[1c:79:2d:20:62:cb 192.168.3.75]receiver:[0c:91:60:12:cd:fc 192.168.3.171]
06-24 12:00:40.046 0 0 W : [3 T1046 ..] [SP FRAME RX] arp req,vif_idx:0 sender:[50:ba:02:e7:1e:de 192.168.3.157]receiver:[00:00:00:00:00:00 192.168.3.75]
06-24 12:00:40.048 0 0 W : [3 T1046 ..] [SP FRAME TX] arp rsp,vif_idx:0 sender:[1c:79:2d:20:62:cb 192.168.3.75]receiver:[50:ba:02:e7:1e:de 192.168.3.157]
06-24 12:00:40.049 0 0 W : [3 T1046 ..] [SP FRAME RX] arp req,vif_idx:0 sender:[9a:86:f7:27:5c:25 192.168.3.169]receiver:[00:00:00:00:00:00 192.168.3.75]
06-24 12:00:40.051 0 0 W : [3 T1046 ..] [SP FRAME TX] arp rsp,vif_idx:0 sender:[1c:79:2d:20:62:cb 192.168.3.75]receiver:[9a:86:f7:27:5c:25 192.168.3.169]
06-24 12:00:40.052 0 0 W : [3 T1046 ..] [SP FRAME RX] arp req,vif_idx:0 sender:[b6:86:f8:35:d4:28 192.168.3.36]receiver:[00:00:00:00:00:00 192.168.3.75]
06-24 12:00:40.054 0 0 W : [3 T1046 ..] [SP FRAME TX] arp rsp,vif_idx:0 sender:[1c:79:2d:20:62:cb 192.168.3.75]receiver:[b6:86:f8:35:d4:28 192.168.3.36]
06-24 12:00:40.056 0 0 W : [3 T1046 ..] [SP FRAME RX] arp req,vif_idx:0 sender:[56:86:a9:ec:10:a8 192.168.3.19]receiver:[00:00:00:00:00:00 192.168.3.75]
06-24 12:00:40.057 0 0 W : [3 T1046 ..] [SP FRAME TX] arp rsp,vif_idx:0 sender:[1c:79:2d:20:62:cb 192.168.3.75]receiver:[56:86:a9:ec:10:a8 192.168.3.19]
06-24 12:00:40.059 0 0 W : [3 T1046 ..] [SP FRAME RX] arp req,vif_idx:0 sender:[28:7b:11:70:4f:a5 192.168.3.155]receiver:[00:00:00:00:00:00 192.168.3.75]
06-24 12:00:40.060 0 0 W : [3 T1046 ..] [SP FRAME TX] arp rsp,vif_idx:0 sender:[1c:79:2d:20:62:cb 192.168.3.75]receiver:[28:7b:11:70:4f:a5 192.168.3.155]
06-24 12:01:00.196 0 0 W : [3 T1046 ..] [SP FRAME RX] arp req,vif_idx:0 sender:[62:e6:cb:ad:3a:47 192.168.3.90]receiver:[00:00:00:00:00:00 192.168.3.75]
06-24 12:01:00.197 0 0 W : [3 T1046 ..] [SP FRAME TX] arp rsp,vif_idx:0 sender:[1c:79:2d:20:62:cb 192.168.3.75]receiver:[62:e6:cb:ad:3a:47 192.168.3.90]
06-24 12:01:00.234 0 0 W : [0 T0 .s] [SP FRAME TX] arp req,vif_idx:0 sender:[1c:79:2d:20:62:cb 192.168.3.75]receiver:[00:00:00:00:00:00 192.168.3.90]
06-24 12:01:00.241 0 0 W : [3 T1046 ..] [SP FRAME RX] arp rsp,vif_idx:0 sender:[62:e6:cb:ad:3a:47 192.168.3.90]receiver:[1c:79:2d:20:62:cb 192.168.3.75]
06-24 12:01:02.989 685 735 V DisplayPowerController2[0]: Brightness [0.05] reason changing to: 'manual [ dim ]', previous reason: 'manual'.
06-24 12:01:02.990 685 735 I DisplayPowerController2[0]: BrightnessEvent: disp=0, physDisp=local:4625716335649126415, brt=0.05, initBrt=0.39763778, rcmdBrt=NaN, preBrt=NaN, lux=0.0, preLux=0.0, hbmMax=1.0, hbmMode=off, rbcStrength=0, thrmMax=1.0, powerFactor=1.0, wasShortTermModelActive=false, flags=, reason=manual [ dim ], autoBrightness=false, strategy=InvalidBrightnessStrategy
06-24 12:01:02.990 685 735 W PowerManagerService: Screen on took 2268674 ms
06-24 12:01:08.170 0 0 W : [1 T1711 .s] [SP FRAME TX] arp req,vif_idx:0 sender:[1c:79:2d:20:62:cb 192.168.3.75]receiver:[00:00:00:00:00:00 192.168.3.190]
06-24 12:01:08.203 0 0 W : [2 T1046 ..] [SP FRAME RX] arp req,vif_idx:0 sender:[12:2c:8d:45:1c:5f 192.168.3.190]receiver:[00:00:00:00:00:00 192.168.3.75]
06-24 12:01:08.204 0 0 W : [2 T1046 ..] [SP FRAME TX] arp rsp,vif_idx:0 sender:[1c:79:2d:20:62:cb 192.168.3.75]receiver:[12:2c:8d:45:1c:5f 192.168.3.190]
06-24 12:01:08.206 0 0 W : [2 T1046 ..] [SP FRAME RX] arp rsp,vif_idx:0 sender:[12:2c:8d:45:1c:5f 192.168.3.190]receiver:[1c:79:2d:20:62:cb 192.168.3.75]
06-24 12:01:09.253 0 0 W : [3 T2638 ..] [SP FRAME TX] arp req,vif_idx:0 sender:[1c:79:2d:20:62:cb 192.168.3.75]receiver:[00:00:00:00:00:00 192.168.3.47]
06-24 12:01:09.256 0 0 W : [2 T1046 ..] [SP FRAME RX] arp rsp,vif_idx:0 sender:[c2:04:5a:1e:8c:b3 192.168.3.47]receiver:[1c:79:2d:20:62:cb 192.168.3.75]
06-24 12:01:09.990 685 735 I PowerGroup: Napping power group (groupId=0, uid=1000)...
06-24 12:01:09.990 685 735 I PowerManagerService: Nap time (uid 1000)...
06-24 12:01:09.991 685 735 W DreamManagerService: Falling back to default dream ComponentInfo{com.dangbei.lerad.screensaver/com.dangbei.lerad.screensaver.service.ScreenSaverService}
06-24 12:01:09.991 685 735 I DreamManagerService: Entering dreamland.
06-24 12:01:09.992 685 735 I PowerManagerService: Dreaming...
06-24 12:01:09.994 685 708 I DreamController: Starting dream: name=ComponentInfo{com.dangbei.lerad.screensaver/com.dangbei.lerad.screensaver.service.ScreenSaverService}, isPreviewMode=false, canDoze=false, userId=0, reason='power manager request'
06-24 12:01:09.997 901 979 D WindowManagerShell: TvPipMenuController: closeMenu()
06-24 12:01:09.997 901 979 I WindowManagerShell: TvPipMenuController: switchToMenuMode: setting mCurrentMenuMode=MODE_NO_MENU, mPrevMenuMode=MODE_NO_MENU
06-24 12:01:10.003 685 708 D CompatibilityChangeReporter: Compat change id reported: 135634846; UID 10043; state: DISABLED
06-24 12:01:10.003 685 719 D CompatibilityChangeReporter: Compat change id reported: 143937733; UID 10043; state: ENABLED
06-24 12:01:10.004 685 708 D AutofillManagerService: Close system dialogs
06-24 12:01:10.021 685 719 I ActivityManager: Start proc 22882:com.dangbei.lerad.screensaver/u0a43 for service {com.dangbei.lerad.screensaver/com.dangbei.lerad.screensaver.service.ScreenSaverService}
06-24 12:01:10.062 685 13323 D CompatibilityChangeReporter: Compat change id reported: 168419799; UID 10043; state: DISABLED
06-24 12:01:10.062 685 13323 D CompatibilityChangeReporter: Compat change id reported: 273564678; UID 10043; state: DISABLED
06-24 12:01:10.064 685 763 D CompatibilityChangeReporter: Compat change id reported: 265195908; UID 10043; state: ENABLED
06-24 12:01:10.071 685 13323 D CompatibilityChangeReporter: Compat change id reported: 170503758; UID 10043; state: ENABLED
06-24 12:01:10.258 685 13323 D CompatibilityChangeReporter: Compat change id reported: 161145287; UID 10043; state: ENABLED
06-24 12:01:10.414 0 0 W [1 T22934 ..] audit: audit_lost=2735 audit_rate_limit=5 audit_backlog_limit=64
06-24 12:01:10.417 0 0 E [1 T22934 ..] audit: rate limit exceeded
06-24 12:01:10.421 685 708 W ActivityTaskManager: callingPackage for (uid=1000, pid=0) has no WPC
06-24 12:01:10.422 685 708 D CompatibilityChangeReporter: Compat change id reported: 265464455; UID 10043; state: DISABLED
06-24 12:01:10.423 685 708 D CompatibilityChangeReporter: Compat change id reported: 265452344; UID 10043; state: DISABLED
06-24 12:01:10.423 685 708 D CompatibilityChangeReporter: Compat change id reported: 266124927; UID 10043; state: DISABLED
06-24 12:01:10.423 685 708 D CompatibilityChangeReporter: Compat change id reported: 265451093; UID 10043; state: DISABLED
06-24 12:01:10.424 685 708 D CompatibilityChangeReporter: Compat change id reported: 265456536; UID 10043; state: DISABLED
06-24 12:01:10.424 685 708 D CompatibilityChangeReporter: Compat change id reported: 255940284; UID 10043; state: DISABLED
06-24 12:01:10.424 685 708 D CompatibilityChangeReporter: Compat change id reported: 236283604; UID 10043; state: DISABLED
06-24 12:01:10.425 685 708 D CompatibilityChangeReporter: Compat change id reported: 263959004; UID 10043; state: DISABLED
06-24 12:01:10.425 685 708 D CompatibilityChangeReporter: Compat change id reported: 264304459; UID 10043; state: DISABLED
06-24 12:01:10.426 685 708 D CompatibilityChangeReporter: Compat change id reported: 264301586; UID 10043; state: DISABLED
06-24 12:01:10.426 685 708 D CompatibilityChangeReporter: Compat change id reported: 254631730; UID 10043; state: DISABLED
06-24 12:01:10.427 685 708 D CompatibilityChangeReporter: Compat change id reported: 273509367; UID 10043; state: DISABLED
06-24 12:01:10.427 685 708 D CompatibilityChangeReporter: Compat change id reported: 263259275; UID 10043; state: DISABLED
06-24 12:01:10.427 685 708 D CompatibilityChangeReporter: Compat change id reported: 174042980; UID 10043; state: DISABLED
06-24 12:01:10.428 685 708 D CompatibilityChangeReporter: Compat change id reported: 174042936; UID 10043; state: DISABLED
06-24 12:01:10.428 685 708 D CompatibilityChangeReporter: Compat change id reported: 181136395; UID 10043; state: DISABLED
06-24 12:01:10.432 685 708 D CompatibilityChangeReporter: Compat change id reported: 184838306; UID 10043; state: DISABLED
06-24 12:01:10.433 685 708 D CompatibilityChangeReporter: Compat change id reported: 185004937; UID 10043; state: DISABLED
06-24 12:01:10.433 685 708 D CompatibilityChangeReporter: Compat change id reported: 194480991; UID 10043; state: ENABLED
06-24 12:01:10.446 685 708 D CompatibilityChangeReporter: Compat change id reported: 197654537; UID 10043; state: ENABLED
06-24 12:01:10.448 685 708 V SplashScreenExceptionList: SplashScreen checking exception for package com.dangbei.lerad.screensaver (target sdk:34) -> false
06-24 12:01:10.448 685 708 D CompatibilityChangeReporter: Compat change id reported: 205907456; UID 10043; state: ENABLED
06-24 12:01:10.452 901 979 V WindowManagerShell: Transition requested: android.os.BinderProxy@28fadcf TransitionRequestInfo { type = 1, triggerTask = TaskInfo{userId=0 taskId=53 displayId=0 isRunning=true baseIntent=Intent { flg=0x10840000 pkg=com.dangbei.lerad.screensaver cmp=com.dangbei.lerad.screensaver/android.service.dreams.DreamActivity } baseActivity=ComponentInfo{com.dangbei.lerad.screensaver/android.service.dreams.DreamActivity} topActivity=ComponentInfo{com.dangbei.lerad.screensaver/android.service.dreams.DreamActivity} origActivity=null realActivity=ComponentInfo{com.dangbei.lerad.screensaver/android.service.dreams.DreamActivity} numActivities=1 lastActiveTime=3078351 supportsMultiWindow=true resizeMode=0 isResizeable=false minWidth=-1 minHeight=-1 defaultMinSize=220 token=WCT{android.window.IWindowContainerToken$Stub$Proxy@b3c435c} topActivityType=5 pictureInPictureParams=null shouldDockBigOverlays=true launchIntoPipHostTaskId=-1 lastParentTaskIdBeforePip=-1 displayCutoutSafeInsets=null topActivityInfo=ActivityInfo{a56e665 android.service.dreams.DreamActivity} launchCookies=[] positionInParent=Point(0, 0) parentTaskId=-1 isFocused=false isVisible=false isVisibleRequested=false isSleeping=false topActivityInSizeCompat=false topActivityEligibleForLetterboxEducation= false isLetterboxDoubleTapEnabled= false topActivityEligibleForUserAspectRatioButton= false topActivityBoundsLetterboxed= false isFromLetterboxDoubleTap= false topActivityLetterboxVerticalPosition= -1 topActivityLetterboxHorizontalPosition= -1 topActivityLetterboxWidth=-1 topActivityLetterboxHeight=-1 isUserFullscreenOverrideEnabled=false isTopActivityTransparent=false locusId=null displayAreaFeatureId=1 cameraCompatControlState=hidden}, remoteTransition = null, displayChange = null, flags = 0 }
06-24 12:01:10.453 685 708 I ActivityTaskManager: START u0 {flg=0x10040000 pkg=com.dangbei.lerad.screensaver cmp=com.dangbei.lerad.screensaver/android.service.dreams.DreamActivity (has extras)} with LAUNCH_SINGLE_INSTANCE from uid 10043 (realCallingUid=1000) (BAL_ALLOW_PENDING_INTENT) result code=0
06-24 12:01:10.460 685 13323 V WindowManager: app ------------- force_land :0
06-24 12:01:10.460 685 13323 V WindowManager: app ------------- force_land :0
06-24 12:01:10.460 685 13323 V WindowManager: app ------------- force_land :0
06-24 12:01:10.549 685 4709 W WindowManager: Failed looking up window session=Session{cfc5f42 22882:u0a10043} callers=com.android.server.wm.WindowManagerService.windowForClientLocked:6077 com.android.server.wm.Session.updateRequestedVisibleTypes:695 android.view.IWindowSession$Stub.onTransact:1034
06-24 12:01:10.550 685 13323 W WindowManager: [addWindow] title:com.dangbei.lerad.screensaver/android.service.dreams.DreamActivity
06-24 12:01:10.565 901 979 D WindowManagerShell: TvPipController: onTaskStackChanged()
06-24 12:01:10.577 685 13323 D CoreBackPreview: Window{df52d8e u0 com.dangbei.lerad.screensaver/android.service.dreams.DreamActivity}: Setting back callback OnBackInvokedCallbackInfo{mCallback=android.window.IOnBackInvokedCallback$Stub$Proxy@aaf31bc, mPriority=0, mIsAnimationCallback=false}
06-24 12:01:10.674 685 709 W ContextImpl: Calling a method in the system process without a qualified user: android.app.ContextImpl.startService:1899 com.android.server.wm.DisplayPolicy.lambda$focusChangedLw$5:2126 com.android.server.wm.DisplayPolicy.$r8$lambda$Znxk63oh-WzVnzo_WQefN7uxV48:0 com.android.server.wm.DisplayPolicy$$ExternalSyntheticLambda13.run:0 android.os.Handler.handleCallback:958
06-24 12:01:10.691 0 0 I [1 T216 ..] servicemanager: Found android.hardware.graphics.allocator.IAllocator/default in device VINTF manifest.
06-24 12:01:10.693 0 0 I [1 T216 ..] servicemanager: Found android.hardware.graphics.allocator.IAllocator/default in device VINTF manifest.
06-24 12:01:10.722 685 735 V DisplayPowerController2[0]: Brightness [0.39763778] reason changing to: 'manual', previous reason: 'manual [ dim ]'.
06-24 12:01:10.722 685 735 I DisplayPowerController2[0]: BrightnessEvent: disp=0, physDisp=local:4625716335649126415, brt=0.39763778, initBrt=0.05, rcmdBrt=NaN, preBrt=NaN, lux=0.0, preLux=0.0, hbmMax=1.0, hbmMode=off, rbcStrength=0, thrmMax=1.0, powerFactor=1.0, wasShortTermModelActive=false, flags=, reason=manual, autoBrightness=false, strategy=InvalidBrightnessStrategy
06-24 12:01:10.723 901 979 V WindowManagerShell: onTransitionReady android.os.BinderProxy@28fadcf: {id=92 t=OPEN f=0x0 trk=0 r=[0@Point(0, 0)] c=[{WCT{android.window.IWindowContainerToken$Stub$Proxy@ed483e1} m=TO_FRONT f=NONE leash=Surface(name=Task=52)/@0x8510f3a sb=Rect(0, 0 - 1920, 1080) eb=Rect(0, 0 - 1920, 1080) d=0},{WCT{android.window.IWindowContainerToken$Stub$Proxy@1b0e506} m=TO_BACK f=NONE leash=Surface(name=Task=1)/@0xe0357eb sb=Rect(0, 0 - 1920, 1080) eb=Rect(0, 0 - 1920, 1080) d=0}]}
06-24 12:01:10.723 901 979 V WindowManagerShell: Playing animation for (#92)android.os.BinderProxy@28fadcf@0
06-24 12:01:10.723 901 979 V WindowManagerShell: try handler com.android.wm.shell.keyguard.KeyguardTransitionHandler@24e2028
06-24 12:01:10.724 901 979 V WindowManagerShell: try handler com.android.wm.shell.pip.tv.TvPipTransition@1141
06-24 12:01:10.724 901 979 V WindowManagerShell: try handler com.android.wm.shell.activityembedding.ActivityEmbeddingController@e8f56e6
06-24 12:01:10.724 901 979 V WindowManagerShell: try handler com.android.wm.shell.transition.RemoteTransitionHandler@b664427
06-24 12:01:10.724 901 979 V WindowManagerShell: Transition doesn't have explicit remote, search filters for match for {id=92 t=OPEN f=0x0 trk=0 r=[0@Point(0, 0)] c=[{WCT{android.window.IWindowContainerToken$Stub$Proxy@ed483e1} m=TO_FRONT f=NONE leash=Surface(name=Task=52)/@0x8510f3a sb=Rect(0, 0 - 1920, 1080) eb=Rect(0, 0 - 1920, 1080) d=0},{WCT{android.window.IWindowContainerToken$Stub$Proxy@1b0e506} m=TO_BACK f=NONE leash=Surface(name=Task=1)/@0xe0357eb sb=Rect(0, 0 - 1920, 1080) eb=Rect(0, 0 - 1920, 1080) d=0}]}
06-24 12:01:10.724 901 979 V WindowManagerShell: Delegate animation for #92 to null
06-24 12:01:10.724 901 979 V WindowManagerShell: try handler com.android.wm.shell.transition.DefaultTransitionHandler@7916d4
06-24 12:01:10.725 901 979 V WindowManagerShell: start default transition animation, info = {id=92 t=OPEN f=0x0 trk=0 r=[0@Point(0, 0)] c=[{WCT{android.window.IWindowContainerToken$Stub$Proxy@ed483e1} m=TO_FRONT f=NONE leash=Surface(name=Task=52)/@0x8510f3a sb=Rect(0, 0 - 1920, 1080) eb=Rect(0, 0 - 1920, 1080) d=0},{WCT{android.window.IWindowContainerToken$Stub$Proxy@1b0e506} m=TO_BACK f=NONE leash=Surface(name=Task=1)/@0xe0357eb sb=Rect(0, 0 - 1920, 1080) eb=Rect(0, 0 - 1920, 1080) d=0}]}
06-24 12:01:10.725 901 979 V WindowManagerShell: loadAnimation: anim=null animAttr=0x1d type=OPEN isEntrance=false
06-24 12:01:10.725 901 979 V WindowManagerShell: loadAnimation: anim=null animAttr=0x1c type=OPEN isEntrance=true
06-24 12:01:10.727 901 979 V WindowManagerShell: Transition animation finished (aborted=false), notifying core (#92)android.os.BinderProxy@28fadcf@0
06-24 12:01:10.728 685 711 D DisplayManagerService: Ignore redundant display event 0/4 to 10080/16754
06-24 12:01:10.733 901 979 V WindowManagerShell: Track 0 became idle
06-24 12:01:10.733 901 979 V WindowManagerShell: All active transition animations finished
06-24 12:01:10.733 901 979 V WindowManagerShell: animated by com.android.wm.shell.transition.DefaultTransitionHandler@7916d4
06-24 12:01:10.733 901 979 V WindowManagerShell: Track 0 became idle
06-24 12:01:10.733 901 979 V WindowManagerShell: All active transition animations finished
06-24 12:01:10.734 685 708 V WindowManager: Sent Transition #92 createdAt=06-24 12:01:10.434 via request=TransitionRequestInfo { type = 1, triggerTask = TaskInfo{userId=0 taskId=53 displayId=0 isRunning=true baseIntent=Intent { flg=0x10840000 pkg=com.dangbei.lerad.screensaver cmp=com.dangbei.lerad.screensaver/android.service.dreams.DreamActivity } baseActivity=ComponentInfo{com.dangbei.lerad.screensaver/android.service.dreams.DreamActivity} topActivity=ComponentInfo{com.dangbei.lerad.screensaver/android.service.dreams.DreamActivity} origActivity=null realActivity=ComponentInfo{com.dangbei.lerad.screensaver/android.service.dreams.DreamActivity} numActivities=1 lastActiveTime=3078351 supportsMultiWindow=true resizeMode=0 isResizeable=false minWidth=-1 minHeight=-1 defaultMinSize=220 token=WCT{RemoteToken{81bada8 Task{fdee71d #53 type=dream A=10043:android:com.dangbei.lerad.screensaver/dream}}} topActivityType=5 pictureInPictureParams=null shouldDockBigOverlays=true launchIntoPipHostTaskId=-1 lastParentTaskIdBeforePip=-1 displayCutoutSafeInsets=null topActivityInfo=ActivityInfo{aa250c1 android.service.dreams.DreamActivity} launchCookies=[] positionInParent=Point(0, 0) parentTaskId=-1 isFocused=false isVisible=false isVisibleRequested=false isSleeping=false topActivityInSizeCompat=false topActivityEligibleForLetterboxEducation= false isLetterboxDoubleTapEnabled= false topActivityEligibleForUserAspectRatioButton= false topActivityBoundsLetterboxed= false isFromLetterboxDoubleTap= false topActivityLetterboxVerticalPosition= -1 topActivityLetterboxHorizontalPosition= -1 topActivityLetterboxWidth=-1 topActivityLetterboxHeight=-1 isUserFullscreenOverrideEnabled=false isTopActivityTransparent=false locusId=null displayAreaFeatureId=1 cameraCompatControlState=hidden}, remoteTransition = null, displayChange = null, flags = 0 }
06-24 12:01:10.734 685 708 V WindowManager: startWCT=WindowContainerTransaction { changes = {} hops = [] errorCallbackToken=null taskFragmentOrganizer=null }
06-24 12:01:10.734 685 708 V WindowManager: info={id=92 t=OPEN f=0x0 trk=0 r=[0@Point(0, 0)] c=[{WCT{RemoteToken{1fd6066 Task{78573f4 #52 type=dream}}} m=TO_FRONT f=NONE leash=Surface(name=Task=52)/@0x127a545 sb=Rect(0, 0 - 1920, 1080) eb=Rect(0, 0 - 1920, 1080) d=0},{WCT{RemoteToken{30b1e82 Task{4d21fd0 #1 type=home}}} m=TO_BACK f=NONE leash=Surface(name=Task=1)/@0x54f0375 sb=Rect(0, 0 - 1920, 1080) eb=Rect(0, 0 - 1920, 1080) d=0}]}
06-24 12:01:10.734 685 708 V WindowManager: Finish Transition #92: created at
06-24 12:01:10.434 collect-started=0.29ms request-sent=16.371ms started=21.795ms ready=29.627ms sent=281.904ms finished=294.357ms
06-24 12:01:10.781 685 13323 D CompatibilityChangeReporter: Compat change id reported: 214016041; UID 10043; state: ENABLED
06-24 12:01:10.936 0 0 E : [2 T23023 ..] mediaproxy produce init [aml-vcodec-dec]
06-24 12:01:10.936 0 0 I : [2 T23023 ..] Mediaproxy is opened name[aml-vcodec-dec]\n
06-24 12:01:10.936 0 0 I : [2 T23023 ..] Mediaproxy is opened name[aml-vcodec-dec] end\n
06-24 12:01:10.937 0 0 E : [2 T23023 ..] mediaproxy produce start connect
06-24 12:01:10.938 0 0 I : [2 T23023 ..] find p kfifo size:[32][2]
06-24 12:01:10.939 0 0 I : [2 T23023 ..] mediaproxy_get_fifo get idx[2]
06-24 12:01:10.939 0 0 I : [2 T23023 ..] Session producer-2 is connected fifo idx [2]
06-24 12:01:10.940 0 0 E : [2 T23023 ..] mediaproxy produce connect [2]
06-24 12:01:10.941 0 0 I : [2 T23023 ..] mediaproxy produce msg type :0x40 module_name:aml-vcodec-dec
06-24 12:01:10.942 0 0 I : [2 T23023 ..] deinit session
06-24 12:01:10.942 0 0 I : [2 T23023 ..] deinit session producer-2
06-24 12:01:10.943 0 0 I : [2 T23023 ..] deinit has_unusing_fifo [1]
06-24 12:01:10.943 0 0 I : [0 T98 ..] p_fifo[2] name[aml-vcodec-dec] state[0] to MP_FIFO_UNUSED
06-24 12:01:10.944 0 0 E : [3 T23023 ..] mediaproxy produce init [aml-vcodec-dec]
06-24 12:01:10.945 0 0 I : [3 T23023 ..] Mediaproxy is opened name[aml-vcodec-dec]\n
06-24 12:01:10.945 0 0 I : [3 T23023 ..] Mediaproxy is opened name[aml-vcodec-dec] end\n
06-24 12:01:10.946 0 0 E : [3 T23023 ..] mediaproxy produce start connect
06-24 12:01:10.947 0 0 I : [3 T23023 ..] find p kfifo size:[32][2]
06-24 12:01:10.948 0 0 I : [3 T23023 ..] mediaproxy_get_fifo get idx[2]
06-24 12:01:10.949 0 0 I : [3 T23023 ..] Session producer-2 is connected fifo idx [2]
06-24 12:01:10.949 0 0 E : [3 T23023 ..] mediaproxy produce connect [2]
06-24 12:01:10.950 0 0 I : [3 T23023 ..] mediaproxy produce msg type :0x40 module_name:aml-vcodec-dec
06-24 12:01:10.953 0 0 I : [3 T23023 ..] deinit session
06-24 12:01:10.953 0 0 I : [3 T23023 ..] deinit session producer-2
06-24 12:01:10.953 0 0 I : [3 T23023 ..] deinit has_unusing_fifo [1]
06-24 12:01:10.954 0 0 I : [1 T98 ..] p_fifo[2] name[aml-vcodec-dec] state[0] to MP_FIFO_UNUSED
06-24 12:01:10.955 0 0 I : [0 T23023 ..] codec mem info:
06-24 12:01:10.955 0 0 I : [0 T23023 ..] total codec mem size:364 MB
06-24 12:01:10.956 0 0 I : [0 T23023 ..] alloced size= 0 MB
06-24 12:01:10.956 0 0 I : [0 T23023 ..] max alloced: 119 MB
06-24 12:01:10.957 0 0 I [0 T23023 ..] CMA: 0,RES:0,TVP:0,SYS:0,COHER:0,VMAPED:0 MB
06-24 12:01:10.958 0 0 I [0 T23023 ..] RES_EXT: 0 MB
06-24 12:01:10.958 0 0 I : [0 T23023 ..] [4]CMA size:364 MB:alloced: 0 MB,free:364 MB
06-24 12:01:10.959 0 0 I : [0 T23023 ..] codec mem info:
06-24 12:01:10.959 0 0 I : [0 T23023 ..] total codec mem size:364 MB
06-24 12:01:10.960 0 0 I : [0 T23023 ..] alloced size= 0 MB
06-24 12:01:10.961 0 0 I : [0 T23023 ..] max alloced: 119 MB
06-24 12:01:10.961 0 0 I [0 T23023 ..] CMA: 0,RES:0,TVP:0,SYS:0,COHER:0,VMAPED:0 MB
06-24 12:01:10.962 0 0 I [0 T23023 ..] RES_EXT: 0 MB
06-24 12:01:10.962 0 0 I : [0 T23023 ..] [4]CMA size:364 MB:alloced: 0 MB,free:364 MB
06-24 12:01:10.964 0 0 E : [1 T23029 ..] mediaproxy produce init [aml-vcodec-dec]
06-24 12:01:10.964 0 0 I : [1 T23029 ..] Mediaproxy is opened name[aml-vcodec-dec]\n
06-24 12:01:10.964 0 0 I : [1 T23029 ..] Mediaproxy is opened name[aml-vcodec-dec] end\n
06-24 12:01:10.965 0 0 E : [1 T23029 ..] mediaproxy produce start connect
06-24 12:01:10.967 0 0 I : [1 T23029 ..] find p kfifo size:[32][2]
06-24 12:01:10.967 0 0 I : [1 T23029 ..] mediaproxy_get_fifo get idx[2]
06-24 12:01:10.968 0 0 I : [1 T23029 ..] Session producer-2 is connected fifo idx [2]
06-24 12:01:10.969 0 0 E : [1 T23029 ..] mediaproxy produce connect [2]
06-24 12:01:10.969 0 0 I : [1 T23029 ..] mediaproxy produce msg type :0x40 module_name:aml-vcodec-dec
06-24 12:01:10.971 0 0 I : [1 T23029 ..] deinit session
06-24 12:01:10.971 0 0 I : [1 T23029 ..] deinit session producer-2
06-24 12:01:10.971 0 0 I : [1 T23029 ..] deinit has_unusing_fifo [1]
06-24 12:01:10.972 0 0 I : [2 T98 ..] p_fifo[2] name[aml-vcodec-dec] state[0] to MP_FIFO_UNUSED
06-24 12:01:10.972 0 0 E : [1 T23029 ..] mediaproxy produce init [aml-vcodec-dec]
06-24 12:01:10.974 0 0 I : [1 T23029 ..] Mediaproxy is opened name[aml-vcodec-dec]\n
06-24 12:01:10.974 0 0 I : [1 T23029 ..] Mediaproxy is opened name[aml-vcodec-dec] end\n
06-24 12:01:10.974 0 0 E : [1 T23029 ..] mediaproxy produce start connect
06-24 12:01:10.976 0 0 I : [1 T23029 ..] find p kfifo size:[32][2]
06-24 12:01:10.976 0 0 I : [1 T23029 ..] mediaproxy_get_fifo get idx[2]
06-24 12:01:10.977 0 0 I : [1 T23029 ..] Session producer-2 is connected fifo idx [2]
06-24 12:01:10.978 0 0 E : [1 T23029 ..] mediaproxy produce connect [2]
06-24 12:01:10.979 0 0 I : [1 T23029 ..] mediaproxy produce msg type :0x40 module_name:aml-vcodec-dec
06-24 12:01:10.980 0 0 I [1 T23029 ..] [amlv4l]: [77]: DW:3, TW:0, Margin:6
06-24 12:01:10.981 0 0 D [3 T23034 ..] [amlcom]: vdec_create instance 000000007cb4c5b1, total 1, PM: power-domain
06-24 12:01:10.981 0 0 D [3 T23034 ..] [media_clock]: hevc mux clock is 799999988 Hz
06-24 12:01:10.981 0 0 I [3 T23034 ..] [amlcom]: dos_local_config end, id 3, is_on 1
06-24 12:01:10.981 0 0 I [3 T23034 ..] [amlcom]: vdec_init, dev_name:ammvdec_h265_v4l, vdec_type=VDEC_TYPE_FRAME_BLOCK, format: 11, total: 1
06-24 12:01:10.984 0 0 D [3 T23034 ..] [h265]: [0]pdata->config=parm_v4l_codec_enable:1;parm_v4l_buffer_margin:6;hevc_double_write_mode:3;hevc_triple_write_mode:0;hevc_buf_width:4096;hevc_buf_height:2304;save_buffer_mode:0;parm_v4l_canvas_mem_mode:0;parm_v4l_canvas_mem_endian:0;parm_v4l_low_latency_mode:0;parm_v4l_metadata_config_flag:1050626;parm_v4l_duration:0;dv_profile:0;parm_v4l_error_handle_info:0;
06-24 12:01:10.984 0 0 D [3 T23034 ..] [h265]: [0]discard dv data
06-24 12:01:10.984 0 0 D [3 T23034 ..] [h265]: [0]dv_profile: 0
06-24 12:01:10.984 0 0 D [3 T23034 ..] [h265]: [0]Correction: policy 0x2 mode 2 lcu_percentage_threshold 0
06-24 12:01:10.986 0 0 D [2 T23034 ..] [h265]: [0]dynamic_buf_num_margin=6
06-24 12:01:10.986 0 0 D [2 T23034 ..] [h265]: [0]double_write_mode=3
06-24 12:01:10.986 0 0 D [2 T23034 ..] [h265]: [0]nal_skip_policy=2
06-24 12:01:10.986 0 0 D [2 T23034 ..] [h265]: [0]h265:pts_unstable=0
06-24 12:01:10.986 0 0 D [2 T23034 ..] [h265]: [0]h265: ver (201602101,0) decinfo: 0x0 rate=3600
06-24 12:01:10.986 0 0 D [2 T23034 ..] [h265]: ucode version 4.184, swap enable 1
06-24 12:01:10.986 0 0 D [2 T23034 ..] [media_clock]: hevc mux clock is 799999988 Hz
06-24 12:01:10.986 0 0 D [2 T23034 ..] [amlcom]: hevc video changed to 3840 x 2160 60 fps clk->800MHZ
06-24 12:01:10.990 0 0 I [3 T23023 ..] [amlv4l]: [77]: set vf duration: c80
06-24 12:01:11.018 0 0 I [1 T23034 ..] [amlv4l]: [77]: reset mode: 1, es frames buffering: 0
06-24 12:01:11.018 0 0 D [1 T23034 ..] [h265]: [0]h265:pts_unstable=0
06-24 12:01:11.018 0 0 D [1 T23034 ..] [h265]: [0]h265: ver (201602101,0) decinfo: 0x0 rate=3600
06-24 12:01:11.035 0 0 D [1 T23029 ..] [amlcom]: vdec_release instance 000000007cb4c5b1, total 1
06-24 12:01:11.036 0 0 I [1 T23029 ..] [amlcom]: dos_local_config end, id 3, is_on 0
06-24 12:01:11.036 0 0 D [1 T23029 ..] [media_clock]: the clk_hevcf_mux clock off, ref cnt: 0
06-24 12:01:11.036 0 0 I : [1 T23029 ..] deinit session
06-24 12:01:11.036 0 0 I : [1 T23029 ..] deinit session producer-2
06-24 12:01:11.037 0 0 I : [1 T23029 ..] deinit has_unusing_fifo [1]
06-24 12:01:11.037 0 0 I : [2 T98 ..] p_fifo[2] name[aml-vcodec-dec] state[0] to MP_FIFO_UNUSED
06-24 12:01:11.041 0 0 I : [0 T23023 ..] codec mem info:
06-24 12:01:11.041 0 0 I : [0 T23023 ..] total codec mem size:364 MB
06-24 12:01:11.041 0 0 I : [0 T23023 ..] alloced size= 0 MB
06-24 12:01:11.042 0 0 I : [0 T23023 ..] max alloced: 119 MB
06-24 12:01:11.042 0 0 I [0 T23023 ..] CMA: 0,RES:0,TVP:0,SYS:0,COHER:0,VMAPED:0 MB
06-24 12:01:11.043 0 0 I [0 T23023 ..] RES_EXT: 0 MB
06-24 12:01:11.044 0 0 I : [0 T23023 ..] [4]CMA size:364 MB:alloced: 0 MB,free:364 MB
06-24 12:01:11.045 0 0 I : [0 T23023 ..] codec mem info:
06-24 12:01:11.045 0 0 I : [0 T23023 ..] total codec mem size:364 MB
06-24 12:01:11.046 0 0 I : [0 T23023 ..] alloced size= 0 MB
06-24 12:01:11.046 0 0 I : [0 T23023 ..] max alloced: 119 MB
06-24 12:01:11.047 0 0 I [0 T23023 ..] CMA: 0,RES:0,TVP:0,SYS:0,COHER:0,VMAPED:0 MB
06-24 12:01:11.047 0 0 I [0 T23023 ..] RES_EXT: 0 MB
06-24 12:01:11.048 0 0 I : [0 T23023 ..] [4]CMA size:364 MB:alloced: 0 MB,free:364 MB
06-24 12:01:11.050 0 0 E : [2 T23046 ..] mediaproxy produce init [aml-vcodec-dec]
06-24 12:01:11.050 0 0 I : [2 T23046 ..] Mediaproxy is opened name[aml-vcodec-dec]\n
06-24 12:01:11.050 0 0 I : [2 T23046 ..] Mediaproxy is opened name[aml-vcodec-dec] end\n
06-24 12:01:11.051 0 0 E : [2 T23046 ..] mediaproxy produce start connect
06-24 12:01:11.052 0 0 I : [2 T23046 ..] find p kfifo size:[32][2]
06-24 12:01:11.053 0 0 I : [2 T23046 ..] mediaproxy_get_fifo get idx[2]
06-24 12:01:11.053 0 0 I : [2 T23046 ..] Session producer-2 is connected fifo idx [2]
06-24 12:01:11.054 0 0 E : [2 T23046 ..] mediaproxy produce connect [2]
06-24 12:01:11.055 0 0 I : [2 T23046 ..] mediaproxy produce msg type :0x40 module_name:aml-vcodec-dec
06-24 12:01:11.057 0 0 I : [1 T23046 ..] deinit session
06-24 12:01:11.057 0 0 I : [1 T23046 ..] deinit session producer-2
06-24 12:01:11.057 0 0 I : [1 T23046 ..] deinit has_unusing_fifo [1]
06-24 12:01:11.058 0 0 I : [2 T98 ..] p_fifo[2] name[aml-vcodec-dec] state[0] to MP_FIFO_UNUSED
06-24 12:01:11.059 0 0 E : [1 T23046 ..] mediaproxy produce init [aml-vcodec-dec]
06-24 12:01:11.060 0 0 I : [1 T23046 ..] Mediaproxy is opened name[aml-vcodec-dec]\n
06-24 12:01:11.060 0 0 I : [1 T23046 ..] Mediaproxy is opened name[aml-vcodec-dec] end\n
06-24 12:01:11.061 0 0 E : [1 T23046 ..] mediaproxy produce start connect
06-24 12:01:11.062 0 0 I : [1 T23046 ..] find p kfifo size:[32][2]
06-24 12:01:11.063 0 0 I : [1 T23046 ..] mediaproxy_get_fifo get idx[2]
06-24 12:01:11.063 0 0 I : [1 T23046 ..] Session producer-2 is connected fifo idx [2]
06-24 12:01:11.064 0 0 E : [1 T23046 ..] mediaproxy produce connect [2]
06-24 12:01:11.065 0 0 I : [1 T23046 ..] mediaproxy produce msg type :0x40 module_name:aml-vcodec-dec
06-24 12:01:11.069 0 0 I [1 T23046 ..] [amlv4l]: [79]: DW:1, TW:0, Margin:6
06-24 12:01:11.070 0 0 D [2 T23052 ..] [amlcom]: vdec_create instance 00000000bf1d2dd9, total 1, PM: power-domain
06-24 12:01:11.070 0 0 D [2 T23052 ..] [media_clock]: hevc mux clock is 799999988 Hz
06-24 12:01:11.071 0 0 I [1 T23052 ..] [amlcom]: dos_local_config end, id 3, is_on 1
06-24 12:01:11.071 0 0 I [1 T23052 ..] [amlcom]: vdec_init, dev_name:ammvdec_h265_v4l, vdec_type=VDEC_TYPE_FRAME_BLOCK, format: 11, total: 1
06-24 12:01:11.073 0 0 D [1 T23052 ..] [h265]: [0]pdata->config=parm_v4l_codec_enable:1;parm_v4l_buffer_margin:6;hevc_double_write_mode:1;hevc_triple_write_mode:0;hevc_buf_width:4096;hevc_buf_height:2304;save_buffer_mode:0;parm_v4l_canvas_mem_mode:0;parm_v4l_canvas_mem_endian:0;parm_v4l_low_latency_mode:0;parm_v4l_metadata_config_flag:1574914;parm_v4l_duration:0;dv_profile:0;parm_v4l_error_handle_info:0;
06-24 12:01:11.073 0 0 D [1 T23052 ..] [h265]: [0]discard dv data
06-24 12:01:11.073 0 0 D [1 T23052 ..] [h265]: [0]dv_profile: 0
06-24 12:01:11.073 0 0 D [1 T23052 ..] [h265]: [0]Correction: policy 0x2 mode 2 lcu_percentage_threshold 0
06-24 12:01:11.079 0 0 D [1 T23052 ..] [h265]: [0]dynamic_buf_num_margin=6
06-24 12:01:11.079 0 0 D [1 T23052 ..] [h265]: [0]double_write_mode=1
06-24 12:01:11.079 0 0 D [1 T23052 ..] [h265]: [0]nal_skip_policy=2
06-24 12:01:11.079 0 0 D [1 T23052 ..] [h265]: [0]h265:pts_unstable=0
06-24 12:01:11.079 0 0 D [1 T23052 ..] [h265]: [0]h265: ver (201602101,0) decinfo: 0x0 rate=3600
06-24 12:01:11.087 0 0 D [2 T23052 ..] [h265]: ucode version 4.184, swap enable 1
06-24 12:01:11.087 0 0 D [2 T23052 ..] [media_clock]: hevc mux clock is 799999988 Hz
06-24 12:01:11.087 0 0 D [2 T23052 ..] [amlcom]: hevc video changed to 3840 x 2160 60 fps clk->800MHZ
06-24 12:01:11.088 0 0 I [3 T23023 ..] [amlv4l]: [79]: set vf duration: c80
06-24 12:01:11.103 0 0 D [3 T240 ..] [h265]: [0]vh265 cached=0 need_size=16384 speed= 32 ms
06-24 12:01:11.103 0 0 D [0 T238 ..] [h265]: set ucode parse
06-24 12:01:11.103 0 0 W : [0 T238 ..] hevc get comp info: 64 65536 797
06-24 12:01:11.103 0 0 D [0 T238 ..] [h265]: margin = 6, sps_max_dec_pic_buffering_minus1_0 = 5
06-24 12:01:11.103 0 0 I [0 T238 ..] [amlv4l]: [79]: Parse from ucode, visible(1920 x 1080), coded(1920 x 1088), scan:P, bitdepth(8), DW/TW(1, 0)
06-24 12:01:11.103 0 0 I [1 T23052 ..] [amlv4l]: [79]: Picture buffer count: dec:7, vpp:0, ge2d:0, margin:6, total:13
06-24 12:01:11.106 0 0 D [1 T23052 ..] [amlv4l]: [79]: Post event: res chg
06-24 12:01:11.118 0 0 D [0 T238 ..] [h265]: [0]hevc->performance_profile 0
06-24 12:01:11.119 0 0 D [0 T238 ..] [h265]: [0]set pic_list_init_flag 1
06-24 12:01:11.119 0 0 D [2 T22524 ..] [h265]: [0]init_buf_spec2 1920 1080
06-24 12:01:11.119 0 0 D [2 T22524 ..] [h265]: [0]set pic_list_init_flag to 2
06-24 12:01:11.119 0 0 D [0 T238 ..] [h265]: [0]set pic_list_init_flag to 3
06-24 12:01:11.119 0 0 D [0 T238 ..] [h265]: [vdec_kpi][vh265_isr_thread_fn] First I frame coming.
06-24 12:01:11.124 0 0 D [0 T238 ..] [h265]: [0]VH265: output first frame poc 0
06-24 12:01:11.124 0 0 D [0 T238 ..] [h265]: [0]decoder duration change old: 0 new: 3200
06-24 12:01:11.124 0 0 D [0 T238 ..] [h265]: [vdec_kpi][post_video_frame] First I frame decoded.
06-24 12:01:13.776 20454 23093 E ActivityThread: Failed to find provider info for com.alipay.setting
06-24 12:01:13.996 0 0 W [0 T23103 ..] audit: audit_lost=2755 audit_rate_limit=5 audit_backlog_limit=64
06-24 12:01:13.996 0 0 E [0 T23103 ..] audit: rate limit exceeded
06-24 12:01:14.506 20454 23123 E ActivityThread: Failed to find provider info for com.alipay.setting
06-24 12:01:14.936 685 719 D CompatibilityChangeReporter: Compat change id reported: 143937733; UID 10051; state: ENABLED
06-24 12:01:14.954 685 719 I ActivityManager: Start proc 23138:com.android.webview:webview_service/u0a51 for service {com.android.webview/org.chromium.android_webview.services.VariationsSeedServer}
06-24 12:01:14.998 685 13323 D CompatibilityChangeReporter: Compat change id reported: 168419799; UID 10051; state: DISABLED
06-24 12:01:14.999 685 13323 D CompatibilityChangeReporter: Compat change id reported: 273564678; UID 10051; state: DISABLED
06-24 12:01:15.001 685 763 D CompatibilityChangeReporter: Compat change id reported: 265195908; UID 10051; state: ENABLED
06-24 12:01:15.007 685 13323 D CompatibilityChangeReporter: Compat change id reported: 170503758; UID 10051; state: ENABLED
06-24 12:01:15.118 685 13323 D CompatibilityChangeReporter: Compat change id reported: 271850009; UID 10051; state: ENABLED
06-24 12:01:15.118 685 13323 D CompatibilityChangeReporter: Compat change id reported: 253665015; UID 10051; state: ENABLED
06-24 12:01:15.119 685 13323 D CompatibilityChangeReporter: Compat change id reported: 194532703; UID 10051; state: ENABLED
06-24 12:01:15.575 20454 23187 E ActivityThread: Failed to find provider info for com.alipay.setting
06-24 12:01:15.671 685 13323 D CompatibilityChangeReporter: Compat change id reported: 261072174; UID 10051; state: ENABLED
06-24 12:01:16.797 0 0 W [1 T20512 ..] audit: audit_lost=2756 audit_rate_limit=5 audit_backlog_limit=64
06-24 12:01:16.799 0 0 E [1 T20512 ..] audit: rate limit exceeded
06-24 12:01:18.979 1407 1731 W ContextImpl: Calling a method in the system process without a qualified user: android.app.ContextImpl.sendBroadcast:1220 android.content.ContextWrapper.sendBroadcast:504 com.dangbei.etna.setting.core.SettingHelper.sendCycleToProjector:257 com.dangbei.etna.setting.core.SettingHelper.sendCycleCheckBroadcast:226 com.dangbei.etna.setting.core.SettingHelper.startLoop$lambda-0:185
06-24 12:01:18.983 685 718 I ActivityManager: Killing 1291:com.android.tv.settings/1000 (adj 985): empty #17
06-24 12:01:18.987 1407 1731 W ContextImpl: Calling a method in the system process without a qualified user: android.app.ContextImpl.sendBroadcast:1220 android.content.ContextWrapper.sendBroadcast:504 com.dangbei.etna.setting.core.SettingHelper.sendCycleToVoice:242 com.dangbei.etna.setting.core.SettingHelper.sendCycleCheckBroadcast:227 com.dangbei.etna.setting.core.SettingHelper.startLoop$lambda-0:185
06-24 12:01:19.020 685 711 W ActivityManager: setHasOverlayUi called on unknown pid: 1291
06-24 12:01:19.807 0 0 W [1 T20512 ..] audit: audit_lost=2758 audit_rate_limit=5 audit_backlog_limit=64
06-24 12:01:19.807 0 0 E [1 T20512 ..] audit: rate limit exceeded
06-24 12:01:21.482 0 0 W : [0 T10746 ..] [aml_send_sync_trace 4388] sync token[63779]
06-24 12:01:21.482 0 0 W : [0 T10746 ..] >>> aml_send_msg()
06-24 12:01:21.484 0 0 W : [3 T1041 ..] ipc_sdio_host_msgack_handler 00000000824136ae
06-24 12:01:21.484 0 0 W : [3 T1041 ..] [aml_msgackind 2039] msg ack hostid=0xffffff80ab406400
06-24 12:01:21.485 0 0 W : [3 T1041 ..] [cmd_mgr_llind 329] cmd tkn[113] flags:0008 result: -4 cmd: 105-MM_SYNC_TRACE - reqcfm( 0-none)
06-24 12:01:21.486 0 0 W : [3 T1041 ..] [cmd_complete 65] cmd tkn[113] flags:0000 result: -4 cmd: 105-MM_SYNC_TRACE - reqcfm( 0-none)
06-24 12:01:25.824 685 780 D ActivityManager: freezing 23138 com.android.webview:webview_service
06-24 12:01:30.589 0 0 W : [1 T1046 ..] [SP FRAME TX] arp req,vif_idx:0 sender:[1c:79:2d:20:62:cb 192.168.3.75]receiver:[00:00:00:00:00:00 192.168.3.154]
06-24 12:01:30.592 0 0 W : [1 T1046 ..] [SP FRAME RX] arp rsp,vif_idx:0 sender:[f2:5c:30:fe:9f:9c 192.168.3.154]receiver:[1c:79:2d:20:62:cb 192.168.3.75]
