06-24 11:55:37.636 0 0 I : [2 T21417 ..] codec mem info:
06-24 11:55:37.636 0 0 I : [2 T21417 ..] total codec mem size:364 MB
06-24 11:55:37.636 0 0 I : [2 T21417 ..] alloced size= 0 MB
06-24 11:55:37.637 0 0 I : [2 T21417 ..] max alloced: 119 MB
06-24 11:55:37.638 0 0 I [2 T21417 ..] CMA: 0,RES:0,TVP:0,SYS:0,COHER:0,VMAPED:0 MB
06-24 11:55:37.642 0 0 I [2 T21417 ..] RES_EXT: 0 MB
06-24 11:55:37.642 0 0 I : [2 T21417 ..] [4]CMA size:364 MB:alloced: 0 MB,free:364 MB
06-24 11:55:37.646 0 0 E : [3 T21427 ..] mediaproxy produce init [aml-vcodec-dec]
06-24 11:55:37.646 0 0 I : [3 T21427 ..] Mediaproxy is opened name[aml-vcodec-dec]\n
06-24 11:55:37.646 0 0 I : [3 T21427 ..] Mediaproxy is opened name[aml-vcodec-dec] end\n
06-24 11:55:37.646 0 0 E : [3 T21427 ..] mediaproxy produce start connect
06-24 11:55:37.648 0 0 I : [3 T21427 ..] find p kfifo size:[32][2]
06-24 11:55:37.649 0 0 I : [3 T21427 ..] mediaproxy_get_fifo get idx[2]
06-24 11:55:37.649 0 0 I : [3 T21427 ..] Session producer-2 is connected fifo idx [2]
06-24 11:55:37.650 0 0 E : [3 T21427 ..] mediaproxy produce connect [2]
06-24 11:55:37.659 0 0 I : [3 T21427 ..] mediaproxy produce msg type :0x40 module_name:aml-vcodec-dec
06-24 11:55:37.669 0 0 I : [2 T21427 ..] deinit session
06-24 11:55:37.669 0 0 I : [2 T21427 ..] deinit session producer-2
06-24 11:55:37.671 0 0 I : [2 T21427 ..] deinit has_unusing_fifo [1]
06-24 11:55:37.673 0 0 I : [2 T98 ..] p_fifo[2] name[aml-vcodec-dec] state[0] to MP_FIFO_UNUSED
06-24 11:55:37.674 0 0 E : [1 T21427 ..] mediaproxy produce init [aml-vcodec-dec]
06-24 11:55:37.678 0 0 I : [1 T21427 ..] Mediaproxy is opened name[aml-vcodec-dec]\n
06-24 11:55:37.678 0 0 I : [1 T21427 ..] Mediaproxy is opened name[aml-vcodec-dec] end\n
06-24 11:55:37.678 0 0 E : [1 T21427 ..] mediaproxy produce start connect
06-24 11:55:37.680 0 0 I : [1 T21427 ..] find p kfifo size:[32][2]
06-24 11:55:37.680 0 0 I : [1 T21427 ..] mediaproxy_get_fifo get idx[2]
06-24 11:55:37.681 0 0 I : [1 T21427 ..] Session producer-2 is connected fifo idx [2]
06-24 11:55:37.682 0 0 E : [1 T21427 ..] mediaproxy produce connect [2]
06-24 11:55:37.682 0 0 I : [1 T21427 ..] mediaproxy produce msg type :0x40 module_name:aml-vcodec-dec
06-24 11:55:37.693 0 0 I [2 T21427 ..] [amlv4l]: [69]: DW:10, TW:0, Margin:6
06-24 11:55:37.695 0 0 I [1 T21417 ..] [amlv4l]: [69]: set vf duration: c80
06-24 11:55:37.695 0 0 D [3 T21434 ..] [amlcom]: vdec_create instance 0000000058e5fa8f, total 1, PM: power-domain
06-24 11:55:37.695 0 0 D [3 T21434 ..] [media_clock]: vdec mux clock is 799999988 Hz
06-24 11:55:37.696 0 0 I [3 T21434 ..] [amlcom]: dos_local_config end, id 0, is_on 1
06-24 11:55:37.696 0 0 I [3 T21434 ..] [amlcom]: vdec_init, dev_name:ammvdec_h264_v4l, vdec_type=VDEC_TYPE_FRAME_BLOCK, format: 2, total: 1
06-24 11:55:37.698 0 0 D [3 T21434 ..] [h264]: 0: pdata->config=parm_v4l_codec_enable:1;mh264_double_write_mode:16;parm_v4l_buffer_margin:6;parm_v4l_canvas_mem_mode:0;parm_v4l_canvas_mem_endian:0;parm_v4l_low_latency_mode:0;parm_v4l_metadata_config_flag:1050626;parm_v4l_duration:0;parm_v4l_error_handle_info:0;
06-24 11:55:37.700 0 0 D [3 T21434 ..] [h264]: 0: ammvdec_h264_probe error_proc_policy 0x813fcff7 mb_count_threshold 0
06-24 11:55:37.700 0 0 D [3 T21434 ..] [h264]: ammvdec_h264_bmmu_init tvp = 0x0
06-24 11:55:37.705 0 0 D [0 T21434 ..] [media_clock]: vdec mux clock is 799999988 Hz
06-24 11:55:37.718 0 0 D [0 T21434 ..] [h264]: vh264_init, phy_addr=cee29000 vaddr=00000000c287798c
06-24 11:55:37.742 0 0 D [2 T18203 ..] [h264]: 0: vmh264_get_ps_info mmu_enable 0 double_write_mode 0x10
06-24 11:55:37.742 0 0 I [2 T18203 ..] [amlv4l]: [69]: Parse from ucode, visible(1280 x 666), coded(1280 x 704), scan:P, bitdepth(0), dw(10)
06-24 11:55:37.742 0 0 I [2 T21434 ..] [amlv4l]: [69]: Picture buffer count: dec:7, vpp:0, ge2d:0, margin:6, total:13
06-24 11:55:37.743 0 0 D [2 T21434 ..] [amlv4l]: [69]: Post event: res chg
06-24 11:55:37.757 0 0 D [3 T18203 ..] [h264]: 0: restriction_flag=0, max_dec_frame_buffering=6, dec_dpb_size=7 num_reorder_frames 4 used_reorder_dpb_size_margin 6
06-24 11:55:37.763 0 0 D [0 T239 ..] [h264]: 0: decoder duration change old: 0 new: 1920
06-24 11:55:37.889 0 0 W [3 T21440 ..] audit: audit_lost=2685 audit_rate_limit=5 audit_backlog_limit=64
06-24 11:55:37.889 0 0 E [3 T21440 ..] audit: rate limit exceeded
06-24 11:55:38.122 0 0 I : [2 T360 ..] di_process_open iminor(inode) =0
06-24 11:55:38.123 0 0 I [2 T360 ..] dim: reg:use[0]ms
06-24 11:55:38.123 0 0 I [2 T360 ..] dim: ins:create:ch[2],tmode[3]
06-24 11:55:38.123 0 0 I [2 T360 ..] dim: out:0x80000000
06-24 11:55:38.127 0 0 E [2 T360 ..] dp: [0]no hdr10+ data.
06-24 11:55:38.127 0 0 E [2 T360 ..] dp: [0]no meta_data.
06-24 11:55:38.127 0 0 E [2 T360 ..] dp: [0]invalid ud param.
06-24 11:55:38.128 0 0 I [3 T108 ..] dim: value reg:ch[2]:fix_buf:0;ponly <0,0> post_nub=5
06-24 11:55:38.128 0 0 I [2 T360 ..] VID: VD1 off
06-24 11:55:38.128 0 0 I [3 T108 ..] dim: di_cnt_i_buf1:tvp:0
06-24 11:55:38.129 0 0 I [2 T360 ..] vc: [0]vc: set enable index=0, val=1
06-24 11:55:38.129 0 0 I [3 T108 ..] dim: di_reg_setting:ch[2]:for first ch reg:
06-24 11:55:38.130 0 0 I [1 T360 ..] VID: VD1 off
06-24 11:55:38.131 0 0 I [3 T108 ..] dim: ch[2]:reg:mem cfg[0][0][0]
06-24 11:55:38.131 0 0 I [1 T360 ..] VID: VD1 set global output as 1
06-24 11:55:38.132 0 0 I [3 T108 ..] dim: ch[2]:bypass change:i:0->1:0x60
06-24 11:55:38.133 0 0 I [1 T360 ..] VID: store VD0 path_id changed -1->2
06-24 11:55:38.134 0 0 I [2 T360 ..] vc: [0]sideband_type =-1
06-24 11:55:38.162 0 0 I [1 T314 ..] dim: pq i:rm 0x1000
06-24 11:55:38.164 0 0 I [1 T314 ..] dim: pq i:rm 0x2000
06-24 11:55:38.168 0 0 I [1 T314 ..] dim: pq i:rm 0x200
06-24 11:55:38.171 0 0 I [1 T314 ..] dim: pq i:rm 0x800
06-24 11:55:40.291 0 0 W [1 T20512 ..] audit: audit_lost=2698 audit_rate_limit=5 audit_backlog_limit=64
06-24 11:55:40.291 0 0 E [1 T20512 ..] audit: rate limit exceeded
06-24 11:55:41.489 0 0 I [3 T21434 ..] [amlv4l]: [69]: reset mode: 1, es frames buffering: 2
06-24 11:55:41.491 0 0 I [3 T21434 ..] [amlv4l]: [69]: reset mode: 1, es frames buffering: 0
06-24 11:55:41.502 0 0 I [0 T21427 ..] [amlv4l]: [69]: reset mode: 1, es frames buffering: 0
06-24 11:55:41.504 0 0 D [2 T21427 ..] [amlcom]: vdec_release instance 0000000058e5fa8f, total 1
06-24 11:55:41.504 0 0 I [3 T21427 ..] [amlcom]: dos_local_config end, id 0, is_on 0
06-24 11:55:41.504 0 0 D [3 T21427 ..] [media_clock]: the clk_vdec_mux clock off, ref cnt: 0
06-24 11:55:41.504 0 0 I : [3 T21427 ..] deinit session
06-24 11:55:41.505 0 0 I : [3 T21427 ..] deinit session producer-2
06-24 11:55:41.505 0 0 I : [3 T21427 ..] deinit has_unusing_fifo [1]
06-24 11:55:41.506 0 0 I : [0 T98 ..] p_fifo[2] name[aml-vcodec-dec] state[0] to MP_FIFO_UNUSED
06-24 11:55:41.598 0 0 I [3 T108 ..] dim: unreg:2keep[0], msk:[0x0,0x0]
06-24 11:55:41.598 0 0 I [3 T108 ..] dim: hf:r:ch[2]:cnt[0]
06-24 11:55:41.599 0 0 I [3 T108 ..] dim: di_unreg_setting:
06-24 11:55:41.600 0 0 I [1 T360 ..] dim: unreg:use[18]ms
06-24 11:55:41.600 0 0 I [1 T360 ..] dim: ins:destroy:ch[2]:end
06-24 11:55:41.601 0 0 I : [1 T360 ..] di process release
06-24 11:55:41.604 0 0 I [1 T360 ..] vc: [0]vc: set enable index=0, val=0
06-24 11:55:41.604 0 0 I [1 T360 ..] VID: store VD0 path_id changed 2->-1
06-24 11:55:41.605 0 0 I [1 T360 ..] VID: VD1 off
06-24 11:55:41.605 0 0 I [1 T360 ..] VID: VD1 set global output as 0
06-24 11:55:41.606 0 0 I : [1 T360 ..] common_vf_unreg_provider video_render.0: vd1 used:true, vd2 used:false, vd3 used:false, f_wait:true (0 0), b_out:0, cur_buf:00000000c149d856
06-24 11:55:41.638 0 0 I [1 T360 ..] dp_put_file_ext: put_file=ffffff802536f900, file_count=7
06-24 11:55:42.282 0 0 W : [2 T20478 .s] [SP FRAME TX] arp req,vif_idx:0 sender:[1c:79:2d:20:62:cb 192.168.3.75]receiver:[00:00:00:00:00:00 192.168.3.224]
06-24 11:55:42.306 0 0 W : [2 T1046 ..] [SP FRAME RX] arp rsp,vif_idx:0 sender:[9a:4b:83:2e:ec:1b 192.168.3.224]receiver:[1c:79:2d:20:62:cb 192.168.3.75]
06-24 11:55:47.914 0 0 W : [0 T0 .s] [SP FRAME TX] arp req,vif_idx:0 sender:[1c:79:2d:20:62:cb 192.168.3.75]receiver:[00:00:00:00:00:00 192.168.3.65]
06-24 11:55:47.984 0 0 W : [3 T1046 ..] [SP FRAME RX] arp rsp,vif_idx:0 sender:[b6:9c:70:ec:40:e7 192.168.3.65]receiver:[1c:79:2d:20:62:cb 192.168.3.75]
06-24 11:55:52.124 0 0 W : [0 T2638 ..] [SP FRAME TX] arp req,vif_idx:0 sender:[1c:79:2d:20:62:cb 192.168.3.75]receiver:[00:00:00:00:00:00 192.168.3.190]
06-24 11:55:52.128 0 0 W : [2 T1046 ..] [SP FRAME RX] arp rsp,vif_idx:0 sender:[12:2c:8d:45:1c:5f 192.168.3.190]receiver:[1c:79:2d:20:62:cb 192.168.3.75]
06-24 11:55:54.925 0 0 I [0 T265 ..] dp_buf: [0:69]di buf_mgr free
06-24 11:55:54.938 685 701 I PowerManagerService: Allowing device wake-up without android.permission.TURN_SCREEN_ON for cn.cibntv.ott
06-24 11:55:56.560 0 0 E : [3 T21637 ..] mediaproxy produce init [aml-vcodec-dec]
06-24 11:55:56.560 0 0 I : [3 T21637 ..] Mediaproxy is opened name[aml-vcodec-dec]\n
06-24 11:55:56.560 0 0 I : [3 T21637 ..] Mediaproxy is opened name[aml-vcodec-dec] end\n
06-24 11:55:56.561 0 0 E : [3 T21637 ..] mediaproxy produce start connect
06-24 11:55:56.561 0 0 I : [3 T21637 ..] find p kfifo size:[32][2]
06-24 11:55:56.601 0 0 I : [3 T21637 ..] mediaproxy_get_fifo get idx[2]
06-24 11:55:56.602 0 0 I : [3 T21637 ..] Session producer-2 is connected fifo idx [2]
06-24 11:55:56.603 0 0 E : [3 T21637 ..] mediaproxy produce connect [2]
06-24 11:55:56.609 0 0 I : [3 T21637 ..] mediaproxy produce msg type :0x40 module_name:aml-vcodec-dec
06-24 11:55:56.673 0 0 W [2 T21650 ..] audit: audit_lost=2703 audit_rate_limit=5 audit_backlog_limit=64
06-24 11:55:56.673 0 0 E [2 T21650 ..] audit: rate limit exceeded
06-24 11:55:56.695 0 0 I : [1 T21637 ..] deinit session
06-24 11:55:56.695 0 0 I : [1 T21637 ..] deinit session producer-2
06-24 11:55:56.696 0 0 I : [1 T21637 ..] deinit has_unusing_fifo [1]
06-24 11:55:56.697 0 0 E : [1 T21637 ..] mediaproxy produce init [aml-vcodec-dec]
06-24 11:55:56.697 0 0 I : [1 T21637 ..] Mediaproxy is opened name[aml-vcodec-dec]\n
06-24 11:55:56.697 0 0 I : [1 T21637 ..] Mediaproxy is opened name[aml-vcodec-dec] end\n
06-24 11:55:56.698 0 0 E : [1 T21637 ..] mediaproxy produce start connect
06-24 11:55:56.698 0 0 I : [0 T98 ..] p_fifo[2] name[aml-vcodec-dec] state[0] to MP_FIFO_UNUSED
06-24 11:55:56.699 0 0 I : [1 T21637 ..] find p kfifo size:[32][2]
06-24 11:55:56.699 0 0 I : [1 T21637 ..] mediaproxy_get_fifo get idx[2]
06-24 11:55:56.699 0 0 I : [1 T21637 ..] Session producer-2 is connected fifo idx [2]
06-24 11:55:56.699 0 0 E : [1 T21637 ..] mediaproxy produce connect [2]
06-24 11:55:56.699 0 0 I : [1 T21637 ..] mediaproxy produce msg type :0x40 module_name:aml-vcodec-dec
06-24 11:55:56.700 0 0 I : [2 T21637 ..] deinit session
06-24 11:55:56.705 0 0 I : [2 T21637 ..] deinit session producer-2
06-24 11:55:56.705 0 0 I : [2 T21637 ..] deinit has_unusing_fifo [1]
06-24 11:55:56.706 0 0 I : [2 T98 ..] p_fifo[2] name[aml-vcodec-dec] state[0] to MP_FIFO_UNUSED
06-24 11:55:56.708 0 0 I : [1 T21637 ..] codec mem info:
06-24 11:55:56.708 0 0 I : [1 T21637 ..] total codec mem size:364 MB
06-24 11:55:56.709 0 0 I : [1 T21637 ..] alloced size= 0 MB
06-24 11:55:56.709 0 0 I : [1 T21637 ..] max alloced: 119 MB
06-24 11:55:56.710 0 0 I [1 T21637 ..] CMA: 0,RES:0,TVP:0,SYS:0,COHER:0,VMAPED:0 MB
06-24 11:55:56.712 0 0 I [1 T21637 ..] RES_EXT: 0 MB
06-24 11:55:56.712 0 0 I : [1 T21637 ..] [4]CMA size:364 MB:alloced: 0 MB,free:364 MB
06-24 11:55:56.712 0 0 I : [1 T21637 ..] codec mem info:
06-24 11:55:56.713 0 0 I : [1 T21637 ..] total codec mem size:364 MB
06-24 11:55:56.713 0 0 I : [1 T21637 ..] alloced size= 0 MB
06-24 11:55:56.714 0 0 I : [1 T21637 ..] max alloced: 119 MB
06-24 11:55:56.714 0 0 I [1 T21637 ..] CMA: 0,RES:0,TVP:0,SYS:0,COHER:0,VMAPED:0 MB
06-24 11:55:56.715 0 0 I [1 T21637 ..] RES_EXT: 0 MB
06-24 11:55:56.716 0 0 I : [1 T21637 ..] [4]CMA size:364 MB:alloced: 0 MB,free:364 MB
06-24 11:55:56.718 0 0 E : [3 T21659 ..] mediaproxy produce init [aml-vcodec-dec]
06-24 11:55:56.718 0 0 I : [3 T21659 ..] Mediaproxy is opened name[aml-vcodec-dec]\n
06-24 11:55:56.718 0 0 I : [3 T21659 ..] Mediaproxy is opened name[aml-vcodec-dec] end\n
06-24 11:55:56.719 0 0 E : [3 T21659 ..] mediaproxy produce start connect
06-24 11:55:56.721 0 0 I : [3 T21659 ..] find p kfifo size:[32][2]
06-24 11:55:56.728 0 0 I : [3 T21659 ..] mediaproxy_get_fifo get idx[2]
06-24 11:55:56.729 0 0 I : [3 T21659 ..] Session producer-2 is connected fifo idx [2]
06-24 11:55:56.729 0 0 E : [3 T21659 ..] mediaproxy produce connect [2]
06-24 11:55:56.730 0 0 I : [3 T21659 ..] mediaproxy produce msg type :0x40 module_name:aml-vcodec-dec
06-24 11:55:56.734 0 0 I : [2 T21659 ..] deinit session
06-24 11:55:56.734 0 0 I : [2 T21659 ..] deinit session producer-2
06-24 11:55:56.734 0 0 I : [2 T21659 ..] deinit has_unusing_fifo [1]
06-24 11:55:56.735 0 0 E : [0 T21659 ..] mediaproxy produce init [aml-vcodec-dec]
06-24 11:55:56.735 0 0 I : [0 T21659 ..] Mediaproxy is opened name[aml-vcodec-dec]\n
06-24 11:55:56.735 0 0 I : [0 T21659 ..] Mediaproxy is opened name[aml-vcodec-dec] end\n
06-24 11:55:56.737 0 0 E : [0 T21659 ..] mediaproxy produce start connect
06-24 11:55:56.738 0 0 I : [0 T21659 ..] success to alloc kfifo size:[32] i=[3]
06-24 11:55:56.739 0 0 I : [0 T21659 ..] find p kfifo size:[32][3]
06-24 11:55:56.739 0 0 I : [3 T98 ..] p_fifo[2] name[aml-vcodec-dec] state[0] to MP_FIFO_UNUSED
06-24 11:55:56.739 0 0 I : [0 T21659 ..] mediaproxy_get_fifo get idx[3]
06-24 11:55:56.739 0 0 I : [0 T21659 ..] Session producer-2 is connected fifo idx [3]
06-24 11:55:56.739 0 0 E : [0 T21659 ..] mediaproxy produce connect [3]
06-24 11:55:56.739 0 0 I : [0 T21659 ..] mediaproxy produce msg type :0x40 module_name:aml-vcodec-dec
06-24 11:55:56.762 0 0 I [1 T21659 ..] [amlv4l]: [73]: DW:10, TW:0, Margin:6
06-24 11:55:56.763 0 0 D [3 T21668 ..] [amlcom]: vdec_create instance 0000000093529a6a, total 1, PM: power-domain
06-24 11:55:56.763 0 0 D [3 T21668 ..] [media_clock]: vdec mux clock is 799999988 Hz
06-24 11:55:56.764 0 0 I [3 T21668 ..] [amlcom]: dos_local_config end, id 0, is_on 1
06-24 11:55:56.764 0 0 I [3 T21668 ..] [amlcom]: vdec_init, dev_name:ammvdec_h264_v4l, vdec_type=VDEC_TYPE_FRAME_BLOCK, format: 2, total: 1
06-24 11:55:56.767 0 0 D [3 T21668 ..] [h264]: 0: pdata->config=parm_v4l_codec_enable:1;mh264_double_write_mode:16;parm_v4l_buffer_margin:6;parm_v4l_canvas_mem_mode:0;parm_v4l_canvas_mem_endian:0;parm_v4l_low_latency_mode:0;parm_v4l_metadata_config_flag:1050626;parm_v4l_duration:0;parm_v4l_error_handle_info:0;
06-24 11:55:56.767 0 0 D [3 T21668 ..] [h264]: 0: ammvdec_h264_probe error_proc_policy 0x813fcff7 mb_count_threshold 0
06-24 11:55:56.767 0 0 D [3 T21668 ..] [h264]: ammvdec_h264_bmmu_init tvp = 0x0
06-24 11:55:56.773 0 0 D [2 T21668 ..] [media_clock]: vdec mux clock is 799999988 Hz
06-24 11:55:56.774 0 0 D [2 T21668 ..] [h264]: vh264_init, phy_addr=cee29000 vaddr=00000000a2978420
06-24 11:55:56.774 0 0 I [0 T21637 ..] [amlv4l]: [73]: set vf duration: c80
06-24 11:55:56.801 0 0 D [3 T17793 ..] [h264]: 0: vmh264_get_ps_info mmu_enable 0 double_write_mode 0x10
06-24 11:55:56.801 0 0 I [3 T17793 ..] [amlv4l]: [73]: Parse from ucode, visible(1280 x 720), coded(1280 x 768), scan:P, bitdepth(0), dw(10)
06-24 11:55:56.809 0 0 I [2 T21668 ..] [amlv4l]: [73]: Picture buffer count: dec:7, vpp:0, ge2d:0, margin:6, total:13
06-24 11:55:56.810 0 0 D [2 T21668 ..] [amlv4l]: [73]: Post event: res chg
06-24 11:55:56.821 0 0 D [3 T10746 ..] [h264]: 0: restriction_flag=0, max_dec_frame_buffering=6, dec_dpb_size=7 num_reorder_frames 4 used_reorder_dpb_size_margin 6
06-24 11:55:56.826 0 0 D [0 T239 ..] [h264]: 0: decoder duration change old: 0 new: 1920
06-24 11:55:57.174 0 0 I : [0 T360 ..] di_process_open iminor(inode) =0
06-24 11:55:57.174 0 0 I [0 T360 ..] dim: reg:use[1]ms
06-24 11:55:57.174 0 0 I [0 T360 ..] dim: ins:create:ch[2],tmode[3]
06-24 11:55:57.175 0 0 I [0 T360 ..] dim: out:0x80000000
06-24 11:55:57.179 0 0 E [0 T360 ..] dp: [0]no hdr10+ data.
06-24 11:55:57.179 0 0 E [0 T360 ..] dp: [0]no meta_data.
06-24 11:55:57.179 0 0 E [0 T360 ..] dp: [0]invalid ud param.
06-24 11:55:57.180 0 0 I [3 T108 ..] dim: value reg:ch[2]:fix_buf:0;ponly <0,0> post_nub=5
06-24 11:55:57.180 0 0 I [0 T360 ..] VID: VD1 off
06-24 11:55:57.181 0 0 I [3 T108 ..] dim: di_cnt_i_buf1:tvp:0
06-24 11:55:57.181 0 0 I [0 T360 ..] vc: [0]vc: set enable index=0, val=1
06-24 11:55:57.182 0 0 I [3 T108 ..] dim: di_reg_setting:ch[2]:for first ch reg:
06-24 11:55:57.183 0 0 I [1 T360 ..] VID: VD1 off
06-24 11:55:57.183 0 0 I [3 T108 ..] dim: ch[2]:reg:mem cfg[0][0][0]
06-24 11:55:57.184 0 0 I [1 T360 ..] VID: VD1 set global output as 1
06-24 11:55:57.184 0 0 I [3 T108 ..] dim: ch[2]:bypass change:i:0->1:0x60
06-24 11:55:57.185 0 0 I [1 T360 ..] VID: store VD0 path_id changed -1->2
06-24 11:55:57.186 0 0 I [1 T360 ..] vc: [0]sideband_type =-1
06-24 11:55:57.210 0 0 I [2 T314 ..] dim: pq i:rm 0x1000
06-24 11:55:57.211 0 0 I [2 T314 ..] dim: pq i:rm 0x2000
06-24 11:55:57.214 0 0 I [2 T314 ..] dim: pq i:rm 0x200
06-24 11:55:57.216 0 0 I [2 T314 ..] dim: pq i:rm 0x800
06-24 11:55:57.235 0 0 W : [0 T1046 ..] [SP FRAME RX] arp req,vif_idx:0 sender:[12:2c:8d:45:1c:5f 192.168.3.190]receiver:[00:00:00:00:00:00 192.168.3.75]
06-24 11:55:57.236 0 0 W : [0 T1046 ..] [SP FRAME TX] arp rsp,vif_idx:0 sender:[1c:79:2d:20:62:cb 192.168.3.75]receiver:[12:2c:8d:45:1c:5f 192.168.3.190]
06-24 11:56:01.676 685 709 D AutofillManagerService: onBackKeyPressed()
06-24 11:56:02.196 0 0 W : [2 T1041 ..] fmac ASSERT (***** assert_rec *****: ) at ip/lmac/src/hal/hal_machw.c:754
06-24 11:56:02.197 0 0 W : [2 T1041 ..] >>> aml_rx_dbg_error_ind()
06-24 11:56:02.197 0 0 E : [2 T1041 ..] aml_sdio mmc1:0000:7: (type 0): dump received
06-24 11:56:02.199 0 0 E : [2 T16993 ..] aml_sdio mmc1:0000:7: Failed to call /usr/bin/aml_umh.sh (/usr/bin/aml_umh.sh returned -524)
06-24 11:56:02.431 0 0 I [2 T21668 ..] [amlv4l]: [73]: reset mode: 1, es frames buffering: 2
06-24 11:56:02.432 0 0 I [1 T21668 ..] [amlv4l]: [73]: reset mode: 1, es frames buffering: 0
06-24 11:56:02.452 0 0 I [0 T21659 ..] [amlv4l]: [73]: reset mode: 1, es frames buffering: 0
06-24 11:56:02.454 0 0 D [1 T21659 ..] [amlcom]: vdec_release instance 0000000093529a6a, total 1
06-24 11:56:02.454 0 0 I [2 T21659 ..] [amlcom]: dos_local_config end, id 0, is_on 0
06-24 11:56:02.454 0 0 D [2 T21659 ..] [media_clock]: the clk_vdec_mux clock off, ref cnt: 0
06-24 11:56:02.455 0 0 I : [2 T21659 ..] deinit session
06-24 11:56:02.455 0 0 I : [2 T21659 ..] deinit session producer-2
06-24 11:56:02.456 0 0 I : [2 T21659 ..] deinit has_unusing_fifo [1]
06-24 11:56:02.456 0 0 I : [3 T98 ..] p_fifo[3] name[aml-vcodec-dec] state[0] to MP_FIFO_UNUSED
06-24 11:56:02.484 0 0 W [0 T21744 ..] audit: audit_lost=2715 audit_rate_limit=5 audit_backlog_limit=64
06-24 11:56:02.485 0 0 E [0 T21744 ..] audit: rate limit exceeded
06-24 11:56:02.509 685 709 D AutofillManagerService: onBackKeyPressed()
06-24 11:56:02.590 0 0 I [3 T108 ..] dim: unreg:2keep[0], msk:[0x0,0x0]
06-24 11:56:02.590 0 0 I [3 T108 ..] dim: hf:r:ch[2]:cnt[0]
06-24 11:56:02.591 0 0 I [3 T108 ..] dim: di_unreg_setting:
06-24 11:56:02.592 0 0 I [0 T360 ..] dim: unreg:use[18]ms
06-24 11:56:02.592 0 0 I [0 T360 ..] dim: ins:destroy:ch[2]:end
06-24 11:56:02.593 0 0 I : [1 T360 ..] di process release
06-24 11:56:02.596 0 0 I [0 T360 ..] vc: [0]vc: set enable index=0, val=0
06-24 11:56:02.596 0 0 I [0 T360 ..] VID: store VD0 path_id changed 2->-1
06-24 11:56:02.596 0 0 I [0 T360 ..] VID: VD1 off
06-24 11:56:02.597 0 0 I [2 T360 ..] VID: VD1 set global output as 0
06-24 11:56:02.598 0 0 I : [1 T360 ..] common_vf_unreg_provider video_render.0: vd1 used:true, vd2 used:false, vd3 used:false, f_wait:true (0 0), b_out:0, cur_buf:00000000c149d856
06-24 11:56:02.625 0 0 I [1 T360 ..] dp_put_file_ext: put_file=ffffff80ac97c8c0, file_count=7
06-24 11:56:03.965 0 0 W : [2 T1041 ..] fmac ASSERT (***** assert_rec *****: ) at ip/lmac/src/hal/hal_machw.c:754
06-24 11:56:03.966 0 0 W : [2 T1041 ..] >>> aml_rx_dbg_error_ind()
06-24 11:56:03.967 0 0 E : [2 T1041 ..] aml_sdio mmc1:0000:7: (type 0): dump received
06-24 11:56:03.967 0 0 E : [2 T16993 ..] aml_sdio mmc1:0000:7: Failed to call /usr/bin/aml_umh.sh (/usr/bin/aml_umh.sh returned -524)
06-24 11:56:04.674 0 0 W : [2 T1041 ..] fmac ASSERT (***** assert_rec *****: ) at ip/lmac/src/hal/hal_machw.c:754
06-24 11:56:04.675 0 0 W : [2 T1041 ..] >>> aml_rx_dbg_error_ind()
06-24 11:56:04.675 0 0 E : [2 T1041 ..] aml_sdio mmc1:0000:7: (type 0): dump received
06-24 11:56:04.676 0 0 E : [2 T16993 ..] aml_sdio mmc1:0000:7: Failed to call /usr/bin/aml_umh.sh (/usr/bin/aml_umh.sh returned -524)
06-24 11:56:05.263 0 0 W : [0 T1046 ..] [SP FRAME RX] DHCP[1 0], vif_idx:0
06-24 11:56:07.468 0 0 W : [2 T2638 ..] [SP FRAME TX] arp req,vif_idx:0 sender:[1c:79:2d:20:62:cb 192.168.3.75]receiver:[00:00:00:00:00:00 192.168.3.3]
06-24 11:56:07.473 0 0 W : [3 T1046 ..] [SP FRAME RX] arp rsp,vif_idx:0 sender:[02:fe:15:17:79:f9 192.168.3.3]receiver:[1c:79:2d:20:62:cb 192.168.3.75]
06-24 11:56:07.628 0 0 W : [3 T1046 ..] [SP FRAME RX] arp req,vif_idx:0 sender:[da:b8:33:f6:93:fe 192.168.3.89]receiver:[00:00:00:00:00:00 192.168.3.75]
06-24 11:56:07.630 0 0 W : [3 T1046 ..] [SP FRAME TX] arp rsp,vif_idx:0 sender:[1c:79:2d:20:62:cb 192.168.3.75]receiver:[da:b8:33:f6:93:fe 192.168.3.89]
06-24 11:56:07.663 0 0 W [2 T20696 ..] audit: audit_lost=2716 audit_rate_limit=5 audit_backlog_limit=64
06-24 11:56:07.663 0 0 E [2 T20696 ..] audit: rate limit exceeded
06-24 11:56:07.857 0 0 W : [3 T1046 ..] [SP FRAME RX] arp req,vif_idx:0 sender:[9a:86:f7:27:5c:25 192.168.3.169]receiver:[00:00:00:00:00:00 192.168.3.75]
06-24 11:56:07.858 0 0 W : [3 T1046 ..] [SP FRAME TX] arp rsp,vif_idx:0 sender:[1c:79:2d:20:62:cb 192.168.3.75]receiver:[9a:86:f7:27:5c:25 192.168.3.169]
06-24 11:56:07.860 0 0 W : [3 T1046 ..] [SP FRAME RX] arp req,vif_idx:0 sender:[10:b2:32:39:59:ba 192.168.3.57]receiver:[00:00:00:00:00:00 192.168.3.75]
06-24 11:56:07.861 0 0 W : [3 T1046 ..] [SP FRAME TX] arp rsp,vif_idx:0 sender:[1c:79:2d:20:62:cb 192.168.3.75]receiver:[10:b2:32:39:59:ba 192.168.3.57]
06-24 11:56:07.903 0 0 W : [3 T1046 ..] [SP FRAME RX] arp req,vif_idx:0 sender:[e2:04:f6:d8:62:00 192.168.3.194]receiver:[00:00:00:00:00:00 192.168.3.75]
06-24 11:56:07.904 0 0 W : [3 T1046 ..] [SP FRAME TX] arp rsp,vif_idx:0 sender:[1c:79:2d:20:62:cb 192.168.3.75]receiver:[e2:04:f6:d8:62:00 192.168.3.194]
06-24 11:56:07.989 0 0 W : [3 T1046 ..] [SP FRAME RX] arp req,vif_idx:0 sender:[28:7b:11:70:4f:bd 192.168.3.156]receiver:[00:00:00:00:00:00 192.168.3.75]
06-24 11:56:07.990 0 0 W : [3 T1046 ..] [SP FRAME TX] arp rsp,vif_idx:0 sender:[1c:79:2d:20:62:cb 192.168.3.75]receiver:[28:7b:11:70:4f:bd 192.168.3.156]
06-24 11:56:08.062 0 0 W : [3 T1046 ..] [SP FRAME RX] arp req,vif_idx:0 sender:[0c:91:60:12:cd:6e 192.168.3.81]receiver:[00:00:00:00:00:00 192.168.3.75]
06-24 11:56:08.063 0 0 W : [3 T1046 ..] [SP FRAME TX] arp rsp,vif_idx:0 sender:[1c:79:2d:20:62:cb 192.168.3.75]receiver:[0c:91:60:12:cd:6e 192.168.3.81]
06-24 11:56:08.368 0 0 W : [3 T1046 ..] [SP FRAME RX] arp req,vif_idx:0 sender:[0c:91:60:12:cd:fc 192.168.3.171]receiver:[00:00:00:00:00:00 192.168.3.75]
06-24 11:56:08.369 0 0 W : [3 T1046 ..] [SP FRAME TX] arp rsp,vif_idx:0 sender:[1c:79:2d:20:62:cb 192.168.3.75]receiver:[0c:91:60:12:cd:fc 192.168.3.171]
06-24 11:56:08.443 0 0 W : [3 T1046 ..] [SP FRAME RX] arp req,vif_idx:0 sender:[02:d1:be:fb:0a:d7 192.168.3.130]receiver:[00:00:00:00:00:00 192.168.3.75]
06-24 11:56:08.444 0 0 W : [3 T1046 ..] [SP FRAME TX] arp rsp,vif_idx:0 sender:[1c:79:2d:20:62:cb 192.168.3.75]receiver:[02:d1:be:fb:0a:d7 192.168.3.130]
06-24 11:56:08.505 0 0 W : [3 T1046 ..] [SP FRAME RX] arp req,vif_idx:0 sender:[56:86:a9:ec:10:a8 192.168.3.19]receiver:[00:00:00:00:00:00 192.168.3.75]
06-24 11:56:08.506 0 0 W : [3 T1046 ..] [SP FRAME TX] arp rsp,vif_idx:0 sender:[1c:79:2d:20:62:cb 192.168.3.75]receiver:[56:86:a9:ec:10:a8 192.168.3.19]
06-24 11:56:08.685 0 0 W : [3 T1046 ..] [SP FRAME RX] arp req,vif_idx:0 sender:[50:ba:02:e7:1e:de 192.168.3.157]receiver:[00:00:00:00:00:00 192.168.3.75]
06-24 11:56:08.686 0 0 W : [3 T1046 ..] [SP FRAME TX] arp rsp,vif_idx:0 sender:[1c:79:2d:20:62:cb 192.168.3.75]receiver:[50:ba:02:e7:1e:de 192.168.3.157]
06-24 11:56:09.981 685 709 D HdmiControlService: Process pid: 685 is calling oneTouchPlay.
06-24 11:56:09.981 685 685 D HdmiControlService: Local device is under address allocation. Save OTP callback for later process.
06-24 11:56:09.985 685 708 D AutofillManagerService: Close system dialogs
06-24 11:56:09.989 901 979 D WindowManagerShell: TvPipMenuController: closeMenu()
06-24 11:56:09.989 901 979 I WindowManagerShell: TvPipMenuController: switchToMenuMode: setting mCurrentMenuMode=MODE_NO_MENU, mPrevMenuMode=MODE_NO_MENU
06-24 11:56:10.003 685 709 I ActivityTaskManager: START u0 {act=android.intent.action.MAIN cat=[android.intent.category.HOME] flg=0x10000100 cmp=com.dangbei.leard.leradlauncher/com.dangbei.launcher.home.LauncherActivity (has extras)} with LAUNCH_SINGLE_TASK from uid 0 (BAL_ALLOW_ALLOWLISTED_UID) result code=2
06-24 11:56:10.003 901 979 V WindowManagerShell: Transition requested: android.os.BinderProxy@6bd8bef TransitionRequestInfo { type = 1, triggerTask = TaskInfo{userId=0 taskId=32 displayId=0 isRunning=true baseIntent=Intent { act=android.intent.action.MAIN cat=[android.intent.category.HOME] flg=0x10800100 cmp=com.dangbei.leard.leradlauncher/com.dangbei.launcher.home.LauncherActivity } baseActivity=ComponentInfo{com.dangbei.leard.leradlauncher/com.dangbei.launcher.home.LauncherActivity} topActivity=ComponentInfo{com.dangbei.leard.leradlauncher/com.dangbei.launcher.home.LauncherActivity} origActivity=null realActivity=ComponentInfo{com.dangbei.leard.leradlauncher/com.dangbei.launcher.home.LauncherActivity} numActivities=1 lastActiveTime=2692262 supportsMultiWindow=true resizeMode=0 isResizeable=false minWidth=-1 minHeight=-1 defaultMinSize=220 token=WCT{android.window.IWindowContainerToken$Stub$Proxy@93196fc} topActivityType=2 pictureInPictureParams=null shouldDockBigOverlays=true launchIntoPipHostTaskId=-1 lastParentTaskIdBeforePip=-1 displayCutoutSafeInsets=null topActivityInfo=ActivityInfo{9064185 com.dangbei.launcher.home.LauncherActivity} launchCookies=[] positionInParent=Point(0, 0) parentTaskId=-1 isFocused=true isVisible=false isVisibleRequested=false isSleeping=false topActivityInSizeCompat=false topActivityEligibleForLetterboxEducation= false isLetterboxDoubleTapEnabled= false topActivityEligibleForUserAspectRatioButton= false topActivityBoundsLetterboxed= false isFromLetterboxDoubleTap= false topActivityLetterboxVerticalPosition= -1 topActivityLetterboxHorizontalPosition= -1 topActivityLetterboxWidth=-1 topActivityLetterboxHeight=-1 isUserFullscreenOverrideEnabled=false isTopActivityTransparent=false locusId=null displayAreaFeatureId=1 cameraCompatControlState=hidden}, remoteTransition = null, displayChange = null, flags = 0 }
06-24 11:56:10.022 685 1069 E Transition: Trying to add a ready-group twice: Display{#0 state=ON size=1920x1080 ROTATION_0}
06-24 11:56:10.025 685 1069 V WindowManager: app ------------- force_land :0
06-24 11:56:10.085 0 0 I [0 T265 ..] dp_buf: [0:73]di buf_mgr free
06-24 11:56:10.085 901 979 V WindowManagerShell: onTransitionReady android.os.BinderProxy@6bd8bef: {id=91 t=OPEN f=0x0 trk=0 r=[0@Point(0, 0)] c=[{WCT{android.window.IWindowContainerToken$Stub$Proxy@96e7101} m=TO_FRONT f=MOVE_TO_TOP leash=Surface(name=Task=1)/@0x17e9bda sb=Rect(0, 0 - 1920, 1080) eb=Rect(0, 0 - 1920, 1080) d=0},{WCT{android.window.IWindowContainerToken$Stub$Proxy@23a9ba6} m=TO_BACK f=NONE leash=Surface(name=Task=51)/@0xb00f80b sb=Rect(0, 0 - 1920, 1080) eb=Rect(0, 0 - 1920, 1080) d=0}]}
06-24 11:56:10.085 901 979 V WindowManagerShell: Playing animation for (#91)android.os.BinderProxy@6bd8bef@0
06-24 11:56:10.086 901 979 V WindowManagerShell: try handler com.android.wm.shell.keyguard.KeyguardTransitionHandler@24e2028
06-24 11:56:10.086 901 979 V WindowManagerShell: try handler com.android.wm.shell.pip.tv.TvPipTransition@1141
06-24 11:56:10.086 901 979 V WindowManagerShell: try handler com.android.wm.shell.activityembedding.ActivityEmbeddingController@e8f56e6
06-24 11:56:10.086 901 979 V WindowManagerShell: try handler com.android.wm.shell.transition.RemoteTransitionHandler@b664427
06-24 11:56:10.086 901 979 V WindowManagerShell: Transition doesn't have explicit remote, search filters for match for {id=91 t=OPEN f=0x0 trk=0 r=[0@Point(0, 0)] c=[{WCT{android.window.IWindowContainerToken$Stub$Proxy@96e7101} m=TO_FRONT f=MOVE_TO_TOP leash=Surface(name=Task=1)/@0x17e9bda sb=Rect(0, 0 - 1920, 1080) eb=Rect(0, 0 - 1920, 1080) d=0},{WCT{android.window.IWindowContainerToken$Stub$Proxy@23a9ba6} m=TO_BACK f=NONE leash=Surface(name=Task=51)/@0xb00f80b sb=Rect(0, 0 - 1920, 1080) eb=Rect(0, 0 - 1920, 1080) d=0}]}
06-24 11:56:10.086 901 979 V WindowManagerShell: Delegate animation for #91 to null
06-24 11:56:10.086 901 979 V WindowManagerShell: try handler com.android.wm.shell.transition.DefaultTransitionHandler@7916d4
06-24 11:56:10.086 901 979 V WindowManagerShell: start default transition animation, info = {id=91 t=OPEN f=0x0 trk=0 r=[0@Point(0, 0)] c=[{WCT{android.window.IWindowContainerToken$Stub$Proxy@96e7101} m=TO_FRONT f=MOVE_TO_TOP leash=Surface(name=Task=1)/@0x17e9bda sb=Rect(0, 0 - 1920, 1080) eb=Rect(0, 0 - 1920, 1080) d=0},{WCT{android.window.IWindowContainerToken$Stub$Proxy@23a9ba6} m=TO_BACK f=NONE leash=Surface(name=Task=51)/@0xb00f80b sb=Rect(0, 0 - 1920, 1080) eb=Rect(0, 0 - 1920, 1080) d=0}]}
06-24 11:56:10.087 901 979 V WindowManagerShell: loadAnimation: anim=android.view.animation.AlphaAnimation@6c509e7 animAttr=0x9 type=OPEN isEntrance=false
06-24 11:56:10.088 901 979 V WindowManagerShell: loadAnimation: anim=android.view.animation.AlphaAnimation@a93c994 animAttr=0x8 type=OPEN isEntrance=true
06-24 11:56:10.094 901 979 V WindowManagerShell: animated by com.android.wm.shell.transition.DefaultTransitionHandler@7916d4
06-24 11:56:10.098 685 708 V WindowManager: Sent Transition #91 createdAt=06-24 11:56:09.995 via request=TransitionRequestInfo { type = 1, triggerTask = TaskInfo{userId=0 taskId=32 displayId=0 isRunning=true baseIntent=Intent { act=android.intent.action.MAIN cat=[android.intent.category.HOME] flg=0x10800100 cmp=com.dangbei.leard.leradlauncher/com.dangbei.launcher.home.LauncherActivity } baseActivity=ComponentInfo{com.dangbei.leard.leradlauncher/com.dangbei.launcher.home.LauncherActivity} topActivity=ComponentInfo{com.dangbei.leard.leradlauncher/com.dangbei.launcher.home.LauncherActivity} origActivity=null realActivity=ComponentInfo{com.dangbei.leard.leradlauncher/com.dangbei.launcher.home.LauncherActivity} numActivities=1 lastActiveTime=2692262 supportsMultiWindow=true resizeMode=0 isResizeable=false minWidth=-1 minHeight=-1 defaultMinSize=220 token=WCT{RemoteToken{a5d9d8d Task{131419d #32 type=home A=1000:com.dangbei.leard.leradlauncher}}} topActivityType=2 pictureInPictureParams=null shouldDockBigOverlays=true launchIntoPipHostTaskId=-1 lastParentTaskIdBeforePip=-1 displayCutoutSafeInsets=null topActivityInfo=ActivityInfo{f394bcd com.dangbei.launcher.home.LauncherActivity} launchCookies=[] positionInParent=Point(0, 0) parentTaskId=-1 isFocused=true isVisible=false isVisibleRequested=false isSleeping=false topActivityInSizeCompat=false topActivityEligibleForLetterboxEducation= false isLetterboxDoubleTapEnabled= false topActivityEligibleForUserAspectRatioButton= false topActivityBoundsLetterboxed= false isFromLetterboxDoubleTap= false topActivityLetterboxVerticalPosition= -1 topActivityLetterboxHorizontalPosition= -1 topActivityLetterboxWidth=-1 topActivityLetterboxHeight=-1 isUserFullscreenOverrideEnabled=false isTopActivityTransparent=false locusId=null displayAreaFeatureId=1 cameraCompatControlState=hidden}, remoteTransition = null, displayChange = null, flags = 0 }
06-24 11:56:10.099 685 708 V WindowManager: startWCT=WindowContainerTransaction { changes = {} hops = [] errorCallbackToken=null taskFragmentOrganizer=null }
06-24 11:56:10.099 685 708 V WindowManager: info={id=91 t=OPEN f=0x0 trk=0 r=[0@Point(0, 0)] c=[{WCT{RemoteToken{30b1e82 Task{4d21fd0 #1 type=home}}} m=TO_FRONT f=MOVE_TO_TOP leash=Surface(name=Task=1)/@0x54f0375 sb=Rect(0, 0 - 1920, 1080) eb=Rect(0, 0 - 1920, 1080) d=0},{WCT{RemoteToken{89b553e Task{5d53c92 #51 type=standard A=10081:cn.cibntv.ott}}} m=TO_BACK f=NONE leash=Surface(name=Task=51)/@0x51be243 sb=Rect(0, 0 - 1920, 1080) eb=Rect(0, 0 - 1920, 1080) d=0}]}
06-24 11:56:10.129 901 979 D WindowManagerShell: TvPipController: onTaskStackChanged()
06-24 11:56:10.147 685 709 W ContextImpl: Calling a method in the system process without a qualified user: android.app.ContextImpl.startService:1899 com.android.server.wm.DisplayPolicy.lambda$focusChangedLw$5:2126 com.android.server.wm.DisplayPolicy.$r8$lambda$Znxk63oh-WzVnzo_WQefN7uxV48:0 com.android.server.wm.DisplayPolicy$$ExternalSyntheticLambda13.run:0 android.os.Handler.handleCallback:958
06-24 11:56:10.211 0 0 W [1 T1762 ..] audit: audit_lost=2717 audit_rate_limit=5 audit_backlog_limit=64
06-24 11:56:10.211 0 0 E [1 T1762 ..] audit: rate limit exceeded
06-24 11:56:10.513 901 979 V WindowManagerShell: Transition animation finished (aborted=false), notifying core (#91)android.os.BinderProxy@6bd8bef@0
06-24 11:56:10.516 685 708 V WindowManager: Finish Transition #91: created at
06-24 11:56:09.995 collect-started=0.063ms request-sent=6.765ms started=9.659ms ready=32.767ms sent=87.644ms finished=519.703ms
06-24 11:56:10.518 901 979 V WindowManagerShell: Track 0 became idle
06-24 11:56:10.518 901 979 V WindowManagerShell: All active transition animations finished
06-24 11:56:10.588 685 4709 I MediaSessionStack: removeSession | record: com.dangbei.dbmusic/MusicService (userId=0)
06-24 11:56:10.589 685 13323 I ActivityManager: Process com.dangbei.dbmusic (pid 20182) has died: prcp FGS
06-24 11:56:10.590 685 13323 W ActivityManager: Scheduling restart of crashed service com.dangbei.dbmusic/.player.service.MusicService in 1000ms for start-requested
06-24 11:56:10.590 685 13323 W ActivityManager: Scheduling restart of crashed service com.dangbei.dbmusic/com.dangbei.downloader.core.DownloadService in 10999ms for start-requested
06-24 11:56:10.591 685 709 D DisplayManagerService: Drop pending events for gone uid 10077
06-24 11:56:11.592 685 718 D CompatibilityChangeReporter: Compat change id reported: 135634846; UID 10077; state: DISABLED
06-24 11:56:11.594 685 719 D CompatibilityChangeReporter: Compat change id reported: 143937733; UID 10077; state: ENABLED
06-24 11:56:11.611 685 719 I ActivityManager: Start proc 21835:com.dangbei.dbmusic/u0a77 for service {com.dangbei.dbmusic/com.dangbei.dbmusic.player.service.MusicService}
06-24 11:56:11.644 685 1076 D CompatibilityChangeReporter: Compat change id reported: 168419799; UID 10077; state: DISABLED
06-24 11:56:11.644 685 1076 D CompatibilityChangeReporter: Compat change id reported: 273564678; UID 10077; state: DISABLED
06-24 11:56:11.646 685 763 D CompatibilityChangeReporter: Compat change id reported: 265195908; UID 10077; state: ENABLED
06-24 11:56:11.652 685 1076 D CompatibilityChangeReporter: Compat change id reported: 170503758; UID 10077; state: DISABLED
06-24 11:56:11.769 685 1076 I MediaSessionStack: addSession to bottom of stack | record: com.dangbei.dbmusic/MusicService (userId=0)
06-24 11:56:11.788 685 1076 D CompatibilityChangeReporter: Compat change id reported: 170668199; UID 10077; state: DISABLED
06-24 11:56:11.789 685 1076 W ActivityManager: Foreground service started from background can not have location/camera/microphone access: service com.dangbei.dbmusic/.player.service.MusicService
06-24 11:56:11.789 685 1076 D CompatibilityChangeReporter: Compat change id reported: 255038118; UID 10077; state: DISABLED
06-24 11:56:11.790 685 1076 D CompatibilityChangeReporter: Compat change id reported: 255042465; UID 10077; state: DISABLED
06-24 11:56:11.790 685 718 V ActivityManager: Attempted to start a foreground service (com.dangbei.dbmusic/.player.service.MusicService) with a broken notification (no icon: Notification(channel=400 shortcut=null contentView=null vibrate=null sound=null defaults=0x0 flags=0x40 color=0x00000000 vis=PRIVATE))
06-24 11:56:11.794 685 13323 W ActivityManager: Foreground service started from background can not have location/camera/microphone access: service com.dangbei.dbmusic/.player.service.MusicService
06-24 11:56:11.795 685 718 V ActivityManager: Attempted to start a foreground service (com.dangbei.dbmusic/.player.service.MusicService) with a broken notification (no icon: Notification(channel=400 shortcut=null contentView=null vibrate=null sound=null defaults=0x0 flags=0x40 color=0x00000000 vis=PRIVATE))
06-24 11:56:11.897 685 701 D CompatibilityChangeReporter: Compat change id reported: 161145287; UID 10077; state: DISABLED
06-24 11:56:11.903 685 1076 D CompatibilityChangeReporter: Compat change id reported: 261072174; UID 10077; state: DISABLED
06-24 11:56:11.960 685 685 W NotificationHistory: Attempted to add notif for locked/gone/disabled user 0
06-24 11:56:12.254 0 0 W [0 T21966 ..] audit: audit_lost=2732 audit_rate_limit=5 audit_backlog_limit=64
06-24 11:56:12.254 0 0 E [0 T21966 ..] audit: rate limit exceeded
06-24 11:56:12.609 0 0 W : [3 T1046 ..] [SP FRAME RX] arp req,vif_idx:0 sender:[02:fe:15:17:79:f9 192.168.3.3]receiver:[00:00:00:00:00:00 192.168.3.75]
06-24 11:56:12.610 0 0 W : [3 T1046 ..] [SP FRAME TX] arp rsp,vif_idx:0 sender:[1c:79:2d:20:62:cb 192.168.3.75]receiver:[02:fe:15:17:79:f9 192.168.3.3]
06-24 11:56:13.340 0 0 W [1 T20512 ..] audit: audit_lost=2734 audit_rate_limit=5 audit_backlog_limit=64
06-24 11:56:13.342 0 0 E [1 T20512 ..] audit: rate limit exceeded
06-24 11:56:13.901 0 0 W : [2 T1041 ..] traffic idle!!
06-24 11:56:14.282 0 0 W : [1 T10746 ..] [aml_send_sync_trace 4388] sync token[63774]
06-24 11:56:14.282 0 0 W : [1 T10746 ..] >>> aml_send_msg()
06-24 11:56:14.283 0 0 W : [2 T1041 ..] ipc_sdio_host_msgack_handler 000000004ccf88a9
06-24 11:56:14.284 0 0 W : [2 T1041 ..] [aml_msgackind 2039] msg ack hostid=0xffffff807ca84900
06-24 11:56:14.285 0 0 W : [2 T1041 ..] [cmd_mgr_llind 329] cmd tkn[108] flags:0008 result: -4 cmd: 105-MM_SYNC_TRACE - reqcfm( 0-none)
06-24 11:56:14.286 0 0 W : [2 T1041 ..] [cmd_complete 65] cmd tkn[108] flags:0000 result: -4 cmd: 105-MM_SYNC_TRACE - reqcfm( 0-none)
06-24 11:56:16.311 0 0 W : [2 T2638 ..] [SP FRAME TX] arp req,vif_idx:0 sender:[1c:79:2d:20:62:cb 192.168.3.75]receiver:[00:00:00:00:00:00 192.168.3.34]
06-24 11:56:16.315 0 0 W : [3 T1046 ..] [SP FRAME RX] arp rsp,vif_idx:0 sender:[92:c8:7a:73:1d:bb 192.168.3.34]receiver:[1c:79:2d:20:62:cb 192.168.3.75]
06-24 11:56:17.868 0 0 W : [3 T1046 ..] [SP FRAME RX] arp req,vif_idx:0 sender:[b6:9c:70:ec:40:e7 192.168.3.65]receiver:[00:00:00:00:00:00 192.168.3.75]
06-24 11:56:17.869 0 0 W : [3 T1046 ..] [SP FRAME TX] arp rsp,vif_idx:0 sender:[1c:79:2d:20:62:cb 192.168.3.75]receiver:[b6:9c:70:ec:40:e7 192.168.3.65]
06-24 11:56:21.509 0 0 W : [3 T1046 ..] [SP FRAME RX] arp req,vif_idx:0 sender:[92:c8:7a:73:1d:bb 192.168.3.34]receiver:[00:00:00:00:00:00 192.168.3.75]
06-24 11:56:21.510 0 0 W : [3 T1046 ..] [SP FRAME TX] arp rsp,vif_idx:0 sender:[1c:79:2d:20:62:cb 192.168.3.75]receiver:[92:c8:7a:73:1d:bb 192.168.3.34]
06-24 11:56:38.735 0 0 W : [3 T1046 ..] [SP FRAME RX] DHCP[1 0], vif_idx:0
06-24 11:56:39.592 0 0 W : [3 T1046 ..] [SP FRAME RX] arp req,vif_idx:0 sender:[12:2c:8d:45:1c:5f 192.168.3.190]receiver:[00:00:00:00:00:00 192.168.3.75]
06-24 11:56:39.593 0 0 W : [3 T1046 ..] [SP FRAME TX] arp rsp,vif_idx:0 sender:[1c:79:2d:20:62:cb 192.168.3.75]receiver:[12:2c:8d:45:1c:5f 192.168.3.190]
06-24 11:56:39.626 0 0 W : [2 T0 .s] [SP FRAME TX] arp req,vif_idx:0 sender:[1c:79:2d:20:62:cb 192.168.3.75]receiver:[00:00:00:00:00:00 192.168.3.190]
06-24 11:56:39.634 0 0 W : [3 T1046 ..] [SP FRAME RX] arp rsp,vif_idx:0 sender:[12:2c:8d:45:1c:5f 192.168.3.190]receiver:[1c:79:2d:20:62:cb 192.168.3.75]
06-24 11:56:58.876 0 0 W : [0 T2638 ..] [SP FRAME TX] arp req,vif_idx:0 sender:[1c:79:2d:20:62:cb 192.168.3.75]receiver:[00:00:00:00:00:00 192.168.3.178]
06-24 11:56:58.886 0 0 W : [3 T1046 ..] [SP FRAME RX] arp rsp,vif_idx:0 sender:[42:b8:8f:60:49:b1 192.168.3.178]receiver:[1c:79:2d:20:62:cb 192.168.3.75]
06-24 11:57:00.417 0 0 W : [1 T2638 ..] [SP FRAME TX] arp req,vif_idx:0 sender:[1c:79:2d:20:62:cb 192.168.3.75]receiver:[00:00:00:00:00:00 192.168.3.45]
06-24 11:57:00.426 0 0 W : [3 T1046 ..] [SP FRAME RX] arp rsp,vif_idx:0 sender:[82:d8:26:78:cd:e3 192.168.3.45]receiver:[1c:79:2d:20:62:cb 192.168.3.75]
06-24 11:57:05.509 0 0 W : [3 T1046 ..] [SP FRAME RX] arp req,vif_idx:0 sender:[82:d8:26:78:cd:e3 192.168.3.45]receiver:[00:00:00:00:00:00 192.168.3.75]
06-24 11:57:05.510 0 0 W : [3 T1046 ..] [SP FRAME TX] arp rsp,vif_idx:0 sender:[1c:79:2d:20:62:cb 192.168.3.75]receiver:[82:d8:26:78:cd:e3 192.168.3.45]
06-24 11:57:15.722 0 0 W : [0 T18203 ..] [aml_send_sync_trace 4388] sync token[63775]
06-24 11:57:15.722 0 0 W : [0 T18203 ..] >>> aml_send_msg()
06-24 11:57:15.723 0 0 W : [2 T1041 ..] ipc_sdio_host_msgack_handler 0000000056e9098e
06-24 11:57:15.724 0 0 W : [2 T1041 ..] [aml_msgackind 2039] msg ack hostid=0xffffff8020910500
06-24 11:57:15.725 0 0 W : [2 T1041 ..] [cmd_mgr_llind 329] cmd tkn[109] flags:0008 result: -4 cmd: 105-MM_SYNC_TRACE - reqcfm( 0-none)
06-24 11:57:15.726 0 0 W : [2 T1041 ..] [cmd_complete 65] cmd tkn[109] flags:0000 result: -4 cmd: 105-MM_SYNC_TRACE - reqcfm( 0-none)
06-24 11:57:18.026 0 0 W : [0 T0 .s] [SP FRAME TX] arp req,vif_idx:0 sender:[1c:79:2d:20:62:cb 192.168.3.75]receiver:[00:00:00:00:00:00 192.168.3.65]
06-24 11:57:18.190 0 0 W : [3 T1046 ..] [SP FRAME RX] arp rsp,vif_idx:0 sender:[b6:9c:70:ec:40:e7 192.168.3.65]receiver:[1c:79:2d:20:62:cb 192.168.3.75]
06-24 11:57:20.074 0 0 W : [0 T0 .s] [SP FRAME TX] arp req,vif_idx:0 sender:[1c:79:2d:20:62:cb 192.168.3.75]receiver:[00:00:00:00:00:00 192.168.3.3]
06-24 11:57:20.141 0 0 W : [3 T1046 ..] [SP FRAME RX] arp rsp,vif_idx:0 sender:[02:fe:15:17:79:f9 192.168.3.3]receiver:[1c:79:2d:20:62:cb 192.168.3.75]
06-24 11:57:22.217 0 0 W : [3 T1046 ..] [SP FRAME RX] arp req,vif_idx:0 sender:[02:fe:15:17:79:f9 192.168.3.3]receiver:[00:00:00:00:00:00 192.168.3.75]
06-24 11:57:22.218 0 0 W : [3 T1046 ..] [SP FRAME TX] arp rsp,vif_idx:0 sender:[1c:79:2d:20:62:cb 192.168.3.75]receiver:[02:fe:15:17:79:f9 192.168.3.3]
06-24 11:57:37.840 0 0 W : [3 T1046 ..] [SP FRAME RX] arp req,vif_idx:0 sender:[20:57:9e:67:7f:db 192.168.3.98]receiver:[00:00:00:00:00:00 192.168.3.75]
06-24 11:57:37.841 0 0 W : [3 T1046 ..] [SP FRAME TX] arp rsp,vif_idx:0 sender:[1c:79:2d:20:62:cb 192.168.3.75]receiver:[20:57:9e:67:7f:db 192.168.3.98]
06-24 11:57:37.874 0 0 W : [3 T1046 ..] [SP FRAME RX] arp req,vif_idx:0 sender:[28:7b:11:70:51:1f 192.168.3.44]receiver:[00:00:00:00:00:00 192.168.3.75]
06-24 11:57:37.875 0 0 W : [3 T1046 ..] [SP FRAME TX] arp rsp,vif_idx:0 sender:[1c:79:2d:20:62:cb 192.168.3.75]receiver:[28:7b:11:70:51:1f 192.168.3.44]
06-24 11:57:37.950 0 0 W : [3 T1046 ..] [SP FRAME RX] arp req,vif_idx:0 sender:[b6:9c:70:ec:40:e7 192.168.3.65]receiver:[00:00:00:00:00:00 192.168.3.75]
06-24 11:57:37.951 0 0 W : [3 T1046 ..] [SP FRAME TX] arp rsp,vif_idx:0 sender:[1c:79:2d:20:62:cb 192.168.3.75]receiver:[b6:9c:70:ec:40:e7 192.168.3.65]
06-24 11:57:38.044 0 0 W : [3 T1046 ..] [SP FRAME RX] arp req,vif_idx:0 sender:[68:39:43:80:0a:5c 192.168.3.209]receiver:[00:00:00:00:00:00 192.168.3.75]
06-24 11:57:38.045 0 0 W : [3 T1046 ..] [SP FRAME TX] arp rsp,vif_idx:0 sender:[1c:79:2d:20:62:cb 192.168.3.75]receiver:[68:39:43:80:0a:5c 192.168.3.209]
06-24 11:57:38.150 0 0 W : [3 T1046 ..] [SP FRAME RX] arp req,vif_idx:0 sender:[28:7b:11:70:4f:bd 192.168.3.156]receiver:[00:00:00:00:00:00 192.168.3.75]
06-24 11:57:38.151 0 0 W : [3 T1046 ..] [SP FRAME TX] arp rsp,vif_idx:0 sender:[1c:79:2d:20:62:cb 192.168.3.75]receiver:[28:7b:11:70:4f:bd 192.168.3.156]
06-24 11:57:38.153 0 0 W : [3 T1046 ..] [SP FRAME RX] arp req,vif_idx:0 sender:[9a:86:f7:27:5c:25 192.168.3.169]receiver:[00:00:00:00:00:00 192.168.3.75]
06-24 11:57:38.154 0 0 W : [3 T1046 ..] [SP FRAME TX] arp rsp,vif_idx:0 sender:[1c:79:2d:20:62:cb 192.168.3.75]receiver:[9a:86:f7:27:5c:25 192.168.3.169]
06-24 11:57:38.312 0 0 W : [3 T1046 ..] [SP FRAME RX] arp req,vif_idx:0 sender:[02:d1:be:fb:0a:d7 192.168.3.130]receiver:[00:00:00:00:00:00 192.168.3.75]
06-24 11:57:38.313 0 0 W : [3 T1046 ..] [SP FRAME TX] arp rsp,vif_idx:0 sender:[1c:79:2d:20:62:cb 192.168.3.75]receiver:[02:d1:be:fb:0a:d7 192.168.3.130]
06-24 11:57:38.394 0 0 W : [3 T1046 ..] [SP FRAME RX] arp req,vif_idx:0 sender:[28:7b:11:70:4f:a5 192.168.3.155]receiver:[00:00:00:00:00:00 192.168.3.75]
06-24 11:57:38.395 0 0 W : [3 T1046 ..] [SP FRAME TX] arp rsp,vif_idx:0 sender:[1c:79:2d:20:62:cb 192.168.3.75]receiver:[28:7b:11:70:4f:a5 192.168.3.155]
06-24 11:57:38.549 0 0 W : [3 T1046 ..] [SP FRAME RX] arp req,vif_idx:0 sender:[0c:91:60:12:cd:8c 192.168.3.70]receiver:[00:00:00:00:00:00 192.168.3.75]
06-24 11:57:38.550 0 0 W : [3 T1046 ..] [SP FRAME TX] arp rsp,vif_idx:0 sender:[1c:79:2d:20:62:cb 192.168.3.75]receiver:[0c:91:60:12:cd:8c 192.168.3.70]
06-24 11:57:38.618 0 0 W : [3 T1046 ..] [SP FRAME RX] arp req,vif_idx:0 sender:[56:86:a9:ec:10:a8 192.168.3.19]receiver:[00:00:00:00:00:00 192.168.3.75]
06-24 11:57:38.619 0 0 W : [3 T1046 ..] [SP FRAME TX] arp rsp,vif_idx:0 sender:[1c:79:2d:20:62:cb 192.168.3.75]receiver:[56:86:a9:ec:10:a8 192.168.3.19]
06-24 11:57:38.646 0 0 W : [3 T1046 ..] [SP FRAME RX] arp req,vif_idx:0 sender:[10:b2:32:39:59:ba 192.168.3.57]receiver:[00:00:00:00:00:00 192.168.3.75]
06-24 11:57:38.647 0 0 W : [3 T1046 ..] [SP FRAME TX] arp rsp,vif_idx:0 sender:[1c:79:2d:20:62:cb 192.168.3.75]receiver:[10:b2:32:39:59:ba 192.168.3.57]
06-24 11:57:38.686 0 0 W : [3 T1046 ..] [SP FRAME RX] arp req,vif_idx:0 sender:[0c:91:60:12:cd:6e 192.168.3.81]receiver:[00:00:00:00:00:00 192.168.3.75]
06-24 11:57:38.687 0 0 W : [3 T1046 ..] [SP FRAME TX] arp rsp,vif_idx:0 sender:[1c:79:2d:20:62:cb 192.168.3.75]receiver:[0c:91:60:12:cd:6e 192.168.3.81]
06-24 11:57:38.747 0 0 W : [3 T1046 ..] [SP FRAME RX] arp req,vif_idx:0 sender:[da:b8:33:f6:93:fe 192.168.3.89]receiver:[00:00:00:00:00:00 192.168.3.75]
06-24 11:57:38.748 0 0 W : [3 T1046 ..] [SP FRAME TX] arp rsp,vif_idx:0 sender:[1c:79:2d:20:62:cb 192.168.3.75]receiver:[da:b8:33:f6:93:fe 192.168.3.89]
06-24 11:57:38.794 0 0 W : [3 T1046 ..] [SP FRAME RX] arp req,vif_idx:0 sender:[e2:04:f6:d8:62:00 192.168.3.194]receiver:[00:00:00:00:00:00 192.168.3.75]
06-24 11:57:38.795 0 0 W : [3 T1046 ..] [SP FRAME TX] arp rsp,vif_idx:0 sender:[1c:79:2d:20:62:cb 192.168.3.75]receiver:[e2:04:f6:d8:62:00 192.168.3.194]
06-24 11:57:38.855 0 0 W : [3 T1046 ..] [SP FRAME RX] arp req,vif_idx:0 sender:[b6:86:f8:35:d4:28 192.168.3.36]receiver:[00:00:00:00:00:00 192.168.3.75]
06-24 11:57:38.856 0 0 W : [3 T1046 ..] [SP FRAME TX] arp rsp,vif_idx:0 sender:[1c:79:2d:20:62:cb 192.168.3.75]receiver:[b6:86:f8:35:d4:28 192.168.3.36]
06-24 11:57:38.886 0 0 W : [3 T1046 ..] [SP FRAME RX] arp req,vif_idx:0 sender:[d2:07:9a:6e:a7:36 192.168.3.27]receiver:[00:00:00:00:00:00 192.168.3.75]
06-24 11:57:38.887 0 0 W : [3 T1046 ..] [SP FRAME TX] arp rsp,vif_idx:0 sender:[1c:79:2d:20:62:cb 192.168.3.75]receiver:[d2:07:9a:6e:a7:36 192.168.3.27]
06-24 11:57:38.995 0 0 W : [3 T1046 ..] [SP FRAME RX] arp req,vif_idx:0 sender:[0c:91:60:12:cd:fc 192.168.3.171]receiver:[00:00:00:00:00:00 192.168.3.75]
06-24 11:57:38.996 0 0 W : [3 T1046 ..] [SP FRAME TX] arp rsp,vif_idx:0 sender:[1c:79:2d:20:62:cb 192.168.3.75]receiver:[0c:91:60:12:cd:fc 192.168.3.171]
06-24 11:57:42.618 685 763 D CompatibilityChangeReporter: Compat change id reported: 218533173; UID 10080; state: DISABLED
06-24 11:57:42.619 685 763 D CompatibilityChangeReporter: Compat change id reported: 262645982; UID 10080; state: DISABLED
06-24 11:58:17.162 0 0 W : [3 T10746 ..] [aml_send_sync_trace 4388] sync token[63776]
06-24 11:58:17.162 0 0 W : [3 T10746 ..] >>> aml_send_msg()
06-24 11:58:17.163 0 0 W : [3 T1041 ..] ipc_sdio_host_msgack_handler 00000000a7ce905c
06-24 11:58:17.164 0 0 W : [3 T1041 ..] [aml_msgackind 2039] msg ack hostid=0xffffff80259e1580
06-24 11:58:17.165 0 0 W : [3 T1041 ..] [cmd_mgr_llind 329] cmd tkn[110] flags:0008 result: -4 cmd: 105-MM_SYNC_TRACE - reqcfm( 0-none)
06-24 11:58:17.166 0 0 W : [3 T1041 ..] [cmd_complete 65] cmd tkn[110] flags:0000 result: -4 cmd: 105-MM_SYNC_TRACE - reqcfm( 0-none)
06-24 11:58:18.876 1407 1731 W ContextImpl: Calling a method in the system process without a qualified user: android.app.ContextImpl.sendBroadcast:1220 android.content.ContextWrapper.sendBroadcast:504 com.dangbei.etna.setting.core.SettingHelper.sendCycleToProjector:257 com.dangbei.etna.setting.core.SettingHelper.sendCycleCheckBroadcast:226 com.dangbei.etna.setting.core.SettingHelper.startLoop$lambda-0:185
06-24 11:58:18.878 1407 1731 W ContextImpl: Calling a method in the system process without a qualified user: android.app.ContextImpl.sendBroadcast:1220 android.content.ContextWrapper.sendBroadcast:504 com.dangbei.etna.setting.core.SettingHelper.sendCycleToVoice:242 com.dangbei.etna.setting.core.SettingHelper.sendCycleCheckBroadcast:227 com.dangbei.etna.setting.core.SettingHelper.startLoop$lambda-0:185
06-24 11:58:36.994 0 0 W : [1 T2638 ..] [SP FRAME TX] arp req,vif_idx:0 sender:[1c:79:2d:20:62:cb 192.168.3.75]receiver:[00:00:00:00:00:00 192.168.3.90]
06-24 11:58:37.003 0 0 W : [3 T1046 ..] [SP FRAME RX] arp rsp,vif_idx:0 sender:[62:e6:cb:ad:3a:47 192.168.3.90]receiver:[1c:79:2d:20:62:cb 192.168.3.75]
06-24 11:58:47.636 0 0 W : [2 T1046 ..] [SP FRAME RX] DHCP[1 0], vif_idx:0
06-24 11:58:48.138 0 0 W : [1 T0 .s] [SP FRAME TX] arp req,vif_idx:0 sender:[1c:79:2d:20:62:cb 192.168.3.75]receiver:[00:00:00:00:00:00 192.168.3.65]
