06-24 12:09:41.325 0 0 W : [2 T1046 ..] [SP FRAME TX] arp rsp,vif_idx:0 sender:[1c:79:2d:20:62:cb 192.168.3.75]receiver:[56:86:a9:ec:10:a8 192.168.3.19]
06-24 12:09:41.342 0 0 W : [2 T1046 ..] [SP FRAME RX] arp req,vif_idx:0 sender:[d2:07:9a:6e:a7:36 192.168.3.27]receiver:[00:00:00:00:00:00 192.168.3.75]
06-24 12:09:41.343 0 0 W : [2 T1046 ..] [SP FRAME TX] arp rsp,vif_idx:0 sender:[1c:79:2d:20:62:cb 192.168.3.75]receiver:[d2:07:9a:6e:a7:36 192.168.3.27]
06-24 12:09:41.454 0 0 W : [3 T0 .s] [SP FRAME TX] arp req,vif_idx:0 sender:[1c:79:2d:20:62:cb 192.168.3.75]receiver:[00:00:00:00:00:00 192.168.3.45]
06-24 12:09:41.473 0 0 W : [2 T1046 ..] [SP FRAME RX] arp rsp,vif_idx:0 sender:[82:d8:26:78:cd:e3 192.168.3.45]receiver:[1c:79:2d:20:62:cb 192.168.3.75]
06-24 12:09:41.529 0 0 W : [2 T1046 ..] [SP FRAME RX] arp req,vif_idx:0 sender:[02:d1:be:fb:0a:d7 192.168.3.130]receiver:[00:00:00:00:00:00 192.168.3.75]
06-24 12:09:41.530 0 0 W : [2 T1046 ..] [SP FRAME TX] arp rsp,vif_idx:0 sender:[1c:79:2d:20:62:cb 192.168.3.75]receiver:[02:d1:be:fb:0a:d7 192.168.3.130]
06-24 12:09:41.721 0 0 W : [0 T1046 ..] [SP FRAME RX] arp req,vif_idx:0 sender:[10:b2:32:39:59:ba 192.168.3.57]receiver:[00:00:00:00:00:00 192.168.3.75]
06-24 12:09:41.722 0 0 W : [0 T1046 ..] [SP FRAME TX] arp rsp,vif_idx:0 sender:[1c:79:2d:20:62:cb 192.168.3.75]receiver:[10:b2:32:39:59:ba 192.168.3.57]
06-24 12:09:41.724 0 0 W : [0 T1046 ..] [SP FRAME RX] arp req,vif_idx:0 sender:[50:ba:02:e7:1e:de 192.168.3.157]receiver:[00:00:00:00:00:00 192.168.3.75]
06-24 12:09:41.726 0 0 W : [0 T1046 ..] [SP FRAME TX] arp rsp,vif_idx:0 sender:[1c:79:2d:20:62:cb 192.168.3.75]receiver:[50:ba:02:e7:1e:de 192.168.3.157]
06-24 12:09:42.986 0 0 W : [2 T1046 ..] [SP FRAME RX] arp req,vif_idx:0 sender:[f2:5c:30:fe:9f:9c 192.168.3.154]receiver:[00:00:00:00:00:00 192.168.3.75]
06-24 12:09:42.987 0 0 W : [2 T1046 ..] [SP FRAME TX] arp rsp,vif_idx:0 sender:[1c:79:2d:20:62:cb 192.168.3.75]receiver:[f2:5c:30:fe:9f:9c 192.168.3.154]
06-24 12:09:42.988 0 0 W : [2 T1046 .s] [SP FRAME TX] arp req,vif_idx:0 sender:[1c:79:2d:20:62:cb 192.168.3.75]receiver:[00:00:00:00:00:00 192.168.3.154]
06-24 12:09:43.014 0 0 W : [2 T1046 ..] [SP FRAME RX] arp rsp,vif_idx:0 sender:[f2:5c:30:fe:9f:9c 192.168.3.154]receiver:[1c:79:2d:20:62:cb 192.168.3.75]
06-24 12:09:52.138 685 725 W BatteryExternalStatsWorker: error reading modem stats:ERROR_PHONE_NOT_AVAILABLE
06-24 12:09:52.138 685 701 W BatteryExternalStatsWorker: error reading Bluetooth stats: 11
06-24 12:09:52.915 0 0 W : [3 T1046 ..] [SP FRAME RX] arp req,vif_idx:0 sender:[28:48:e7:f0:76:bd 192.168.3.210]receiver:[00:00:00:00:00:00 192.168.3.75]
06-24 12:09:52.916 0 0 W : [3 T1046 ..] [SP FRAME TX] arp rsp,vif_idx:0 sender:[1c:79:2d:20:62:cb 192.168.3.75]receiver:[28:48:e7:f0:76:bd 192.168.3.210]
06-24 12:09:53.937 0 0 W : [1 T1046 ..] [SP FRAME RX] arp req,vif_idx:0 sender:[28:48:e7:f0:76:bd 192.168.3.210]receiver:[00:00:00:00:00:00 192.168.3.75]
06-24 12:09:53.938 0 0 W : [1 T1046 ..] [SP FRAME TX] arp rsp,vif_idx:0 sender:[1c:79:2d:20:62:cb 192.168.3.75]receiver:[28:48:e7:f0:76:bd 192.168.3.210]
06-24 12:09:54.914 0 0 W : [2 T1046 ..] [SP FRAME RX] arp req,vif_idx:0 sender:[28:48:e7:f0:76:bd 192.168.3.210]receiver:[00:00:00:00:00:00 192.168.3.75]
06-24 12:09:54.915 0 0 W : [2 T1046 ..] [SP FRAME TX] arp rsp,vif_idx:0 sender:[1c:79:2d:20:62:cb 192.168.3.75]receiver:[28:48:e7:f0:76:bd 192.168.3.210]
06-24 12:09:58.090 0 0 W : [2 T23408 .s] [SP FRAME TX] arp req,vif_idx:0 sender:[1c:79:2d:20:62:cb 192.168.3.75]receiver:[00:00:00:00:00:00 192.168.3.45]
06-24 12:09:59.114 0 0 W : [2 T22957 .s] [SP FRAME TX] arp req,vif_idx:0 sender:[1c:79:2d:20:62:cb 192.168.3.75]receiver:[00:00:00:00:00:00 192.168.3.45]
06-24 12:10:00.138 0 0 W : [2 T0 .s] [SP FRAME TX] arp req,vif_idx:0 sender:[1c:79:2d:20:62:cb 192.168.3.75]receiver:[00:00:00:00:00:00 192.168.3.45]
06-24 12:10:01.162 0 0 W : [2 T23770 .s] [SP FRAME TX] arp req,vif_idx:0 sender:[1c:79:2d:20:62:cb 192.168.3.75]receiver:[00:00:00:00:00:00 192.168.3.45]
06-24 12:10:02.186 0 0 W : [2 T0 .s] [SP FRAME TX] arp req,vif_idx:0 sender:[1c:79:2d:20:62:cb 192.168.3.75]receiver:[00:00:00:00:00:00 192.168.3.45]
06-24 12:10:03.210 0 0 W : [2 T0 .s] [SP FRAME TX] arp req,vif_idx:0 sender:[1c:79:2d:20:62:cb 192.168.3.75]receiver:[00:00:00:00:00:00 192.168.3.45]
06-24 12:10:04.234 0 0 W : [2 T0 .s] [SP FRAME TX] arp req,vif_idx:0 sender:[1c:79:2d:20:62:cb 192.168.3.75]receiver:[00:00:00:00:00:00 192.168.3.45]
06-24 12:10:05.258 0 0 W : [2 T23753 .s] [SP FRAME TX] arp req,vif_idx:0 sender:[1c:79:2d:20:62:cb 192.168.3.75]receiver:[00:00:00:00:00:00 192.168.3.45]
06-24 12:10:06.282 0 0 W : [2 T0 .s] [SP FRAME TX] arp req,vif_idx:0 sender:[1c:79:2d:20:62:cb 192.168.3.75]receiver:[00:00:00:00:00:00 192.168.3.45]
06-24 12:10:07.306 0 0 W : [2 T20607 .s] [SP FRAME TX] arp req,vif_idx:0 sender:[1c:79:2d:20:62:cb 192.168.3.75]receiver:[00:00:00:00:00:00 192.168.3.45]
06-24 12:10:07.503 685 717 I UsageStatsService: User[0] Flushing usage stats to disk
06-24 12:10:08.330 0 0 W : [2 T0 .s] [SP FRAME TX] arp req,vif_idx:0 sender:[1c:79:2d:20:62:cb 192.168.3.75]receiver:[00:00:00:00:00:00 192.168.3.45]
06-24 12:10:08.842 0 0 W : [1 T0 .s] [SP FRAME TX] arp req,vif_idx:0 sender:[1c:79:2d:20:62:cb 192.168.3.75]receiver:[00:00:00:00:00:00 192.168.3.1]
06-24 12:10:08.879 0 0 W : [2 T1046 ..] [SP FRAME RX] arp rsp,vif_idx:0 sender:[70:3a:a6:36:a8:d7 192.168.3.1]receiver:[1c:79:2d:20:62:cb 192.168.3.75]
06-24 12:10:09.354 0 0 W : [2 T0 .s] [SP FRAME TX] arp req,vif_idx:0 sender:[1c:79:2d:20:62:cb 192.168.3.75]receiver:[00:00:00:00:00:00 192.168.3.45]
06-24 12:10:10.378 0 0 W : [2 T0 .s] [SP FRAME TX] arp req,vif_idx:0 sender:[1c:79:2d:20:62:cb 192.168.3.75]receiver:[00:00:00:00:00:00 192.168.3.45]
06-24 12:10:11.402 0 0 W : [2 T0 .s] [SP FRAME TX] arp req,vif_idx:0 sender:[1c:79:2d:20:62:cb 192.168.3.75]receiver:[00:00:00:00:00:00 192.168.3.45]
06-24 12:10:12.430 0 0 W : [2 T0 .s] [SP FRAME TX] arp req,vif_idx:0 sender:[1c:79:2d:20:62:cb 192.168.3.75]receiver:[00:00:00:00:00:00 192.168.3.45]
06-24 12:10:13.450 0 0 W : [2 T23781 .s] [SP FRAME TX] arp req,vif_idx:0 sender:[1c:79:2d:20:62:cb 192.168.3.75]receiver:[00:00:00:00:00:00 192.168.3.45]
06-24 12:10:14.478 0 0 W : [2 T0 .s] [SP FRAME TX] arp req,vif_idx:0 sender:[1c:79:2d:20:62:cb 192.168.3.75]receiver:[00:00:00:00:00:00 192.168.3.45]
06-24 12:10:15.498 0 0 W : [2 T248 .s] [SP FRAME TX] arp req,vif_idx:0 sender:[1c:79:2d:20:62:cb 192.168.3.75]receiver:[00:00:00:00:00:00 192.168.3.45]
06-24 12:10:19.299 1407 1731 W ContextImpl: Calling a method in the system process without a qualified user: android.app.ContextImpl.sendBroadcast:1220 android.content.ContextWrapper.sendBroadcast:504 com.dangbei.etna.setting.core.SettingHelper.sendCycleToProjector:257 com.dangbei.etna.setting.core.SettingHelper.sendCycleCheckBroadcast:226 com.dangbei.etna.setting.core.SettingHelper.startLoop$lambda-0:185
06-24 12:10:19.301 1407 1731 W ContextImpl: Calling a method in the system process without a qualified user: android.app.ContextImpl.sendBroadcast:1220 android.content.ContextWrapper.sendBroadcast:504 com.dangbei.etna.setting.core.SettingHelper.sendCycleToVoice:242 com.dangbei.etna.setting.core.SettingHelper.sendCycleCheckBroadcast:227 com.dangbei.etna.setting.core.SettingHelper.startLoop$lambda-0:185
06-24 12:10:21.502 0 0 W : [0 T2638 ..] [SP FRAME TX] arp req,vif_idx:0 sender:[1c:79:2d:20:62:cb 192.168.3.75]receiver:[00:00:00:00:00:00 192.168.3.45]
06-24 12:10:22.506 0 0 W : [0 T0 .s] [SP FRAME TX] arp req,vif_idx:0 sender:[1c:79:2d:20:62:cb 192.168.3.75]receiver:[00:00:00:00:00:00 192.168.3.45]
06-24 12:10:23.530 0 0 W : [0 T0 .s] [SP FRAME TX] arp req,vif_idx:0 sender:[1c:79:2d:20:62:cb 192.168.3.75]receiver:[00:00:00:00:00:00 192.168.3.45]
06-24 12:10:34.442 0 0 W : [0 T24254 ..] [aml_send_sync_trace 4388] sync token[63788]
06-24 12:10:34.442 0 0 W : [0 T24254 ..] >>> aml_send_msg()
06-24 12:10:34.443 0 0 W : [3 T1041 ..] ipc_sdio_host_msgack_handler 00000000831b5128
06-24 12:10:34.444 0 0 W : [3 T1041 ..] [aml_msgackind 2039] msg ack hostid=0xffffff80a62f4900
06-24 12:10:34.445 0 0 W : [3 T1041 ..] [cmd_mgr_llind 329] cmd tkn[122] flags:0008 result: -4 cmd: 105-MM_SYNC_TRACE - reqcfm( 0-none)
06-24 12:10:34.446 0 0 W : [3 T1041 ..] [cmd_complete 65] cmd tkn[122] flags:0000 result: -4 cmd: 105-MM_SYNC_TRACE - reqcfm( 0-none)
06-24 12:10:48.743 0 0 W : [3 T1046 ..] [SP FRAME RX] DHCP[0 1], vif_idx:0
06-24 12:10:49.776 0 0 W : [0 T1046 ..] [SP FRAME RX] DHCP[0 1], vif_idx:0
06-24 12:10:50.274 0 0 W : [2 T1046 ..] [SP FRAME RX] arp req,vif_idx:0 sender:[b2:33:fc:c9:ef:d5 192.168.3.217]receiver:[00:00:00:00:00:00 192.168.3.75]
06-24 12:10:50.275 0 0 W : [2 T1046 ..] [SP FRAME TX] arp rsp,vif_idx:0 sender:[1c:79:2d:20:62:cb 192.168.3.75]receiver:[b2:33:fc:c9:ef:d5 192.168.3.217]
06-24 12:10:50.314 0 0 W : [1 T22957 .s] [SP FRAME TX] arp req,vif_idx:0 sender:[1c:79:2d:20:62:cb 192.168.3.75]receiver:[00:00:00:00:00:00 192.168.3.217]
06-24 12:10:50.319 0 0 W : [2 T1046 ..] [SP FRAME RX] arp rsp,vif_idx:0 sender:[b2:33:fc:c9:ef:d5 192.168.3.217]receiver:[1c:79:2d:20:62:cb 192.168.3.75]
06-24 12:10:50.830 0 0 W : [1 T0 .s] [SP FRAME TX] arp req,vif_idx:0 sender:[1c:79:2d:20:62:cb 192.168.3.75]receiver:[00:00:00:00:00:00 192.168.3.65]
06-24 12:10:51.296 0 0 W : [1 T1046 ..] [SP FRAME RX] arp rsp,vif_idx:0 sender:[b6:9c:70:ec:40:e7 192.168.3.65]receiver:[1c:79:2d:20:62:cb 192.168.3.75]
06-24 12:10:51.735 0 0 W : [2 T1046 ..] [SP FRAME RX] DHCP[0 1], vif_idx:0
06-24 12:10:55.732 0 0 W : [0 T1046 ..] [SP FRAME RX] DHCP[0 1], vif_idx:0
06-24 12:11:00.042 0 0 W : [1 T23751 .s] [SP FRAME TX] arp req,vif_idx:0 sender:[1c:79:2d:20:62:cb 192.168.3.75]receiver:[00:00:00:00:00:00 192.168.3.90]
06-24 12:11:00.048 0 0 W : [2 T1046 ..] [SP FRAME RX] arp req,vif_idx:0 sender:[62:e6:cb:ad:3a:47 192.168.3.90]receiver:[00:00:00:00:00:00 192.168.3.75]
06-24 12:11:00.049 0 0 W : [2 T1046 ..] [SP FRAME TX] arp rsp,vif_idx:0 sender:[1c:79:2d:20:62:cb 192.168.3.75]receiver:[62:e6:cb:ad:3a:47 192.168.3.90]
06-24 12:11:00.051 0 0 W : [2 T1046 ..] [SP FRAME RX] arp rsp,vif_idx:0 sender:[62:e6:cb:ad:3a:47 192.168.3.90]receiver:[1c:79:2d:20:62:cb 192.168.3.75]
06-24 12:11:03.817 0 0 W : [2 T1046 ..] [SP FRAME RX] DHCP[0 1], vif_idx:0
06-24 12:11:10.496 685 685 D TransparencyService: Job to update binary measurements started.
06-24 12:11:10.499 685 794 I WatchlistLoggingHandler: Start aggregating watchlist records.
06-24 12:11:10.512 685 24548 D TransparencyService: Measurement was last taken at 0 and is now updated to: 1750738270512
06-24 12:11:10.527 685 1389 D ActivityManager: sync unfroze 1539 android.process.acore for 7
06-24 12:11:10.578 0 0 I [1 T223 ..] logd: logdr: UID=1000 GID=1000 PID=685 n tail=0 logMask=4 pid=0 start=0ns deadline=0ns
06-24 12:11:10.614 1539 1539 W Looper : Slow delivery took 3612502ms main h=android.database.sqlite.SQLiteConnectionPool$IdleConnectionHandler c=null m=0
06-24 12:11:10.687 685 1389 D CompatibilityChangeReporter: Compat change id reported: 253665015; UID 1000; state: ENABLED
06-24 12:11:10.688 685 1389 D CompatibilityChangeReporter: Compat change id reported: 253665015; UID 1000; state: DISABLED
06-24 12:11:10.689 685 1389 D CompatibilityChangeReporter: Compat change id reported: 194532703; UID 1000; state: ENABLED
06-24 12:11:10.690 685 1389 D CompatibilityChangeReporter: Compat change id reported: 194532703; UID 1000; state: DISABLED
06-24 12:11:10.778 0 0 W : [2 T1046 ..] [SP FRAME RX] arp req,vif_idx:0 sender:[20:57:9e:67:7f:db 192.168.3.98]receiver:[00:00:00:00:00:00 192.168.3.75]
06-24 12:11:10.779 0 0 W : [2 T1046 ..] [SP FRAME TX] arp rsp,vif_idx:0 sender:[1c:79:2d:20:62:cb 192.168.3.75]receiver:[20:57:9e:67:7f:db 192.168.3.98]
06-24 12:11:10.866 0 0 W : [2 T1046 ..] [SP FRAME RX] arp req,vif_idx:0 sender:[68:39:43:80:0a:5c 192.168.3.209]receiver:[00:00:00:00:00:00 192.168.3.75]
06-24 12:11:10.867 0 0 W : [2 T1046 ..] [SP FRAME TX] arp rsp,vif_idx:0 sender:[1c:79:2d:20:62:cb 192.168.3.75]receiver:[68:39:43:80:0a:5c 192.168.3.209]
06-24 12:11:10.871 0 0 W : [2 T1046 ..] [SP FRAME RX] arp req,vif_idx:0 sender:[02:d1:be:fb:0a:d7 192.168.3.130]receiver:[00:00:00:00:00:00 192.168.3.75]
06-24 12:11:10.872 0 0 W : [2 T1046 ..] [SP FRAME TX] arp rsp,vif_idx:0 sender:[1c:79:2d:20:62:cb 192.168.3.75]receiver:[02:d1:be:fb:0a:d7 192.168.3.130]
06-24 12:11:10.904 0 0 W : [0 T1046 ..] [SP FRAME RX] arp req,vif_idx:0 sender:[10:b2:32:39:59:ba 192.168.3.57]receiver:[00:00:00:00:00:00 192.168.3.75]
06-24 12:11:10.905 0 0 W : [0 T1046 ..] [SP FRAME TX] arp rsp,vif_idx:0 sender:[1c:79:2d:20:62:cb 192.168.3.75]receiver:[10:b2:32:39:59:ba 192.168.3.57]
06-24 12:11:10.910 0 0 W : [0 T1046 ..] [SP FRAME RX] arp req,vif_idx:0 sender:[b6:86:f8:35:d4:28 192.168.3.36]receiver:[00:00:00:00:00:00 192.168.3.75]
06-24 12:11:10.911 0 0 W : [0 T1046 ..] [SP FRAME TX] arp rsp,vif_idx:0 sender:[1c:79:2d:20:62:cb 192.168.3.75]receiver:[b6:86:f8:35:d4:28 192.168.3.36]
06-24 12:11:10.907 685 763 D CompatibilityChangeReporter: Compat change id reported: 135634846; UID 10016; state: DISABLED
06-24 12:11:10.909 685 763 D CompatibilityChangeReporter: Compat change id reported: 177438394; UID 10016; state: DISABLED
06-24 12:11:10.909 685 763 D CompatibilityChangeReporter: Compat change id reported: 135772972; UID 10016; state: DISABLED
06-24 12:11:10.910 685 763 D CompatibilityChangeReporter: Compat change id reported: 135754954; UID 10016; state: ENABLED
06-24 12:11:10.912 685 719 D CompatibilityChangeReporter: Compat change id reported: 143937733; UID 10016; state: ENABLED
06-24 12:11:10.950 0 0 W : [0 T1046 ..] [SP FRAME RX] arp req,vif_idx:0 sender:[28:7b:11:70:51:1f 192.168.3.44]receiver:[00:00:00:00:00:00 192.168.3.75]
06-24 12:11:10.951 0 0 W : [0 T1046 ..] [SP FRAME TX] arp rsp,vif_idx:0 sender:[1c:79:2d:20:62:cb 192.168.3.75]receiver:[28:7b:11:70:51:1f 192.168.3.44]
06-24 12:11:10.949 685 719 I ActivityManager: Start proc 24571:android.process.media/u0a16 for service {com.android.providers.downloads/com.android.providers.downloads.DownloadIdleService}
06-24 12:11:10.999 0 0 W : [0 T1046 ..] [SP FRAME RX] arp req,vif_idx:0 sender:[e2:03:00:92:54:eb 192.168.3.102]receiver:[00:00:00:00:00:00 192.168.3.75]
06-24 12:11:11.000 0 0 W : [0 T1046 ..] [SP FRAME TX] arp rsp,vif_idx:0 sender:[1c:79:2d:20:62:cb 192.168.3.75]receiver:[e2:03:00:92:54:eb 192.168.3.102]
06-24 12:11:10.996 685 1135 D CompatibilityChangeReporter: Compat change id reported: 168419799; UID 10016; state: DISABLED
06-24 12:11:10.996 685 1135 D CompatibilityChangeReporter: Compat change id reported: 273564678; UID 10016; state: DISABLED
06-24 12:11:11.005 685 763 D CompatibilityChangeReporter: Compat change id reported: 265195908; UID 10016; state: ENABLED
06-24 12:11:11.021 685 1135 D CompatibilityChangeReporter: Compat change id reported: 170503758; UID 10016; state: ENABLED
06-24 12:11:11.049 0 0 W : [2 T1046 ..] [SP FRAME RX] arp req,vif_idx:0 sender:[0c:91:60:12:cd:fc 192.168.3.171]receiver:[00:00:00:00:00:00 192.168.3.75]
06-24 12:11:11.050 0 0 W : [2 T1046 ..] [SP FRAME TX] arp rsp,vif_idx:0 sender:[1c:79:2d:20:62:cb 192.168.3.75]receiver:[0c:91:60:12:cd:fc 192.168.3.171]
06-24 12:11:11.216 24571 24592 D DownloadManager: Removed 0 stale downloads
06-24 12:11:11.233 24571 24592 D DownloadManager: Found 0 files in database
06-24 12:11:11.233 24571 24592 D DownloadManager: Found 1 files on disk
06-24 12:11:11.234 24571 24592 D DownloadManager: Missing db entry, deleting /data/user/0/com.android.providers.downloads/cache/oat_primary/arm/MediaProviderLegacy.art
06-24 12:11:11.245 0 0 W : [3 T1046 ..] [SP FRAME RX] arp req,vif_idx:0 sender:[0c:91:60:12:cd:6e 192.168.3.81]receiver:[00:00:00:00:00:00 192.168.3.75]
06-24 12:11:11.246 0 0 W : [3 T1046 ..] [SP FRAME TX] arp rsp,vif_idx:0 sender:[1c:79:2d:20:62:cb 192.168.3.75]receiver:[0c:91:60:12:cd:6e 192.168.3.81]
06-24 12:11:11.310 0 0 W : [3 T1046 ..] [SP FRAME RX] arp req,vif_idx:0 sender:[da:b8:33:f6:93:fe 192.168.3.89]receiver:[00:00:00:00:00:00 192.168.3.75]
06-24 12:11:11.311 0 0 W : [3 T1046 ..] [SP FRAME TX] arp rsp,vif_idx:0 sender:[1c:79:2d:20:62:cb 192.168.3.75]receiver:[da:b8:33:f6:93:fe 192.168.3.89]
06-24 12:11:11.323 0 0 W : [3 T1046 ..] [SP FRAME RX] arp req,vif_idx:0 sender:[0c:91:60:12:cd:8c 192.168.3.70]receiver:[00:00:00:00:00:00 192.168.3.75]
06-24 12:11:11.324 0 0 W : [3 T1046 ..] [SP FRAME TX] arp rsp,vif_idx:0 sender:[1c:79:2d:20:62:cb 192.168.3.75]receiver:[0c:91:60:12:cd:8c 192.168.3.70]
06-24 12:11:11.396 0 0 I [3 T216 ..] servicemanager: Since 'artd' could not be found, trying to start it as a lazy AIDL service. (if it's not configured to be a lazy service, it may be stuck starting or still starting).
06-24 12:11:11.428 0 0 W : [3 T1046 ..] [SP FRAME RX] arp req,vif_idx:0 sender:[16:8e:6e:17:dc:41 192.168.3.176]receiver:[00:00:00:00:00:00 192.168.3.75]
06-24 12:11:11.429 0 0 W : [3 T1046 ..] [SP FRAME TX] arp rsp,vif_idx:0 sender:[1c:79:2d:20:62:cb 192.168.3.75]receiver:[16:8e:6e:17:dc:41 192.168.3.176]
06-24 12:11:11.454 0 0 W : [3 T1046 ..] [SP FRAME RX] arp req,vif_idx:0 sender:[d2:07:9a:6e:a7:36 192.168.3.27]receiver:[00:00:00:00:00:00 192.168.3.75]
06-24 12:11:11.454 0 0 W : [3 T1046 ..] [SP FRAME TX] arp rsp,vif_idx:0 sender:[1c:79:2d:20:62:cb 192.168.3.75]receiver:[d2:07:9a:6e:a7:36 192.168.3.27]
06-24 12:11:11.463 0 0 W : [3 T1046 ..] [SP FRAME RX] arp req,vif_idx:0 sender:[28:7b:11:70:4f:a5 192.168.3.155]receiver:[00:00:00:00:00:00 192.168.3.75]
06-24 12:11:11.464 0 0 W : [3 T1046 ..] [SP FRAME TX] arp rsp,vif_idx:0 sender:[1c:79:2d:20:62:cb 192.168.3.75]receiver:[28:7b:11:70:4f:a5 192.168.3.155]
06-24 12:11:11.495 0 0 W : [3 T1046 ..] [SP FRAME RX] arp req,vif_idx:0 sender:[9a:86:f7:27:5c:25 192.168.3.169]receiver:[00:00:00:00:00:00 192.168.3.75]
06-24 12:11:11.496 0 0 W : [3 T1046 ..] [SP FRAME TX] arp rsp,vif_idx:0 sender:[1c:79:2d:20:62:cb 192.168.3.75]receiver:[9a:86:f7:27:5c:25 192.168.3.169]
06-24 12:11:11.570 0 0 I [2 T216 ..] BpBinder: onLastStrongRef automatically unlinking death recipients:
06-24 12:11:11.579 0 0 I [1 T216 ..] servicemanager: Notifying artd they do (previously: don't) have clients when service is guaranteed to be in use
06-24 12:11:11.586 685 924 D BlobStore: Completed idle maintenance; deleted []
06-24 12:11:11.613 0 0 W : [1 T1046 ..] [SP FRAME RX] arp req,vif_idx:0 sender:[e2:04:f6:d8:62:00 192.168.3.194]receiver:[00:00:00:00:00:00 192.168.3.75]
06-24 12:11:11.614 0 0 W : [1 T1046 ..] [SP FRAME TX] arp rsp,vif_idx:0 sender:[1c:79:2d:20:62:cb 192.168.3.75]receiver:[e2:04:f6:d8:62:00 192.168.3.194]
06-24 12:11:11.685 0 0 W [1 T24513 ..] audit: audit_lost=2765 audit_rate_limit=5 audit_backlog_limit=64
06-24 12:11:11.688 0 0 E [1 T24513 ..] audit: rate limit exceeded
06-24 12:11:11.700 0 0 W : [1 T1046 ..] [SP FRAME RX] arp req,vif_idx:0 sender:[56:86:a9:ec:10:a8 192.168.3.19]receiver:[00:00:00:00:00:00 192.168.3.75]
06-24 12:11:11.701 0 0 W : [1 T1046 ..] [SP FRAME TX] arp rsp,vif_idx:0 sender:[1c:79:2d:20:62:cb 192.168.3.75]receiver:[56:86:a9:ec:10:a8 192.168.3.19]
06-24 12:11:11.703 0 0 W : [0 T1046 ..] [SP FRAME RX] arp req,vif_idx:0 sender:[28:7b:11:70:4f:bd 192.168.3.156]receiver:[00:00:00:00:00:00 192.168.3.75]
06-24 12:11:11.704 0 0 W : [0 T1046 ..] [SP FRAME TX] arp rsp,vif_idx:0 sender:[1c:79:2d:20:62:cb 192.168.3.75]receiver:[28:7b:11:70:4f:bd 192.168.3.156]
06-24 12:11:11.832 0 0 W : [3 T1046 ..] [SP FRAME RX] arp req,vif_idx:0 sender:[50:ba:02:e7:1e:de 192.168.3.157]receiver:[00:00:00:00:00:00 192.168.3.75]
06-24 12:11:11.833 0 0 W : [3 T1046 ..] [SP FRAME TX] arp rsp,vif_idx:0 sender:[1c:79:2d:20:62:cb 192.168.3.75]receiver:[50:ba:02:e7:1e:de 192.168.3.157]
06-24 12:11:18.523 685 794 I WatchlistLoggingHandler: Milliseconds spent on tryAggregateRecords(): 8023
06-24 12:11:20.188 0 0 W : [0 T1127 ..] [aml_android_priv_ioctl 128] vif idx=0 cmd=SETSUSPENDMODE 0
06-24 12:11:20.188 0 0 W : [0 T1127 ..] [aml_android_set_suspend_mode 77] set google_cast 0
06-24 12:11:20.190 0 0 W : [0 T1127 ..] >>> aml_cfg80211_set_power_mgmt()
06-24 12:11:20.190 0 0 W : [0 T1127 ..] [aml_send_me_set_ps_mode 2111] set power save mode:0
06-24 12:11:20.190 0 0 W : [0 T1127 ..] >>> aml_send_msg()
06-24 12:11:20.192 0 0 W : [3 T1041 ..] ipc_sdio_host_msgack_handler 00000000cb2a2b52
06-24 12:11:20.193 0 0 W : [3 T1041 ..] [aml_msgackind 2039] msg ack hostid=0xffffff80b3f5db80
06-24 12:11:20.193 0 0 W : [3 T1041 ..] [cmd_mgr_llind 329] cmd tkn[123] flags:001a result: -4 cmd:5139-ME_SET_PS_MODE_REQ - reqcfm(5140-ME_SET_PS_MODE_CFM)
06-24 12:11:20.195 0 0 W : [3 T1041 ..] [cmd_mgr_msgind 409] cmd tkn[123] flags:0012 result: -4 cmd:5139-ME_SET_PS_MODE_REQ - reqcfm(5140-ME_SET_PS_MODE_CFM)
06-24 12:11:20.197 0 0 W : [3 T1041 ..] [cmd_complete 65] cmd tkn[123] flags:0002 result: -4 cmd:5139-ME_SET_PS_MODE_REQ - reqcfm(5140-ME_SET_PS_MODE_CFM)
06-24 12:11:20.204 0 0 W : [3 T1149 ..] [SP FRAME TX] DHCP[1 0], vif_idx:0
06-24 12:11:20.227 0 0 W : [2 T1046 ..] [SP FRAME RX] DHCP[1 0], vif_idx:0
06-24 12:11:20.241 0 0 W : [3 T1127 ..] >>> aml_cfg80211_set_power_mgmt()
06-24 12:11:20.241 0 0 W : [3 T1127 ..] [aml_send_me_set_ps_mode 2111] set power save mode:0
06-24 12:11:20.241 0 0 W : [3 T1127 ..] >>> aml_send_msg()
06-24 12:11:20.242 0 0 W : [3 T1041 ..] ipc_sdio_host_msgack_handler 00000000b82744e3
06-24 12:11:20.243 0 0 W : [3 T1041 ..] [aml_msgackind 2039] msg ack hostid=0xffffff8008e68200
06-24 12:11:20.244 0 0 W : [3 T1041 ..] [cmd_mgr_llind 329] cmd tkn[124] flags:001a result: -4 cmd:5139-ME_SET_PS_MODE_REQ - reqcfm(5140-ME_SET_PS_MODE_CFM)
06-24 12:11:20.246 0 0 W : [3 T1041 ..] [cmd_mgr_msgind 409] cmd tkn[124] flags:0012 result: -4 cmd:5139-ME_SET_PS_MODE_REQ - reqcfm(5140-ME_SET_PS_MODE_CFM)
06-24 12:11:20.247 0 0 W : [3 T1041 ..] [cmd_complete 65] cmd tkn[124] flags:0002 result: -4 cmd:5139-ME_SET_PS_MODE_REQ - reqcfm(5140-ME_SET_PS_MODE_CFM)
06-24 12:11:20.240 685 822 W ContextImpl: Calling a method in the system process without a qualified user: android.app.ContextImpl.sendStickyBroadcast:1626 com.android.server.wifi.ClientModeImpl.sendNetworkChangeBroadcast:3008 com.android.server.wifi.ClientModeImpl.lambda$sendNetworkChangeBroadcastWithCurrentState$14:2985 com.android.server.wifi.ClientModeImpl.$r8$lambda$q-j88Pjw4gROgoJFr8wBlBVbuJI:0 com.android.server.wifi.ClientModeImpl$$ExternalSyntheticLambda4.send:0
06-24 12:11:21.330 685 780 D ActivityManager: freezing 24571 android.process.media
06-24 12:11:35.882 0 0 W : [1 T24254 ..] [aml_send_sync_trace 4388] sync token[63789]
06-24 12:11:35.882 0 0 W : [1 T24254 ..] >>> aml_send_msg()
06-24 12:11:35.883 0 0 W : [3 T1041 ..] ipc_sdio_host_msgack_handler 00000000d20a491d
06-24 12:11:35.884 0 0 W : [3 T1041 ..] [aml_msgackind 2039] msg ack hostid=0xffffff80bb390000
06-24 12:11:35.885 0 0 W : [3 T1041 ..] [cmd_mgr_llind 329] cmd tkn[125] flags:0008 result: -4 cmd: 105-MM_SYNC_TRACE - reqcfm( 0-none)
06-24 12:11:35.886 0 0 W : [3 T1041 ..] [cmd_complete 65] cmd tkn[125] flags:0000 result: -4 cmd: 105-MM_SYNC_TRACE - reqcfm( 0-none)
06-24 12:11:38.773 0 0 W [0 T24505 ..] audit: audit_lost=2774 audit_rate_limit=5 audit_backlog_limit=64
06-24 12:11:38.773 0 0 E [0 T24505 ..] audit: rate limit exceeded
06-24 12:11:40.984 0 0 W : [1 T1046 ..] [SP FRAME RX] arp req,vif_idx:0 sender:[b6:9c:70:ec:40:e7 192.168.3.65]receiver:[00:00:00:00:00:00 192.168.3.75]
06-24 12:11:40.985 0 0 W : [1 T1046 ..] [SP FRAME TX] arp rsp,vif_idx:0 sender:[1c:79:2d:20:62:cb 192.168.3.75]receiver:[b6:9c:70:ec:40:e7 192.168.3.65]
06-24 12:12:10.532 685 701 W BatteryExternalStatsWorker: error reading Bluetooth stats: 11
06-24 12:12:13.447 0 0 W : [3 T1046 ..] [SP FRAME RX] arp req,vif_idx:0 sender:[02:fe:15:17:79:f9 192.168.3.3]receiver:[00:00:00:00:00:00 192.168.3.75]
06-24 12:12:13.448 0 0 W : [3 T1046 ..] [SP FRAME TX] arp rsp,vif_idx:0 sender:[1c:79:2d:20:62:cb 192.168.3.75]receiver:[02:fe:15:17:79:f9 192.168.3.3]
06-24 12:12:13.514 0 0 W : [3 T24744 .s] [SP FRAME TX] arp req,vif_idx:0 sender:[1c:79:2d:20:62:cb 192.168.3.75]receiver:[00:00:00:00:00:00 192.168.3.3]
06-24 12:12:13.527 0 0 W : [3 T1046 ..] [SP FRAME RX] arp rsp,vif_idx:0 sender:[02:fe:15:17:79:f9 192.168.3.3]receiver:[1c:79:2d:20:62:cb 192.168.3.75]
06-24 12:12:21.706 0 0 W : [2 T24744 .s] [SP FRAME TX] arp req,vif_idx:0 sender:[1c:79:2d:20:62:cb 192.168.3.75]receiver:[00:00:00:00:00:00 192.168.3.65]
06-24 12:12:21.752 0 0 W : [2 T1046 ..] [SP FRAME RX] arp rsp,vif_idx:0 sender:[b6:9c:70:ec:40:e7 192.168.3.65]receiver:[1c:79:2d:20:62:cb 192.168.3.75]
06-24 12:12:37.326 0 0 W : [0 T24254 ..] [aml_send_sync_trace 4388] sync token[63790]
06-24 12:12:37.326 0 0 W : [0 T24254 ..] >>> aml_send_msg()
06-24 12:12:37.327 0 0 W : [2 T1041 ..] ipc_sdio_host_msgack_handler 00000000097828d5
06-24 12:12:37.328 0 0 W : [2 T1041 ..] [aml_msgackind 2039] msg ack hostid=0xffffff80c8d48080
06-24 12:12:37.329 0 0 W : [2 T1041 ..] [cmd_mgr_llind 329] cmd tkn[126] flags:0008 result: -4 cmd: 105-MM_SYNC_TRACE - reqcfm( 0-none)
06-24 12:12:37.330 0 0 W : [2 T1041 ..] [cmd_complete 65] cmd tkn[126] flags:0000 result: -4 cmd: 105-MM_SYNC_TRACE - reqcfm( 0-none)
06-24 12:12:41.074 0 0 D [0 T238 ..] [h265]: [0]!!!wait for completion timeout 12853
06-24 12:12:41.125 0 0 W : [3 T1046 ..] [SP FRAME RX] arp req,vif_idx:0 sender:[20:57:9e:67:7f:db 192.168.3.98]receiver:[00:00:00:00:00:00 192.168.3.75]
06-24 12:12:41.126 0 0 W : [3 T1046 ..] [SP FRAME TX] arp rsp,vif_idx:0 sender:[1c:79:2d:20:62:cb 192.168.3.75]receiver:[20:57:9e:67:7f:db 192.168.3.98]
06-24 12:12:41.148 0 0 W : [3 T1046 ..] [SP FRAME RX] arp req,vif_idx:0 sender:[b6:9c:70:ec:40:e7 192.168.3.65]receiver:[00:00:00:00:00:00 192.168.3.75]
06-24 12:12:41.148 0 0 W : [3 T1046 ..] [SP FRAME TX] arp rsp,vif_idx:0 sender:[1c:79:2d:20:62:cb 192.168.3.75]receiver:[b6:9c:70:ec:40:e7 192.168.3.65]
06-24 12:12:41.230 0 0 W : [3 T1046 ..] [SP FRAME RX] arp req,vif_idx:0 sender:[68:39:43:80:0a:5c 192.168.3.209]receiver:[00:00:00:00:00:00 192.168.3.75]
06-24 12:12:41.231 0 0 W : [3 T1046 ..] [SP FRAME TX] arp rsp,vif_idx:0 sender:[1c:79:2d:20:62:cb 192.168.3.75]receiver:[68:39:43:80:0a:5c 192.168.3.209]
06-24 12:12:41.311 0 0 W : [3 T1046 ..] [SP FRAME RX] arp req,vif_idx:0 sender:[d2:07:9a:6e:a7:36 192.168.3.27]receiver:[00:00:00:00:00:00 192.168.3.75]
06-24 12:12:41.312 0 0 W : [3 T1046 ..] [SP FRAME TX] arp rsp,vif_idx:0 sender:[1c:79:2d:20:62:cb 192.168.3.75]receiver:[d2:07:9a:6e:a7:36 192.168.3.27]
06-24 12:12:41.321 0 0 W : [3 T1046 ..] [SP FRAME RX] arp req,vif_idx:0 sender:[28:7b:11:70:51:1f 192.168.3.44]receiver:[00:00:00:00:00:00 192.168.3.75]
06-24 12:12:41.322 0 0 W : [3 T1046 ..] [SP FRAME TX] arp rsp,vif_idx:0 sender:[1c:79:2d:20:62:cb 192.168.3.75]receiver:[28:7b:11:70:51:1f 192.168.3.44]
06-24 12:12:41.387 0 0 W : [3 T1046 ..] [SP FRAME RX] arp req,vif_idx:0 sender:[e2:03:00:92:54:eb 192.168.3.102]receiver:[00:00:00:00:00:00 192.168.3.75]
06-24 12:12:41.388 0 0 W : [3 T1046 ..] [SP FRAME TX] arp rsp,vif_idx:0 sender:[1c:79:2d:20:62:cb 192.168.3.75]receiver:[e2:03:00:92:54:eb 192.168.3.102]
06-24 12:12:41.434 0 0 W : [3 T1046 ..] [SP FRAME RX] arp req,vif_idx:0 sender:[0c:91:60:12:cd:8c 192.168.3.70]receiver:[00:00:00:00:00:00 192.168.3.75]
06-24 12:12:41.435 0 0 W : [3 T1046 ..] [SP FRAME TX] arp rsp,vif_idx:0 sender:[1c:79:2d:20:62:cb 192.168.3.75]receiver:[0c:91:60:12:cd:8c 192.168.3.70]
06-24 12:12:41.466 0 0 W : [3 T1046 ..] [SP FRAME RX] arp req,vif_idx:0 sender:[e2:04:f6:d8:62:00 192.168.3.194]receiver:[00:00:00:00:00:00 192.168.3.75]
06-24 12:12:41.467 0 0 W : [3 T1046 ..] [SP FRAME TX] arp rsp,vif_idx:0 sender:[1c:79:2d:20:62:cb 192.168.3.75]receiver:[e2:04:f6:d8:62:00 192.168.3.194]
06-24 12:12:41.550 0 0 W : [3 T1046 ..] [SP FRAME RX] arp req,vif_idx:0 sender:[28:7b:11:70:4f:bd 192.168.3.156]receiver:[00:00:00:00:00:00 192.168.3.75]
06-24 12:12:41.551 0 0 W : [3 T1046 ..] [SP FRAME TX] arp rsp,vif_idx:0 sender:[1c:79:2d:20:62:cb 192.168.3.75]receiver:[28:7b:11:70:4f:bd 192.168.3.156]
06-24 12:12:41.553 0 0 W : [3 T1046 ..] [SP FRAME RX] arp req,vif_idx:0 sender:[56:86:a9:ec:10:a8 192.168.3.19]receiver:[00:00:00:00:00:00 192.168.3.75]
06-24 12:12:41.555 0 0 W : [3 T1046 ..] [SP FRAME TX] arp rsp,vif_idx:0 sender:[1c:79:2d:20:62:cb 192.168.3.75]receiver:[56:86:a9:ec:10:a8 192.168.3.19]
06-24 12:12:41.686 0 0 W : [3 T1046 ..] [SP FRAME RX] arp req,vif_idx:0 sender:[da:b8:33:f6:93:fe 192.168.3.89]receiver:[00:00:00:00:00:00 192.168.3.75]
06-24 12:12:41.687 0 0 W : [3 T1046 ..] [SP FRAME TX] arp rsp,vif_idx:0 sender:[1c:79:2d:20:62:cb 192.168.3.75]receiver:[da:b8:33:f6:93:fe 192.168.3.89]
06-24 12:12:41.807 0 0 W : [3 T1046 ..] [SP FRAME RX] arp req,vif_idx:0 sender:[16:8e:6e:17:dc:41 192.168.3.176]receiver:[00:00:00:00:00:00 192.168.3.75]
06-24 12:12:41.808 0 0 W : [3 T1046 ..] [SP FRAME TX] arp rsp,vif_idx:0 sender:[1c:79:2d:20:62:cb 192.168.3.75]receiver:[16:8e:6e:17:dc:41 192.168.3.176]
06-24 12:12:41.834 0 0 W : [3 T1046 ..] [SP FRAME RX] arp req,vif_idx:0 sender:[28:7b:11:70:4f:a5 192.168.3.155]receiver:[00:00:00:00:00:00 192.168.3.75]
06-24 12:12:41.835 0 0 W : [3 T1046 ..] [SP FRAME TX] arp rsp,vif_idx:0 sender:[1c:79:2d:20:62:cb 192.168.3.75]receiver:[28:7b:11:70:4f:a5 192.168.3.155]
06-24 12:12:41.845 0 0 W : [3 T1046 ..] [SP FRAME RX] arp req,vif_idx:0 sender:[9a:86:f7:27:5c:25 192.168.3.169]receiver:[00:00:00:00:00:00 192.168.3.75]
06-24 12:12:41.846 0 0 W : [3 T1046 ..] [SP FRAME TX] arp rsp,vif_idx:0 sender:[1c:79:2d:20:62:cb 192.168.3.75]receiver:[9a:86:f7:27:5c:25 192.168.3.169]
06-24 12:12:42.049 0 0 W : [1 T1046 ..] [SP FRAME RX] arp req,vif_idx:0 sender:[b6:86:f8:35:d4:28 192.168.3.36]receiver:[00:00:00:00:00:00 192.168.3.75]
06-24 12:12:42.050 0 0 W : [1 T1046 ..] [SP FRAME TX] arp rsp,vif_idx:0 sender:[1c:79:2d:20:62:cb 192.168.3.75]receiver:[b6:86:f8:35:d4:28 192.168.3.36]
06-24 12:12:42.137 0 0 W : [1 T1046 ..] [SP FRAME RX] arp req,vif_idx:0 sender:[0c:91:60:12:cd:6e 192.168.3.81]receiver:[00:00:00:00:00:00 192.168.3.75]
06-24 12:12:42.138 0 0 W : [1 T1046 ..] [SP FRAME TX] arp rsp,vif_idx:0 sender:[1c:79:2d:20:62:cb 192.168.3.75]receiver:[0c:91:60:12:cd:6e 192.168.3.81]
06-24 12:12:42.188 0 0 W : [1 T1046 ..] [SP FRAME RX] arp req,vif_idx:0 sender:[0c:91:60:12:cd:fc 192.168.3.171]receiver:[00:00:00:00:00:00 192.168.3.75]
06-24 12:12:42.190 0 0 W : [1 T1046 ..] [SP FRAME TX] arp rsp,vif_idx:0 sender:[1c:79:2d:20:62:cb 192.168.3.75]receiver:[0c:91:60:12:cd:fc 192.168.3.171]
06-24 12:12:42.278 0 0 W : [2 T1046 ..] [SP FRAME RX] arp req,vif_idx:0 sender:[02:d1:be:fb:0a:d7 192.168.3.130]receiver:[00:00:00:00:00:00 192.168.3.75]
06-24 12:12:42.279 0 0 W : [2 T1046 ..] [SP FRAME TX] arp rsp,vif_idx:0 sender:[1c:79:2d:20:62:cb 192.168.3.75]receiver:[02:d1:be:fb:0a:d7 192.168.3.130]
06-24 12:12:42.442 0 0 W : [2 T1046 ..] [SP FRAME RX] arp req,vif_idx:0 sender:[10:b2:32:39:59:ba 192.168.3.57]receiver:[00:00:00:00:00:00 192.168.3.75]
06-24 12:12:42.443 0 0 W : [2 T1046 ..] [SP FRAME TX] arp rsp,vif_idx:0 sender:[1c:79:2d:20:62:cb 192.168.3.75]receiver:[10:b2:32:39:59:ba 192.168.3.57]
06-24 12:13:19.404 1407 1731 W ContextImpl: Calling a method in the system process without a qualified user: android.app.ContextImpl.sendBroadcast:1220 android.content.ContextWrapper.sendBroadcast:504 com.dangbei.etna.setting.core.SettingHelper.sendCycleToProjector:257 com.dangbei.etna.setting.core.SettingHelper.sendCycleCheckBroadcast:226 com.dangbei.etna.setting.core.SettingHelper.startLoop$lambda-0:185
06-24 12:13:19.406 1407 1731 W ContextImpl: Calling a method in the system process without a qualified user: android.app.ContextImpl.sendBroadcast:1220 android.content.ContextWrapper.sendBroadcast:504 com.dangbei.etna.setting.core.SettingHelper.sendCycleToVoice:242 com.dangbei.etna.setting.core.SettingHelper.sendCycleCheckBroadcast:227 com.dangbei.etna.setting.core.SettingHelper.startLoop$lambda-0:185
06-24 12:13:19.566 0 0 W : [2 T0 .s] [SP FRAME TX] arp req,vif_idx:0 sender:[1c:79:2d:20:62:cb 192.168.3.75]receiver:[00:00:00:00:00:00 192.168.3.1]
06-24 12:13:19.571 0 0 W : [1 T1046 ..] [SP FRAME RX] arp rsp,vif_idx:0 sender:[70:3a:a6:36:a8:d7 192.168.3.1]receiver:[1c:79:2d:20:62:cb 192.168.3.75]
06-24 12:13:38.762 0 0 W : [1 T22524 ..] [aml_send_sync_trace 4388] sync token[63791]
06-24 12:13:38.762 0 0 W : [1 T22524 ..] >>> aml_send_msg()
06-24 12:13:38.763 0 0 W : [3 T1041 ..] ipc_sdio_host_msgack_handler 00000000486745fa
06-24 12:13:38.764 0 0 W : [3 T1041 ..] [aml_msgackind 2039] msg ack hostid=0xffffff8058da8600
06-24 12:13:38.765 0 0 W : [3 T1041 ..] [cmd_mgr_llind 329] cmd tkn[127] flags:0008 result: -4 cmd: 105-MM_SYNC_TRACE - reqcfm( 0-none)
06-24 12:13:38.766 0 0 W : [3 T1041 ..] [cmd_complete 65] cmd tkn[127] flags:0000 result: -4 cmd: 105-MM_SYNC_TRACE - reqcfm( 0-none)
06-24 12:13:39.508 0 0 W : [2 T1046 ..] [SP FRAME RX] arp req,vif_idx:0 sender:[62:e6:cb:ad:3a:47 192.168.3.90]receiver:[00:00:00:00:00:00 192.168.3.75]
06-24 12:13:39.509 0 0 W : [2 T1046 ..] [SP FRAME TX] arp rsp,vif_idx:0 sender:[1c:79:2d:20:62:cb 192.168.3.75]receiver:[62:e6:cb:ad:3a:47 192.168.3.90]
06-24 12:13:39.530 0 0 W : [0 T22890 .s] [SP FRAME TX] arp req,vif_idx:0 sender:[1c:79:2d:20:62:cb 192.168.3.75]receiver:[00:00:00:00:00:00 192.168.3.90]
06-24 12:13:39.607 0 0 W : [2 T1046 ..] [SP FRAME RX] arp rsp,vif_idx:0 sender:[62:e6:cb:ad:3a:47 192.168.3.90]receiver:[1c:79:2d:20:62:cb 192.168.3.75]
06-24 12:13:51.818 0 0 W : [3 T25027 .s] [SP FRAME TX] arp req,vif_idx:0 sender:[1c:79:2d:20:62:cb 192.168.3.75]receiver:[00:00:00:00:00:00 192.168.3.65]
06-24 12:13:51.823 0 0 W : [2 T1046 ..] [SP FRAME RX] arp rsp,vif_idx:0 sender:[b6:9c:70:ec:40:e7 192.168.3.65]receiver:[1c:79:2d:20:62:cb 192.168.3.75]
06-24 12:14:11.316 0 0 W : [2 T1046 ..] [SP FRAME RX] arp req,vif_idx:0 sender:[20:57:9e:67:7f:db 192.168.3.98]receiver:[00:00:00:00:00:00 192.168.3.75]
06-24 12:14:11.317 0 0 W : [2 T1046 ..] [SP FRAME TX] arp rsp,vif_idx:0 sender:[1c:79:2d:20:62:cb 192.168.3.75]receiver:[20:57:9e:67:7f:db 192.168.3.98]
06-24 12:14:11.346 0 0 W : [2 T1046 ..] [SP FRAME RX] arp req,vif_idx:0 sender:[68:39:43:80:0a:5c 192.168.3.209]receiver:[00:00:00:00:00:00 192.168.3.75]
06-24 12:14:11.347 0 0 W : [2 T1046 ..] [SP FRAME TX] arp rsp,vif_idx:0 sender:[1c:79:2d:20:62:cb 192.168.3.75]receiver:[68:39:43:80:0a:5c 192.168.3.209]
06-24 12:14:11.411 0 0 W : [2 T1046 ..] [SP FRAME RX] arp req,vif_idx:0 sender:[56:86:a9:ec:10:a8 192.168.3.19]receiver:[00:00:00:00:00:00 192.168.3.75]
06-24 12:14:11.412 0 0 W : [2 T1046 ..] [SP FRAME TX] arp rsp,vif_idx:0 sender:[1c:79:2d:20:62:cb 192.168.3.75]receiver:[56:86:a9:ec:10:a8 192.168.3.19]
06-24 12:14:11.506 0 0 W : [2 T1046 ..] [SP FRAME RX] arp req,vif_idx:0 sender:[b6:9c:70:ec:40:e7 192.168.3.65]receiver:[00:00:00:00:00:00 192.168.3.75]
06-24 12:14:11.507 0 0 W : [2 T1046 ..] [SP FRAME TX] arp rsp,vif_idx:0 sender:[1c:79:2d:20:62:cb 192.168.3.75]receiver:[b6:9c:70:ec:40:e7 192.168.3.65]
06-24 12:14:11.549 0 0 W : [1 T1046 ..] [SP FRAME RX] arp req,vif_idx:0 sender:[0c:91:60:12:cd:8c 192.168.3.70]receiver:[00:00:00:00:00:00 192.168.3.75]
06-24 12:14:11.550 0 0 W : [1 T1046 ..] [SP FRAME TX] arp rsp,vif_idx:0 sender:[1c:79:2d:20:62:cb 192.168.3.75]receiver:[0c:91:60:12:cd:8c 192.168.3.70]
06-24 12:14:11.580 0 0 W : [1 T1046 ..] [SP FRAME RX] arp req,vif_idx:0 sender:[e2:04:f6:d8:62:00 192.168.3.194]receiver:[00:00:00:00:00:00 192.168.3.75]
06-24 12:14:11.581 0 0 W : [1 T1046 ..] [SP FRAME TX] arp rsp,vif_idx:0 sender:[1c:79:2d:20:62:cb 192.168.3.75]receiver:[e2:04:f6:d8:62:00 192.168.3.194]
06-24 12:14:11.685 0 0 W : [1 T1046 ..] [SP FRAME RX] arp req,vif_idx:0 sender:[d2:07:9a:6e:a7:36 192.168.3.27]receiver:[00:00:00:00:00:00 192.168.3.75]
06-24 12:14:11.686 0 0 W : [1 T1046 ..] [SP FRAME TX] arp rsp,vif_idx:0 sender:[1c:79:2d:20:62:cb 192.168.3.75]receiver:[d2:07:9a:6e:a7:36 192.168.3.27]
06-24 12:14:11.744 0 0 W : [1 T1046 ..] [SP FRAME RX] arp req,vif_idx:0 sender:[0c:91:60:12:cd:6e 192.168.3.81]receiver:[00:00:00:00:00:00 192.168.3.75]
06-24 12:14:11.745 0 0 W : [1 T1046 ..] [SP FRAME TX] arp rsp,vif_idx:0 sender:[1c:79:2d:20:62:cb 192.168.3.75]receiver:[0c:91:60:12:cd:6e 192.168.3.81]
06-24 12:14:11.792 0 0 W : [1 T1046 ..] [SP FRAME RX] arp req,vif_idx:0 sender:[0c:91:60:12:cd:fc 192.168.3.171]receiver:[00:00:00:00:00:00 192.168.3.75]
06-24 12:14:11.793 0 0 W : [1 T1046 ..] [SP FRAME TX] arp rsp,vif_idx:0 sender:[1c:79:2d:20:62:cb 192.168.3.75]receiver:[0c:91:60:12:cd:fc 192.168.3.171]
06-24 12:14:11.955 0 0 W : [1 T1046 ..] [SP FRAME RX] arp req,vif_idx:0 sender:[28:7b:11:70:51:1f 192.168.3.44]receiver:[00:00:00:00:00:00 192.168.3.75]
06-24 12:14:11.956 0 0 W : [1 T1046 ..] [SP FRAME TX] arp rsp,vif_idx:0 sender:[1c:79:2d:20:62:cb 192.168.3.75]receiver:[28:7b:11:70:51:1f 192.168.3.44]
06-24 12:14:12.153 0 0 W : [0 T1046 ..] [SP FRAME RX] arp req,vif_idx:0 sender:[02:d1:be:fb:0a:d7 192.168.3.130]receiver:[00:00:00:00:00:00 192.168.3.75]
06-24 12:14:12.155 0 0 W : [0 T1046 ..] [SP FRAME TX] arp rsp,vif_idx:0 sender:[1c:79:2d:20:62:cb 192.168.3.75]receiver:[02:d1:be:fb:0a:d7 192.168.3.130]
06-24 12:14:12.163 0 0 W : [0 T1046 ..] [SP FRAME RX] arp req,vif_idx:0 sender:[b6:86:f8:35:d4:28 192.168.3.36]receiver:[00:00:00:00:00:00 192.168.3.75]
06-24 12:14:12.164 0 0 W : [0 T1046 ..] [SP FRAME TX] arp rsp,vif_idx:0 sender:[1c:79:2d:20:62:cb 192.168.3.75]receiver:[b6:86:f8:35:d4:28 192.168.3.36]
06-24 12:14:12.170 0 0 W : [0 T1046 ..] [SP FRAME RX] arp req,vif_idx:0 sender:[16:8e:6e:17:dc:41 192.168.3.176]receiver:[00:00:00:00:00:00 192.168.3.75]
06-24 12:14:12.171 0 0 W : [0 T1046 ..] [SP FRAME TX] arp rsp,vif_idx:0 sender:[1c:79:2d:20:62:cb 192.168.3.75]receiver:[16:8e:6e:17:dc:41 192.168.3.176]
06-24 12:14:12.181 0 0 W : [0 T1046 ..] [SP FRAME RX] arp req,vif_idx:0 sender:[28:7b:11:70:4f:bd 192.168.3.156]receiver:[00:00:00:00:00:00 192.168.3.75]
06-24 12:14:12.182 0 0 W : [0 T1046 ..] [SP FRAME TX] arp rsp,vif_idx:0 sender:[1c:79:2d:20:62:cb 192.168.3.75]receiver:[28:7b:11:70:4f:bd 192.168.3.156]
06-24 12:14:12.226 0 0 W : [1 T1046 ..] [SP FRAME RX] arp req,vif_idx:0 sender:[28:7b:11:70:4f:a5 192.168.3.155]receiver:[00:00:00:00:00:00 192.168.3.75]
06-24 12:14:12.227 0 0 W : [1 T1046 ..] [SP FRAME TX] arp rsp,vif_idx:0 sender:[1c:79:2d:20:62:cb 192.168.3.75]receiver:[28:7b:11:70:4f:a5 192.168.3.155]
06-24 12:14:12.228 0 0 W : [1 T1046 ..] [SP FRAME RX] arp req,vif_idx:0 sender:[9a:86:f7:27:5c:25 192.168.3.169]receiver:[00:00:00:00:00:00 192.168.3.75]
06-24 12:14:12.230 0 0 W : [1 T1046 ..] [SP FRAME TX] arp rsp,vif_idx:0 sender:[1c:79:2d:20:62:cb 192.168.3.75]receiver:[9a:86:f7:27:5c:25 192.168.3.169]
06-24 12:14:12.320 0 0 W : [1 T1046 ..] [SP FRAME RX] arp req,vif_idx:0 sender:[da:b8:33:f6:93:fe 192.168.3.89]receiver:[00:00:00:00:00:00 192.168.3.75]
06-24 12:14:12.321 0 0 W : [1 T1046 ..] [SP FRAME TX] arp rsp,vif_idx:0 sender:[1c:79:2d:20:62:cb 192.168.3.75]receiver:[da:b8:33:f6:93:fe 192.168.3.89]
06-24 12:14:12.323 0 0 W : [1 T1046 ..] [SP FRAME RX] arp req,vif_idx:0 sender:[10:b2:32:39:59:ba 192.168.3.57]receiver:[00:00:00:00:00:00 192.168.3.75]
06-24 12:14:12.324 0 0 W : [1 T1046 ..] [SP FRAME TX] arp rsp,vif_idx:0 sender:[1c:79:2d:20:62:cb 192.168.3.75]receiver:[10:b2:32:39:59:ba 192.168.3.57]
06-24 12:14:12.326 0 0 W : [1 T1046 ..] [SP FRAME RX] arp req,vif_idx:0 sender:[50:ba:02:e7:1e:de 192.168.3.157]receiver:[00:00:00:00:00:00 192.168.3.75]
06-24 12:14:12.327 0 0 W : [1 T1046 ..] [SP FRAME TX] arp rsp,vif_idx:0 sender:[1c:79:2d:20:62:cb 192.168.3.75]receiver:[50:ba:02:e7:1e:de 192.168.3.157]
06-24 12:14:14.153 0 0 W [0 T24967 ..] audit: audit_lost=2775 audit_rate_limit=5 audit_backlog_limit=64
06-24 12:14:14.154 0 0 E [0 T24967 ..] audit: rate limit exceeded
06-24 12:14:19.210 0 0 W : [2 T0 .s] [SP FRAME TX] arp req,vif_idx:0 sender:[1c:79:2d:20:62:cb 192.168.3.75]receiver:[00:00:00:00:00:00 192.168.3.1]
06-24 12:14:19.215 0 0 W : [2 T1046 ..] [SP FRAME RX] arp rsp,vif_idx:0 sender:[70:3a:a6:36:a8:d7 192.168.3.1]receiver:[1c:79:2d:20:62:cb 192.168.3.75]
06-24 12:14:21.841 0 0 W : [2 T1046 ..] [SP FRAME RX] DHCP[0 1], vif_idx:0
06-24 12:14:22.869 0 0 W : [1 T1046 ..] [SP FRAME RX] DHCP[0 1], vif_idx:0
06-24 12:14:40.202 0 0 W : [0 T17793 ..] [aml_send_sync_trace 4388] sync token[63792]
06-24 12:14:40.202 0 0 W : [0 T17793 ..] >>> aml_send_msg()
06-24 12:14:40.203 0 0 W : [2 T1041 ..] ipc_sdio_host_msgack_handler 00000000b56d9ecb
06-24 12:14:40.204 0 0 W : [2 T1041 ..] [aml_msgackind 2039] msg ack hostid=0xffffff807b754200
06-24 12:14:40.205 0 0 W : [2 T1041 ..] [cmd_mgr_llind 329] cmd tkn[128] flags:0008 result: -4 cmd: 105-MM_SYNC_TRACE - reqcfm( 0-none)
06-24 12:14:40.206 0 0 W : [2 T1041 ..] [cmd_complete 65] cmd tkn[128] flags:0000 result: -4 cmd: 105-MM_SYNC_TRACE - reqcfm( 0-none)
06-24 12:14:49.930 0 0 W : [0 T0 .s] [SP FRAME TX] arp req,vif_idx:0 sender:[1c:79:2d:20:62:cb 192.168.3.75]receiver:[00:00:00:00:00:00 192.168.3.1]
06-24 12:14:49.934 0 0 W : [2 T1046 ..] [SP FRAME RX] arp rsp,vif_idx:0 sender:[70:3a:a6:36:a8:d7 192.168.3.1]receiver:[1c:79:2d:20:62:cb 192.168.3.75]
06-24 12:14:56.792 0 0 W : [2 T1046 ..] [SP FRAME RX] arp req,vif_idx:0 sender:[02:fe:15:17:79:f9 192.168.3.3]receiver:[00:00:00:00:00:00 192.168.3.75]
06-24 12:14:56.793 0 0 W : [2 T1046 ..] [SP FRAME TX] arp rsp,vif_idx:0 sender:[1c:79:2d:20:62:cb 192.168.3.75]receiver:[02:fe:15:17:79:f9 192.168.3.3]
06-24 12:14:56.842 0 0 W : [1 T0 .s] [SP FRAME TX] arp req,vif_idx:0 sender:[1c:79:2d:20:62:cb 192.168.3.75]receiver:[00:00:00:00:00:00 192.168.3.3]
06-24 12:14:56.873 0 0 W : [2 T1046 ..] [SP FRAME RX] arp rsp,vif_idx:0 sender:[02:fe:15:17:79:f9 192.168.3.3]receiver:[1c:79:2d:20:62:cb 192.168.3.75]
06-24 12:15:11.434 0 0 W : [1 T0 .s] [SP FRAME TX] arp req,vif_idx:0 sender:[1c:79:2d:20:62:cb 192.168.3.75]receiver:[00:00:00:00:00:00 192.168.3.90]
06-24 12:15:11.442 0 0 W : [2 T1046 ..] [SP FRAME RX] arp rsp,vif_idx:0 sender:[62:e6:cb:ad:3a:47 192.168.3.90]receiver:[1c:79:2d:20:62:cb 192.168.3.75]
06-24 12:15:21.674 0 0 W : [3 T0 .s] [SP FRAME TX] arp req,vif_idx:0 sender:[1c:79:2d:20:62:cb 192.168.3.75]receiver:[00:00:00:00:00:00 192.168.3.65]
06-24 12:15:21.691 0 0 W : [2 T1046 ..] [SP FRAME RX] arp rsp,vif_idx:0 sender:[b6:9c:70:ec:40:e7 192.168.3.65]receiver:[1c:79:2d:20:62:cb 192.168.3.75]
06-24 12:15:41.448 0 0 W : [2 T1046 ..] [SP FRAME RX] arp req,vif_idx:0 sender:[20:57:9e:67:7f:db 192.168.3.98]receiver:[00:00:00:00:00:00 192.168.3.75]
06-24 12:15:41.449 0 0 W : [2 T1046 ..] [SP FRAME TX] arp rsp,vif_idx:0 sender:[1c:79:2d:20:62:cb 192.168.3.75]receiver:[20:57:9e:67:7f:db 192.168.3.98]
06-24 12:15:41.462 0 0 W : [2 T1046 ..] [SP FRAME RX] arp req,vif_idx:0 sender:[68:39:43:80:0a:5c 192.168.3.209]receiver:[00:00:00:00:00:00 192.168.3.75]
06-24 12:15:41.463 0 0 W : [2 T1046 ..] [SP FRAME TX] arp rsp,vif_idx:0 sender:[1c:79:2d:20:62:cb 192.168.3.75]receiver:[68:39:43:80:0a:5c 192.168.3.209]
06-24 12:15:41.642 0 0 W : [0 T10746 ..] [aml_send_sync_trace 4388] sync token[63793]
06-24 12:15:41.642 0 0 W : [0 T10746 ..] >>> aml_send_msg()
06-24 12:15:41.643 0 0 W : [3 T1041 ..] ipc_sdio_host_msgack_handler 000000003836f1bf
06-24 12:15:41.644 0 0 W : [3 T1041 ..] [aml_msgackind 2039] msg ack hostid=0xffffff805c56c300
06-24 12:15:41.645 0 0 W : [3 T1041 ..] [cmd_mgr_llind 329] cmd tkn[129] flags:0008 result: -4 cmd: 105-MM_SYNC_TRACE - reqcfm( 0-none)
06-24 12:15:41.646 0 0 W : [3 T1041 ..] [cmd_complete 65] cmd tkn[129] flags:0000 result: -4 cmd: 105-MM_SYNC_TRACE - reqcfm( 0-none)
06-24 12:15:41.768 0 0 W : [0 T1046 ..] [SP FRAME RX] arp req,vif_idx:0 sender:[b6:86:f8:35:d4:28 192.168.3.36]receiver:[00:00:00:00:00:00 192.168.3.75]
06-24 12:15:41.769 0 0 W : [0 T1046 ..] [SP FRAME TX] arp rsp,vif_idx:0 sender:[1c:79:2d:20:62:cb 192.168.3.75]receiver:[b6:86:f8:35:d4:28 192.168.3.36]
06-24 12:15:41.782 0 0 W : [0 T1046 ..] [SP FRAME RX] arp req,vif_idx:0 sender:[56:86:a9:ec:10:a8 192.168.3.19]receiver:[00:00:00:00:00:00 192.168.3.75]
06-24 12:15:41.783 0 0 W : [0 T1046 ..] [SP FRAME TX] arp rsp,vif_idx:0 sender:[1c:79:2d:20:62:cb 192.168.3.75]receiver:[56:86:a9:ec:10:a8 192.168.3.19]
06-24 12:15:41.875 0 0 W : [0 T1046 ..] [SP FRAME RX] arp req,vif_idx:0 sender:[9a:86:f7:27:5c:25 192.168.3.169]receiver:[00:00:00:00:00:00 192.168.3.75]
06-24 12:15:41.876 0 0 W : [0 T1046 ..] [SP FRAME TX] arp rsp,vif_idx:0 sender:[1c:79:2d:20:62:cb 192.168.3.75]receiver:[9a:86:f7:27:5c:25 192.168.3.169]
06-24 12:15:41.982 0 0 W : [0 T1046 ..] [SP FRAME RX] arp req,vif_idx:0 sender:[02:d1:be:fb:0a:d7 192.168.3.130]receiver:[00:00:00:00:00:00 192.168.3.75]
06-24 12:15:41.983 0 0 W : [0 T1046 ..] [SP FRAME TX] arp rsp,vif_idx:0 sender:[1c:79:2d:20:62:cb 192.168.3.75]receiver:[02:d1:be:fb:0a:d7 192.168.3.130]
06-24 12:15:42.074 0 0 W : [0 T1046 ..] [SP FRAME RX] arp req,vif_idx:0 sender:[28:7b:11:70:4f:bd 192.168.3.156]receiver:[00:00:00:00:00:00 192.168.3.75]
06-24 12:15:42.075 0 0 W : [0 T1046 ..] [SP FRAME TX] arp rsp,vif_idx:0 sender:[1c:79:2d:20:62:cb 192.168.3.75]receiver:[28:7b:11:70:4f:bd 192.168.3.156]
06-24 12:15:42.076 0 0 W : [0 T1046 ..] [SP FRAME RX] arp req,vif_idx:0 sender:[16:8e:6e:17:dc:41 192.168.3.176]receiver:[00:00:00:00:00:00 192.168.3.75]
06-24 12:15:42.078 0 0 W : [0 T1046 ..] [SP FRAME TX] arp rsp,vif_idx:0 sender:[1c:79:2d:20:62:cb 192.168.3.75]receiver:[16:8e:6e:17:dc:41 192.168.3.176]
06-24 12:15:42.079 0 0 W : [0 T1046 ..] [SP FRAME RX] arp req,vif_idx:0 sender:[d2:07:9a:6e:a7:36 192.168.3.27]receiver:[00:00:00:00:00:00 192.168.3.75]
06-24 12:15:42.081 0 0 W : [0 T1046 ..] [SP FRAME TX] arp rsp,vif_idx:0 sender:[1c:79:2d:20:62:cb 192.168.3.75]receiver:[d2:07:9a:6e:a7:36 192.168.3.27]
06-24 12:15:42.082 0 0 W : [0 T1046 ..] [SP FRAME RX] arp req,vif_idx:0 sender:[28:7b:11:70:4f:a5 192.168.3.155]receiver:[00:00:00:00:00:00 192.168.3.75]
06-24 12:15:42.084 0 0 W : [0 T1046 ..] [SP FRAME TX] arp rsp,vif_idx:0 sender:[1c:79:2d:20:62:cb 192.168.3.75]receiver:[28:7b:11:70:4f:a5 192.168.3.155]
06-24 12:15:42.086 0 0 W : [0 T1046 ..] [SP FRAME RX] arp req,vif_idx:0 sender:[28:7b:11:70:51:1f 192.168.3.44]receiver:[00:00:00:00:00:00 192.168.3.75]
06-24 12:15:42.087 0 0 W : [0 T1046 ..] [SP FRAME TX] arp rsp,vif_idx:0 sender:[1c:79:2d:20:62:cb 192.168.3.75]receiver:[28:7b:11:70:51:1f 192.168.3.44]
06-24 12:15:42.211 0 0 W : [0 T1046 ..] [SP FRAME RX] arp req,vif_idx:0 sender:[0c:91:60:12:cd:8c 192.168.3.70]receiver:[00:00:00:00:00:00 192.168.3.75]
06-24 12:15:42.212 0 0 W : [0 T1046 ..] [SP FRAME TX] arp rsp,vif_idx:0 sender:[1c:79:2d:20:62:cb 192.168.3.75]receiver:[0c:91:60:12:cd:8c 192.168.3.70]
06-24 12:15:42.214 0 0 W : [0 T1046 ..] [SP FRAME RX] arp req,vif_idx:0 sender:[e2:04:f6:d8:62:00 192.168.3.194]receiver:[00:00:00:00:00:00 192.168.3.75]
06-24 12:15:42.215 0 0 W : [0 T1046 ..] [SP FRAME TX] arp rsp,vif_idx:0 sender:[1c:79:2d:20:62:cb 192.168.3.75]receiver:[e2:04:f6:d8:62:00 192.168.3.194]
06-24 12:15:42.355 0 0 W : [0 T1046 ..] [SP FRAME RX] arp req,vif_idx:0 sender:[0c:91:60:12:cd:6e 192.168.3.81]receiver:[00:00:00:00:00:00 192.168.3.75]
06-24 12:15:42.356 0 0 W : [0 T1046 ..] [SP FRAME TX] arp rsp,vif_idx:0 sender:[1c:79:2d:20:62:cb 192.168.3.75]receiver:[0c:91:60:12:cd:6e 192.168.3.81]
06-24 12:15:42.416 0 0 W : [0 T1046 ..] [SP FRAME RX] arp req,vif_idx:0 sender:[0c:91:60:12:cd:fc 192.168.3.171]receiver:[00:00:00:00:00:00 192.168.3.75]
06-24 12:15:42.417 0 0 W : [0 T1046 ..] [SP FRAME TX] arp rsp,vif_idx:0 sender:[1c:79:2d:20:62:cb 192.168.3.75]receiver:[0c:91:60:12:cd:fc 192.168.3.171]
06-24 12:15:42.449 0 0 W : [0 T1046 ..] [SP FRAME RX] arp req,vif_idx:0 sender:[da:b8:33:f6:93:fe 192.168.3.89]receiver:[00:00:00:00:00:00 192.168.3.75]
06-24 12:15:42.450 0 0 W : [0 T1046 ..] [SP FRAME TX] arp rsp,vif_idx:0 sender:[1c:79:2d:20:62:cb 192.168.3.75]receiver:[da:b8:33:f6:93:fe 192.168.3.89]
06-24 12:15:42.832 0 0 W : [0 T1046 ..] [SP FRAME RX] arp req,vif_idx:0 sender:[10:b2:32:39:59:ba 192.168.3.57]receiver:[00:00:00:00:00:00 192.168.3.75]
06-24 12:15:42.833 0 0 W : [0 T1046 ..] [SP FRAME TX] arp rsp,vif_idx:0 sender:[1c:79:2d:20:62:cb 192.168.3.75]receiver:[10:b2:32:39:59:ba 192.168.3.57]
06-24 12:15:51.861 0 0 W : [2 T1046 ..] [SP FRAME RX] arp req,vif_idx:0 sender:[b6:9c:70:ec:40:e7 192.168.3.65]receiver:[00:00:00:00:00:00 192.168.3.75]
06-24 12:15:51.862 0 0 W : [2 T1046 ..] [SP FRAME TX] arp rsp,vif_idx:0 sender:[1c:79:2d:20:62:cb 192.168.3.75]receiver:[b6:9c:70:ec:40:e7 192.168.3.65]
06-24 12:16:19.502 1407 1731 W ContextImpl: Calling a method in the system process without a qualified user: android.app.ContextImpl.sendBroadcast:1220 android.content.ContextWrapper.sendBroadcast:504 com.dangbei.etna.setting.core.SettingHelper.sendCycleToProjector:257 com.dangbei.etna.setting.core.SettingHelper.sendCycleCheckBroadcast:226 com.dangbei.etna.setting.core.SettingHelper.startLoop$lambda-0:185
06-24 12:16:19.504 1407 1731 W ContextImpl: Calling a method in the system process without a qualified user: android.app.ContextImpl.sendBroadcast:1220 android.content.ContextWrapper.sendBroadcast:504 com.dangbei.etna.setting.core.SettingHelper.sendCycleToVoice:242 com.dangbei.etna.setting.core.SettingHelper.sendCycleCheckBroadcast:227 com.dangbei.etna.setting.core.SettingHelper.startLoop$lambda-0:185
06-24 12:16:43.082 0 0 W : [0 T10746 ..] [aml_send_sync_trace 4388] sync token[63794]
06-24 12:16:43.082 0 0 W : [0 T10746 ..] >>> aml_send_msg()
06-24 12:16:43.083 0 0 W : [3 T1041 ..] ipc_sdio_host_msgack_handler 00000000fc4c58a4
06-24 12:16:43.084 0 0 W : [3 T1041 ..] [aml_msgackind 2039] msg ack hostid=0xffffff80c9082200
06-24 12:16:43.085 0 0 W : [3 T1041 ..] [cmd_mgr_llind 329] cmd tkn[130] flags:0008 result: -4 cmd: 105-MM_SYNC_TRACE - reqcfm( 0-none)
06-24 12:16:43.086 0 0 W : [3 T1041 ..] [cmd_complete 65] cmd tkn[130] flags:0000 result: -4 cmd: 105-MM_SYNC_TRACE - reqcfm( 0-none)
06-24 12:16:51.786 0 0 W : [0 T0 .s] [SP FRAME TX] arp req,vif_idx:0 sender:[1c:79:2d:20:62:cb 192.168.3.75]receiver:[00:00:00:00:00:00 192.168.3.65]
