06-24 11:54:32.439 901 979 V WindowManagerShell: try handler com.android.wm.shell.pip.tv.TvPipTransition@1141
06-24 11:54:32.439 901 979 V WindowManagerShell: try handler com.android.wm.shell.activityembedding.ActivityEmbeddingController@e8f56e6
06-24 11:54:32.439 901 979 V WindowManagerShell: try handler com.android.wm.shell.transition.RemoteTransitionHandler@b664427
06-24 11:54:32.439 901 979 V WindowManagerShell: Transition doesn't have explicit remote, search filters for match for {id=88 t=OPEN f=0x0 trk=0 r=[0@Point(0, 0)] c=[{WCT{android.window.IWindowContainerToken$Stub$Proxy@9d81f17} m=OPEN f=NONE leash=Surface(name=Task=50)/@0x3075558 sb=Rect(0, 0 - 1920, 1080) eb=Rect(0, 0 - 1920, 1080) d=0},{WCT{android.window.IWindowContainerToken$Stub$Proxy@d486f04} m=TO_BACK f=NONE leash=Surface(name=Task=49)/@0x3056b1 sb=Rect(0, 0 - 1920, 1080) eb=Rect(0, 0 - 1920, 1080) d=0}]}
06-24 11:54:32.439 901 979 V WindowManagerShell: Delegate animation for #88 to null
06-24 11:54:32.439 901 979 V WindowManagerShell: try handler com.android.wm.shell.transition.DefaultTransitionHandler@7916d4
06-24 11:54:32.439 901 979 V WindowManagerShell: start default transition animation, info = {id=88 t=OPEN f=0x0 trk=0 r=[0@Point(0, 0)] c=[{WCT{android.window.IWindowContainerToken$Stub$Proxy@9d81f17} m=OPEN f=NONE leash=Surface(name=Task=50)/@0x3075558 sb=Rect(0, 0 - 1920, 1080) eb=Rect(0, 0 - 1920, 1080) d=0},{WCT{android.window.IWindowContainerToken$Stub$Proxy@d486f04} m=TO_BACK f=NONE leash=Surface(name=Task=49)/@0x3056b1 sb=Rect(0, 0 - 1920, 1080) eb=Rect(0, 0 - 1920, 1080) d=0}]}
06-24 11:54:32.440 901 979 V WindowManagerShell: loadAnimation: anim=android.view.animation.AlphaAnimation@ac2aced animAttr=0x9 type=OPEN isEntrance=false
06-24 11:54:32.441 901 979 V WindowManagerShell: loadAnimation: anim=android.view.animation.AlphaAnimation@1e20722 animAttr=0x8 type=OPEN isEntrance=true
06-24 11:54:32.443 901 979 V WindowManagerShell: animated by com.android.wm.shell.transition.DefaultTransitionHandler@7916d4
06-24 11:54:32.448 685 708 V WindowManager: Sent Transition #88 createdAt=06-24 11:54:31.628 via request=TransitionRequestInfo { type = 1, triggerTask = TaskInfo{userId=0 taskId=50 displayId=0 isRunning=true baseIntent=Intent { act=android.intent.action.MAIN cat=[android.intent.category.LAUNCHER] flg=0x10000000 pkg=cn.cibntv.ott cmp=cn.cibntv.ott/com.youku.tv.home.activity.HomeActivity } baseActivity=ComponentInfo{cn.cibntv.ott/com.youku.tv.home.activity.HomeActivity} topActivity=ComponentInfo{cn.cibntv.ott/com.youku.tv.home.activity.HomeActivity} origActivity=null realActivity=ComponentInfo{cn.cibntv.ott/com.youku.tv.home.activity.HomeActivity} numActivities=1 lastActiveTime=2679550 supportsMultiWindow=true resizeMode=1 isResizeable=true minWidth=-1 minHeight=-1 defaultMinSize=220 token=WCT{RemoteToken{31c1455 Task{37b84d8 #50 type=standard A=10081:cn.cibntv.ott}}} topActivityType=1 pictureInPictureParams=null shouldDockBigOverlays=true launchIntoPipHostTaskId=-1 lastParentTaskIdBeforePip=-1 displayCutoutSafeInsets=null topActivityInfo=ActivityInfo{fe4be6a com.youku.tv.home.activity.HomeActivity} launchCookies=[] positionInParent=Point(0, 0) parentTaskId=-1 isFocused=false isVisible=false isVisibleRequested=false isSleeping=false topActivityInSizeCompat=false topActivityEligibleForLetterboxEducation= false isLetterboxDoubleTapEnabled= false topActivityEligibleForUserAspectRatioButton= false topActivityBoundsLetterboxed= false isFromLetterboxDoubleTap= false topActivityLetterboxVerticalPosition= -1 topActivityLetterboxHorizontalPosition= -1 topActivityLetterboxWidth=-1 topActivityLetterboxHeight=-1 isUserFullscreenOverrideEnabled=false isTopActivityTransparent=false locusId=null displayAreaFeatureId=1 cameraCompatControlState=hidden}, remoteTransition = null, displayChange = null, flags = 0 }
06-24 11:54:32.448 685 708 V WindowManager: startWCT=WindowContainerTransaction { changes = {} hops = [] errorCallbackToken=null taskFragmentOrganizer=null }
06-24 11:54:32.448 685 708 V WindowManager: info={id=88 t=OPEN f=0x0 trk=0 r=[0@Point(0, 0)] c=[{WCT{RemoteToken{31c1455 Task{37b84d8 #50 type=standard A=10081:cn.cibntv.ott}}} m=OPEN f=NONE leash=Surface(name=Task=50)/@0x5615a5e sb=Rect(0, 0 - 1920, 1080) eb=Rect(0, 0 - 1920, 1080) d=0},{WCT{RemoteToken{4345ab0 Task{8681098 #49 type=standard A=1000:search.app.task}}} m=TO_BACK f=NONE leash=Surface(name=Task=49)/@0x79ae862 sb=Rect(0, 0 - 1920, 1080) eb=Rect(0, 0 - 1920, 1080) d=0}]}
06-24 11:54:32.500 685 1069 D CompatibilityChangeReporter: Compat change id reported: 214016041; UID 10081; state: DISABLED
06-24 11:54:32.861 901 979 V WindowManagerShell: Transition animation finished (aborted=false), notifying core (#88)android.os.BinderProxy@2dc2c35@0
06-24 11:54:32.864 685 708 V WindowManager: Finish Transition #88: created at
06-24 11:54:31.628 collect-started=0.22ms request-sent=20.821ms started=28.343ms ready=341.418ms sent=808.209ms finished=1235.006ms
06-24 11:54:32.868 901 979 V WindowManagerShell: Track 0 became idle
06-24 11:54:32.868 901 979 V WindowManagerShell: All active transition animations finished
06-24 11:54:34.659 685 1390 E TaskPersister: File error accessing recents directory (directory doesn't exist?).
06-24 11:54:35.529 685 718 W ActivityManager: Stopping service due to app idle: u0a80 -6m38s728ms cn.miguvideo.migutv/cn.migu.tsg.mpush.PushService
06-24 11:54:36.423 0 0 I [1 T216 ..] servicemanager: Notifying artd they don't (previously: do) have clients when we now have no record of a client
06-24 11:54:36.424 0 0 I [2 T216 ..] servicemanager: Unregistering artd
06-24 11:54:36.424 0 0 I [2 T216 ..] BpBinder: onLastStrongRef automatically unlinking death recipients:
06-24 11:54:37.356 685 709 D HdmiControlService: Process pid: 685 is calling oneTouchPlay.
06-24 11:54:37.356 685 685 D HdmiControlService: Local device is under address allocation. Save OTP callback for later process.
06-24 11:54:37.359 685 708 D AutofillManagerService: Close system dialogs
06-24 11:54:37.360 901 979 D WindowManagerShell: TvPipMenuController: closeMenu()
06-24 11:54:37.361 901 979 I WindowManagerShell: TvPipMenuController: switchToMenuMode: setting mCurrentMenuMode=MODE_NO_MENU, mPrevMenuMode=MODE_NO_MENU
06-24 11:54:37.377 685 709 I ActivityTaskManager: START u0 {act=android.intent.action.MAIN cat=[android.intent.category.HOME] flg=0x10000100 cmp=com.dangbei.leard.leradlauncher/com.dangbei.launcher.home.LauncherActivity (has extras)} with LAUNCH_SINGLE_TASK from uid 0 (BAL_ALLOW_ALLOWLISTED_UID) result code=2
06-24 11:54:37.378 901 979 V WindowManagerShell: Transition requested: android.os.BinderProxy@718ca5 TransitionRequestInfo { type = 1, triggerTask = TaskInfo{userId=0 taskId=32 displayId=0 isRunning=true baseIntent=Intent { act=android.intent.action.MAIN cat=[android.intent.category.HOME] flg=0x10800100 cmp=com.dangbei.leard.leradlauncher/com.dangbei.launcher.home.LauncherActivity } baseActivity=ComponentInfo{com.dangbei.leard.leradlauncher/com.dangbei.launcher.home.LauncherActivity} topActivity=ComponentInfo{com.dangbei.leard.leradlauncher/com.dangbei.launcher.home.LauncherActivity} origActivity=null realActivity=ComponentInfo{com.dangbei.leard.leradlauncher/com.dangbei.launcher.home.LauncherActivity} numActivities=1 lastActiveTime=2661223 supportsMultiWindow=true resizeMode=0 isResizeable=false minWidth=-1 minHeight=-1 defaultMinSize=220 token=WCT{android.window.IWindowContainerToken$Stub$Proxy@5d1587a} topActivityType=2 pictureInPictureParams=null shouldDockBigOverlays=true launchIntoPipHostTaskId=-1 lastParentTaskIdBeforePip=-1 displayCutoutSafeInsets=null topActivityInfo=ActivityInfo{b74082b com.dangbei.launcher.home.LauncherActivity} launchCookies=[] positionInParent=Point(0, 0) parentTaskId=-1 isFocused=true isVisible=false isVisibleRequested=false isSleeping=false topActivityInSizeCompat=false topActivityEligibleForLetterboxEducation= false isLetterboxDoubleTapEnabled= false topActivityEligibleForUserAspectRatioButton= false topActivityBoundsLetterboxed= false isFromLetterboxDoubleTap= false topActivityLetterboxVerticalPosition= -1 topActivityLetterboxHorizontalPosition= -1 topActivityLetterboxWidth=-1 topActivityLetterboxHeight=-1 isUserFullscreenOverrideEnabled=false isTopActivityTransparent=false locusId=null displayAreaFeatureId=1 cameraCompatControlState=hidden}, remoteTransition = null, displayChange = null, flags = 0 }
06-24 11:54:37.379 685 1069 W ActivityTaskManager: Duplicate finish request for r=ActivityRecord{71d4223 u0 com.dangbei.leard.leradlauncher/com.dangbei.launcher.secondary.app.AppSecondaryActivity t32 f}}
06-24 11:54:37.380 685 1069 W ActivityTaskManager: Duplicate finish request for r=ActivityRecord{3f2fa13 u0 com.dangbei.leard.leradlauncher/.module.search.SearchActivity t32 f}}
06-24 11:54:37.380 685 4709 D CoreBackPreview: Window{40129ae u0 cn.cibntv.ott/com.youku.tv.home.activity.HomeActivity}: Setting back callback null
06-24 11:54:37.393 685 4709 D CoreBackPreview: Window{cbbeb4e u0 com.dangbei.leard.leradlauncher/com.dangbei.leard.leradlauncher.module.search.SearchActivity}: Setting back callback null
06-24 11:54:37.396 685 2118 V WindowManager: app ------------- force_land :0
06-24 11:54:37.402 685 711 V WindowManager: Unknown focus tokens, dropping reportFocusChanged
06-24 11:54:37.406 685 763 D CompatibilityChangeReporter: Compat change id reported: 265195908; UID 10080; state: ENABLED
06-24 11:54:37.409 685 717 W UsageStatsService: Unexpected activity event reported! (com.dangbei.leard.leradlauncher/com.dangbei.leard.leradlauncher.module.search.SearchActivity event : 23 instanceId : 72905808)
06-24 11:54:37.420 685 4709 D CoreBackPreview: Window{65c9e9e u0 com.dangbei.leard.leradlauncher/com.dangbei.launcher.secondary.app.AppSecondaryActivity}: Setting back callback null
06-24 11:54:37.426 685 717 W UsageStatsService: Unexpected activity event reported! (com.dangbei.leard.leradlauncher/com.dangbei.launcher.secondary.app.AppSecondaryActivity event : 23 instanceId : 195953440)
06-24 11:54:37.432 685 4709 D CoreBackPreview: Window{eff8357 u0 com.dangbei.leard.leradlauncher/com.dangbei.leard.leradlauncher.module.app.AppDetailActivity}: Setting back callback null
06-24 11:54:37.439 685 717 W UsageStatsService: Unexpected activity event reported! (com.dangbei.leard.leradlauncher/com.dangbei.leard.leradlauncher.module.app.AppDetailActivity event : 23 instanceId : 116232433)
06-24 11:54:37.502 901 979 D WindowManagerShell: TvPipController: onTaskStackChanged()
06-24 11:54:37.571 685 709 W ContextImpl: Calling a method in the system process without a qualified user: android.app.ContextImpl.startService:1899 com.android.server.wm.DisplayPolicy.lambda$focusChangedLw$5:2126 com.android.server.wm.DisplayPolicy.$r8$lambda$Znxk63oh-WzVnzo_WQefN7uxV48:0 com.android.server.wm.DisplayPolicy$$ExternalSyntheticLambda13.run:0 android.os.Handler.handleCallback:958
06-24 11:54:37.587 901 979 V WindowManagerShell: onTransitionReady android.os.BinderProxy@718ca5: {id=89 t=OPEN f=0x0 trk=0 r=[0@Point(0, 0)] c=[{WCT{android.window.IWindowContainerToken$Stub$Proxy@428fc07} m=TO_FRONT f=MOVE_TO_TOP leash=Surface(name=Task=1)/@0x726c488 sb=Rect(0, 0 - 1920, 1080) eb=Rect(0, 0 - 1920, 1080) d=0},{WCT{android.window.IWindowContainerToken$Stub$Proxy@6a7a134} m=TO_BACK f=NONE leash=Surface(name=Task=50)/@0x4934e21 sb=Rect(0, 0 - 1920, 1080) eb=Rect(0, 0 - 1920, 1080) d=0}]}
06-24 11:54:37.588 901 979 V WindowManagerShell: Playing animation for (#89)android.os.BinderProxy@718ca5@0
06-24 11:54:37.588 901 979 V WindowManagerShell: try handler com.android.wm.shell.keyguard.KeyguardTransitionHandler@24e2028
06-24 11:54:37.588 901 979 V WindowManagerShell: try handler com.android.wm.shell.pip.tv.TvPipTransition@1141
06-24 11:54:37.588 901 979 V WindowManagerShell: try handler com.android.wm.shell.activityembedding.ActivityEmbeddingController@e8f56e6
06-24 11:54:37.588 901 979 V WindowManagerShell: try handler com.android.wm.shell.transition.RemoteTransitionHandler@b664427
06-24 11:54:37.588 901 979 V WindowManagerShell: Transition doesn't have explicit remote, search filters for match for {id=89 t=OPEN f=0x0 trk=0 r=[0@Point(0, 0)] c=[{WCT{android.window.IWindowContainerToken$Stub$Proxy@428fc07} m=TO_FRONT f=MOVE_TO_TOP leash=Surface(name=Task=1)/@0x726c488 sb=Rect(0, 0 - 1920, 1080) eb=Rect(0, 0 - 1920, 1080) d=0},{WCT{android.window.IWindowContainerToken$Stub$Proxy@6a7a134} m=TO_BACK f=NONE leash=Surface(name=Task=50)/@0x4934e21 sb=Rect(0, 0 - 1920, 1080) eb=Rect(0, 0 - 1920, 1080) d=0}]}
06-24 11:54:37.588 901 979 V WindowManagerShell: Delegate animation for #89 to null
06-24 11:54:37.588 901 979 V WindowManagerShell: try handler com.android.wm.shell.transition.DefaultTransitionHandler@7916d4
06-24 11:54:37.588 901 979 V WindowManagerShell: start default transition animation, info = {id=89 t=OPEN f=0x0 trk=0 r=[0@Point(0, 0)] c=[{WCT{android.window.IWindowContainerToken$Stub$Proxy@428fc07} m=TO_FRONT f=MOVE_TO_TOP leash=Surface(name=Task=1)/@0x726c488 sb=Rect(0, 0 - 1920, 1080) eb=Rect(0, 0 - 1920, 1080) d=0},{WCT{android.window.IWindowContainerToken$Stub$Proxy@6a7a134} m=TO_BACK f=NONE leash=Surface(name=Task=50)/@0x4934e21 sb=Rect(0, 0 - 1920, 1080) eb=Rect(0, 0 - 1920, 1080) d=0}]}
06-24 11:54:37.589 901 979 V WindowManagerShell: loadAnimation: anim=android.view.animation.AlphaAnimation@ab5ab5d animAttr=0x9 type=OPEN isEntrance=false
06-24 11:54:37.589 901 979 V WindowManagerShell: loadAnimation: anim=android.view.animation.AlphaAnimation@7e7cd2 animAttr=0x8 type=OPEN isEntrance=true
06-24 11:54:37.592 901 979 V WindowManagerShell: animated by com.android.wm.shell.transition.DefaultTransitionHandler@7916d4
06-24 11:54:37.597 685 708 V WindowManager: Sent Transition #89 createdAt=06-24 11:54:37.368 via request=TransitionRequestInfo { type = 1, triggerTask = TaskInfo{userId=0 taskId=32 displayId=0 isRunning=true baseIntent=Intent { act=android.intent.action.MAIN cat=[android.intent.category.HOME] flg=0x10800100 cmp=com.dangbei.leard.leradlauncher/com.dangbei.launcher.home.LauncherActivity } baseActivity=ComponentInfo{com.dangbei.leard.leradlauncher/com.dangbei.launcher.home.LauncherActivity} topActivity=ComponentInfo{com.dangbei.leard.leradlauncher/com.dangbei.launcher.home.LauncherActivity} origActivity=null realActivity=ComponentInfo{com.dangbei.leard.leradlauncher/com.dangbei.launcher.home.LauncherActivity} numActivities=1 lastActiveTime=2661223 supportsMultiWindow=true resizeMode=0 isResizeable=false minWidth=-1 minHeight=-1 defaultMinSize=220 token=WCT{RemoteToken{a5d9d8d Task{131419d #32 type=home A=1000:com.dangbei.leard.leradlauncher}}} topActivityType=2 pictureInPictureParams=null shouldDockBigOverlays=true launchIntoPipHostTaskId=-1 lastParentTaskIdBeforePip=-1 displayCutoutSafeInsets=null topActivityInfo=ActivityInfo{f394bcd com.dangbei.launcher.home.LauncherActivity} launchCookies=[] positionInParent=Point(0, 0) parentTaskId=-1 isFocused=true isVisible=false isVisibleRequested=false isSleeping=false topActivityInSizeCompat=false topActivityEligibleForLetterboxEducation= false isLetterboxDoubleTapEnabled= false topActivityEligibleForUserAspectRatioButton= false topActivityBoundsLetterboxed= false isFromLetterboxDoubleTap= false topActivityLetterboxVerticalPosition= -1 topActivityLetterboxHorizontalPosition= -1 topActivityLetterboxWidth=-1 topActivityLetterboxHeight=-1 isUserFullscreenOverrideEnabled=false isTopActivityTransparent=false locusId=null displayAreaFeatureId=1 cameraCompatControlState=hidden}, remoteTransition = null, displayChange = null, flags = 0 }
06-24 11:54:37.597 685 708 V WindowManager: startWCT=WindowContainerTransaction { changes = {} hops = [] errorCallbackToken=null taskFragmentOrganizer=null }
06-24 11:54:37.597 685 708 V WindowManager: info={id=89 t=OPEN f=0x0 trk=0 r=[0@Point(0, 0)] c=[{WCT{RemoteToken{30b1e82 Task{4d21fd0 #1 type=home}}} m=TO_FRONT f=MOVE_TO_TOP leash=Surface(name=Task=1)/@0x54f0375 sb=Rect(0, 0 - 1920, 1080) eb=Rect(0, 0 - 1920, 1080) d=0},{WCT{RemoteToken{31c1455 Task{37b84d8 #50 type=standard A=10081:cn.cibntv.ott}}} m=TO_BACK f=NONE leash=Surface(name=Task=50)/@0x5615a5e sb=Rect(0, 0 - 1920, 1080) eb=Rect(0, 0 - 1920, 1080) d=0}]}
06-24 11:54:37.941 685 4709 I MediaSessionStack: removeSession | record: com.dangbei.dbmusic/MusicService (userId=0)
06-24 11:54:37.941 685 751 I ActivityManager: Process com.dangbei.dbmusic (pid 19115) has died: prcp FGS
06-24 11:54:37.942 685 751 W ActivityManager: Scheduling restart of crashed service com.dangbei.dbmusic/.player.service.MusicService in 1000ms for start-requested
06-24 11:54:37.942 685 751 W ActivityManager: Scheduling restart of crashed service com.dangbei.dbmusic/com.dangbei.downloader.core.DownloadService in 11000ms for start-requested
06-24 11:54:37.944 685 709 D DisplayManagerService: Drop pending events for gone uid 10077
06-24 11:54:37.999 901 979 V WindowManagerShell: Transition animation finished (aborted=false), notifying core (#89)android.os.BinderProxy@718ca5@0
06-24 11:54:38.001 685 708 V WindowManager: Finish Transition #89: created at
06-24 11:54:37.368 collect-started=0.077ms request-sent=8.235ms started=11.468ms ready=30.169ms sent=216.676ms finished=632.595ms
06-24 11:54:38.004 901 979 V WindowManagerShell: Track 0 became idle
06-24 11:54:38.004 901 979 V WindowManagerShell: All active transition animations finished
06-24 11:54:38.078 685 1069 I ActivityManager: Process cn.cibntv.ott (pid 20105) has died: prcp LAST
06-24 11:54:38.079 685 1069 W ActivityTaskManager: Force removing ActivityRecord{b4bc18c u0 cn.cibntv.ott/com.youku.tv.home.activity.HomeActivity t50}: app died, no saved state
06-24 11:54:38.081 685 709 D DisplayManagerService: Drop pending events for gone uid 10081
06-24 11:54:38.085 685 13323 W WindowManager: Failed looking up window session=Session{acad962 20105:u0a10081} callers=com.android.server.wm.WindowManagerService.windowForClientLocked:6077 com.android.server.wm.WindowState$DeathRecipient.binderDied:2938 android.os.IBinder$DeathRecipient.binderDied:319
06-24 11:54:38.085 685 13323 I WindowManager: WIN DEATH: null
06-24 11:54:38.087 685 711 W ActivityManager: setHasOverlayUi called on unknown pid: 20105
06-24 11:54:38.944 685 718 D CompatibilityChangeReporter: Compat change id reported: 135634846; UID 10077; state: DISABLED
06-24 11:54:38.946 685 719 D CompatibilityChangeReporter: Compat change id reported: 143937733; UID 10077; state: ENABLED
06-24 11:54:38.961 685 719 I ActivityManager: Start proc 20182:com.dangbei.dbmusic/u0a77 for service {com.dangbei.dbmusic/com.dangbei.dbmusic.player.service.MusicService}
06-24 11:54:38.997 685 1069 D CompatibilityChangeReporter: Compat change id reported: 168419799; UID 10077; state: DISABLED
06-24 11:54:38.998 685 1069 D CompatibilityChangeReporter: Compat change id reported: 273564678; UID 10077; state: DISABLED
06-24 11:54:39.001 685 763 D CompatibilityChangeReporter: Compat change id reported: 265195908; UID 10077; state: ENABLED
06-24 11:54:39.007 685 1069 D CompatibilityChangeReporter: Compat change id reported: 170503758; UID 10077; state: DISABLED
06-24 11:54:39.132 685 1069 I MediaSessionStack: addSession to bottom of stack | record: com.dangbei.dbmusic/MusicService (userId=0)
06-24 11:54:39.153 685 13323 D CompatibilityChangeReporter: Compat change id reported: 170668199; UID 10077; state: DISABLED
06-24 11:54:39.154 685 13323 W ActivityManager: Foreground service started from background can not have location/camera/microphone access: service com.dangbei.dbmusic/.player.service.MusicService
06-24 11:54:39.155 685 13323 D CompatibilityChangeReporter: Compat change id reported: 255038118; UID 10077; state: DISABLED
06-24 11:54:39.155 685 13323 D CompatibilityChangeReporter: Compat change id reported: 255042465; UID 10077; state: DISABLED
06-24 11:54:39.156 685 718 V ActivityManager: Attempted to start a foreground service (com.dangbei.dbmusic/.player.service.MusicService) with a broken notification (no icon: Notification(channel=400 shortcut=null contentView=null vibrate=null sound=null defaults=0x0 flags=0x40 color=0x00000000 vis=PRIVATE))
06-24 11:54:39.160 685 751 W ActivityManager: Foreground service started from background can not have location/camera/microphone access: service com.dangbei.dbmusic/.player.service.MusicService
06-24 11:54:39.161 685 718 V ActivityManager: Attempted to start a foreground service (com.dangbei.dbmusic/.player.service.MusicService) with a broken notification (no icon: Notification(channel=400 shortcut=null contentView=null vibrate=null sound=null defaults=0x0 flags=0x40 color=0x00000000 vis=PRIVATE))
06-24 11:54:39.295 0 0 W [3 T19549 ..] audit: audit_lost=2591 audit_rate_limit=5 audit_backlog_limit=64
06-24 11:54:39.295 0 0 E [3 T19549 ..] audit: rate limit exceeded
06-24 11:54:39.288 685 13323 D CompatibilityChangeReporter: Compat change id reported: 161145287; UID 10077; state: DISABLED
06-24 11:54:39.296 685 13323 D CompatibilityChangeReporter: Compat change id reported: 261072174; UID 10077; state: DISABLED
06-24 11:54:39.328 685 685 W NotificationHistory: Attempted to add notif for locked/gone/disabled user 0
06-24 11:54:41.090 685 1390 E TaskPersister: File error accessing recents directory (directory doesn't exist?).
06-24 11:54:41.753 685 780 D ActivityManager: freezing 2025 com.android.providers.tv
06-24 11:54:41.770 685 880 W ProcessStats: Tracking association SourceState{80260ac system/1000 ImpFg #1903} whose proc state 5 is better than process ProcessState{9231bd0 com.android.permissioncontroller/10074 pkg=com.android.permissioncontroller} proc state 15 (19 skipped)
06-24 11:54:41.779 0 0 I [3 T2406 ..] logd: start watching /data/system/packages.list ...
06-24 11:54:41.782 0 0 I [3 T2406 ..] logd: ReadPackageList, total packages: 87
06-24 11:54:42.085 272 20074 I keystore2: system/security/keystore2/src/watchdog.rs:319 - Watchdog thread idle -> terminating. Have a great day.
06-24 11:54:44.339 1423 1423 W ContextImpl: Calling a method in the system process without a qualified user: android.app.ContextImpl.startActivity:1102 android.content.ContextWrapper.startActivity:436 ie.b.f:119 ie.a.b:75 ge.a.c:71
06-24 11:54:44.339 1423 1423 W ContextImpl: Calling a method in the system process without a qualified user: android.app.ContextImpl.startActivity:1114 android.app.ContextImpl.startActivity:1103 android.content.ContextWrapper.startActivity:436 ie.b.f:119 ie.a.b:75
06-24 11:54:44.342 685 13323 D CompatibilityChangeReporter: Compat change id reported: 265464455; UID 10081; state: DISABLED
06-24 11:54:44.342 685 13323 D CompatibilityChangeReporter: Compat change id reported: 265452344; UID 10081; state: DISABLED
06-24 11:54:44.343 685 13323 D CompatibilityChangeReporter: Compat change id reported: 266124927; UID 10081; state: DISABLED
06-24 11:54:44.343 685 13323 D CompatibilityChangeReporter: Compat change id reported: 265451093; UID 10081; state: DISABLED
06-24 11:54:44.343 685 13323 D CompatibilityChangeReporter: Compat change id reported: 265456536; UID 10081; state: DISABLED
06-24 11:54:44.344 685 13323 D CompatibilityChangeReporter: Compat change id reported: 255940284; UID 10081; state: DISABLED
06-24 11:54:44.344 685 13323 D CompatibilityChangeReporter: Compat change id reported: 236283604; UID 10081; state: DISABLED
06-24 11:54:44.344 685 13323 D CompatibilityChangeReporter: Compat change id reported: 263959004; UID 10081; state: DISABLED
06-24 11:54:44.345 685 13323 D CompatibilityChangeReporter: Compat change id reported: 264304459; UID 10081; state: DISABLED
06-24 11:54:44.345 685 13323 D CompatibilityChangeReporter: Compat change id reported: 264301586; UID 10081; state: DISABLED
06-24 11:54:44.345 685 13323 D CompatibilityChangeReporter: Compat change id reported: 254631730; UID 10081; state: DISABLED
06-24 11:54:44.346 685 13323 D CompatibilityChangeReporter: Compat change id reported: 273509367; UID 10081; state: DISABLED
06-24 11:54:44.346 685 13323 D CompatibilityChangeReporter: Compat change id reported: 263259275; UID 10081; state: DISABLED
06-24 11:54:44.347 685 13323 D CompatibilityChangeReporter: Compat change id reported: 174042980; UID 10081; state: DISABLED
06-24 11:54:44.347 685 13323 D CompatibilityChangeReporter: Compat change id reported: 174042936; UID 10081; state: DISABLED
06-24 11:54:44.347 685 13323 D CompatibilityChangeReporter: Compat change id reported: 181136395; UID 10081; state: DISABLED
06-24 11:54:44.348 685 13323 D CompatibilityChangeReporter: Compat change id reported: 194480991; UID 10081; state: ENABLED
06-24 11:54:44.353 685 13323 D CompatibilityChangeReporter: Compat change id reported: 184838306; UID 10081; state: DISABLED
06-24 11:54:44.354 685 13323 D CompatibilityChangeReporter: Compat change id reported: 185004937; UID 10081; state: DISABLED
06-24 11:54:44.356 685 13323 D CompatibilityChangeReporter: Compat change id reported: 197654537; UID 10081; state: DISABLED
06-24 11:54:44.359 685 13323 V SplashScreenExceptionList: SplashScreen checking exception for package cn.cibntv.ott (target sdk:25) -> false
06-24 11:54:44.359 685 13323 D CompatibilityChangeReporter: Compat change id reported: 205907456; UID 10081; state: DISABLED
06-24 11:54:44.365 685 13323 D CompatibilityChangeReporter: Compat change id reported: 194833441; UID 10081; state: DISABLED
06-24 11:54:44.365 901 979 V WindowManagerShell: Transition requested: android.os.BinderProxy@4fb64ff TransitionRequestInfo { type = 1, triggerTask = TaskInfo{userId=0 taskId=51 displayId=0 isRunning=true baseIntent=Intent { act=android.intent.action.MAIN cat=[android.intent.category.LAUNCHER] flg=0x10000000 pkg=cn.cibntv.ott cmp=cn.cibntv.ott/com.youku.tv.home.activity.HomeActivity } baseActivity=ComponentInfo{cn.cibntv.ott/com.youku.tv.home.activity.HomeActivity} topActivity=ComponentInfo{cn.cibntv.ott/com.youku.tv.home.activity.HomeActivity} origActivity=null realActivity=ComponentInfo{cn.cibntv.ott/com.youku.tv.home.activity.HomeActivity} numActivities=1 lastActiveTime=2692264 supportsMultiWindow=true resizeMode=1 isResizeable=true minWidth=-1 minHeight=-1 defaultMinSize=220 token=WCT{android.window.IWindowContainerToken$Stub$Proxy@409e2cc} topActivityType=1 pictureInPictureParams=null shouldDockBigOverlays=true launchIntoPipHostTaskId=-1 lastParentTaskIdBeforePip=-1 displayCutoutSafeInsets=null topActivityInfo=ActivityInfo{117e915 com.youku.tv.home.activity.HomeActivity} launchCookies=[] positionInParent=Point(0, 0) parentTaskId=-1 isFocused=false isVisible=false isVisibleRequested=false isSleeping=false topActivityInSizeCompat=false topActivityEligibleForLetterboxEducation= false isLetterboxDoubleTapEnabled= false topActivityEligibleForUserAspectRatioButton= false topActivityBoundsLetterboxed= false isFromLetterboxDoubleTap= false topActivityLetterboxVerticalPosition= -1 topActivityLetterboxHorizontalPosition= -1 topActivityLetterboxWidth=-1 topActivityLetterboxHeight=-1 isUserFullscreenOverrideEnabled=false isTopActivityTransparent=false locusId=null displayAreaFeatureId=1 cameraCompatControlState=hidden}, remoteTransition = null, displayChange = null, flags = 0 }
06-24 11:54:44.365 685 13323 I ActivityTaskManager: START u0 {act=android.intent.action.MAIN cat=[android.intent.category.LAUNCHER] flg=0x10000000 pkg=cn.cibntv.ott cmp=cn.cibntv.ott/com.youku.tv.home.activity.HomeActivity} with LAUNCH_SINGLE_TASK from uid 1000 (BAL_ALLOW_ALLOWLISTED_UID) result code=0
06-24 11:54:44.368 685 711 I ActivityManager: cn.cibntv.ott is exempt from freezer
06-24 11:54:44.369 685 711 D CompatibilityChangeReporter: Compat change id reported: 135634846; UID 10081; state: DISABLED
06-24 11:54:44.371 685 719 D CompatibilityChangeReporter: Compat change id reported: 143937733; UID 10081; state: DISABLED
06-24 11:54:44.395 685 763 D CompatibilityChangeReporter: Compat change id reported: 265195908; UID 10081; state: ENABLED
06-24 11:54:44.400 685 719 I ActivityManager: Start proc 20454:cn.cibntv.ott/u0a81 for next-top-activity {cn.cibntv.ott/com.youku.tv.home.activity.HomeActivity}
06-24 11:54:44.430 685 751 D CompatibilityChangeReporter: Compat change id reported: 168419799; UID 10081; state: DISABLED
06-24 11:54:44.430 685 751 D CompatibilityChangeReporter: Compat change id reported: 273564678; UID 10081; state: DISABLED
06-24 11:54:44.439 685 751 D CompatibilityChangeReporter: Compat change id reported: 170503758; UID 10081; state: DISABLED
06-24 11:54:44.480 901 979 D WindowManagerShell: TvPipController: onTaskStackChanged()
06-24 11:54:44.503 685 4709 D CompatibilityChangeReporter: Compat change id reported: 161145287; UID 10081; state: DISABLED
06-24 11:54:44.528 685 4709 V WindowManager: app ------------- force_land :0
06-24 11:54:44.603 20454 20482 W PackageParser: Unknown element under : meta-data at /data/user/0/cn.cibntv.ott/app_agile_plugin/execute/cn.cibntv.ott.plugin/2131260140/plugin.apk Binary XML file line #6
06-24 11:54:44.603 20454 20482 W PackageParser: Unknown element under : meta-data at /data/user/0/cn.cibntv.ott/app_agile_plugin/execute/cn.cibntv.ott.plugin/2131260140/plugin.apk Binary XML file line #7
06-24 11:54:44.603 20454 20482 W PackageParser: Ignoring duplicate uses-permissions/uses-permissions-sdk-m: android.permission.GET_TASKS in package: cn.cibntv.ott at: Binary XML file line #19
06-24 11:54:44.604 20454 20482 W PackageParser: Ignoring duplicate uses-permissions/uses-permissions-sdk-m: android.permission.boot_tvshop_service in package: cn.cibntv.ott at: Binary XML file line #56
06-24 11:54:44.604 20454 20482 W PackageParser: Unknown element under : meta-data at /data/user/0/cn.cibntv.ott/app_agile_plugin/execute/cn.cibntv.ott.plugin/2131260140/plugin.apk Binary XML file line #96
06-24 11:54:44.611 20454 20482 W PackageParser: No actions in intent filter at /data/user/0/cn.cibntv.ott/app_agile_plugin/execute/cn.cibntv.ott.plugin/2131260140/plugin.apk Binary XML file line #632
06-24 11:54:44.623 685 751 W WindowManager: [addWindow] title:cn.cibntv.ott/com.youku.tv.home.activity.HomeActivity
06-24 11:54:44.623 685 4709 W WindowManager: Failed looking up window session=Session{344ecaf 20454:u0a10081} callers=com.android.server.wm.WindowManagerService.windowForClientLocked:6077 com.android.server.wm.Session.updateRequestedVisibleTypes:695 android.view.IWindowSession$Stub.onTransact:1034
06-24 11:54:44.629 685 13323 W WindowManager: [addWindow] title:cn.cibntv.ott/com.youku.tv.home.activity.HomeActivity
06-24 11:54:44.629 685 751 W WindowManager: Failed looking up window session=Session{344ecaf 20454:u0a10081} callers=com.android.server.wm.WindowManagerService.windowForClientLocked:6077 com.android.server.wm.Session.updateRequestedVisibleTypes:695 android.view.IWindowSession$Stub.onTransact:1034
06-24 11:54:44.639 685 13323 D CoreBackPreview: Window{603039a u0 cn.cibntv.ott/com.youku.tv.home.activity.HomeActivity}: Setting back callback OnBackInvokedCallbackInfo{mCallback=android.window.IOnBackInvokedCallback$Stub$Proxy@73fc2a7, mPriority=0, mIsAnimationCallback=false}
06-24 11:54:44.726 0 0 I [0 T216 ..] servicemanager: Found android.hardware.graphics.allocator.IAllocator/default in device VINTF manifest.
06-24 11:54:44.727 0 0 I [2 T216 ..] servicemanager: Found android.hardware.graphics.allocator.IAllocator/default in device VINTF manifest.
06-24 11:54:44.726 685 709 W ContextImpl: Calling a method in the system process without a qualified user: android.app.ContextImpl.startService:1899 com.android.server.wm.DisplayPolicy.lambda$focusChangedLw$5:2126 com.android.server.wm.DisplayPolicy.$r8$lambda$Znxk63oh-WzVnzo_WQefN7uxV48:0 com.android.server.wm.DisplayPolicy$$ExternalSyntheticLambda13.run:0 android.os.Handler.handleCallback:958
06-24 11:54:44.769 685 751 D CoreBackPreview: Window{ffccbc1 u0 cn.cibntv.ott/com.youku.tv.home.activity.HomeActivity}: Setting back callback OnBackInvokedCallbackInfo{mCallback=android.window.IOnBackInvokedCallback$Stub$Proxy@79ef354, mPriority=0, mIsAnimationCallback=false}
06-24 11:54:44.804 901 979 V WindowManagerShell: onTransitionReady android.os.BinderProxy@4fb64ff: {id=90 t=OPEN f=0x0 trk=0 r=[0@Point(0, 0)] c=[{WCT{android.window.IWindowContainerToken$Stub$Proxy@21b0191} m=OPEN f=NONE leash=Surface(name=Task=51)/@0xb70d42a sb=Rect(0, 0 - 1920, 1080) eb=Rect(0, 0 - 1920, 1080) d=0},{WCT{android.window.IWindowContainerToken$Stub$Proxy@72008f6} m=TO_BACK f=NONE leash=Surface(name=Task=1)/@0x22b521b sb=Rect(0, 0 - 1920, 1080) eb=Rect(0, 0 - 1920, 1080) d=0}]}
06-24 11:54:44.805 901 979 V WindowManagerShell: Playing animation for (#90)android.os.BinderProxy@4fb64ff@0
06-24 11:54:44.805 901 979 V WindowManagerShell: try handler com.android.wm.shell.keyguard.KeyguardTransitionHandler@24e2028
06-24 11:54:44.805 901 979 V WindowManagerShell: try handler com.android.wm.shell.pip.tv.TvPipTransition@1141
06-24 11:54:44.805 901 979 V WindowManagerShell: try handler com.android.wm.shell.activityembedding.ActivityEmbeddingController@e8f56e6
06-24 11:54:44.805 901 979 V WindowManagerShell: try handler com.android.wm.shell.transition.RemoteTransitionHandler@b664427
06-24 11:54:44.805 901 979 V WindowManagerShell: Transition doesn't have explicit remote, search filters for match for {id=90 t=OPEN f=0x0 trk=0 r=[0@Point(0, 0)] c=[{WCT{android.window.IWindowContainerToken$Stub$Proxy@21b0191} m=OPEN f=NONE leash=Surface(name=Task=51)/@0xb70d42a sb=Rect(0, 0 - 1920, 1080) eb=Rect(0, 0 - 1920, 1080) d=0},{WCT{android.window.IWindowContainerToken$Stub$Proxy@72008f6} m=TO_BACK f=NONE leash=Surface(name=Task=1)/@0x22b521b sb=Rect(0, 0 - 1920, 1080) eb=Rect(0, 0 - 1920, 1080) d=0}]}
06-24 11:54:44.805 901 979 V WindowManagerShell: Delegate animation for #90 to null
06-24 11:54:44.805 901 979 V WindowManagerShell: try handler com.android.wm.shell.transition.DefaultTransitionHandler@7916d4
06-24 11:54:44.805 901 979 V WindowManagerShell: start default transition animation, info = {id=90 t=OPEN f=0x0 trk=0 r=[0@Point(0, 0)] c=[{WCT{android.window.IWindowContainerToken$Stub$Proxy@21b0191} m=OPEN f=NONE leash=Surface(name=Task=51)/@0xb70d42a sb=Rect(0, 0 - 1920, 1080) eb=Rect(0, 0 - 1920, 1080) d=0},{WCT{android.window.IWindowContainerToken$Stub$Proxy@72008f6} m=TO_BACK f=NONE leash=Surface(name=Task=1)/@0x22b521b sb=Rect(0, 0 - 1920, 1080) eb=Rect(0, 0 - 1920, 1080) d=0}]}
06-24 11:54:44.806 901 979 V WindowManagerShell: loadAnimation: anim=android.view.animation.AlphaAnimation@fa2f4f7 animAttr=0x9 type=OPEN isEntrance=false
06-24 11:54:44.808 685 708 V WindowManager: Sent Transition #90 createdAt=06-24 11:54:44.348 via request=TransitionRequestInfo { type = 1, triggerTask = TaskInfo{userId=0 taskId=51 displayId=0 isRunning=true baseIntent=Intent { act=android.intent.action.MAIN cat=[android.intent.category.LAUNCHER] flg=0x10000000 pkg=cn.cibntv.ott cmp=cn.cibntv.ott/com.youku.tv.home.activity.HomeActivity } baseActivity=ComponentInfo{cn.cibntv.ott/com.youku.tv.home.activity.HomeActivity} topActivity=ComponentInfo{cn.cibntv.ott/com.youku.tv.home.activity.HomeActivity} origActivity=null realActivity=ComponentInfo{cn.cibntv.ott/com.youku.tv.home.activity.HomeActivity} numActivities=1 lastActiveTime=2692264 supportsMultiWindow=true resizeMode=1 isResizeable=true minWidth=-1 minHeight=-1 defaultMinSize=220 token=WCT{RemoteToken{89b553e Task{5d53c92 #51 type=standard A=10081:cn.cibntv.ott}}} topActivityType=1 pictureInPictureParams=null shouldDockBigOverlays=true launchIntoPipHostTaskId=-1 lastParentTaskIdBeforePip=-1 displayCutoutSafeInsets=null topActivityInfo=ActivityInfo{a105f9f com.youku.tv.home.activity.HomeActivity} launchCookies=[] positionInParent=Point(0, 0) parentTaskId=-1 isFocused=false isVisible=false isVisibleRequested=false isSleeping=false topActivityInSizeCompat=false topActivityEligibleForLetterboxEducation= false isLetterboxDoubleTapEnabled= false topActivityEligibleForUserAspectRatioButton= false topActivityBoundsLetterboxed= false isFromLetterboxDoubleTap= false topActivityLetterboxVerticalPosition= -1 topActivityLetterboxHorizontalPosition= -1 topActivityLetterboxWidth=-1 topActivityLetterboxHeight=-1 isUserFullscreenOverrideEnabled=false isTopActivityTransparent=false locusId=null displayAreaFeatureId=1 cameraCompatControlState=hidden}, remoteTransition = null, displayChange = null, flags = 0 }
06-24 11:54:44.808 685 708 V WindowManager: startWCT=WindowContainerTransaction { changes = {} hops = [] errorCallbackToken=null taskFragmentOrganizer=null }
06-24 11:54:44.808 685 708 V WindowManager: info={id=90 t=OPEN f=0x0 trk=0 r=[0@Point(0, 0)] c=[{WCT{RemoteToken{89b553e Task{5d53c92 #51 type=standard A=10081:cn.cibntv.ott}}} m=OPEN f=NONE leash=Surface(name=Task=51)/@0x51be243 sb=Rect(0, 0 - 1920, 1080) eb=Rect(0, 0 - 1920, 1080) d=0},{WCT{RemoteToken{30b1e82 Task{4d21fd0 #1 type=home}}} m=TO_BACK f=NONE leash=Surface(name=Task=1)/@0x54f0375 sb=Rect(0, 0 - 1920, 1080) eb=Rect(0, 0 - 1920, 1080) d=0}]}
06-24 11:54:44.810 901 979 V WindowManagerShell: loadAnimation: anim=android.view.animation.AlphaAnimation@75d25cd animAttr=0x8 type=OPEN isEntrance=true
06-24 11:54:44.812 901 979 V WindowManagerShell: animated by com.android.wm.shell.transition.DefaultTransitionHandler@7916d4
06-24 11:54:44.862 685 13323 D CompatibilityChangeReporter: Compat change id reported: 214016041; UID 10081; state: DISABLED
06-24 11:54:45.225 901 979 V WindowManagerShell: Transition animation finished (aborted=false), notifying core (#90)android.os.BinderProxy@4fb64ff@0
06-24 11:54:45.228 685 708 V WindowManager: Finish Transition #90: created at
06-24 11:54:44.348 collect-started=0.09ms request-sent=14.784ms started=19.421ms ready=182.574ms sent=452.925ms finished=879.029ms
06-24 11:54:45.233 901 979 V WindowManagerShell: Track 0 became idle
06-24 11:54:45.233 901 979 V WindowManagerShell: All active transition animations finished
06-24 11:54:46.201 0 0 W [3 T20512 ..] audit: audit_lost=2597 audit_rate_limit=5 audit_backlog_limit=64
06-24 11:54:46.203 0 0 E [3 T20512 ..] audit: rate limit exceeded
06-24 11:54:46.229 685 13323 D CoreBackPreview: Window{603039a u0 cn.cibntv.ott/com.youku.tv.home.activity.HomeActivity}: Setting back callback null
06-24 11:54:46.245 685 711 V WindowManager: Unknown focus tokens, dropping reportFocusChanged
06-24 11:54:46.323 685 4709 D CompatibilityChangeReporter: Compat change id reported: 149924527; UID 10081; state: ENABLED
06-24 11:54:46.324 685 4709 D CompatibilityChangeReporter: Compat change id reported: 132649864; UID 10081; state: DISABLED
06-24 11:54:46.339 685 709 W ContextImpl: Calling a method in the system process without a qualified user: android.app.ContextImpl.startService:1899 com.android.server.wm.DisplayPolicy.lambda$focusChangedLw$5:2126 com.android.server.wm.DisplayPolicy.$r8$lambda$Znxk63oh-WzVnzo_WQefN7uxV48:0 com.android.server.wm.DisplayPolicy$$ExternalSyntheticLambda13.run:0 android.os.Handler.handleCallback:958
06-24 11:54:46.912 685 751 D CompatibilityChangeReporter: Compat change id reported: 261072174; UID 10081; state: DISABLED
06-24 11:54:46.990 20454 20548 E ActivityThread: Failed to find provider info for com.youku.ott.emid.provider
06-24 11:54:47.128 20454 20618 E ActivityThread: Failed to find provider info for com.youku.passport.provider
06-24 11:54:47.422 685 780 D ActivityManager: freezing 17385 cn.miguvideo.migutv:pushservice
06-24 11:54:47.442 685 4709 W ActivityManager: Unable to start service Intent { act=com.youku.passport.union pkg=com.bestv.ott (has extras) } U=0: not found
06-24 11:54:47.449 685 4709 D CompatibilityChangeReporter: Compat change id reported: 266524688; UID 10081; state: DISABLED
06-24 11:54:47.547 0 0 W [1 T20663 ..] audit: audit_lost=2612 audit_rate_limit=5 audit_backlog_limit=64
06-24 11:54:47.547 0 0 E [1 T20663 ..] audit: rate limit exceeded
06-24 11:54:47.555 685 1069 I ActivityManager: Killing 1560:android.process.media/u0a16 (adj 985): empty #17
06-24 11:54:47.605 685 709 D DisplayManagerService: Drop pending events for gone uid 10016
06-24 11:54:47.614 0 0 I [3 T18658 ..] binder: undelivered transaction 76209, process died.
06-24 11:54:47.614 0 0 I [3 T18658 ..] binder: undelivered transaction 76363, process died.
06-24 11:54:47.615 0 0 I [3 T18658 ..] binder: undelivered transaction 76822, process died.
06-24 11:54:47.616 0 0 I [3 T18658 ..] binder: undelivered transaction 76101, process died.
06-24 11:54:47.761 685 1069 W ActivityManager: Unable to start service Intent { act=com.google.android.gms.ads.identifier.service.START pkg=com.google.android.gms (has extras) } U=0: not found
06-24 11:54:47.762 20454 20663 E ActivityThread: Failed to find provider info for com.vivo.vms.IdProvider
06-24 11:54:47.824 20454 20483 W PackageParser: Unknown element under : meta-data at /data/user/0/cn.cibntv.ott/app_agile_plugin/execute/cn.cibntv.ott.plugin/2131260140/plugin.apk Binary XML file line #6
06-24 11:54:47.824 20454 20483 W PackageParser: Unknown element under : meta-data at /data/user/0/cn.cibntv.ott/app_agile_plugin/execute/cn.cibntv.ott.plugin/2131260140/plugin.apk Binary XML file line #7
06-24 11:54:47.824 20454 20483 W PackageParser: Ignoring duplicate uses-permissions/uses-permissions-sdk-m: android.permission.GET_TASKS in package: cn.cibntv.ott at: Binary XML file line #19
06-24 11:54:47.825 20454 20483 W PackageParser: Ignoring duplicate uses-permissions/uses-permissions-sdk-m: android.permission.boot_tvshop_service in package: cn.cibntv.ott at: Binary XML file line #56
06-24 11:54:47.826 20454 20483 W PackageParser: Unknown element under : meta-data at /data/user/0/cn.cibntv.ott/app_agile_plugin/execute/cn.cibntv.ott.plugin/2131260140/plugin.apk Binary XML file line #96
06-24 11:54:47.838 20454 20483 W PackageParser: No actions in intent filter at /data/user/0/cn.cibntv.ott/app_agile_plugin/execute/cn.cibntv.ott.plugin/2131260140/plugin.apk Binary XML file line #632
06-24 11:54:47.905 20454 20483 W PackageParser: Ignoring duplicate uses-permissions/uses-permissions-sdk-m: android.permission.READ_EXTERNAL_STORAGE in package: com.youku.ott.player.plugin at: Binary XML file line #37
06-24 11:54:48.388 685 1390 E TaskPersister: File error accessing recents directory (directory doesn't exist?).
06-24 11:54:48.586 0 0 W : [3 T1041 ..] traffic busy!!
06-24 11:54:48.600 20454 20560 E ActivityThread: Failed to find provider info for com.yunos.tv.edu.ChildProvider
06-24 11:54:49.208 0 0 W [2 T20512 ..] audit: audit_lost=2626 audit_rate_limit=5 audit_backlog_limit=64
06-24 11:54:49.208 0 0 E [2 T20512 ..] audit: rate limit exceeded
06-24 11:54:50.393 0 0 W [3 T20663 ..] audit: audit_lost=2630 audit_rate_limit=5 audit_backlog_limit=64
06-24 11:54:50.394 0 0 E [3 T20663 ..] audit: rate limit exceeded
06-24 11:54:50.485 685 1069 W ActivityManager: Unable to start service Intent { act=com.google.android.gms.ads.identifier.service.START pkg=com.google.android.gms (has extras) } U=0: not found
06-24 11:54:50.492 20454 20663 E ActivityThread: Failed to find provider info for com.vivo.vms.IdProvider
06-24 11:54:50.521 0 0 W : [3 T20663 ..] [SP FRAME TX] arp req,vif_idx:0 sender:[1c:79:2d:20:62:cb 192.168.3.75]receiver:[00:00:00:00:00:00 192.168.2.1]
06-24 11:54:50.523 0 0 W : [3 T20663 ..] [SP FRAME TX] arp req,vif_idx:0 sender:[1c:79:2d:20:62:cb 192.168.3.75]receiver:[00:00:00:00:00:00 192.168.2.2]
06-24 11:54:50.524 0 0 W : [3 T20663 ..] [SP FRAME TX] arp req,vif_idx:0 sender:[1c:79:2d:20:62:cb 192.168.3.75]receiver:[00:00:00:00:00:00 192.168.2.3]
06-24 11:54:50.526 0 0 W : [3 T20663 ..] [SP FRAME TX] arp req,vif_idx:0 sender:[1c:79:2d:20:62:cb 192.168.3.75]receiver:[00:00:00:00:00:00 192.168.2.4]
06-24 11:54:50.528 0 0 W : [3 T20663 ..] [SP FRAME TX] arp req,vif_idx:0 sender:[1c:79:2d:20:62:cb 192.168.3.75]receiver:[00:00:00:00:00:00 192.168.2.5]
06-24 11:54:50.529 0 0 W : [3 T20663 ..] [SP FRAME TX] arp req,vif_idx:0 sender:[1c:79:2d:20:62:cb 192.168.3.75]receiver:[00:00:00:00:00:00 192.168.2.6]
06-24 11:54:50.531 0 0 W : [3 T20663 ..] [SP FRAME TX] arp req,vif_idx:0 sender:[1c:79:2d:20:62:cb 192.168.3.75]receiver:[00:00:00:00:00:00 192.168.2.7]
06-24 11:54:50.534 0 0 W : [3 T20663 ..] [SP FRAME TX] arp req,vif_idx:0 sender:[1c:79:2d:20:62:cb 192.168.3.75]receiver:[00:00:00:00:00:00 192.168.2.8]
06-24 11:54:50.536 0 0 W : [3 T20663 ..] [SP FRAME TX] arp req,vif_idx:0 sender:[1c:79:2d:20:62:cb 192.168.3.75]receiver:[00:00:00:00:00:00 192.168.2.9]
06-24 11:54:50.539 0 0 W : [3 T20663 ..] [SP FRAME TX] arp req,vif_idx:0 sender:[1c:79:2d:20:62:cb 192.168.3.75]receiver:[00:00:00:00:00:00 192.168.2.10]
06-24 11:54:50.541 0 0 W : [3 T20663 ..] [SP FRAME TX] arp req,vif_idx:0 sender:[1c:79:2d:20:62:cb 192.168.3.75]receiver:[00:00:00:00:00:00 192.168.2.11]
06-24 11:54:50.544 0 0 W : [3 T20663 ..] [SP FRAME TX] arp req,vif_idx:0 sender:[1c:79:2d:20:62:cb 192.168.3.75]receiver:[00:00:00:00:00:00 192.168.2.12]
06-24 11:54:50.545 0 0 W : [3 T20663 ..] [SP FRAME TX] arp req,vif_idx:0 sender:[1c:79:2d:20:62:cb 192.168.3.75]receiver:[00:00:00:00:00:00 192.168.2.13]
06-24 11:54:50.547 0 0 W : [3 T20663 ..] [SP FRAME TX] arp req,vif_idx:0 sender:[1c:79:2d:20:62:cb 192.168.3.75]receiver:[00:00:00:00:00:00 192.168.2.14]
06-24 11:54:50.549 0 0 W : [3 T20663 ..] [SP FRAME TX] arp req,vif_idx:0 sender:[1c:79:2d:20:62:cb 192.168.3.75]receiver:[00:00:00:00:00:00 192.168.2.15]
06-24 11:54:50.551 0 0 W : [3 T20663 ..] [SP FRAME TX] arp req,vif_idx:0 sender:[1c:79:2d:20:62:cb 192.168.3.75]receiver:[00:00:00:00:00:00 192.168.2.16]
06-24 11:54:50.553 0 0 W : [3 T20663 ..] [SP FRAME TX] arp req,vif_idx:0 sender:[1c:79:2d:20:62:cb 192.168.3.75]receiver:[00:00:00:00:00:00 192.168.2.17]
06-24 11:54:50.556 0 0 W : [3 T20663 ..] [SP FRAME TX] arp req,vif_idx:0 sender:[1c:79:2d:20:62:cb 192.168.3.75]receiver:[00:00:00:00:00:00 192.168.2.18]
06-24 11:54:50.558 0 0 W : [3 T20663 ..] [SP FRAME TX] arp req,vif_idx:0 sender:[1c:79:2d:20:62:cb 192.168.3.75]receiver:[00:00:00:00:00:00 192.168.2.19]
06-24 11:54:50.559 0 0 W : [3 T20663 ..] [SP FRAME TX] arp req,vif_idx:0 sender:[1c:79:2d:20:62:cb 192.168.3.75]receiver:[00:00:00:00:00:00 192.168.2.20]
06-24 11:54:50.562 0 0 W : [3 T20663 ..] [SP FRAME TX] arp req,vif_idx:0 sender:[1c:79:2d:20:62:cb 192.168.3.75]receiver:[00:00:00:00:00:00 192.168.2.21]
06-24 11:54:50.563 0 0 W : [3 T20663 ..] [SP FRAME TX] arp req,vif_idx:0 sender:[1c:79:2d:20:62:cb 192.168.3.75]receiver:[00:00:00:00:00:00 192.168.2.22]
06-24 11:54:50.565 0 0 W : [3 T20663 ..] [SP FRAME TX] arp req,vif_idx:0 sender:[1c:79:2d:20:62:cb 192.168.3.75]receiver:[00:00:00:00:00:00 192.168.2.23]
06-24 11:54:50.557 20454 20483 W PackageParser: Unknown element under : meta-data at /data/user/0/cn.cibntv.ott/app_agile_plugin/execute/cn.cibntv.ott.plugin/2131260140/plugin.apk Binary XML file line #6
06-24 11:54:50.557 20454 20483 W PackageParser: Unknown element under : meta-data at /data/user/0/cn.cibntv.ott/app_agile_plugin/execute/cn.cibntv.ott.plugin/2131260140/plugin.apk Binary XML file line #7
06-24 11:54:50.567 0 0 W : [3 T20663 ..] [SP FRAME TX] arp req,vif_idx:0 sender:[1c:79:2d:20:62:cb 192.168.3.75]receiver:[00:00:00:00:00:00 192.168.2.24]
06-24 11:54:50.568 0 0 W : [3 T20663 ..] [SP FRAME TX] arp req,vif_idx:0 sender:[1c:79:2d:20:62:cb 192.168.3.75]receiver:[00:00:00:00:00:00 192.168.2.25]
06-24 11:54:50.557 20454 20483 W PackageParser: Ignoring duplicate uses-permissions/uses-permissions-sdk-m: android.permission.GET_TASKS in package: cn.cibntv.ott at: Binary XML file line #19
06-24 11:54:50.569 0 0 W : [3 T20663 ..] [SP FRAME TX] arp req,vif_idx:0 sender:[1c:79:2d:20:62:cb 192.168.3.75]receiver:[00:00:00:00:00:00 192.168.2.26]
06-24 11:54:50.558 20454 20483 W PackageParser: Ignoring duplicate uses-permissions/uses-permissions-sdk-m: android.permission.boot_tvshop_service in package: cn.cibntv.ott at: Binary XML file line #56
06-24 11:54:50.559 20454 20483 W PackageParser: Unknown element under : meta-data at /data/user/0/cn.cibntv.ott/app_agile_plugin/execute/cn.cibntv.ott.plugin/2131260140/plugin.apk Binary XML file line #96
06-24 11:54:50.571 0 0 W : [3 T20663 ..] [SP FRAME TX] arp req,vif_idx:0 sender:[1c:79:2d:20:62:cb 192.168.3.75]receiver:[00:00:00:00:00:00 192.168.2.27]
06-24 11:54:50.573 0 0 W : [3 T20663 ..] [SP FRAME TX] arp req,vif_idx:0 sender:[1c:79:2d:20:62:cb 192.168.3.75]receiver:[00:00:00:00:00:00 192.168.2.28]
06-24 11:54:50.574 0 0 W : [3 T20663 ..] [SP FRAME TX] arp req,vif_idx:0 sender:[1c:79:2d:20:62:cb 192.168.3.75]receiver:[00:00:00:00:00:00 192.168.2.29]
06-24 11:54:50.576 0 0 W : [3 T20663 ..] [SP FRAME TX] arp req,vif_idx:0 sender:[1c:79:2d:20:62:cb 192.168.3.75]receiver:[00:00:00:00:00:00 192.168.2.30]
06-24 11:54:50.568 20454 20483 W PackageParser: No actions in intent filter at /data/user/0/cn.cibntv.ott/app_agile_plugin/execute/cn.cibntv.ott.plugin/2131260140/plugin.apk Binary XML file line #632
06-24 11:54:50.577 0 0 W : [3 T20663 ..] [SP FRAME TX] arp req,vif_idx:0 sender:[1c:79:2d:20:62:cb 192.168.3.75]receiver:[00:00:00:00:00:00 192.168.2.31]
06-24 11:54:50.579 0 0 W : [3 T20663 ..] [SP FRAME TX] arp req,vif_idx:0 sender:[1c:79:2d:20:62:cb 192.168.3.75]receiver:[00:00:00:00:00:00 192.168.2.32]
06-24 11:54:50.580 0 0 W : [3 T20663 ..] [SP FRAME TX] arp req,vif_idx:0 sender:[1c:79:2d:20:62:cb 192.168.3.75]receiver:[00:00:00:00:00:00 192.168.2.33]
06-24 11:54:50.582 0 0 W : [3 T20663 ..] [SP FRAME TX] arp req,vif_idx:0 sender:[1c:79:2d:20:62:cb 192.168.3.75]receiver:[00:00:00:00:00:00 192.168.2.34]
06-24 11:54:50.583 0 0 W : [3 T20663 ..] [SP FRAME TX] arp req,vif_idx:0 sender:[1c:79:2d:20:62:cb 192.168.3.75]receiver:[00:00:00:00:00:00 192.168.2.35]
06-24 11:54:50.585 0 0 W : [3 T20663 ..] [SP FRAME TX] arp req,vif_idx:0 sender:[1c:79:2d:20:62:cb 192.168.3.75]receiver:[00:00:00:00:00:00 192.168.2.36]
06-24 11:54:50.587 0 0 W : [3 T20663 ..] [SP FRAME TX] arp req,vif_idx:0 sender:[1c:79:2d:20:62:cb 192.168.3.75]receiver:[00:00:00:00:00:00 192.168.2.37]
