06-24 15:25:55.574 685 708 V WindowManager: Finish Transition #377: created at
06-24 15:25:55.045 collect-started=0.067ms request-sent=5.729ms started=15.41ms ready=21.466ms sent=99.386ms finished=526.879ms
06-24 15:25:55.576 901 979 V WindowManagerShell: Track 0 became idle
06-24 15:25:55.576 901 979 V WindowManagerShell: All active transition animations finished
06-24 15:25:56.341 685 718 D CompatibilityChangeReporter: Compat change id reported: 135634846; UID 10077; state: DISABLED
06-24 15:25:56.343 685 719 D CompatibilityChangeReporter: Compat change id reported: 143937733; UID 10077; state: ENABLED
06-24 15:25:56.362 685 719 I ActivityManager: Start proc 8621:com.dangbei.dbmusic/u0a77 for service {com.dangbei.dbmusic/com.dangbei.dbmusic.player.service.MusicService}
06-24 15:25:56.396 685 8210 D CompatibilityChangeReporter: Compat change id reported: 168419799; UID 10077; state: DISABLED
06-24 15:25:56.396 685 8210 D CompatibilityChangeReporter: Compat change id reported: 273564678; UID 10077; state: DISABLED
06-24 15:25:56.399 685 763 D CompatibilityChangeReporter: Compat change id reported: 265195908; UID 10077; state: ENABLED
06-24 15:25:56.404 685 8210 D CompatibilityChangeReporter: Compat change id reported: 170503758; UID 10077; state: DISABLED
06-24 15:25:56.441 685 709 D AutofillManagerService: onBackKeyPressed()
06-24 15:25:56.455 685 8210 W WindowManager: [addWindow] title:Toast
06-24 15:25:56.470 685 1135 D CoreBackPreview: Window{8743002 u0 Toast}: Setting back callback OnBackInvokedCallbackInfo{mCallback=android.window.IOnBackInvokedCallback$Stub$Proxy@5659149, mPriority=0, mIsAnimationCallback=false}
06-24 15:25:56.550 0 0 W [3 T8648 ..] audit: audit_lost=13911 audit_rate_limit=5 audit_backlog_limit=64
06-24 15:25:56.551 0 0 E [3 T8648 ..] audit: rate limit exceeded
06-24 15:25:56.542 685 718 W ActivityManager: Rescheduling restart of crashed service com.tv.kuaisou/com.dangbei.downloader.core.DownloadService in 4481609ms for other
06-24 15:25:56.559 685 8210 I MediaSessionStack: addSession to bottom of stack | record: com.dangbei.dbmusic/MusicService (userId=0)
06-24 15:25:56.575 685 9054 D CompatibilityChangeReporter: Compat change id reported: 170668199; UID 10077; state: DISABLED
06-24 15:25:56.576 685 9054 W ActivityManager: Foreground service started from background can not have location/camera/microphone access: service com.dangbei.dbmusic/.player.service.MusicService
06-24 15:25:56.576 685 9054 I ActivityManager: Background started FGS: Allowed [callingPackage: com.dangbei.dbmusic; callingUid: 10077; uidState: SVC ; uidBFSL: n/a; intent: Intent { act=android.media.browse.MediaBrowserService cmp=com.dangbei.dbmusic/.player.service.MusicService }; code:SYSTEM_ALERT_WINDOW_PERMISSION; tempAllowListReason:; targetSdkVersion:30; callerTargetSdkVersion:30; startForegroundCount:7; bindFromPackage:null: isBindService:false]
06-24 15:25:56.577 685 9054 D CompatibilityChangeReporter: Compat change id reported: 255038118; UID 10077; state: DISABLED
06-24 15:25:56.577 685 9054 D CompatibilityChangeReporter: Compat change id reported: 255042465; UID 10077; state: DISABLED
06-24 15:25:56.579 685 9054 W ForegroundServiceTypeLoggerModule: Foreground service start for UID: 10077 does not have any types
06-24 15:25:56.581 685 718 V ActivityManager: Attempted to start a foreground service (com.dangbei.dbmusic/.player.service.MusicService) with a broken notification (no icon: Notification(channel=400 shortcut=null contentView=null vibrate=null sound=null defaults=0x0 flags=0x40 color=0x00000000 vis=PRIVATE))
06-24 15:25:56.594 685 9054 W ActivityManager: Foreground service started from background can not have location/camera/microphone access: service com.dangbei.dbmusic/.player.service.MusicService
06-24 15:25:56.595 685 718 V ActivityManager: Attempted to start a foreground service (com.dangbei.dbmusic/.player.service.MusicService) with a broken notification (no icon: Notification(channel=400 shortcut=null contentView=null vibrate=null sound=null defaults=0x0 flags=0x40 color=0x00000000 vis=PRIVATE))
06-24 15:25:56.716 685 8210 D CompatibilityChangeReporter: Compat change id reported: 161145287; UID 10077; state: DISABLED
06-24 15:25:56.726 685 18233 D CompatibilityChangeReporter: Compat change id reported: 261072174; UID 10077; state: DISABLED
06-24 15:25:56.793 685 685 W NotificationHistory: Attempted to add notif for locked/gone/disabled user 0
06-24 15:25:57.026 685 709 D AutofillManagerService: onBackKeyPressed()
06-24 15:25:57.032 901 979 V WindowManagerShell: Transition requested: android.os.BinderProxy@1186cc5 TransitionRequestInfo { type = 2, triggerTask = TaskInfo{userId=0 taskId=131 displayId=0 isRunning=false baseIntent=Intent { act=android.intent.action.MAIN cat=[android.intent.category.LAUNCHER] flg=0x10000000 pkg=com.hpplay.happyplay.aw cmp=com.hpplay.happyplay.aw/.WelcomeActivity } baseActivity=null topActivity=null origActivity=null realActivity=ComponentInfo{com.hpplay.happyplay.aw/com.hpplay.happyplay.aw.WelcomeActivity} numActivities=0 lastActiveTime=15362966 supportsMultiWindow=true resizeMode=1 isResizeable=true minWidth=-1 minHeight=-1 defaultMinSize=220 token=WCT{android.window.IWindowContainerToken$Stub$Proxy@de8861a} topActivityType=1 pictureInPictureParams=null shouldDockBigOverlays=false launchIntoPipHostTaskId=-1 lastParentTaskIdBeforePip=-1 displayCutoutSafeInsets=null topActivityInfo=null launchCookies=[] positionInParent=Point(0, 0) parentTaskId=-1 isFocused=false isVisible=true isVisibleRequested=true isSleeping=false topActivityInSizeCompat=false topActivityEligibleForLetterboxEducation= false isLetterboxDoubleTapEnabled= false topActivityEligibleForUserAspectRatioButton= false topActivityBoundsLetterboxed= false isFromLetterboxDoubleTap= false topActivityLetterboxVerticalPosition= -1 topActivityLetterboxHorizontalPosition= -1 topActivityLetterboxWidth=-1 topActivityLetterboxHeight=-1 isUserFullscreenOverrideEnabled=false isTopActivityTransparent=false locusId=null displayAreaFeatureId=1 cameraCompatControlState=hidden}, remoteTransition = null, displayChange = null, flags = 0 }
06-24 15:25:57.048 685 18233 V WindowManager: app ------------- force_land :0
06-24 15:25:57.116 685 708 V WindowManager: Sent Transition #378 createdAt=06-24 15:25:57.031 via request=TransitionRequestInfo { type = 2, triggerTask = TaskInfo{userId=0 taskId=131 displayId=0 isRunning=false baseIntent=Intent { act=android.intent.action.MAIN cat=[android.intent.category.LAUNCHER] flg=0x10000000 pkg=com.hpplay.happyplay.aw cmp=com.hpplay.happyplay.aw/.WelcomeActivity } baseActivity=null topActivity=null origActivity=null realActivity=ComponentInfo{com.hpplay.happyplay.aw/com.hpplay.happyplay.aw.WelcomeActivity} numActivities=0 lastActiveTime=15362966 supportsMultiWindow=true resizeMode=1 isResizeable=true minWidth=-1 minHeight=-1 defaultMinSize=220 token=WCT{RemoteToken{f601550 Task{78f9bff #131 type=standard A=10099:com.hpplay.happyplay.aw}}} topActivityType=1 pictureInPictureParams=null shouldDockBigOverlays=false launchIntoPipHostTaskId=-1 lastParentTaskIdBeforePip=-1 displayCutoutSafeInsets=null topActivityInfo=null launchCookies=[] positionInParent=Point(0, 0) parentTaskId=-1 isFocused=false isVisible=true isVisibleRequested=true isSleeping=false topActivityInSizeCompat=false topActivityEligibleForLetterboxEducation= false isLetterboxDoubleTapEnabled= false topActivityEligibleForUserAspectRatioButton= false topActivityBoundsLetterboxed= false isFromLetterboxDoubleTap= false topActivityLetterboxVerticalPosition= -1 topActivityLetterboxHorizontalPosition= -1 topActivityLetterboxWidth=-1 topActivityLetterboxHeight=-1 isUserFullscreenOverrideEnabled=false isTopActivityTransparent=false locusId=null displayAreaFeatureId=1 cameraCompatControlState=hidden}, remoteTransition = null, displayChange = null, flags = 0 }
06-24 15:25:57.116 685 708 V WindowManager: startWCT=WindowContainerTransaction { changes = {} hops = [] errorCallbackToken=null taskFragmentOrganizer=null }
06-24 15:25:57.117 685 708 V WindowManager: info={id=378 t=CLOSE f=0x0 trk=0 r=[0@Point(0, 0)] c=[{WCT{RemoteToken{30b1e82 Task{4d21fd0 #1 type=home}}} m=TO_FRONT f=NONE leash=Surface(name=Task=1)/@0x54f0375 sb=Rect(0, 0 - 1920, 1080) eb=Rect(0, 0 - 1920, 1080) d=0},{WCT{RemoteToken{f601550 Task{78f9bff #131 type=standard A=10099:com.hpplay.happyplay.aw}}} m=CLOSE f=NONE leash=Surface(name=Task=131)/@0x8575f4d sb=Rect(0, 0 - 1920, 1080) eb=Rect(0, 0 - 1920, 1080) d=0}]}
06-24 15:25:57.121 901 979 V WindowManagerShell: onTransitionReady android.os.BinderProxy@1186cc5: {id=378 t=CLOSE f=0x0 trk=0 r=[0@Point(0, 0)] c=[{WCT{android.window.IWindowContainerToken$Stub$Proxy@df8e9e6} m=TO_FRONT f=NONE leash=Surface(name=Task=1)/@0x6f9354b sb=Rect(0, 0 - 1920, 1080) eb=Rect(0, 0 - 1920, 1080) d=0},{WCT{android.window.IWindowContainerToken$Stub$Proxy@823db27} m=CLOSE f=NONE leash=Surface(name=Task=131)/@0x95abb28 sb=Rect(0, 0 - 1920, 1080) eb=Rect(0, 0 - 1920, 1080) d=0}]}
06-24 15:25:57.121 901 979 V WindowManagerShell: Playing animation for (#378)android.os.BinderProxy@1186cc5@0
06-24 15:25:57.122 901 979 V WindowManagerShell: try handler com.android.wm.shell.keyguard.KeyguardTransitionHandler@24e2028
06-24 15:25:57.122 901 979 V WindowManagerShell: try handler com.android.wm.shell.pip.tv.TvPipTransition@1141
06-24 15:25:57.122 901 979 V WindowManagerShell: try handler com.android.wm.shell.activityembedding.ActivityEmbeddingController@e8f56e6
06-24 15:25:57.122 901 979 V WindowManagerShell: try handler com.android.wm.shell.transition.RemoteTransitionHandler@b664427
06-24 15:25:57.122 901 979 V WindowManagerShell: Transition doesn't have explicit remote, search filters for match for {id=378 t=CLOSE f=0x0 trk=0 r=[0@Point(0, 0)] c=[{WCT{android.window.IWindowContainerToken$Stub$Proxy@df8e9e6} m=TO_FRONT f=NONE leash=Surface(name=Task=1)/@0x6f9354b sb=Rect(0, 0 - 1920, 1080) eb=Rect(0, 0 - 1920, 1080) d=0},{WCT{android.window.IWindowContainerToken$Stub$Proxy@823db27} m=CLOSE f=NONE leash=Surface(name=Task=131)/@0x95abb28 sb=Rect(0, 0 - 1920, 1080) eb=Rect(0, 0 - 1920, 1080) d=0}]}
06-24 15:25:57.122 901 979 V WindowManagerShell: Delegate animation for #378 to null
06-24 15:25:57.122 901 979 V WindowManagerShell: try handler com.android.wm.shell.transition.DefaultTransitionHandler@7916d4
06-24 15:25:57.122 901 979 V WindowManagerShell: start default transition animation, info = {id=378 t=CLOSE f=0x0 trk=0 r=[0@Point(0, 0)] c=[{WCT{android.window.IWindowContainerToken$Stub$Proxy@df8e9e6} m=TO_FRONT f=NONE leash=Surface(name=Task=1)/@0x6f9354b sb=Rect(0, 0 - 1920, 1080) eb=Rect(0, 0 - 1920, 1080) d=0},{WCT{android.window.IWindowContainerToken$Stub$Proxy@823db27} m=CLOSE f=NONE leash=Surface(name=Task=131)/@0x95abb28 sb=Rect(0, 0 - 1920, 1080) eb=Rect(0, 0 - 1920, 1080) d=0}]}
06-24 15:25:57.124 901 979 V WindowManagerShell: loadAnimation: anim=android.view.animation.AlphaAnimation@f59be72 animAttr=0xb type=CLOSE isEntrance=false
06-24 15:25:57.125 901 979 V WindowManagerShell: loadAnimation: anim=android.view.animation.AlphaAnimation@45fc740 animAttr=0xa type=CLOSE isEntrance=true
06-24 15:25:57.127 901 979 V WindowManagerShell: animated by com.android.wm.shell.transition.DefaultTransitionHandler@7916d4
06-24 15:25:57.152 901 979 D WindowManagerShell: TvPipController: onTaskStackChanged()
06-24 15:25:57.174 685 709 W ContextImpl: Calling a method in the system process without a qualified user: android.app.ContextImpl.startService:1899 com.android.server.wm.DisplayPolicy.lambda$focusChangedLw$5:2126 com.android.server.wm.DisplayPolicy.$r8$lambda$Znxk63oh-WzVnzo_WQefN7uxV48:0 com.android.server.wm.DisplayPolicy$$ExternalSyntheticLambda13.run:0 android.os.Handler.handleCallback:958
06-24 15:25:57.539 901 979 V WindowManagerShell: Transition animation finished (aborted=false), notifying core (#378)android.os.BinderProxy@1186cc5@0
06-24 15:25:57.544 685 708 V WindowManager: Finish Transition #378: created at
06-24 15:25:57.031 collect-started=0.073ms request-sent=0.212ms started=9.612ms ready=19.29ms sent=83.778ms finished=511.948ms
06-24 15:25:57.547 901 979 V WindowManagerShell: Track 0 became idle
06-24 15:25:57.547 901 979 V WindowManagerShell: All active transition animations finished
06-24 15:25:57.672 685 1135 D CoreBackPreview: Window{e74f7e9 u0 com.hpplay.happyplay.aw/com.hpplay.happyplay.aw.app.MainActivity}: Setting back callback null
06-24 15:25:58.455 685 1135 D CoreBackPreview: Window{8743002 u0 Toast}: Setting back callback null
06-24 15:25:58.464 685 1135 W NotificationService: Toast already killed. pkg=com.hpplay.happyplay.aw token=android.os.BinderProxy@f9ea5a4
06-24 15:25:58.564 685 1390 E TaskPersister: File error accessing recents directory (directory doesn't exist?).
06-24 15:26:00.458 685 711 W WindowManager: Unable to start animation, surface is null or no children.
06-24 15:26:02.990 0 0 W [2 T23290 ..] audit: audit_lost=13923 audit_rate_limit=5 audit_backlog_limit=64
06-24 15:26:02.993 0 0 E [2 T23290 ..] audit: rate limit exceeded
06-24 15:26:07.504 0 0 W : [2 T1046 ..] [SP FRAME RX] arp req,vif_idx:0 sender:[c8:bf:4c:1d:7a:99 192.168.31.1]receiver:[00:00:00:00:00:00 192.168.31.30]
06-24 15:26:07.505 0 0 W : [2 T1046 ..] [SP FRAME TX] arp rsp,vif_idx:0 sender:[1c:79:2d:20:62:cb 192.168.31.30]receiver:[c8:bf:4c:1d:7a:99 192.168.31.1]
06-24 15:26:09.486 0 0 W : [0 T29309 ..] [aml_send_sync_trace 4388] sync token[63979]
06-24 15:26:09.486 0 0 W : [0 T29309 ..] >>> aml_send_msg()
06-24 15:26:09.487 0 0 W : [3 T1041 ..] ipc_sdio_host_msgack_handler 000000009b676400
06-24 15:26:09.488 0 0 W : [3 T1041 ..] [aml_msgackind 2039] msg ack hostid=0xffffff807b9bda80
06-24 15:26:09.489 0 0 W : [3 T1041 ..] [cmd_mgr_llind 329] cmd tkn[350] flags:0008 result: -4 cmd: 105-MM_SYNC_TRACE - reqcfm( 0-none)
06-24 15:26:09.490 0 0 W : [3 T1041 ..] [cmd_complete 65] cmd tkn[350] flags:0000 result: -4 cmd: 105-MM_SYNC_TRACE - reqcfm( 0-none)
06-24 15:26:10.762 0 0 W : [0 T0 .s] [SP FRAME TX] arp req,vif_idx:0 sender:[1c:79:2d:20:62:cb 192.168.31.30]receiver:[00:00:00:00:00:00 192.168.31.142]
06-24 15:26:10.792 0 0 W : [2 T1046 ..] [SP FRAME RX] arp rsp,vif_idx:0 sender:[28:7b:11:70:4e:e5 192.168.31.142]receiver:[1c:79:2d:20:62:cb 192.168.31.30]
06-24 15:26:22.054 0 0 W : [2 T1046 ..] [SP FRAME RX] arp req,vif_idx:0 sender:[28:7b:11:70:4e:e5 192.168.31.142]receiver:[00:00:00:00:00:00 192.168.31.30]
06-24 15:26:22.055 0 0 W : [2 T1046 ..] [SP FRAME TX] arp rsp,vif_idx:0 sender:[1c:79:2d:20:62:cb 192.168.31.30]receiver:[28:7b:11:70:4e:e5 192.168.31.142]
06-24 15:26:42.762 0 0 W : [2 T0 .s] [SP FRAME TX] arp req,vif_idx:0 sender:[1c:79:2d:20:62:cb 192.168.31.30]receiver:[00:00:00:00:00:00 192.168.31.142]
06-24 15:26:42.772 0 0 W : [2 T1046 ..] [SP FRAME RX] arp rsp,vif_idx:0 sender:[28:7b:11:70:4e:e5 192.168.31.142]receiver:[1c:79:2d:20:62:cb 192.168.31.30]
06-24 15:26:42.802 0 0 W : [2 T1046 ..] [SP FRAME RX] arp req,vif_idx:0 sender:[28:7b:11:70:4e:e5 192.168.31.142]receiver:[00:00:00:00:00:00 192.168.31.30]
06-24 15:26:42.803 0 0 W : [2 T1046 ..] [SP FRAME TX] arp rsp,vif_idx:0 sender:[1c:79:2d:20:62:cb 192.168.31.30]receiver:[28:7b:11:70:4e:e5 192.168.31.142]
06-24 15:26:48.508 0 0 W : [3 T1046 ..] [SP FRAME RX] arp req,vif_idx:0 sender:[c8:bf:4c:1d:7a:99 192.168.31.1]receiver:[00:00:00:00:00:00 192.168.31.30]
06-24 15:26:48.509 0 0 W : [3 T1046 ..] [SP FRAME TX] arp rsp,vif_idx:0 sender:[1c:79:2d:20:62:cb 192.168.31.30]receiver:[c8:bf:4c:1d:7a:99 192.168.31.1]
06-24 15:27:06.110 0 0 W : [2 T1046 ..] [SP FRAME RX] arp req,vif_idx:0 sender:[1c:79:2d:20:62:97 192.168.31.228]receiver:[00:00:00:00:00:00 192.168.31.30]
06-24 15:27:06.111 0 0 W : [2 T1046 ..] [SP FRAME TX] arp rsp,vif_idx:0 sender:[1c:79:2d:20:62:cb 192.168.31.30]receiver:[1c:79:2d:20:62:97 192.168.31.228]
06-24 15:27:06.323 0 0 W : [2 T1046 ..] [SP FRAME RX] arp req,vif_idx:0 sender:[1c:79:2d:20:62:b5 192.168.31.8]receiver:[00:00:00:00:00:00 192.168.31.30]
06-24 15:27:06.324 0 0 W : [2 T1046 ..] [SP FRAME TX] arp rsp,vif_idx:0 sender:[1c:79:2d:20:62:cb 192.168.31.30]receiver:[1c:79:2d:20:62:b5 192.168.31.8]
06-24 15:27:06.612 0 0 W : [2 T1046 ..] [SP FRAME RX] arp req,vif_idx:0 sender:[28:7b:11:70:4e:e5 192.168.31.142]receiver:[00:00:00:00:00:00 192.168.31.30]
06-24 15:27:06.613 0 0 W : [2 T1046 ..] [SP FRAME TX] arp rsp,vif_idx:0 sender:[1c:79:2d:20:62:cb 192.168.31.30]receiver:[28:7b:11:70:4e:e5 192.168.31.142]
06-24 15:27:10.922 0 0 W : [3 T10746 ..] [aml_send_sync_trace 4388] sync token[63980]
06-24 15:27:10.922 0 0 W : [3 T10746 ..] >>> aml_send_msg()
06-24 15:27:10.923 0 0 W : [3 T1041 ..] ipc_sdio_host_msgack_handler 00000000ba195411
06-24 15:27:10.924 0 0 W : [3 T1041 ..] [aml_msgackind 2039] msg ack hostid=0xffffff80be562700
06-24 15:27:10.925 0 0 W : [3 T1041 ..] [cmd_mgr_llind 329] cmd tkn[351] flags:0008 result: -4 cmd: 105-MM_SYNC_TRACE - reqcfm( 0-none)
06-24 15:27:10.926 0 0 W : [3 T1041 ..] [cmd_complete 65] cmd tkn[351] flags:0000 result: -4 cmd: 105-MM_SYNC_TRACE - reqcfm( 0-none)
06-24 15:27:14.762 0 0 W : [3 T0 .s] [SP FRAME TX] arp req,vif_idx:0 sender:[1c:79:2d:20:62:cb 192.168.31.30]receiver:[00:00:00:00:00:00 192.168.31.142]
06-24 15:27:14.768 0 0 W : [2 T1046 ..] [SP FRAME RX] arp rsp,vif_idx:0 sender:[28:7b:11:70:4e:e5 192.168.31.142]receiver:[1c:79:2d:20:62:cb 192.168.31.30]
06-24 15:27:22.243 0 0 W : [2 T1046 ..] [SP FRAME RX] arp req,vif_idx:0 sender:[1c:79:2d:20:62:97 192.168.31.228]receiver:[00:00:00:00:00:00 192.168.31.30]
06-24 15:27:22.244 0 0 W : [2 T1046 ..] [SP FRAME TX] arp rsp,vif_idx:0 sender:[1c:79:2d:20:62:cb 192.168.31.30]receiver:[1c:79:2d:20:62:97 192.168.31.228]
06-24 15:27:26.055 0 0 W : [3 T1046 ..] [SP FRAME RX] arp req,vif_idx:0 sender:[28:7b:11:70:4e:e5 192.168.31.142]receiver:[00:00:00:00:00:00 192.168.31.30]
06-24 15:27:26.056 0 0 W : [3 T1046 ..] [SP FRAME TX] arp rsp,vif_idx:0 sender:[1c:79:2d:20:62:cb 192.168.31.30]receiver:[28:7b:11:70:4e:e5 192.168.31.142]
06-24 15:27:29.770 0 0 W : [2 T1046 ..] [SP FRAME RX] arp req,vif_idx:0 sender:[c8:bf:4c:1d:7a:99 192.168.31.1]receiver:[00:00:00:00:00:00 192.168.31.30]
06-24 15:27:29.771 0 0 W : [2 T1046 ..] [SP FRAME TX] arp rsp,vif_idx:0 sender:[1c:79:2d:20:62:cb 192.168.31.30]receiver:[c8:bf:4c:1d:7a:99 192.168.31.1]
06-24 15:27:46.796 0 0 W : [2 T1046 ..] [SP FRAME RX] arp req,vif_idx:0 sender:[28:7b:11:70:4e:e5 192.168.31.142]receiver:[00:00:00:00:00:00 192.168.31.30]
06-24 15:27:46.797 0 0 W : [2 T1046 ..] [SP FRAME TX] arp rsp,vif_idx:0 sender:[1c:79:2d:20:62:cb 192.168.31.30]receiver:[28:7b:11:70:4e:e5 192.168.31.142]
06-24 15:27:47.018 0 0 W : [3 T0 .s] [SP FRAME TX] arp req,vif_idx:0 sender:[1c:79:2d:20:62:cb 192.168.31.30]receiver:[00:00:00:00:00:00 192.168.31.142]
06-24 15:27:47.026 0 0 W : [2 T1046 ..] [SP FRAME RX] arp rsp,vif_idx:0 sender:[28:7b:11:70:4e:e5 192.168.31.142]receiver:[1c:79:2d:20:62:cb 192.168.31.30]
06-24 15:28:11.033 0 0 W : [2 T1046 ..] [SP FRAME RX] arp req,vif_idx:0 sender:[c8:bf:4c:1d:7a:99 192.168.31.1]receiver:[00:00:00:00:00:00 192.168.31.30]
06-24 15:28:11.034 0 0 W : [2 T1046 ..] [SP FRAME TX] arp rsp,vif_idx:0 sender:[1c:79:2d:20:62:cb 192.168.31.30]receiver:[c8:bf:4c:1d:7a:99 192.168.31.1]
06-24 15:28:12.362 0 0 W : [0 T24369 ..] [aml_send_sync_trace 4388] sync token[63981]
06-24 15:28:12.362 0 0 W : [0 T24369 ..] >>> aml_send_msg()
06-24 15:28:12.363 0 0 W : [3 T1041 ..] ipc_sdio_host_msgack_handler 00000000f36cd10a
06-24 15:28:12.364 0 0 W : [3 T1041 ..] [aml_msgackind 2039] msg ack hostid=0xffffff80090c6980
06-24 15:28:12.365 0 0 W : [3 T1041 ..] [cmd_mgr_llind 329] cmd tkn[352] flags:0008 result: -4 cmd: 105-MM_SYNC_TRACE - reqcfm( 0-none)
06-24 15:28:12.366 0 0 W : [3 T1041 ..] [cmd_complete 65] cmd tkn[352] flags:0000 result: -4 cmd: 105-MM_SYNC_TRACE - reqcfm( 0-none)
06-24 15:28:18.817 0 0 W : [2 T1046 ..] [SP FRAME RX] arp req,vif_idx:0 sender:[28:7b:11:70:4e:e5 192.168.31.142]receiver:[00:00:00:00:00:00 192.168.31.30]
06-24 15:28:18.818 0 0 W : [2 T1046 ..] [SP FRAME TX] arp rsp,vif_idx:0 sender:[1c:79:2d:20:62:cb 192.168.31.30]receiver:[28:7b:11:70:4e:e5 192.168.31.142]
06-24 15:28:19.018 0 0 W : [2 T0 .s] [SP FRAME TX] arp req,vif_idx:0 sender:[1c:79:2d:20:62:cb 192.168.31.30]receiver:[00:00:00:00:00:00 192.168.31.142]
06-24 15:28:19.065 0 0 W : [2 T1046 ..] [SP FRAME RX] arp rsp,vif_idx:0 sender:[28:7b:11:70:4e:e5 192.168.31.142]receiver:[1c:79:2d:20:62:cb 192.168.31.30]
06-24 15:28:26.155 1407 1731 W ContextImpl: Calling a method in the system process without a qualified user: android.app.ContextImpl.sendBroadcast:1220 android.content.ContextWrapper.sendBroadcast:504 com.dangbei.etna.setting.core.SettingHelper.sendCycleToProjector:257 com.dangbei.etna.setting.core.SettingHelper.sendCycleCheckBroadcast:226 com.dangbei.etna.setting.core.SettingHelper.startLoop$lambda-0:185
06-24 15:28:26.157 1407 1731 W ContextImpl: Calling a method in the system process without a qualified user: android.app.ContextImpl.sendBroadcast:1220 android.content.ContextWrapper.sendBroadcast:504 com.dangbei.etna.setting.core.SettingHelper.sendCycleToVoice:242 com.dangbei.etna.setting.core.SettingHelper.sendCycleCheckBroadcast:227 com.dangbei.etna.setting.core.SettingHelper.startLoop$lambda-0:185
06-24 15:28:35.890 0 0 W : [3 T1046 ..] [SP FRAME RX] arp req,vif_idx:0 sender:[c8:bf:4c:1d:7a:99 192.168.31.1]receiver:[00:00:00:00:00:00 192.168.31.30]
06-24 15:28:35.891 0 0 W : [3 T1046 ..] [SP FRAME TX] arp rsp,vif_idx:0 sender:[1c:79:2d:20:62:cb 192.168.31.30]receiver:[c8:bf:4c:1d:7a:99 192.168.31.1]
06-24 15:28:35.922 0 0 W : [3 T1046 ..] [SP FRAME RX] arp req,vif_idx:0 sender:[1c:79:2d:20:62:b5 192.168.31.8]receiver:[00:00:00:00:00:00 192.168.31.30]
06-24 15:28:35.923 0 0 W : [3 T1046 ..] [SP FRAME TX] arp rsp,vif_idx:0 sender:[1c:79:2d:20:62:cb 192.168.31.30]receiver:[1c:79:2d:20:62:b5 192.168.31.8]
06-24 15:28:35.952 0 0 W : [3 T1046 ..] [SP FRAME RX] arp req,vif_idx:0 sender:[1c:79:2d:20:62:97 192.168.31.228]receiver:[00:00:00:00:00:00 192.168.31.30]
06-24 15:28:35.953 0 0 W : [3 T1046 ..] [SP FRAME TX] arp rsp,vif_idx:0 sender:[1c:79:2d:20:62:cb 192.168.31.30]receiver:[1c:79:2d:20:62:97 192.168.31.228]
06-24 15:28:50.804 0 0 W : [2 T1046 ..] [SP FRAME RX] arp req,vif_idx:0 sender:[28:7b:11:70:4e:e5 192.168.31.142]receiver:[00:00:00:00:00:00 192.168.31.30]
06-24 15:28:50.805 0 0 W : [2 T1046 ..] [SP FRAME TX] arp rsp,vif_idx:0 sender:[1c:79:2d:20:62:cb 192.168.31.30]receiver:[28:7b:11:70:4e:e5 192.168.31.142]
06-24 15:28:51.018 0 0 W : [0 T0 .s] [SP FRAME TX] arp req,vif_idx:0 sender:[1c:79:2d:20:62:cb 192.168.31.30]receiver:[00:00:00:00:00:00 192.168.31.142]
06-24 15:28:51.024 0 0 W : [2 T1046 ..] [SP FRAME RX] arp rsp,vif_idx:0 sender:[28:7b:11:70:4e:e5 192.168.31.142]receiver:[1c:79:2d:20:62:cb 192.168.31.30]
06-24 15:28:52.598 0 0 W : [0 T1046 ..] [SP FRAME RX] arp req,vif_idx:0 sender:[1c:79:2d:20:62:97 192.168.31.228]receiver:[00:00:00:00:00:00 192.168.31.30]
06-24 15:28:52.599 0 0 W : [0 T1046 ..] [SP FRAME TX] arp rsp,vif_idx:0 sender:[1c:79:2d:20:62:cb 192.168.31.30]receiver:[1c:79:2d:20:62:97 192.168.31.228]
06-24 15:28:55.953 685 9054 W WindowManager: [addWindow] title:com.dangbei.leard.leradlauncher/com.dangbei.launcher.home.LauncherActivity
06-24 15:28:55.954 685 9098 W WindowManager: Failed looking up window session=Session{e396e2b 1423:1000} callers=com.android.server.wm.WindowManagerService.windowForClientLocked:6077 com.android.server.wm.Session.updateRequestedVisibleTypes:695 android.view.IWindowSession$Stub.onTransact:1034
06-24 15:28:55.968 685 9054 D CoreBackPreview: Window{485e453 u0 com.dangbei.leard.leradlauncher/com.dangbei.launcher.home.LauncherActivity}: Setting back callback OnBackInvokedCallbackInfo{mCallback=android.window.IOnBackInvokedCallback$Stub$Proxy@ca6aa89, mPriority=0, mIsAnimationCallback=false}
06-24 15:28:56.058 685 709 W ContextImpl: Calling a method in the system process without a qualified user: android.app.ContextImpl.startService:1899 com.android.server.wm.DisplayPolicy.lambda$focusChangedLw$5:2126 com.android.server.wm.DisplayPolicy.$r8$lambda$Znxk63oh-WzVnzo_WQefN7uxV48:0 com.android.server.wm.DisplayPolicy$$ExternalSyntheticLambda13.run:0 android.os.Handler.handleCallback:958
06-24 15:28:57.942 685 9054 D CoreBackPreview: Window{485e453 u0 com.dangbei.leard.leradlauncher/com.dangbei.launcher.home.LauncherActivity}: Setting back callback null
06-24 15:28:57.942 685 741 I AppsFilter: interaction: PackageSetting{27e1a27 com.dangbei.hqguide/10029} -> PackageSetting{34bc113 com.hpplay.happyplay.aw/10099} BLOCKED
06-24 15:28:57.944 685 718 I ActivityManager: Force stopping com.hpplay.happyplay.aw appid=10099 user=0: deletePackageX
06-24 15:28:57.946 685 718 I ActivityManager: Killing 7212:com.hpplay.happyplay.aw/u0a99 (adj 50): stop com.hpplay.happyplay.aw due to deletePackageX
06-24 15:28:57.949 685 709 D DisplayManagerService: Drop pending events for gone uid 10099
06-24 15:28:57.951 685 718 W ForegroundServiceTypeLoggerModule: FGS stop call for: 10099 has no types!
06-24 15:28:57.952 685 720 I ActivityManager: Process PhantomProcessRecord {b1247f9 7577:7212:logcat/u0a99} died
06-24 15:28:57.959 685 718 W ProcessStats: Tracking association SourceState{2ed2a5c system/1000 ImpFg #7747} whose proc state 5 is better than process ProcessState{9231bd0 com.android.permissioncontroller/10074 pkg=com.android.permissioncontroller} proc state 15 (11 skipped)
06-24 15:28:57.965 685 711 V WindowManager: Unknown focus tokens, dropping reportFocusChanged
06-24 15:28:57.968 685 718 W ActivityManager: Error canceling notification for service
06-24 15:28:57.968 685 718 W ActivityManager: java.lang.SecurityException: Caller com.hpplay.happyplay.aw:10099 cannot post for pkg com.hpplay.happyplay.aw in user 0
06-24 15:28:57.968 685 718 W ActivityManager: at com.android.server.notification.NotificationManagerService.resolveNotificationUid(NotificationManagerService.java:7277)
06-24 15:28:57.968 685 718 W ActivityManager: at com.android.server.notification.NotificationManagerService.cancelNotificationInternal(NotificationManagerService.java:6630)
06-24 15:28:57.968 685 718 W ActivityManager: at com.android.server.notification.NotificationManagerService$13.cancelNotification(NotificationManagerService.java:6497)
06-24 15:28:57.968 685 718 W ActivityManager: at com.android.server.am.ServiceRecord$3.run(ServiceRecord.java:1477)
06-24 15:28:57.968 685 718 W ActivityManager: at android.os.Handler.handleCallback(Handler.java:958)
06-24 15:28:57.968 685 718 W ActivityManager: at android.os.Handler.dispatchMessage(Handler.java:99)
06-24 15:28:57.968 685 718 W ActivityManager: at android.os.Looper.loopOnce(Looper.java:205)
06-24 15:28:57.968 685 718 W ActivityManager: at android.os.Looper.loop(Looper.java:294)
06-24 15:28:57.968 685 718 W ActivityManager: at android.os.HandlerThread.run(HandlerThread.java:67)
06-24 15:28:57.968 685 718 W ActivityManager: at com.android.server.ServiceThread.run(ServiceThread.java:46)
06-24 15:28:58.044 685 9054 V ActivityManager: Got obituary of 7212:com.hpplay.happyplay.aw
06-24 15:28:58.044 685 1135 I WindowManager: WIN DEATH: Window{cc21658 u0 com.hpplay.happyplay.aw}
06-24 15:28:58.045 685 711 W NotificationHistory: Attempted to remove channel for locked/gone/disabled user 0
06-24 15:28:58.048 685 711 W ActivityManager: setHasOverlayUi called on unknown pid: 7212
06-24 15:28:58.049 685 711 W ActivityManager: setHasOverlayUi called on unknown pid: 7212
06-24 15:28:58.054 685 1929 W ActivityManager: pid 985 com.android.bluetooth sent binder code 3 with flags 1 to frozen apps and got error -32
06-24 15:28:58.054 685 741 W PackageManager: java.lang.IllegalArgumentException: Unable to get package com.hpplay.happyplay.aw
06-24 15:28:58.054 685 741 W PackageManager: at com.android.server.art.Utils.getPackageOrThrow(Utils.java:271)
06-24 15:28:58.054 685 741 W PackageManager: at com.android.server.art.ArtManagerLocal.clearAppProfiles(ArtManagerLocal.java:326)
06-24 15:28:58.054 685 741 W PackageManager: at com.android.server.pm.AppDataHelper.destroyAppProfilesWithArtService(AppDataHelper.java:665)
06-24 15:28:58.054 685 741 W PackageManager: at com.android.server.pm.AppDataHelper.destroyAppProfilesLeafLIF(AppDataHelper.java:640)
06-24 15:28:58.054 685 741 W PackageManager: at com.android.server.pm.AppDataHelper.destroyAppProfilesLIF(AppDataHelper.java:635)
06-24 15:28:58.054 685 741 W PackageManager: at com.android.server.pm.RemovePackageHelper.removePackageDataLIF(RemovePackageHelper.java:300)
06-24 15:28:58.054 685 741 W PackageManager: at com.android.server.pm.DeletePackageHelper.deleteInstalledPackageLIF(DeletePackageHelper.java:575)
06-24 15:28:58.054 685 741 W PackageManager: at com.android.server.pm.DeletePackageHelper.executeDeletePackageLIF(DeletePackageHelper.java:487)
06-24 15:28:58.054 685 741 W PackageManager: at com.android.server.pm.DeletePackageHelper.deletePackageLIF(DeletePackageHelper.java:366)
06-24 15:28:58.054 685 741 W PackageManager: at com.android.server.pm.DeletePackageHelper.deletePackageX(DeletePackageHelper.java:243)
06-24 15:28:58.054 685 741 W PackageManager: at com.android.server.pm.DeletePackageHelper.lambda$deletePackageVersionedInternal$4(DeletePackageHelper.java:780)
06-24 15:28:58.054 685 741 W PackageManager: at com.android.server.pm.DeletePackageHelper.$r8$lambda$4Fq6dOQzMurWEtr04t07o3_ePAI(DeletePackageHelper.java:0)
06-24 15:28:58.054 685 741 W PackageManager: at com.android.server.pm.DeletePackageHelper$$ExternalSyntheticLambda4.run(R8$$SyntheticClass:0)
06-24 15:28:58.054 685 741 W PackageManager: at android.os.Handler.handleCallback(Handler.java:958)
06-24 15:28:58.054 685 741 W PackageManager: at android.os.Handler.dispatchMessage(Handler.java:99)
06-24 15:28:58.054 685 741 W PackageManager: at android.os.Looper.loopOnce(Looper.java:205)
06-24 15:28:58.054 685 741 W PackageManager: at android.os.Looper.loop(Looper.java:294)
06-24 15:28:58.054 685 741 W PackageManager: at android.os.HandlerThread.run(HandlerThread.java:67)
06-24 15:28:58.054 685 741 W PackageManager: at com.android.server.ServiceThread.run(ServiceThread.java:46)
06-24 15:28:58.056 685 709 W ContextImpl: Calling a method in the system process without a qualified user: android.app.ContextImpl.startService:1899 com.android.server.wm.DisplayPolicy.lambda$focusChangedLw$5:2126 com.android.server.wm.DisplayPolicy.$r8$lambda$Znxk63oh-WzVnzo_WQefN7uxV48:0 com.android.server.wm.DisplayPolicy$$ExternalSyntheticLambda13.run:0 android.os.Handler.handleCallback:958
06-24 15:28:58.073 685 741 W PermissionManager: Package com.android.adservices.api is an APK in APEX, but has permission allowlist on the system image. Please bundle the allowlist in the com.android.adservices APEX instead.
06-24 15:28:58.125 685 741 W PermissionManager: Package com.android.providers.media.module is an APK in APEX, but has permission allowlist on the system image. Please bundle the allowlist in the com.android.mediaprovider APEX instead.
06-24 15:28:58.125 685 741 W PermissionManager: Package com.android.providers.media.module is an APK in APEX, but has permission allowlist on the system image. Please bundle the allowlist in the com.android.mediaprovider APEX instead.
06-24 15:28:58.125 685 741 W PermissionManager: Package com.android.providers.media.module is an APK in APEX, but has permission allowlist on the system image. Please bundle the allowlist in the com.android.mediaprovider APEX instead.
06-24 15:28:58.125 685 741 W PermissionManager: Package com.android.providers.media.module is an APK in APEX, but has permission allowlist on the system image. Please bundle the allowlist in the com.android.mediaprovider APEX instead.
06-24 15:28:58.125 685 741 W PermissionManager: Package com.android.providers.media.module is an APK in APEX, but has permission allowlist on the system image. Please bundle the allowlist in the com.android.mediaprovider APEX instead.
06-24 15:28:58.125 685 741 W PermissionManager: Package com.android.providers.media.module is an APK in APEX, but has permission allowlist on the system image. Please bundle the allowlist in the com.android.mediaprovider APEX instead.
06-24 15:28:58.125 685 741 W PermissionManager: Package com.android.providers.media.module is an APK in APEX, but has permission allowlist on the system image. Please bundle the allowlist in the com.android.mediaprovider APEX instead.
06-24 15:28:58.125 685 741 W PermissionManager: Package com.android.providers.media.module is an APK in APEX, but has permission allowlist on the system image. Please bundle the allowlist in the com.android.mediaprovider APEX instead.
06-24 15:28:58.125 685 741 W PermissionManager: Package com.android.providers.media.module is an APK in APEX, but has permission allowlist on the system image. Please bundle the allowlist in the com.android.mediaprovider APEX instead.
06-24 15:28:58.125 685 741 W PermissionManager: Package com.android.providers.media.module is an APK in APEX, but has permission allowlist on the system image. Please bundle the allowlist in the com.android.mediaprovider APEX instead.
06-24 15:28:58.125 685 741 W PermissionManager: Package com.android.providers.media.module is an APK in APEX, but has permission allowlist on the system image. Please bundle the allowlist in the com.android.mediaprovider APEX instead.
06-24 15:28:58.125 685 741 W PermissionManager: Package com.android.providers.media.module is an APK in APEX, but has permission allowlist on the system image. Please bundle the allowlist in the com.android.mediaprovider APEX instead.
06-24 15:28:58.125 685 741 W PermissionManager: Package com.android.providers.media.module is an APK in APEX, but has permission allowlist on the system image. Please bundle the allowlist in the com.android.mediaprovider APEX instead.
06-24 15:28:58.184 0 0 I [0 T2406 ..] logd: start watching /data/system/packages.list ...
06-24 15:28:58.185 0 0 I [0 T2406 ..] logd: ReadPackageList, total packages: 104
06-24 15:28:58.175 685 741 D PackageManager: Instant App installer not found with android.intent.action.INSTALL_INSTANT_APP_PACKAGE
06-24 15:28:58.175 685 741 D PackageManager: Clear ephemeral installer activity
06-24 15:28:58.183 685 1390 E TaskPersister: File error accessing recents directory (directory doesn't exist?).
06-24 15:28:58.274 685 741 I ActivityManager: Force stopping com.hpplay.happyplay.aw appid=10099 user=0: pkg removed
06-24 15:28:58.309 685 741 I ActivityManager: Force stopping com.hpplay.happyplay.aw appid=10099 user=0: pkg removed
06-24 15:28:58.310 685 1390 E TaskPersister: File error accessing recents directory (directory doesn't exist?).
06-24 15:28:58.364 685 718 D ActivityManager: sync unfroze 2025 com.android.providers.tv for 3
06-24 15:28:58.370 685 800 V StorageManagerService: Package com.hpplay.happyplay.aw does not have legacy storage
06-24 15:28:58.370 685 767 I RollbackManager: broadcast=ACTION_PACKAGE_FULLY_REMOVED pkg=com.hpplay.happyplay.aw
06-24 15:28:58.371 685 685 I ActivityManager: com.android.keychain is exempt from freezer
06-24 15:28:58.371 685 685 D CompatibilityChangeReporter: Compat change id reported: 135634846; UID 1000; state: DISABLED
06-24 15:28:58.389 685 718 D ActivityManager: sync unfroze 24571 android.process.media for 3
06-24 15:28:58.408 901 979 D WindowManagerShell: TvPipController: onTaskStackChanged()
06-24 15:28:58.446 685 685 I ConditionProviders: Disallowing condition provider com.hpplay.happyplay.aw (userSet: true)
06-24 15:28:58.499 685 719 W ActivityManager: Slow operation: 129ms so far, now at startProcess: returned from zygote!
06-24 15:28:58.499 685 719 W ActivityManager: Slow operation: 129ms so far, now at startProcess: done updating battery stats
06-24 15:28:58.499 685 719 W ActivityManager: Slow operation: 129ms so far, now at startProcess: building log message
06-24 15:28:58.500 685 719 I ActivityManager: Start proc 9760:com.android.keychain/1000 for service {com.android.keychain/com.android.keychain.KeyChainService}
06-24 15:28:58.500 685 719 W ActivityManager: Slow operation: 129ms so far, now at startProcess: starting to update pids map
06-24 15:28:58.500 685 719 W ActivityManager: Slow operation: 129ms so far, now at startProcess: done updating pids map
06-24 15:28:58.511 685 1929 W WindowManager: [addWindow] title:Toast
06-24 15:28:58.591 685 952 D CoreBackPreview: Window{70e0c46 u0 Toast}: Setting back callback OnBackInvokedCallbackInfo{mCallback=android.window.IOnBackInvokedCallback$Stub$Proxy@97d33a3, mPriority=0, mIsAnimationCallback=false}
06-24 15:28:58.777 685 717 W TextServicesManagerService: no available spell checker services found
06-24 15:28:59.065 0 0 W [0 T9610 ..] audit: audit_lost=13924 audit_rate_limit=5 audit_backlog_limit=64
06-24 15:28:59.068 0 0 E [0 T9610 ..] audit: rate limit exceeded
06-24 15:28:59.982 0 0 W : [2 T1046 ..] [SP FRAME RX] arp req,vif_idx:0 sender:[c8:bf:4c:1d:7a:99 192.168.31.1]receiver:[00:00:00:00:00:00 192.168.31.30]
06-24 15:28:59.983 0 0 W : [2 T1046 ..] [SP FRAME TX] arp rsp,vif_idx:0 sender:[1c:79:2d:20:62:cb 192.168.31.30]receiver:[c8:bf:4c:1d:7a:99 192.168.31.1]
06-24 15:29:01.991 685 1083 D CoreBackPreview: Window{70e0c46 u0 Toast}: Setting back callback null
06-24 15:29:02.001 685 1083 W NotificationService: Toast already killed. pkg=com.dangbei.zhushou token=android.os.BinderProxy@e6d070c
06-24 15:29:08.125 0 0 I [0 T2406 ..] logd: start watching /data/system/packages.list ...
06-24 15:29:08.127 0 0 I [0 T2406 ..] logd: ReadPackageList, total packages: 104
06-24 15:29:08.449 685 888 W FileUtils: Failed to chmod(AtomicFile[/data/system_de/0/system/game-manager-service.xml]): android.system.ErrnoException: chmod failed: ENOENT (No such file or directory)
06-24 15:29:08.694 685 780 D ActivityManager: freezing 2025 com.android.providers.tv
06-24 15:29:08.882 685 780 D ActivityManager: freezing 24571 android.process.media
06-24 15:29:09.409 272 9732 I keystore2: system/security/keystore2/src/watchdog.rs:319 - Watchdog thread idle -> terminating. Have a great day.
06-24 15:29:13.802 0 0 W : [0 T24369 ..] [aml_send_sync_trace 4388] sync token[63982]
06-24 15:29:13.802 0 0 W : [0 T24369 ..] >>> aml_send_msg()
06-24 15:29:13.804 0 0 W : [3 T1041 ..] ipc_sdio_host_msgack_handler 00000000559b0c47
06-24 15:29:13.804 0 0 W : [3 T1041 ..] [aml_msgackind 2039] msg ack hostid=0xffffff80c8dd7180
06-24 15:29:13.805 0 0 W : [3 T1041 ..] [cmd_mgr_llind 329] cmd tkn[353] flags:0008 result: -4 cmd: 105-MM_SYNC_TRACE - reqcfm( 0-none)
06-24 15:29:13.806 0 0 W : [3 T1041 ..] [cmd_complete 65] cmd tkn[353] flags:0000 result: -4 cmd: 105-MM_SYNC_TRACE - reqcfm( 0-none)
06-24 15:29:14.026 685 781 D CompatibilityChangeReporter: Compat change id reported: 261072174; UID 1000; state: ENABLED
06-24 15:29:14.027 685 781 W ProcessStats: Tracking association SourceState{2ed2a5c system/1000 ImpFg #7788} whose proc state 5 is better than process ProcessState{9231bd0 com.android.permissioncontroller/10074 pkg=com.android.permissioncontroller} proc state 15 (11 skipped)
06-24 15:29:22.791 0 0 W : [2 T1046 ..] [SP FRAME RX] arp req,vif_idx:0 sender:[28:7b:11:70:4e:e5 192.168.31.142]receiver:[00:00:00:00:00:00 192.168.31.30]
06-24 15:29:22.792 0 0 W : [2 T1046 ..] [SP FRAME TX] arp rsp,vif_idx:0 sender:[1c:79:2d:20:62:cb 192.168.31.30]receiver:[28:7b:11:70:4e:e5 192.168.31.142]
06-24 15:29:23.018 0 0 W : [2 T0 .s] [SP FRAME TX] arp req,vif_idx:0 sender:[1c:79:2d:20:62:cb 192.168.31.30]receiver:[00:00:00:00:00:00 192.168.31.142]
06-24 15:29:23.025 0 0 W : [2 T1046 ..] [SP FRAME RX] arp rsp,vif_idx:0 sender:[28:7b:11:70:4e:e5 192.168.31.142]receiver:[1c:79:2d:20:62:cb 192.168.31.30]
06-24 15:29:23.813 0 0 W : [2 T1046 ..] [SP FRAME RX] arp req,vif_idx:0 sender:[c8:bf:4c:1d:7a:99 192.168.31.1]receiver:[00:00:00:00:00:00 192.168.31.30]
06-24 15:29:23.814 0 0 W : [2 T1046 ..] [SP FRAME TX] arp rsp,vif_idx:0 sender:[1c:79:2d:20:62:cb 192.168.31.30]receiver:[c8:bf:4c:1d:7a:99 192.168.31.1]
06-24 15:29:28.347 685 763 W ProcessStats: Tracking association SourceState{2ed2a5c system/1000 ImpFg #7790} whose proc state 5 is better than process ProcessState{9231bd0 com.android.permissioncontroller/10074 pkg=com.android.permissioncontroller} proc state 15 (0 skipped)
06-24 15:29:35.844 685 1069 D CompatibilityChangeReporter: Compat change id reported: 265464455; UID 1000; state: DISABLED
06-24 15:29:35.844 685 1069 D CompatibilityChangeReporter: Compat change id reported: 265452344; UID 1000; state: DISABLED
06-24 15:29:35.845 685 1069 D CompatibilityChangeReporter: Compat change id reported: 266124927; UID 1000; state: DISABLED
06-24 15:29:35.845 685 1069 D CompatibilityChangeReporter: Compat change id reported: 265451093; UID 1000; state: DISABLED
06-24 15:29:35.845 685 1069 D CompatibilityChangeReporter: Compat change id reported: 265456536; UID 1000; state: DISABLED
06-24 15:29:35.845 685 1069 D CompatibilityChangeReporter: Compat change id reported: 255940284; UID 1000; state: DISABLED
06-24 15:29:35.845 685 1069 D CompatibilityChangeReporter: Compat change id reported: 236283604; UID 1000; state: DISABLED
06-24 15:29:35.845 685 1069 D CompatibilityChangeReporter: Compat change id reported: 263959004; UID 1000; state: DISABLED
06-24 15:29:35.846 685 1069 D CompatibilityChangeReporter: Compat change id reported: 264304459; UID 1000; state: DISABLED
06-24 15:29:35.846 685 1069 D CompatibilityChangeReporter: Compat change id reported: 264301586; UID 1000; state: DISABLED
06-24 15:29:35.846 685 1069 D CompatibilityChangeReporter: Compat change id reported: 254631730; UID 1000; state: DISABLED
06-24 15:29:35.846 685 1069 D CompatibilityChangeReporter: Compat change id reported: 273509367; UID 1000; state: DISABLED
06-24 15:29:35.846 685 1069 D CompatibilityChangeReporter: Compat change id reported: 263259275; UID 1000; state: DISABLED
06-24 15:29:35.847 685 1069 D CompatibilityChangeReporter: Compat change id reported: 174042980; UID 1000; state: DISABLED
06-24 15:29:35.847 685 1069 D CompatibilityChangeReporter: Compat change id reported: 174042936; UID 1000; state: DISABLED
06-24 15:29:35.847 685 1069 D CompatibilityChangeReporter: Compat change id reported: 181136395; UID 1000; state: DISABLED
06-24 15:29:35.848 685 1069 D CompatibilityChangeReporter: Compat change id reported: 194480991; UID 1000; state: ENABLED
06-24 15:29:35.851 685 1069 D CompatibilityChangeReporter: Compat change id reported: 197654537; UID 1000; state: DISABLED
06-24 15:29:35.858 685 1069 E Transition: Trying to add a ready-group twice: Display{#0 state=ON size=1920x1080 ROTATION_0}
06-24 15:29:35.859 685 1069 I ActivityTaskManager: START u0 {cmp=com.dangbei.leard.leradlauncher/com.dangbei.launcher.secondary.app.AppSecondaryActivity (has extras)} with LAUNCH_MULTIPLE from uid 1000 (BAL_ALLOW_ALLOWLISTED_UID) result code=0
06-24 15:29:35.860 901 979 V WindowManagerShell: Transition requested: android.os.BinderProxy@7c71135 TransitionRequestInfo { type = 1, triggerTask = TaskInfo{userId=0 taskId=32 displayId=0 isRunning=true baseIntent=Intent { act=android.intent.action.MAIN cat=[android.intent.category.HOME] flg=0x10800100 cmp=com.dangbei.leard.leradlauncher/com.dangbei.launcher.home.LauncherActivity } baseActivity=ComponentInfo{com.dangbei.leard.leradlauncher/com.dangbei.launcher.home.LauncherActivity} topActivity=ComponentInfo{com.dangbei.leard.leradlauncher/com.dangbei.launcher.secondary.app.AppSecondaryActivity} origActivity=null realActivity=ComponentInfo{com.dangbei.leard.leradlauncher/com.dangbei.launcher.home.LauncherActivity} numActivities=2 lastActiveTime=15583759 supportsMultiWindow=true resizeMode=0 isResizeable=false minWidth=-1 minHeight=-1 defaultMinSize=220 token=WCT{android.window.IWindowContainerToken$Stub$Proxy@afea9ca} topActivityType=2 pictureInPictureParams=null shouldDockBigOverlays=true launchIntoPipHostTaskId=-1 lastParentTaskIdBeforePip=-1 displayCutoutSafeInsets=null topActivityInfo=ActivityInfo{266073b com.dangbei.launcher.secondary.app.AppSecondaryActivity} launchCookies=[] positionInParent=Point(0, 0) parentTaskId=-1 isFocused=true isVisible=true isVisibleRequested=true isSleeping=false topActivityInSizeCompat=false topActivityEligibleForLetterboxEducation= false isLetterboxDoubleTapEnabled= false topActivityEligibleForUserAspectRatioButton= false topActivityBoundsLetterboxed= false isFromLetterboxDoubleTap= false topActivityLetterboxVerticalPosition= -1 topActivityLetterboxHorizontalPosition= -1 topActivityLetterboxWidth=-1 topActivityLetterboxHeight=-1 isUserFullscreenOverrideEnabled=false isTopActivityTransparent=false locusId=null displayAreaFeatureId=1 cameraCompatControlState=hidden}, remoteTransition = null, displayChange = null, flags = 0 }
06-24 15:29:35.866 685 1083 V WindowManager: app ------------- force_land :0
06-24 15:29:35.936 685 1083 W WindowManager: Failed looking up window session=Session{e396e2b 1423:1000} callers=com.android.server.wm.WindowManagerService.windowForClientLocked:6077 com.android.server.wm.Session.updateRequestedVisibleTypes:695 android.view.IWindowSession$Stub.onTransact:1034
06-24 15:29:35.936 685 19107 W WindowManager: [addWindow] title:com.dangbei.leard.leradlauncher/com.dangbei.launcher.secondary.app.AppSecondaryActivity
06-24 15:29:35.937 685 19107 D CompatibilityChangeReporter: Compat change id reported: 168419799; UID 1000; state: DISABLED
06-24 15:29:35.938 685 19107 D CompatibilityChangeReporter: Compat change id reported: 273564678; UID 1000; state: DISABLED
06-24 15:29:35.943 685 19107 D CoreBackPreview: Window{f1dbe34 u0 com.dangbei.leard.leradlauncher/com.dangbei.launcher.secondary.app.AppSecondaryActivity}: Setting back callback OnBackInvokedCallbackInfo{mCallback=android.window.IOnBackInvokedCallback$Stub$Proxy@6261d2, mPriority=0, mIsAnimationCallback=false}
06-24 15:29:35.970 901 979 D WindowManagerShell: TvPipController: onTaskStackChanged()
06-24 15:29:35.981 685 708 V WindowManager: Sent Transition #379 createdAt=06-24 15:29:35.849 via request=TransitionRequestInfo { type = 1, triggerTask = TaskInfo{userId=0 taskId=32 displayId=0 isRunning=true baseIntent=Intent { act=android.intent.action.MAIN cat=[android.intent.category.HOME] flg=0x10800100 cmp=com.dangbei.leard.leradlauncher/com.dangbei.launcher.home.LauncherActivity } baseActivity=ComponentInfo{com.dangbei.leard.leradlauncher/com.dangbei.launcher.home.LauncherActivity} topActivity=ComponentInfo{com.dangbei.leard.leradlauncher/com.dangbei.launcher.secondary.app.AppSecondaryActivity} origActivity=null realActivity=ComponentInfo{com.dangbei.leard.leradlauncher/com.dangbei.launcher.home.LauncherActivity} numActivities=2 lastActiveTime=15583759 supportsMultiWindow=true resizeMode=0 isResizeable=false minWidth=-1 minHeight=-1 defaultMinSize=220 token=WCT{RemoteToken{a5d9d8d Task{131419d #32 type=home A=1000:com.dangbei.leard.leradlauncher}}} topActivityType=2 pictureInPictureParams=null shouldDockBigOverlays=true launchIntoPipHostTaskId=-1 lastParentTaskIdBeforePip=-1 displayCutoutSafeInsets=null topActivityInfo=ActivityInfo{ff38959 com.dangbei.launcher.secondary.app.AppSecondaryActivity} launchCookies=[] positionInParent=Point(0, 0) parentTaskId=-1 isFocused=true isVisible=true isVisibleRequested=true isSleeping=false topActivityInSizeCompat=false topActivityEligibleForLetterboxEducation= false isLetterboxDoubleTapEnabled= false topActivityEligibleForUserAspectRatioButton= false topActivityBoundsLetterboxed= false isFromLetterboxDoubleTap= false topActivityLetterboxVerticalPosition= -1 topActivityLetterboxHorizontalPosition= -1 topActivityLetterboxWidth=-1 topActivityLetterboxHeight=-1 isUserFullscreenOverrideEnabled=false isTopActivityTransparent=false locusId=null displayAreaFeatureId=1 cameraCompatControlState=hidden}, remoteTransition = null, displayChange = null, flags = 0 }
06-24 15:29:35.981 901 979 V WindowManagerShell: onTransitionReady android.os.BinderProxy@7c71135: {id=379 t=OPEN f=0x0 trk=0 r=[0@Point(0, 0)] c=[{null m=OPEN f=FILLS_TASK leash=Surface(name=ActivityRecord{3851188 u0 com.dangbei.leard.leradlauncher/com.dangbei.launcher.secondary.app.AppSecondaryActivity)/@0xe473e58 sb=Rect(0, 0 - 0, 0) eb=Rect(0, 0 - 1920, 1080) d=-1->0 r=-1->0:-1},{null m=TO_BACK f=FILLS_TASK leash=Surface(name=ActivityRecord{c96a874 u0 com.dangbei.leard.leradlauncher/com.dangbei.launcher.home.LauncherActivity)/@0x9648bb1 sb=Rect(0, 0 - 1920, 1080) eb=Rect(0, 0 - 1920, 1080) d=0}]}
06-24 15:29:35.981 685 708 V WindowManager: startWCT=WindowContainerTransaction { changes = {} hops = [] errorCallbackToken=null taskFragmentOrganizer=null }
06-24 15:29:35.981 901 979 V WindowManagerShell: Playing animation for (#379)android.os.BinderProxy@7c71135@0
06-24 15:29:35.981 685 708 V WindowManager: info={id=379 t=OPEN f=0x0 trk=0 r=[0@Point(0, 0)] c=[{null m=OPEN f=FILLS_TASK leash=Surface(name=ActivityRecord{3851188 u0 com.dangbei.leard.leradlauncher/com.dangbei.launcher.secondary.app.AppSecondaryActivity)/@0xe1dd2a3 sb=Rect(0, 0 - 0, 0) eb=Rect(0, 0 - 1920, 1080) d=-1->0 r=-1->0:-1},{null m=TO_BACK f=FILLS_TASK leash=Surface(name=ActivityRecord{c96a874 u0 com.dangbei.leard.leradlauncher/com.dangbei.launcher.home.LauncherActivity)/@0xdafeeb1 sb=Rect(0, 0 - 1920, 1080) eb=Rect(0, 0 - 1920, 1080) d=0}]}
06-24 15:29:35.982 901 979 V WindowManagerShell: try handler com.android.wm.shell.keyguard.KeyguardTransitionHandler@24e2028
06-24 15:29:35.982 901 979 V WindowManagerShell: try handler com.android.wm.shell.pip.tv.TvPipTransition@1141
06-24 15:29:35.982 901 979 V WindowManagerShell: try handler com.android.wm.shell.activityembedding.ActivityEmbeddingController@e8f56e6
06-24 15:29:35.982 901 979 V WindowManagerShell: try handler com.android.wm.shell.transition.RemoteTransitionHandler@b664427
