06-24 15:21:03.381 901 979 V WindowManagerShell: Transition doesn't have explicit remote, search filters for match for {id=358 t=OPEN f=0x0 trk=0 r=[0@Point(0, 0)] c=[{null m=OPEN f=FILLS_TASK leash=Surface(name=ActivityRecord{c796466 u0 com.dangbei.leard.leradlauncher/com.dangbei.launcher.secondary.app.AppSecondaryActivity)/@0xd92c2c6 sb=Rect(0, 0 - 0, 0) eb=Rect(0, 0 - 1920, 1080) d=-1->0 r=-1->0:-1},{null m=TO_BACK f=FILLS_TASK leash=Surface(name=ActivityRecord{c96a874 u0 com.dangbei.leard.leradlauncher/com.dangbei.launcher.home.LauncherActivity)/@0x9f97287 sb=Rect(0, 0 - 1920, 1080) eb=Rect(0, 0 - 1920, 1080) d=0}]}
06-24 15:21:03.381 901 979 V WindowManagerShell: Delegate animation for #358 to null
06-24 15:21:03.381 901 979 V WindowManagerShell: try handler com.android.wm.shell.transition.DefaultTransitionHandler@7916d4
06-24 15:21:03.381 901 979 V WindowManagerShell: start default transition animation, info = {id=358 t=OPEN f=0x0 trk=0 r=[0@Point(0, 0)] c=[{null m=OPEN f=FILLS_TASK leash=Surface(name=ActivityRecord{c796466 u0 com.dangbei.leard.leradlauncher/com.dangbei.launcher.secondary.app.AppSecondaryActivity)/@0xd92c2c6 sb=Rect(0, 0 - 0, 0) eb=Rect(0, 0 - 1920, 1080) d=-1->0 r=-1->0:-1},{null m=TO_BACK f=FILLS_TASK leash=Surface(name=ActivityRecord{c96a874 u0 com.dangbei.leard.leradlauncher/com.dangbei.launcher.home.LauncherActivity)/@0x9f97287 sb=Rect(0, 0 - 1920, 1080) eb=Rect(0, 0 - 1920, 1080) d=0}]}
06-24 15:21:03.383 901 979 V WindowManagerShell: Transition animation finished (aborted=false), notifying core (#358)android.os.BinderProxy@53216ab@0
06-24 15:21:03.387 685 708 V WindowManager: Finish Transition #358: created at
06-24 15:21:03.269 collect-started=0.095ms request-sent=7.222ms started=10.867ms ready=20.081ms sent=105.883ms finished=114.943ms
06-24 15:21:03.390 901 979 V WindowManagerShell: Track 0 became idle
06-24 15:21:03.390 901 979 V WindowManagerShell: All active transition animations finished
06-24 15:21:03.390 901 979 V WindowManagerShell: animated by com.android.wm.shell.transition.DefaultTransitionHandler@7916d4
06-24 15:21:03.390 901 979 V WindowManagerShell: Track 0 became idle
06-24 15:21:03.390 901 979 V WindowManagerShell: All active transition animations finished
06-24 15:21:03.395 901 979 D WindowManagerShell: TvPipController: onTaskStackChanged()
06-24 15:21:03.442 685 709 W ContextImpl: Calling a method in the system process without a qualified user: android.app.ContextImpl.startService:1899 com.android.server.wm.DisplayPolicy.lambda$focusChangedLw$5:2126 com.android.server.wm.DisplayPolicy.$r8$lambda$Znxk63oh-WzVnzo_WQefN7uxV48:0 com.android.server.wm.DisplayPolicy$$ExternalSyntheticLambda13.run:0 android.os.Handler.handleCallback:958
06-24 15:21:04.896 0 0 W : [2 T1046 ..] [SP FRAME RX] arp req,vif_idx:0 sender:[1c:79:2d:20:62:97 192.168.31.228]receiver:[00:00:00:00:00:00 192.168.31.30]
06-24 15:21:04.897 0 0 W : [2 T1046 ..] [SP FRAME TX] arp rsp,vif_idx:0 sender:[1c:79:2d:20:62:cb 192.168.31.30]receiver:[1c:79:2d:20:62:97 192.168.31.228]
06-24 15:21:05.649 685 1076 E Transition: Trying to add a ready-group twice: Display{#0 state=ON size=1920x1080 ROTATION_0}
06-24 15:21:05.650 685 1076 I ActivityTaskManager: START u0 {cmp=com.dangbei.leard.leradlauncher/.module.search.SearchActivity (has extras)} with LAUNCH_MULTIPLE from uid 1000 (BAL_ALLOW_ALLOWLISTED_UID) result code=0
06-24 15:21:05.651 901 979 V WindowManagerShell: Transition requested: android.os.BinderProxy@684552 TransitionRequestInfo { type = 1, triggerTask = TaskInfo{userId=0 taskId=32 displayId=0 isRunning=true baseIntent=Intent { act=android.intent.action.MAIN cat=[android.intent.category.HOME] flg=0x10800100 cmp=com.dangbei.leard.leradlauncher/com.dangbei.launcher.home.LauncherActivity } baseActivity=ComponentInfo{com.dangbei.leard.leradlauncher/com.dangbei.launcher.home.LauncherActivity} topActivity=ComponentInfo{com.dangbei.leard.leradlauncher/com.dangbei.leard.leradlauncher.module.search.SearchActivity} origActivity=null realActivity=ComponentInfo{com.dangbei.leard.leradlauncher/com.dangbei.launcher.home.LauncherActivity} numActivities=3 lastActiveTime=15073550 supportsMultiWindow=true resizeMode=0 isResizeable=false minWidth=-1 minHeight=-1 defaultMinSize=220 token=WCT{android.window.IWindowContainerToken$Stub$Proxy@f0b023} topActivityType=2 pictureInPictureParams=null shouldDockBigOverlays=true launchIntoPipHostTaskId=-1 lastParentTaskIdBeforePip=-1 displayCutoutSafeInsets=null topActivityInfo=ActivityInfo{a37d920 com.dangbei.leard.leradlauncher.module.search.SearchActivity} launchCookies=[] positionInParent=Point(0, 0) parentTaskId=-1 isFocused=true isVisible=true isVisibleRequested=true isSleeping=false topActivityInSizeCompat=false topActivityEligibleForLetterboxEducation= false isLetterboxDoubleTapEnabled= false topActivityEligibleForUserAspectRatioButton= false topActivityBoundsLetterboxed= false isFromLetterboxDoubleTap= false topActivityLetterboxVerticalPosition= -1 topActivityLetterboxHorizontalPosition= -1 topActivityLetterboxWidth=-1 topActivityLetterboxHeight=-1 isUserFullscreenOverrideEnabled=false isTopActivityTransparent=false locusId=null displayAreaFeatureId=1 cameraCompatControlState=hidden}, remoteTransition = null, displayChange = null, flags = 0 }
06-24 15:21:05.665 685 9054 V WindowManager: app ------------- force_land :0
06-24 15:21:05.769 901 979 D WindowManagerShell: TvPipController: onTaskStackChanged()
06-24 15:21:05.771 685 9054 W WindowManager: Failed looking up window session=Session{e396e2b 1423:1000} callers=com.android.server.wm.WindowManagerService.windowForClientLocked:6077 com.android.server.wm.Session.updateRequestedVisibleTypes:695 android.view.IWindowSession$Stub.onTransact:1034
06-24 15:21:05.772 685 1076 W WindowManager: [addWindow] title:com.dangbei.leard.leradlauncher/com.dangbei.leard.leradlauncher.module.search.SearchActivity
06-24 15:21:05.783 685 1076 D CoreBackPreview: Window{b75eaa2 u0 com.dangbei.leard.leradlauncher/com.dangbei.leard.leradlauncher.module.search.SearchActivity}: Setting back callback OnBackInvokedCallbackInfo{mCallback=android.window.IOnBackInvokedCallback$Stub$Proxy@4e2c6f0, mPriority=0, mIsAnimationCallback=false}
06-24 15:21:05.838 901 979 V WindowManagerShell: onTransitionReady android.os.BinderProxy@684552: {id=359 t=OPEN f=0x0 trk=0 r=[0@Point(0, 0)] c=[{null m=OPEN f=FILLS_TASK leash=Surface(name=ActivityRecord{1862497 u0 com.dangbei.leard.leradlauncher/.module.search.SearchActivity)/@0xcaf62d9 sb=Rect(0, 0 - 0, 0) eb=Rect(0, 0 - 1920, 1080) d=-1->0 r=-1->0:-1},{null m=TO_BACK f=FILLS_TASK leash=Surface(name=ActivityRecord{c796466 u0 com.dangbei.leard.leradlauncher/com.dangbei.launcher.secondary.app.AppSecondaryActivity)/@0x3a1649e sb=Rect(0, 0 - 1920, 1080) eb=Rect(0, 0 - 1920, 1080) d=0}]}
06-24 15:21:05.838 901 979 V WindowManagerShell: Playing animation for (#359)android.os.BinderProxy@684552@0
06-24 15:21:05.839 901 979 V WindowManagerShell: try handler com.android.wm.shell.keyguard.KeyguardTransitionHandler@24e2028
06-24 15:21:05.839 901 979 V WindowManagerShell: try handler com.android.wm.shell.pip.tv.TvPipTransition@1141
06-24 15:21:05.839 901 979 V WindowManagerShell: try handler com.android.wm.shell.activityembedding.ActivityEmbeddingController@e8f56e6
06-24 15:21:05.839 901 979 V WindowManagerShell: try handler com.android.wm.shell.transition.RemoteTransitionHandler@b664427
06-24 15:21:05.839 901 979 V WindowManagerShell: Transition doesn't have explicit remote, search filters for match for {id=359 t=OPEN f=0x0 trk=0 r=[0@Point(0, 0)] c=[{null m=OPEN f=FILLS_TASK leash=Surface(name=ActivityRecord{1862497 u0 com.dangbei.leard.leradlauncher/.module.search.SearchActivity)/@0xcaf62d9 sb=Rect(0, 0 - 0, 0) eb=Rect(0, 0 - 1920, 1080) d=-1->0 r=-1->0:-1},{null m=TO_BACK f=FILLS_TASK leash=Surface(name=ActivityRecord{c796466 u0 com.dangbei.leard.leradlauncher/com.dangbei.launcher.secondary.app.AppSecondaryActivity)/@0x3a1649e sb=Rect(0, 0 - 1920, 1080) eb=Rect(0, 0 - 1920, 1080) d=0}]}
06-24 15:21:05.839 901 979 V WindowManagerShell: Delegate animation for #359 to null
06-24 15:21:05.839 901 979 V WindowManagerShell: try handler com.android.wm.shell.transition.DefaultTransitionHandler@7916d4
06-24 15:21:05.839 901 979 V WindowManagerShell: start default transition animation, info = {id=359 t=OPEN f=0x0 trk=0 r=[0@Point(0, 0)] c=[{null m=OPEN f=FILLS_TASK leash=Surface(name=ActivityRecord{1862497 u0 com.dangbei.leard.leradlauncher/.module.search.SearchActivity)/@0xcaf62d9 sb=Rect(0, 0 - 0, 0) eb=Rect(0, 0 - 1920, 1080) d=-1->0 r=-1->0:-1},{null m=TO_BACK f=FILLS_TASK leash=Surface(name=ActivityRecord{c796466 u0 com.dangbei.leard.leradlauncher/com.dangbei.launcher.secondary.app.AppSecondaryActivity)/@0x3a1649e sb=Rect(0, 0 - 1920, 1080) eb=Rect(0, 0 - 1920, 1080) d=0}]}
06-24 15:21:05.841 901 979 V WindowManagerShell: Transition animation finished (aborted=false), notifying core (#359)android.os.BinderProxy@684552@0
06-24 15:21:05.841 685 708 V WindowManager: Sent Transition #359 createdAt=06-24 15:21:05.643 via request=TransitionRequestInfo { type = 1, triggerTask = TaskInfo{userId=0 taskId=32 displayId=0 isRunning=true baseIntent=Intent { act=android.intent.action.MAIN cat=[android.intent.category.HOME] flg=0x10800100 cmp=com.dangbei.leard.leradlauncher/com.dangbei.launcher.home.LauncherActivity } baseActivity=ComponentInfo{com.dangbei.leard.leradlauncher/com.dangbei.launcher.home.LauncherActivity} topActivity=ComponentInfo{com.dangbei.leard.leradlauncher/com.dangbei.leard.leradlauncher.module.search.SearchActivity} origActivity=null realActivity=ComponentInfo{com.dangbei.leard.leradlauncher/com.dangbei.launcher.home.LauncherActivity} numActivities=3 lastActiveTime=15073550 supportsMultiWindow=true resizeMode=0 isResizeable=false minWidth=-1 minHeight=-1 defaultMinSize=220 token=WCT{RemoteToken{a5d9d8d Task{131419d #32 type=home A=1000:com.dangbei.leard.leradlauncher}}} topActivityType=2 pictureInPictureParams=null shouldDockBigOverlays=true launchIntoPipHostTaskId=-1 lastParentTaskIdBeforePip=-1 displayCutoutSafeInsets=null topActivityInfo=ActivityInfo{8a30f8f com.dangbei.leard.leradlauncher.module.search.SearchActivity} launchCookies=[] positionInParent=Point(0, 0) parentTaskId=-1 isFocused=true isVisible=true isVisibleRequested=true isSleeping=false topActivityInSizeCompat=false topActivityEligibleForLetterboxEducation= false isLetterboxDoubleTapEnabled= false topActivityEligibleForUserAspectRatioButton= false topActivityBoundsLetterboxed= false isFromLetterboxDoubleTap= false topActivityLetterboxVerticalPosition= -1 topActivityLetterboxHorizontalPosition= -1 topActivityLetterboxWidth=-1 topActivityLetterboxHeight=-1 isUserFullscreenOverrideEnabled=false isTopActivityTransparent=false locusId=null displayAreaFeatureId=1 cameraCompatControlState=hidden}, remoteTransition = null, displayChange = null, flags = 0 }
06-24 15:21:05.841 685 708 V WindowManager: startWCT=WindowContainerTransaction { changes = {} hops = [] errorCallbackToken=null taskFragmentOrganizer=null }
06-24 15:21:05.841 685 708 V WindowManager: info={id=359 t=OPEN f=0x0 trk=0 r=[0@Point(0, 0)] c=[{null m=OPEN f=FILLS_TASK leash=Surface(name=ActivityRecord{1862497 u0 com.dangbei.leard.leradlauncher/.module.search.SearchActivity)/@0xacc0469 sb=Rect(0, 0 - 0, 0) eb=Rect(0, 0 - 1920, 1080) d=-1->0 r=-1->0:-1},{null m=TO_BACK f=FILLS_TASK leash=Surface(name=ActivityRecord{c796466 u0 com.dangbei.leard.leradlauncher/com.dangbei.launcher.secondary.app.AppSecondaryActivity)/@0xef86dc0 sb=Rect(0, 0 - 1920, 1080) eb=Rect(0, 0 - 1920, 1080) d=0}]}
06-24 15:21:05.842 685 708 V WindowManager: Finish Transition #359: created at
06-24 15:21:05.643 collect-started=0.073ms request-sent=6.909ms started=9.904ms ready=25.449ms sent=192.105ms finished=198.975ms
06-24 15:21:05.845 901 979 V WindowManagerShell: Track 0 became idle
06-24 15:21:05.846 901 979 V WindowManagerShell: All active transition animations finished
06-24 15:21:05.846 901 979 V WindowManagerShell: animated by com.android.wm.shell.transition.DefaultTransitionHandler@7916d4
06-24 15:21:05.850 901 979 V WindowManagerShell: Track 0 became idle
06-24 15:21:05.850 901 979 V WindowManagerShell: All active transition animations finished
06-24 15:21:05.891 685 709 W ContextImpl: Calling a method in the system process without a qualified user: android.app.ContextImpl.startService:1899 com.android.server.wm.DisplayPolicy.lambda$focusChangedLw$5:2126 com.android.server.wm.DisplayPolicy.$r8$lambda$Znxk63oh-WzVnzo_WQefN7uxV48:0 com.android.server.wm.DisplayPolicy$$ExternalSyntheticLambda13.run:0 android.os.Handler.handleCallback:958
06-24 15:21:17.909 0 0 W : [2 T1046 ..] [SP FRAME RX] arp req,vif_idx:0 sender:[c8:bf:4c:1d:7a:99 192.168.31.1]receiver:[00:00:00:00:00:00 192.168.31.30]
06-24 15:21:17.910 0 0 W : [2 T1046 ..] [SP FRAME TX] arp rsp,vif_idx:0 sender:[1c:79:2d:20:62:cb 192.168.31.30]receiver:[c8:bf:4c:1d:7a:99 192.168.31.1]
06-24 15:21:22.010 0 0 W : [0 T1046 ..] [SP FRAME RX] arp req,vif_idx:0 sender:[28:7b:11:70:4e:e5 192.168.31.142]receiver:[00:00:00:00:00:00 192.168.31.30]
06-24 15:21:22.011 0 0 W : [0 T1046 ..] [SP FRAME TX] arp rsp,vif_idx:0 sender:[1c:79:2d:20:62:cb 192.168.31.30]receiver:[28:7b:11:70:4e:e5 192.168.31.142]
06-24 15:21:22.762 0 0 W : [1 T0 .s] [SP FRAME TX] arp req,vif_idx:0 sender:[1c:79:2d:20:62:cb 192.168.31.30]receiver:[00:00:00:00:00:00 192.168.31.142]
06-24 15:21:22.792 0 0 W : [0 T1046 ..] [SP FRAME RX] arp rsp,vif_idx:0 sender:[28:7b:11:70:4e:e5 192.168.31.142]receiver:[1c:79:2d:20:62:cb 192.168.31.30]
06-24 15:21:28.116 685 718 D ActivityManager: sync unfroze 30169 com.qq.cleaning for 3
06-24 15:21:38.167 685 780 D ActivityManager: freezing 30169 com.qq.cleaning
06-24 15:21:41.196 685 9054 V SplashScreenExceptionList: SplashScreen checking exception for package com.dangbei.leard.leradlauncher (target sdk:28) -> false
06-24 15:21:41.201 901 979 V WindowManagerShell: Transition requested: android.os.BinderProxy@f2a5395 TransitionRequestInfo { type = 1, triggerTask = TaskInfo{userId=0 taskId=128 displayId=0 isRunning=true baseIntent=Intent { flg=0x10800000 cmp=com.dangbei.leard.leradlauncher/.module.app.AppDetailActivity } baseActivity=ComponentInfo{com.dangbei.leard.leradlauncher/com.dangbei.leard.leradlauncher.module.app.AppDetailActivity} topActivity=ComponentInfo{com.dangbei.leard.leradlauncher/com.dangbei.leard.leradlauncher.module.app.AppDetailActivity} origActivity=null realActivity=ComponentInfo{com.dangbei.leard.leradlauncher/com.dangbei.leard.leradlauncher.module.app.AppDetailActivity} numActivities=1 lastActiveTime=15109100 supportsMultiWindow=true resizeMode=1 isResizeable=true minWidth=-1 minHeight=-1 defaultMinSize=220 token=WCT{android.window.IWindowContainerToken$Stub$Proxy@4bb2caa} topActivityType=1 pictureInPictureParams=null shouldDockBigOverlays=true launchIntoPipHostTaskId=-1 lastParentTaskIdBeforePip=-1 displayCutoutSafeInsets=null topActivityInfo=ActivityInfo{ca009b com.dangbei.leard.leradlauncher.module.app.AppDetailActivity} launchCookies=[] positionInParent=Point(0, 0) parentTaskId=-1 isFocused=false isVisible=false isVisibleRequested=false isSleeping=false topActivityInSizeCompat=false topActivityEligibleForLetterboxEducation= false isLetterboxDoubleTapEnabled= false topActivityEligibleForUserAspectRatioButton= false topActivityBoundsLetterboxed= false isFromLetterboxDoubleTap= false topActivityLetterboxVerticalPosition= -1 topActivityLetterboxHorizontalPosition= -1 topActivityLetterboxWidth=-1 topActivityLetterboxHeight=-1 isUserFullscreenOverrideEnabled=false isTopActivityTransparent=false locusId=null displayAreaFeatureId=1 cameraCompatControlState=hidden}, remoteTransition = null, displayChange = null, flags = 0 }
06-24 15:21:41.202 685 9054 I ActivityTaskManager: START u0 {cmp=com.dangbei.leard.leradlauncher/.module.app.AppDetailActivity (has extras)} with LAUNCH_SINGLE_TASK from uid 1000 (BAL_ALLOW_ALLOWLISTED_UID) result code=0
06-24 15:21:41.210 685 12511 V WindowManager: app ------------- force_land :0
06-24 15:21:41.224 685 711 W ProcessStats: Tracking association SourceState{2ed2a5c system/1000 ImpFg #7387} whose proc state 5 is better than process ProcessState{9231bd0 com.android.permissioncontroller/10074 pkg=com.android.permissioncontroller} proc state 15 (5 skipped)
06-24 15:21:41.266 685 959 W WindowManager: Failed looking up window session=Session{e396e2b 1423:1000} callers=com.android.server.wm.WindowManagerService.windowForClientLocked:6077 com.android.server.wm.Session.updateRequestedVisibleTypes:695 android.view.IWindowSession$Stub.onTransact:1034
06-24 15:21:41.267 685 959 W WindowManager: [addWindow] title:com.dangbei.leard.leradlauncher/com.dangbei.leard.leradlauncher.module.app.AppDetailActivity
06-24 15:21:41.280 685 959 D CoreBackPreview: Window{c3f816f u0 com.dangbei.leard.leradlauncher/com.dangbei.leard.leradlauncher.module.app.AppDetailActivity}: Setting back callback OnBackInvokedCallbackInfo{mCallback=android.window.IOnBackInvokedCallback$Stub$Proxy@402f305, mPriority=0, mIsAnimationCallback=false}
06-24 15:21:41.317 901 979 D WindowManagerShell: TvPipController: onTaskStackChanged()
06-24 15:21:41.352 685 708 V WindowManager: Sent Transition #360 createdAt=06-24 15:21:41.188 via request=TransitionRequestInfo { type = 1, triggerTask = TaskInfo{userId=0 taskId=128 displayId=0 isRunning=true baseIntent=Intent { flg=0x10800000 cmp=com.dangbei.leard.leradlauncher/.module.app.AppDetailActivity } baseActivity=ComponentInfo{com.dangbei.leard.leradlauncher/com.dangbei.leard.leradlauncher.module.app.AppDetailActivity} topActivity=ComponentInfo{com.dangbei.leard.leradlauncher/com.dangbei.leard.leradlauncher.module.app.AppDetailActivity} origActivity=null realActivity=ComponentInfo{com.dangbei.leard.leradlauncher/com.dangbei.leard.leradlauncher.module.app.AppDetailActivity} numActivities=1 lastActiveTime=15109100 supportsMultiWindow=true resizeMode=1 isResizeable=true minWidth=-1 minHeight=-1 defaultMinSize=220 token=WCT{RemoteToken{102a668 Task{11c7d50 #128 type=standard A=1000:search.app.task}}} topActivityType=1 pictureInPictureParams=null shouldDockBigOverlays=true launchIntoPipHostTaskId=-1 lastParentTaskIdBeforePip=-1 displayCutoutSafeInsets=null topActivityInfo=ActivityInfo{944ba81 com.dangbei.leard.leradlauncher.module.app.AppDetailActivity} launchCookies=[] positionInParent=Point(0, 0) parentTaskId=-1 isFocused=false isVisible=false isVisibleRequested=false isSleeping=false topActivityInSizeCompat=false topActivityEligibleForLetterboxEducation= false isLetterboxDoubleTapEnabled= false topActivityEligibleForUserAspectRatioButton= false topActivityBoundsLetterboxed= false isFromLetterboxDoubleTap= false topActivityLetterboxVerticalPosition= -1 topActivityLetterboxHorizontalPosition= -1 topActivityLetterboxWidth=-1 topActivityLetterboxHeight=-1 isUserFullscreenOverrideEnabled=false isTopActivityTransparent=false locusId=null displayAreaFeatureId=1 cameraCompatControlState=hidden}, remoteTransition = null, displayChange = null, flags = 0 }
06-24 15:21:41.352 685 708 V WindowManager: startWCT=WindowContainerTransaction { changes = {} hops = [] errorCallbackToken=null taskFragmentOrganizer=null }
06-24 15:21:41.352 685 708 V WindowManager: info={id=360 t=OPEN f=0x0 trk=0 r=[0@Point(0, 0)] c=[{WCT{RemoteToken{102a668 Task{11c7d50 #128 type=standard A=1000:search.app.task}}} m=OPEN f=NONE leash=Surface(name=Task=128)/@0x62b2f5a sb=Rect(0, 0 - 1920, 1080) eb=Rect(0, 0 - 1920, 1080) d=0},{WCT{RemoteToken{30b1e82 Task{4d21fd0 #1 type=home}}} m=TO_BACK f=NONE leash=Surface(name=Task=1)/@0x54f0375 sb=Rect(0, 0 - 1920, 1080) eb=Rect(0, 0 - 1920, 1080) d=0}]}
06-24 15:21:41.353 901 979 V WindowManagerShell: onTransitionReady android.os.BinderProxy@f2a5395: {id=360 t=OPEN f=0x0 trk=0 r=[0@Point(0, 0)] c=[{WCT{android.window.IWindowContainerToken$Stub$Proxy@7be0b77} m=OPEN f=NONE leash=Surface(name=Task=128)/@0x513ac38 sb=Rect(0, 0 - 1920, 1080) eb=Rect(0, 0 - 1920, 1080) d=0},{WCT{android.window.IWindowContainerToken$Stub$Proxy@87353e4} m=TO_BACK f=NONE leash=Surface(name=Task=1)/@0x3299411 sb=Rect(0, 0 - 1920, 1080) eb=Rect(0, 0 - 1920, 1080) d=0}]}
06-24 15:21:41.353 901 979 V WindowManagerShell: Playing animation for (#360)android.os.BinderProxy@f2a5395@0
06-24 15:21:41.353 901 979 V WindowManagerShell: try handler com.android.wm.shell.keyguard.KeyguardTransitionHandler@24e2028
06-24 15:21:41.353 901 979 V WindowManagerShell: try handler com.android.wm.shell.pip.tv.TvPipTransition@1141
06-24 15:21:41.353 901 979 V WindowManagerShell: try handler com.android.wm.shell.activityembedding.ActivityEmbeddingController@e8f56e6
06-24 15:21:41.353 901 979 V WindowManagerShell: try handler com.android.wm.shell.transition.RemoteTransitionHandler@b664427
06-24 15:21:41.353 901 979 V WindowManagerShell: Transition doesn't have explicit remote, search filters for match for {id=360 t=OPEN f=0x0 trk=0 r=[0@Point(0, 0)] c=[{WCT{android.window.IWindowContainerToken$Stub$Proxy@7be0b77} m=OPEN f=NONE leash=Surface(name=Task=128)/@0x513ac38 sb=Rect(0, 0 - 1920, 1080) eb=Rect(0, 0 - 1920, 1080) d=0},{WCT{android.window.IWindowContainerToken$Stub$Proxy@87353e4} m=TO_BACK f=NONE leash=Surface(name=Task=1)/@0x3299411 sb=Rect(0, 0 - 1920, 1080) eb=Rect(0, 0 - 1920, 1080) d=0}]}
06-24 15:21:41.353 901 979 V WindowManagerShell: Delegate animation for #360 to null
06-24 15:21:41.353 901 979 V WindowManagerShell: try handler com.android.wm.shell.transition.DefaultTransitionHandler@7916d4
06-24 15:21:41.353 901 979 V WindowManagerShell: start default transition animation, info = {id=360 t=OPEN f=0x0 trk=0 r=[0@Point(0, 0)] c=[{WCT{android.window.IWindowContainerToken$Stub$Proxy@7be0b77} m=OPEN f=NONE leash=Surface(name=Task=128)/@0x513ac38 sb=Rect(0, 0 - 1920, 1080) eb=Rect(0, 0 - 1920, 1080) d=0},{WCT{android.window.IWindowContainerToken$Stub$Proxy@87353e4} m=TO_BACK f=NONE leash=Surface(name=Task=1)/@0x3299411 sb=Rect(0, 0 - 1920, 1080) eb=Rect(0, 0 - 1920, 1080) d=0}]}
06-24 15:21:41.354 901 979 V WindowManagerShell: loadAnimation: anim=android.view.animation.AlphaAnimation@302604d animAttr=0x9 type=OPEN isEntrance=false
06-24 15:21:41.354 901 979 V WindowManagerShell: loadAnimation: anim=android.view.animation.AlphaAnimation@9e8a702 animAttr=0x8 type=OPEN isEntrance=true
06-24 15:21:41.356 901 979 V WindowManagerShell: animated by com.android.wm.shell.transition.DefaultTransitionHandler@7916d4
06-24 15:21:41.385 685 709 W ContextImpl: Calling a method in the system process without a qualified user: android.app.ContextImpl.startService:1899 com.android.server.wm.DisplayPolicy.lambda$focusChangedLw$5:2126 com.android.server.wm.DisplayPolicy.$r8$lambda$Znxk63oh-WzVnzo_WQefN7uxV48:0 com.android.server.wm.DisplayPolicy$$ExternalSyntheticLambda13.run:0 android.os.Handler.handleCallback:958
06-24 15:21:41.765 901 979 V WindowManagerShell: Transition animation finished (aborted=false), notifying core (#360)android.os.BinderProxy@f2a5395@0
06-24 15:21:41.768 685 708 V WindowManager: Finish Transition #360: created at
06-24 15:21:41.188 collect-started=0.094ms request-sent=11.877ms started=15.725ms ready=25.207ms sent=159.758ms finished=579.278ms
06-24 15:21:41.771 901 979 V WindowManagerShell: Track 0 became idle
06-24 15:21:41.771 901 979 V WindowManagerShell: All active transition animations finished
06-24 15:21:45.622 0 0 W : [2 T1041 ..] traffic busy!!
06-24 15:21:46.615 0 0 W : [3 T1046 ..] [SP FRAME RX] arp req,vif_idx:0 sender:[c8:bf:4c:1d:7a:99 192.168.31.1]receiver:[00:00:00:00:00:00 192.168.31.30]
06-24 15:21:46.616 0 0 W : [3 T1046 ..] [SP FRAME TX] arp rsp,vif_idx:0 sender:[1c:79:2d:20:62:cb 192.168.31.30]receiver:[c8:bf:4c:1d:7a:99 192.168.31.1]
06-24 15:21:54.635 0 0 W : [3 T1041 ..] traffic idle!!
06-24 15:21:54.762 0 0 W : [0 T0 .s] [SP FRAME TX] arp req,vif_idx:0 sender:[1c:79:2d:20:62:cb 192.168.31.30]receiver:[00:00:00:00:00:00 192.168.31.142]
06-24 15:21:54.780 0 0 W : [1 T1046 ..] [SP FRAME RX] arp req,vif_idx:0 sender:[28:7b:11:70:4e:e5 192.168.31.142]receiver:[00:00:00:00:00:00 192.168.31.30]
06-24 15:21:54.781 0 0 W : [1 T1046 ..] [SP FRAME TX] arp rsp,vif_idx:0 sender:[1c:79:2d:20:62:cb 192.168.31.30]receiver:[28:7b:11:70:4e:e5 192.168.31.142]
06-24 15:21:54.792 0 0 W : [1 T1046 ..] [SP FRAME RX] arp rsp,vif_idx:0 sender:[28:7b:11:70:4e:e5 192.168.31.142]receiver:[1c:79:2d:20:62:cb 192.168.31.30]
06-24 15:21:55.081 685 795 W RuleEvaluation: Integrity rule files are not available.
06-24 15:21:55.081 685 741 I PackageManager: Integrity check passed for file:///data/app/vmdl201149510.tmp
06-24 15:21:55.182 685 741 I PermissionManager: Permission ownership changed. Updating all permissions.
06-24 15:21:55.185 685 741 W PermissionManager: Package com.android.adservices.api is an APK in APEX, but has permission allowlist on the system image. Please bundle the allowlist in the com.android.adservices APEX instead.
06-24 15:21:55.266 685 741 W PermissionManager: Package com.android.providers.media.module is an APK in APEX, but has permission allowlist on the system image. Please bundle the allowlist in the com.android.mediaprovider APEX instead.
06-24 15:21:55.266 685 741 W PermissionManager: Package com.android.providers.media.module is an APK in APEX, but has permission allowlist on the system image. Please bundle the allowlist in the com.android.mediaprovider APEX instead.
06-24 15:21:55.267 685 741 W PermissionManager: Package com.android.providers.media.module is an APK in APEX, but has permission allowlist on the system image. Please bundle the allowlist in the com.android.mediaprovider APEX instead.
06-24 15:21:55.267 685 741 W PermissionManager: Package com.android.providers.media.module is an APK in APEX, but has permission allowlist on the system image. Please bundle the allowlist in the com.android.mediaprovider APEX instead.
06-24 15:21:55.267 685 741 W PermissionManager: Package com.android.providers.media.module is an APK in APEX, but has permission allowlist on the system image. Please bundle the allowlist in the com.android.mediaprovider APEX instead.
06-24 15:21:55.267 685 741 W PermissionManager: Package com.android.providers.media.module is an APK in APEX, but has permission allowlist on the system image. Please bundle the allowlist in the com.android.mediaprovider APEX instead.
06-24 15:21:55.267 685 741 W PermissionManager: Package com.android.providers.media.module is an APK in APEX, but has permission allowlist on the system image. Please bundle the allowlist in the com.android.mediaprovider APEX instead.
06-24 15:21:55.267 685 741 W PermissionManager: Package com.android.providers.media.module is an APK in APEX, but has permission allowlist on the system image. Please bundle the allowlist in the com.android.mediaprovider APEX instead.
06-24 15:21:55.267 685 741 W PermissionManager: Package com.android.providers.media.module is an APK in APEX, but has permission allowlist on the system image. Please bundle the allowlist in the com.android.mediaprovider APEX instead.
06-24 15:21:55.267 685 741 W PermissionManager: Package com.android.providers.media.module is an APK in APEX, but has permission allowlist on the system image. Please bundle the allowlist in the com.android.mediaprovider APEX instead.
06-24 15:21:55.267 685 741 W PermissionManager: Package com.android.providers.media.module is an APK in APEX, but has permission allowlist on the system image. Please bundle the allowlist in the com.android.mediaprovider APEX instead.
06-24 15:21:55.267 685 741 W PermissionManager: Package com.android.providers.media.module is an APK in APEX, but has permission allowlist on the system image. Please bundle the allowlist in the com.android.mediaprovider APEX instead.
06-24 15:21:55.267 685 741 W PermissionManager: Package com.android.providers.media.module is an APK in APEX, but has permission allowlist on the system image. Please bundle the allowlist in the com.android.mediaprovider APEX instead.
06-24 15:21:55.374 0 0 I [2 T2406 ..] logd: start watching /data/system/packages.list ...
06-24 15:21:55.376 0 0 I [2 T2406 ..] logd: ReadPackageList, total packages: 104
06-24 15:21:55.364 685 741 D PackageManager: Instant App installer not found with android.intent.action.INSTALL_INSTANT_APP_PACKAGE
06-24 15:21:55.364 685 741 D PackageManager: Clear ephemeral installer activity
06-24 15:21:55.368 685 708 V StorageManagerService: Package null has legacy storage
06-24 15:21:55.399 0 0 I [0 T216 ..] servicemanager: Since 'artd' could not be found, trying to start it as a lazy AIDL service. (if it's not configured to be a lazy service, it may be stuck starting or still starting).
06-24 15:21:55.443 0 0 I [1 T216 ..] BpBinder: onLastStrongRef automatically unlinking death recipients:
06-24 15:21:55.445 0 0 I [1 T216 ..] servicemanager: Notifying artd they do (previously: don't) have clients when service is guaranteed to be in use
06-24 15:21:58.650 685 741 V BackupManagerService: [UserID:0] restoreAtInstall pkg=com.baidu.netdisk.tv token=16 restoreSet=0
06-24 15:21:58.651 685 741 V BackupManagerService: [UserID:0] Finishing install immediately
06-24 15:21:58.652 685 741 I AppsFilter: interaction: PackageSetting{db01aa1 com.dangbei.hqguide/10029} -> PackageSetting{968e15 com.baidu.netdisk.tv/10098} BLOCKED
06-24 15:21:58.671 685 741 D PackageInstallerSession: Marking session 201149510 as applied
06-24 15:21:58.677 685 741 D CompatibilityChangeReporter: Compat change id reported: 168419799; UID 10098; state: DISABLED
06-24 15:21:58.677 685 741 D CompatibilityChangeReporter: Compat change id reported: 273564678; UID 10098; state: DISABLED
06-24 15:21:58.707 685 685 D TransparencyService: Not an update. Skipping...
06-24 15:21:58.724 1423 1423 W ContextImpl: Calling a method in the system process without a qualified user: android.app.ContextImpl.startActivity:1102 android.content.ContextWrapper.startActivity:436 ie.b.f:119 ie.a.b:75 ge.a.c:71
06-24 15:21:58.725 1423 1423 W ContextImpl: Calling a method in the system process without a qualified user: android.app.ContextImpl.startActivity:1114 android.app.ContextImpl.startActivity:1103 android.content.ContextWrapper.startActivity:436 ie.b.f:119 ie.a.b:75
06-24 15:21:58.725 685 959 D CompatibilityChangeReporter: Compat change id reported: 128611929; UID 10097; state: DISABLED
06-24 15:21:58.729 685 701 D CompatibilityChangeReporter: Compat change id reported: 265464455; UID 10098; state: DISABLED
06-24 15:21:58.730 685 701 D CompatibilityChangeReporter: Compat change id reported: 265452344; UID 10098; state: DISABLED
06-24 15:21:58.730 685 701 D CompatibilityChangeReporter: Compat change id reported: 266124927; UID 10098; state: DISABLED
06-24 15:21:58.730 685 701 D CompatibilityChangeReporter: Compat change id reported: 265451093; UID 10098; state: DISABLED
06-24 15:21:58.730 685 701 D CompatibilityChangeReporter: Compat change id reported: 265456536; UID 10098; state: DISABLED
06-24 15:21:58.731 685 701 D CompatibilityChangeReporter: Compat change id reported: 255940284; UID 10098; state: DISABLED
06-24 15:21:58.731 685 701 D CompatibilityChangeReporter: Compat change id reported: 236283604; UID 10098; state: DISABLED
06-24 15:21:58.731 685 701 D CompatibilityChangeReporter: Compat change id reported: 263959004; UID 10098; state: DISABLED
06-24 15:21:58.731 685 701 D CompatibilityChangeReporter: Compat change id reported: 264304459; UID 10098; state: DISABLED
06-24 15:21:58.731 685 701 D CompatibilityChangeReporter: Compat change id reported: 264301586; UID 10098; state: DISABLED
06-24 15:21:58.731 685 701 D CompatibilityChangeReporter: Compat change id reported: 254631730; UID 10098; state: DISABLED
06-24 15:21:58.731 685 701 D CompatibilityChangeReporter: Compat change id reported: 273509367; UID 10098; state: DISABLED
06-24 15:21:58.732 685 701 D CompatibilityChangeReporter: Compat change id reported: 263259275; UID 10098; state: DISABLED
06-24 15:21:58.732 685 701 D CompatibilityChangeReporter: Compat change id reported: 174042980; UID 10098; state: DISABLED
06-24 15:21:58.732 685 701 D CompatibilityChangeReporter: Compat change id reported: 174042936; UID 10098; state: DISABLED
06-24 15:21:58.732 685 701 D CompatibilityChangeReporter: Compat change id reported: 181136395; UID 10098; state: DISABLED
06-24 15:21:58.743 685 701 D CompatibilityChangeReporter: Compat change id reported: 194480991; UID 10098; state: ENABLED
06-24 15:21:58.746 685 1083 W WindowManager: [addWindow] title:Toast
06-24 15:21:58.748 685 685 V BackupManagerConstants: getKeyValueBackupIntervalMilliseconds(...) returns 14400000
06-24 15:21:58.748 685 685 V BackupManagerConstants: getKeyValueBackupFuzzMilliseconds(...) returns 600000
06-24 15:21:58.748 685 685 V BackupManagerConstants: getKeyValueBackupRequiredNetworkType(...) returns 1
06-24 15:21:58.749 685 685 V BackupManagerConstants: getKeyValueBackupRequireCharging(...) returns true
06-24 15:21:58.749 685 685 V KeyValueBackupJob: Scheduling k/v pass in 243 minutes
06-24 15:21:58.752 685 701 D CompatibilityChangeReporter: Compat change id reported: 184838306; UID 10098; state: DISABLED
06-24 15:21:58.752 685 701 D CompatibilityChangeReporter: Compat change id reported: 185004937; UID 10098; state: DISABLED
06-24 15:21:58.754 685 701 D CompatibilityChangeReporter: Compat change id reported: 197654537; UID 10098; state: DISABLED
06-24 15:21:58.756 685 701 V SplashScreenExceptionList: SplashScreen checking exception for package com.baidu.netdisk.tv (target sdk:26) -> false
06-24 15:21:58.756 685 701 D CompatibilityChangeReporter: Compat change id reported: 205907456; UID 10098; state: DISABLED
06-24 15:21:58.765 685 701 D CompatibilityChangeReporter: Compat change id reported: 194833441; UID 10098; state: DISABLED
06-24 15:21:58.766 685 701 I ActivityTaskManager: START u0 {act=android.intent.action.MAIN cat=[android.intent.category.LAUNCHER] flg=0x10000000 pkg=com.baidu.netdisk.tv cmp=com.baidu.netdisk.tv/com.baidu.netdisk.welcome.agreement.AgreementActivity} with LAUNCH_MULTIPLE from uid 1000 (BAL_ALLOW_ALLOWLISTED_UID) result code=0
06-24 15:21:58.769 901 979 V WindowManagerShell: Transition requested: android.os.BinderProxy@1e33b7c TransitionRequestInfo { type = 1, triggerTask = TaskInfo{userId=0 taskId=129 displayId=0 isRunning=true baseIntent=Intent { act=android.intent.action.MAIN cat=[android.intent.category.LAUNCHER] flg=0x10000000 pkg=com.baidu.netdisk.tv cmp=com.baidu.netdisk.tv/com.baidu.netdisk.welcome.agreement.AgreementActivity } baseActivity=ComponentInfo{com.baidu.netdisk.tv/com.baidu.netdisk.welcome.agreement.AgreementActivity} topActivity=ComponentInfo{com.baidu.netdisk.tv/com.baidu.netdisk.welcome.agreement.AgreementActivity} origActivity=null realActivity=ComponentInfo{com.baidu.netdisk.tv/com.baidu.netdisk.welcome.agreement.AgreementActivity} numActivities=1 lastActiveTime=15126665 supportsMultiWindow=true resizeMode=2 isResizeable=true minWidth=-1 minHeight=-1 defaultMinSize=220 token=WCT{android.window.IWindowContainerToken$Stub$Proxy@7c84c05} topActivityType=1 pictureInPictureParams=null shouldDockBigOverlays=true launchIntoPipHostTaskId=-1 lastParentTaskIdBeforePip=-1 displayCutoutSafeInsets=null topActivityInfo=ActivityInfo{850145a com.baidu.netdisk.welcome.agreement.AgreementActivity} launchCookies=[] positionInParent=Point(0, 0) parentTaskId=-1 isFocused=false isVisible=false isVisibleRequested=false isSleeping=false topActivityInSizeCompat=false topActivityEligibleForLetterboxEducation= false isLetterboxDoubleTapEnabled= false topActivityEligibleForUserAspectRatioButton= false topActivityBoundsLetterboxed= false isFromLetterboxDoubleTap= false topActivityLetterboxVerticalPosition= -1 topActivityLetterboxHorizontalPosition= -1 topActivityLetterboxWidth=-1 topActivityLetterboxHeight=-1 isUserFullscreenOverrideEnabled=false isTopActivityTransparent=false locusId=null displayAreaFeatureId=1 cameraCompatControlState=hidden}, remoteTransition = null, displayChange = null, flags = 0 }
06-24 15:21:58.793 685 781 W ProcessStats: Tracking association SourceState{7fd32cc system/1000 ImpFg #7402} whose proc state 5 is better than process ProcessState{9231bd0 com.android.permissioncontroller/10074 pkg=com.android.permissioncontroller} proc state 15 (2 skipped)
06-24 15:21:58.794 685 711 D CompatibilityChangeReporter: Compat change id reported: 135634846; UID 10098; state: DISABLED
06-24 15:21:58.796 685 719 D CompatibilityChangeReporter: Compat change id reported: 143937733; UID 10098; state: DISABLED
06-24 15:21:58.804 685 763 D CompatibilityChangeReporter: Compat change id reported: 265195908; UID 10098; state: ENABLED
06-24 15:21:58.808 685 685 W Looper : Slow dispatch took 100ms main h=android.app.ActivityThread$H c=android.app.LoadedApk$ReceiverDispatcher$Args$$ExternalSyntheticLambda0@901491d m=0
06-24 15:21:58.809 685 685 I AppsFilter: interaction: PackageSetting{3412792 com.dangbei.hqguide/10029} -> PackageSetting{9b88563 com.baidu.netdisk.tv/10098} BLOCKED
06-24 15:21:58.825 685 763 D CompatibilityChangeReporter: Compat change id reported: 218533173; UID 10098; state: DISABLED
06-24 15:21:58.825 685 763 D CompatibilityChangeReporter: Compat change id reported: 262645982; UID 10098; state: DISABLED
06-24 15:21:58.847 685 717 W TextServicesManagerService: no available spell checker services found
06-24 15:21:58.854 685 719 W ActivityManager: Slow operation: 60ms so far, now at startProcess: returned from zygote!
06-24 15:21:58.854 685 718 D ActivityManager: sync unfroze 2025 com.android.providers.tv for 3
06-24 15:21:58.857 685 719 W ActivityManager: Slow operation: 64ms so far, now at startProcess: done updating battery stats
06-24 15:21:58.858 685 719 W ActivityManager: Slow operation: 64ms so far, now at startProcess: building log message
06-24 15:21:58.858 685 719 I ActivityManager: Start proc 4118:com.baidu.netdisk.tv/u0a98 for next-top-activity {com.baidu.netdisk.tv/com.baidu.netdisk.welcome.agreement.AgreementActivity}
06-24 15:21:58.858 685 719 W ActivityManager: Slow operation: 64ms so far, now at startProcess: starting to update pids map
06-24 15:21:58.858 685 719 W ActivityManager: Slow operation: 64ms so far, now at startProcess: done updating pids map
06-24 15:21:58.864 685 1076 D CoreBackPreview: Window{f97a7d1 u0 Toast}: Setting back callback OnBackInvokedCallbackInfo{mCallback=android.window.IOnBackInvokedCallback$Stub$Proxy@5a1bdaa, mPriority=0, mIsAnimationCallback=false}
06-24 15:21:58.880 901 979 D WindowManagerShell: TvPipController: onTaskStackChanged()
06-24 15:21:58.918 685 717 W VoiceInteractionManager: no available voice recognition services found for user 0
06-24 15:21:58.941 685 717 W TextServicesManagerService: no available spell checker services found
06-24 15:21:58.959 685 717 W VoiceInteractionManager: no available voice recognition services found for user 0
06-24 15:21:58.979 685 12511 D CompatibilityChangeReporter: Compat change id reported: 170503758; UID 10098; state: DISABLED
06-24 15:21:59.092 685 1083 D CompatibilityChangeReporter: Compat change id reported: 161145287; UID 10098; state: DISABLED
06-24 15:21:59.122 685 12511 D CompatibilityChangeReporter: Compat change id reported: 149924527; UID 10098; state: ENABLED
06-24 15:21:59.123 685 12511 D CompatibilityChangeReporter: Compat change id reported: 132649864; UID 10098; state: DISABLED
06-24 15:21:59.188 685 718 D ActivityManager: sync unfroze 30169 com.qq.cleaning for 3
06-24 15:21:59.446 685 701 W UriGrantsManagerService: No permission grants found for com.baidu.netdisk.tv
06-24 15:21:59.473 685 9054 D PackageManager: Instant App installer not found with android.intent.action.INSTALL_INSTANT_APP_PACKAGE
06-24 15:21:59.473 685 9054 D PackageManager: Clear ephemeral installer activity
06-24 15:21:59.476 685 9054 D PackageManager: Instant App installer not found with android.intent.action.INSTALL_INSTANT_APP_PACKAGE
06-24 15:21:59.477 685 9054 D PackageManager: Clear ephemeral installer activity
06-24 15:21:59.480 685 9054 D PackageManager: Instant App installer not found with android.intent.action.INSTALL_INSTANT_APP_PACKAGE
06-24 15:21:59.481 685 9054 D PackageManager: Clear ephemeral installer activity
06-24 15:21:59.482 685 9054 D PackageManager: Instant App installer not found with android.intent.action.INSTALL_INSTANT_APP_PACKAGE
06-24 15:21:59.482 685 9054 D PackageManager: Clear ephemeral installer activity
06-24 15:21:59.484 685 9054 D PackageManager: Instant App installer not found with android.intent.action.INSTALL_INSTANT_APP_PACKAGE
06-24 15:21:59.484 685 9054 D PackageManager: Clear ephemeral installer activity
06-24 15:21:59.486 685 9054 D PackageManager: Instant App installer not found with android.intent.action.INSTALL_INSTANT_APP_PACKAGE
06-24 15:21:59.486 685 9054 D PackageManager: Clear ephemeral installer activity
06-24 15:21:59.488 685 9054 D PackageManager: Instant App installer not found with android.intent.action.INSTALL_INSTANT_APP_PACKAGE
06-24 15:21:59.488 685 9054 D PackageManager: Clear ephemeral installer activity
06-24 15:21:59.489 685 9054 D PackageManager: Instant App installer not found with android.intent.action.INSTALL_INSTANT_APP_PACKAGE
06-24 15:21:59.490 685 9054 D PackageManager: Clear ephemeral installer activity
06-24 15:21:59.492 685 9054 D PackageManager: Instant App installer not found with android.intent.action.INSTALL_INSTANT_APP_PACKAGE
06-24 15:21:59.492 685 9054 D PackageManager: Clear ephemeral installer activity
06-24 15:21:59.494 685 9054 D PackageManager: Instant App installer not found with android.intent.action.INSTALL_INSTANT_APP_PACKAGE
06-24 15:21:59.494 685 9054 D PackageManager: Clear ephemeral installer activity
06-24 15:21:59.496 685 9054 D PackageManager: Instant App installer not found with android.intent.action.INSTALL_INSTANT_APP_PACKAGE
06-24 15:21:59.496 685 9054 D PackageManager: Clear ephemeral installer activity
06-24 15:21:59.498 685 9054 D PackageManager: Instant App installer not found with android.intent.action.INSTALL_INSTANT_APP_PACKAGE
06-24 15:21:59.498 685 9054 D PackageManager: Clear ephemeral installer activity
06-24 15:21:59.499 685 9054 D PackageManager: Instant App installer not found with android.intent.action.INSTALL_INSTANT_APP_PACKAGE
06-24 15:21:59.499 685 9054 D PackageManager: Clear ephemeral installer activity
06-24 15:21:59.503 685 12511 D PackageManager: Instant App installer not found with android.intent.action.INSTALL_INSTANT_APP_PACKAGE
06-24 15:21:59.503 685 12511 D PackageManager: Clear ephemeral installer activity
06-24 15:21:59.510 685 701 D PackageManager: Instant App installer not found with android.intent.action.INSTALL_INSTANT_APP_PACKAGE
06-24 15:21:59.510 685 701 D PackageManager: Clear ephemeral installer activity
06-24 15:21:59.514 685 9054 D PackageManager: Instant App installer not found with android.intent.action.INSTALL_INSTANT_APP_PACKAGE
06-24 15:21:59.515 685 9054 D PackageManager: Clear ephemeral installer activity
06-24 15:21:59.520 685 701 D PackageManager: Instant App installer not found with android.intent.action.INSTALL_INSTANT_APP_PACKAGE
06-24 15:21:59.520 685 701 D PackageManager: Clear ephemeral installer activity
06-24 15:21:59.522 685 9054 D PackageManager: Instant App installer not found with android.intent.action.INSTALL_INSTANT_APP_PACKAGE
06-24 15:21:59.522 685 9054 D PackageManager: Clear ephemeral installer activity
06-24 15:21:59.524 685 9054 D PackageManager: Instant App installer not found with android.intent.action.INSTALL_INSTANT_APP_PACKAGE
06-24 15:21:59.524 685 9054 D PackageManager: Clear ephemeral installer activity
06-24 15:21:59.525 685 9054 D PackageManager: Instant App installer not found with android.intent.action.INSTALL_INSTANT_APP_PACKAGE
06-24 15:21:59.525 685 9054 D PackageManager: Clear ephemeral installer activity
06-24 15:21:59.529 685 9054 D PackageManager: Instant App installer not found with android.intent.action.INSTALL_INSTANT_APP_PACKAGE
06-24 15:21:59.529 685 9054 D PackageManager: Clear ephemeral installer activity
06-24 15:21:59.531 685 12511 D PackageManager: Instant App installer not found with android.intent.action.INSTALL_INSTANT_APP_PACKAGE
06-24 15:21:59.531 685 12511 D PackageManager: Clear ephemeral installer activity
06-24 15:21:59.532 685 12511 D PackageManager: Instant App installer not found with android.intent.action.INSTALL_INSTANT_APP_PACKAGE
06-24 15:21:59.532 685 12511 D PackageManager: Clear ephemeral installer activity
06-24 15:21:59.535 685 12511 D PackageManager: Instant App installer not found with android.intent.action.INSTALL_INSTANT_APP_PACKAGE
06-24 15:21:59.535 685 12511 D PackageManager: Clear ephemeral installer activity
06-24 15:21:59.537 685 12511 D PackageManager: Instant App installer not found with android.intent.action.INSTALL_INSTANT_APP_PACKAGE
06-24 15:21:59.537 685 12511 D PackageManager: Clear ephemeral installer activity
06-24 15:21:59.539 685 12511 D PackageManager: Instant App installer not found with android.intent.action.INSTALL_INSTANT_APP_PACKAGE
06-24 15:21:59.539 685 12511 D PackageManager: Clear ephemeral installer activity
06-24 15:21:59.541 685 12511 D PackageManager: Instant App installer not found with android.intent.action.INSTALL_INSTANT_APP_PACKAGE
06-24 15:21:59.541 685 12511 D PackageManager: Clear ephemeral installer activity
06-24 15:21:59.543 685 9054 D PackageManager: Instant App installer not found with android.intent.action.INSTALL_INSTANT_APP_PACKAGE
06-24 15:21:59.543 685 9054 D PackageManager: Clear ephemeral installer activity
06-24 15:21:59.544 685 9054 D PackageManager: Instant App installer not found with android.intent.action.INSTALL_INSTANT_APP_PACKAGE
06-24 15:21:59.544 685 9054 D PackageManager: Clear ephemeral installer activity
06-24 15:21:59.546 685 9054 D PackageManager: Instant App installer not found with android.intent.action.INSTALL_INSTANT_APP_PACKAGE
06-24 15:21:59.546 685 9054 D PackageManager: Clear ephemeral installer activity
06-24 15:21:59.548 685 9054 D PackageManager: Instant App installer not found with android.intent.action.INSTALL_INSTANT_APP_PACKAGE
06-24 15:21:59.548 685 9054 D PackageManager: Clear ephemeral installer activity
06-24 15:21:59.550 685 9054 D PackageManager: Instant App installer not found with android.intent.action.INSTALL_INSTANT_APP_PACKAGE
06-24 15:21:59.550 685 9054 D PackageManager: Clear ephemeral installer activity
06-24 15:21:59.551 685 9054 D PackageManager: Instant App installer not found with android.intent.action.INSTALL_INSTANT_APP_PACKAGE
06-24 15:21:59.552 685 9054 D PackageManager: Clear ephemeral installer activity
06-24 15:21:59.554 685 9054 D PackageManager: Instant App installer not found with android.intent.action.INSTALL_INSTANT_APP_PACKAGE
06-24 15:21:59.554 685 9054 D PackageManager: Clear ephemeral installer activity
06-24 15:21:59.557 685 9054 D PackageManager: Instant App installer not found with android.intent.action.INSTALL_INSTANT_APP_PACKAGE
06-24 15:21:59.557 685 9054 D PackageManager: Clear ephemeral installer activity
06-24 15:21:59.558 685 9054 D PackageManager: Instant App installer not found with android.intent.action.INSTALL_INSTANT_APP_PACKAGE
06-24 15:21:59.558 685 9054 D PackageManager: Clear ephemeral installer activity
06-24 15:21:59.560 685 9054 D PackageManager: Instant App installer not found with android.intent.action.INSTALL_INSTANT_APP_PACKAGE
06-24 15:21:59.561 685 9054 D PackageManager: Clear ephemeral installer activity
06-24 15:21:59.562 685 9054 D PackageManager: Instant App installer not found with android.intent.action.INSTALL_INSTANT_APP_PACKAGE
06-24 15:21:59.562 685 9054 D PackageManager: Clear ephemeral installer activity
06-24 15:21:59.564 685 9054 D PackageManager: Instant App installer not found with android.intent.action.INSTALL_INSTANT_APP_PACKAGE
06-24 15:21:59.564 685 9054 D PackageManager: Clear ephemeral installer activity
06-24 15:21:59.566 685 9054 D PackageManager: Instant App installer not found with android.intent.action.INSTALL_INSTANT_APP_PACKAGE
06-24 15:21:59.566 685 9054 D PackageManager: Clear ephemeral installer activity
06-24 15:21:59.569 685 9054 D PackageManager: Instant App installer not found with android.intent.action.INSTALL_INSTANT_APP_PACKAGE
06-24 15:21:59.569 685 9054 D PackageManager: Clear ephemeral installer activity
06-24 15:21:59.571 685 9054 D PackageManager: Instant App installer not found with android.intent.action.INSTALL_INSTANT_APP_PACKAGE
06-24 15:21:59.571 685 9054 D PackageManager: Clear ephemeral installer activity
06-24 15:21:59.573 685 9054 D PackageManager: Instant App installer not found with android.intent.action.INSTALL_INSTANT_APP_PACKAGE
06-24 15:21:59.573 685 9054 D PackageManager: Clear ephemeral installer activity
06-24 15:21:59.574 685 9054 D PackageManager: Instant App installer not found with android.intent.action.INSTALL_INSTANT_APP_PACKAGE
06-24 15:21:59.574 685 9054 D PackageManager: Clear ephemeral installer activity
06-24 15:21:59.576 685 9054 D PackageManager: Instant App installer not found with android.intent.action.INSTALL_INSTANT_APP_PACKAGE
06-24 15:21:59.576 685 9054 D PackageManager: Clear ephemeral installer activity
06-24 15:21:59.578 685 9054 D PackageManager: Instant App installer not found with android.intent.action.INSTALL_INSTANT_APP_PACKAGE
06-24 15:21:59.578 685 9054 D PackageManager: Clear ephemeral installer activity
06-24 15:21:59.580 685 9054 D PackageManager: Instant App installer not found with android.intent.action.INSTALL_INSTANT_APP_PACKAGE
06-24 15:21:59.580 685 9054 D PackageManager: Clear ephemeral installer activity
06-24 15:21:59.581 685 9054 D PackageManager: Instant App installer not found with android.intent.action.INSTALL_INSTANT_APP_PACKAGE
06-24 15:21:59.581 685 9054 D PackageManager: Clear ephemeral installer activity
06-24 15:21:59.583 685 9054 D PackageManager: Instant App installer not found with android.intent.action.INSTALL_INSTANT_APP_PACKAGE
