06-24 15:22:11.175 901 979 V WindowManagerShell: try handler com.android.wm.shell.keyguard.KeyguardTransitionHandler@24e2028
06-24 15:22:11.175 901 979 V WindowManagerShell: try handler com.android.wm.shell.pip.tv.TvPipTransition@1141
06-24 15:22:11.175 901 979 V WindowManagerShell: try handler com.android.wm.shell.activityembedding.ActivityEmbeddingController@e8f56e6
06-24 15:22:11.176 901 979 V WindowManagerShell: try handler com.android.wm.shell.transition.RemoteTransitionHandler@b664427
06-24 15:22:11.176 901 979 V WindowManagerShell: Transition doesn't have explicit remote, search filters for match for {id=364 t=OPEN f=0x0 trk=0 r=[0@Point(0, 0)] c=[{WCT{android.window.IWindowContainerToken$Stub$Proxy@b701099} m=TO_FRONT f=MOVE_TO_TOP leash=Surface(name=Task=129)/@0xa0c9412 sb=Rect(0, 0 - 1920, 1080) eb=Rect(0, 0 - 1920, 1080) d=0},{WCT{android.window.IWindowContainerToken$Stub$Proxy@31bdf5e} m=TO_BACK f=NONE leash=Surface(name=Task=1)/@0x464b7e3 sb=Rect(0, 0 - 1920, 1080) eb=Rect(0, 0 - 1920, 1080) d=0}]}
06-24 15:22:11.176 901 979 V WindowManagerShell: Delegate animation for #364 to null
06-24 15:22:11.176 901 979 V WindowManagerShell: try handler com.android.wm.shell.transition.DefaultTransitionHandler@7916d4
06-24 15:22:11.176 901 979 V WindowManagerShell: start default transition animation, info = {id=364 t=OPEN f=0x0 trk=0 r=[0@Point(0, 0)] c=[{WCT{android.window.IWindowContainerToken$Stub$Proxy@b701099} m=TO_FRONT f=MOVE_TO_TOP leash=Surface(name=Task=129)/@0xa0c9412 sb=Rect(0, 0 - 1920, 1080) eb=Rect(0, 0 - 1920, 1080) d=0},{WCT{android.window.IWindowContainerToken$Stub$Proxy@31bdf5e} m=TO_BACK f=NONE leash=Surface(name=Task=1)/@0x464b7e3 sb=Rect(0, 0 - 1920, 1080) eb=Rect(0, 0 - 1920, 1080) d=0}]}
06-24 15:22:11.177 901 979 V WindowManagerShell: loadAnimation: anim=android.view.animation.AlphaAnimation@1a0ef3f animAttr=0x9 type=OPEN isEntrance=false
06-24 15:22:11.177 901 979 V WindowManagerShell: loadAnimation: anim=android.view.animation.AlphaAnimation@425400c animAttr=0x8 type=OPEN isEntrance=true
06-24 15:22:11.181 685 708 V WindowManager: Sent Transition #364 createdAt=06-24 15:22:11.089 via request=TransitionRequestInfo { type = 1, triggerTask = TaskInfo{userId=0 taskId=129 displayId=0 isRunning=true baseIntent=Intent { act=android.intent.action.MAIN cat=[android.intent.category.LAUNCHER] flg=0x10000000 pkg=com.baidu.netdisk.tv cmp=com.baidu.netdisk.tv/com.baidu.netdisk.welcome.agreement.AgreementActivity } baseActivity=ComponentInfo{com.baidu.netdisk.tv/com.baidu.netdisk.welcome.WelcomeActivity} topActivity=ComponentInfo{com.baidu.netdisk.tv/com.baidu.netdisk.welcome.WelcomeActivity} origActivity=null realActivity=ComponentInfo{com.baidu.netdisk.tv/com.baidu.netdisk.welcome.agreement.AgreementActivity} numActivities=1 lastActiveTime=15135745 supportsMultiWindow=true resizeMode=2 isResizeable=true minWidth=-1 minHeight=-1 defaultMinSize=220 token=WCT{RemoteToken{197c05a Task{304c6bb #129 type=standard A=10098:com.baidu.netdisk.tv}}} topActivityType=1 pictureInPictureParams=null shouldDockBigOverlays=true launchIntoPipHostTaskId=-1 lastParentTaskIdBeforePip=-1 displayCutoutSafeInsets=null topActivityInfo=ActivityInfo{5101bd3 com.baidu.netdisk.welcome.WelcomeActivity} launchCookies=[] positionInParent=Point(0, 0) parentTaskId=-1 isFocused=true isVisible=false isVisibleRequested=false isSleeping=false topActivityInSizeCompat=false topActivityEligibleForLetterboxEducation= false isLetterboxDoubleTapEnabled= false topActivityEligibleForUserAspectRatioButton= false topActivityBoundsLetterboxed= false isFromLetterboxDoubleTap= false topActivityLetterboxVerticalPosition= -1 topActivityLetterboxHorizontalPosition= -1 topActivityLetterboxWidth=-1 topActivityLetterboxHeight=-1 isUserFullscreenOverrideEnabled=false isTopActivityTransparent=false locusId=null displayAreaFeatureId=1 cameraCompatControlState=hidden}, remoteTransition = null, displayChange = null, flags = 0 }
06-24 15:22:11.181 685 708 V WindowManager: startWCT=WindowContainerTransaction { changes = {} hops = [] errorCallbackToken=null taskFragmentOrganizer=null }
06-24 15:22:11.181 685 708 V WindowManager: info={id=364 t=OPEN f=0x0 trk=0 r=[0@Point(0, 0)] c=[{WCT{RemoteToken{197c05a Task{304c6bb #129 type=standard A=10098:com.baidu.netdisk.tv}}} m=TO_FRONT f=MOVE_TO_TOP leash=Surface(name=Task=129)/@0xdb56e6f sb=Rect(0, 0 - 1920, 1080) eb=Rect(0, 0 - 1920, 1080) d=0},{WCT{RemoteToken{30b1e82 Task{4d21fd0 #1 type=home}}} m=TO_BACK f=NONE leash=Surface(name=Task=1)/@0x54f0375 sb=Rect(0, 0 - 1920, 1080) eb=Rect(0, 0 - 1920, 1080) d=0}]}
06-24 15:22:11.183 901 979 V WindowManagerShell: animated by com.android.wm.shell.transition.DefaultTransitionHandler@7916d4
06-24 15:22:11.210 901 979 D WindowManagerShell: TvPipController: onTaskStackChanged()
06-24 15:22:11.244 685 709 W ContextImpl: Calling a method in the system process without a qualified user: android.app.ContextImpl.startService:1899 com.android.server.wm.DisplayPolicy.lambda$focusChangedLw$5:2126 com.android.server.wm.DisplayPolicy.$r8$lambda$Znxk63oh-WzVnzo_WQefN7uxV48:0 com.android.server.wm.DisplayPolicy$$ExternalSyntheticLambda13.run:0 android.os.Handler.handleCallback:958
06-24 15:22:11.598 901 979 V WindowManagerShell: Transition animation finished (aborted=false), notifying core (#364)android.os.BinderProxy@d287e47@0
06-24 15:22:11.601 685 708 V WindowManager: Finish Transition #364: created at
06-24 15:22:11.089 collect-started=0.068ms request-sent=7.036ms started=9.083ms ready=19.393ms sent=81.979ms finished=511.255ms
06-24 15:22:11.603 901 979 V WindowManagerShell: Track 0 became idle
06-24 15:22:11.603 901 979 V WindowManagerShell: All active transition animations finished
06-24 15:22:11.799 272 4104 W keystore2: system/security/keystore2/src/watchdog.rs:114 - ### Keystore Watchdog report - BEGIN ###
06-24 15:22:11.799 272 4104 W keystore2: system/security/keystore2/src/watchdog.rs:123 - When extracting from a bug report, please include this header
06-24 15:22:11.799 272 4104 W keystore2: system/security/keystore2/src/watchdog.rs:124 - and all 1 records below.
06-24 15:22:11.799 272 4104 W keystore2: system/security/keystore2/src/watchdog.rs:164 - ThreadId(1) Calling get_rkpd_attestation_key() Pending: 3.501425002s Overdue 3.001428501s
06-24 15:22:11.799 272 4104 W keystore2: system/security/keystore2/src/watchdog.rs:175 - ### Keystore Watchdog report - END ###
06-24 15:22:12.003 685 763 D CompatibilityChangeReporter: Compat change id reported: 218533173; UID 10093; state: DISABLED
06-24 15:22:12.003 685 763 D CompatibilityChangeReporter: Compat change id reported: 262645982; UID 10093; state: DISABLED
06-24 15:22:12.799 272 4104 W keystore2: system/security/keystore2/src/watchdog.rs:114 - ### Keystore Watchdog report - BEGIN ###
06-24 15:22:12.799 272 4104 W keystore2: system/security/keystore2/src/watchdog.rs:123 - When extracting from a bug report, please include this header
06-24 15:22:12.799 272 4104 W keystore2: system/security/keystore2/src/watchdog.rs:124 - and all 1 records below.
06-24 15:22:12.799 272 4104 W keystore2: system/security/keystore2/src/watchdog.rs:164 - ThreadId(1) Calling get_rkpd_attestation_key() Pending: 4.501752127s Overdue 4.001755668s
06-24 15:22:12.799 272 4104 W keystore2: system/security/keystore2/src/watchdog.rs:175 - ### Keystore Watchdog report - END ###
06-24 15:22:14.099 685 1390 E TaskPersister: File error accessing recents directory (directory doesn't exist?).
06-24 15:22:14.297 272 4104 W keystore2: system/security/keystore2/src/watchdog.rs:114 - ### Keystore Watchdog report - BEGIN ###
06-24 15:22:14.297 272 4104 W keystore2: system/security/keystore2/src/watchdog.rs:123 - When extracting from a bug report, please include this header
06-24 15:22:14.297 272 4104 W keystore2: system/security/keystore2/src/watchdog.rs:124 - and all 2 records below.
06-24 15:22:14.297 272 4104 W keystore2: system/security/keystore2/src/watchdog.rs:154 - ThreadId(1) IKeystoreSecurityLevel::generateKey Pending: 6.000677752s Overdue 1.000680294s: SecurityLevel r#TRUSTED_ENVIRONMENT
06-24 15:22:14.297 272 4104 W keystore2: system/security/keystore2/src/watchdog.rs:164 - ThreadId(1) Calling get_rkpd_attestation_key() Pending: 5.99944592s Overdue 5.499449669s
06-24 15:22:14.297 272 4104 W keystore2: system/security/keystore2/src/watchdog.rs:175 - ### Keystore Watchdog report - END ###
06-24 15:22:15.297 272 4104 W keystore2: system/security/keystore2/src/watchdog.rs:114 - ### Keystore Watchdog report - BEGIN ###
06-24 15:22:15.297 272 4104 W keystore2: system/security/keystore2/src/watchdog.rs:123 - When extracting from a bug report, please include this header
06-24 15:22:15.297 272 4104 W keystore2: system/security/keystore2/src/watchdog.rs:124 - and all 2 records below.
06-24 15:22:15.297 272 4104 W keystore2: system/security/keystore2/src/watchdog.rs:154 - ThreadId(1) IKeystoreSecurityLevel::generateKey Pending: 7.001057045s Overdue 2.001059336s: SecurityLevel r#TRUSTED_ENVIRONMENT
06-24 15:22:15.297 272 4104 W keystore2: system/security/keystore2/src/watchdog.rs:164 - ThreadId(1) Calling get_rkpd_attestation_key() Pending: 6.999827295s Overdue 6.49983092s
06-24 15:22:15.297 272 4104 W keystore2: system/security/keystore2/src/watchdog.rs:175 - ### Keystore Watchdog report - END ###
06-24 15:22:15.320 0 0 W : [2 T1046 ..] [SP FRAME RX] arp req,vif_idx:0 sender:[c8:bf:4c:1d:7a:99 192.168.31.1]receiver:[00:00:00:00:00:00 192.168.31.30]
06-24 15:22:15.321 0 0 W : [2 T1046 ..] [SP FRAME TX] arp rsp,vif_idx:0 sender:[1c:79:2d:20:62:cb 192.168.31.30]receiver:[c8:bf:4c:1d:7a:99 192.168.31.1]
06-24 15:22:16.297 272 4104 W keystore2: system/security/keystore2/src/watchdog.rs:114 - ### Keystore Watchdog report - BEGIN ###
06-24 15:22:16.297 272 4104 W keystore2: system/security/keystore2/src/watchdog.rs:123 - When extracting from a bug report, please include this header
06-24 15:22:16.297 272 4104 W keystore2: system/security/keystore2/src/watchdog.rs:124 - and all 2 records below.
06-24 15:22:16.297 272 4104 W keystore2: system/security/keystore2/src/watchdog.rs:154 - ThreadId(1) IKeystoreSecurityLevel::generateKey Pending: 8.00142892s Overdue 3.001431378s: SecurityLevel r#TRUSTED_ENVIRONMENT
06-24 15:22:16.297 272 4104 W keystore2: system/security/keystore2/src/watchdog.rs:164 - ThreadId(1) Calling get_rkpd_attestation_key() Pending: 8.000192587s Overdue 7.500196253s
06-24 15:22:16.298 272 4104 W keystore2: system/security/keystore2/src/watchdog.rs:175 - ### Keystore Watchdog report - END ###
06-24 15:22:17.298 272 4104 W keystore2: system/security/keystore2/src/watchdog.rs:114 - ### Keystore Watchdog report - BEGIN ###
06-24 15:22:17.298 272 4104 W keystore2: system/security/keystore2/src/watchdog.rs:123 - When extracting from a bug report, please include this header
06-24 15:22:17.298 272 4104 W keystore2: system/security/keystore2/src/watchdog.rs:124 - and all 2 records below.
06-24 15:22:17.298 272 4104 W keystore2: system/security/keystore2/src/watchdog.rs:154 - ThreadId(1) IKeystoreSecurityLevel::generateKey Pending: 9.00189367s Overdue 4.001896295s: SecurityLevel r#TRUSTED_ENVIRONMENT
06-24 15:22:17.298 272 4104 W keystore2: system/security/keystore2/src/watchdog.rs:164 - ThreadId(1) Calling get_rkpd_attestation_key() Pending: 9.000696254s Overdue 8.500700004s
06-24 15:22:17.298 272 4104 W keystore2: system/security/keystore2/src/watchdog.rs:175 - ### Keystore Watchdog report - END ###
06-24 15:22:18.298 272 4104 W keystore2: system/security/keystore2/src/watchdog.rs:114 - ### Keystore Watchdog report - BEGIN ###
06-24 15:22:18.298 272 4104 W keystore2: system/security/keystore2/src/watchdog.rs:123 - When extracting from a bug report, please include this header
06-24 15:22:18.298 272 4104 W keystore2: system/security/keystore2/src/watchdog.rs:124 - and all 2 records below.
06-24 15:22:18.298 272 4104 W keystore2: system/security/keystore2/src/watchdog.rs:154 - ThreadId(1) IKeystoreSecurityLevel::generateKey Pending: 10.002340838s Overdue 5.002343296s: SecurityLevel r#TRUSTED_ENVIRONMENT
06-24 15:22:18.299 272 4104 W keystore2: system/security/keystore2/src/watchdog.rs:164 - ThreadId(1) Calling get_rkpd_attestation_key() Pending: 10.001295172s Overdue 9.501298963s
06-24 15:22:18.299 272 4104 W keystore2: system/security/keystore2/src/watchdog.rs:175 - ### Keystore Watchdog report - END ###
06-24 15:22:18.376 272 272 W keystore2: system/security/keystore2/src/remote_provisioning.rs:102 - Error occurred: system/security/keystore2/src/rkpd_client.rs:214: Waiting for RKPD key timed out: Elapsed(())
06-24 15:22:18.376 272 272 W keystore2:
06-24 15:22:18.376 272 272 W keystore2: Caused by:
06-24 15:22:18.376 272 272 W keystore2: Error::Rc(r#OUT_OF_KEYS_TRANSIENT_ERROR)
06-24 15:22:18.385 272 4104 W keystore2: system/security/keystore2/src/watchdog.rs:114 - ### Keystore Watchdog report - BEGIN ###
06-24 15:22:18.385 272 4104 W keystore2: system/security/keystore2/src/watchdog.rs:123 - When extracting from a bug report, please include this header
06-24 15:22:18.385 272 4104 W keystore2: system/security/keystore2/src/watchdog.rs:124 - and all 1 records below.
06-24 15:22:18.385 272 4104 W keystore2: system/security/keystore2/src/watchdog.rs:154 - ThreadId(1) IKeystoreSecurityLevel::generateKey Pending: 10.088870838s Overdue 5.088873213s: SecurityLevel r#TRUSTED_ENVIRONMENT
06-24 15:22:18.385 272 4104 W keystore2: system/security/keystore2/src/watchdog.rs:175 - ### Keystore Watchdog report - END ###
06-24 15:22:18.403 685 780 D ActivityManager: freezing 2075 com.android.rkpdapp
06-24 15:22:19.921 0 0 W [2 T32533 ..] audit: audit_lost=13304 audit_rate_limit=5 audit_backlog_limit=64
06-24 15:22:19.921 0 0 E [2 T32533 ..] audit: rate limit exceeded
06-24 15:22:21.098 685 711 W ActivityTaskManager: Launch timeout has expired, giving up wake lock!
06-24 15:22:25.946 1407 1731 W ContextImpl: Calling a method in the system process without a qualified user: android.app.ContextImpl.sendBroadcast:1220 android.content.ContextWrapper.sendBroadcast:504 com.dangbei.etna.setting.core.SettingHelper.sendCycleToProjector:257 com.dangbei.etna.setting.core.SettingHelper.sendCycleCheckBroadcast:226 com.dangbei.etna.setting.core.SettingHelper.startLoop$lambda-0:185
06-24 15:22:25.948 1407 1731 W ContextImpl: Calling a method in the system process without a qualified user: android.app.ContextImpl.sendBroadcast:1220 android.content.ContextWrapper.sendBroadcast:504 com.dangbei.etna.setting.core.SettingHelper.sendCycleToVoice:242 com.dangbei.etna.setting.core.SettingHelper.sendCycleCheckBroadcast:227 com.dangbei.etna.setting.core.SettingHelper.startLoop$lambda-0:185
06-24 15:22:26.762 0 0 W : [1 T0 .s] [SP FRAME TX] arp req,vif_idx:0 sender:[1c:79:2d:20:62:cb 192.168.31.30]receiver:[00:00:00:00:00:00 192.168.31.142]
06-24 15:22:26.766 0 0 W : [2 T1046 ..] [SP FRAME RX] arp rsp,vif_idx:0 sender:[28:7b:11:70:4e:e5 192.168.31.142]receiver:[1c:79:2d:20:62:cb 192.168.31.30]
06-24 15:22:26.786 0 0 W : [2 T1046 ..] [SP FRAME RX] arp req,vif_idx:0 sender:[28:7b:11:70:4e:e5 192.168.31.142]receiver:[00:00:00:00:00:00 192.168.31.30]
06-24 15:22:26.787 0 0 W : [2 T1046 ..] [SP FRAME TX] arp rsp,vif_idx:0 sender:[1c:79:2d:20:62:cb 192.168.31.30]receiver:[28:7b:11:70:4e:e5 192.168.31.142]
06-24 15:22:28.923 272 4104 I keystore2: system/security/keystore2/src/watchdog.rs:319 - Watchdog thread idle -> terminating. Have a great day.
06-24 15:22:29.733 0 0 W : [2 T1046 ..] [SP FRAME RX] arp req,vif_idx:0 sender:[22:d0:17:b0:e9:e4 192.168.31.121]receiver:[00:00:00:00:00:00 192.168.31.30]
06-24 15:22:29.734 0 0 W : [2 T1046 ..] [SP FRAME TX] arp rsp,vif_idx:0 sender:[1c:79:2d:20:62:cb 192.168.31.30]receiver:[22:d0:17:b0:e9:e4 192.168.31.121]
06-24 15:22:29.834 0 0 W : [1 T0 .s] [SP FRAME TX] arp req,vif_idx:0 sender:[1c:79:2d:20:62:cb 192.168.31.30]receiver:[00:00:00:00:00:00 192.168.31.121]
06-24 15:22:29.841 0 0 W : [2 T1046 ..] [SP FRAME RX] arp rsp,vif_idx:0 sender:[22:d0:17:b0:e9:e4 192.168.31.121]receiver:[1c:79:2d:20:62:cb 192.168.31.30]
06-24 15:22:33.742 685 9054 W JobScheduler: Job didn't exist in JobStore: 6633b1e #u0a90/1 com.ktcp.video/com.tencent.qqlivetv.keeplive.schedulerjob.DaemonJobService
06-24 15:22:34.994 0 0 W : [2 T1046 ..] [SP FRAME RX] arp req,vif_idx:0 sender:[1c:79:2d:20:62:97 192.168.31.228]receiver:[00:00:00:00:00:00 192.168.31.30]
06-24 15:22:34.995 0 0 W : [2 T1046 ..] [SP FRAME TX] arp rsp,vif_idx:0 sender:[1c:79:2d:20:62:cb 192.168.31.30]receiver:[1c:79:2d:20:62:97 192.168.31.228]
06-24 15:22:45.558 0 0 W : [0 T1046 ..] [SP FRAME RX] arp req,vif_idx:0 sender:[c8:bf:4c:1d:7a:99 192.168.31.1]receiver:[00:00:00:00:00:00 192.168.31.30]
06-24 15:22:45.559 0 0 W : [0 T1046 ..] [SP FRAME TX] arp rsp,vif_idx:0 sender:[1c:79:2d:20:62:cb 192.168.31.30]receiver:[c8:bf:4c:1d:7a:99 192.168.31.1]
06-24 15:22:52.910 0 0 W : [3 T1046 ..] [SP FRAME RX] arp req,vif_idx:0 sender:[28:7b:11:70:4e:e5 192.168.31.142]receiver:[00:00:00:00:00:00 192.168.31.30]
06-24 15:22:52.911 0 0 W : [3 T1046 ..] [SP FRAME TX] arp rsp,vif_idx:0 sender:[1c:79:2d:20:62:cb 192.168.31.30]receiver:[28:7b:11:70:4e:e5 192.168.31.142]
06-24 15:22:58.762 0 0 W : [3 T0 .s] [SP FRAME TX] arp req,vif_idx:0 sender:[1c:79:2d:20:62:cb 192.168.31.30]receiver:[00:00:00:00:00:00 192.168.31.142]
06-24 15:22:58.852 0 0 W : [3 T1046 ..] [SP FRAME RX] arp rsp,vif_idx:0 sender:[28:7b:11:70:4e:e5 192.168.31.142]receiver:[1c:79:2d:20:62:cb 192.168.31.30]
06-24 15:23:05.162 0 0 W : [0 T10746 ..] [aml_send_sync_trace 4388] sync token[63976]
06-24 15:23:05.162 0 0 W : [0 T10746 ..] >>> aml_send_msg()
06-24 15:23:05.163 0 0 W : [3 T1041 ..] ipc_sdio_host_msgack_handler 000000006faa5ebc
06-24 15:23:05.164 0 0 W : [3 T1041 ..] [aml_msgackind 2039] msg ack hostid=0xffffff8008c62400
06-24 15:23:05.165 0 0 W : [3 T1041 ..] [cmd_mgr_llind 329] cmd tkn[347] flags:0008 result: -4 cmd: 105-MM_SYNC_TRACE - reqcfm( 0-none)
06-24 15:23:05.166 0 0 W : [3 T1041 ..] [cmd_complete 65] cmd tkn[347] flags:0000 result: -4 cmd: 105-MM_SYNC_TRACE - reqcfm( 0-none)
06-24 15:23:08.377 0 0 W [1 T6318 ..] audit: audit_lost=13310 audit_rate_limit=5 audit_backlog_limit=64
06-24 15:23:08.379 0 0 E [1 T6318 ..] audit: rate limit exceeded
06-24 15:23:08.396 0 0 I [2 T6318 ..] TCP: TCP_TX_DELAY enabled
06-24 15:23:10.063 0 0 W : [2 T1046 ..] [SP FRAME RX] arp req,vif_idx:0 sender:[28:7b:11:70:4e:e5 192.168.31.142]receiver:[00:00:00:00:00:00 192.168.31.30]
06-24 15:23:10.064 0 0 W : [2 T1046 ..] [SP FRAME TX] arp rsp,vif_idx:0 sender:[1c:79:2d:20:62:cb 192.168.31.30]receiver:[28:7b:11:70:4e:e5 192.168.31.142]
06-24 15:23:27.084 0 0 W : [3 T1046 ..] [SP FRAME RX] arp req,vif_idx:0 sender:[c8:bf:4c:1d:7a:99 192.168.31.1]receiver:[00:00:00:00:00:00 192.168.31.30]
06-24 15:23:27.085 0 0 W : [3 T1046 ..] [SP FRAME TX] arp rsp,vif_idx:0 sender:[1c:79:2d:20:62:cb 192.168.31.30]receiver:[c8:bf:4c:1d:7a:99 192.168.31.1]
06-24 15:23:30.762 0 0 W : [3 T0 .s] [SP FRAME TX] arp req,vif_idx:0 sender:[1c:79:2d:20:62:cb 192.168.31.30]receiver:[00:00:00:00:00:00 192.168.31.142]
06-24 15:23:30.782 0 0 W : [3 T1046 ..] [SP FRAME RX] arp req,vif_idx:0 sender:[28:7b:11:70:4e:e5 192.168.31.142]receiver:[00:00:00:00:00:00 192.168.31.30]
06-24 15:23:30.783 0 0 W : [3 T1046 ..] [SP FRAME TX] arp rsp,vif_idx:0 sender:[1c:79:2d:20:62:cb 192.168.31.30]receiver:[28:7b:11:70:4e:e5 192.168.31.142]
06-24 15:23:30.785 0 0 W : [3 T1046 ..] [SP FRAME RX] arp rsp,vif_idx:0 sender:[28:7b:11:70:4e:e5 192.168.31.142]receiver:[1c:79:2d:20:62:cb 192.168.31.30]
06-24 15:23:33.788 685 28310 D CompatibilityChangeReporter: Compat change id reported: 253665015; UID 10098; state: DISABLED
06-24 15:23:33.789 685 28310 D CompatibilityChangeReporter: Compat change id reported: 194532703; UID 10098; state: DISABLED
06-24 15:23:33.845 685 28310 W JobScheduler: Job didn't exist in JobStore: 4ac27b1 #u0a98/1 com.baidu.netdisk.tv/com.baidu.netdisk.service.NetdiskJobService
06-24 15:23:33.848 685 28310 W JobScheduler: Job didn't exist in JobStore: c16ff9c #u0a98/3 com.baidu.netdisk.tv/com.baidu.netdisk.service.NetdiskJobService
06-24 15:23:33.851 685 28310 W JobScheduler: Job didn't exist in JobStore: 98d8c70 #u0a98/2 com.baidu.netdisk.tv/com.baidu.netdisk.service.NetdiskJobService
06-24 15:23:33.854 685 28310 W JobScheduler: Job didn't exist in JobStore: 269a634 #u0a98/5 com.baidu.netdisk.tv/com.baidu.netdisk.service.NetdiskJobService
06-24 15:23:33.860 685 9054 W JobScheduler: Job didn't exist in JobStore: 2627988 #u0a98/4 com.baidu.netdisk.tv/com.baidu.netdisk.service.NetdiskJobService
06-24 15:23:33.866 685 9054 W JobScheduler: Job didn't exist in JobStore: 614f1a0 #u0a98/6 com.baidu.netdisk.tv/com.baidu.netdisk.service.NetdiskJobService
06-24 15:23:34.235 685 28310 D CompatibilityChangeReporter: Compat change id reported: 184838306; UID 10098; state: DISABLED
06-24 15:23:34.236 685 28310 D CompatibilityChangeReporter: Compat change id reported: 185004937; UID 10098; state: DISABLED
06-24 15:23:34.241 685 28310 E Transition: Trying to add a ready-group twice: Display{#0 state=ON size=1920x1080 ROTATION_0}
06-24 15:23:34.243 901 979 V WindowManagerShell: Transition requested: android.os.BinderProxy@1a39d1 TransitionRequestInfo { type = 1, triggerTask = TaskInfo{userId=0 taskId=129 displayId=0 isRunning=true baseIntent=Intent { act=android.intent.action.MAIN cat=[android.intent.category.LAUNCHER] flg=0x10000000 pkg=com.baidu.netdisk.tv cmp=com.baidu.netdisk.tv/com.baidu.netdisk.welcome.agreement.AgreementActivity } baseActivity=ComponentInfo{com.baidu.netdisk.tv/com.baidu.netdisk.welcome.WelcomeActivity} topActivity=ComponentInfo{com.baidu.netdisk.tv/com.baidu.netdisk.home.HomeActivity} origActivity=null realActivity=ComponentInfo{com.baidu.netdisk.tv/com.baidu.netdisk.welcome.agreement.AgreementActivity} numActivities=2 lastActiveTime=15222141 supportsMultiWindow=true resizeMode=2 isResizeable=true minWidth=-1 minHeight=-1 defaultMinSize=220 token=WCT{android.window.IWindowContainerToken$Stub$Proxy@16e7c36} topActivityType=1 pictureInPictureParams=null shouldDockBigOverlays=true launchIntoPipHostTaskId=-1 lastParentTaskIdBeforePip=-1 displayCutoutSafeInsets=null topActivityInfo=ActivityInfo{da78737 com.baidu.netdisk.home.HomeActivity} launchCookies=[] positionInParent=Point(0, 0) parentTaskId=-1 isFocused=true isVisible=true isVisibleRequested=true isSleeping=false topActivityInSizeCompat=false topActivityEligibleForLetterboxEducation= false isLetterboxDoubleTapEnabled= false topActivityEligibleForUserAspectRatioButton= false topActivityBoundsLetterboxed= false isFromLetterboxDoubleTap= false topActivityLetterboxVerticalPosition= -1 topActivityLetterboxHorizontalPosition= -1 topActivityLetterboxWidth=-1 topActivityLetterboxHeight=-1 isUserFullscreenOverrideEnabled=false isTopActivityTransparent=false locusId=null displayAreaFeatureId=1 cameraCompatControlState=hidden}, remoteTransition = null, displayChange = null, flags = 0 }
06-24 15:23:34.243 685 28310 I ActivityTaskManager: START u0 {cmp=com.baidu.netdisk.tv/com.baidu.netdisk.home.HomeActivity} with LAUNCH_SINGLE_TASK from uid 10098 (BAL_ALLOW_VISIBLE_WINDOW) result code=0
06-24 15:23:34.265 685 28310 V WindowManager: app ------------- force_land :0
06-24 15:23:34.277 685 28310 W JobScheduler: Job didn't exist in JobStore: 9f62df7 #u0a98/7 com.baidu.netdisk.tv/com.baidu.netdisk.service.NetdiskJobService
06-24 15:23:34.370 901 979 D WindowManagerShell: TvPipController: onTaskStackChanged()
06-24 15:23:34.470 685 6903 W WindowManager: Failed looking up window session=Session{fdf0c06 4118:u0a10098} callers=com.android.server.wm.WindowManagerService.windowForClientLocked:6077 com.android.server.wm.Session.updateRequestedVisibleTypes:695 android.view.IWindowSession$Stub.onTransact:1034
06-24 15:23:34.470 685 9054 W WindowManager: [addWindow] title:com.baidu.netdisk.tv/com.baidu.netdisk.home.HomeActivity
06-24 15:23:34.471 685 9054 D CompatibilityChangeReporter: Compat change id reported: 168419799; UID 10098; state: DISABLED
06-24 15:23:34.471 685 9054 D CompatibilityChangeReporter: Compat change id reported: 273564678; UID 10098; state: DISABLED
06-24 15:23:34.492 685 28310 D CoreBackPreview: Window{ba2e765 u0 com.baidu.netdisk.tv/com.baidu.netdisk.home.HomeActivity}: Setting back callback OnBackInvokedCallbackInfo{mCallback=android.window.IOnBackInvokedCallback$Stub$Proxy@6653e60, mPriority=0, mIsAnimationCallback=false}
06-24 15:23:34.631 685 709 W ContextImpl: Calling a method in the system process without a qualified user: android.app.ContextImpl.startService:1899 com.android.server.wm.DisplayPolicy.lambda$focusChangedLw$5:2126 com.android.server.wm.DisplayPolicy.$r8$lambda$Znxk63oh-WzVnzo_WQefN7uxV48:0 com.android.server.wm.DisplayPolicy$$ExternalSyntheticLambda13.run:0 android.os.Handler.handleCallback:958
06-24 15:23:34.772 685 708 V WindowManager: Sent Transition #365 createdAt=06-24 15:23:34.232 via request=TransitionRequestInfo { type = 1, triggerTask = TaskInfo{userId=0 taskId=129 displayId=0 isRunning=true baseIntent=Intent { act=android.intent.action.MAIN cat=[android.intent.category.LAUNCHER] flg=0x10000000 pkg=com.baidu.netdisk.tv cmp=com.baidu.netdisk.tv/com.baidu.netdisk.welcome.agreement.AgreementActivity } baseActivity=ComponentInfo{com.baidu.netdisk.tv/com.baidu.netdisk.welcome.WelcomeActivity} topActivity=ComponentInfo{com.baidu.netdisk.tv/com.baidu.netdisk.home.HomeActivity} origActivity=null realActivity=ComponentInfo{com.baidu.netdisk.tv/com.baidu.netdisk.welcome.agreement.AgreementActivity} numActivities=2 lastActiveTime=15222141 supportsMultiWindow=true resizeMode=2 isResizeable=true minWidth=-1 minHeight=-1 defaultMinSize=220 token=WCT{RemoteToken{197c05a Task{304c6bb #129 type=standard A=10098:com.baidu.netdisk.tv}}} topActivityType=1 pictureInPictureParams=null shouldDockBigOverlays=true launchIntoPipHostTaskId=-1 lastParentTaskIdBeforePip=-1 displayCutoutSafeInsets=null topActivityInfo=ActivityInfo{b47c1bf com.baidu.netdisk.home.HomeActivity} launchCookies=[] positionInParent=Point(0, 0) parentTaskId=-1 isFocused=true isVisible=true isVisibleRequested=true isSleeping=false topActivityInSizeCompat=false topActivityEligibleForLetterboxEducation= false isLetterboxDoubleTapEnabled= false topActivityEligibleForUserAspectRatioButton= false topActivityBoundsLetterboxed= false isFromLetterboxDoubleTap= false topActivityLetterboxVerticalPosition= -1 topActivityLetterboxHorizontalPosition= -1 topActivityLetterboxWidth=-1 topActivityLetterboxHeight=-1 isUserFullscreenOverrideEnabled=false isTopActivityTransparent=false locusId=null displayAreaFeatureId=1 cameraCompatControlState=hidden}, remoteTransition = null, displayChange = null, flags = 0 }
06-24 15:23:34.772 685 708 V WindowManager: startWCT=WindowContainerTransaction { changes = {} hops = [] errorCallbackToken=null taskFragmentOrganizer=null }
06-24 15:23:34.772 685 708 V WindowManager: info={id=365 t=OPEN f=0x0 trk=0 r=[0@Point(0, 0)] c=[{null m=OPEN f=FILLS_TASK leash=Surface(name=ActivityRecord{174c2c9 u0 com.baidu.netdisk.tv/com.baidu.netdisk.home.HomeActivity)/@0x5cff19 sb=Rect(0, 0 - 0, 0) eb=Rect(0, 0 - 1920, 1080) d=-1->0 r=-1->0:-1},{null m=CLOSE f=FILLS_TASK leash=Surface(name=ActivityRecord{f23c012 u0 com.baidu.netdisk.tv/com.baidu.netdisk.welcome.WelcomeActivity)/@0x80efe0d sb=Rect(0, 0 - 1920, 1080) eb=Rect(0, 0 - 1920, 1080) d=0}]}
06-24 15:23:34.775 901 979 V WindowManagerShell: onTransitionReady android.os.BinderProxy@1a39d1: {id=365 t=OPEN f=0x0 trk=0 r=[0@Point(0, 0)] c=[{null m=OPEN f=FILLS_TASK leash=Surface(name=ActivityRecord{174c2c9 u0 com.baidu.netdisk.tv/com.baidu.netdisk.home.HomeActivity)/@0x71184a4 sb=Rect(0, 0 - 0, 0) eb=Rect(0, 0 - 1920, 1080) d=-1->0 r=-1->0:-1},{null m=CLOSE f=FILLS_TASK leash=Surface(name=ActivityRecord{f23c012 u0 com.baidu.netdisk.tv/com.baidu.netdisk.welcome.WelcomeActivity)/@0x3b7a20d sb=Rect(0, 0 - 1920, 1080) eb=Rect(0, 0 - 1920, 1080) d=0}]}
06-24 15:23:34.775 901 979 V WindowManagerShell: Playing animation for (#365)android.os.BinderProxy@1a39d1@0
06-24 15:23:34.775 901 979 V WindowManagerShell: try handler com.android.wm.shell.keyguard.KeyguardTransitionHandler@24e2028
06-24 15:23:34.775 901 979 V WindowManagerShell: try handler com.android.wm.shell.pip.tv.TvPipTransition@1141
06-24 15:23:34.775 901 979 V WindowManagerShell: try handler com.android.wm.shell.activityembedding.ActivityEmbeddingController@e8f56e6
06-24 15:23:34.775 901 979 V WindowManagerShell: try handler com.android.wm.shell.transition.RemoteTransitionHandler@b664427
06-24 15:23:34.775 901 979 V WindowManagerShell: Transition doesn't have explicit remote, search filters for match for {id=365 t=OPEN f=0x0 trk=0 r=[0@Point(0, 0)] c=[{null m=OPEN f=FILLS_TASK leash=Surface(name=ActivityRecord{174c2c9 u0 com.baidu.netdisk.tv/com.baidu.netdisk.home.HomeActivity)/@0x71184a4 sb=Rect(0, 0 - 0, 0) eb=Rect(0, 0 - 1920, 1080) d=-1->0 r=-1->0:-1},{null m=CLOSE f=FILLS_TASK leash=Surface(name=ActivityRecord{f23c012 u0 com.baidu.netdisk.tv/com.baidu.netdisk.welcome.WelcomeActivity)/@0x3b7a20d sb=Rect(0, 0 - 1920, 1080) eb=Rect(0, 0 - 1920, 1080) d=0}]}
06-24 15:23:34.775 901 979 V WindowManagerShell: Delegate animation for #365 to null
06-24 15:23:34.775 901 979 V WindowManagerShell: try handler com.android.wm.shell.transition.DefaultTransitionHandler@7916d4
06-24 15:23:34.776 901 979 V WindowManagerShell: start default transition animation, info = {id=365 t=OPEN f=0x0 trk=0 r=[0@Point(0, 0)] c=[{null m=OPEN f=FILLS_TASK leash=Surface(name=ActivityRecord{174c2c9 u0 com.baidu.netdisk.tv/com.baidu.netdisk.home.HomeActivity)/@0x71184a4 sb=Rect(0, 0 - 0, 0) eb=Rect(0, 0 - 1920, 1080) d=-1->0 r=-1->0:-1},{null m=CLOSE f=FILLS_TASK leash=Surface(name=ActivityRecord{f23c012 u0 com.baidu.netdisk.tv/com.baidu.netdisk.welcome.WelcomeActivity)/@0x3b7a20d sb=Rect(0, 0 - 1920, 1080) eb=Rect(0, 0 - 1920, 1080) d=0}]}
06-24 15:23:34.776 901 979 V WindowManagerShell: loadAnimation: anim=android.view.animation.AlphaAnimation@7e35fd3 animAttr=0x5 type=OPEN isEntrance=false
06-24 15:23:34.776 901 979 V WindowManagerShell: loadAnimation: anim=android.view.animation.AlphaAnimation@3344710 animAttr=0x4 type=OPEN isEntrance=true
06-24 15:23:34.778 901 979 V WindowManagerShell: animated by com.android.wm.shell.transition.DefaultTransitionHandler@7916d4
06-24 15:23:34.848 685 28310 W JobScheduler: Job didn't exist in JobStore: eb7f673 #u0a98/8 com.baidu.netdisk.tv/com.baidu.netdisk.service.NetdiskJobService
06-24 15:23:34.877 685 6903 W JobScheduler: Job didn't exist in JobStore: 34fe08c #u0a98/9 com.baidu.netdisk.tv/com.baidu.netdisk.service.NetdiskJobService
06-24 15:23:34.974 0 0 W [0 T32533 ..] audit: audit_lost=13314 audit_rate_limit=5 audit_backlog_limit=64
06-24 15:23:34.979 0 0 E [0 T32533 ..] audit: rate limit exceeded
06-24 15:23:35.195 901 979 V WindowManagerShell: Transition animation finished (aborted=false), notifying core (#365)android.os.BinderProxy@1a39d1@0
06-24 15:23:35.199 685 708 V WindowManager: Finish Transition #365: created at
06-24 15:23:34.232 collect-started=0.082ms request-sent=8.897ms started=11.632ms ready=36.756ms sent=537.395ms finished=965.81ms
06-24 15:23:35.201 901 979 V WindowManagerShell: Track 0 became idle
06-24 15:23:35.201 901 979 V WindowManagerShell: All active transition animations finished
06-24 15:23:35.228 0 0 E : [0 T6638 ..] mediaproxy produce init [aml-vcodec-dec]
06-24 15:23:35.228 0 0 I : [0 T6638 ..] Mediaproxy is opened name[aml-vcodec-dec]\n
06-24 15:23:35.228 0 0 I : [0 T6638 ..] Mediaproxy is opened name[aml-vcodec-dec] end\n
06-24 15:23:35.229 0 0 E : [0 T6638 ..] mediaproxy produce start connect
06-24 15:23:35.230 0 0 I : [0 T6638 ..] find p kfifo size:[32][2]
06-24 15:23:35.231 0 0 I : [0 T6638 ..] mediaproxy_get_fifo get idx[2]
06-24 15:23:35.232 0 0 I : [0 T6638 ..] Session producer-2 is connected fifo idx [2]
06-24 15:23:35.232 0 0 E : [0 T6638 ..] mediaproxy produce connect [2]
06-24 15:23:35.233 0 0 I : [0 T6638 ..] mediaproxy produce msg type :0x40 module_name:aml-vcodec-dec
06-24 15:23:35.235 0 0 I : [3 T6638 ..] deinit session
06-24 15:23:35.235 0 0 I : [3 T6638 ..] deinit session producer-2
06-24 15:23:35.235 0 0 I : [3 T6638 ..] deinit has_unusing_fifo [1]
06-24 15:23:35.236 0 0 I : [2 T98 ..] p_fifo[2] name[aml-vcodec-dec] state[0] to MP_FIFO_UNUSED
06-24 15:23:35.237 0 0 E : [3 T6638 ..] mediaproxy produce init [aml-vcodec-dec]
06-24 15:23:35.238 0 0 I : [3 T6638 ..] Mediaproxy is opened name[aml-vcodec-dec]\n
06-24 15:23:35.238 0 0 I : [3 T6638 ..] Mediaproxy is opened name[aml-vcodec-dec] end\n
06-24 15:23:35.239 0 0 E : [3 T6638 ..] mediaproxy produce start connect
06-24 15:23:35.240 0 0 I : [3 T6638 ..] find p kfifo size:[32][2]
06-24 15:23:35.241 0 0 I : [3 T6638 ..] mediaproxy_get_fifo get idx[2]
06-24 15:23:35.241 0 0 I : [3 T6638 ..] Session producer-2 is connected fifo idx [2]
06-24 15:23:35.242 0 0 E : [3 T6638 ..] mediaproxy produce connect [2]
06-24 15:23:35.243 0 0 I : [3 T6638 ..] mediaproxy produce msg type :0x40 module_name:aml-vcodec-dec
06-24 15:23:35.244 0 0 I : [2 T6638 ..] deinit session
06-24 15:23:35.245 0 0 I : [2 T6638 ..] deinit session producer-2
06-24 15:23:35.245 0 0 I : [2 T6638 ..] deinit has_unusing_fifo [1]
06-24 15:23:35.246 0 0 I : [0 T98 ..] p_fifo[2] name[aml-vcodec-dec] state[0] to MP_FIFO_UNUSED
06-24 15:23:35.235 685 9054 D CoreBackPreview: Window{273d5d1 u0 com.baidu.netdisk.tv/com.baidu.netdisk.welcome.WelcomeActivity}: Setting back callback null
06-24 15:23:35.248 0 0 I : [0 T6638 ..] codec mem info:
06-24 15:23:35.248 0 0 I : [0 T6638 ..] total codec mem size:364 MB
06-24 15:23:35.249 0 0 I : [0 T6638 ..] alloced size= 0 MB
06-24 15:23:35.249 0 0 I : [0 T6638 ..] max alloced: 119 MB
06-24 15:23:35.250 0 0 I [0 T6638 ..] CMA: 0,RES:0,TVP:0,SYS:0,COHER:0,VMAPED:0 MB
06-24 15:23:35.251 0 0 I [0 T6638 ..] RES_EXT: 0 MB
06-24 15:23:35.251 0 0 I : [0 T6638 ..] [4]CMA size:364 MB:alloced: 0 MB,free:364 MB
06-24 15:23:35.252 0 0 I : [0 T6638 ..] codec mem info:
06-24 15:23:35.252 0 0 I : [0 T6638 ..] total codec mem size:364 MB
06-24 15:23:35.253 0 0 I : [0 T6638 ..] alloced size= 0 MB
06-24 15:23:35.253 0 0 I : [0 T6638 ..] max alloced: 119 MB
06-24 15:23:35.254 0 0 I [0 T6638 ..] CMA: 0,RES:0,TVP:0,SYS:0,COHER:0,VMAPED:0 MB
06-24 15:23:35.255 0 0 I [0 T6638 ..] RES_EXT: 0 MB
06-24 15:23:35.255 0 0 I : [0 T6638 ..] [4]CMA size:364 MB:alloced: 0 MB,free:364 MB
06-24 15:23:35.245 685 711 W ProcessStats: Tracking association SourceState{2ed2a5c system/1000 ImpFg #7533} whose proc state 5 is better than process ProcessState{9231bd0 com.android.permissioncontroller/10074 pkg=com.android.permissioncontroller} proc state 15 (5 skipped)
06-24 15:23:35.259 0 0 E : [2 T6643 ..] mediaproxy produce init [aml-vcodec-dec]
06-24 15:23:35.259 0 0 I : [2 T6643 ..] Mediaproxy is opened name[aml-vcodec-dec]\n
06-24 15:23:35.259 0 0 I : [2 T6643 ..] Mediaproxy is opened name[aml-vcodec-dec] end\n
06-24 15:23:35.260 0 0 E : [2 T6643 ..] mediaproxy produce start connect
06-24 15:23:35.261 0 0 I : [2 T6643 ..] find p kfifo size:[32][2]
06-24 15:23:35.262 0 0 I : [2 T6643 ..] mediaproxy_get_fifo get idx[2]
06-24 15:23:35.263 0 0 I : [2 T6643 ..] Session producer-2 is connected fifo idx [2]
06-24 15:23:35.263 0 0 E : [2 T6643 ..] mediaproxy produce connect [2]
06-24 15:23:35.264 0 0 I : [2 T6643 ..] mediaproxy produce msg type :0x40 module_name:aml-vcodec-dec
06-24 15:23:35.266 0 0 I : [2 T6643 ..] deinit session
06-24 15:23:35.266 0 0 I : [2 T6643 ..] deinit session producer-2
06-24 15:23:35.266 0 0 I : [2 T6643 ..] deinit has_unusing_fifo [1]
06-24 15:23:35.267 0 0 I : [1 T98 ..] p_fifo[2] name[aml-vcodec-dec] state[0] to MP_FIFO_UNUSED
06-24 15:23:35.276 0 0 E : [1 T6643 ..] mediaproxy produce init [aml-vcodec-dec]
06-24 15:23:35.276 0 0 I : [1 T6643 ..] Mediaproxy is opened name[aml-vcodec-dec]\n
06-24 15:23:35.276 0 0 I : [1 T6643 ..] Mediaproxy is opened name[aml-vcodec-dec] end\n
06-24 15:23:35.277 0 0 E : [1 T6643 ..] mediaproxy produce start connect
06-24 15:23:35.278 0 0 I : [1 T6643 ..] find p kfifo size:[32][2]
06-24 15:23:35.279 0 0 I : [1 T6643 ..] mediaproxy_get_fifo get idx[2]
06-24 15:23:35.279 0 0 I : [1 T6643 ..] Session producer-2 is connected fifo idx [2]
06-24 15:23:35.280 0 0 E : [1 T6643 ..] mediaproxy produce connect [2]
06-24 15:23:35.281 0 0 I : [1 T6643 ..] mediaproxy produce msg type :0x40 module_name:aml-vcodec-dec
06-24 15:23:35.285 0 0 I [1 T6643 ..] [amlv4l]: [475]: DW:3, TW:0, Margin:6
06-24 15:23:35.286 0 0 D [2 T6648 ..] [amlcom]: vdec_create instance 000000003c4f7278, total 1, PM: power-domain
06-24 15:23:35.286 0 0 D [2 T6648 ..] [media_clock]: hevc mux clock is 799999988 Hz
06-24 15:23:35.286 0 0 I [2 T6648 ..] [amlcom]: dos_local_config end, id 3, is_on 1
06-24 15:23:35.286 0 0 I [2 T6648 ..] [amlcom]: vdec_init, dev_name:ammvdec_h265_v4l, vdec_type=VDEC_TYPE_FRAME_BLOCK, format: 11, total: 1
06-24 15:23:35.289 0 0 D [2 T6648 ..] [h265]: [0]pdata->config=parm_v4l_codec_enable:1;parm_v4l_buffer_margin:6;hevc_double_write_mode:3;hevc_triple_write_mode:0;hevc_buf_width:4096;hevc_buf_height:2304;save_buffer_mode:0;parm_v4l_canvas_mem_mode:0;parm_v4l_canvas_mem_endian:0;parm_v4l_low_latency_mode:0;parm_v4l_metadata_config_flag:1050626;parm_v4l_duration:0;dv_profile:0;parm_v4l_error_handle_info:0;
06-24 15:23:35.289 0 0 D [2 T6648 ..] [h265]: [0]discard dv data
06-24 15:23:35.289 0 0 D [2 T6648 ..] [h265]: [0]dv_profile: 0
06-24 15:23:35.289 0 0 D [2 T6648 ..] [h265]: [0]Correction: policy 0x2 mode 2 lcu_percentage_threshold 0
06-24 15:23:35.302 0 0 D [1 T6648 ..] [h265]: [0]dynamic_buf_num_margin=6
06-24 15:23:35.302 0 0 D [1 T6648 ..] [h265]: [0]double_write_mode=3
06-24 15:23:35.302 0 0 D [1 T6648 ..] [h265]: [0]nal_skip_policy=2
06-24 15:23:35.302 0 0 D [1 T6648 ..] [h265]: [0]h265:pts_unstable=0
06-24 15:23:35.302 0 0 D [1 T6648 ..] [h265]: [0]h265: ver (201602101,0) decinfo: 0x0 rate=3600
06-24 15:23:35.303 0 0 D [3 T6648 ..] [h265]: ucode version 4.184, swap enable 1
06-24 15:23:35.303 0 0 D [3 T6648 ..] [media_clock]: hevc mux clock is 799999988 Hz
06-24 15:23:35.303 0 0 D [3 T6648 ..] [amlcom]: hevc video changed to 3840 x 2160 60 fps clk->800MHZ
06-24 15:23:35.306 0 0 I [2 T6638 ..] [amlv4l]: [475]: set vf duration: f00
06-24 15:23:35.327 0 0 I [2 T6648 ..] [amlv4l]: [475]: reset mode: 1, es frames buffering: 0
06-24 15:23:35.327 0 0 D [2 T6648 ..] [h265]: [0]h265:pts_unstable=0
06-24 15:23:35.327 0 0 D [2 T6648 ..] [h265]: [0]h265: ver (201602101,0) decinfo: 0x0 rate=3600
06-24 15:23:35.330 0 0 D [0 T6643 ..] [amlcom]: vdec_release instance 000000003c4f7278, total 1
06-24 15:23:35.330 0 0 I [2 T6643 ..] [amlcom]: dos_local_config end, id 3, is_on 0
06-24 15:23:35.330 0 0 D [2 T6643 ..] [media_clock]: the clk_hevcf_mux clock off, ref cnt: 0
06-24 15:23:35.331 0 0 I : [2 T6643 ..] deinit session
06-24 15:23:35.331 0 0 I : [2 T6643 ..] deinit session producer-2
06-24 15:23:35.332 0 0 I : [2 T6643 ..] deinit has_unusing_fifo [1]
06-24 15:23:35.332 0 0 I : [0 T98 ..] p_fifo[2] name[aml-vcodec-dec] state[0] to MP_FIFO_UNUSED
06-24 15:23:35.334 0 0 I : [2 T6638 ..] codec mem info:
06-24 15:23:35.334 0 0 I : [2 T6638 ..] total codec mem size:364 MB
06-24 15:23:35.335 0 0 I : [2 T6638 ..] alloced size= 0 MB
06-24 15:23:35.335 0 0 I : [2 T6638 ..] max alloced: 119 MB
06-24 15:23:35.336 0 0 I [2 T6638 ..] CMA: 0,RES:0,TVP:0,SYS:0,COHER:0,VMAPED:0 MB
06-24 15:23:35.337 0 0 I [2 T6638 ..] RES_EXT: 0 MB
06-24 15:23:35.337 0 0 I : [2 T6638 ..] [4]CMA size:364 MB:alloced: 0 MB,free:364 MB
06-24 15:23:35.338 0 0 I : [2 T6638 ..] codec mem info:
06-24 15:23:35.338 0 0 I : [2 T6638 ..] total codec mem size:364 MB
06-24 15:23:35.339 0 0 I : [2 T6638 ..] alloced size= 0 MB
06-24 15:23:35.339 0 0 I : [2 T6638 ..] max alloced: 119 MB
06-24 15:23:35.340 0 0 I [2 T6638 ..] CMA: 0,RES:0,TVP:0,SYS:0,COHER:0,VMAPED:0 MB
06-24 15:23:35.341 0 0 I [2 T6638 ..] RES_EXT: 0 MB
06-24 15:23:35.341 0 0 I : [2 T6638 ..] [4]CMA size:364 MB:alloced: 0 MB,free:364 MB
06-24 15:23:35.343 0 0 E : [3 T6650 ..] mediaproxy produce init [aml-vcodec-dec]
06-24 15:23:35.343 0 0 I : [3 T6650 ..] Mediaproxy is opened name[aml-vcodec-dec]\n
06-24 15:23:35.343 0 0 I : [3 T6650 ..] Mediaproxy is opened name[aml-vcodec-dec] end\n
06-24 15:23:35.344 0 0 E : [3 T6650 ..] mediaproxy produce start connect
06-24 15:23:35.345 0 0 I : [3 T6650 ..] find p kfifo size:[32][2]
06-24 15:23:35.346 0 0 I : [3 T6650 ..] mediaproxy_get_fifo get idx[2]
06-24 15:23:35.347 0 0 I : [3 T6650 ..] Session producer-2 is connected fifo idx [2]
06-24 15:23:35.347 0 0 E : [3 T6650 ..] mediaproxy produce connect [2]
06-24 15:23:35.348 0 0 I : [3 T6650 ..] mediaproxy produce msg type :0x40 module_name:aml-vcodec-dec
06-24 15:23:35.350 0 0 I : [1 T6650 ..] deinit session
06-24 15:23:35.350 0 0 I : [1 T6650 ..] deinit session producer-2
06-24 15:23:35.350 0 0 I : [1 T6650 ..] deinit has_unusing_fifo [1]
06-24 15:23:35.351 0 0 I : [1 T98 ..] p_fifo[2] name[aml-vcodec-dec] state[0] to MP_FIFO_UNUSED
06-24 15:23:35.353 0 0 E : [3 T6650 ..] mediaproxy produce init [aml-vcodec-dec]
06-24 15:23:35.353 0 0 I : [3 T6650 ..] Mediaproxy is opened name[aml-vcodec-dec]\n
06-24 15:23:35.353 0 0 I : [3 T6650 ..] Mediaproxy is opened name[aml-vcodec-dec] end\n
06-24 15:23:35.354 0 0 E : [3 T6650 ..] mediaproxy produce start connect
06-24 15:23:35.355 0 0 I : [3 T6650 ..] find p kfifo size:[32][2]
06-24 15:23:35.356 0 0 I : [3 T6650 ..] mediaproxy_get_fifo get idx[2]
06-24 15:23:35.357 0 0 I : [3 T6650 ..] Session producer-2 is connected fifo idx [2]
06-24 15:23:35.357 0 0 E : [3 T6650 ..] mediaproxy produce connect [2]
06-24 15:23:35.358 0 0 I : [3 T6650 ..] mediaproxy produce msg type :0x40 module_name:aml-vcodec-dec
06-24 15:23:35.360 0 0 I [2 T6650 ..] [amlv4l]: [477]: DW:1, TW:0, Margin:6
06-24 15:23:35.360 0 0 I [3 T6638 ..] [amlv4l]: [477]: set vf duration: f00
06-24 15:23:35.362 0 0 D [3 T6656 ..] [amlcom]: vdec_create instance 00000000d2a8610d, total 1, PM: power-domain
06-24 15:23:35.363 0 0 D [3 T6656 ..] [media_clock]: hevc mux clock is 799999988 Hz
06-24 15:23:35.363 0 0 I [2 T6656 ..] [amlcom]: dos_local_config end, id 3, is_on 1
06-24 15:23:35.363 0 0 I [2 T6656 ..] [amlcom]: vdec_init, dev_name:ammvdec_h265_v4l, vdec_type=VDEC_TYPE_FRAME_BLOCK, format: 11, total: 1
06-24 15:23:35.365 0 0 D [2 T6656 ..] [h265]: [0]pdata->config=parm_v4l_codec_enable:1;parm_v4l_buffer_margin:6;hevc_double_write_mode:1;hevc_triple_write_mode:0;hevc_buf_width:4096;hevc_buf_height:2304;save_buffer_mode:0;parm_v4l_canvas_mem_mode:0;parm_v4l_canvas_mem_endian:0;parm_v4l_low_latency_mode:0;parm_v4l_metadata_config_flag:1574914;parm_v4l_duration:0;dv_profile:0;parm_v4l_error_handle_info:0;
06-24 15:23:35.365 0 0 D [2 T6656 ..] [h265]: [0]discard dv data
06-24 15:23:35.365 0 0 D [2 T6656 ..] [h265]: [0]dv_profile: 0
06-24 15:23:35.365 0 0 D [2 T6656 ..] [h265]: [0]Correction: policy 0x2 mode 2 lcu_percentage_threshold 0
06-24 15:23:35.367 0 0 D [2 T6656 ..] [h265]: [0]dynamic_buf_num_margin=6
06-24 15:23:35.367 0 0 D [2 T6656 ..] [h265]: [0]double_write_mode=1
06-24 15:23:35.367 0 0 D [2 T6656 ..] [h265]: [0]nal_skip_policy=2
06-24 15:23:35.367 0 0 D [2 T6656 ..] [h265]: [0]h265:pts_unstable=0
06-24 15:23:35.367 0 0 D [2 T6656 ..] [h265]: [0]h265: ver (201602101,0) decinfo: 0x0 rate=3600
06-24 15:23:35.367 0 0 D [3 T6656 ..] [h265]: ucode version 4.184, swap enable 1
06-24 15:23:35.368 0 0 D [3 T6656 ..] [media_clock]: hevc mux clock is 799999988 Hz
06-24 15:23:35.368 0 0 D [3 T6656 ..] [amlcom]: hevc video changed to 3840 x 2160 60 fps clk->800MHZ
06-24 15:23:35.371 0 0 D [1 T240 ..] [h265]: [0]vh265 cached=0 need_size=16384 speed= 8 ms
06-24 15:23:35.372 0 0 D [0 T238 ..] [h265]: set ucode parse
06-24 15:23:35.372 0 0 W : [0 T238 ..] hevc get comp info: 64 65536 704
06-24 15:23:35.372 0 0 D [0 T238 ..] [h265]: margin = 6, sps_max_dec_pic_buffering_minus1_0 = 4
06-24 15:23:35.372 0 0 I [0 T238 ..] [amlv4l]: [477]: Parse from ucode, visible(1920 x 960), coded(1920 x 960), scan:P, bitdepth(8), DW/TW(1, 0)
06-24 15:23:35.373 0 0 I [0 T6656 ..] [amlv4l]: [477]: Picture buffer count: dec:6, vpp:0, ge2d:0, margin:6, total:12
06-24 15:23:35.374 0 0 D [0 T6656 ..] [amlv4l]: [477]: Post event: res chg
06-24 15:23:35.413 0 0 D [0 T238 ..] [h265]: [0]hevc->performance_profile 0
06-24 15:23:35.413 0 0 D [0 T238 ..] [h265]: [0]set pic_list_init_flag 1
06-24 15:23:35.413 0 0 D [3 T2921 ..] [h265]: [0]init_buf_spec2 1920 960
06-24 15:23:35.413 0 0 D [3 T2921 ..] [h265]: [0]set pic_list_init_flag to 2
06-24 15:23:35.413 0 0 D [0 T238 ..] [h265]: [0]set pic_list_init_flag to 3
06-24 15:23:35.413 0 0 D [0 T238 ..] [h265]: [vdec_kpi][vh265_isr_thread_fn] First I frame coming.
06-24 15:23:35.427 0 0 D [0 T238 ..] [h265]: [0]VH265: output first frame poc 0
06-24 15:23:35.427 0 0 D [0 T238 ..] [h265]: [0]decoder duration change old: 0 new: 3840
06-24 15:23:35.427 0 0 D [0 T238 ..] [h265]: [vdec_kpi][post_video_frame] First I frame decoded.
06-24 15:23:35.521 0 0 I [0 T6656 ..] [amlv4l]: [477]: reset mode: 1, es frames buffering: 0
06-24 15:23:35.521 0 0 D [0 T6656 ..] [h265]: [0]h265:pts_unstable=0
06-24 15:23:35.521 0 0 D [0 T6656 ..] [h265]: [0]h265: ver (201602101,0) decinfo: 0x0 rate=3600
06-24 15:23:35.522 0 0 I [3 T6656 ..] [amlv4l]: [477]: reset mode: 1, es frames buffering: 0
06-24 15:23:35.522 0 0 D [3 T6656 ..] [h265]: [0]h265:pts_unstable=0
06-24 15:23:35.522 0 0 D [3 T6656 ..] [h265]: [0]h265: ver (201602101,0) decinfo: 0x0 rate=3600
06-24 15:23:35.534 0 0 I [0 T6650 ..] [amlv4l]: [477]: reset mode: 1, es frames buffering: 0
06-24 15:23:35.534 0 0 D [0 T6650 ..] [h265]: [0]h265:pts_unstable=0
06-24 15:23:35.534 0 0 D [0 T6650 ..] [h265]: [0]h265: ver (201602101,0) decinfo: 0x0 rate=3600
06-24 15:23:35.549 0 0 D [1 T6650 ..] [amlcom]: vdec_release instance 00000000d2a8610d, total 1
06-24 15:23:35.549 0 0 I [1 T6650 ..] [amlcom]: dos_local_config end, id 3, is_on 0
06-24 15:23:35.549 0 0 D [1 T6650 ..] [media_clock]: the clk_hevcf_mux clock off, ref cnt: 0
06-24 15:23:35.549 0 0 I : [1 T6650 ..] deinit session
06-24 15:23:35.550 0 0 I : [1 T6650 ..] deinit session producer-2
06-24 15:23:35.550 0 0 I : [1 T6650 ..] deinit has_unusing_fifo [1]
06-24 15:23:35.551 0 0 I : [2 T98 ..] p_fifo[2] name[aml-vcodec-dec] state[0] to MP_FIFO_UNUSED
06-24 15:23:35.567 0 0 I [0 T6661 ..] dp_buf: [0:477]di buf_mgr free
06-24 15:23:37.752 685 1390 E TaskPersister: File error accessing recents directory (directory doesn't exist?).
06-24 15:23:37.905 685 709 D AutofillManagerService: onBackKeyPressed()
06-24 15:23:37.924 685 9054 W WindowManager: [addWindow] title:com.baidu.netdisk.tv/com.baidu.netdisk.home.HomeActivity
06-24 15:23:37.924 685 28310 W WindowManager: Failed looking up window session=Session{fdf0c06 4118:u0a10098} callers=com.android.server.wm.WindowManagerService.windowForClientLocked:6077 com.android.server.wm.Session.updateRequestedVisibleTypes:695 android.view.IWindowSession$Stub.onTransact:1034
06-24 15:23:37.937 685 9054 D CoreBackPreview: Window{3c90b9f u0 com.baidu.netdisk.tv/com.baidu.netdisk.home.HomeActivity}: Setting back callback OnBackInvokedCallbackInfo{mCallback=android.window.IOnBackInvokedCallback$Stub$Proxy@aed80b5, mPriority=0, mIsAnimationCallback=false}
06-24 15:23:38.028 685 709 W ContextImpl: Calling a method in the system process without a qualified user: android.app.ContextImpl.startService:1899 com.android.server.wm.DisplayPolicy.lambda$focusChangedLw$5:2126 com.android.server.wm.DisplayPolicy.$r8$lambda$Znxk63oh-WzVnzo_WQefN7uxV48:0 com.android.server.wm.DisplayPolicy$$ExternalSyntheticLambda13.run:0 android.os.Handler.handleCallback:958
06-24 15:23:39.467 901 979 V WindowManagerShell: Transition requested: android.os.BinderProxy@67ec43c TransitionRequestInfo { type = 2, triggerTask = TaskInfo{userId=0 taskId=129 displayId=0 isRunning=false baseIntent=Intent { act=android.intent.action.MAIN cat=[android.intent.category.LAUNCHER] flg=0x10000000 pkg=com.baidu.netdisk.tv cmp=com.baidu.netdisk.tv/com.baidu.netdisk.welcome.agreement.AgreementActivity } baseActivity=null topActivity=null origActivity=null realActivity=ComponentInfo{com.baidu.netdisk.tv/com.baidu.netdisk.welcome.agreement.AgreementActivity} numActivities=0 lastActiveTime=15222169 supportsMultiWindow=true resizeMode=2 isResizeable=true minWidth=-1 minHeight=-1 defaultMinSize=220 token=WCT{android.window.IWindowContainerToken$Stub$Proxy@62c05c5} topActivityType=1 pictureInPictureParams=null shouldDockBigOverlays=false launchIntoPipHostTaskId=-1 lastParentTaskIdBeforePip=-1 displayCutoutSafeInsets=null topActivityInfo=null launchCookies=[] positionInParent=Point(0, 0) parentTaskId=-1 isFocused=false isVisible=true isVisibleRequested=true isSleeping=false topActivityInSizeCompat=false topActivityEligibleForLetterboxEducation= false isLetterboxDoubleTapEnabled= false topActivityEligibleForUserAspectRatioButton= false topActivityBoundsLetterboxed= false isFromLetterboxDoubleTap= false topActivityLetterboxVerticalPosition= -1 topActivityLetterboxHorizontalPosition= -1 topActivityLetterboxWidth=-1 topActivityLetterboxHeight=-1 isUserFullscreenOverrideEnabled=false isTopActivityTransparent=false locusId=null displayAreaFeatureId=1 cameraCompatControlState=hidden}, remoteTransition = null, displayChange = null, flags = 0 }
06-24 15:23:39.472 685 28310 D CoreBackPreview: Window{3c90b9f u0 com.baidu.netdisk.tv/com.baidu.netdisk.home.HomeActivity}: Setting back callback null
06-24 15:23:39.488 685 711 V WindowManager: Unknown focus tokens, dropping reportFocusChanged
06-24 15:23:39.493 685 6903 V WindowManager: app ------------- force_land :0
