06-24 15:11:13.090 0 0 W : [3 T1046 ..] [SP FRAME TX] arp rsp,vif_idx:0 sender:[1c:79:2d:20:62:cb 192.168.31.30]receiver:[c8:bf:4c:1d:7a:99 192.168.31.1]
06-24 15:11:14.506 0 0 W : [0 T23131 .s] [SP FRAME TX] arp req,vif_idx:0 sender:[1c:79:2d:20:62:cb 192.168.31.30]receiver:[00:00:00:00:00:00 192.168.31.142]
06-24 15:11:14.510 0 0 W : [3 T1046 ..] [SP FRAME RX] arp req,vif_idx:0 sender:[28:7b:11:70:4e:e5 192.168.31.142]receiver:[00:00:00:00:00:00 192.168.31.30]
06-24 15:11:14.511 0 0 W : [3 T1046 ..] [SP FRAME TX] arp rsp,vif_idx:0 sender:[1c:79:2d:20:62:cb 192.168.31.30]receiver:[28:7b:11:70:4e:e5 192.168.31.142]
06-24 15:11:14.542 0 0 W : [3 T1046 ..] [SP FRAME RX] arp rsp,vif_idx:0 sender:[28:7b:11:70:4e:e5 192.168.31.142]receiver:[1c:79:2d:20:62:cb 192.168.31.30]
06-24 15:11:17.008 0 0 I [3 T25281 ..] [amlv4l]: [463]: reset mode: 1, es frames buffering: 0
06-24 15:11:17.008 0 0 D [3 T25281 ..] [h265]: [0]h265:pts_unstable=0
06-24 15:11:17.008 0 0 D [3 T25281 ..] [h265]: [0]h265: ver (201602101,0) decinfo: 0x0 rate=3600
06-24 15:11:17.012 0 0 I [2 T25281 ..] [amlv4l]: [463]: reset mode: 1, es frames buffering: 0
06-24 15:11:17.013 0 0 D [2 T25281 ..] [h265]: [0]h265:pts_unstable=0
06-24 15:11:17.013 0 0 D [2 T25281 ..] [h265]: [0]h265: ver (201602101,0) decinfo: 0x0 rate=3600
06-24 15:11:17.032 0 0 I [1 T25276 ..] [amlv4l]: [463]: reset mode: 1, es frames buffering: 0
06-24 15:11:17.033 0 0 D [1 T25276 ..] [h265]: [0]h265:pts_unstable=0
06-24 15:11:17.033 0 0 D [1 T25276 ..] [h265]: [0]h265: ver (201602101,0) decinfo: 0x0 rate=3600
06-24 15:11:17.034 0 0 W [3 T1878 ..] audit: audit_lost=9911 audit_rate_limit=5 audit_backlog_limit=64
06-24 15:11:17.035 0 0 E [3 T1878 ..] audit: rate limit exceeded
06-24 15:11:17.036 0 0 D [0 T25276 ..] [amlcom]: vdec_release instance 0000000022f78b23, total 1
06-24 15:11:17.036 0 0 I [0 T25276 ..] [amlcom]: dos_local_config end, id 3, is_on 0
06-24 15:11:17.036 0 0 D [0 T25276 ..] [media_clock]: the clk_hevcf_mux clock off, ref cnt: 0
06-24 15:11:17.036 0 0 I : [0 T25276 ..] deinit session
06-24 15:11:17.037 0 0 I : [0 T25276 ..] deinit session producer-2
06-24 15:11:17.037 0 0 I : [0 T25276 ..] deinit has_unusing_fifo [1]
06-24 15:11:17.038 0 0 I : [2 T98 ..] p_fifo[2] name[aml-vcodec-dec] state[0] to MP_FIFO_UNUSED
06-24 15:11:17.158 0 0 I [2 T108 ..] dim: unreg:2keep[0], msk:[0x0,0x0]
06-24 15:11:17.158 0 0 I [2 T108 ..] dim: hf:r:ch[2]:cnt[0]
06-24 15:11:17.159 0 0 I [2 T108 ..] dim: di_unreg_setting:
06-24 15:11:17.160 0 0 I [1 T360 ..] dim: unreg:use[18]ms
06-24 15:11:17.160 0 0 I [1 T360 ..] dim: ins:destroy:ch[2]:end
06-24 15:11:17.161 0 0 I : [1 T360 ..] di process release
06-24 15:11:17.163 0 0 I [2 T360 ..] vc: [0]vc: set enable index=0, val=0
06-24 15:11:17.163 0 0 I [2 T360 ..] VID: store VD0 path_id changed 2->-1
06-24 15:11:17.164 0 0 I [2 T360 ..] VID: VD1 off
06-24 15:11:17.165 0 0 I [2 T360 ..] VID: VD1 set global output as 0
06-24 15:11:17.165 0 0 I : [2 T360 ..] common_vf_unreg_provider video_render.0: vd1 used:true, vd2 used:false, vd3 used:false, f_wait:true (0 0), b_out:0, cur_buf:00000000c149d856
06-24 15:11:17.202 0 0 I [2 T360 ..] dp_put_file_ext: put_file=ffffff801087c000, file_count=7
06-24 15:11:17.307 0 0 I [0 T265 ..] dp_buf: [0:463]di buf_mgr free
06-24 15:11:24.557 0 0 W : [3 T1041 ..] traffic idle!!
06-24 15:11:25.356 0 0 W : [0 T1046 ..] [SP FRAME RX] DHCP[1 0], vif_idx:0
06-24 15:11:32.632 0 0 W : [2 T1046 ..] [SP FRAME RX] arp req,vif_idx:0 sender:[1c:79:2d:20:62:b5 192.168.31.8]receiver:[00:00:00:00:00:00 192.168.31.30]
06-24 15:11:32.633 0 0 W : [2 T1046 ..] [SP FRAME TX] arp rsp,vif_idx:0 sender:[1c:79:2d:20:62:cb 192.168.31.30]receiver:[1c:79:2d:20:62:b5 192.168.31.8]
06-24 15:11:37.802 0 0 W : [2 T0 .s] [SP FRAME TX] arp req,vif_idx:0 sender:[1c:79:2d:20:62:cb 192.168.31.30]receiver:[00:00:00:00:00:00 192.168.31.8]
06-24 15:11:37.810 0 0 W : [2 T1046 ..] [SP FRAME RX] arp rsp,vif_idx:0 sender:[1c:79:2d:20:62:b5 192.168.31.8]receiver:[1c:79:2d:20:62:cb 192.168.31.30]
06-24 15:11:38.690 0 0 W [0 T23126 ..] audit: audit_lost=9913 audit_rate_limit=5 audit_backlog_limit=64
06-24 15:11:38.690 0 0 E [0 T23126 ..] audit: rate limit exceeded
06-24 15:11:41.456 0 0 W : [3 T1041 ..] traffic busy!!
06-24 15:11:42.993 0 0 W : [3 T1041 ..] traffic idle!!
06-24 15:11:45.894 0 0 W : [2 T1046 ..] [SP FRAME RX] arp req,vif_idx:0 sender:[c8:bf:4c:1d:7a:99 192.168.31.1]receiver:[00:00:00:00:00:00 192.168.31.30]
06-24 15:11:45.895 0 0 W : [2 T1046 ..] [SP FRAME TX] arp rsp,vif_idx:0 sender:[1c:79:2d:20:62:cb 192.168.31.30]receiver:[c8:bf:4c:1d:7a:99 192.168.31.1]
06-24 15:11:46.506 0 0 W : [1 T0 .s] [SP FRAME TX] arp req,vif_idx:0 sender:[1c:79:2d:20:62:cb 192.168.31.30]receiver:[00:00:00:00:00:00 192.168.31.142]
06-24 15:11:46.518 0 0 W : [2 T1046 ..] [SP FRAME RX] arp req,vif_idx:0 sender:[28:7b:11:70:4e:e5 192.168.31.142]receiver:[00:00:00:00:00:00 192.168.31.30]
06-24 15:11:46.519 0 0 W : [2 T1046 ..] [SP FRAME TX] arp rsp,vif_idx:0 sender:[1c:79:2d:20:62:cb 192.168.31.30]receiver:[28:7b:11:70:4e:e5 192.168.31.142]
06-24 15:11:46.531 0 0 W : [2 T1046 ..] [SP FRAME RX] arp rsp,vif_idx:0 sender:[28:7b:11:70:4e:e5 192.168.31.142]receiver:[1c:79:2d:20:62:cb 192.168.31.30]
06-24 15:11:49.322 0 0 W : [0 T24859 ..] [aml_send_sync_trace 4388] sync token[63965]
06-24 15:11:49.322 0 0 W : [0 T24859 ..] >>> aml_send_msg()
06-24 15:11:49.323 0 0 W : [3 T1041 ..] ipc_sdio_host_msgack_handler 000000005f311e0d
06-24 15:11:49.324 0 0 W : [3 T1041 ..] [aml_msgackind 2039] msg ack hostid=0xffffff80ceba1000
06-24 15:11:49.325 0 0 W : [3 T1041 ..] [cmd_mgr_llind 329] cmd tkn[336] flags:0008 result: -4 cmd: 105-MM_SYNC_TRACE - reqcfm( 0-none)
06-24 15:11:49.326 0 0 W : [3 T1041 ..] [cmd_complete 65] cmd tkn[336] flags:0000 result: -4 cmd: 105-MM_SYNC_TRACE - reqcfm( 0-none)
06-24 15:12:03.700 0 0 W : [3 T1046 ..] [SP FRAME RX] arp req,vif_idx:0 sender:[1c:79:2d:20:62:97 192.168.31.228]receiver:[00:00:00:00:00:00 192.168.31.30]
06-24 15:12:03.701 0 0 W : [3 T1046 ..] [SP FRAME TX] arp rsp,vif_idx:0 sender:[1c:79:2d:20:62:cb 192.168.31.30]receiver:[1c:79:2d:20:62:97 192.168.31.228]
06-24 15:12:04.440 0 0 W : [3 T1046 ..] [SP FRAME RX] arp req,vif_idx:0 sender:[28:7b:11:70:4e:e5 192.168.31.142]receiver:[00:00:00:00:00:00 192.168.31.30]
06-24 15:12:04.441 0 0 W : [3 T1046 ..] [SP FRAME TX] arp rsp,vif_idx:0 sender:[1c:79:2d:20:62:cb 192.168.31.30]receiver:[28:7b:11:70:4e:e5 192.168.31.142]
06-24 15:12:06.344 0 0 W : [2 T1041 ..] traffic busy!!
06-24 15:12:09.827 0 0 W : [2 T1041 ..] traffic idle!!
06-24 15:12:10.160 0 0 I [2 T2406 ..] logd: start watching /data/system/packages.list ...
06-24 15:12:10.161 0 0 I [2 T2406 ..] logd: ReadPackageList, total packages: 99
06-24 15:12:10.184 0 0 I [0 T216 ..] servicemanager: Since 'artd' could not be found, trying to start it as a lazy AIDL service. (if it's not configured to be a lazy service, it may be stuck starting or still starting).
06-24 15:12:10.228 0 0 I [1 T216 ..] BpBinder: onLastStrongRef automatically unlinking death recipients:
06-24 15:12:10.230 0 0 I [1 T216 ..] servicemanager: Notifying artd they do (previously: don't) have clients when service is guaranteed to be in use
06-24 15:12:12.372 0 0 I [3 T216 ..] servicemanager: Found android.hardware.graphics.allocator.IAllocator/default in device VINTF manifest.
06-24 15:12:12.374 0 0 I [0 T216 ..] servicemanager: Found android.hardware.graphics.allocator.IAllocator/default in device VINTF manifest.
06-24 15:12:16.171 0 0 W [1 T26403 ..] audit: audit_lost=9914 audit_rate_limit=5 audit_backlog_limit=64
06-24 15:12:16.172 0 0 E [1 T26403 ..] audit: rate limit exceeded
06-24 15:12:16.423 0 0 I [3 T216 ..] servicemanager: Notifying artd they don't (previously: do) have clients when we now have no record of a client
06-24 15:12:16.425 0 0 I [3 T216 ..] servicemanager: Unregistering artd
06-24 15:12:16.425 0 0 I [3 T216 ..] BpBinder: onLastStrongRef automatically unlinking death recipients:
06-24 15:12:17.600 0 0 W [1 T26629 ..] audit: audit_lost=9953 audit_rate_limit=5 audit_backlog_limit=64
06-24 15:12:17.603 0 0 E [1 T26629 ..] audit: rate limit exceeded
06-24 15:12:17.612 0 0 W : [3 T1041 ..] traffic busy!!
06-24 15:12:18.506 0 0 W : [2 T0 .s] [SP FRAME TX] arp req,vif_idx:0 sender:[1c:79:2d:20:62:cb 192.168.31.30]receiver:[00:00:00:00:00:00 192.168.31.142]
06-24 15:12:18.620 0 0 W : [2 T1046 ..] [SP FRAME RX] arp rsp,vif_idx:0 sender:[28:7b:11:70:4e:e5 192.168.31.142]receiver:[1c:79:2d:20:62:cb 192.168.31.30]
06-24 15:12:18.697 0 0 W : [2 T1046 ..] [SP FRAME RX] arp req,vif_idx:0 sender:[c8:bf:4c:1d:7a:99 192.168.31.1]receiver:[00:00:00:00:00:00 192.168.31.30]
06-24 15:12:18.698 0 0 W : [2 T1046 ..] [SP FRAME TX] arp rsp,vif_idx:0 sender:[1c:79:2d:20:62:cb 192.168.31.30]receiver:[c8:bf:4c:1d:7a:99 192.168.31.1]
06-24 15:12:19.883 0 0 W [2 T25964 ..] audit: audit_lost=10109 audit_rate_limit=5 audit_backlog_limit=64
06-24 15:12:19.884 0 0 E [2 T25964 ..] audit: rate limit exceeded
06-24 15:12:21.831 0 0 I [0 T2406 ..] logd: start watching /data/system/packages.list ...
06-24 15:12:21.833 0 0 I [0 T2406 ..] logd: ReadPackageList, total packages: 99
06-24 15:12:22.323 0 0 W : [3 T1041 ..] traffic idle!!
06-24 15:12:22.694 0 0 W [0 T26947 ..] audit: audit_lost=10113 audit_rate_limit=5 audit_backlog_limit=64
06-24 15:12:22.695 0 0 E [0 T26947 ..] audit: rate limit exceeded
06-24 15:12:23.544 0 0 I [2 T216 ..] servicemanager: Found android.hardware.graphics.allocator.IAllocator/default in device VINTF manifest.
06-24 15:12:23.547 0 0 I [0 T216 ..] servicemanager: Found android.hardware.graphics.allocator.IAllocator/default in device VINTF manifest.
06-24 15:12:25.306 0 0 W [2 T27229 ..] audit: audit_lost=10120 audit_rate_limit=5 audit_backlog_limit=64
06-24 15:12:25.309 0 0 E [2 T27229 ..] audit: rate limit exceeded
06-24 15:12:27.725 0 0 W [1 T23126 ..] audit: audit_lost=10326 audit_rate_limit=5 audit_backlog_limit=64
06-24 15:12:27.726 0 0 E [1 T23126 ..] audit: rate limit exceeded
06-24 15:12:29.786 0 0 W : [3 T1046 ..] [SP FRAME RX] arp req,vif_idx:0 sender:[28:7b:11:70:4e:e5 192.168.31.142]receiver:[00:00:00:00:00:00 192.168.31.30]
06-24 15:12:29.787 0 0 W : [3 T1046 ..] [SP FRAME TX] arp rsp,vif_idx:0 sender:[1c:79:2d:20:62:cb 192.168.31.30]receiver:[28:7b:11:70:4e:e5 192.168.31.142]
06-24 15:12:30.064 0 0 W [1 T27481 ..] audit: audit_lost=10344 audit_rate_limit=5 audit_backlog_limit=64
06-24 15:12:30.065 0 0 E [1 T27481 ..] audit: rate limit exceeded
06-24 15:12:31.644 0 0 W : [2 T1041 ..] traffic busy!!
06-24 15:12:31.880 0 0 W [1 T25964 ..] audit: audit_lost=10892 audit_rate_limit=5 audit_backlog_limit=64
06-24 15:12:31.881 0 0 E [1 T25964 ..] audit: rate limit exceeded
06-24 15:12:32.042 0 0 E : [3 T27608 ..] mediaproxy produce init [aml-vcodec-dec]
06-24 15:12:32.042 0 0 I : [3 T27608 ..] Mediaproxy is opened name[aml-vcodec-dec]\n
06-24 15:12:32.042 0 0 I : [3 T27608 ..] Mediaproxy is opened name[aml-vcodec-dec] end\n
06-24 15:12:32.045 0 0 E : [3 T27608 ..] mediaproxy produce start connect
06-24 15:12:32.046 0 0 I : [3 T27608 ..] find p kfifo size:[32][2]
06-24 15:12:32.046 0 0 I : [3 T27608 ..] mediaproxy_get_fifo get idx[2]
06-24 15:12:32.047 0 0 I : [3 T27608 ..] Session producer-2 is connected fifo idx [2]
06-24 15:12:32.048 0 0 E : [3 T27608 ..] mediaproxy produce connect [2]
06-24 15:12:32.048 0 0 I : [3 T27608 ..] mediaproxy produce msg type :0x40 module_name:aml-vcodec-dec
06-24 15:12:32.063 0 0 I : [1 T27608 ..] deinit session
06-24 15:12:32.063 0 0 I : [1 T27608 ..] deinit session producer-2
06-24 15:12:32.064 0 0 I : [1 T27608 ..] deinit has_unusing_fifo [1]
06-24 15:12:32.064 0 0 I : [0 T98 ..] p_fifo[2] name[aml-vcodec-dec] state[0] to MP_FIFO_UNUSED
06-24 15:12:32.066 0 0 E : [1 T27608 ..] mediaproxy produce init [aml-vcodec-dec]
06-24 15:12:32.066 0 0 I : [1 T27608 ..] Mediaproxy is opened name[aml-vcodec-dec]\n
06-24 15:12:32.066 0 0 I : [1 T27608 ..] Mediaproxy is opened name[aml-vcodec-dec] end\n
06-24 15:12:32.067 0 0 E : [1 T27608 ..] mediaproxy produce start connect
06-24 15:12:32.069 0 0 I : [1 T27608 ..] find p kfifo size:[32][2]
06-24 15:12:32.069 0 0 I : [1 T27608 ..] mediaproxy_get_fifo get idx[2]
06-24 15:12:32.070 0 0 I : [1 T27608 ..] Session producer-2 is connected fifo idx [2]
06-24 15:12:32.071 0 0 E : [1 T27608 ..] mediaproxy produce connect [2]
06-24 15:12:32.071 0 0 I : [1 T27608 ..] mediaproxy produce msg type :0x40 module_name:aml-vcodec-dec
06-24 15:12:32.073 0 0 I : [0 T27608 ..] deinit session
06-24 15:12:32.073 0 0 I : [0 T27608 ..] deinit session producer-2
06-24 15:12:32.074 0 0 I : [0 T27608 ..] deinit has_unusing_fifo [1]
06-24 15:12:32.074 0 0 I : [1 T98 ..] p_fifo[2] name[aml-vcodec-dec] state[0] to MP_FIFO_UNUSED
06-24 15:12:32.076 0 0 I : [1 T27608 ..] codec mem info:
06-24 15:12:32.076 0 0 I : [1 T27608 ..] total codec mem size:364 MB
06-24 15:12:32.077 0 0 I : [1 T27608 ..] alloced size= 0 MB
06-24 15:12:32.078 0 0 I : [1 T27608 ..] max alloced: 119 MB
06-24 15:12:32.078 0 0 I [1 T27608 ..] CMA: 0,RES:0,TVP:0,SYS:0,COHER:0,VMAPED:0 MB
06-24 15:12:32.079 0 0 I [1 T27608 ..] RES_EXT: 0 MB
06-24 15:12:32.081 0 0 I : [1 T27608 ..] [4]CMA size:364 MB:alloced: 0 MB,free:364 MB
06-24 15:12:32.081 0 0 I : [1 T27608 ..] codec mem info:
06-24 15:12:32.082 0 0 I : [1 T27608 ..] total codec mem size:364 MB
06-24 15:12:32.082 0 0 I : [1 T27608 ..] alloced size= 0 MB
06-24 15:12:32.083 0 0 I : [1 T27608 ..] max alloced: 119 MB
06-24 15:12:32.083 0 0 I [1 T27608 ..] CMA: 0,RES:0,TVP:0,SYS:0,COHER:0,VMAPED:0 MB
06-24 15:12:32.084 0 0 I [1 T27608 ..] RES_EXT: 0 MB
06-24 15:12:32.084 0 0 I : [1 T27608 ..] [4]CMA size:364 MB:alloced: 0 MB,free:364 MB
06-24 15:12:32.086 0 0 E : [2 T27618 ..] mediaproxy produce init [aml-vcodec-dec]
06-24 15:12:32.086 0 0 I : [2 T27618 ..] Mediaproxy is opened name[aml-vcodec-dec]\n
06-24 15:12:32.086 0 0 I : [2 T27618 ..] Mediaproxy is opened name[aml-vcodec-dec] end\n
06-24 15:12:32.087 0 0 E : [2 T27618 ..] mediaproxy produce start connect
06-24 15:12:32.089 0 0 I : [2 T27618 ..] find p kfifo size:[32][2]
06-24 15:12:32.089 0 0 I : [2 T27618 ..] mediaproxy_get_fifo get idx[2]
06-24 15:12:32.090 0 0 I : [2 T27618 ..] Session producer-2 is connected fifo idx [2]
06-24 15:12:32.091 0 0 E : [2 T27618 ..] mediaproxy produce connect [2]
06-24 15:12:32.091 0 0 I : [2 T27618 ..] mediaproxy produce msg type :0x40 module_name:aml-vcodec-dec
06-24 15:12:32.097 0 0 I : [1 T27618 ..] deinit session
06-24 15:12:32.098 0 0 I : [1 T27618 ..] deinit session producer-2
06-24 15:12:32.098 0 0 I : [1 T27618 ..] deinit has_unusing_fifo [1]
06-24 15:12:32.099 0 0 I : [2 T98 ..] p_fifo[2] name[aml-vcodec-dec] state[0] to MP_FIFO_UNUSED
06-24 15:12:32.099 0 0 E : [1 T27618 ..] mediaproxy produce init [aml-vcodec-dec]
06-24 15:12:32.100 0 0 I : [1 T27618 ..] Mediaproxy is opened name[aml-vcodec-dec]\n
06-24 15:12:32.100 0 0 I : [1 T27618 ..] Mediaproxy is opened name[aml-vcodec-dec] end\n
06-24 15:12:32.101 0 0 E : [1 T27618 ..] mediaproxy produce start connect
06-24 15:12:32.103 0 0 I : [1 T27618 ..] find p kfifo size:[32][2]
06-24 15:12:32.103 0 0 I : [1 T27618 ..] mediaproxy_get_fifo get idx[2]
06-24 15:12:32.104 0 0 I : [1 T27618 ..] Session producer-2 is connected fifo idx [2]
06-24 15:12:32.105 0 0 E : [1 T27618 ..] mediaproxy produce connect [2]
06-24 15:12:32.105 0 0 I : [1 T27618 ..] mediaproxy produce msg type :0x40 module_name:aml-vcodec-dec
06-24 15:12:32.107 0 0 I [1 T27618 ..] [amlv4l]: [467]: DW:10, TW:0, Margin:6
06-24 15:12:32.108 0 0 D [0 T27623 ..] [amlcom]: vdec_create instance 0000000007e4f28c, total 1, PM: power-domain
06-24 15:12:32.108 0 0 D [0 T27623 ..] [media_clock]: vdec mux clock is 799999988 Hz
06-24 15:12:32.108 0 0 I [0 T27623 ..] [amlcom]: dos_local_config end, id 0, is_on 1
06-24 15:12:32.109 0 0 I [0 T27623 ..] [amlcom]: vdec_init, dev_name:ammvdec_h264_v4l, vdec_type=VDEC_TYPE_FRAME_BLOCK, format: 2, total: 1
06-24 15:12:32.111 0 0 D [3 T27623 ..] [h264]: 0: pdata->config=parm_v4l_codec_enable:1;mh264_double_write_mode:16;parm_v4l_buffer_margin:6;parm_v4l_canvas_mem_mode:0;parm_v4l_canvas_mem_endian:0;parm_v4l_low_latency_mode:0;parm_v4l_metadata_config_flag:1050626;parm_v4l_duration:0;parm_v4l_error_handle_info:0;
06-24 15:12:32.111 0 0 D [3 T27623 ..] [h264]: 0: ammvdec_h264_probe error_proc_policy 0x813fcff7 mb_count_threshold 0
06-24 15:12:32.111 0 0 D [3 T27623 ..] [h264]: ammvdec_h264_bmmu_init tvp = 0x0
06-24 15:12:32.115 0 0 D [0 T27623 ..] [media_clock]: vdec mux clock is 799999988 Hz
06-24 15:12:32.115 0 0 D [0 T27623 ..] [h264]: vh264_init, phy_addr=cee29000 vaddr=00000000aec69b97
06-24 15:12:32.116 0 0 I [2 T27608 ..] [amlv4l]: [467]: set vf duration: c80
06-24 15:12:32.148 0 0 D [1 T10746 ..] [h264]: 0: vmh264_get_ps_info mmu_enable 0 double_write_mode 0x10
06-24 15:12:32.148 0 0 I [1 T10746 ..] [amlv4l]: [467]: Parse from ucode, visible(1920 x 1080), coded(1920 x 1088), scan:P, bitdepth(0), dw(10)
06-24 15:12:32.148 0 0 I [2 T27623 ..] [amlv4l]: [467]: Picture buffer count: dec:3, vpp:0, ge2d:0, margin:6, total:9
06-24 15:12:32.150 0 0 D [2 T27623 ..] [amlv4l]: [467]: Post event: res chg
06-24 15:12:32.162 0 0 D [2 T10746 ..] [h264]: 0: restriction_flag=0, max_dec_frame_buffering=2, dec_dpb_size=3 num_reorder_frames 1 used_reorder_dpb_size_margin 6
06-24 15:12:32.169 0 0 D [0 T239 ..] [h264]: 0: decoder duration change old: 0 new: 3840
06-24 15:12:32.213 0 0 I : [3 T360 ..] di_process_open iminor(inode) =0
06-24 15:12:32.214 0 0 I [3 T360 ..] dim: reg:use[1]ms
06-24 15:12:32.214 0 0 I [3 T360 ..] dim: ins:create:ch[2],tmode[3]
06-24 15:12:32.214 0 0 I [3 T360 ..] dim: out:0x80000000
06-24 15:12:32.219 0 0 E [0 T360 ..] dp: [0]no hdr10+ data.
06-24 15:12:32.219 0 0 E [0 T360 ..] dp: [0]no meta_data.
06-24 15:12:32.219 0 0 E [0 T360 ..] dp: [0]invalid ud param.
06-24 15:12:32.220 0 0 I [2 T108 ..] dim: value reg:ch[2]:fix_buf:0;ponly <0,0> post_nub=5
06-24 15:12:32.221 0 0 I [1 T360 ..] VID: VD1 off
06-24 15:12:32.221 0 0 I [2 T108 ..] dim: di_cnt_i_buf1:tvp:0
06-24 15:12:32.221 0 0 I [0 T360 ..] vc: [0]vc: set enable index=0, val=1
06-24 15:12:32.222 0 0 I [2 T108 ..] dim: di_reg_setting:ch[2]:for first ch reg:
06-24 15:12:32.222 0 0 I [3 T360 ..] VID: VD1 off
06-24 15:12:32.223 0 0 I [2 T108 ..] dim: ch[2]:reg:mem cfg[0][0][0]
06-24 15:12:32.224 0 0 I [1 T360 ..] VID: VD1 set global output as 1
06-24 15:12:32.224 0 0 I [2 T108 ..] dim: ch[2]:bypass change:i:0->1:0x60
06-24 15:12:32.225 0 0 I [0 T360 ..] VID: store VD0 path_id changed -1->2
06-24 15:12:32.226 0 0 I [2 T360 ..] vc: [0]sideband_type =-1
06-24 15:12:32.262 0 0 I [1 T314 ..] dim: pq i:rm 0x1000
06-24 15:12:32.263 0 0 I [1 T314 ..] dim: pq i:rm 0x2000
06-24 15:12:32.266 0 0 I [1 T314 ..] dim: pq i:rm 0x200
06-24 15:12:32.268 0 0 I [1 T314 ..] dim: pq i:rm 0x800
06-24 15:12:34.771 0 0 W [1 T27420 ..] audit: audit_lost=10893 audit_rate_limit=5 audit_backlog_limit=64
06-24 15:12:34.771 0 0 E [1 T27420 ..] audit: rate limit exceeded
06-24 15:12:36.474 0 0 I : [3 T25574 ..] swap free low(MB):848/1213, ratio=70, enable cma now!
06-24 15:12:39.932 0 0 W [2 T13942 ..] audit: audit_lost=10906 audit_rate_limit=5 audit_backlog_limit=64
06-24 15:12:39.932 0 0 E [2 T13942 ..] audit: rate limit exceeded
06-24 15:12:40.290 0 0 I [2 T108 ..] dim: unreg:2keep[0], msk:[0x0,0x0]
06-24 15:12:40.290 0 0 I [2 T108 ..] dim: hf:r:ch[2]:cnt[0]
06-24 15:12:40.291 0 0 I [2 T108 ..] dim: di_unreg_setting:
06-24 15:12:40.292 0 0 I [0 T360 ..] dim: unreg:use[17]ms
06-24 15:12:40.292 0 0 I [0 T360 ..] dim: ins:destroy:ch[2]:end
06-24 15:12:40.293 0 0 I : [0 T360 ..] di process release
06-24 15:12:40.296 0 0 I [0 T360 ..] vc: [0]vc: set enable index=0, val=0
06-24 15:12:40.296 0 0 I [0 T360 ..] VID: store VD0 path_id changed 2->-1
06-24 15:12:40.296 0 0 I [0 T360 ..] VID: VD1 off
06-24 15:12:40.297 0 0 I [0 T360 ..] VID: VD1 set global output as 0
06-24 15:12:40.297 0 0 I : [0 T360 ..] common_vf_unreg_provider video_render.0: vd1 used:true, vd2 used:false, vd3 used:false, f_wait:true (0 0), b_out:0, cur_buf:00000000c149d856
06-24 15:12:40.317 0 0 I [0 T360 ..] dp_put_file_ext: put_file=ffffff80491e4640, file_count=20 --------- beginning of system
06-24 15:12:40.700 685 708 V WindowManager: Sent Transition #278 createdAt=06-24 15:12:40.113 via request=TransitionRequestInfo { type = 1, triggerTask = TaskInfo{userId=0 taskId=108 displayId=0 isRunning=true baseIntent=Intent { act=android.intent.action.MAIN cat=[android.intent.category.LAUNCHER] flg=0x10000000 pkg=com.dangbei.health.fitness cmp=com.dangbei.health.fitness/.ui.SplashActivity } baseActivity=ComponentInfo{com.dangbei.health.fitness/com.dangbei.health.fitness.ui.home.HomeActivity} topActivity=ComponentInfo{com.dangbei.health.fitness/com.dangbei.health.fitness.ui.login.LoginActivity} origActivity=null realActivity=ComponentInfo{com.dangbei.health.fitness/com.dangbei.health.fitness.ui.SplashActivity} numActivities=3 lastActiveTime=14568022 supportsMultiWindow=true resizeMode=1 isResizeable=true minWidth=-1 minHeight=-1 defaultMinSize=220 token=WCT{RemoteToken{3a2d223 Task{8967216 #108 type=standard A=10093:com.dangbei.health.fitness}}} topActivityType=1 pictureInPictureParams=null shouldDockBigOverlays=true launchIntoPipHostTaskId=-1 lastParentTaskIdBeforePip=-1 displayCutoutSafeInsets=null topActivityInfo=ActivityInfo{7b3736a com.dangbei.health.fitness.ui.login.LoginActivity} launchCookies=[] positionInParent=Point(0, 0) parentTaskId=-1 isFocused=true isVisible=true isVisibleRequested=true isSleeping=false topActivityInSizeCompat=false topActivityEligibleForLetterboxEducation= false isLetterboxDoubleTapEnabled= false topActivityEligibleForUserAspectRatioButton= false topActivityBoundsLetterboxed= false isFromLetterboxDoubleTap= false topActivityLetterboxVerticalPosition= -1 topActivityLetterboxHorizontalPosition= -1 topActivityLetterboxWidth=-1 topActivityLetterboxHeight=-1 isUserFullscreenOverrideEnabled=false isTopActivityTransparent=true locusId=null displayAreaFeatureId=1 cameraCompatControlState=hidden}, remoteTransition = null, displayChange = null, flags = 0 }
06-24 15:12:40.700 901 979 V WindowManagerShell: Playing animation for (#278)android.os.BinderProxy@3fa4e35@0
06-24 15:12:40.700 685 708 V WindowManager: startWCT=WindowContainerTransaction { changes = {} hops = [] errorCallbackToken=null taskFragmentOrganizer=null }
06-24 15:12:40.700 901 979 V WindowManagerShell: try handler com.android.wm.shell.keyguard.KeyguardTransitionHandler@24e2028
06-24 15:12:40.701 685 708 V WindowManager: info={id=278 t=OPEN f=0x0 trk=0 r=[0@Point(0, 0)] c=[{null m=OPEN f=FILLS_TASK leash=Surface(name=ActivityRecord{8f269fe u0 com.dangbei.health.fitness/com.dangbei.userprovider.ui.signup.SignUpActivity)/@0xe33200c sb=Rect(0, 0 - 0, 0) eb=Rect(0, 0 - 1920, 1080) d=-1->0 r=-1->0:-1},{null m=TO_BACK f=FILLS_TASK leash=Surface(name=ActivityRecord{402b3e6 u0 com.dangbei.health.fitness/.ui.detail.ThemeDetailActivity)/@0xe398f1e sb=Rect(0, 0 - 1920, 1080) eb=Rect(0, 0 - 1920, 1080) d=0}]}
06-24 15:12:40.701 901 979 V WindowManagerShell: try handler com.android.wm.shell.pip.tv.TvPipTransition@1141
06-24 15:12:40.701 901 979 V WindowManagerShell: try handler com.android.wm.shell.activityembedding.ActivityEmbeddingController@e8f56e6
06-24 15:12:40.701 901 979 V WindowManagerShell: try handler com.android.wm.shell.transition.RemoteTransitionHandler@b664427
06-24 15:12:40.701 901 979 V WindowManagerShell: Transition doesn't have explicit remote, search filters for match for {id=278 t=OPEN f=0x0 trk=0 r=[0@Point(0, 0)] c=[{null m=OPEN f=FILLS_TASK leash=Surface(name=ActivityRecord{8f269fe u0 com.dangbei.health.fitness/com.dangbei.userprovider.ui.signup.SignUpActivity)/@0x84d5f58 sb=Rect(0, 0 - 0, 0) eb=Rect(0, 0 - 1920, 1080) d=-1->0 r=-1->0:-1},{null m=TO_BACK f=FILLS_TASK leash=Surface(name=ActivityRecord{402b3e6 u0 com.dangbei.health.fitness/.ui.detail.ThemeDetailActivity)/@0x20e98b1 sb=Rect(0, 0 - 1920, 1080) eb=Rect(0, 0 - 1920, 1080) d=0}]}
06-24 15:12:40.701 901 979 V WindowManagerShell: Delegate animation for #278 to null
06-24 15:12:40.701 901 979 V WindowManagerShell: try handler com.android.wm.shell.transition.DefaultTransitionHandler@7916d4
06-24 15:12:40.702 901 979 V WindowManagerShell: start default transition animation, info = {id=278 t=OPEN f=0x0 trk=0 r=[0@Point(0, 0)] c=[{null m=OPEN f=FILLS_TASK leash=Surface(name=ActivityRecord{8f269fe u0 com.dangbei.health.fitness/com.dangbei.userprovider.ui.signup.SignUpActivity)/@0x84d5f58 sb=Rect(0, 0 - 0, 0) eb=Rect(0, 0 - 1920, 1080) d=-1->0 r=-1->0:-1},{null m=TO_BACK f=FILLS_TASK leash=Surface(name=ActivityRecord{402b3e6 u0 com.dangbei.health.fitness/.ui.detail.ThemeDetailActivity)/@0x20e98b1 sb=Rect(0, 0 - 1920, 1080) eb=Rect(0, 0 - 1920, 1080) d=0}]}
06-24 15:12:40.704 901 979 V WindowManagerShell: animated by com.android.wm.shell.transition.DefaultTransitionHandler@7916d4
06-24 15:12:40.733 685 709 W ContextImpl: Calling a method in the system process without a qualified user: android.app.ContextImpl.startService:1899 com.android.server.wm.DisplayPolicy.lambda$focusChangedLw$5:2126 com.android.server.wm.DisplayPolicy.$r8$lambda$Znxk63oh-WzVnzo_WQefN7uxV48:0 com.android.server.wm.DisplayPolicy$$ExternalSyntheticLambda13.run:0 android.os.Handler.handleCallback:958
06-24 15:12:41.009 901 979 V WindowManagerShell: Transition animation finished (aborted=false), notifying core (#278)android.os.BinderProxy@3fa4e35@0
06-24 15:12:41.011 685 708 V WindowManager: Finish Transition #278: created at
06-24 15:12:40.113 collect-started=0.089ms request-sent=8.228ms started=10.623ms ready=269.199ms sent=584.7ms finished=896.684ms
06-24 15:12:41.013 901 979 V WindowManagerShell: Track 0 became idle
06-24 15:12:41.013 901 979 V WindowManagerShell: All active transition animations finished
06-24 15:12:41.113 0 0 I [2 T27623 ..] [amlv4l]: [467]: reset mode: 1, es frames buffering: 2
06-24 15:12:41.115 0 0 I [2 T27623 ..] [amlv4l]: [467]: reset mode: 1, es frames buffering: 0
06-24 15:12:41.122 0 0 I [2 T27623 ..] [amlv4l]: [467]: reset mode: 1, es frames buffering: 0
06-24 15:12:41.125 0 0 I [2 T27623 ..] [amlv4l]: [467]: reset mode: 1, es frames buffering: 0
06-24 15:12:41.129 0 0 I [1 T27618 ..] [amlv4l]: [467]: reset mode: 1, es frames buffering: 0
06-24 15:12:41.133 0 0 D [3 T27618 ..] [amlcom]: vdec_release instance 0000000007e4f28c, total 1
06-24 15:12:41.133 0 0 I [1 T27618 ..] [amlcom]: dos_local_config end, id 0, is_on 0
06-24 15:12:41.134 0 0 D [1 T27618 ..] [media_clock]: the clk_vdec_mux clock off, ref cnt: 0
06-24 15:12:41.134 0 0 I : [1 T27618 ..] deinit session
06-24 15:12:41.134 0 0 I : [1 T27618 ..] deinit session producer-2
06-24 15:12:41.135 0 0 I : [1 T27618 ..] deinit has_unusing_fifo [1]
06-24 15:12:41.141 0 0 I : [1 T98 ..] p_fifo[2] name[aml-vcodec-dec] state[0] to MP_FIFO_UNUSED
06-24 15:12:42.264 685 709 D AutofillManagerService: onBackKeyPressed()
06-24 15:12:42.295 901 979 V WindowManagerShell: Transition requested: android.os.BinderProxy@867c122 TransitionRequestInfo { type = 2, triggerTask = null, remoteTransition = null, displayChange = null, flags = 0 }
06-24 15:12:42.298 685 9098 D CoreBackPreview: Window{145a075 u0 com.dangbei.health.fitness/com.dangbei.health.fitness.ui.login.LoginActivity}: Setting back callback null
06-24 15:12:42.302 685 717 W UsageStatsService: Unexpected activity event reported! (com.dangbei.health.fitness/com.dangbei.health.fitness.ui.login.LoginActivity event : 23 instanceId : 224963589)
06-24 15:12:42.313 685 9098 V WindowManager: app ------------- force_land :0
06-24 15:12:42.404 685 708 V WindowManager: Sent Transition #279 createdAt=06-24 15:12:42.291 via request=TransitionRequestInfo { type = 2, triggerTask = null, remoteTransition = null, displayChange = null, flags = 0 }
06-24 15:12:42.404 685 708 V WindowManager: startWCT=WindowContainerTransaction { changes = {} hops = [] errorCallbackToken=null taskFragmentOrganizer=null }
06-24 15:12:42.404 685 708 V WindowManager: info={id=279 t=CLOSE f=0x0 trk=0 r=[0@Point(0, 0)] c=[{null m=CLOSE f=FILLS_TASK leash=Surface(name=ActivityRecord{8f269fe u0 com.dangbei.health.fitness/com.dangbei.userprovider.ui.signup.SignUpActivity)/@0xe33200c sb=Rect(0, 0 - 1920, 1080) eb=Rect(0, 0 - 1920, 1080) d=0},{null m=TO_FRONT f=FILLS_TASK leash=Surface(name=ActivityRecord{402b3e6 u0 com.dangbei.health.fitness/.ui.detail.ThemeDetailActivity)/@0xe398f1e sb=Rect(0, 0 - 1920, 1080) eb=Rect(0, 0 - 1920, 1080) d=0}]}
06-24 15:12:42.405 901 979 V WindowManagerShell: onTransitionReady android.os.BinderProxy@867c122: {id=279 t=CLOSE f=0x0 trk=0 r=[0@Point(0, 0)] c=[{null m=CLOSE f=FILLS_TASK leash=Surface(name=ActivityRecord{8f269fe u0 com.dangbei.health.fitness/com.dangbei.userprovider.ui.signup.SignUpActivity)/@0x351c7b3 sb=Rect(0, 0 - 1920, 1080) eb=Rect(0, 0 - 1920, 1080) d=0},{null m=TO_FRONT f=FILLS_TASK leash=Surface(name=ActivityRecord{402b3e6 u0 com.dangbei.health.fitness/.ui.detail.ThemeDetailActivity)/@0xc1cc170 sb=Rect(0, 0 - 1920, 1080) eb=Rect(0, 0 - 1920, 1080) d=0}]}
06-24 15:12:42.405 901 979 V WindowManagerShell: Playing animation for (#279)android.os.BinderProxy@867c122@0
06-24 15:12:42.406 901 979 V WindowManagerShell: try handler com.android.wm.shell.keyguard.KeyguardTransitionHandler@24e2028
06-24 15:12:42.406 901 979 V WindowManagerShell: try handler com.android.wm.shell.pip.tv.TvPipTransition@1141
06-24 15:12:42.406 901 979 V WindowManagerShell: try handler com.android.wm.shell.activityembedding.ActivityEmbeddingController@e8f56e6
06-24 15:12:42.406 901 979 V WindowManagerShell: try handler com.android.wm.shell.transition.RemoteTransitionHandler@b664427
06-24 15:12:42.406 901 979 V WindowManagerShell: Transition doesn't have explicit remote, search filters for match for {id=279 t=CLOSE f=0x0 trk=0 r=[0@Point(0, 0)] c=[{null m=CLOSE f=FILLS_TASK leash=Surface(name=ActivityRecord{8f269fe u0 com.dangbei.health.fitness/com.dangbei.userprovider.ui.signup.SignUpActivity)/@0x351c7b3 sb=Rect(0, 0 - 1920, 1080) eb=Rect(0, 0 - 1920, 1080) d=0},{null m=TO_FRONT f=FILLS_TASK leash=Surface(name=ActivityRecord{402b3e6 u0 com.dangbei.health.fitness/.ui.detail.ThemeDetailActivity)/@0xc1cc170 sb=Rect(0, 0 - 1920, 1080) eb=Rect(0, 0 - 1920, 1080) d=0}]}
06-24 15:12:42.406 901 979 V WindowManagerShell: Delegate animation for #279 to null
06-24 15:12:42.406 901 979 V WindowManagerShell: try handler com.android.wm.shell.transition.DefaultTransitionHandler@7916d4
06-24 15:12:42.406 901 979 V WindowManagerShell: start default transition animation, info = {id=279 t=CLOSE f=0x0 trk=0 r=[0@Point(0, 0)] c=[{null m=CLOSE f=FILLS_TASK leash=Surface(name=ActivityRecord{8f269fe u0 com.dangbei.health.fitness/com.dangbei.userprovider.ui.signup.SignUpActivity)/@0x351c7b3 sb=Rect(0, 0 - 1920, 1080) eb=Rect(0, 0 - 1920, 1080) d=0},{null m=TO_FRONT f=FILLS_TASK leash=Surface(name=ActivityRecord{402b3e6 u0 com.dangbei.health.fitness/.ui.detail.ThemeDetailActivity)/@0xc1cc170 sb=Rect(0, 0 - 1920, 1080) eb=Rect(0, 0 - 1920, 1080) d=0}]}
06-24 15:12:42.407 901 979 V WindowManagerShell: loadAnimation: anim=android.view.animation.AlphaAnimation@9172c0f animAttr=0x6 type=CLOSE isEntrance=true
06-24 15:12:42.408 901 979 V WindowManagerShell: loadAnimation: anim=android.view.animation.AlphaAnimation@e5c2ea5 animAttr=0x7 type=CLOSE isEntrance=false
06-24 15:12:42.414 901 979 V WindowManagerShell: animated by com.android.wm.shell.transition.DefaultTransitionHandler@7916d4
06-24 15:12:42.418 901 979 D WindowManagerShell: TvPipController: onTaskStackChanged()
06-24 15:12:42.447 685 709 W ContextImpl: Calling a method in the system process without a qualified user: android.app.ContextImpl.startService:1899 com.android.server.wm.DisplayPolicy.lambda$focusChangedLw$5:2126 com.android.server.wm.DisplayPolicy.$r8$lambda$Znxk63oh-WzVnzo_WQefN7uxV48:0 com.android.server.wm.DisplayPolicy$$ExternalSyntheticLambda13.run:0 android.os.Handler.handleCallback:958
06-24 15:12:42.476 0 0 I [0 T265 ..] dp_buf: [0:467]di buf_mgr free
06-24 15:12:42.828 901 979 V WindowManagerShell: Transition animation finished (aborted=false), notifying core (#279)android.os.BinderProxy@867c122@0
06-24 15:12:42.831 685 708 V WindowManager: Finish Transition #279: created at
06-24 15:12:42.291 collect-started=0.087ms request-sent=0.173ms started=5.741ms ready=24.884ms sent=110.123ms finished=539.12ms
06-24 15:12:42.837 901 979 V WindowManagerShell: Track 0 became idle
06-24 15:12:42.837 901 979 V WindowManagerShell: All active transition animations finished
06-24 15:12:42.843 685 3826 D CoreBackPreview: Window{9d27099 u0 com.dangbei.health.fitness/com.dangbei.userprovider.ui.signup.SignUpActivity}: Setting back callback null
06-24 15:12:42.949 0 0 E : [2 T27933 ..] mediaproxy produce init [aml-vcodec-dec]
06-24 15:12:42.949 0 0 I : [2 T27933 ..] Mediaproxy is opened name[aml-vcodec-dec]\n
06-24 15:12:42.949 0 0 I : [2 T27933 ..] Mediaproxy is opened name[aml-vcodec-dec] end\n
06-24 15:12:42.950 0 0 E : [2 T27933 ..] mediaproxy produce start connect
06-24 15:12:42.951 0 0 I : [2 T27933 ..] find p kfifo size:[32][2]
06-24 15:12:42.952 0 0 I : [2 T27933 ..] mediaproxy_get_fifo get idx[2]
06-24 15:12:42.953 0 0 I : [2 T27933 ..] Session producer-2 is connected fifo idx [2]
06-24 15:12:42.955 0 0 E : [2 T27933 ..] mediaproxy produce connect [2]
06-24 15:12:42.955 0 0 I : [2 T27933 ..] mediaproxy produce msg type :0x40 module_name:aml-vcodec-dec
06-24 15:12:42.958 0 0 I : [2 T27933 ..] deinit session
06-24 15:12:42.958 0 0 I : [2 T27933 ..] deinit session producer-2
06-24 15:12:42.959 0 0 I : [2 T27933 ..] deinit has_unusing_fifo [1]
06-24 15:12:42.960 0 0 I : [0 T98 ..] p_fifo[2] name[aml-vcodec-dec] state[0] to MP_FIFO_UNUSED
06-24 15:12:42.960 0 0 E : [2 T27933 ..] mediaproxy produce init [aml-vcodec-dec]
06-24 15:12:42.961 0 0 I : [2 T27933 ..] Mediaproxy is opened name[aml-vcodec-dec]\n
06-24 15:12:42.961 0 0 I : [2 T27933 ..] Mediaproxy is opened name[aml-vcodec-dec] end\n
06-24 15:12:42.963 0 0 E : [2 T27933 ..] mediaproxy produce start connect
06-24 15:12:42.963 0 0 I : [2 T27933 ..] find p kfifo size:[32][2]
06-24 15:12:42.964 0 0 I : [2 T27933 ..] mediaproxy_get_fifo get idx[2]
06-24 15:12:42.965 0 0 I : [2 T27933 ..] Session producer-2 is connected fifo idx [2]
06-24 15:12:42.965 0 0 E : [2 T27933 ..] mediaproxy produce connect [2]
06-24 15:12:42.966 0 0 I : [2 T27933 ..] mediaproxy produce msg type :0x40 module_name:aml-vcodec-dec
06-24 15:12:42.968 0 0 I : [0 T27933 ..] deinit session
06-24 15:12:42.968 0 0 I : [0 T27933 ..] deinit session producer-2
06-24 15:12:42.968 0 0 I : [0 T27933 ..] deinit has_unusing_fifo [1]
06-24 15:12:42.969 0 0 I : [1 T98 ..] p_fifo[2] name[aml-vcodec-dec] state[0] to MP_FIFO_UNUSED
06-24 15:12:42.971 0 0 I : [2 T27933 ..] codec mem info:
06-24 15:12:42.971 0 0 I : [2 T27933 ..] total codec mem size:364 MB
06-24 15:12:42.971 0 0 I : [2 T27933 ..] alloced size= 0 MB
06-24 15:12:42.972 0 0 I : [2 T27933 ..] max alloced: 119 MB
06-24 15:12:42.973 0 0 I [2 T27933 ..] CMA: 0,RES:0,TVP:0,SYS:0,COHER:0,VMAPED:0 MB
06-24 15:12:42.973 0 0 I [2 T27933 ..] RES_EXT: 0 MB
06-24 15:12:42.974 0 0 I : [2 T27933 ..] [4]CMA size:364 MB:alloced: 0 MB,free:364 MB
06-24 15:12:42.975 0 0 I : [1 T27933 ..] codec mem info:
06-24 15:12:42.975 0 0 I : [1 T27933 ..] total codec mem size:364 MB
06-24 15:12:42.976 0 0 I : [1 T27933 ..] alloced size= 0 MB
06-24 15:12:42.976 0 0 I : [1 T27933 ..] max alloced: 119 MB
06-24 15:12:42.977 0 0 I [1 T27933 ..] CMA: 0,RES:0,TVP:0,SYS:0,COHER:0,VMAPED:0 MB
06-24 15:12:42.978 0 0 I [1 T27933 ..] RES_EXT: 0 MB
06-24 15:12:42.978 0 0 I : [1 T27933 ..] [4]CMA size:364 MB:alloced: 0 MB,free:364 MB
06-24 15:12:42.980 0 0 E : [3 T27939 ..] mediaproxy produce init [aml-vcodec-dec]
06-24 15:12:42.981 0 0 I : [3 T27939 ..] Mediaproxy is opened name[aml-vcodec-dec]\n
06-24 15:12:42.981 0 0 I : [3 T27939 ..] Mediaproxy is opened name[aml-vcodec-dec] end\n
06-24 15:12:42.981 0 0 E : [3 T27939 ..] mediaproxy produce start connect
06-24 15:12:42.986 0 0 I : [3 T27939 ..] find p kfifo size:[32][2]
06-24 15:12:42.986 0 0 I : [3 T27939 ..] mediaproxy_get_fifo get idx[2]
06-24 15:12:42.987 0 0 I : [3 T27939 ..] Session producer-2 is connected fifo idx [2]
06-24 15:12:42.988 0 0 E : [3 T27939 ..] mediaproxy produce connect [2]
06-24 15:12:42.988 0 0 I : [3 T27939 ..] mediaproxy produce msg type :0x40 module_name:aml-vcodec-dec
06-24 15:12:42.991 0 0 I : [2 T27939 ..] deinit session
06-24 15:12:42.991 0 0 I : [2 T27939 ..] deinit session producer-2
06-24 15:12:42.991 0 0 I : [2 T27939 ..] deinit has_unusing_fifo [1]
06-24 15:12:42.992 0 0 I : [0 T98 ..] p_fifo[2] name[aml-vcodec-dec] state[0] to MP_FIFO_UNUSED
06-24 15:12:42.992 0 0 E : [2 T27939 ..] mediaproxy produce init [aml-vcodec-dec]
06-24 15:12:42.993 0 0 I : [2 T27939 ..] Mediaproxy is opened name[aml-vcodec-dec]\n
06-24 15:12:42.993 0 0 I : [2 T27939 ..] Mediaproxy is opened name[aml-vcodec-dec] end\n
06-24 15:12:42.994 0 0 E : [2 T27939 ..] mediaproxy produce start connect
06-24 15:12:42.996 0 0 I : [0 T27939 ..] find p kfifo size:[32][2]
06-24 15:12:42.996 0 0 I : [0 T27939 ..] mediaproxy_get_fifo get idx[2]
06-24 15:12:42.997 0 0 I : [0 T27939 ..] Session producer-2 is connected fifo idx [2]
06-24 15:12:42.998 0 0 E : [0 T27939 ..] mediaproxy produce connect [2]
06-24 15:12:42.998 0 0 I : [0 T27939 ..] mediaproxy produce msg type :0x40 module_name:aml-vcodec-dec
06-24 15:12:43.000 0 0 I [0 T27939 ..] [amlv4l]: [471]: DW:10, TW:0, Margin:6
06-24 15:12:43.001 0 0 D [2 T27945 ..] [amlcom]: vdec_create instance 00000000e15cef5e, total 1, PM: power-domain
06-24 15:12:43.001 0 0 D [2 T27945 ..] [media_clock]: vdec mux clock is 799999988 Hz
06-24 15:12:43.002 0 0 I [0 T27945 ..] [amlcom]: dos_local_config end, id 0, is_on 1
06-24 15:12:43.002 0 0 I [0 T27945 ..] [amlcom]: vdec_init, dev_name:ammvdec_h264_v4l, vdec_type=VDEC_TYPE_FRAME_BLOCK, format: 2, total: 1
06-24 15:12:43.005 0 0 D [0 T27945 ..] [h264]: 0: pdata->config=parm_v4l_codec_enable:1;mh264_double_write_mode:16;parm_v4l_buffer_margin:6;parm_v4l_canvas_mem_mode:0;parm_v4l_canvas_mem_endian:0;parm_v4l_low_latency_mode:0;parm_v4l_metadata_config_flag:1050626;parm_v4l_duration:0;parm_v4l_error_handle_info:0;
06-24 15:12:43.005 0 0 D [0 T27945 ..] [h264]: 0: ammvdec_h264_probe error_proc_policy 0x813fcff7 mb_count_threshold 0
06-24 15:12:43.005 0 0 D [0 T27945 ..] [h264]: ammvdec_h264_bmmu_init tvp = 0x0
06-24 15:12:43.011 0 0 D [0 T27945 ..] [media_clock]: vdec mux clock is 799999988 Hz
06-24 15:12:43.011 0 0 D [3 T27945 ..] [h264]: vh264_init, phy_addr=cee29000 vaddr=00000000eed48c12
06-24 15:12:43.012 0 0 I [0 T27933 ..] [amlv4l]: [471]: set vf duration: c80
06-24 15:12:43.049 0 0 D [0 T239 ..] [amlv4l]: [471]: Post event: frame err
06-24 15:12:43.163 0 0 D [3 T24369 ..] [h264]: 0: vmh264_get_ps_info mmu_enable 0 double_write_mode 0x10
06-24 15:12:43.163 0 0 I [3 T24369 ..] [amlv4l]: [471]: Parse from ucode, visible(1920 x 1080), coded(1920 x 1088), scan:P, bitdepth(0), dw(10)
06-24 15:12:43.165 0 0 I [1 T27945 ..] [amlv4l]: [471]: Picture buffer count: dec:3, vpp:0, ge2d:0, margin:6, total:9
06-24 15:12:43.166 0 0 D [1 T27945 ..] [amlv4l]: [471]: Post event: res chg
06-24 15:12:43.180 0 0 D [0 T24369 ..] [h264]: 0: restriction_flag=0, max_dec_frame_buffering=2, dec_dpb_size=3 num_reorder_frames 1 used_reorder_dpb_size_margin 6
06-24 15:12:43.191 0 0 D [0 T239 ..] [h264]: 0: decoder duration change old: 0 new: 3840
06-24 15:12:43.274 0 0 I : [1 T360 ..] di_process_open iminor(inode) =0
06-24 15:12:43.275 0 0 I [1 T360 ..] dim: reg:use[1]ms
06-24 15:12:43.275 0 0 I [1 T360 ..] dim: ins:create:ch[2],tmode[3]
06-24 15:12:43.275 0 0 I [1 T360 ..] dim: out:0x80000000
06-24 15:12:43.288 0 0 E [1 T360 ..] dp: [0]no hdr10+ data.
06-24 15:12:43.288 0 0 E [1 T360 ..] dp: [0]no meta_data.
06-24 15:12:43.288 0 0 E [1 T360 ..] dp: [0]invalid ud param.
06-24 15:12:43.289 0 0 I [2 T108 ..] dim: value reg:ch[2]:fix_buf:0;ponly <0,0> post_nub=5
06-24 15:12:43.289 0 0 I [1 T360 ..] VID: VD1 off
06-24 15:12:43.289 0 0 I [2 T108 ..] dim: di_cnt_i_buf1:tvp:0
06-24 15:12:43.290 0 0 I [1 T360 ..] vc: [0]vc: set enable index=0, val=1
06-24 15:12:43.291 0 0 I [2 T108 ..] dim: di_reg_setting:ch[2]:for first ch reg:
06-24 15:12:43.291 0 0 I [0 T360 ..] VID: VD1 off
06-24 15:12:43.292 0 0 I [2 T108 ..] dim: ch[2]:reg:mem cfg[0][0][0]
06-24 15:12:43.292 0 0 I [0 T360 ..] VID: VD1 set global output as 1
06-24 15:12:43.293 0 0 I [2 T108 ..] dim: ch[2]:bypass change:i:0->1:0x60
06-24 15:12:43.294 0 0 I [0 T360 ..] VID: store VD0 path_id changed -1->2
06-24 15:12:43.295 0 0 I [0 T360 ..] vc: [0]sideband_type =-1
06-24 15:12:43.563 685 718 I ActivityManager: Waited long enough for: ServiceRecord{4523d03 u0 com.cibn.tv/com.yunos.tv.yingshi.vip.hardware.HardwareCheckService}
06-24 15:12:43.634 685 1390 E TaskPersister: File error accessing recents directory (directory doesn't exist?).
06-24 15:12:43.878 685 718 I ActivityManager: Waited long enough for: ServiceRecord{83cd2e0 u0 com.cibn.tv/com.taobao.accs.ChannelService}
06-24 15:12:43.900 0 0 W : [3 T1046 ..] [SP FRAME RX] DHCP[1 0], vif_idx:0
06-24 15:12:46.735 0 0 W [1 T23126 ..] audit: audit_lost=10911 audit_rate_limit=5 audit_backlog_limit=64
06-24 15:12:46.735 0 0 E [1 T23126 ..] audit: rate limit exceeded
06-24 15:12:49.027 685 9098 D ActivityManager: sync unfroze 2025 com.android.providers.tv for 7
06-24 15:12:49.242 27339 27364 W PackageParser: Unknown element under : meta-data at /data/user/0/com.cibn.tv/app_agile_plugin/execute/com.cibn.tv.plugin/2131300103/plugin.apk Binary XML file line #6
06-24 15:12:49.242 27339 27364 W PackageParser: Unknown element under : meta-data at /data/user/0/com.cibn.tv/app_agile_plugin/execute/com.cibn.tv.plugin/2131300103/plugin.apk Binary XML file line #7
06-24 15:12:49.243 27339 27364 W PackageParser: Ignoring duplicate uses-permissions/uses-permissions-sdk-m: android.permission.GET_TASKS in package: com.cibn.tv at: Binary XML file line #19
06-24 15:12:49.244 27339 27364 W PackageParser: Ignoring duplicate uses-permissions/uses-permissions-sdk-m: android.permission.boot_tvshop_service in package: com.cibn.tv at: Binary XML file line #56
06-24 15:12:49.245 27339 27364 W PackageParser: Unknown element under : meta-data at /data/user/0/com.cibn.tv/app_agile_plugin/execute/com.cibn.tv.plugin/2131300103/plugin.apk Binary XML file line #96
06-24 15:12:49.256 27339 27364 W PackageParser: No actions in intent filter at /data/user/0/com.cibn.tv/app_agile_plugin/execute/com.cibn.tv.plugin/2131300103/plugin.apk Binary XML file line #649
06-24 15:12:50.301 27339 27364 W PackageParser: Unknown element under : meta-data at /data/user/0/com.cibn.tv/app_agile_plugin/execute/com.cibn.tv.plugin/2131300103/plugin.apk Binary XML file line #6
06-24 15:12:50.301 27339 27364 W PackageParser: Unknown element under : meta-data at /data/user/0/com.cibn.tv/app_agile_plugin/execute/com.cibn.tv.plugin/2131300103/plugin.apk Binary XML file line #7
06-24 15:12:50.302 27339 27364 W PackageParser: Ignoring duplicate uses-permissions/uses-permissions-sdk-m: android.permission.GET_TASKS in package: com.cibn.tv at: Binary XML file line #19
06-24 15:12:50.303 27339 27364 W PackageParser: Ignoring duplicate uses-permissions/uses-permissions-sdk-m: android.permission.boot_tvshop_service in package: com.cibn.tv at: Binary XML file line #56
06-24 15:12:50.303 27339 27364 W PackageParser: Unknown element under : meta-data at /data/user/0/com.cibn.tv/app_agile_plugin/execute/com.cibn.tv.plugin/2131300103/plugin.apk Binary XML file line #96
06-24 15:12:50.312 27339 27364 W PackageParser: No actions in intent filter at /data/user/0/com.cibn.tv/app_agile_plugin/execute/com.cibn.tv.plugin/2131300103/plugin.apk Binary XML file line #649
06-24 15:12:50.506 0 0 W : [3 T0 .s] [SP FRAME TX] arp req,vif_idx:0 sender:[1c:79:2d:20:62:cb 192.168.31.30]receiver:[00:00:00:00:00:00 192.168.31.142]
06-24 15:12:50.509 0 0 W : [2 T1046 ..] [SP FRAME RX] arp req,vif_idx:0 sender:[28:7b:11:70:4e:e5 192.168.31.142]receiver:[00:00:00:00:00:00 192.168.31.30]
06-24 15:12:50.510 0 0 W : [2 T1046 ..] [SP FRAME TX] arp rsp,vif_idx:0 sender:[1c:79:2d:20:62:cb 192.168.31.30]receiver:[28:7b:11:70:4e:e5 192.168.31.142]
06-24 15:12:50.531 0 0 W : [2 T1046 ..] [SP FRAME RX] arp rsp,vif_idx:0 sender:[28:7b:11:70:4e:e5 192.168.31.142]receiver:[1c:79:2d:20:62:cb 192.168.31.30]
06-24 15:12:50.762 0 0 W : [0 T10746 ..] [aml_send_sync_trace 4388] sync token[63966]
06-24 15:12:50.762 0 0 W : [0 T10746 ..] >>> aml_send_msg()
06-24 15:12:50.764 0 0 W : [3 T1041 ..] ipc_sdio_host_msgack_handler 00000000873aa300
06-24 15:12:50.764 0 0 W : [3 T1041 ..] [aml_msgackind 2039] msg ack hostid=0xffffff805b675800
06-24 15:12:50.765 0 0 W : [3 T1041 ..] [cmd_mgr_llind 329] cmd tkn[337] flags:0008 result: -4 cmd: 105-MM_SYNC_TRACE - reqcfm( 0-none)
06-24 15:12:50.766 0 0 W : [3 T1041 ..] [cmd_complete 65] cmd tkn[337] flags:0000 result: -4 cmd: 105-MM_SYNC_TRACE - reqcfm( 0-none)
06-24 15:12:51.523 0 0 W : [0 T1046 ..] [SP FRAME RX] arp req,vif_idx:0 sender:[c8:bf:4c:1d:7a:99 192.168.31.1]receiver:[00:00:00:00:00:00 192.168.31.30]
06-24 15:12:51.524 0 0 W : [0 T1046 ..] [SP FRAME TX] arp rsp,vif_idx:0 sender:[1c:79:2d:20:62:cb 192.168.31.30]receiver:[c8:bf:4c:1d:7a:99 192.168.31.1]
06-24 15:12:51.672 685 718 I ActivityManager: Waited long enough for: ServiceRecord{44d8b7f u0 com.cibn.tv/com.youku.message.service.MessageService}
06-24 15:12:52.919 0 0 W : [2 T1046 ..] [SP FRAME RX] arp req,vif_idx:0 sender:[1c:79:2d:20:62:b5 192.168.31.8]receiver:[00:00:00:00:00:00 192.168.31.30]
06-24 15:12:52.920 0 0 W : [2 T1046 ..] [SP FRAME TX] arp rsp,vif_idx:0 sender:[1c:79:2d:20:62:cb 192.168.31.30]receiver:[1c:79:2d:20:62:b5 192.168.31.8]
06-24 15:12:53.622 0 0 I [2 T108 ..] dim: unreg:2keep[0], msk:[0x0,0x0]
06-24 15:12:53.622 0 0 I [2 T108 ..] dim: hf:r:ch[2]:cnt[0]
06-24 15:12:53.623 0 0 I [2 T108 ..] dim: di_unreg_setting:
06-24 15:12:53.624 0 0 I [1 T360 ..] dim: unreg:use[17]ms
06-24 15:12:53.624 0 0 I [1 T360 ..] dim: ins:destroy:ch[2]:end
06-24 15:12:53.625 0 0 I : [1 T360 ..] di process release
06-24 15:12:53.628 0 0 I [1 T360 ..] vc: [0]vc: set enable index=0, val=0
06-24 15:12:53.628 0 0 I [1 T360 ..] VID: store VD0 path_id changed 2->-1
06-24 15:12:53.629 0 0 I [1 T360 ..] VID: VD1 off
06-24 15:12:53.629 0 0 I [0 T360 ..] VID: VD1 set global output as 0
06-24 15:12:53.630 0 0 I : [0 T360 ..] common_vf_unreg_provider video_render.0: vd1 used:true, vd2 used:false, vd3 used:false, f_wait:true (0 0), b_out:0, cur_buf:00000000c149d856
06-24 15:12:53.663 0 0 I [1 T360 ..] dp_put_file_ext: put_file=ffffff80c0cfbb80, file_count=20
06-24 15:12:54.539 0 0 I : [2 T360 ..] di_process_open iminor(inode) =0
06-24 15:12:54.539 0 0 I [0 T360 ..] dim: reg:use[1]ms
06-24 15:12:54.539 0 0 I [0 T360 ..] dim: ins:create:ch[2],tmode[3]
06-24 15:12:54.540 0 0 I [0 T360 ..] dim: out:0x80000000
06-24 15:12:54.544 0 0 E [2 T360 ..] dp: [0]no hdr10+ data.
06-24 15:12:54.544 0 0 E [2 T360 ..] dp: [0]no meta_data.
06-24 15:12:54.545 0 0 E [2 T360 ..] dp: [0]invalid ud param.
06-24 15:12:54.545 0 0 I [2 T108 ..] dim: value reg:ch[2]:fix_buf:0;ponly <0,0> post_nub=5
06-24 15:12:54.545 0 0 I [3 T360 ..] VID: VD1 off
06-24 15:12:54.546 0 0 I [2 T108 ..] dim: di_cnt_i_buf1:tvp:0
06-24 15:12:54.547 0 0 I [3 T360 ..] vc: [0]vc: set enable index=0, val=1
06-24 15:12:54.547 0 0 I [2 T108 ..] dim: di_reg_setting:ch[2]:for first ch reg:
06-24 15:12:54.548 0 0 I [0 T360 ..] VID: VD1 off
06-24 15:12:54.549 0 0 I [2 T108 ..] dim: ch[2]:reg:mem cfg[0][0][0]
06-24 15:12:54.549 0 0 I [0 T360 ..] VID: VD1 set global output as 1
06-24 15:12:54.550 0 0 I [2 T108 ..] dim: ch[2]:bypass change:i:0->1:0x60
06-24 15:12:54.550 0 0 I [0 T360 ..] VID: store VD0 path_id changed -1->2
06-24 15:12:54.552 0 0 I [0 T360 ..] vc: [0]sideband_type =-1
06-24 15:12:58.186 0 0 W : [0 T27143 .s] [SP FRAME TX] arp req,vif_idx:0 sender:[1c:79:2d:20:62:cb 192.168.31.30]receiver:[00:00:00:00:00:00 192.168.31.8]
06-24 15:12:58.310 0 0 W : [0 T1046 ..] [SP FRAME RX] arp rsp,vif_idx:0 sender:[1c:79:2d:20:62:b5 192.168.31.8]receiver:[1c:79:2d:20:62:cb 192.168.31.30]
06-24 15:13:04.180 685 791 D WindowManager: handleVolumeKeyInArc KeyEvent { action=ACTION_DOWN, keyCode=KEYCODE_VOLUME_UP, scanCode=115, metaState=0, flags=0x8, repeatCount=0, eventTime=14591931699000, downTime=14591931699000, deviceId=10, source=0x301, displayId=-1 }
06-24 15:13:04.180 685 791 D WindowManager: dispatchDirectAudioEvent KeyEvent { action=ACTION_DOWN, keyCode=KEYCODE_VOLUME_UP, scanCode=115, metaState=0, flags=0x8, repeatCount=0, eventTime=14591931699000, downTime=14591931699000, deviceId=10, source=0x301, displayId=-1 }
06-24 15:13:04.213 685 791 D WindowManager: handleVolumeKeyInArc KeyEvent { action=ACTION_UP, keyCode=KEYCODE_VOLUME_UP, scanCode=115, metaState=0, flags=0x8, repeatCount=0, eventTime=14592111716000, downTime=14591931699000, deviceId=10, source=0x301, displayId=-1 }
06-24 15:13:04.213 685 791 D WindowManager: dispatchDirectAudioEvent KeyEvent { action=ACTION_UP, keyCode=KEYCODE_VOLUME_UP, scanCode=115, metaState=0, flags=0x8, repeatCount=0, eventTime=14592111716000, downTime=14591931699000, deviceId=10, source=0x301, displayId=-1 }
06-24 15:13:04.253 685 9098 W WindowManager: [addWindow] title:VolumeDialogImpl
06-24 15:13:04.266 685 5885 D CoreBackPreview: Window{bd12736 u0 VolumeDialogImpl}: Setting back callback OnBackInvokedCallbackInfo{mCallback=android.window.IOnBackInvokedCallback$Stub$Proxy@a67a7a4, mPriority=0, mIsAnimationCallback=false}
06-24 15:13:04.570 685 791 D WindowManager: handleVolumeKeyInArc KeyEvent { action=ACTION_DOWN, keyCode=KEYCODE_VOLUME_UP, scanCode=115, metaState=0, flags=0x8, repeatCount=0, eventTime=14592325038000, downTime=14592325038000, deviceId=10, source=0x301, displayId=-1 }
