06-24 16:17:00.460 685 763 D CompatibilityChangeReporter: Compat change id reported: 265195908; UID 10105; state: ENABLED
06-24 16:17:00.463 685 708 W Looper : Slow dispatch took 103ms android.fg h=android.os.Handler c=com.android.server.om.OverlayManagerService$$ExternalSyntheticLambda0@d7891f3 m=0
06-24 16:17:00.463 685 685 I AppsFilter: interaction: PackageSetting{dc05eb0 com.dangbei.hqguide/10029} -> PackageSetting{3e22129 com.changba.sd/10105} BLOCKED
06-24 16:17:00.467 685 959 D CoreBackPreview: Window{c38d7b9 u0 Toast}: Setting back callback OnBackInvokedCallbackInfo{mCallback=android.window.IOnBackInvokedCallback$Stub$Proxy@1a905ba, mPriority=0, mIsAnimationCallback=false}
06-24 16:17:00.475 685 763 D CompatibilityChangeReporter: Compat change id reported: 218533173; UID 10105; state: DISABLED
06-24 16:17:00.476 685 763 D CompatibilityChangeReporter: Compat change id reported: 262645982; UID 10105; state: DISABLED
06-24 16:17:00.494 685 718 D ActivityManager: sync unfroze 4273 com.android.providers.tv for 3
06-24 16:17:00.501 685 719 W ActivityManager: Slow operation: 57ms so far, now at startProcess: returned from zygote!
06-24 16:17:00.512 685 719 W ActivityManager: Slow operation: 67ms so far, now at startProcess: done updating battery stats
06-24 16:17:00.512 685 719 W ActivityManager: Slow operation: 68ms so far, now at startProcess: building log message
06-24 16:17:00.512 685 719 I ActivityManager: Start proc 11135:com.changba.sd/u0a105 for next-top-activity {com.changba.sd/com.changba.tv.module.spash.ui.SpashActivity}
06-24 16:17:00.512 685 719 W ActivityManager: Slow operation: 68ms so far, now at startProcess: starting to update pids map
06-24 16:17:00.512 685 719 W ActivityManager: Slow operation: 68ms so far, now at startProcess: done updating pids map
06-24 16:17:00.531 685 717 W VoiceInteractionManager: no available voice recognition services found for user 0
06-24 16:17:00.542 901 979 D WindowManagerShell: TvPipController: onTaskStackChanged()
06-24 16:17:00.603 0 0 W [1 T5418 ..] audit: audit_lost=20134 audit_rate_limit=5 audit_backlog_limit=64
06-24 16:17:00.610 0 0 E [1 T5418 ..] audit: rate limit exceeded
06-24 16:17:00.685 685 1135 D CompatibilityChangeReporter: Compat change id reported: 170503758; UID 10105; state: DISABLED
06-24 16:17:00.687 685 717 W TextServicesManagerService: no available spell checker services found
06-24 16:17:00.703 685 717 W VoiceInteractionManager: no available voice recognition services found for user 0
06-24 16:17:00.812 685 718 D ActivityManager: sync unfroze 30169 com.qq.cleaning for 3
06-24 16:17:01.079 685 1135 W ActivityManager: Unable to start service Intent { act=com.audiocn.karaoke.KaraokeService pkg=com.audiocn.karaoke.micmanager } U=0: not found
06-24 16:17:01.088 685 1135 W ActivityManager: Unable to start service Intent { act=com.audiocn.karaoke.KaraokeService pkg=com.audiocn.karaoke.micmanager } U=0: not found
06-24 16:17:01.184 685 13323 V WindowManager: app ------------- force_land :0
06-24 16:17:01.407 685 13323 W WindowManager: Failed looking up window session=Session{a4364 11135:u0a10105} callers=com.android.server.wm.WindowManagerService.windowForClientLocked:6077 com.android.server.wm.Session.updateRequestedVisibleTypes:695 android.view.IWindowSession$Stub.onTransact:1034
06-24 16:17:01.407 685 1135 W WindowManager: [addWindow] title:com.changba.sd/com.changba.tv.module.spash.ui.SpashActivity
06-24 16:17:01.423 0 0 I [3 T216 ..] servicemanager: Notifying artd they don't (previously: do) have clients when we now have no record of a client
06-24 16:17:01.425 0 0 I [0 T216 ..] servicemanager: Unregistering artd
06-24 16:17:01.414 685 1135 D CoreBackPreview: Window{ada31d0 u0 com.changba.sd/com.changba.tv.module.spash.ui.SpashActivity}: Setting back callback OnBackInvokedCallbackInfo{mCallback=android.window.IOnBackInvokedCallback$Stub$Proxy@ef1a4ce, mPriority=0, mIsAnimationCallback=false}
06-24 16:17:01.425 0 0 I [0 T216 ..] BpBinder: onLastStrongRef automatically unlinking death recipients:
06-24 16:17:01.504 0 0 I [3 T216 ..] servicemanager: Found android.hardware.graphics.allocator.IAllocator/default in device VINTF manifest.
06-24 16:17:01.509 0 0 I [1 T216 ..] servicemanager: Found android.hardware.graphics.allocator.IAllocator/default in device VINTF manifest.
06-24 16:17:01.524 685 709 W ContextImpl: Calling a method in the system process without a qualified user: android.app.ContextImpl.startService:1899 com.android.server.wm.DisplayPolicy.lambda$focusChangedLw$5:2126 com.android.server.wm.DisplayPolicy.$r8$lambda$Znxk63oh-WzVnzo_WQefN7uxV48:0 com.android.server.wm.DisplayPolicy$$ExternalSyntheticLambda13.run:0 android.os.Handler.handleCallback:958
06-24 16:17:01.579 685 13323 D CompatibilityChangeReporter: Compat change id reported: 261072174; UID 10105; state: DISABLED
06-24 16:17:01.612 685 959 D CompatibilityChangeReporter: Compat change id reported: 161145287; UID 10105; state: DISABLED
06-24 16:17:01.637 685 959 D CompatibilityChangeReporter: Compat change id reported: 135634846; UID 99016; state: DISABLED
06-24 16:17:01.638 685 719 D CompatibilityChangeReporter: Compat change id reported: 143937733; UID 10105; state: ENABLED
06-24 16:17:01.668 685 719 I ActivityManager: Start proc 11225:com.android.webview:sandboxed_process0:org.chromium.content.app.SandboxedProcessService0:0/u0i16 for {com.changba.sd/org.chromium.content.app.SandboxedProcessService0:0}
06-24 16:17:01.684 0 0 W [1 T20999 ..] audit: audit_lost=20143 audit_rate_limit=5 audit_backlog_limit=64
06-24 16:17:01.684 0 0 E [1 T20999 ..] audit: rate limit exceeded
06-24 16:17:01.915 685 18903 W WindowManager: [addWindow] title:com.changba.sd/com.changba.tv.module.spash.ui.SpashActivity
06-24 16:17:01.916 685 13323 W WindowManager: Failed looking up window session=Session{a4364 11135:u0a10105} callers=com.android.server.wm.WindowManagerService.windowForClientLocked:6077 com.android.server.wm.Session.updateRequestedVisibleTypes:695 android.view.IWindowSession$Stub.onTransact:1034
06-24 16:17:02.019 685 709 W ContextImpl: Calling a method in the system process without a qualified user: android.app.ContextImpl.startService:1899 com.android.server.wm.DisplayPolicy.lambda$focusChangedLw$5:2126 com.android.server.wm.DisplayPolicy.$r8$lambda$Znxk63oh-WzVnzo_WQefN7uxV48:0 com.android.server.wm.DisplayPolicy$$ExternalSyntheticLambda13.run:0 android.os.Handler.handleCallback:958
06-24 16:17:02.041 685 13323 D CoreBackPreview: Window{80cfbcb u0 com.changba.sd/com.changba.tv.module.spash.ui.SpashActivity}: Setting back callback OnBackInvokedCallbackInfo{mCallback=android.window.IOnBackInvokedCallback$Stub$Proxy@33eae54, mPriority=0, mIsAnimationCallback=false}
06-24 16:17:02.162 0 0 E [3 T247 ..] aml_cma_alloc: heap-gfx: alloc failed, req-size: 2072 pages, ret: -12
06-24 16:17:02.190 901 979 V WindowManagerShell: onTransitionReady android.os.BinderProxy@36381ca: {id=511 t=OPEN f=0x0 trk=0 r=[0@Point(0, 0)] c=[{WCT{android.window.IWindowContainerToken$Stub$Proxy@69c0004} m=OPEN f=NONE leash=Surface(name=Task=163)/@0xf5143b1 sb=Rect(0, 0 - 1920, 1080) eb=Rect(0, 0 - 1920, 1080) d=0},{WCT{android.window.IWindowContainerToken$Stub$Proxy@f8569ed} m=TO_BACK f=NONE leash=Surface(name=Task=162)/@0x41ff096 sb=Rect(0, 0 - 1920, 1080) eb=Rect(0, 0 - 1920, 1080) d=0}]}
06-24 16:17:02.191 901 979 V WindowManagerShell: Playing animation for (#511)android.os.BinderProxy@36381ca@0
06-24 16:17:02.191 901 979 V WindowManagerShell: try handler com.android.wm.shell.keyguard.KeyguardTransitionHandler@24e2028
06-24 16:17:02.191 901 979 V WindowManagerShell: try handler com.android.wm.shell.pip.tv.TvPipTransition@1141
06-24 16:17:02.191 901 979 V WindowManagerShell: try handler com.android.wm.shell.activityembedding.ActivityEmbeddingController@e8f56e6
06-24 16:17:02.191 901 979 V WindowManagerShell: try handler com.android.wm.shell.transition.RemoteTransitionHandler@b664427
06-24 16:17:02.191 901 979 V WindowManagerShe