06-24 16:02:04.107 685 708 V WindowManager: Sent Transition #442 createdAt=06-24 16:02:04.023 via request=TransitionRequestInfo { type = 1, triggerTask = TaskInfo{userId=0 taskId=153 displayId=0 isRunning=true baseIntent=Intent { act=android.intent.action.MAIN cat=[android.intent.category.LAUNCHER] flg=0x10000000 pkg=com.tv.filemanager.os cmp=com.tv.filemanager.os/com.dangbei.lerad.filemanager.ui.home.ManagerHomeActivity } baseActivity=ComponentInfo{com.tv.filemanager.os/com.dangbei.lerad.filemanager.ui.home.ManagerHomeActivity} topActivity=ComponentInfo{com.tv.filemanager.os/com.dangbei.localpicture.LocalViewerActivity} origActivity=null realActivity=ComponentInfo{com.tv.filemanager.os/com.dangbei.lerad.filemanager.ui.home.ManagerHomeActivity} numActivities=3 lastActiveTime=17531929 supportsMultiWindow=true resizeMode=1 isResizeable=true minWidth=-1 minHeight=-1 defaultMinSize=220 token=WCT{RemoteToken{b71c57d Task{f01bec2 #153 type=standard A=10041:com.tv.filemanager.os}}} topActivityType=1 pictureInPictureParams=null shouldDockBigOverlays=true launchIntoPipHostTaskId=-1 lastParentTaskIdBeforePip=-1 displayCutoutSafeInsets=null topActivityInfo=ActivityInfo{8ad4f11 com.dangbei.localpicture.LocalViewerActivity} launchCookies=[] positionInParent=Point(0, 0) parentTaskId=-1 isFocused=true isVisible=true isVisibleRequested=true isSleeping=false topActivityInSizeCompat=false topActivityEligibleForLetterboxEducation= false isLetterboxDoubleTapEnabled= false topActivityEligibleForUserAspectRatioButton= false topActivityBoundsLetterboxed= false isFromLetterboxDoubleTap= false topActivityLetterboxVerticalPosition= -1 topActivityLetterboxHorizontalPosition= -1 topActivityLetterboxWidth=-1 topActivityLetterboxHeight=-1 isUserFullscreenOverrideEnabled=false isTopActivityTransparent=false locusId=null displayAreaFeatureId=1 cameraCompatControlState=hidden}, remoteTransition = null, displayChange = null, flags = 0 }
06-24 16:02:04.107 685 708 V WindowManager: startWCT=WindowContainerTransaction { changes = {} hops = [] errorCallbackToken=null taskFragmentOrganizer=null }
06-24 16:02:04.107 685 708 V WindowManager: info={id=442 t=OPEN f=0x0 trk=0 r=[0@Point(0, 0)] c=[{null m=OPEN f=FILLS_TASK leash=Surface(name=ActivityRecord{c82bdd9 u0 com.tv.filemanager.os/com.dangbei.localpicture.LocalViewerActivity)/@0xd4a839b sb=Rect(0, 0 - 0, 0) eb=Rect(0, 0 - 1920, 1080) d=-1->0 r=-1->0:-1},{null m=TO_BACK f=FILLS_TASK leash=Surface(name=ActivityRecord{dc607ca u0 com.tv.filemanager.os/com.dangbei.lerad.filemanager.ui.info.ManagerDiskInfoActivity)/@0xb48226e sb=Rect(0, 0 - 1920, 1080) eb=Rect(0, 0 - 1920, 1080) d=0}]}
06-24 16:02:04.108 901 979 V WindowManagerShell: onTransitionReady android.os.BinderProxy@3a0b2fa: {id=442 t=OPEN f=0x0 trk=0 r=[0@Point(0, 0)] c=[{null m=OPEN f=FILLS_TASK leash=Surface(name=ActivityRecord{c82bdd9 u0 com.tv.filemanager.os/com.dangbei.localpicture.LocalViewerActivity)/@0xf244aa1 sb=Rect(0, 0 - 0, 0) eb=Rect(0, 0 - 1920, 1080) d=-1->0 r=-1->0:-1},{null m=TO_BACK f=FILLS_TASK leash=Surface(name=ActivityRecord{dc607ca u0 com.tv.filemanager.os/com.dangbei.lerad.filemanager.ui.info.ManagerDiskInfoActivity)/@0xab704c6 sb=Rect(0, 0 - 1920, 1080) eb=Rect(0, 0 - 1920, 1080) d=0}]}
06-24 16:02:04.109 901 979 V WindowManagerShell: Playing animation for (#442)android.os.BinderProxy@3a0b2fa@0
06-24 16:02:04.109 901 979 V WindowManagerShell: try handler com.android.wm.shell.keyguard.KeyguardTransitionHandler@24e2028
06-24 16:02:04.109 901 979 V WindowManagerShell: try handler com.android.wm.shell.pip.tv.TvPipTransition@1141
06-24 16:02:04.109 901 979 V WindowManagerShell: try handler com.android.wm.shell.activityembedding.ActivityEmbeddingController@e8f56e6
06-24 16:02:04.109 901 979 V WindowManagerShell: try handler com.android.wm.shell.transition.RemoteTransitionHandler@b664427
06-24 16:02:04.109 901 979 V WindowManagerShell: Transition doesn't have explicit remote, search filters for match for {id=442 t=OPEN f=0x0 trk=0 r=[0@Point(0, 0)] c=[{null m=OPEN f=FILLS_TASK leash=Surface(name=ActivityRecord{c82bdd9 u0 com.tv.filemanager.os/com.dangbei.localpicture.LocalViewerActivity)/@0xf244aa1 sb=Rect(0, 0 - 0, 0) eb=Rect(0, 0 - 1920, 1080) d=-1->0 r=-1->0:-1},{null m=TO_BACK f=FILLS_TASK leash=Surface(name=ActivityRecord{dc607ca u0 com.tv.filemanager.os/com.dangbei.lerad.filemanager.ui.info.ManagerDiskInfoActivity)/@0xab704c6 sb=Rect(0, 0 - 1920, 1080) eb=Rect(0, 0 - 1920, 1080) d=0}]}
06-24 16:02:04.109 901 979 V WindowManagerShell: Delegate animation for #442 to null
06-24 16:02:04.109 901 979 V WindowManagerShell: try handler com.android.wm.shell.transition.DefaultTransitionHandler@7916d4
06-24 16:02:04.109 901 979 V WindowManagerShell: start default transition animation, info = {id=442 t=OPEN f=0x0 trk=0 r=[0@Point(0, 0)] c=[{null m=OPEN f=FILLS_TASK leash=Surface(name=ActivityRecord{c82bdd9 u0 com.tv.filemanager.os/com.dangbei.localpicture.LocalViewerActivity)/@0xf244aa1 sb=Rect(0, 0 - 0, 0) eb=Rect(0, 0 - 1920, 1080) d=-1->0 r=-1->0:-1},{null m=TO_BACK f=FILLS_TASK leash=Surface(name=ActivityRecord{dc607ca u0 com.tv.filemanager.os/com.dangbei.lerad.filemanager.ui.info.ManagerDiskInfoActivity)/@0xab704c6 sb=Rect(0, 0 - 1920, 1080) eb=Rect(0, 0 - 1920, 1080) d=0}]}
06-24 16:02:04.110 901 979 V WindowManagerShell: loadAnimation: anim=android.view.animation.AlphaAnimation@88ea752 animAttr=0x5 type=OPEN isEntrance=false
06-24 16:02:04.111 901 979 V WindowManagerShell: loadAnimation: anim=android.view.animation.AlphaAnimation@cea0b20 animAttr=0x4 type=OPEN isEntrance=true
06-24 16:02:04.112 901 979 V WindowManagerShell: animated by com.android.wm.shell.transition.DefaultTransitionHandler@7916d4
06-24 16:02:04.138 685 750 W WindowManager: [addWindow] title:com.tv.filemanager.os/com.dangbei.localpicture.LocalViewerActivity
06-24 16:02:04.138 901 979 D WindowManagerShell: TvPipController: onTaskStackChanged()
06-24 16:02:04.152 685 1076 D CoreBackPreview: Window{e2bcb13 u0 com.tv.filemanager.os/com.dangbei.localpicture.LocalViewerActivity}: Setting back callback OnBackInvokedCallbackInfo{mCallback=android.window.IOnBackInvokedCallback$Stub$Proxy@401cf49, mPriority=0, mIsAnimationCallback=false}
06-24 16:02:04.184 685 709 W ContextImpl: Calling a method in the system process without a qualified user: android.app.ContextImpl.startService:1899 com.android.server.wm.DisplayPolicy.lambda$focusChangedLw$5:2126 com.android.server.wm.DisplayPolicy.$r8$lambda$Znxk63oh-WzVnzo_WQefN7uxV48:0 com.android.server.wm.DisplayPolicy$$ExternalSyntheticLambda13.run:0 android.os.Handler.handleCallback:958
06-24 16:02:04.203 685 750 D CoreBackPreview: Window{e2bcb13 u0 com.tv.filemanager.os/com.dangbei.localpicture.LocalViewerActivity}: Setting back callback null
06-24 16:02:04.240 685 709 W ContextImpl: Calling a method in the system process without a qualified user: android.app.ContextImpl.startService:1899 com.android.server.wm.DisplayPolicy.lambda$focusChangedLw$5:2126 com.android.server.wm.DisplayPolicy.$r8$lambda$Znxk63oh-WzVnzo_WQefN7uxV48:0 com.android.server.wm.DisplayPolicy$$ExternalSyntheticLambda13.run:0 android.os.Handler.handleCallback:958
06-24 16:02:04.307 685 709 W ContextImpl: Calling a method in the system process without a qualified user: android.app.ContextImpl.startService:1899 com.android.server.wm.DisplayPolicy.lambda$focusChangedLw$5:2126 com.android.server.wm.DisplayPolicy.$r8$lambda$Znxk63oh-WzVnzo_WQefN7uxV48:0 com.android.server.wm.DisplayPolicy$$ExternalSyntheticLambda13.run:0 android.os.Handler.handleCallback:958
06-24 16:02:04.529 901 979 V WindowManagerShell: Transition animation finished (aborted=false), notifying core (#442)android.os.BinderProxy@3a0b2fa@0
06-24 16:02:04.532 685 708 V WindowManager: Finish Transition #442: created at
06-24 16:02:04.023 collect-started=0.063ms request-sent=5.523ms started=8.609ms ready=14.372ms sent=82.313ms finished=508.864ms
06-24 16:02:04.535 901 979 V WindowManagerShell: Track 0 became idle
06-24 16:02:04.535 901 979 V WindowManagerShell: All active transition animations finished
06-24 16:02:05.283 685 709 D AutofillManagerService: onBackKeyPressed()
06-24 16:02:05.287 901 979 V WindowManagerShell: Transition requested: android.os.BinderProxy@34b94c TransitionRequestInfo { type = 2, triggerTask = null, remoteTransition = null, displayChange = null, flags = 0 }
06-24 16:02:05.298 685 1076 V WindowManager: app ------------- force_land :0
06-24 16:02:05.393 685 708 V WindowManager: Sent Transition #443 createdAt=06-24 16:02:05.287 via request=TransitionRequestInfo { type = 2, triggerTask = null, remoteTransition = null, displayChange = null, flags = 0 }
06-24 16:02:05.393 685 708 V WindowManager: startWCT=WindowContainerTransaction { changes = {} hops = [] errorCallbackToken=null taskFragmentOrganizer=null }
06-24 16:02:05.394 685 708 V WindowManager: info={id=443 t=CLOSE f=0x0 trk=0 r=[0@Point(0, 0)] c=[{null m=CLOSE f=FILLS_TASK leash=Surface(name=ActivityRecord{c82bdd9 u0 com.tv.filemanager.os/com.dangbei.localpicture.LocalViewerActivity)/@0xd4a839b sb=Rect(0, 0 - 1920, 1080) eb=Rect(0, 0 - 1920, 1080) d=0},{null m=TO_FRONT f=FILLS_TASK leash=Surface(name=ActivityRecord{dc607ca u0 com.tv.filemanager.os/com.dangbei.lerad.filemanager.ui.info.ManagerDiskInfoActivity)/@0xb48226e sb=Rect(0, 0 - 1920, 1080) eb=Rect(0, 0 - 1920, 1080) d=0}]}
06-24 16:02:05.395 901 979 V WindowManagerShell: onTransitionReady android.os.BinderProxy@34b94c: {id=443 t=CLOSE f=0x0 trk=0 r=[0@Point(0, 0)] c=[{null m=CLOSE f=FILLS_TASK leash=Surface(name=ActivityRecord{c82bdd9 u0 com.tv.filemanager.os/com.dangbei.localpicture.LocalViewerActivity)/@0x3b03d95 sb=Rect(0, 0 - 1920, 1080) eb=Rect(0, 0 - 1920, 1080) d=0},{null m=TO_FRONT f=FILLS_TASK leash=Surface(name=ActivityRecord{dc607ca u0 com.tv.filemanager.os/com.dangbei.lerad.filemanager.ui.info.ManagerDiskInfoActivity)/@0xb0bceaa sb=Rect(0, 0 - 1920, 1080) eb=Rect(0, 0 - 1920, 1080) d=0}]}
06-24 16:02:05.395 901 979 V WindowManagerShell: Playing animation for (#443)android.os.BinderProxy@34b94c@0
06-24 16:02:05.395 901 979 V WindowManagerShell: try handler com.android.wm.shell.keyguard.KeyguardTransitionHandler@24e2028
06-24 16:02:05.395 901 979 V WindowManagerShell: try handler com.android.wm.shell.pip.tv.TvPipTransition@1141
06-24 16:02:05.395 901 979 V WindowManagerShell: try handler com.android.wm.shell.activityembedding.ActivityEmbeddingController@e8f56e6
06-24 16:02:05.395 901 979 V WindowManagerShell: try handler com.android.wm.shell.transition.RemoteTransitionHandler@b664427
06-24 16:02:05.395 901 979 V WindowManagerShell: Transition doesn't have explicit remote, search filters for match for {id=443 t=CLOSE f=0x0 trk=0 r=[0@Point(0, 0)] c=[{null m=CLOSE f=FILLS_TASK leash=Surface(name=ActivityRecord{c82bdd9 u0 com.tv.filemanager.os/com.dangbei.localpicture.LocalViewerActivity)/@0x3b03d95 sb=Rect(0, 0 - 1920, 1080) eb=Rect(0, 0 - 1920, 1080) d=0},{null m=TO_FRONT f=FILLS_TASK leash=Surface(name=ActivityRecord{dc607ca u0 com.tv.filemanager.os/com.dangbei.lerad.filemanager.ui.info.ManagerDiskInfoActivity)/@0xb0bceaa sb=Rect(0, 0 - 1920, 1080) eb=Rect(0, 0 - 1920, 1080) d=0}]}
06-24 16:02:05.395 901 979 V WindowManagerShell: Delegate animation for #443 to null
06-24 16:02:05.395 901 979 V WindowManagerShell: try handler com.android.wm.shell.transition.DefaultTransitionHandler@7916d4
06-24 16:02:05.396 901 979 V WindowManagerShell: start default transition animation, info = {id=443 t=CLOSE f=0x0 trk=0 r=[0@Point(0, 0)] c=[{null m=CLOSE f=FILLS_TASK leash=Surface(name=ActivityRecord{c82bdd9 u0 com.tv.filemanager.os/com.dangbei.localpicture.LocalViewerActivity)/@0x3b03d95 sb=Rect(0, 0 - 1920, 1080) eb=Rect(0, 0 - 1920, 1080) d=0},{null m=TO_FRONT f=FILLS_TASK leash=Surface(name=ActivityRecord{dc607ca u0 com.tv.filemanager.os/com.dangbei.lerad.filemanager.ui.info.ManagerDiskInfoActivity)/@0xb0bceaa sb=Rect(0, 0 - 1920, 1080) eb=Rect(0, 0 - 1920, 1080) d=0}]}
06-24 16:02:05.396 901 979 V WindowManagerShell: loadAnimation: anim=android.view.animation.AlphaAnimation@1b02b76 animAttr=0x6 type=CLOSE isEntrance=true
06-24 16:02:05.401 901 979 V WindowManagerShell: loadAnimation: anim=android.view.animation.AlphaAnimation@beee5e4 animAttr=0x7 type=CLOSE isEntrance=false
06-24 16:02:05.403 901 979 V WindowManagerShell: animated by com.android.wm.shell.transition.DefaultTransitionHandler@7916d4
06-24 16:02:05.403 901 979 D WindowManagerShell: TvPipController: onTaskStackChanged()
06-24 16:02:05.450 685 709 W ContextImpl: Calling a method in the system process without a qualified user: android.app.ContextImpl.startService:1899 com.android.server.wm.DisplayPolicy.lambda$focusChangedLw$5:2126 com.android.server.wm.DisplayPolicy.$r8$lambda$Znxk63oh-WzVnzo_WQefN7uxV48:0 com.android.server.wm.DisplayPolicy$$ExternalSyntheticLambda13.run:0 android.os.Handler.handleCallback:958
06-24 16:02:05.814 901 979 V WindowManagerShell: Transition animation finished (aborted=false), notifying core (#443)android.os.BinderProxy@34b94c@0
06-24 16:02:05.817 685 708 V WindowManager: Finish Transition #443: created at
06-24 16:02:05.287 collect-started=0.049ms request-sent=0.113ms started=3.742ms ready=13.717ms sent=104.619ms finished=528.569ms
06-24 16:02:05.818 901 979 V WindowManagerShell: Track 0 became idle
06-24 16:02:05.818 901 979 V WindowManagerShell: All active transition animations finished
06-24 16:02:05.842 0 0 W : [2 T1046 ..] [SP FRAME RX] arp req,vif_idx:0 sender:[b6:86:f8:35:d4:28 192.168.3.36]receiver:[00:00:00:00:00:00 192.168.3.75]
06-24 16:02:05.843 0 0 W : [2 T1046 ..] [SP FRAME TX] arp rsp,vif_idx:0 sender:[1c:79:2d:20:62:cb 192.168.3.75]receiver:[b6:86:f8:35:d4:28 192.168.3.36]
06-24 16:02:05.845 685 6903 D CoreBackPreview: Window{5d4be4c u0 com.tv.filemanager.os/com.dangbei.localpicture.LocalViewerActivity}: Setting back callback null
06-24 16:02:06.026 0 0 W : [1 T0 .s] [SP FRAME TX] arp req,vif_idx:0 sender:[1c:79:2d:20:62:cb 192.168.3.75]receiver:[00:00:00:00:00:00 192.168.3.254]
06-24 16:02:06.027 0 0 W : [1 T0 .s] [SP FRAME TX] arp req,vif_idx:0 sender:[1c:79:2d:20:62:cb 192.168.3.75]receiver:[00:00:00:00:00:00 192.168.3.36]
06-24 16:02:06.066 0 0 W : [2 T1046 ..] [SP FRAME RX] arp rsp,vif_idx:0 sender:[b6:86:f8:35:d4:28 192.168.3.36]receiver:[1c:79:2d:20:62:cb 192.168.3.75]
06-24 16:02:06.067 0 0 W : [2 T1046 ..] [SP FRAME RX] arp req,vif_idx:0 sender:[12:3c:2c:e1:84:9f 192.168.3.254]receiver:[00:00:00:00:00:00 192.168.3.75]
06-24 16:02:06.068 0 0 W : [2 T1046 ..] [SP FRAME TX] arp rsp,vif_idx:0 sender:[1c:79:2d:20:62:cb 192.168.3.75]receiver:[12:3c:2c:e1:84:9f 192.168.3.254]
06-24 16:02:06.070 0 0 W : [2 T1046 ..] [SP FRAME RX] arp rsp,vif_idx:0 sender:[12:3c:2c:e1:84:9f 192.168.3.254]receiver:[1c:79:2d:20:62:cb 192.168.3.75]
06-24 16:02:06.480 685 1390 E TaskPersister: File error accessing recents directory (directory doesn't exist?).
06-24 16:02:06.538 0 0 W : [1 T0 .s] [SP FRAME TX] arp req,vif_idx:0 sender:[1c:79:2d:20:62:cb 192.168.3.75]receiver:[00:00:00:00:00:00 192.168.3.243]
06-24 16:02:06.539 0 0 W : [1 T0 .s] [SP FRAME TX] arp req,vif_idx:0 sender:[1c:79:2d:20:62:cb 192.168.3.75]receiver:[00:00:00:00:00:00 192.168.3.176]
06-24 16:02:06.544 0 0 W : [2 T1046 ..] [SP FRAME RX] arp rsp,vif_idx:0 sender:[ea:f3:28:46:91:6b 192.168.3.243]receiver:[1c:79:2d:20:62:cb 192.168.3.75]
06-24 16:02:06.556 0 0 W : [2 T1046 ..] [SP FRAME RX] arp rsp,vif_idx:0 sender:[16:8e:6e:17:dc:41 192.168.3.176]receiver:[1c:79:2d:20:62:cb 192.168.3.75]
06-24 16:02:06.634 0 0 W : [2 T1046 ..] [SP FRAME RX] arp req,vif_idx:0 sender:[ea:f3:28:46:91:6b 192.168.3.243]receiver:[00:00:00:00:00:00 192.168.3.75]
06-24 16:02:06.635 0 0 W : [2 T1046 ..] [SP FRAME TX] arp rsp,vif_idx:0 sender:[1c:79:2d:20:62:cb 192.168.3.75]receiver:[ea:f3:28:46:91:6b 192.168.3.243]
06-24 16:02:06.782 0 0 W : [2 T1046 ..] [SP FRAME RX] arp req,vif_idx:0 sender:[16:8e:6e:17:dc:41 192.168.3.176]receiver:[00:00:00:00:00:00 192.168.3.75]
06-24 16:02:06.783 0 0 W : [2 T1046 ..] [SP FRAME TX] arp rsp,vif_idx:0 sender:[1c:79:2d:20:62:cb 192.168.3.75]receiver:[16:8e:6e:17:dc:41 192.168.3.176]
06-24 16:02:06.946 0 0 W [3 T17271 ..] audit: audit_lost=17282 audit_rate_limit=5 audit_backlog_limit=64
06-24 16:02:06.946 0 0 E [3 T17271 ..] audit: rate limit exceeded
06-24 16:02:07.492 685 6903 E Transition: Trying to add a ready-group twice: Display{#0 state=ON size=1920x1080 ROTATION_0}
06-24 16:02:07.493 685 6903 I ActivityTaskManager: START u0 {act=android.intent.action.VIEW dat=file:///... typ=image/* flg=0x10000001 cmp=com.tv.filemanager.os/com.dangbei.localpicture.LocalViewerActivity} with LAUNCH_MULTIPLE from uid 10041 (BAL_ALLOW_VISIBLE_WINDOW) result code=0
06-24 16:02:07.494 901 979 V WindowManagerShell: Transition requested: android.os.BinderProxy@a67c50 TransitionRequestInfo { type = 1, triggerTask = TaskInfo{userId=0 taskId=153 displayId=0 isRunning=true baseIntent=Intent { act=android.intent.action.MAIN cat=[android.intent.category.LAUNCHER] flg=0x10000000 pkg=com.tv.filemanager.os cmp=com.tv.filemanager.os/com.dangbei.lerad.filemanager.ui.home.ManagerHomeActivity } baseActivity=ComponentInfo{com.tv.filemanager.os/com.dangbei.lerad.filemanager.ui.home.ManagerHomeActivity} topActivity=ComponentInfo{com.tv.filemanager.os/com.dangbei.localpicture.LocalViewerActivity} origActivity=null realActivity=ComponentInfo{com.tv.filemanager.os/com.dangbei.lerad.filemanager.ui.home.ManagerHomeActivity} numActivities=3 lastActiveTime=17535393 supportsMultiWindow=true resizeMode=1 isResizeable=true minWidth=-1 minHeight=-1 defaultMinSize=220 token=WCT{android.window.IWindowContainerToken$Stub$Proxy@6a37e49} topActivityType=1 pictureInPictureParams=null shouldDockBigOverlays=true launchIntoPipHostTaskId=-1 lastParentTaskIdBeforePip=-1 displayCutoutSafeInsets=null topActivityInfo=ActivityInfo{98d334e com.dangbei.localpicture.LocalViewerActivity} launchCookies=[] positionInParent=Point(0, 0) parentTaskId=-1 isFocused=true isVisible=true isVisibleRequested=true isSleeping=false topActivityInSizeCompat=false topActivityEligibleForLetterboxEducation= false isLetterboxDoubleTapEnabled= false topActivityEligibleForUserAspectRatioButton= false topActivityBoundsLetterboxed= false isFromLetterboxDoubleTap= false topActivityLetterboxVerticalPosition= -1 topActivityLetterboxHorizontalPosition= -1 topActivityLetterboxWidth=-1 topActivityLetterboxHeight=-1 isUserFullscreenOverrideEnabled=false isTopActivityTransparent=false locusId=null displayAreaFeatureId=1 cameraCompatControlState=hidden}, remoteTransition = null, displayChange = null, flags = 0 }
06-24 16:02:07.500 685 750 V WindowManager: app ------------- force_land :0
06-24 16:02:07.500 685 750 V WindowManager: app ------------- force_land :0
06-24 16:02:07.500 685 750 V WindowManager: app ------------- force_land :0
06-24 16:02:07.533 685 750 W WindowManager: [addWindow] title:com.tv.filemanager.os/com.dangbei.localpicture.LocalViewerActivity
06-24 16:02:07.539 685 18903 D CoreBackPreview: Window{4c94fea u0 com.tv.filemanager.os/com.dangbei.localpicture.LocalViewerActivity}: Setting back callback OnBackInvokedCallbackInfo{mCallback=android.window.IOnBackInvokedCallback$Stub$Proxy@a94a178, mPriority=0, mIsAnimationCallback=false}
06-24 16:02:07.569 685 708 V WindowManager: Sent Transition #444 createdAt=06-24 16:02:07.487 via request=TransitionRequestInfo { type = 1, triggerTask = TaskInfo{userId=0 taskId=153 displayId=0 isRunning=true baseIntent=Intent { act=android.intent.action.MAIN cat=[android.intent.category.LAUNCHER] flg=0x10000000 pkg=com.tv.filemanager.os cmp=com.tv.filemanager.os/com.dangbei.lerad.filemanager.ui.home.ManagerHomeActivity } baseActivity=ComponentInfo{com.tv.filemanager.os/com.dangbei.lerad.filemanager.ui.home.ManagerHomeActivity} topActivity=ComponentInfo{com.tv.filemanager.os/com.dangbei.localpicture.LocalViewerActivity} origActivity=null realActivity=ComponentInfo{com.tv.filemanager.os/com.dangbei.lerad.filemanager.ui.home.ManagerHomeActivity} numActivities=3 lastActiveTime=17535393 supportsMultiWindow=true resizeMode=1 isResizeable=true minWidth=-1 minHeight=-1 defaultMinSize=220 token=WCT{RemoteToken{b71c57d Task{f01bec2 #153 type=standard A=10041:com.tv.filemanager.os}}} topActivityType=1 pictureInPictureParams=null shouldDockBigOverlays=true launchIntoPipHostTaskId=-1 lastParentTaskIdBeforePip=-1 displayCutoutSafeInsets=null topActivityInfo=ActivityInfo{4671b7 com.dangbei.localpicture.LocalViewerActivity} launchCookies=[] positionInParent=Point(0, 0) parentTaskId=-1 isFocused=true isVisible=true isVisibleRequested=true isSleeping=false topActivityInSizeCompat=false topActivityEligibleForLetterboxEducation= false isLetterboxDoubleTapEnabled= false topActivityEligibleForUserAspectRatioButton= false topActivityBoundsLetterboxed= false isFromLetterboxDoubleTap= false topActivityLetterboxVerticalPosition= -1 topActivityLetterboxHorizontalPosition= -1 topActivityLetterboxWidth=-1 topActivityLetterboxHeight=-1 isUserFullscreenOverrideEnabled=false isTopActivityTransparent=false locusId=null displayAreaFeatureId=1 cameraCompatControlState=hidden}, remoteTransition = null, displayChange = null, flags = 0 }
06-24 16:02:07.574 685 708 V WindowManager: startWCT=WindowContainerTransaction { changes = {} hops = [] errorCallbackToken=null taskFragmentOrganizer=null }
06-24 16:02:07.575 685 708 V WindowManager: info={id=444 t=OPEN f=0x0 trk=0 r=[0@Point(0, 0)] c=[{null m=OPEN f=FILLS_TASK leash=Surface(name=ActivityRecord{9e709bf u0 com.tv.filemanager.os/com.dangbei.localpicture.LocalViewerActivity)/@0x54b8051 sb=Rect(0, 0 - 0, 0) eb=Rect(0, 0 - 1920, 1080) d=-1->0 r=-1->0:-1},{null m=TO_BACK f=FILLS_TASK leash=Surface(name=ActivityRecord{dc607ca u0 com.tv.filemanager.os/com.dangbei.lerad.filemanager.ui.info.ManagerDiskInfoActivity)/@0xb48226e sb=Rect(0, 0 - 1920, 1080) eb=Rect(0, 0 - 1920, 1080) d=0}]}
06-24 16:02:07.576 901 979 V WindowManagerShell: onTransitionReady android.os.BinderProxy@a67c50: {id=444 t=OPEN f=0x0 trk=0 r=[0@Point(0, 0)] c=[{null m=OPEN f=FILLS_TASK leash=Surface(name=ActivityRecord{9e709bf u0 com.tv.filemanager.os/com.dangbei.localpicture.LocalViewerActivity)/@0x314cc6f sb=Rect(0, 0 - 0, 0) eb=Rect(0, 0 - 1920, 1080) d=-1->0 r=-1->0:-1},{null m=TO_BACK f=FILLS_TASK leash=Surface(name=ActivityRecord{dc607ca u0 com.tv.filemanager.os/com.dangbei.lerad.filemanager.ui.info.ManagerDiskInfoActivity)/@0x2ff0d7c sb=Rect(0, 0 - 1920, 1080) eb=Rect(0, 0 - 1920, 1080) d=0}]}
06-24 16:02:07.576 901 979 V WindowManagerShell: Playing animation for (#444)android.os.BinderProxy@a67c50@0
06-24 16:02:07.576 901 979 V WindowManagerShell: try handler com.android.wm.shell.keyguard.KeyguardTransitionHandler@24e2028
06-24 16:02:07.576 901 979 V WindowManagerShell: try handler com.android.wm.shell.pip.tv.TvPipTransition@1141
06-24 16:02:07.576 901 979 V WindowManagerShell: try handler com.android.wm.shell.activityembedding.ActivityEmbeddingController@e8f56e6
06-24 16:02:07.576 901 979 V WindowManagerShell: try handler com.android.wm.shell.transition.RemoteTransitionHandler@b664427
06-24 16:02:07.576 901 979 V WindowManagerShell: Transition doesn't have explicit remote, search filters for match for {id=444 t=OPEN f=0x0 trk=0 r=[0@Point(0, 0)] c=[{null m=OPEN f=FILLS_TASK leash=Surface(name=ActivityRecord{9e709bf u0 com.tv.filemanager.os/com.dangbei.localpicture.LocalViewerActivity)/@0x314cc6f sb=Rect(0, 0 - 0, 0) eb=Rect(0, 0 - 1920, 1080) d=-1->0 r=-1->0:-1},{null m=TO_BACK f=FILLS_TASK leash=Surface(name=ActivityRecord{dc607ca u0 com.tv.filemanager.os/com.dangbei.lerad.filemanager.ui.info.ManagerDiskInfoActivity)/@0x2ff0d7c sb=Rect(0, 0 - 1920, 1080) eb=Rect(0, 0 - 1920, 1080) d=0}]}
06-24 16:02:07.576 901 979 V WindowManagerShell: Delegate animation for #444 to null
06-24 16:02:07.576 901 979 V WindowManagerShell: try handler com.android.wm.shell.transition.DefaultTransitionHandler@7916d4
06-24 16:02:07.576 901 979 V WindowManagerShell: start default transition animation, info = {id=444 t=OPEN f=0x0 trk=0 r=[0@Point(0, 0)] c=[{null m=OPEN f=FILLS_TASK leash=Surface(name=ActivityRecord{9e709bf u0 com.tv.filemanager.os/com.dangbei.localpicture.LocalViewerActivity)/@0x314cc6f sb=Rect(0, 0 - 0, 0) eb=Rect(0, 0 - 1920, 1080) d=-1->0 r=-1->0:-1},{null m=TO_BACK f=FILLS_TASK leash=Surface(name=ActivityRecord{dc607ca u0 com.tv.filemanager.os/com.dangbei.lerad.filemanager.ui.info.ManagerDiskInfoActivity)/@0x2ff0d7c sb=Rect(0, 0 - 1920, 1080) eb=Rect(0, 0 - 1920, 1080) d=0}]}
06-24 16:02:07.577 901 979 V WindowManagerShell: loadAnimation: anim=android.view.animation.AlphaAnimation@9ed8568 animAttr=0x5 type=OPEN isEntrance=false
06-24 16:02:07.578 901 979 V WindowManagerShell: loadAnimation: anim=android.view.animation.AlphaAnimation@4585e26 animAttr=0x4 type=OPEN isEntrance=true
06-24 16:02:07.580 901 979 V WindowManagerShell: animated by com.android.wm.shell.transition.DefaultTransitionHandler@7916d4
06-24 16:02:07.605 901 979 D WindowManagerShell: TvPipController: onTaskStackChanged()
06-24 16:02:07.644 685 709 W ContextImpl: Calling a method in the system process without a qualified user: android.app.ContextImpl.startService:1899 com.android.server.wm.DisplayPolicy.lambda$focusChangedLw$5:2126 com.android.server.wm.DisplayPolicy.$r8$lambda$Znxk63oh-WzVnzo_WQefN7uxV48:0 com.android.server.wm.DisplayPolicy$$ExternalSyntheticLambda13.run:0 android.os.Handler.handleCallback:958
06-24 16:02:07.999 901 979 V WindowManagerShell: Transition animation finished (aborted=false), notifying core (#444)android.os.BinderProxy@a67c50@0
06-24 16:02:08.003 685 708 V WindowManager: Finish Transition #444: created at
06-24 16:02:07.487 collect-started=0.076ms request-sent=5.655ms started=7.487ms ready=16.889ms sent=78.494ms finished=514.305ms
06-24 16:02:08.007 901 979 V WindowManagerShell: Track 0 became idle
06-24 16:02:08.007 901 979 V WindowManagerShell: All active transition animations finished
06-24 16:02:09.214 0 0 W : [2 T1046 ..] [SP FRAME RX] arp req,vif_idx:0 sender:[fa:f0:09:28:64:31 192.168.3.73]receiver:[00:00:00:00:00:00 192.168.3.75]
06-24 16:02:09.215 0 0 W : [2 T1046 ..] [SP FRAME TX] arp rsp,vif_idx:0 sender:[1c:79:2d:20:62:cb 192.168.3.75]receiver:[fa:f0:09:28:64:31 192.168.3.73]
06-24 16:02:10.496 685 1390 E TaskPersister: File error accessing recents directory (directory doesn't exist?).
06-24 16:02:10.570 0 0 W : [2 T1046 ..] [SP FRAME RX] arp req,vif_idx:0 sender:[9a:86:f7:27:5c:25 192.168.3.169]receiver:[00:00:00:00:00:00 192.168.3.75]
06-24 16:02:10.571 0 0 W : [2 T1046 ..] [SP FRAME TX] arp rsp,vif_idx:0 sender:[1c:79:2d:20:62:cb 192.168.3.75]receiver:[9a:86:f7:27:5c:25 192.168.3.169]
06-24 16:02:11.070 0 0 W : [2 T1046 ..] [SP FRAME RX] arp req,vif_idx:0 sender:[c6:ce:03:3d:c3:bd 192.168.3.118]receiver:[00:00:00:00:00:00 192.168.3.75]
06-24 16:02:11.071 0 0 W : [2 T1046 ..] [SP FRAME TX] arp rsp,vif_idx:0 sender:[1c:79:2d:20:62:cb 192.168.3.75]receiver:[c6:ce:03:3d:c3:bd 192.168.3.118]
06-24 16:02:11.916 0 0 W : [2 T1046 ..] [SP FRAME RX] arp req,vif_idx:0 sender:[0c:91:60:12:cd:6e 192.168.3.81]receiver:[00:00:00:00:00:00 192.168.3.75]
06-24 16:02:11.916 0 0 W : [2 T1046 ..] [SP FRAME TX] arp rsp,vif_idx:0 sender:[1c:79:2d:20:62:cb 192.168.3.75]receiver:[0c:91:60:12:cd:6e 192.168.3.81]
06-24 16:02:12.023 0 0 W : [2 T1046 ..] [SP FRAME RX] arp req,vif_idx:0 sender:[d2:07:9a:6e:a7:36 192.168.3.27]receiver:[00:00:00:00:00:00 192.168.3.75]
06-24 16:02:12.024 0 0 W : [2 T1046 ..] [SP FRAME TX] arp rsp,vif_idx:0 sender:[1c:79:2d:20:62:cb 192.168.3.75]receiver:[d2:07:9a:6e:a7:36 192.168.3.27]
06-24 16:02:12.195 0 0 W : [2 T1046 ..] [SP FRAME RX] arp req,vif_idx:0 sender:[28:7b:11:70:51:1f 192.168.3.44]receiver:[00:00:00:00:00:00 192.168.3.75]
06-24 16:02:12.196 0 0 W : [2 T1046 ..] [SP FRAME TX] arp rsp,vif_idx:0 sender:[1c:79:2d:20:62:cb 192.168.3.75]receiver:[28:7b:11:70:51:1f 192.168.3.44]
06-24 16:02:13.158 685 709 D AutofillManagerService: onBackKeyPressed()
06-24 16:02:13.162 901 979 V WindowManagerShell: Transition requested: android.os.BinderProxy@fdc36b2 TransitionRequestInfo { type = 2, triggerTask = null, remoteTransition = null, displayChange = null, flags = 0 }
06-24 16:02:13.169 685 750 V WindowManager: app ------------- force_land :0
06-24 16:02:13.224 685 708 V WindowManager: Sent Transition #445 createdAt=06-24 16:02:13.161 via request=TransitionRequestInfo { type = 2, triggerTask = null, remoteTransition = null, displayChange = null, flags = 0 }
06-24 16:02:13.224 685 708 V WindowManager: startWCT=WindowContainerTransaction { changes = {} hops = [] errorCallbackToken=null taskFragmentOrganizer=null }
06-24 16:02:13.224 685 708 V WindowManager: info={id=445 t=CLOSE f=0x0 trk=0 r=[0@Point(0, 0)] c=[{null m=CLOSE f=FILLS_TASK leash=Surface(name=ActivityRecord{9e709bf u0 com.tv.filemanager.os/com.dangbei.localpicture.LocalViewerActivity)/@0x54b8051 sb=Rect(0, 0 - 1920, 1080) eb=Rect(0, 0 - 1920, 1080) d=0},{null m=TO_FRONT f=FILLS_TASK leash=Surface(name=ActivityRecord{dc607ca u0 com.tv.filemanager.os/com.dangbei.lerad.filemanager.ui.info.ManagerDiskInfoActivity)/@0xb48226e sb=Rect(0, 0 - 1920, 1080) eb=Rect(0, 0 - 1920, 1080) d=0}]}
06-24 16:02:13.235 901 979 V WindowManagerShell: onTransitionReady android.os.BinderProxy@fdc36b2: {id=445 t=CLOSE f=0x0 trk=0 r=[0@Point(0, 0)] c=[{null m=CLOSE f=FILLS_TASK leash=Surface(name=ActivityRecord{9e709bf u0 com.tv.filemanager.os/com.dangbei.localpicture.LocalViewerActivity)/@0x919b603 sb=Rect(0, 0 - 1920, 1080) eb=Rect(0, 0 - 1920, 1080) d=0},{null m=TO_FRONT f=FILLS_TASK leash=Surface(name=ActivityRecord{dc607ca u0 com.tv.filemanager.os/com.dangbei.lerad.filemanager.ui.info.ManagerDiskInfoActivity)/@0xeb99980 sb=Rect(0, 0 - 1920, 1080) eb=Rect(0, 0 - 1920, 1080) d=0}]}
06-24 16:02:13.235 901 979 V WindowManagerShell: Playing animation for (#445)android.os.BinderProxy@fdc36b2@0
06-24 16:02:13.236 901 979 V WindowManagerShell: try handler com.android.wm.shell.keyguard.KeyguardTransitionHandler@24e2028
06-24 16:02:13.236 901 979 V WindowManagerShell: try handler com.android.wm.shell.pip.tv.TvPipTransition@1141
06-24 16:02:13.236 901 979 V WindowManagerShell: try handler com.android.wm.shell.activityembedding.ActivityEmbeddingController@e8f56e6
06-24 16:02:13.236 901 979 V WindowManagerShell: try handler com.android.wm.shell.transition.RemoteTransitionHandler@b664427
06-24 16:02:13.236 901 979 V WindowManagerShell: Transition doesn't have explicit remote, search filters for match for {id=445 t=CLOSE f=0x0 trk=0 r=[0@Point(0, 0)] c=[{null m=CLOSE f=FILLS_TASK leash=Surface(name=ActivityRecord{9e709bf u0 com.tv.filemanager.os/com.dangbei.localpicture.LocalViewerActivity)/@0x919b603 sb=Rect(0, 0 - 1920, 1080) eb=Rect(0, 0 - 1920, 1080) d=0},{null m=TO_FRONT f=FILLS_TASK leash=Surface(name=ActivityRecord{dc607ca u0 com.tv.filemanager.os/com.dangbei.lerad.filemanager.ui.info.ManagerDiskInfoActivity)/@0xeb99980 sb=Rect(0, 0 - 1920, 1080) eb=Rect(0, 0 - 1920, 1080) d=0}]}
06-24 16:02:13.236 901 979 V WindowManagerShell: Delegate animation for #445 to null
06-24 16:02:13.236 901 979 V WindowManagerShell: try handler com.android.wm.shell.transition.DefaultTransitionHandler@7916d4
06-24 16:02:13.236 901 979 V WindowManagerShell: start default transition animation, info = {id=445 t=CLOSE f=0x0 trk=0 r=[0@Point(0, 0)] c=[{null m=CLOSE f=FILLS_TASK leash=Surface(name=ActivityRecord{9e709bf u0 com.tv.filemanager.os/com.dangbei.localpicture.LocalViewerActivity)/@0x919b603 sb=Rect(0, 0 - 1920, 1080) eb=Rect(0, 0 - 1920, 1080) d=0},{null m=TO_FRONT f=FILLS_TASK leash=Surface(name=ActivityRecord{dc607ca u0 com.tv.filemanager.os/com.dangbei.lerad.filemanager.ui.info.ManagerDiskInfoActivity)/@0xeb99980 sb=Rect(0, 0 - 1920, 1080) eb=Rect(0, 0 - 1920, 1080) d=0}]}
06-24 16:02:13.237 901 979 V WindowManagerShell: loadAnimation: anim=android.view.animation.AlphaAnimation@cdecdac animAttr=0x6 type=CLOSE isEntrance=true
06-24 16:02:13.237 901 979 V WindowManagerShell: loadAnimation: anim=android.view.animation.AlphaAnimation@1cfea0a animAttr=0x7 type=CLOSE isEntrance=false
06-24 16:02:13.239 901 979 V WindowManagerShell: animated by com.android.wm.shell.transition.DefaultTransitionHandler@7916d4
06-24 16:02:13.243 685 711 W ProcessStats: Tracking association SourceState{2ed2a5c system/1000 ImpFg #9533} whose proc state 5 is better than process ProcessState{9231bd0 com.android.permissioncontroller/10074 pkg=com.android.permissioncontroller} proc state 15 (11 skipped)
06-24 16:02:13.273 901 979 D WindowManagerShell: TvPipController: onTaskStackChanged()
06-24 16:02:13.292 685 709 W ContextImpl: Calling a method in the system process without a qualified user: android.app.ContextImpl.startService:1899 com.android.server.wm.DisplayPolicy.lambda$focusChangedLw$5:2126 com.android.server.wm.DisplayPolicy.$r8$lambda$Znxk63oh-WzVnzo_WQefN7uxV48:0 com.android.server.wm.DisplayPolicy$$ExternalSyntheticLambda13.run:0 android.os.Handler.handleCallback:958
06-24 16:02:13.655 901 979 V WindowManagerShell: Transition animation finished (aborted=false), notifying core (#445)android.os.BinderProxy@fdc36b2@0
06-24 16:02:13.658 685 708 V WindowManager: Finish Transition #445: created at
06-24 16:02:13.161 collect-started=0.048ms request-sent=0.11ms started=3.039ms ready=10.118ms sent=61.353ms finished=495.549ms
06-24 16:02:13.662 901 979 V WindowManagerShell: Track 0 became idle
06-24 16:02:13.662 901 979 V WindowManagerShell: All active transition animations finished
06-24 16:02:13.854 685 750 D CoreBackPreview: Window{4c94fea u0 com.tv.filemanager.os/com.dangbei.localpicture.LocalViewerActivity}: Setting back callback null
06-24 16:02:16.167 685 15113 E Transition: Trying to add a ready-group twice: Display{#0 state=ON size=1920x1080 ROTATION_0}
06-24 16:02:16.168 685 15113 I ActivityTaskManager: START u0 {act=android.intent.action.VIEW dat=file:///... typ=image/* flg=0x10000001 cmp=com.tv.filemanager.os/com.dangbei.localpicture.LocalViewerActivity} with LAUNCH_MULTIPLE from uid 10041 (BAL_ALLOW_VISIBLE_WINDOW) result code=0
06-24 16:02:16.168 901 979 V WindowManagerShell: Transition requested: android.os.BinderProxy@28a9cd6 TransitionRequestInfo { type = 1, triggerTask = TaskInfo{userId=0 taskId=153 displayId=0 isRunning=true baseIntent=Intent { act=android.intent.action.MAIN cat=[android.intent.category.LAUNCHER] flg=0x10000000 pkg=com.tv.filemanager.os cmp=com.tv.filemanager.os/com.dangbei.lerad.filemanager.ui.home.ManagerHomeActivity } baseActivity=ComponentInfo{com.tv.filemanager.os/com.dangbei.lerad.filemanager.ui.home.ManagerHomeActivity} topActivity=ComponentInfo{com.tv.filemanager.os/com.dangbei.localpicture.LocalViewerActivity} origActivity=null realActivity=ComponentInfo{com.tv.filemanager.os/com.dangbei.lerad.filemanager.ui.home.ManagerHomeActivity} numActivities=3 lastActiveTime=17544068 supportsMultiWindow=true resizeMode=1 isResizeable=true minWidth=-1 minHeight=-1 defaultMinSize=220 token=WCT{android.window.IWindowContainerToken$Stub$Proxy@4522b57} topActivityType=1 pictureInPictureParams=null shouldDockBigOverlays=true launchIntoPipHostTaskId=-1 lastParentTaskIdBeforePip=-1 displayCutoutSafeInsets=null topActivityInfo=ActivityInfo{c7b2644 com.dangbei.localpicture.LocalViewerActivity} launchCookies=[] positionInParent=Point(0, 0) parentTaskId=-1 isFocused=true isVisible=true isVisibleRequested=true isSleeping=false topActivityInSizeCompat=false topActivityEligibleForLetterboxEducation= false isLetterboxDoubleTapEnabled= false topActivityEligibleForUserAspectRatioButton= false topActivityBoundsLetterboxed= false isFromLetterboxDoubleTap= false topActivityLetterboxVerticalPosition= -1 topActivityLetterboxHorizontalPosition= -1 topActivityLetterboxWidth=-1 topActivityLetterboxHeight=-1 isUserFullscreenOverrideEnabled=false isTopActivityTransparent=false locusId=null displayAreaFeatureId=1 cameraCompatControlState=hidden}, remoteTransition = null, displayChange = null, flags = 0 }
06-24 16:02:16.175 685 18903 V WindowManager: app ------------- force_land :0
06-24 16:02:16.175 685 18903 V WindowManager: app ------------- force_land :0
06-24 16:02:16.175 685 18903 V WindowManager: app ------------- force_land :0
06-24 16:02:16.207 685 18903 W WindowManager: [addWindow] title:com.tv.filemanager.os/com.dangbei.localpicture.LocalViewerActivity
06-24 16:02:16.213 685 18903 D CoreBackPreview: Window{e160f17 u0 com.tv.filemanager.os/com.dangbei.localpicture.LocalViewerActivity}: Setting back callback OnBackInvokedCallbackInfo{mCallback=android.window.IOnBackInvokedCallback$Stub$Proxy@a8a1ced, mPriority=0, mIsAnimationCallback=false}
06-24 16:02:16.258 685 708 V WindowManager: Sent Transition #446 createdAt=06-24 16:02:16.162 via request=TransitionRequestInfo { type = 1, triggerTask = TaskInfo{userId=0 taskId=153 displayId=0 isRunning=true baseIntent=Intent { act=android.intent.action.MAIN cat=[android.intent.category.LAUNCHER] flg=0x10000000 pkg=com.tv.filemanager.os cmp=com.tv.filemanager.os/com.dangbei.lerad.filemanager.ui.home.ManagerHomeActivity } baseActivity=ComponentInfo{com.tv.filemanager.os/com.dangbei.lerad.filemanager.ui.home.ManagerHomeActivity} topActivity=ComponentInfo{com.tv.filemanager.os/com.dangbei.localpicture.LocalViewerActivity} origActivity=null realActivity=ComponentInfo{com.tv.filemanager.os/com.dangbei.lerad.filemanager.ui.home.ManagerHomeActivity} numActivities=3 lastActiveTime=17544068 supportsMultiWindow=true resizeMode=1 isResizeable=true minWidth=-1 minHeight=-1 defaultMinSize=220 token=WCT{RemoteToken{b71c57d Task{f01bec2 #153 type=standard A=10041:com.tv.filemanager.os}}} topActivityType=1 pictureInPictureParams=null shouldDockBigOverlays=true launchIntoPipHostTaskId=-1 lastParentTaskIdBeforePip=-1 displayCutoutSafeInsets=null topActivityInfo=ActivityInfo{7a1a770 com.dangbei.localpicture.LocalViewerActivity} launchCookies=[] positionInParent=Point(0, 0) parentTaskId=-1 isFocused=true isVisible=true isVisibleRequested=true isSleeping=false topActivityInSizeCompat=false topActivityEligibleForLetterboxEducation= false isLetterboxDoubleTapEnabled= false topActivityEligibleForUserAspectRatioButton= false topActivityBoundsLetterboxed= false isFromLetterboxDoubleTap= false topActivityLetterboxVerticalPosition= -1 topActivityLetterboxHorizontalPosition= -1 topActivityLetterboxWidth=-1 topActivityLetterboxHeight=-1 isUserFullscreenOverrideEnabled=false isTopActivityTransparent=false locusId=null displayAreaFeatureId=1 cameraCompatControlState=hidden}, remoteTransition = null, displayChange = null, flags = 0 }
06-24 16:02:16.258 685 708 V WindowManager: startWCT=WindowContainerTransaction { changes = {} hops = [] errorCallbackToken=null taskFragmentOrganizer=null }
06-24 16:02:16.259 685 708 V WindowManager: info={id=446 t=OPEN f=0x0 trk=0 r=[0@Point(0, 0)] c=[{null m=OPEN f=FILLS_TASK leash=Surface(name=ActivityRecord{5f38558 u0 com.tv.filemanager.os/com.dangbei.localpicture.LocalViewerActivity)/@0xdecb722 sb=Rect(0, 0 - 0, 0) eb=Rect(0, 0 - 1920, 1080) d=-1->0 r=-1->0:-1},{null m=TO_BACK f=FILLS_TASK leash=Surface(name=ActivityRecord{dc607ca u0 com.tv.filemanager.os/com.dangbei.lerad.filemanager.ui.info.ManagerDiskInfoActivity)/@0xb48226e sb=Rect(0, 0 - 1920, 1080) eb=Rect(0, 0 - 1920, 1080) d=0}]}
06-24 16:02:16.260 901 979 V WindowManagerShell: onTransitionReady android.os.BinderProxy@28a9cd6: {id=446 t=OPEN f=0x0 trk=0 r=[0@Point(0, 0)] c=[{null m=OPEN f=FILLS_TASK leash=Surface(name=ActivityRecord{5f38558 u0 com.tv.filemanager.os/com.dangbei.localpicture.LocalViewerActivity)/@0x2b0332d sb=Rect(0, 0 - 0, 0) eb=Rect(0, 0 - 1920, 1080) d=-1->0 r=-1->0:-1},{null m=TO_BACK f=FILLS_TASK leash=Surface(name=ActivityRecord{dc607ca u0 com.tv.filemanager.os/com.dangbei.lerad.filemanager.ui.info.ManagerDiskInfoActivity)/@0x66bb062 sb=Rect(0, 0 - 1920, 1080) eb=Rect(0, 0 - 1920, 1080) d=0}]}
06-24 16:02:16.260 901 979 V WindowManagerShell: Playing animation for (#446)android.os.BinderProxy@28a9cd6@0
06-24 16:02:16.261 901 979 V WindowManagerShell: try handler com.android.wm.shell.keyguard.KeyguardTransitionHandler@24e2028
06-24 16:02:16.261 901 979 V WindowManagerShell: try handler com.android.wm.shell.pip.tv.TvPipTransition@1141
06-24 16:02:16.261 901 979 V WindowManagerShell: try handler com.android.wm.shell.activityembedding.ActivityEmbeddingController@e8f56e6
06-24 16:02:16.261 901 979 V WindowManagerShell: try handler com.android.wm.shell.transition.RemoteTransitionHandler@b664427
06-24 16:02:16.261 901 979 V WindowManagerShell: Transition doesn't have explicit remote, search filters for match for {id=446 t=OPEN f=0x0 trk=0 r=[0@Point(0, 0)] c=[{null m=OPEN f=FILLS_TASK leash=Surface(name=ActivityRecord{5f38558 u0 com.tv.filemanager.os/com.dangbei.localpicture.LocalViewerActivity)/@0x2b0332d sb=Rect(0, 0 - 0, 0) eb=Rect(0, 0 - 1920, 1080) d=-1->0 r=-1->0:-1},{null m=TO_BACK f=FILLS_TASK leash=Surface(name=ActivityRecord{dc607ca u0 com.tv.filemanager.os/com.dangbei.lerad.filemanager.ui.info.ManagerDiskInfoActivity)/@0x66bb062 sb=Rect(0, 0 - 1920, 1080) eb=Rect(0, 0 - 1920, 1080) d=0}]}
06-24 16:02:16.261 901 979 V WindowManagerShell: Delegate animation for #446 to null
06-24 16:02:16.261 901 979 V WindowManagerShell: try handler com.android.wm.shell.transition.DefaultTransitionHandler@7916d4
06-24 16:02:16.261 901 979 V WindowManagerShell: start default transition animation, info = {id=446 t=OPEN f=0x0 trk=0 r=[0@Point(0, 0)] c=[{null m=OPEN f=FILLS_TASK leash=Surface(name=ActivityRecord{5f38558 u0 com.tv.filemanager.os/com.dangbei.localpicture.LocalViewerActivity)/@0x2b0332d sb=Rect(0, 0 - 0, 0) eb=Rect(0, 0 - 1920, 1080) d=-1->0 r=-1->0:-1},{null m=TO_BACK f=FILLS_TASK leash=Surface(name=ActivityRecord{dc607ca u0 com.tv.filemanager.os/com.dangbei.lerad.filemanager.ui.info.ManagerDiskInfoActivity)/@0x66bb062 sb=Rect(0, 0 - 1920, 1080) eb=Rect(0, 0 - 1920, 1080) d=0}]}
06-24 16:02:16.262 901 979 V WindowManagerShell: loadAnimation: anim=android.view.animation.AlphaAnimation@e5870ae animAttr=0x5 type=OPEN isEntrance=false
06-24 16:02:16.262 901 979 V WindowManagerShell: loadAnimation: anim=android.view.animation.AlphaAnimation@406f9dc animAttr=0x4 type=OPEN isEntrance=true
06-24 16:02:16.265 901 979 V WindowManagerShell: animated by com.android.wm.shell.transition.DefaultTransitionHandler@7916d4
06-24 16:02:16.278 901 979 D WindowManagerShell: TvPipController: onTaskStackChanged()
06-24 16:02:16.304 685 18903 W WindowManager: [addWindow] title:com.tv.filemanager.os/com.dangbei.localpicture.LocalViewerActivity
06-24 16:02:16.316 685 18903 D CoreBackPreview: Window{282087a u0 com.tv.filemanager.os/com.dangbei.localpicture.LocalViewerActivity}: Setting back callback OnBackInvokedCallbackInfo{mCallback=android.window.IOnBackInvokedCallback$Stub$Proxy@57ef488, mPriority=0, mIsAnimationCallback=false}
06-24 16:02:16.318 685 709 W ContextImpl: Calling a method in the system process without a qualified user: android.app.ContextImpl.startService:1899 com.android.server.wm.DisplayPolicy.lambda$focusChangedLw$5:2126 com.android.server.wm.DisplayPolicy.$r8$lambda$Znxk63oh-WzVnzo_WQefN7uxV48:0 com.android.server.wm.DisplayPolicy$$ExternalSyntheticLambda13.run:0 android.os.Handler.handleCallback:958
06-24 16:02:16.376 685 15113 D CoreBackPreview: Window{282087a u0 com.tv.filemanager.os/com.dangbei.localpicture.LocalViewerActivity}: Setting back callback null
06-24 16:02:16.390 0 0 W : [3 T1046 ..] [SP FRAME RX] arp req,vif_idx:0 sender:[da:b8:33:f6:93:fe 192.168.3.89]receiver:[00:00:00:00:00:00 192.168.3.75]
06-24 16:02:16.391 0 0 W : [3 T1046 ..] [SP FRAME TX] arp rsp,vif_idx:0 sender:[1c:79:2d:20:62:cb 192.168.3.75]receiver:[da:b8:33:f6:93:fe 192.168.3.89]
06-24 16:02:16.395 685 711 V WindowManager: Unknown focus tokens, dropping reportFocusChanged
06-24 16:02:16.407 685 709 W ContextImpl: Calling a method in the system process without a qualified user: android.app.ContextImpl.startService:1899 com.android.server.wm.DisplayPolicy.lambda$focusChangedLw$5:2126 com.android.server.wm.DisplayPolicy.$r8$lambda$Znxk63oh-WzVnzo_WQefN7uxV48:0 com.android.server.wm.DisplayPolicy$$ExternalSyntheticLambda13.run:0 android.os.Handler.handleCallback:958
06-24 16:02:16.485 685 709 W ContextImpl: Calling a method in the system process without a qualified user: android.app.ContextImpl.startService:1899 com.android.server.wm.DisplayPolicy.lambda$focusChangedLw$5:2126 com.android.server.wm.DisplayPolicy.$r8$lambda$Znxk63oh-WzVnzo_WQefN7uxV48:0 com.android.server.wm.DisplayPolicy$$ExternalSyntheticLambda13.run:0 android.os.Handler.handleCallback:958
06-24 16:02:16.677 901 979 V WindowManagerShell: Transition animation finished (aborted=false), notifying core (#446)android.os.BinderProxy@28a9cd6@0
06-24 16:02:16.680 685 708 V WindowManager: Finish Transition #446: created at
06-24 16:02:16.162 collect-started=0.066ms request-sent=5.194ms started=6.912ms ready=15.105ms sent=94.702ms finished=516.296ms
06-24 16:02:16.700 0 0 W : [3 T1046 ..] [SP FRAME RX] arp req,vif_idx:0 sender:[b6:9c:70:ec:40:e7 192.168.3.65]receiver:[00:00:00:00:00:00 192.168.3.75]
06-24 16:02:16.701 0 0 W : [3 T1046 ..] [SP FRAME TX] arp rsp,vif_idx:0 sender:[1c:79:2d:20:62:cb 192.168.3.75]receiver:[b6:9c:70:ec:40:e7 192.168.3.65]
06-24 16:02:16.682 901 979 V WindowManagerShell: Track 0 became idle
06-24 16:02:16.682 901 979 V WindowManagerShell: All active transition animations finished
06-24 16:02:17.373 685 1390 E TaskPersister: File error accessing recents directory (directory doesn't exist?).
06-24 16:02:17.590 685 709 D AutofillManagerService: onBackKeyPressed()
06-24 16:02:17.594 901 979 V WindowManagerShell: Transition requested: android.os.BinderProxy@3f7d7c8 TransitionRequestInfo { type = 2, triggerTask = null, remoteTransition = null, displayChange = null, flags = 0 }
06-24 16:02:17.601 685 15113 V WindowManager: app ------------- force_land :0
06-24 16:02:17.673 685 708 V WindowManager: Sent Transition #447 createdAt=06-24 16:02:17.594 via request=TransitionRequestInfo { type = 2, triggerTask = null, remoteTransition = null, displayChange = null, flags = 0 }
06-24 16:02:17.673 685 708 V WindowManager: startWCT=WindowContainerTransaction { changes = {} hops = [] errorCallbackToken=null taskFragmentOrganizer=null }
06-24 16:02:17.673 685 708 V WindowManager: info={id=447 t=CLOSE f=0x0 trk=0 r=[0@Point(0, 0)] c=[{null m=CLOSE f=FILLS_TASK leash=Surface(name=ActivityRecord{5f38558 u0 com.tv.filemanager.os/com.dangbei.localpicture.LocalViewerActivity)/@0xdecb722 sb=Rect(0, 0 - 1920, 1080) eb=Rect(0, 0 - 1920, 1080) d=0},{null m=TO_FRONT f=FILLS_TASK leash=Surface(name=ActivityRecord{dc607ca u0 com.tv.filemanager.os/com.dangbei.lerad.filemanager.ui.info.ManagerDiskInfoActivity)/@0xb48226e sb=Rect(0, 0 - 1920, 1080) eb=Rect(0, 0 - 1920, 1080) d=0}]}
06-24 16:02:17.674 901 979 V WindowManagerShell: onTransitionReady android.os.BinderProxy@3f7d7c8: {id=447 t=CLOSE f=0x0 trk=0 r=[0@Point(0, 0)] c=[{null m=CLOSE f=FILLS_TASK leash=Surface(name=ActivityRecord{5f38558 u0 com.tv.filemanager.os/com.dangbei.localpicture.LocalViewerActivity)/@0xf60061 sb=Rect(0, 0 - 1920, 1080) eb=Rect(0, 0 - 1920, 1080) d=0},{null m=TO_FRONT f=FILLS_TASK leash=Surface(name=ActivityRecord{dc607ca u0 com.tv.filemanager.os/com.dangbei.lerad.filemanager.ui.info.ManagerDiskInfoActivity)/@0x8e1e786 sb=Rect(0, 0 - 1920, 1080) eb=Rect(0, 0 - 1920, 1080) d=0}]}
06-24 16:02:17.674 901 979 V WindowManagerShell: Playing animation for (#447)android.os.BinderProxy@3f7d7c8@0
06-24 16:02:17.674 901 979 V WindowManagerShell: try handler com.android.wm.shell.keyguard.KeyguardTransitionHandler@24e2028
06-24 16:02:17.674 901 979 V WindowManagerShell: try handler com.android.wm.shell.pip.tv.TvPipTransition@1141
06-24 16:02:17.674 901 979 V WindowManagerShell: try handler com.android.wm.shell.activityembedding.ActivityEmbeddingController@e8f56e6
06-24 16:02:17.674 901 979 V WindowManagerShell: try handler com.android.wm.shell.transition.RemoteTransitionHandler@b664427
06-24 16:02:17.675 901 979 V WindowManagerShell: Transition doesn't have explicit remote, search filters for match for {id=447 t=CLOSE f=0x0 trk=0 r=[0@Point(0, 0)] c=[{null m=CLOSE f=FILLS_TASK leash=Surface(name=ActivityRecord{5f38558 u0 com.tv.filemanager.os/com.dangbei.localpicture.LocalViewerActivity)/@0xf60061 sb=Rect(0, 0 - 1920, 1080) eb=Rect(0, 0 - 1920, 1080) d=0},{null m=TO_FRONT f=FILLS_TASK leash=Surface(name=ActivityRecord{dc607ca u0 com.tv.filemanager.os/com.dangbei.lerad.filemanager.ui.info.ManagerDiskInfoActivity)/@0x8e1e786 sb=Rect(0, 0 - 1920, 1080) eb=Rect(0, 0 - 1920, 1080) d=0}]}
06-24 16:02:17.675 901 979 V WindowManagerShell: Delegate animation for #447 to null
06-24 16:02:17.675 901 979 V WindowManagerShell: try handler com.android.wm.shell.transition.DefaultTransitionHandler@7916d4
06-24 16:02:17.675 901 979 V WindowManagerShell: start default transition animation, info = {id=447 t=CLOSE f=0x0 trk=0 r=[0@Point(0, 0)] c=[{null m=CLOSE f=FILLS_TASK leash=Surface(name=ActivityRecord{5f38558 u0 com.tv.filemanager.os/com.dangbei.localpicture.LocalViewerActivity)/@0xf60061 sb=Rect(0, 0 - 1920, 1080) eb=Rect(0, 0 - 1920, 1080) d=0},{null m=TO_FRONT f=FILLS_TASK leash=Surface(name=ActivityRecord{dc607ca u0 com.tv.filemanager.os/com.dangbei.lerad.filemanager.ui.info.ManagerDiskInfoActivity)/@0x8e1e786 sb=Rect(0, 0 - 1920, 1080) eb=Rect(0, 0 - 1920, 1080) d=0}]}
06-24 16:02:17.675 901 979 V WindowManagerShell: loadAnimation: anim=android.view.animation.AlphaAnimation@64f612 animAttr=0x6 type=CLOSE isEntrance=true
06-24 16:02:17.677 901 979 V WindowManagerShell: loadAnimation: anim=android.view.animation.AlphaAnimation@4afd7e0 animAttr=0x7 type=CLOSE isEntrance=false
06-24 16:02:17.680 901 979 V WindowManagerShell: animated by com.android.wm.shell.transition.DefaultTransitionHandler@7916d4
06-24 16:02:17.704 901 979 D WindowManagerShell: TvPipController: onTaskStackChanged()
