06-24 16:04:52.872 901 979 V WindowManagerShell: try handler com.android.wm.shell.transition.RemoteTransitionHandler@b664427
06-24 16:04:52.873 901 979 V WindowManagerShell: Transition doesn't have explicit remote, search filters for match for {id=460 t=OPEN f=0x0 trk=0 r=[0@Point(0, 0)] c=[{null m=OPEN f=FILLS_TASK leash=Surface(name=ActivityRecord{fc0ce9a u0 com.dangbei.lerad.videoposter/.ui.main.foldermanager.FolderDetailActivity)/@0x8afa7af sb=Rect(0, 0 - 0, 0) eb=Rect(0, 0 - 1920, 1080) d=-1->0 r=-1->0:-1},{null m=TO_BACK f=FILLS_TASK leash=Surface(name=ActivityRecord{6b37adf u0 com.dangbei.lerad.videoposter/.ui.main.MainActivity)/@0x83be7bc sb=Rect(0, 0 - 1920, 1080) eb=Rect(0, 0 - 1920, 1080) d=0}]}
06-24 16:04:52.873 901 979 V WindowManagerShell: Delegate animation for #460 to null
06-24 16:04:52.873 901 979 V WindowManagerShell: try handler com.android.wm.shell.transition.DefaultTransitionHandler@7916d4
06-24 16:04:52.873 901 979 V WindowManagerShell: start default transition animation, info = {id=460 t=OPEN f=0x0 trk=0 r=[0@Point(0, 0)] c=[{null m=OPEN f=FILLS_TASK leash=Surface(name=ActivityRecord{fc0ce9a u0 com.dangbei.lerad.videoposter/.ui.main.foldermanager.FolderDetailActivity)/@0x8afa7af sb=Rect(0, 0 - 0, 0) eb=Rect(0, 0 - 1920, 1080) d=-1->0 r=-1->0:-1},{null m=TO_BACK f=FILLS_TASK leash=Surface(name=ActivityRecord{6b37adf u0 com.dangbei.lerad.videoposter/.ui.main.MainActivity)/@0x83be7bc sb=Rect(0, 0 - 1920, 1080) eb=Rect(0, 0 - 1920, 1080) d=0}]}
06-24 16:04:52.879 901 979 V WindowManagerShell: animated by com.android.wm.shell.transition.DefaultTransitionHandler@7916d4
06-24 16:04:52.879 901 979 D WindowManagerShell: TvPipController: onTaskStackChanged()
06-24 16:04:52.881 685 708 V WindowManager: Sent Transition #460 createdAt=06-24 16:04:52.754 via request=TransitionRequestInfo { type = 1, triggerTask = TaskInfo{userId=0 taskId=155 displayId=0 isRunning=true baseIntent=Intent { act=android.intent.action.MAIN cat=[android.intent.category.LAUNCHER] flg=0x10000000 pkg=com.dangbei.lerad.videoposter cmp=com.dangbei.lerad.videoposter/.ui.splash.SplashActivity } baseActivity=ComponentInfo{com.dangbei.lerad.videoposter/com.dangbei.lerad.videoposter.ui.main.MainActivity} topActivity=ComponentInfo{com.dangbei.lerad.videoposter/com.dangbei.lerad.videoposter.ui.main.foldermanager.FolderDetailActivity} origActivity=null realActivity=ComponentInfo{com.dangbei.lerad.videoposter/com.dangbei.lerad.videoposter.ui.splash.SplashActivity} numActivities=2 lastActiveTime=17700660 supportsMultiWindow=true resizeMode=1 isResizeable=true minWidth=-1 minHeight=-1 defaultMinSize=220 token=WCT{RemoteToken{b9952fc Task{f68dbb8 #155 type=standard A=10042:com.dangbei.lerad.videoposter}}} topActivityType=1 pictureInPictureParams=null shouldDockBigOverlays=true launchIntoPipHostTaskId=-1 lastParentTaskIdBeforePip=-1 displayCutoutSafeInsets=null topActivityInfo=ActivityInfo{f3c98f9 com.dangbei.lerad.videoposter.ui.main.foldermanager.FolderDetailActivity} launchCookies=[] positionInParent=Point(0, 0) parentTaskId=-1 isFocused=true isVisible=true isVisibleRequested=true isSleeping=false topActivityInSizeCompat=false topActivityEligibleForLetterboxEducation= false isLetterboxDoubleTapEnabled= false topActivityEligibleForUserAspectRatioButton= false topActivityBoundsLetterboxed= false isFromLetterboxDoubleTap= false topActivityLetterboxVerticalPosition= -1 topActivityLetterboxHorizontalPosition= -1 topActivityLetterboxWidth=-1 topActivityLetterboxHeight=-1 isUserFullscreenOverrideEnabled=false isTopActivityTransparent=false locusId=null displayAreaFeatureId=1 cameraCompatControlState=hidden}, remoteTransition = null, displayChange = null, flags = 0 }
06-24 16:04:52.881 685 708 V WindowManager: startWCT=WindowContainerTransaction { changes = {} hops = [] errorCallbackToken=null taskFragmentOrganizer=null }
06-24 16:04:52.881 685 708 V WindowManager: info={id=460 t=OPEN f=0x0 trk=0 r=[0@Point(0, 0)] c=[{null m=OPEN f=FILLS_TASK leash=Surface(name=ActivityRecord{fc0ce9a u0 com.dangbei.lerad.videoposter/.ui.main.foldermanager.FolderDetailActivity)/@0xa43143 sb=Rect(0, 0 - 0, 0) eb=Rect(0, 0 - 1920, 1080) d=-1->0 r=-1->0:-1},{null m=TO_BACK f=FILLS_TASK leash=Surface(name=ActivityRecord{6b37adf u0 com.dangbei.lerad.videoposter/.ui.main.MainActivity)/@0x6301656 sb=Rect(0, 0 - 1920, 1080) eb=Rect(0, 0 - 1920, 1080) d=0}]}
06-24 16:04:52.937 685 709 W ContextImpl: Calling a method in the system process without a qualified user: android.app.ContextImpl.startService:1899 com.android.server.wm.DisplayPolicy.lambda$focusChangedLw$5:2126 com.android.server.wm.DisplayPolicy.$r8$lambda$Znxk63oh-WzVnzo_WQefN7uxV48:0 com.android.server.wm.DisplayPolicy$$ExternalSyntheticLambda13.run:0 android.os.Handler.handleCallback:958
06-24 16:04:53.168 0 0 W : [1 T1046 ..] [SP FRAME TX] arp req,vif_idx:0 sender:[1c:79:2d:20:62:cb 192.168.3.75]receiver:[00:00:00:00:00:00 192.168.3.32]
06-24 16:04:53.172 0 0 W : [1 T1046 ..] [SP FRAME RX] arp rsp,vif_idx:0 sender:[ee:08:6c:a8:67:93 192.168.3.32]receiver:[1c:79:2d:20:62:cb 192.168.3.75]
06-24 16:04:53.197 901 979 V WindowManagerShell: Transition animation finished (aborted=false), notifying core (#460)android.os.BinderProxy@f7e3290@0
06-24 16:04:53.201 685 708 V WindowManager: Finish Transition #460: created at
06-24 16:04:52.754 collect-started=0.059ms request-sent=5.232ms started=8.778ms ready=17.078ms sent=115.863ms finished=444.13ms
06-24 16:04:53.201 901 979 V WindowManagerShell: Track 0 became idle
06-24 16:04:53.201 901 979 V WindowManagerShell: All active transition animations finished
06-24 16:04:55.498 0 0 W : [0 T30584 .s] [SP FRAME TX] arp req,vif_idx:0 sender:[1c:79:2d:20:62:cb 192.168.3.75]receiver:[00:00:00:00:00:00 192.168.3.190]
06-24 16:04:55.510 0 0 W : [0 T1046 ..] [SP FRAME RX] arp rsp,vif_idx:0 sender:[12:2c:8d:45:1c:5f 192.168.3.190]receiver:[1c:79:2d:20:62:cb 192.168.3.75]
06-24 16:04:55.764 685 1390 E TaskPersister: File error accessing recents directory (directory doesn't exist?).
06-24 16:04:58.437 0 0 W : [1 T1046 ..] [SP FRAME RX] arp req,vif_idx:0 sender:[12:2c:8d:45:1c:5f 192.168.3.190]receiver:[00:00:00:00:00:00 192.168.3.75]
06-24 16:04:58.438 0 0 W : [1 T1046 ..] [SP FRAME TX] arp rsp,vif_idx:0 sender:[1c:79:2d:20:62:cb 192.168.3.75]receiver:[12:2c:8d:45:1c:5f 192.168.3.190]
06-24 16:05:00.338 685 6903 E Transition: Trying to add a ready-group twice: Display{#0 state=ON size=1920x1080 ROTATION_0}
06-24 16:05:00.340 685 6903 I ActivityTaskManager: START u0 {cmp=com.dangbei.lerad.videoposter/.ui.main.foldermanager.FolderDetailActivity (has extras)} with LAUNCH_MULTIPLE from uid 10042 (BAL_ALLOW_VISIBLE_WINDOW) result code=0
06-24 16:05:00.340 901 979 V WindowManagerShell: Transition requested: android.os.BinderProxy@e59aec1 TransitionRequestInfo { type = 1, triggerTask = TaskInfo{userId=0 taskId=155 displayId=0 isRunning=true baseIntent=Intent { act=android.intent.action.MAIN cat=[android.intent.category.LAUNCHER] flg=0x10000000 pkg=com.dangbei.lerad.videoposter cmp=com.dangbei.lerad.videoposter/.ui.splash.SplashActivity } baseActivity=ComponentInfo{com.dangbei.lerad.videoposter/com.dangbei.lerad.videoposter.ui.main.MainActivity} topActivity=ComponentInfo{com.dangbei.lerad.videoposter/com.dangbei.lerad.videoposter.ui.main.foldermanager.FolderDetailActivity} origActivity=null realActivity=ComponentInfo{com.dangbei.lerad.videoposter/com.dangbei.lerad.videoposter.ui.splash.SplashActivity} numActivities=3 lastActiveTime=17708238 supportsMultiWindow=true resizeMode=1 isResizeable=true minWidth=-1 minHeight=-1 defaultMinSize=220 token=WCT{android.window.IWindowContainerToken$Stub$Proxy@9b46666} topActivityType=1 pictureInPictureParams=null shouldDockBigOverlays=true launchIntoPipHostTaskId=-1 lastParentTaskIdBeforePip=-1 displayCutoutSafeInsets=null topActivityInfo=ActivityInfo{1e6dda7 com.dangbei.lerad.videoposter.ui.main.foldermanager.FolderDetailActivity} launchCookies=[] positionInParent=Point(0, 0) parentTaskId=-1 isFocused=true isVisible=true isVisibleRequested=true isSleeping=false topActivityInSizeCompat=false topActivityEligibleForLetterboxEducation= false isLetterboxDoubleTapEnabled= false topActivityEligibleForUserAspectRatioButton= false topActivityBoundsLetterboxed= false isFromLetterboxDoubleTap= false topActivityLetterboxVerticalPosition= -1 topActivityLetterboxHorizontalPosition= -1 topActivityLetterboxWidth=-1 topActivityLetterboxHeight=-1 isUserFullscreenOverrideEnabled=false isTopActivityTransparent=false locusId=null displayAreaFeatureId=1 cameraCompatControlState=hidden}, remoteTransition = null, displayChange = null, flags = 0 }
06-24 16:05:00.350 685 2059 V WindowManager: app ------------- force_land :0
06-24 16:05:00.350 685 2059 V WindowManager: app ------------- force_land :0
06-24 16:05:00.350 685 2059 V WindowManager: app ------------- force_land :0
06-24 16:05:00.389 685 6903 W WindowManager: Failed looking up window session=Session{1fa54f4 30515:u0a10042} callers=com.android.server.wm.WindowManagerService.windowForClientLocked:6077 com.android.server.wm.Session.updateRequestedVisibleTypes:695 android.view.IWindowSession$Stub.onTransact:1034
06-24 16:05:00.389 685 2059 W WindowManager: [addWindow] title:com.dangbei.lerad.videoposter/com.dangbei.lerad.videoposter.ui.main.foldermanager.FolderDetailActivity
06-24 16:05:00.394 685 2059 D CoreBackPreview: Window{1f07f87 u0 com.dangbei.lerad.videoposter/com.dangbei.lerad.videoposter.ui.main.foldermanager.FolderDetailActivity}: Setting back callback OnBackInvokedCallbackInfo{mCallback=android.window.IOnBackInvokedCallback$Stub$Proxy@da59add, mPriority=0, mIsAnimationCallback=false}
06-24 16:05:00.431 685 708 V WindowManager: Sent Transition #461 createdAt=06-24 16:05:00.331 via request=TransitionRequestInfo { type = 1, triggerTask = TaskInfo{userId=0 taskId=155 displayId=0 isRunning=true baseIntent=Intent { act=android.intent.action.MAIN cat=[android.intent.category.LAUNCHER] flg=0x10000000 pkg=com.dangbei.lerad.videoposter cmp=com.dangbei.lerad.videoposter/.ui.splash.SplashActivity } baseActivity=ComponentInfo{com.dangbei.lerad.videoposter/com.dangbei.lerad.videoposter.ui.main.MainActivity} topActivity=ComponentInfo{com.dangbei.lerad.videoposter/com.dangbei.lerad.videoposter.ui.main.foldermanager.FolderDetailActivity} origActivity=null realActivity=ComponentInfo{com.dangbei.lerad.videoposter/com.dangbei.lerad.videoposter.ui.splash.SplashActivity} numActivities=3 lastActiveTime=17708238 supportsMultiWindow=true resizeMode=1 isResizeable=true minWidth=-1 minHeight=-1 defaultMinSize=220 token=WCT{RemoteToken{b9952fc Task{f68dbb8 #155 type=standard A=10042:com.dangbei.lerad.videoposter}}} topActivityType=1 pictureInPictureParams=null shouldDockBigOverlays=true launchIntoPipHostTaskId=-1 lastParentTaskIdBeforePip=-1 displayCutoutSafeInsets=null topActivityInfo=ActivityInfo{8bdf220 com.dangbei.lerad.videoposter.ui.main.foldermanager.FolderDetailActivity} launchCookies=[] positionInParent=Point(0, 0) parentTaskId=-1 isFocused=true isVisible=true isVisibleRequested=true isSleeping=false topActivityInSizeCompat=false topActivityEligibleForLetterboxEducation= false isLetterboxDoubleTapEnabled= false topActivityEligibleForUserAspectRatioButton= false topActivityBoundsLetterboxed= false isFromLetterboxDoubleTap= false topActivityLetterboxVerticalPosition= -1 topActivityLetterboxHorizontalPosition= -1 topActivityLetterboxWidth=-1 topActivityLetterboxHeight=-1 isUserFullscreenOverrideEnabled=false isTopActivityTransparent=false locusId=null displayAreaFeatureId=1 cameraCompatControlState=hidden}, remoteTransition = null, displayChange = null, flags = 0 }
06-24 16:05:00.431 685 708 V WindowManager: startWCT=WindowContainerTransaction { changes = {} hops = [] errorCallbackToken=null taskFragmentOrganizer=null }
06-24 16:05:00.431 901 979 V WindowManagerShell: onTransitionReady android.os.BinderProxy@e59aec1: {id=461 t=OPEN f=0x0 trk=0 r=[0@Point(0, 0)] c=[{null m=OPEN f=FILLS_TASK leash=Surface(name=ActivityRecord{3e10c25 u0 com.dangbei.lerad.videoposter/.ui.main.foldermanager.FolderDetailActivity)/@0xcff7254 sb=Rect(0, 0 - 0, 0) eb=Rect(0, 0 - 1920, 1080) d=-1->0 r=-1->0:-1},{null m=TO_BACK f=FILLS_TASK leash=Surface(name=ActivityRecord{fc0ce9a u0 com.dangbei.lerad.videoposter/.ui.main.foldermanager.FolderDetailActivity)/@0xe9175fd sb=Rect(0, 0 - 1920, 1080) eb=Rect(0, 0 - 1920, 1080) d=0}]}
06-24 16:05:00.431 685 708 V WindowManager: info={id=461 t=OPEN f=0x0 trk=0 r=[0@Point(0, 0)] c=[{null m=OPEN f=FILLS_TASK leash=Surface(name=ActivityRecord{3e10c25 u0 com.dangbei.lerad.videoposter/.ui.main.foldermanager.FolderDetailActivity)/@0x8a07652 sb=Rect(0, 0 - 0, 0) eb=Rect(0, 0 - 1920, 1080) d=-1->0 r=-1->0:-1},{null m=TO_BACK f=FILLS_TASK leash=Surface(name=ActivityRecord{fc0ce9a u0 com.dangbei.lerad.videoposter/.ui.main.foldermanager.FolderDetailActivity)/@0xa43143 sb=Rect(0, 0 - 1920, 1080) eb=Rect(0, 0 - 1920, 1080) d=0}]}
06-24 16:05:00.432 901 979 V WindowManagerShell: Playing animation for (#461)android.os.BinderProxy@e59aec1@0
06-24 16:05:00.432 901 979 V WindowManagerShell: try handler com.android.wm.shell.keyguard.KeyguardTransitionHandler@24e2028
06-24 16:05:00.432 901 979 V WindowManagerShell: try handler com.android.wm.shell.pip.tv.TvPipTransition@1141
06-24 16:05:00.432 901 979 V WindowManagerShell: try handler com.android.wm.shell.activityembedding.ActivityEmbeddingController@e8f56e6
06-24 16:05:00.432 901 979 V WindowManagerShell: try handler com.android.wm.shell.transition.RemoteTransitionHandler@b664427
06-24 16:05:00.432 901 979 V WindowManagerShell: Transition doesn't have explicit remote, search filters for match for {id=461 t=OPEN f=0x0 trk=0 r=[0@Point(0, 0)] c=[{null m=OPEN f=FILLS_TASK leash=Surface(name=ActivityRecord{3e10c25 u0 com.dangbei.lerad.videoposter/.ui.main.foldermanager.FolderDetailActivity)/@0xcff7254 sb=Rect(0, 0 - 0, 0) eb=Rect(0, 0 - 1920, 1080) d=-1->0 r=-1->0:-1},{null m=TO_BACK f=FILLS_TASK leash=Surface(name=ActivityRecord{fc0ce9a u0 com.dangbei.lerad.videoposter/.ui.main.foldermanager.FolderDetailActivity)/@0xe9175fd sb=Rect(0, 0 - 1920, 1080) eb=Rect(0, 0 - 1920, 1080) d=0}]}
06-24 16:05:00.432 901 979 V WindowManagerShell: Delegate animation for #461 to null
06-24 16:05:00.432 901 979 V WindowManagerShell: try handler com.android.wm.shell.transition.DefaultTransitionHandler@7916d4
06-24 16:05:00.432 901 979 V WindowManagerShell: start default transition animation, info = {id=461 t=OPEN f=0x0 trk=0 r=[0@Point(0, 0)] c=[{null m=OPEN f=FILLS_TASK leash=Surface(name=ActivityRecord{3e10c25 u0 com.dangbei.lerad.videoposter/.ui.main.foldermanager.FolderDetailActivity)/@0xcff7254 sb=Rect(0, 0 - 0, 0) eb=Rect(0, 0 - 1920, 1080) d=-1->0 r=-1->0:-1},{null m=TO_BACK f=FILLS_TASK leash=Surface(name=ActivityRecord{fc0ce9a u0 com.dangbei.lerad.videoposter/.ui.main.foldermanager.FolderDetailActivity)/@0xe9175fd sb=Rect(0, 0 - 1920, 1080) eb=Rect(0, 0 - 1920, 1080) d=0}]}
06-24 16:05:00.433 901 979 V WindowManagerShell: loadAnimation: anim=android.view.animation.AlphaAnimation@299ad43 animAttr=0x5 type=OPEN isEntrance=false
06-24 16:05:00.433 901 979 V WindowManagerShell: loadAnimation: anim=android.view.animation.AlphaAnimation@30b5fc0 animAttr=0x4 type=OPEN isEntrance=true
06-24 16:05:00.435 901 979 V WindowManagerShell: animated by com.android.wm.shell.transition.DefaultTransitionHandler@7916d4
06-24 16:05:00.454 901 979 D WindowManagerShell: TvPipController: onTaskStackChanged()
06-24 16:05:00.500 685 709 W ContextImpl: Calling a method in the system process without a qualified user: android.app.ContextImpl.startService:1899 com.android.server.wm.DisplayPolicy.lambda$focusChangedLw$5:2126 com.android.server.wm.DisplayPolicy.$r8$lambda$Znxk63oh-WzVnzo_WQefN7uxV48:0 com.android.server.wm.DisplayPolicy$$ExternalSyntheticLambda13.run:0 android.os.Handler.handleCallback:958
06-24 16:05:00.838 901 979 V WindowManagerShell: Transition animation finished (aborted=false), notifying core (#461)android.os.BinderProxy@e59aec1@0
06-24 16:05:00.841 685 708 V WindowManager: Finish Transition #461: created at
06-24 16:05:00.331 collect-started=0.068ms request-sent=8.05ms started=9.649ms ready=21.472ms sent=98.398ms finished=508.792ms
06-24 16:05:00.844 901 979 V WindowManagerShell: Track 0 became idle
06-24 16:05:00.844 901 979 V WindowManagerShell: All active transition animations finished
06-24 16:05:02.104 685 2118 E Transition: Trying to add a ready-group twice: Display{#0 state=ON size=1920x1080 ROTATION_0}
06-24 16:05:02.105 685 2118 I ActivityTaskManager: START u0 {dat= cmp=com.dangbei.lerad.videoposter/com.dangbei.leradplayer.activity.PlayerActivity (has extras)} with LAUNCH_SINGLE_TASK from uid 10042 (BAL_ALLOW_VISIBLE_WINDOW) result code=0
06-24 16:05:02.106 901 979 V WindowManagerShell: Transition requested: android.os.BinderProxy@d26b7ec TransitionRequestInfo { type = 1, triggerTask = TaskInfo{userId=0 taskId=155 displayId=0 isRunning=true baseIntent=Intent { act=android.intent.action.MAIN cat=[android.intent.category.LAUNCHER] flg=0x10000000 pkg=com.dangbei.lerad.videoposter cmp=com.dangbei.lerad.videoposter/.ui.splash.SplashActivity } baseActivity=ComponentInfo{com.dangbei.lerad.videoposter/com.dangbei.lerad.videoposter.ui.main.MainActivity} topActivity=ComponentInfo{com.dangbei.lerad.videoposter/com.dangbei.leradplayer.activity.PlayerActivity} origActivity=null realActivity=ComponentInfo{com.dangbei.lerad.videoposter/com.dangbei.lerad.videoposter.ui.splash.SplashActivity} numActivities=4 lastActiveTime=17710004 supportsMultiWindow=true resizeMode=1 isResizeable=true minWidth=-1 minHeight=-1 defaultMinSize=220 token=WCT{android.window.IWindowContainerToken$Stub$Proxy@20e67b5} topActivityType=1 pictureInPictureParams=null shouldDockBigOverlays=true launchIntoPipHostTaskId=-1 lastParentTaskIdBeforePip=-1 displayCutoutSafeInsets=null topActivityInfo=ActivityInfo{eb97e4a com.dangbei.leradplayer.activity.PlayerActivity} launchCookies=[] positionInParent=Point(0, 0) parentTaskId=-1 isFocused=true isVisible=true isVisibleRequested=true isSleeping=false topActivityInSizeCompat=false topActivityEligibleForLetterboxEducation= false isLetterboxDoubleTapEnabled= false topActivityEligibleForUserAspectRatioButton= false topActivityBoundsLetterboxed= false isFromLetterboxDoubleTap= false topActivityLetterboxVerticalPosition= -1 topActivityLetterboxHorizontalPosition= -1 topActivityLetterboxWidth=-1 topActivityLetterboxHeight=-1 isUserFullscreenOverrideEnabled=false isTopActivityTransparent=false locusId=null displayAreaFeatureId=1 cameraCompatControlState=hidden}, remoteTransition = null, displayChange = null, flags = 0 }
06-24 16:05:02.113 685 6903 V WindowManager: app ------------- force_land :0
06-24 16:05:02.217 901 979 D WindowManagerShell: TvPipController: onTaskStackChanged()
06-24 16:05:02.355 685 2118 W WindowManager: [addWindow] title:com.dangbei.lerad.videoposter/com.dangbei.leradplayer.activity.PlayerActivity
06-24 16:05:02.355 685 6903 W WindowManager: Failed looking up window session=Session{1fa54f4 30515:u0a10042} callers=com.android.server.wm.WindowManagerService.windowForClientLocked:6077 com.android.server.wm.Session.updateRequestedVisibleTypes:695 android.view.IWindowSession$Stub.onTransact:1034
06-24 16:05:02.363 685 6903 D CoreBackPreview: Window{8c22350 u0 com.dangbei.lerad.videoposter/com.dangbei.leradplayer.activity.PlayerActivity}: Setting back callback OnBackInvokedCallbackInfo{mCallback=android.window.IOnBackInvokedCallback$Stub$Proxy@d5ab24e, mPriority=0, mIsAnimationCallback=false}
06-24 16:05:02.473 685 709 W ContextImpl: Calling a method in the system process without a qualified user: android.app.ContextImpl.startService:1899 com.android.server.wm.DisplayPolicy.lambda$focusChangedLw$5:2126 com.android.server.wm.DisplayPolicy.$r8$lambda$Znxk63oh-WzVnzo_WQefN7uxV48:0 com.android.server.wm.DisplayPolicy$$ExternalSyntheticLambda13.run:0 android.os.Handler.handleCallback:958
06-24 16:05:02.490 685 708 V WindowManager: Sent Transition #462 createdAt=06-24 16:05:02.099 via request=TransitionRequestInfo { type = 1, triggerTask = TaskInfo{userId=0 taskId=155 displayId=0 isRunning=true baseIntent=Intent { act=android.intent.action.MAIN cat=[android.intent.category.LAUNCHER] flg=0x10000000 pkg=com.dangbei.lerad.videoposter cmp=com.dangbei.lerad.videoposter/.ui.splash.SplashActivity } baseActivity=ComponentInfo{com.dangbei.lerad.videoposter/com.dangbei.lerad.videoposter.ui.main.MainActivity} topActivity=ComponentInfo{com.dangbei.lerad.videoposter/com.dangbei.leradplayer.activity.PlayerActivity} origActivity=null realActivity=ComponentInfo{com.dangbei.lerad.videoposter/com.dangbei.lerad.videoposter.ui.splash.SplashActivity} numActivities=4 lastActiveTime=17710004 supportsMultiWindow=true resizeMode=1 isResizeable=true minWidth=-1 minHeight=-1 defaultMinSize=220 token=WCT{RemoteToken{b9952fc Task{f68dbb8 #155 type=standard A=10042:com.dangbei.lerad.videoposter}}} topActivityType=1 pictureInPictureParams=null shouldDockBigOverlays=true launchIntoPipHostTaskId=-1 lastParentTaskIdBeforePip=-1 displayCutoutSafeInsets=null topActivityInfo=ActivityInfo{32b8105 com.dangbei.leradplayer.activity.PlayerActivity} launchCookies=[] positionInParent=Point(0, 0) parentTaskId=-1 isFocused=true isVisible=true isVisibleRequested=true isSleeping=false topActivityInSizeCompat=false topActivityEligibleForLetterboxEducation= false isLetterboxDoubleTapEnabled= false topActivityEligibleForUserAspectRatioButton= false topActivityBoundsLetterboxed= false isFromLetterboxDoubleTap= false topActivityLetterboxVerticalPosition= -1 topActivityLetterboxHorizontalPosition= -1 topActivityLetterboxWidth=-1 topActivityLetterboxHeight=-1 isUserFullscreenOverrideEnabled=false isTopActivityTransparent=false locusId=null displayAreaFeatureId=1 cameraCompatControlState=hidden}, remoteTransition = null, displayChange = null, flags = 0 }
06-24 16:05:02.490 685 708 V WindowManager: startWCT=WindowContainerTransaction { changes = {} hops = [] errorCallbackToken=null taskFragmentOrganizer=null }
06-24 16:05:02.490 685 708 V WindowManager: info={id=462 t=OPEN f=0x0 trk=0 r=[0@Point(0, 0)] c=[{null m=OPEN f=FILLS_TASK leash=Surface(name=ActivityRecord{837d9b u0 com.dangbei.lerad.videoposter/com.dangbei.leradplayer.activity.PlayerActivity)/@0x845df6f sb=Rect(0, 0 - 0, 0) eb=Rect(0, 0 - 1920, 1080) d=-1->0 r=-1->0:-1},{null m=TO_BACK f=FILLS_TASK leash=Surface(name=ActivityRecord{3e10c25 u0 com.dangbei.lerad.videoposter/.ui.main.foldermanager.FolderDetailActivity)/@0x8a07652 sb=Rect(0, 0 - 1920, 1080) eb=Rect(0, 0 - 1920, 1080) d=0}]}
06-24 16:05:02.493 901 979 V WindowManagerShell: onTransitionReady android.os.BinderProxy@d26b7ec: {id=462 t=OPEN f=0x0 trk=0 r=[0@Point(0, 0)] c=[{null m=OPEN f=FILLS_TASK leash=Surface(name=ActivityRecord{837d9b u0 com.dangbei.lerad.videoposter/com.dangbei.leradplayer.activity.PlayerActivity)/@0xb181bb sb=Rect(0, 0 - 0, 0) eb=Rect(0, 0 - 1920, 1080) d=-1->0 r=-1->0:-1},{null m=TO_BACK f=FILLS_TASK leash=Surface(name=ActivityRecord{3e10c25 u0 com.dangbei.lerad.videoposter/.ui.main.foldermanager.FolderDetailActivity)/@0x2bd66d8 sb=Rect(0, 0 - 1920, 1080) eb=Rect(0, 0 - 1920, 1080) d=0}]}
06-24 16:05:02.493 901 979 V WindowManagerShell: Playing animation for (#462)android.os.BinderProxy@d26b7ec@0
06-24 16:05:02.493 901 979 V WindowManagerShell: try handler com.android.wm.shell.keyguard.KeyguardTransitionHandler@24e2028
06-24 16:05:02.493 901 979 V WindowManagerShell: try handler com.android.wm.shell.pip.tv.TvPipTransition@1141
06-24 16:05:02.493 901 979 V WindowManagerShell: try handler com.android.wm.shell.activityembedding.ActivityEmbeddingController@e8f56e6
06-24 16:05:02.493 901 979 V WindowManagerShell: try handler com.android.wm.shell.transition.RemoteTransitionHandler@b664427
06-24 16:05:02.494 901 979 V WindowManagerShell: Transition doesn't have explicit remote, search filters for match for {id=462 t=OPEN f=0x0 trk=0 r=[0@Point(0, 0)] c=[{null m=OPEN f=FILLS_TASK leash=Surface(name=ActivityRecord{837d9b u0 com.dangbei.lerad.videoposter/com.dangbei.leradplayer.activity.PlayerActivity)/@0xb181bb sb=Rect(0, 0 - 0, 0) eb=Rect(0, 0 - 1920, 1080) d=-1->0 r=-1->0:-1},{null m=TO_BACK f=FILLS_TASK leash=Surface(name=ActivityRecord{3e10c25 u0 com.dangbei.lerad.videoposter/.ui.main.foldermanager.FolderDetailActivity)/@0x2bd66d8 sb=Rect(0, 0 - 1920, 1080) eb=Rect(0, 0 - 1920, 1080) d=0}]}
06-24 16:05:02.494 901 979 V WindowManagerShell: Delegate animation for #462 to null
06-24 16:05:02.494 901 979 V WindowManagerShell: try handler com.android.wm.shell.transition.DefaultTransitionHandler@7916d4
06-24 16:05:02.494 901 979 V WindowManagerShell: start default transition animation, info = {id=462 t=OPEN f=0x0 trk=0 r=[0@Point(0, 0)] c=[{null m=OPEN f=FILLS_TASK leash=Surface(name=ActivityRecord{837d9b u0 com.dangbei.lerad.videoposter/com.dangbei.leradplayer.activity.PlayerActivity)/@0xb181bb sb=Rect(0, 0 - 0, 0) eb=Rect(0, 0 - 1920, 1080) d=-1->0 r=-1->0:-1},{null m=TO_BACK f=FILLS_TASK leash=Surface(name=ActivityRecord{3e10c25 u0 com.dangbei.lerad.videoposter/.ui.main.foldermanager.FolderDetailActivity)/@0x2bd66d8 sb=Rect(0, 0 - 1920, 1080) eb=Rect(0, 0 - 1920, 1080) d=0}]}
06-24 16:05:02.495 901 979 V WindowManagerShell: loadAnimation: anim=android.view.animation.AlphaAnimation@8193516 animAttr=0x5 type=OPEN isEntrance=false
06-24 16:05:02.496 901 979 V WindowManagerShell: loadAnimation: anim=android.view.animation.AlphaAnimation@5ec7e97 animAttr=0x4 type=OPEN isEntrance=true
06-24 16:05:02.497 901 979 V WindowManagerShell: animated by com.android.wm.shell.transition.DefaultTransitionHandler@7916d4
06-24 16:05:02.665 685 6903 W ForegroundServiceTypeLoggerModule: API event end called before start!
06-24 16:05:02.683 685 2059 W ForegroundServiceTypeLoggerModule: API event end called before start!
06-24 16:05:02.785 0 0 E : [0 T32320 ..] mediaproxy produce init [aml-vcodec-dec]
06-24 16:05:02.785 0 0 I : [0 T32320 ..] Mediaproxy is opened name[aml-vcodec-dec]\n
06-24 16:05:02.785 0 0 I : [0 T32320 ..] Mediaproxy is opened name[aml-vcodec-dec] end\n
06-24 16:05:02.786 0 0 E : [0 T32320 ..] mediaproxy produce start connect
06-24 16:05:02.790 0 0 I : [0 T32320 ..] find p kfifo size:[32][2]
06-24 16:05:02.790 0 0 I : [0 T32320 ..] mediaproxy_get_fifo get idx[2]
06-24 16:05:02.791 0 0 I : [0 T32320 ..] Session producer-2 is connected fifo idx [2]
06-24 16:05:02.791 0 0 E : [0 T32320 ..] mediaproxy produce connect [2]
06-24 16:05:02.792 0 0 I : [0 T32320 ..] mediaproxy produce msg type :0x40 module_name:aml-vcodec-dec
06-24 16:05:02.794 0 0 I : [3 T32320 ..] deinit session
06-24 16:05:02.794 0 0 I : [3 T32320 ..] deinit session producer-2
06-24 16:05:02.794 0 0 I : [3 T32320 ..] deinit has_unusing_fifo [1]
06-24 16:05:02.795 0 0 I : [0 T98 ..] p_fifo[2] name[aml-vcodec-dec] state[0] to MP_FIFO_UNUSED
06-24 16:05:02.796 0 0 E : [3 T32320 ..] mediaproxy produce init [aml-vcodec-dec]
06-24 16:05:02.796 0 0 I : [3 T32320 ..] Mediaproxy is opened name[aml-vcodec-dec]\n
06-24 16:05:02.796 0 0 I : [3 T32320 ..] Mediaproxy is opened name[aml-vcodec-dec] end\n
06-24 16:05:02.797 0 0 E : [3 T32320 ..] mediaproxy produce start connect
06-24 16:05:02.799 0 0 I : [3 T32320 ..] find p kfifo size:[32][2]
06-24 16:05:02.799 0 0 I : [3 T32320 ..] mediaproxy_get_fifo get idx[2]
06-24 16:05:02.800 0 0 I : [3 T32320 ..] Session producer-2 is connected fifo idx [2]
06-24 16:05:02.801 0 0 E : [3 T32320 ..] mediaproxy produce connect [2]
06-24 16:05:02.801 0 0 I : [3 T32320 ..] mediaproxy produce msg type :0x40 module_name:aml-vcodec-dec
06-24 16:05:02.812 0 0 I : [1 T32320 ..] deinit session
06-24 16:05:02.812 0 0 I : [1 T32320 ..] deinit session producer-2
06-24 16:05:02.812 0 0 I : [1 T32320 ..] deinit has_unusing_fifo [1]
06-24 16:05:02.813 0 0 I : [0 T98 ..] p_fifo[2] name[aml-vcodec-dec] state[0] to MP_FIFO_UNUSED
06-24 16:05:02.814 0 0 I : [2 T32320 ..] codec mem info:
06-24 16:05:02.814 0 0 I : [2 T32320 ..] total codec mem size:364 MB
06-24 16:05:02.815 0 0 I : [2 T32320 ..] alloced size= 0 MB
06-24 16:05:02.815 0 0 I : [2 T32320 ..] max alloced: 119 MB
06-24 16:05:02.816 0 0 I [2 T32320 ..] CMA: 0,RES:0,TVP:0,SYS:0,COHER:0,VMAPED:0 MB
06-24 16:05:02.817 0 0 I [2 T32320 ..] RES_EXT: 0 MB
06-24 16:05:02.817 0 0 I : [2 T32320 ..] [4]CMA size:364 MB:alloced: 0 MB,free:364 MB
06-24 16:05:02.818 0 0 I : [2 T32320 ..] codec mem info:
06-24 16:05:02.818 0 0 I : [2 T32320 ..] total codec mem size:364 MB
06-24 16:05:02.819 0 0 I : [2 T32320 ..] alloced size= 0 MB
06-24 16:05:02.820 0 0 I : [2 T32320 ..] max alloced: 119 MB
06-24 16:05:02.820 0 0 I [2 T32320 ..] CMA: 0,RES:0,TVP:0,SYS:0,COHER:0,VMAPED:0 MB
06-24 16:05:02.821 0 0 I [2 T32320 ..] RES_EXT: 0 MB
06-24 16:05:02.822 0 0 I : [2 T32320 ..] [4]CMA size:364 MB:alloced: 0 MB,free:364 MB
06-24 16:05:02.824 0 0 E : [3 T32327 ..] mediaproxy produce init [aml-vcodec-dec]
06-24 16:05:02.824 0 0 I : [3 T32327 ..] Mediaproxy is opened name[aml-vcodec-dec]\n
06-24 16:05:02.824 0 0 I : [3 T32327 ..] Mediaproxy is opened name[aml-vcodec-dec] end\n
06-24 16:05:02.825 0 0 E : [3 T32327 ..] mediaproxy produce start connect
06-24 16:05:02.825 0 0 I : [3 T32327 ..] find p kfifo size:[32][2]
06-24 16:05:02.829 0 0 I : [3 T32327 ..] mediaproxy_get_fifo get idx[2]
06-24 16:05:02.829 0 0 I : [3 T32327 ..] Session producer-2 is connected fifo idx [2]
06-24 16:05:02.830 0 0 E : [3 T32327 ..] mediaproxy produce connect [2]
06-24 16:05:02.831 0 0 I : [3 T32327 ..] mediaproxy produce msg type :0x40 module_name:aml-vcodec-dec
06-24 16:05:02.833 0 0 I : [2 T32327 ..] deinit session
06-24 16:05:02.833 0 0 I : [2 T32327 ..] deinit session producer-2
06-24 16:05:02.833 0 0 I : [2 T32327 ..] deinit has_unusing_fifo [1]
06-24 16:05:02.834 0 0 I : [0 T98 ..] p_fifo[2] name[aml-vcodec-dec] state[0] to MP_FIFO_UNUSED
06-24 16:05:02.837 0 0 E : [2 T32327 ..] mediaproxy produce init [aml-vcodec-dec]
06-24 16:05:02.837 0 0 I : [2 T32327 ..] Mediaproxy is opened name[aml-vcodec-dec]\n
06-24 16:05:02.837 0 0 I : [2 T32327 ..] Mediaproxy is opened name[aml-vcodec-dec] end\n
06-24 16:05:02.838 0 0 E : [2 T32327 ..] mediaproxy produce start connect
06-24 16:05:02.839 0 0 I : [2 T32327 ..] find p kfifo size:[32][2]
06-24 16:05:02.840 0 0 I : [2 T32327 ..] mediaproxy_get_fifo get idx[2]
06-24 16:05:02.840 0 0 I : [2 T32327 ..] Session producer-2 is connected fifo idx [2]
06-24 16:05:02.841 0 0 E : [2 T32327 ..] mediaproxy produce connect [2]
06-24 16:05:02.842 0 0 I : [2 T32327 ..] mediaproxy produce msg type :0x40 module_name:aml-vcodec-dec
06-24 16:05:02.844 0 0 I [0 T32327 ..] [amlv4l]: [517]: DW:3, TW:0, Margin:6
06-24 16:05:02.845 0 0 D [2 T32332 ..] [amlcom]: vdec_create instance 000000008bc85c7c, total 1, PM: power-domain
06-24 16:05:02.845 0 0 D [2 T32332 ..] [media_clock]: hevc mux clock is 799999988 Hz
06-24 16:05:02.845 0 0 I [1 T32332 ..] [amlcom]: dos_local_config end, id 3, is_on 1
06-24 16:05:02.846 0 0 I [1 T32332 ..] [amlcom]: vdec_init, dev_name:ammvdec_h265_v4l, vdec_type=VDEC_TYPE_FRAME_BLOCK, format: 11, total: 1
06-24 16:05:02.848 0 0 D [1 T32332 ..] [h265]: [0]pdata->config=parm_v4l_codec_enable:1;parm_v4l_buffer_margin:6;hevc_double_write_mode:3;hevc_triple_write_mode:0;hevc_buf_width:4096;hevc_buf_height:2304;save_buffer_mode:0;parm_v4l_canvas_mem_mode:0;parm_v4l_canvas_mem_endian:0;parm_v4l_low_latency_mode:0;parm_v4l_metadata_config_flag:1050626;parm_v4l_duration:0;dv_profile:0;parm_v4l_error_handle_info:0;
06-24 16:05:02.848 0 0 D [1 T32332 ..] [h265]: [0]discard dv data
06-24 16:05:02.848 0 0 D [1 T32332 ..] [h265]: [0]dv_profile: 0
06-24 16:05:02.848 0 0 D [1 T32332 ..] [h265]: [0]Correction: policy 0x2 mode 2 lcu_percentage_threshold 0
06-24 16:05:02.860 0 0 D [3 T32332 ..] [h265]: [0]dynamic_buf_num_margin=6
06-24 16:05:02.860 0 0 D [3 T32332 ..] [h265]: [0]double_write_mode=3
06-24 16:05:02.860 0 0 D [3 T32332 ..] [h265]: [0]nal_skip_policy=2
06-24 16:05:02.860 0 0 D [3 T32332 ..] [h265]: [0]h265:pts_unstable=0
06-24 16:05:02.860 0 0 D [3 T32332 ..] [h265]: [0]h265: ver (201602101,0) decinfo: 0x0 rate=3600
06-24 16:05:02.891 0 0 D [2 T32332 ..] [h265]: ucode version 4.184, swap enable 1
06-24 16:05:02.892 0 0 D [2 T32332 ..] [media_clock]: hevc mux clock is 799999988 Hz
06-24 16:05:02.892 0 0 D [2 T32332 ..] [amlcom]: hevc video changed to 3840 x 2160 60 fps clk->800MHZ
06-24 16:05:02.893 0 0 I [0 T32320 ..] [amlv4l]: [517]: set vf duration: c80
06-24 16:05:02.917 901 979 V WindowManagerShell: Transition animation finished (aborted=false), notifying core (#462)android.os.BinderProxy@d26b7ec@0
06-24 16:05:02.920 685 708 V WindowManager: Finish Transition #462: created at
06-24 16:05:02.099 collect-started=0.064ms request-sent=5.309ms started=8.72ms ready=18.06ms sent=389.398ms finished=819.806ms
06-24 16:05:02.923 901 979 V WindowManagerShell: Track 0 became idle
06-24 16:05:02.923 901 979 V WindowManagerShell: All active transition animations finished
06-24 16:05:02.931 685 711 W ProcessStats: Tracking association SourceState{2ed2a5c system/1000 ImpFg #9794} whose proc state 5 is better than process ProcessState{9231bd0 com.android.permissioncontroller/10074 pkg=com.android.permissioncontroller} proc state 15 (9 skipped)
06-24 16:05:03.134 685 2059 I ActivityManager: Process com.android.packageinstaller (pid 27856) has died: cch+75 CEM
06-24 16:05:03.140 685 709 D DisplayManagerService: Drop pending events for gone uid 10023
06-24 16:05:03.229 685 2118 I ActivityManager: Process cn.wps.moffice_i18n_TV:mofficeservice (pid 25399) has died: cch+99 CEM
06-24 16:05:03.232 0 0 W [0 T27378 ..] audit: audit_lost=18000 audit_rate_limit=5 audit_backlog_limit=64
06-24 16:05:03.232 0 0 E [0 T27378 ..] audit: rate limit exceeded
06-24 16:05:03.333 0 0 D [1 T240 ..] [h265]: [0]vh265 cached=0 need_size=16384 speed= 484 ms
06-24 16:05:03.334 0 0 D [0 T238 ..] [h265]: set ucode parse
06-24 16:05:03.334 0 0 W : [0 T238 ..] hevc get comp info: 64 294912 4080
06-24 16:05:03.334 0 0 D [0 T238 ..] [h265]: margin = 6, sps_max_dec_pic_buffering_minus1_0 = 2
06-24 16:05:03.334 0 0 I [0 T238 ..] [amlv4l]: [517]: Parse from ucode, visible(3840 x 2160), coded(3840 x 2176), scan:P, bitdepth(10), DW/TW(3, 0)
06-24 16:05:03.334 0 0 I [2 T32332 ..] [amlv4l]: [517]: Picture buffer count: dec:4, vpp:0, ge2d:0, margin:6, total:10
06-24 16:05:03.337 0 0 D [2 T32332 ..] [amlv4l]: [517]: Post event: res chg
06-24 16:05:03.445 0 0 D [0 T238 ..] [h265]: [0]Bit depth luma = 10
06-24 16:05:03.445 0 0 D [0 T238 ..] [h265]: [0]Bit depth chroma = 10
06-24 16:05:03.445 0 0 D [0 T238 ..] [h265]: [0]hevc->performance_profile 0
06-24 16:05:03.445 0 0 D [0 T238 ..] [h265]: [0]set pic_list_init_flag 1
06-24 16:05:03.446 0 0 D [0 T20391 ..] [h265]: [0]init_buf_spec2 3840 2160
06-24 16:05:03.446 0 0 D [0 T20391 ..] [h265]: [0]set pic_list_init_flag to 2
06-24 16:05:03.446 0 0 D [0 T238 ..] [h265]: [0]set pic_list_init_flag to 3
06-24 16:05:03.446 0 0 D [0 T238 ..] [h265]: [vdec_kpi][vh265_isr_thread_fn] First I frame coming.
06-24 16:05:03.460 685 700 I ActivityManager: Process cn.wps.moffice_i18n_TV:pushservice (pid 24767) has died: cch+99 CEM
06-24 16:05:03.495 0 0 D [0 T238 ..] [h265]: [0]VH265: output first frame poc 0
06-24 16:05:03.495 0 0 D [0 T238 ..] [h265]: [0]decoder duration change old: 0 new: 1601
06-24 16:05:03.496 0 0 D [0 T238 ..] [h265]: [vdec_kpi][post_video_frame] First I frame decoded.
06-24 16:05:03.476 685 5885 I ActivityManager: Process cn.wps.moffice_i18n_TV:gcmpush (pid 25092) has died: cch+99 CEM
06-24 16:05:03.477 685 5885 W ActivityManager: Scheduling restart of crashed service cn.wps.moffice_i18n_TV/cn.wps.moffice.dynamic.DynamicLibService in 1000ms for connection
06-24 16:05:03.477 685 5885 W ActivityManager: Scheduling restart of crashed service cn.wps.moffice_i18n_TV/cn.wps.moffice.common.download.extlibs.service.DownloadService in 11000ms for connection
06-24 16:05:03.587 0 0 I : [2 T360 ..] di_process_open iminor(inode) =0
06-24 16:05:03.587 0 0 I [0 T360 ..] dim: reg:use[1]ms
06-24 16:05:03.587 0 0 I [0 T360 ..] dim: ins:create:ch[2],tmode[3]
06-24 16:05:03.588 0 0 I [2 T360 ..] dim: out:0x80000000
06-24 16:05:03.595 0 0 E [1 T360 ..] dp: [0]no hdr10+ data.
06-24 16:05:03.595 0 0 E [1 T360 ..] dp: [0]no ud.
06-24 16:05:03.595 0 0 I [3 T108 ..] dim: value reg:ch[2]:fix_buf:0;ponly <0,0> post_nub=5
06-24 16:05:03.596 0 0 I [1 T360 ..] VID: VD1 off
06-24 16:05:03.596 0 0 I [3 T108 ..] dim: di_cnt_i_buf1:tvp:0
06-24 16:05:03.597 0 0 I [1 T360 ..] vc: [0]vc: set enable index=0, val=1
06-24 16:05:03.597 0 0 I [3 T108 ..] dim: di_reg_setting:ch[2]:for first ch reg:
06-24 16:05:03.598 0 0 I [1 T360 ..] VID: VD1 off
06-24 16:05:03.599 0 0 I [3 T108 ..] dim: ch[2]:reg:mem cfg[0][0][0]
06-24 16:05:03.599 0 0 I [1 T360 ..] VID: VD1 set global output as 1
06-24 16:05:03.599 0 0 I [1 T360 ..] VID: store VD0 path_id changed -1->2
06-24 16:05:03.600 0 0 I [3 T108 ..] dim: ch[2]:bypass change:i:0->1:0x4
06-24 16:05:03.600 0 0 I [1 T360 ..] vc: [0]sideband_type =-1
06-24 16:05:03.595 685 28310 I ActivityManager: Process com.android.providers.tv (pid 27922) has died: cch+99 CEM
06-24 16:05:03.597 685 709 D DisplayManagerService: Drop pending events for gone uid 10026
06-24 16:05:03.611 685 5885 I ActivityManager: Process com.android.externalstorage (pid 31363) has died: cch+95 CEM
06-24 16:05:03.612 685 709 D DisplayManagerService: Drop pending events for gone uid 10019
06-24 16:05:03.730 685 5885 I ActivityManager: Process com.android.tv.settings (pid 31383) has died: cch+85 CEM
06-24 16:05:03.863 0 0 I [1 T314 ..] dim: pq i:rm 0x1000
06-24 16:05:03.865 0 0 I [1 T314 ..] dim: pq i:rm 0x2000
06-24 16:05:03.911 0 0 I [2 T314 ..] dim: pq i:rm 0x200
06-24 16:05:03.923 0 0 I [2 T314 ..] dim: pq i:rm 0x800
06-24 16:05:03.882 685 5885 I ActivityManager: Process android.process.media (pid 31293) has died: cch+75 CEM
06-24 16:05:03.883 685 709 D DisplayManagerService: Drop pending events for gone uid 10016
06-24 16:05:03.966 685 1390 E TaskPersister: File error accessing recents directory (directory doesn't exist?).
06-24 16:05:04.018 685 5885 W WindowManager: [addWindow] title:
06-24 16:05:04.120 0 0 I [0 T19795 ..] binder: undelivered transaction 7850128, process died.
06-24 16:05:04.120 0 0 I [0 T19795 ..] binder: undelivered transaction 8160735, process died.
06-24 16:05:04.121 0 0 I [0 T19795 ..] binder: undelivered transaction 8160863, process died.
06-24 16:05:04.122 0 0 I [0 T19795 ..] binder: undelivered transaction 8160962, process died.
06-24 16:05:04.117 685 28310 I ActivityManager: Process com.moretv.android:moretvService (pid 29648) has died: cch+45 SVC
06-24 16:05:04.133 685 5885 D CompatibilityChangeReporter: Compat change id reported: 168419799; UID 1000; state: DISABLED
06-24 16:05:04.133 685 5885 D CompatibilityChangeReporter: Compat change id reported: 273564678; UID 1000; state: DISABLED
06-24 16:05:04.143 685 5885 W WindowManager: App com.droidlogic has a system alert window (type = 2006) with FLAG_NOT_TOUCHABLE and LayoutParams.alpha = 1.00 > 0.80, setting alpha to 0.80 to let touches pass through (if this is isn't desirable, remove flag FLAG_NOT_TOUCHABLE).
06-24 16:05:04.148 685 28310 W ActivityManager: Scheduling restart of crashed service com.moretv.android/com.lib.logservice.LogcatService in 20329ms for start-requested
06-24 16:05:04.149 685 709 D DisplayManagerService: Drop pending events for gone uid 10086
06-24 16:05:04.152 685 18233 I ActivityManager: Process com.oranth.usbopenft (pid 31509) has died: cch+45 CEM
06-24 16:05:04.177 685 28310 D CoreBackPreview: Window{70d90dc u0 com.droidlogic}: Setting back callback OnBackInvokedCallbackInfo{mCallback=android.window.IOnBackInvokedCallback$Stub$Proxy@4c8d8ba, mPriority=0, mIsAnimationCallback=false}
06-24 16:05:04.123 0 0 I [0 T19795 ..] binder: undelivered transaction 8161578, process died.
06-24 16:05:04.125 0 0 I [0 T19795 ..] binder: undelivered transaction 8169323, process died.
06-24 16:05:04.126 0 0 I [0 T19795 ..] binder: undelivered transaction 8169426, process died.
06-24 16:05:04.127 0 0 I [0 T19795 ..] binder: undelivered transaction 8169591, process died.
06-24 16:05:04.128 0 0 I [0 T19795 ..] binder: undelivered transaction 8170560, process died.
06-24 16:05:04.129 0 0 I [0 T19795 ..] binder: undelivered transaction 8172967, process died.
06-24 16:05:04.202 0 0 W : [3 T29309 ..] [aml_send_sync_trace 4388] sync token[64017]
06-24 16:05:04.202 0 0 W : [3 T29309 ..] >>> aml_send_msg()
06-24 16:05:04.203 0 0 W : [3 T1041 ..] ipc_sdio_host_msgack_handler 0000000051ab63e8
06-24 16:05:04.204 0 0 W : [3 T1041 ..] [aml_msgackind 2039] msg ack hostid=0xffffff808c1cf880
06-24 16:05:04.205 0 0 W : [2 T1041 ..] [cmd_mgr_llind 329] cmd tkn[449] flags:0008 result: -4 cmd: 105-MM_SYNC_TRACE - reqcfm( 0-none)
06-24 16:05:04.206 0 0 W : [2 T1041 ..] [cmd_complete 65] cmd tkn[449] flags:0000 result: -4 cmd: 105-MM_SYNC_TRACE - reqcfm( 0-none)
06-24 16:05:04.199 685 5885 I ActivityManager: Process net.myvst.v2 (pid 31402) has died: cch+45 CEM
06-24 16:05:04.202 685 709 D DisplayManagerService: Drop pending events for gone uid 10085
06-24 16:05:04.213 685 700 W WindowManager: App com.droidlogic has a system alert window (type = 2006) with FLAG_NOT_TOUCHABLE and LayoutParams.alpha = 1.00 > 0.80, setting alpha to 0.80 to let touches pass through (if this is isn't desirable, remove flag FLAG_NOT_TOUCHABLE).
06-24 16:05:04.364 0 0 I [3 T216 ..] servicemanager: Found android.hardware.graphics.allocator.IAllocator/default in device VINTF manifest.
06-24 16:05:04.376 0 0 W [0 T25266 ..] audit: audit_lost=18011 audit_rate_limit=5 audit_backlog_limit=64
06-24 16:05:04.376 0 0 I [1 T216 ..] servicemanager: Found android.hardware.graphics.allocator.IAllocator/default in device VINTF manifest.
06-24 16:05:04.376 0 0 E [0 T25266 ..] audit: rate limit exceeded
06-24 16:05:04.387 685 13187 I ActivityManager: Process com.xiaodianshi.tv.yst (pid 4714) has died: cch+40 CRE
06-24 16:05:04.392 685 709 D DisplayManagerService: Drop pending events for gone uid 10088
06-24 16:05:04.478 685 718 D CompatibilityChangeReporter: Compat change id reported: 135634846; UID 10101; state: DISABLED
06-24 16:05:04.480 685 719 D CompatibilityChangeReporter: Compat change id reported: 143937733; UID 10101; state: DISABLED
06-24 16:05:04.495 685 719 I ActivityManager: Start proc 32372:cn.wps.moffice_i18n_TV:gcmpush/u0a101 for service {cn.wps.moffice_i18n_TV/cn.wps.moffice.dynamic.DynamicLibService}
06-24 16:05:04.568 685 11707 D CompatibilityChangeReporter: Compat change id reported: 168419799; UID 10101; state: DISABLED
06-24 16:05:04.569 685 11707 D CompatibilityChangeReporter: Compat change id reported: 273564678; UID 10101; state: DISABLED
06-24 16:05:04.584 685 11707 D CompatibilityChangeReporter: Compat change id reported: 170503758; UID 10101; state: DISABLED
06-24 16:05:04.849 685 9098 D CompatibilityChangeReporter: Compat change id reported: 161145287; UID 10101; state: DISABLED
06-24 16:05:04.869 685 9098 D ActivityManager: sync unfroze 24154 cn.wps.moffice_i18n_TV for 7
06-24 16:05:05.299 685 3826 I ActivityManager: Process com.tongji.cesu (pid 28963) has died: cch+35 SVC
06-24 16:05:05.300 685 3826 W ActivityManager: Scheduling restart of crashed service com.tongji.cesu/com.dangbei.phrike.core.DownloadService in 29178ms for start-requested
06-24 16:05:05.300 685 3826 W ActivityManager: Scheduling restart of crashed service com.tongji.cesu/com.ant.downloader.core.DownloadService in 39178ms for start-requested
06-24 16:05:05.300 685 3826 W ActivityManager: Scheduling restart of crashed service com.tongji.cesu/com.dangbei.flames.phrike.core.DownloadService in 49177ms for start-requested
06-24 16:05:05.300 685 3826 W ActivityManager: Scheduling restart of crashed service com.tongji.cesu/com.dangbei.downloader.core.DownloadService in 59177ms for start-requested
06-24 16:05:05.301 685 709 D DisplayManagerService: Drop pending events for gone uid 10094
06-24 16:05:05.303 685 3826 D ActivityManager: sync unfroze 24308 com.android.webview:sandboxed_process0:org.chromium.content.app.SandboxedProcessService0:0 for 12
06-24 16:05:05.379 0 0 W [3 T24735 ..] audit: audit_lost=18028 audit_rate_limit=5 audit_backlog_limit=64
06-24 16:05:05.380 0 0 E [3 T24735 ..] audit: rate limit exceeded
06-24 16:05:07.213 685 709 D CompatibilityChangeReporter: Compat change id reported: 173031413; UID 1000; state: ENABLED
06-24 16:05:07.214 685 709 D CompatibilityChangeReporter: Compat change id reported: 173031413; UID 1000; state: DISABLED
06-24 16:05:07.327 685 791 D WindowManager: handleVolumeKeyInArc KeyEvent { action=ACTION_DOWN, keyCode=KEYCODE_VOLUME_UP, scanCode=115, metaState=0, flags=0x8, repeatCount=0, eventTime=17715113069000, downTime=17715113069000, deviceId=10, source=0x301, displayId=-1 }
06-24 16:05:07.328 685 791 D WindowManager: dispatchDirectAudioEvent KeyEvent { action=ACTION_DOWN, keyCode=KEYCODE_VOLUME_UP, scanCode=115, metaState=0, flags=0x8, repeatCount=0, eventTime=17715113069000, downTime=17715113069000, deviceId=10, source=0x301, displayId=-1 }
06-24 16:05:07.383 685 11707 D CoreBackPreview: Window{70d90dc u0 com.droidlogic}: Setting back callback null
06-24 16:05:07.455 685 685 W Looper : Slow dispatch took 104ms main h=android.app.ActivityThread$H c=android.app.LoadedApk$ReceiverDispatcher$Args$$ExternalSyntheticLambda0@9cf205e m=0
06-24 16:05:07.491 685 791 D WindowManager: handleVolumeKeyInArc KeyEvent { action=ACTION_UP, keyCode=KEYCODE_VOLUME_UP, scanCode=115, metaState=0, flags=0x8, repeatCount=0, eventTime=17715226091000, downTime=17715113069000, deviceId=10, source=0x301, displayId=-1 }
06-24 16:05:07.491 685 791 D WindowManager: dispatchDirectAudioEvent KeyEvent { action=ACTION_UP, keyCode=KEYCODE_VOLUME_UP, scanCode=115, metaState=0, flags=0x8, repeatCount=0, eventTime=17715226091000, downTime=17715113069000, deviceId=10, source=0x301, displayId=-1 }
06-24 16:05:07.521 685 700 W WindowManager: [addWindow] title:VolumeDialogImpl
06-24 16:05:07.549 685 3826 D CoreBackPreview: Window{468e46a u0 VolumeDialogImpl}: Setting back callback OnBackInvokedCallbackInfo{mCallback=android.window.IOnBackInvokedCallback$Stub$Proxy@b5d89f8, mPriority=0, mIsAnimationCallback=false}
06-24 16:05:08.778 32372 32372 W Looper : Slow dispatch took 4198ms main h=android.app.ActivityThread$H c=null m=110
06-24 16:05:08.779 685 718 W ActivityManager: Rescheduling restart of crashed service com.moretv.android/com.lib.logservice.LogcatService in 0ms for other
06-24 16:05:08.780 685 718 W ActivityManager: Rescheduling restart of crashed service com.tongji.cesu/com.dangbei.phrike.core.DownloadService in 0ms for other
06-24 16:05:08.780 685 718 W ActivityManager: Rescheduling restart of crashed service com.tongji.cesu/com.ant.downloader.core.DownloadService in 0ms for other
06-24 16:05:08.780 685 718 W ActivityManager: Rescheduling restart of crashed service com.tongji.cesu/com.dangbei.flames.phrike.core.DownloadService in 0ms for other
06-24 16:05:08.780 685 718 W ActivityManager: Rescheduling restart of crashed service com.tongji.cesu/com.dangbei.downloader.core.DownloadService in 0ms for other
06-24 16:05:08.782 685 718 D CompatibilityChangeReporter: Compat change id reported: 135634846; UID 10086; state: DISABLED
06-24 16:05:08.783 685 719 D CompatibilityChangeReporter: Compat change id reported: 143937733; UID 10086; state: DISABLED
06-24 16:05:08.783 685 718 I ActivityManager: com.tongji.cesu is exempt from freezer
06-24 16:05:08.783 685 718 D CompatibilityChangeReporter: Compat change id reported: 135634846; UID 10094; state: DISABLED
06-24 16:05:08.826 685 719 I ActivityManager: Start proc 32444:com.moretv.android:moretvService/u0a86 for service {com.moretv.android/com.lib.logservice.LogcatService}
06-24 16:05:08.827 685 719 D CompatibilityChangeReporter: Compat change id reported: 143937733; UID 10094; state: DISABLED
06-24 16:05:08.881 685 719 W ActivityManager: Slow operation: 97ms so far, now at startProcess: returned from zygote!
06-24 16:05:08.881 685 719 W ActivityManager: Slow operation: 98ms so far, now at startProcess: done updating battery stats
06-24 16:05:08.881 685 719 W ActivityManager: Slow operation: 98ms so far, now at startProcess: building log message
06-24 16:05:08.881 685 719 I ActivityManager: Start proc 32452:com.tongji.cesu/u0a94 for service {com.tongji.cesu/com.dangbei.phrike.core.DownloadService}
06-24 16:05:08.881 685 719 W ActivityManager: Slow operation: 98ms so far, now at startProcess: starting to update pids map
06-24 16:05:08.882 685 719 W ActivityManager: Slow operation: 98ms so far, now at startProcess: done updating pids map
06-24 16:05:08.914 685 11707 D CompatibilityChangeReporter: Compat change id reported: 168419799; UID 10086; state: DISABLED
06-24 16:05:08.915 685 11707 D CompatibilityChangeReporter: Compat change id reported: 273564678; UID 10086; state: DISABLED
06-24 16:05:08.927 685 763 D CompatibilityChangeReporter: Compat change id reported: 265195908; UID 10086; state: ENABLED
06-24 16:05:08.956 685 11707 D CompatibilityChangeReporter: Compat change id reported: 170503758; UID 10086; state: DISABLED
06-24 16:05:08.990 685 700 D CompatibilityChangeReporter: Compat change id reported: 168419799; UID 10094; state: DISABLED
06-24 16:05:08.991 685 700 D CompatibilityChangeReporter: Compat change id reported: 273564678; UID 10094; state: DISABLED
06-24 16:05:09.017 685 763 D CompatibilityChangeReporter: Compat change id reported: 265195908; UID 10094; state: ENABLED
06-24 16:05:09.054 685 11707 D CompatibilityChangeReporter: Compat change id reported: 170503758; UID 10094; state: DISABLED
06-24 16:05:09.270 0 0 W [2 T27378 ..] audit: audit_lost=18033 audit_rate_limit=5 audit_backlog_limit=64
06-24 16:05:09.271 0 0 E [2 T27378 ..] audit: rate limit exceeded
06-24 16:05:09.284 685 700 D CompatibilityChangeReporter: Compat change id reported: 161145287; UID 10094; state: DISABLED
