06-24 16:05:09.354 685 700 D CompatibilityChangeReporter: Compat change id reported: 161145287; UID 10086; state: DISABLED
06-24 16:05:09.880 685 791 D WindowManager: handleVolumeKeyInArc KeyEvent { action=ACTION_DOWN, keyCode=KEYCODE_VOLUME_DOWN, scanCode=114, metaState=0, flags=0x8, repeatCount=0, eventTime=17717633386000, downTime=17717633386000, deviceId=10, source=0x301, displayId=-1 }
06-24 16:05:09.880 685 791 D WindowManager: dispatchDirectAudioEvent KeyEvent { action=ACTION_DOWN, keyCode=KEYCODE_VOLUME_DOWN, scanCode=114, metaState=0, flags=0x8, repeatCount=0, eventTime=17717633386000, downTime=17717633386000, deviceId=10, source=0x301, displayId=-1 }
06-24 16:05:09.913 685 791 D WindowManager: handleVolumeKeyInArc KeyEvent { action=ACTION_UP, keyCode=KEYCODE_VOLUME_DOWN, scanCode=114, metaState=0, flags=0x8, repeatCount=0, eventTime=17717779473000, downTime=17717633386000, deviceId=10, source=0x301, displayId=-1 }
06-24 16:05:09.913 685 791 D WindowManager: dispatchDirectAudioEvent KeyEvent { action=ACTION_UP, keyCode=KEYCODE_VOLUME_DOWN, scanCode=114, metaState=0, flags=0x8, repeatCount=0, eventTime=17717779473000, downTime=17717633386000, deviceId=10, source=0x301, displayId=-1 }
06-24 16:05:10.622 685 791 D WindowManager: handleVolumeKeyInArc KeyEvent { action=ACTION_DOWN, keyCode=KEYCODE_VOLUME_DOWN, scanCode=114, metaState=0, flags=0x8, repeatCount=0, eventTime=17718397541000, downTime=17718397541000, deviceId=10, source=0x301, displayId=-1 }
06-24 16:05:10.623 685 791 D WindowManager: dispatchDirectAudioEvent KeyEvent { action=ACTION_DOWN, keyCode=KEYCODE_VOLUME_DOWN, scanCode=114, metaState=0, flags=0x8, repeatCount=0, eventTime=17718397541000, downTime=17718397541000, deviceId=10, source=0x301, displayId=-1 }
06-24 16:05:10.680 685 791 D WindowManager: handleVolumeKeyInArc KeyEvent { action=ACTION_UP, keyCode=KEYCODE_VOLUME_DOWN, scanCode=114, metaState=0, flags=0x8, repeatCount=0, eventTime=17718521551000, downTime=17718397541000, deviceId=10, source=0x301, displayId=-1 }
06-24 16:05:10.680 685 791 D WindowManager: dispatchDirectAudioEvent KeyEvent { action=ACTION_UP, keyCode=KEYCODE_VOLUME_DOWN, scanCode=114, metaState=0, flags=0x8, repeatCount=0, eventTime=17718521551000, downTime=17718397541000, deviceId=10, source=0x301, displayId=-1 }
06-24 16:05:10.753 685 685 W Looper : Slow dispatch took 100ms main h=android.app.ActivityThread$H c=android.app.LoadedApk$ReceiverDispatcher$Args$$ExternalSyntheticLambda0@eb3e64 m=0
06-24 16:05:10.756 685 700 W ActivityManager: Background start not allowed: service Intent { cmp=cn.wps.moffice_i18n_TV/cn.wps.moffice.service.WakeService } to cn.wps.moffice_i18n_TV/cn.wps.moffice.service.WakeService from pid=32372 uid=10101 pkg=cn.wps.moffice_i18n_TV startFg?=false
06-24 16:05:10.962 0 0 W [0 T23126 ..] audit: audit_lost=18049 audit_rate_limit=5 audit_backlog_limit=64
06-24 16:05:10.963 0 0 E [0 T23126 ..] audit: rate limit exceeded
06-24 16:05:11.427 32452 32452 W Looper : Slow dispatch took 2404ms main h=android.app.ActivityThread$H c=null m=110
06-24 16:05:11.432 32452 32452 W Looper : Slow delivery took 2194ms main h=android.app.ActivityThread$H c=null m=164
06-24 16:05:11.566 32452 32452 W Looper : Drained
06-24 16:05:12.138 0 0 W : [1 T700 .s] [SP FRAME TX] arp req,vif_idx:0 sender:[1c:79:2d:20:62:cb 192.168.3.75]receiver:[00:00:00:00:00:00 192.168.3.129]
06-24 16:05:12.153 0 0 W : [1 T1046 ..] [SP FRAME RX] arp req,vif_idx:0 sender:[3a:fd:3d:ee:5f:54 192.168.3.129]receiver:[00:00:00:00:00:00 192.168.3.75]
06-24 16:05:12.154 0 0 W : [1 T1046 ..] [SP FRAME TX] arp rsp,vif_idx:0 sender:[1c:79:2d:20:62:cb 192.168.3.75]receiver:[3a:fd:3d:ee:5f:54 192.168.3.129]
06-24 16:05:12.155 0 0 W : [1 T1046 ..] [SP FRAME RX] arp rsp,vif_idx:0 sender:[3a:fd:3d:ee:5f:54 192.168.3.129]receiver:[1c:79:2d:20:62:cb 192.168.3.75]
06-24 16:05:12.478 0 0 W [0 T28037 ..] audit: audit_lost=18231 audit_rate_limit=5 audit_backlog_limit=64
06-24 16:05:12.482 0 0 E [0 T28037 ..] audit: rate limit exceeded
06-24 16:05:13.346 685 791 D WindowManager: handleVolumeKeyInArc KeyEvent { action=ACTION_DOWN, keyCode=KEYCODE_VOLUME_UP, scanCode=115, metaState=0, flags=0x8, repeatCount=0, eventTime=17721097720000, downTime=17721097720000, deviceId=10, source=0x301, displayId=-1 }
06-24 16:05:13.346 685 791 D WindowManager: dispatchDirectAudioEvent KeyEvent { action=ACTION_DOWN, keyCode=KEYCODE_VOLUME_UP, scanCode=115, metaState=0, flags=0x8, repeatCount=0, eventTime=17721097720000, downTime=17721097720000, deviceId=10, source=0x301, displayId=-1 }
06-24 16:05:13.390 685 791 D WindowManager: handleVolumeKeyInArc KeyEvent { action=ACTION_UP, keyCode=KEYCODE_VOLUME_UP, scanCode=115, metaState=0, flags=0x8, repeatCount=0, eventTime=17721278679000, downTime=17721097720000, deviceId=10, source=0x301, displayId=-1 }
06-24 16:05:13.391 685 791 D WindowManager: dispatchDirectAudioEvent KeyEvent { action=ACTION_UP, keyCode=KEYCODE_VOLUME_UP, scanCode=115, metaState=0, flags=0x8, repeatCount=0, eventTime=17721278679000, downTime=17721097720000, deviceId=10, source=0x301, displayId=-1 }
06-24 16:05:16.972 685 751 D CoreBackPreview: Window{468e46a u0 VolumeDialogImpl}: Setting back callback null
06-24 16:05:18.026 0 0 W : [1 T31286 .s] [SP FRAME TX] arp req,vif_idx:0 sender:[1c:79:2d:20:62:cb 192.168.3.75]receiver:[00:00:00:00:00:00 192.168.3.36]
06-24 16:05:18.035 0 0 W : [2 T1046 ..] [SP FRAME RX] arp rsp,vif_idx:0 sender:[b6:86:f8:35:d4:28 192.168.3.36]receiver:[1c:79:2d:20:62:cb 192.168.3.75]
06-24 16:05:18.119 0 0 W : [2 T1046 ..] [SP FRAME RX] arp req,vif_idx:0 sender:[b6:86:f8:35:d4:28 192.168.3.36]receiver:[00:00:00:00:00:00 192.168.3.75]
06-24 16:05:18.120 0 0 W : [2 T1046 ..] [SP FRAME TX] arp rsp,vif_idx:0 sender:[1c:79:2d:20:62:cb 192.168.3.75]receiver:[b6:86:f8:35:d4:28 192.168.3.36]
06-24 16:05:18.282 0 0 W : [0 T262 .s] [SP FRAME TX] arp req,vif_idx:0 sender:[1c:79:2d:20:62:cb 192.168.3.75]receiver:[00:00:00:00:00:00 192.168.3.254]
06-24 16:05:18.296 0 0 W [0 T27378 ..] audit: audit_lost=18235 audit_rate_limit=5 audit_backlog_limit=64
06-24 16:05:18.299 0 0 E [0 T27378 ..] audit: rate limit exceeded
06-24 16:05:18.538 0 0 W : [2 T32346 .s] [SP FRAME TX] arp req,vif_idx:0 sender:[1c:79:2d:20:62:cb 192.168.3.75]receiver:[00:00:00:00:00:00 192.168.3.243]
06-24 16:05:18.539 0 0 W : [2 T32346 .s] [SP FRAME TX] arp req,vif_idx:0 sender:[1c:79:2d:20:62:cb 192.168.3.75]receiver:[00:00:00:00:00:00 192.168.3.176]
06-24 16:05:18.578 0 0 W : [1 T1046 ..] [SP FRAME RX] arp rsp,vif_idx:0 sender:[12:3c:2c:e1:84:9f 192.168.3.254]receiver:[1c:79:2d:20:62:cb 192.168.3.75]
06-24 16:05:18.587 0 0 W : [1 T1046 ..] [SP FRAME RX] arp rsp,vif_idx:0 sender:[ea:f3:28:46:91:6b 192.168.3.243]receiver:[1c:79:2d:20:62:cb 192.168.3.75]
06-24 16:05:18.588 0 0 W : [1 T1046 ..] [SP FRAME RX] arp req,vif_idx:0 sender:[16:8e:6e:17:dc:41 192.168.3.176]receiver:[00:00:00:00:00:00 192.168.3.75]
06-24 16:05:18.589 0 0 W : [1 T1046 ..] [SP FRAME TX] arp rsp,vif_idx:0 sender:[1c:79:2d:20:62:cb 192.168.3.75]receiver:[16:8e:6e:17:dc:41 192.168.3.176]
06-24 16:05:18.591 0 0 W : [1 T1046 ..] [SP FRAME RX] arp rsp,vif_idx:0 sender:[16:8e:6e:17:dc:41 192.168.3.176]receiver:[1c:79:2d:20:62:cb 192.168.3.75]
06-24 16:05:18.637 0 0 W : [1 T1046 ..] [SP FRAME RX] arp req,vif_idx:0 sender:[ea:f3:28:46:91:6b 192.168.3.243]receiver:[00:00:00:00:00:00 192.168.3.75]
06-24 16:05:18.638 0 0 W : [1 T1046 ..] [SP FRAME TX] arp rsp,vif_idx:0 sender:[1c:79:2d:20:62:cb 192.168.3.75]receiver:[ea:f3:28:46:91:6b 192.168.3.243]
06-24 16:05:19.214 685 780 D ActivityManager: freezing 24154 cn.wps.moffice_i18n_TV
06-24 16:05:19.217 685 780 D ActivityManager: freezing 24308 com.android.webview:sandboxed_process0:org.chromium.content.app.SandboxedProcessService0:0
06-24 16:05:19.218 685 780 D ActivityManager: freezing 32372 cn.wps.moffice_i18n_TV:gcmpush
06-24 16:05:19.486 0 0 W : [3 T1046 ..] [SP FRAME RX] arp req,vif_idx:0 sender:[12:3c:2c:e1:84:9f 192.168.3.254]receiver:[00:00:00:00:00:00 192.168.3.75]
06-24 16:05:19.487 0 0 W : [3 T1046 ..] [SP FRAME TX] arp rsp,vif_idx:0 sender:[1c:79:2d:20:62:cb 192.168.3.75]receiver:[12:3c:2c:e1:84:9f 192.168.3.254]
06-24 16:05:21.108 272 32483 I keystore2: system/security/keystore2/src/watchdog.rs:319 - Watchdog thread idle -> terminating. Have a great day.
06-24 16:05:32.366 0 0 W : [0 T32344 .s] [SP FRAME TX] arp req,vif_idx:0 sender:[1c:79:2d:20:62:cb 192.168.3.75]receiver:[00:00:00:00:00:00 192.168.3.190]
06-24 16:05:32.401 0 0 W : [2 T1046 ..] [SP FRAME RX] arp rsp,vif_idx:0 sender:[12:2c:8d:45:1c:5f 192.168.3.190]receiver:[1c:79:2d:20:62:cb 192.168.3.75]
06-24 16:05:32.493 0 0 W : [2 T1046 ..] [SP FRAME RX] arp req,vif_idx:0 sender:[12:2c:8d:45:1c:5f 192.168.3.190]receiver:[00:00:00:00:00:00 192.168.3.75]
06-24 16:05:32.494 0 0 W : [2 T1046 ..] [SP FRAME TX] arp rsp,vif_idx:0 sender:[1c:79:2d:20:62:cb 192.168.3.75]receiver:[12:2c:8d:45:1c:5f 192.168.3.190]
06-24 16:05:49.262 0 0 W : [2 T32348 .s] [SP FRAME TX] arp req,vif_idx:0 sender:[1c:79:2d:20:62:cb 192.168.3.75]receiver:[00:00:00:00:00:00 192.168.3.176]
06-24 16:05:49.273 0 0 W : [3 T1046 ..] [SP FRAME RX] arp rsp,vif_idx:0 sender:[16:8e:6e:17:dc:41 192.168.3.176]receiver:[1c:79:2d:20:62:cb 192.168.3.75]
06-24 16:05:49.639 0 0 W : [3 T1046 ..] [SP FRAME RX] arp req,vif_idx:0 sender:[3c:0a:f3:3b:21:a7 192.168.3.240]receiver:[1c:79:2d:20:62:cb 192.168.3.75]
06-24 16:05:49.640 0 0 W : [3 T1046 ..] [SP FRAME TX] arp rsp,vif_idx:0 sender:[1c:79:2d:20:62:cb 192.168.3.75]receiver:[3c:0a:f3:3b:21:a7 192.168.3.240]
06-24 16:05:50.026 0 0 W : [2 T0 .s] [SP FRAME TX] arp req,vif_idx:0 sender:[1c:79:2d:20:62:cb 192.168.3.75]receiver:[00:00:00:00:00:00 192.168.3.240]
06-24 16:05:50.027 0 0 W : [2 T0 .s] [SP FRAME TX] arp req,vif_idx:0 sender:[1c:79:2d:20:62:cb 192.168.3.75]receiver:[00:00:00:00:00:00 192.168.3.36]
06-24 16:05:50.033 0 0 W : [1 T1046 ..] [SP FRAME RX] arp rsp,vif_idx:0 sender:[3c:0a:f3:3b:21:a7 192.168.3.240]receiver:[1c:79:2d:20:62:cb 192.168.3.75]
06-24 16:05:50.038 0 0 W : [1 T1046 ..] [SP FRAME RX] arp rsp,vif_idx:0 sender:[b6:86:f8:35:d4:28 192.168.3.36]receiver:[1c:79:2d:20:62:cb 192.168.3.75]
06-24 16:05:50.101 0 0 W : [1 T1046 ..] [SP FRAME RX] arp req,vif_idx:0 sender:[b6:86:f8:35:d4:28 192.168.3.36]receiver:[00:00:00:00:00:00 192.168.3.75]
06-24 16:05:50.102 0 0 W : [1 T1046 ..] [SP FRAME TX] arp rsp,vif_idx:0 sender:[1c:79:2d:20:62:cb 192.168.3.75]receiver:[b6:86:f8:35:d4:28 192.168.3.36]
06-24 16:05:50.282 0 0 W : [2 T248 .s] [SP FRAME TX] arp req,vif_idx:0 sender:[1c:79:2d:20:62:cb 192.168.3.75]receiver:[00:00:00:00:00:00 192.168.3.254]
06-24 16:05:50.310 0 0 W : [1 T1046 ..] [SP FRAME RX] arp req,vif_idx:0 sender:[12:3c:2c:e1:84:9f 192.168.3.254]receiver:[00:00:00:00:00:00 192.168.3.75]
06-24 16:05:50.311 0 0 W : [1 T1046 ..] [SP FRAME TX] arp rsp,vif_idx:0 sender:[1c:79:2d:20:62:cb 192.168.3.75]receiver:[12:3c:2c:e1:84:9f 192.168.3.254]
06-24 16:05:50.312 0 0 W : [1 T1046 ..] [SP FRAME RX] arp rsp,vif_idx:0 sender:[12:3c:2c:e1:84:9f 192.168.3.254]receiver:[1c:79:2d:20:62:cb 192.168.3.75]
06-24 16:05:50.538 0 0 W : [0 T32332 .s] [SP FRAME TX] arp req,vif_idx:0 sender:[1c:79:2d:20:62:cb 192.168.3.75]receiver:[00:00:00:00:00:00 192.168.3.243]
06-24 16:05:50.547 0 0 W : [1 T1046 ..] [SP FRAME RX] arp rsp,vif_idx:0 sender:[ea:f3:28:46:91:6b 192.168.3.243]receiver:[1c:79:2d:20:62:cb 192.168.3.75]
06-24 16:05:50.639 0 0 W : [1 T1046 ..] [SP FRAME RX] arp req,vif_idx:0 sender:[ea:f3:28:46:91:6b 192.168.3.243]receiver:[00:00:00:00:00:00 192.168.3.75]
06-24 16:05:50.640 0 0 W : [1 T1046 ..] [SP FRAME TX] arp rsp,vif_idx:0 sender:[1c:79:2d:20:62:cb 192.168.3.75]receiver:[ea:f3:28:46:91:6b 192.168.3.243]
06-24 16:06:02.708 685 718 W ProcessStats: Tracking association SourceState{2ed2a5c system/1000 ImpFg #9842} whose proc state 5 is better than process ProcessState{9231bd0 com.android.permissioncontroller/10074 pkg=com.android.permissioncontroller} proc state 15 (23 skipped)
06-24 16:06:03.966 0 0 W : [1 T1046 ..] [SP FRAME RX] arp req,vif_idx:0 sender:[20:57:9e:67:7f:db 192.168.3.98]receiver:[00:00:00:00:00:00 192.168.3.75]
06-24 16:06:03.967 0 0 W : [1 T1046 ..] [SP FRAME TX] arp rsp,vif_idx:0 sender:[1c:79:2d:20:62:cb 192.168.3.75]receiver:[20:57:9e:67:7f:db 192.168.3.98]
06-24 16:06:04.182 0 0 W : [3 T1046 ..] [SP FRAME RX] arp req,vif_idx:0 sender:[e2:8e:12:0f:0b:47 192.168.3.123]receiver:[00:00:00:00:00:00 192.168.3.75]
06-24 16:06:04.183 0 0 W : [3 T1046 ..] [SP FRAME TX] arp rsp,vif_idx:0 sender:[1c:79:2d:20:62:cb 192.168.3.75]receiver:[e2:8e:12:0f:0b:47 192.168.3.123]
06-24 16:06:04.343 0 0 W : [3 T1046 ..] [SP FRAME RX] arp req,vif_idx:0 sender:[16:8e:6e:17:dc:41 192.168.3.176]receiver:[00:00:00:00:00:00 192.168.3.75]
06-24 16:06:04.344 0 0 W : [3 T1046 ..] [SP FRAME TX] arp rsp,vif_idx:0 sender:[1c:79:2d:20:62:cb 192.168.3.75]receiver:[16:8e:6e:17:dc:41 192.168.3.176]
06-24 16:06:04.606 0 0 W : [3 T1046 ..] [SP FRAME RX] arp req,vif_idx:0 sender:[28:7b:11:70:4f:bd 192.168.3.156]receiver:[00:00:00:00:00:00 192.168.3.75]
06-24 16:06:04.607 0 0 W : [3 T1046 ..] [SP FRAME TX] arp rsp,vif_idx:0 sender:[1c:79:2d:20:62:cb 192.168.3.75]receiver:[28:7b:11:70:4f:bd 192.168.3.156]
06-24 16:06:04.647 0 0 W : [0 T1046 ..] [SP FRAME RX] arp req,vif_idx:0 sender:[28:7b:11:70:4f:a5 192.168.3.155]receiver:[00:00:00:00:00:00 192.168.3.75]
06-24 16:06:04.648 0 0 W : [0 T1046 ..] [SP FRAME TX] arp rsp,vif_idx:0 sender:[1c:79:2d:20:62:cb 192.168.3.75]receiver:[28:7b:11:70:4f:a5 192.168.3.155]
06-24 16:06:04.649 0 0 W : [0 T1046 ..] [SP FRAME RX] arp req,vif_idx:0 sender:[0c:91:60:12:cd:6e 192.168.3.81]receiver:[00:00:00:00:00:00 192.168.3.75]
06-24 16:06:04.651 0 0 W : [0 T1046 ..] [SP FRAME TX] arp rsp,vif_idx:0 sender:[1c:79:2d:20:62:cb 192.168.3.75]receiver:[0c:91:60:12:cd:6e 192.168.3.81]
06-24 16:06:04.652 0 0 W : [0 T1046 ..] [SP FRAME RX] arp req,vif_idx:0 sender:[3a:fd:3d:ee:5f:54 192.168.3.129]receiver:[00:00:00:00:00:00 192.168.3.75]
06-24 16:06:04.654 0 0 W : [0 T1046 ..] [SP FRAME TX] arp rsp,vif_idx:0 sender:[1c:79:2d:20:62:cb 192.168.3.75]receiver:[3a:fd:3d:ee:5f:54 192.168.3.129]
06-24 16:06:04.682 0 0 W : [0 T1046 ..] [SP FRAME RX] arp req,vif_idx:0 sender:[d2:07:9a:6e:a7:36 192.168.3.27]receiver:[00:00:00:00:00:00 192.168.3.75]
06-24 16:06:04.683 0 0 W : [0 T1046 ..] [SP FRAME TX] arp rsp,vif_idx:0 sender:[1c:79:2d:20:62:cb 192.168.3.75]receiver:[d2:07:9a:6e:a7:36 192.168.3.27]
06-24 16:06:04.742 0 0 W : [1 T1046 ..] [SP FRAME RX] arp req,vif_idx:0 sender:[b6:9c:70:ec:40:e7 192.168.3.65]receiver:[00:00:00:00:00:00 192.168.3.75]
06-24 16:06:04.743 0 0 W : [1 T1046 ..] [SP FRAME TX] arp rsp,vif_idx:0 sender:[1c:79:2d:20:62:cb 192.168.3.75]receiver:[b6:9c:70:ec:40:e7 192.168.3.65]
06-24 16:06:04.775 0 0 W : [1 T1046 ..] [SP FRAME RX] arp req,vif_idx:0 sender:[da:b8:33:f6:93:fe 192.168.3.89]receiver:[00:00:00:00:00:00 192.168.3.75]
06-24 16:06:04.776 0 0 W : [1 T1046 ..] [SP FRAME TX] arp rsp,vif_idx:0 sender:[1c:79:2d:20:62:cb 192.168.3.75]receiver:[da:b8:33:f6:93:fe 192.168.3.89]
06-24 16:06:04.778 0 0 W : [1 T1046 ..] [SP FRAME RX] arp req,vif_idx:0 sender:[38:54:39:af:de:38 192.168.3.114]receiver:[00:00:00:00:00:00 192.168.3.75]
06-24 16:06:04.779 0 0 W : [1 T1046 ..] [SP FRAME TX] arp rsp,vif_idx:0 sender:[1c:79:2d:20:62:cb 192.168.3.75]receiver:[38:54:39:af:de:38 192.168.3.114]
06-24 16:06:04.783 0 0 W : [1 T1046 ..] [SP FRAME RX] arp req,vif_idx:0 sender:[9a:86:f7:27:5c:25 192.168.3.169]receiver:[00:00:00:00:00:00 192.168.3.75]
06-24 16:06:04.784 0 0 W : [1 T1046 ..] [SP FRAME TX] arp rsp,vif_idx:0 sender:[1c:79:2d:20:62:cb 192.168.3.75]receiver:[9a:86:f7:27:5c:25 192.168.3.169]
06-24 16:06:04.881 0 0 W : [1 T1046 ..] [SP FRAME RX] arp req,vif_idx:0 sender:[28:7b:11:70:51:1f 192.168.3.44]receiver:[00:00:00:00:00:00 192.168.3.75]
06-24 16:06:04.882 0 0 W : [1 T1046 ..] [SP FRAME TX] arp rsp,vif_idx:0 sender:[1c:79:2d:20:62:cb 192.168.3.75]receiver:[28:7b:11:70:51:1f 192.168.3.44]
06-24 16:06:04.987 0 0 W : [1 T1046 ..] [SP FRAME RX] arp req,vif_idx:0 sender:[0c:91:60:12:cd:fc 192.168.3.171]receiver:[00:00:00:00:00:00 192.168.3.75]
06-24 16:06:04.988 0 0 W : [1 T1046 ..] [SP FRAME TX] arp rsp,vif_idx:0 sender:[1c:79:2d:20:62:cb 192.168.3.75]receiver:[0c:91:60:12:cd:fc 192.168.3.171]
06-24 16:06:05.013 0 0 W : [1 T1046 ..] [SP FRAME RX] arp req,vif_idx:0 sender:[0c:91:60:12:cd:8c 192.168.3.70]receiver:[00:00:00:00:00:00 192.168.3.75]
06-24 16:06:05.014 0 0 W : [1 T1046 ..] [SP FRAME TX] arp rsp,vif_idx:0 sender:[1c:79:2d:20:62:cb 192.168.3.75]receiver:[0c:91:60:12:cd:8c 192.168.3.70]
06-24 16:06:05.095 0 0 W : [1 T1046 ..] [SP FRAME RX] arp req,vif_idx:0 sender:[e2:04:f6:d8:62:00 192.168.3.194]receiver:[00:00:00:00:00:00 192.168.3.75]
06-24 16:06:05.096 0 0 W : [1 T1046 ..] [SP FRAME TX] arp rsp,vif_idx:0 sender:[1c:79:2d:20:62:cb 192.168.3.75]receiver:[e2:04:f6:d8:62:00 192.168.3.194]
06-24 16:06:05.174 0 0 W : [3 T1046 ..] [SP FRAME RX] arp req,vif_idx:0 sender:[de:90:cb:50:92:8f 192.168.3.145]receiver:[00:00:00:00:00:00 192.168.3.75]
06-24 16:06:05.175 0 0 W : [3 T1046 ..] [SP FRAME TX] arp rsp,vif_idx:0 sender:[1c:79:2d:20:62:cb 192.168.3.75]receiver:[de:90:cb:50:92:8f 192.168.3.145]
06-24 16:06:05.642 0 0 W : [0 T20391 ..] [aml_send_sync_trace 4388] sync token[64018]
06-24 16:06:05.642 0 0 W : [0 T20391 ..] >>> aml_send_msg()
06-24 16:06:05.643 0 0 W : [3 T1041 ..] ipc_sdio_host_msgack_handler 00000000a4468bbf
06-24 16:06:05.644 0 0 W : [3 T1041 ..] [aml_msgackind 2039] msg ack hostid=0xffffff804b2c0480
06-24 16:06:05.645 0 0 W : [3 T1041 ..] [cmd_mgr_llind 329] cmd tkn[450] flags:0008 result: -4 cmd: 105-MM_SYNC_TRACE - reqcfm( 0-none)
06-24 16:06:05.646 0 0 W : [3 T1041 ..] [cmd_complete 65] cmd tkn[450] flags:0000 result: -4 cmd: 105-MM_SYNC_TRACE - reqcfm( 0-none)
06-24 16:06:10.226 0 0 W : [2 T1046 ..] [SP FRAME RX] arp req,vif_idx:0 sender:[02:d1:be:fb:0a:d7 192.168.3.130]receiver:[00:00:00:00:00:00 192.168.3.75]
06-24 16:06:10.227 0 0 W : [2 T1046 ..] [SP FRAME TX] arp rsp,vif_idx:0 sender:[1c:79:2d:20:62:cb 192.168.3.75]receiver:[02:d1:be:fb:0a:d7 192.168.3.130]
06-24 16:06:10.713 0 0 W : [0 T1046 ..] [SP FRAME RX] arp req,vif_idx:0 sender:[56:86:a9:ec:10:a8 192.168.3.19]receiver:[00:00:00:00:00:00 192.168.3.75]
06-24 16:06:10.714 0 0 W : [0 T1046 ..] [SP FRAME TX] arp rsp,vif_idx:0 sender:[1c:79:2d:20:62:cb 192.168.3.75]receiver:[56:86:a9:ec:10:a8 192.168.3.19]
06-24 16:06:12.714 685 763 W ProcessStats: Tracking association SourceState{2ed2a5c system/1000 ImpFg #9843} whose proc state 5 is better than process ProcessState{9231bd0 com.android.permissioncontroller/10074 pkg=com.android.permissioncontroller} proc state 15 (0 skipped)
06-24 16:06:13.834 0 0 W : [3 T32031 .s] [SP FRAME TX] arp req,vif_idx:0 sender:[1c:79:2d:20:62:cb 192.168.3.75]receiver:[00:00:00:00:00:00 192.168.3.3]
06-24 16:06:13.869 0 0 W : [3 T1046 ..] [SP FRAME RX] arp rsp,vif_idx:0 sender:[02:fe:15:17:79:f9 192.168.3.3]receiver:[1c:79:2d:20:62:cb 192.168.3.75]
06-24 16:06:14.082 0 0 W : [3 T1046 ..] [SP FRAME RX] arp req,vif_idx:0 sender:[02:fe:15:17:79:f9 192.168.3.3]receiver:[00:00:00:00:00:00 192.168.3.75]
06-24 16:06:14.083 0 0 W : [3 T1046 ..] [SP FRAME TX] arp rsp,vif_idx:0 sender:[1c:79:2d:20:62:cb 192.168.3.75]receiver:[02:fe:15:17:79:f9 192.168.3.3]
06-24 16:06:17.670 0 0 W [0 T32724 ..] audit: audit_lost=18238 audit_rate_limit=5 audit_backlog_limit=64
06-24 16:06:17.674 0 0 E [0 T32724 ..] audit: rate limit exceeded
06-24 16:06:22.026 0 0 W : [0 T13 .s] [SP FRAME TX] arp req,vif_idx:0 sender:[1c:79:2d:20:62:cb 192.168.3.75]receiver:[00:00:00:00:00:00 192.168.3.36]
06-24 16:06:22.034 0 0 W : [2 T1046 ..] [SP FRAME RX] arp rsp,vif_idx:0 sender:[b6:86:f8:35:d4:28 192.168.3.36]receiver:[1c:79:2d:20:62:cb 192.168.3.75]
06-24 16:06:22.106 0 0 W : [2 T1046 ..] [SP FRAME RX] arp req,vif_idx:0 sender:[b6:86:f8:35:d4:28 192.168.3.36]receiver:[00:00:00:00:00:00 192.168.3.75]
06-24 16:06:22.107 0 0 W : [2 T1046 ..] [SP FRAME TX] arp rsp,vif_idx:0 sender:[1c:79:2d:20:62:cb 192.168.3.75]receiver:[b6:86:f8:35:d4:28 192.168.3.36]
06-24 16:06:22.282 0 0 W : [2 T32314 .s] [SP FRAME TX] arp req,vif_idx:0 sender:[1c:79:2d:20:62:cb 192.168.3.75]receiver:[00:00:00:00:00:00 192.168.3.254]
06-24 16:06:22.287 0 0 W : [2 T1046 ..] [SP FRAME RX] arp req,vif_idx:0 sender:[12:3c:2c:e1:84:9f 192.168.3.254]receiver:[00:00:00:00:00:00 192.168.3.75]
06-24 16:06:22.288 0 0 W : [2 T1046 ..] [SP FRAME TX] arp rsp,vif_idx:0 sender:[1c:79:2d:20:62:cb 192.168.3.75]receiver:[12:3c:2c:e1:84:9f 192.168.3.254]
06-24 16:06:22.302 0 0 W : [2 T1046 ..] [SP FRAME RX] arp rsp,vif_idx:0 sender:[12:3c:2c:e1:84:9f 192.168.3.254]receiver:[1c:79:2d:20:62:cb 192.168.3.75]
06-24 16:06:22.488 0 0 W : [2 T1046 ..] [SP FRAME RX] arp req,vif_idx:0 sender:[16:8e:6e:17:dc:41 192.168.3.176]receiver:[00:00:00:00:00:00 192.168.3.75]
06-24 16:06:22.489 0 0 W : [2 T1046 ..] [SP FRAME TX] arp rsp,vif_idx:0 sender:[1c:79:2d:20:62:cb 192.168.3.75]receiver:[16:8e:6e:17:dc:41 192.168.3.176]
06-24 16:06:22.538 0 0 W : [2 T0 .s] [SP FRAME TX] arp req,vif_idx:0 sender:[1c:79:2d:20:62:cb 192.168.3.75]receiver:[00:00:00:00:00:00 192.168.3.243]
06-24 16:06:22.539 0 0 W : [2 T0 .s] [SP FRAME TX] arp req,vif_idx:0 sender:[1c:79:2d:20:62:cb 192.168.3.75]receiver:[00:00:00:00:00:00 192.168.3.176]
06-24 16:06:22.559 0 0 W : [2 T1046 ..] [SP FRAME RX] arp rsp,vif_idx:0 sender:[ea:f3:28:46:91:6b 192.168.3.243]receiver:[1c:79:2d:20:62:cb 192.168.3.75]
06-24 16:06:22.560 0 0 W : [2 T1046 ..] [SP FRAME RX] arp rsp,vif_idx:0 sender:[16:8e:6e:17:dc:41 192.168.3.176]receiver:[1c:79:2d:20:62:cb 192.168.3.75]
06-24 16:06:22.647 0 0 W : [2 T1046 ..] [SP FRAME RX] arp req,vif_idx:0 sender:[ea:f3:28:46:91:6b 192.168.3.243]receiver:[00:00:00:00:00:00 192.168.3.75]
06-24 16:06:22.648 0 0 W : [2 T1046 ..] [SP FRAME TX] arp rsp,vif_idx:0 sender:[1c:79:2d:20:62:cb 192.168.3.75]receiver:[ea:f3:28:46:91:6b 192.168.3.243]
06-24 16:06:31.139 0 0 D [0 T238 ..] [amlv4l]: [517]: Post event: frame err
06-24 16:06:31.139 0 0 D [0 T238 ..] [h265]: [0]cur lcu idx = 987, (total 2040), set error_mark
06-24 16:06:31.151 0 0 D [0 T238 ..] [amlv4l]: [517]: Post event: frame err
06-24 16:06:31.151 0 0 D [1 T20391 ..] [h265]: [0]cur lcu idx = 0, (total 2040), set error_mark
06-24 16:06:31.151 0 0 D [0 T238 ..] [amlv4l]: [517]: Post event: frame err
06-24 16:06:31.151 0 0 D [3 T20391 ..] [h265]: [0]cur lcu idx = 0, (total 2040), set error_mark
06-24 16:06:31.152 0 0 D [0 T238 ..] [amlv4l]: [517]: Post event: frame err
06-24 16:06:31.152 0 0 D [2 T20391 ..] [h265]: [0]cur lcu idx = 0, (total 2040), set error_mark
06-24 16:06:31.152 0 0 D [0 T238 ..] [amlv4l]: [517]: Post event: frame err
06-24 16:06:31.153 0 0 D [2 T20391 ..] [h265]: [0]cur lcu idx = 0, (total 2040), set error_mark
06-24 16:06:31.183 0 0 D [0 T238 ..] [amlv4l]: [517]: Post event: frame err
06-24 16:06:31.183 0 0 D [1 T20391 ..] [h265]: [0]cur lcu idx = 0, (total 2040), set error_mark
06-24 16:06:31.184 0 0 D [0 T238 ..] [amlv4l]: [517]: Post event: frame err
06-24 16:06:31.184 0 0 D [3 T20391 ..] [h265]: [0]cur lcu idx = 0, (total 2040), set error_mark
06-24 16:06:31.184 0 0 D [0 T238 ..] [amlv4l]: [517]: Post event: frame err
06-24 16:06:31.184 0 0 D [2 T20391 ..] [h265]: [0]cur lcu idx = 0, (total 2040), set error_mark
06-24 16:06:31.185 0 0 D [0 T238 ..] [amlv4l]: [517]: Post event: frame err
06-24 16:06:31.185 0 0 D [3 T20391 ..] [h265]: [0]cur lcu idx = 0, (total 2040), set error_mark
06-24 16:06:31.185 0 0 D [0 T238 ..] [amlv4l]: [517]: Post event: frame err
06-24 16:06:31.185 0 0 D [3 T20391 ..] [h265]: [0]cur lcu idx = 0, (total 2040), set error_mark
06-24 16:06:31.186 0 0 D [0 T238 ..] [amlv4l]: [517]: Post event: frame err
06-24 16:06:31.187 0 0 D [3 T20391 ..] [h265]: [0]cur lcu idx = 0, (total 2040), set error_mark
06-24 16:06:31.187 0 0 D [0 T238 ..] [amlv4l]: [517]: Post event: frame err
06-24 16:06:31.187 0 0 D [0 T12970 ..] [h265]: [0]cur lcu idx = 0, (total 2040), set error_mark
06-24 16:06:31.188 0 0 D [0 T238 ..] [amlv4l]: [517]: Post event: frame err
06-24 16:06:31.188 0 0 D [1 T12970 ..] [h265]: [0]cur lcu idx = 0, (total 2040), set error_mark
06-24 16:06:31.194 0 0 D [0 T238 ..] [amlv4l]: [517]: Post event: frame err
06-24 16:06:31.194 0 0 D [2 T12970 ..] [h265]: [0]cur lcu idx = 0, (total 2040), set error_mark
06-24 16:06:31.199 0 0 D [0 T238 ..] [amlv4l]: [517]: Post event: frame err
06-24 16:06:31.199 0 0 D [3 T12970 ..] [h265]: [0]cur lcu idx = 0, (total 2040), set error_mark
06-24 16:06:31.201 0 0 D [0 T238 ..] [amlv4l]: [517]: Post event: frame err
06-24 16:06:31.201 0 0 D [2 T20391 ..] [h265]: [0]cur lcu idx = 0, (total 2040), set error_mark
06-24 16:06:31.204 0 0 D [0 T238 ..] [amlv4l]: [517]: Post event: frame err
06-24 16:06:31.204 0 0 D [2 T20391 ..] [h265]: [0]cur lcu idx = 0, (total 2040), set error_mark
06-24 16:06:31.209 0 0 D [0 T238 ..] [amlv4l]: [517]: Post event: frame err
06-24 16:06:31.209 0 0 D [2 T20391 ..] [h265]: [0]cur lcu idx = 0, (total 2040), set error_mark
06-24 16:06:31.210 0 0 D [0 T238 ..] [amlv4l]: [517]: Post event: frame err
06-24 16:06:31.210 0 0 D [1 T20391 ..] [h265]: [0]cur lcu idx = 0, (total 2040), set error_mark
06-24 16:06:31.216 0 0 D [0 T238 ..] [amlv4l]: [517]: Post event: frame err
06-24 16:06:31.217 0 0 D [2 T20391 ..] [h265]: [0]cur lcu idx = 0, (total 2040), set error_mark
06-24 16:06:31.228 0 0 D [0 T238 ..] [amlv4l]: [517]: Post event: frame err
06-24 16:06:31.228 0 0 D [0 T238 ..] [amlv4l]: [517]: Post event: dec err
06-24 16:06:33.593 0 0 W : [3 T1046 ..] [SP FRAME RX] DHCP[0 1], vif_idx:0
06-24 16:06:34.531 0 0 W : [3 T1046 ..] [SP FRAME RX] DHCP[0 1], vif_idx:0
06-24 16:06:36.106 0 0 W : [0 T0 .s] [SP FRAME TX] arp req,vif_idx:0 sender:[1c:79:2d:20:62:cb 192.168.3.75]receiver:[00:00:00:00:00:00 192.168.3.217]
06-24 16:06:36.137 0 0 W : [0 T1046 ..] [SP FRAME RX] arp rsp,vif_idx:0 sender:[b2:33:fc:c9:ef:d5 192.168.3.217]receiver:[1c:79:2d:20:62:cb 192.168.3.75]
06-24 16:06:36.164 0 0 W : [3 T1046 ..] [SP FRAME RX] arp req,vif_idx:0 sender:[b2:33:fc:c9:ef:d5 192.168.3.217]receiver:[00:00:00:00:00:00 192.168.3.75]
06-24 16:06:36.165 0 0 W : [3 T1046 ..] [SP FRAME TX] arp rsp,vif_idx:0 sender:[1c:79:2d:20:62:cb 192.168.3.75]receiver:[b2:33:fc:c9:ef:d5 192.168.3.217]
06-24 16:06:36.593 0 0 W : [3 T1046 ..] [SP FRAME RX] DHCP[0 1], vif_idx:0
06-24 16:06:40.664 0 0 W : [3 T1046 ..] [SP FRAME RX] DHCP[0 1], vif_idx:0
06-24 16:06:47.550 685 11707 I NotificationService: cancelToast pkg=com.dangbei.lerad.videoposter token=android.os.BinderProxy@12e5066
06-24 16:06:47.551 685 11707 W NotificationService: Toast already cancelled. pkg=com.dangbei.lerad.videoposter token=android.os.BinderProxy@12e5066
06-24 16:06:47.555 685 11707 W WindowManager: [addWindow] title:Toast
06-24 16:06:47.571 685 751 D CoreBackPreview: Window{8c46c54 u0 Toast}: Setting back callback OnBackInvokedCallbackInfo{mCallback=android.window.IOnBackInvokedCallback$Stub$Proxy@e766f43, mPriority=0, mIsAnimationCallback=false}
06-24 16:06:47.668 685 709 D AutofillManagerService: onBackKeyPressed()
06-24 16:06:48.372 0 0 D [2 T240 ..] [amlcom]: vdec_save_input_context, disconnecting
06-24 16:06:48.372 0 0 I [3 T32332 ..] [amlv4l]: [517]: reset mode: 1, es frames buffering: 1
06-24 16:06:48.373 0 0 D [3 T32332 ..] [h265]: [0]h265:pts_unstable=0
06-24 16:06:48.373 0 0 D [3 T32332 ..] [h265]: [0]h265: ver (201602101,0) decinfo: 0x0 rate=3600
06-24 16:06:48.376 0 0 I [2 T32332 ..] [amlv4l]: [517]: reset mode: 1, es frames buffering: 0
06-24 16:06:48.376 0 0 D [2 T32332 ..] [h265]: [0]h265:pts_unstable=0
06-24 16:06:48.376 0 0 D [2 T32332 ..] [h265]: [0]h265: ver (201602101,0) decinfo: 0x0 rate=3600
06-24 16:06:48.385 685 709 D AutofillManagerService: onBackKeyPressed()
06-24 16:06:48.398 0 0 W : [0 T577 .s] [SP FRAME TX] arp req,vif_idx:0 sender:[1c:79:2d:20:62:cb 192.168.3.75]receiver:[00:00:00:00:00:00 192.168.3.190]
06-24 16:06:48.442 0 0 I [2 T32327 ..] [amlv4l]: [517]: reset mode: 1, es frames buffering: 0
06-24 16:06:48.442 0 0 D [2 T32327 ..] [h265]: [0]h265:pts_unstable=0
06-24 16:06:48.442 0 0 D [2 T32327 ..] [h265]: [0]h265: ver (201602101,0) decinfo: 0x0 rate=3600
06-24 16:06:48.449 0 0 D [3 T32327 ..] [amlcom]: vdec_release instance 000000008bc85c7c, total 1
06-24 16:06:48.449 0 0 I [0 T32327 ..] [amlcom]: dos_local_config end, id 3, is_on 0
06-24 16:06:48.449 0 0 D [0 T32327 ..] [media_clock]: the clk_hevcf_mux clock off, ref cnt: 0
06-24 16:06:48.450 0 0 I : [0 T32327 ..] deinit session
06-24 16:06:48.450 0 0 I : [0 T32327 ..] deinit session producer-2
06-24 16:06:48.451 0 0 I : [0 T32327 ..] deinit has_unusing_fifo [1]
06-24 16:06:48.454 0 0 W : [2 T1046 ..] [SP FRAME RX] arp rsp,vif_idx:0 sender:[12:2c:8d:45:1c:5f 192.168.3.190]receiver:[1c:79:2d:20:62:cb 192.168.3.75]
06-24 16:06:48.455 0 0 I : [3 T98 ..] p_fifo[2] name[aml-vcodec-dec] state[0] to MP_FIFO_UNUSED
06-24 16:06:48.485 901 979 V WindowManagerShell: Transition requested: android.os.BinderProxy@ceaaab4 TransitionRequestInfo { type = 2, triggerTask = null, remoteTransition = null, displayChange = null, flags = 0 }
06-24 16:06:48.504 685 11707 V WindowManager: app ------------- force_land :0
06-24 16:06:48.504 685 11707 V WindowManager: app ------------- force_land :0
06-24 16:06:48.504 685 11707 V WindowManager: app ------------- force_land :0
06-24 16:06:48.530 0 0 I [2 T108 ..] dim: unreg:2keep[0], msk:[0x0,0x0]
06-24 16:06:48.530 0 0 I [2 T108 ..] dim: hf:r:ch[2]:cnt[0]
06-24 16:06:48.531 0 0 I [2 T108 ..] dim: di_unreg_setting:
06-24 16:06:48.532 0 0 I [1 T360 ..] dim: unreg:use[18]ms
06-24 16:06:48.532 0 0 I [1 T360 ..] dim: ins:destroy:ch[2]:end
06-24 16:06:48.533 0 0 I : [1 T360 ..] di process release
06-24 16:06:48.536 0 0 I [1 T360 ..] vc: [0]vc: set enable index=0, val=0
06-24 16:06:48.536 0 0 I [1 T360 ..] VID: store VD0 path_id changed 2->-1
06-24 16:06:48.537 0 0 I [1 T360 ..] VID: VD1 off
06-24 16:06:48.538 0 0 I [1 T360 ..] VID: VD1 set global output as 0
06-24 16:06:48.538 0 0 I : [1 T360 ..] common_vf_unreg_provider video_render.0: vd1 used:false, vd2 used:false, vd3 used:false, f_wait:true (0 0), b_out:0, cur_buf:00000000c149d856
06-24 16:06:48.550 0 0 W : [2 T1046 ..] [SP FRAME RX] DHCP[0 1], vif_idx:0
06-24 16:06:48.550 0 0 W : [2 T1046 ..] [SP FRAME RX] arp req,vif_idx:0 sender:[12:2c:8d:45:1c:5f 192.168.3.190]receiver:[00:00:00:00:00:00 192.168.3.75]
06-24 16:06:48.551 0 0 W : [2 T1046 ..] [SP FRAME TX] arp rsp,vif_idx:0 sender:[1c:79:2d:20:62:cb 192.168.3.75]receiver:[12:2c:8d:45:1c:5f 192.168.3.190]
06-24 16:06:48.557 685 708 V WindowManager: Sent Transition #463 createdAt=06-24 16:06:48.484 via request=TransitionRequestInfo { type = 2, triggerTask = null, remoteTransition = null, displayChange = null, flags = 0 }
06-24 16:06:48.557 685 708 V WindowManager: startWCT=WindowContainerTransaction { changes = {} hops = [] errorCallbackToken=null taskFragmentOrganizer=null }
06-24 16:06:48.557 685 708 V WindowManager: info={id=463 t=CLOSE f=0x0 trk=0 r=[0@Point(0, 0)] c=[{null m=CLOSE f=FILLS_TASK leash=Surface(name=ActivityRecord{837d9b u0 com.dangbei.lerad.videoposter/com.dangbei.leradplayer.activity.PlayerActivity)/@0x845df6f sb=Rect(0, 0 - 1920, 1080) eb=Rect(0, 0 - 1920, 1080) d=0},{null m=TO_FRONT f=FILLS_TASK leash=Surface(name=ActivityRecord{3e10c25 u0 com.dangbei.lerad.videoposter/.ui.main.foldermanager.FolderDetailActivity)/@0x8a07652 sb=Rect(0, 0 - 1920, 1080) eb=Rect(0, 0 - 1920, 1080) d=0}]}
06-24 16:06:48.558 901 979 V WindowManagerShell: onTransitionReady android.os.BinderProxy@ceaaab4: {id=463 t=CLOSE f=0x0 trk=0 r=[0@Point(0, 0)] c=[{null m=CLOSE f=FILLS_TASK leash=Surface(name=ActivityRecord{837d9b u0 com.dangbei.lerad.videoposter/com.dangbei.leradplayer.activity.PlayerActivity)/@0xb25b6dd sb=Rect(0, 0 - 1920, 1080) eb=Rect(0, 0 - 1920, 1080) d=0},{null m=TO_FRONT f=FILLS_TASK leash=Surface(name=ActivityRecord{3e10c25 u0 com.dangbei.lerad.videoposter/.ui.main.foldermanager.FolderDetailActivity)/@0x8b46252 sb=Rect(0, 0 - 1920, 1080) eb=Rect(0, 0 - 1920, 1080) d=0}]}
06-24 16:06:48.558 901 979 V WindowManagerShell: Playing animation for (#463)android.os.BinderProxy@ceaaab4@0
06-24 16:06:48.558 901 979 V WindowManagerShell: try handler com.android.wm.shell.keyguard.KeyguardTransitionHandler@24e2028
06-24 16:06:48.558 901 979 V WindowManagerShell: try handler com.android.wm.shell.pip.tv.TvPipTransition@1141
06-24 16:06:48.558 901 979 V WindowManagerShell: try handler com.android.wm.shell.activityembedding.ActivityEmbeddingController@e8f56e6
06-24 16:06:48.558 901 979 V WindowManagerShell: try handler com.android.wm.shell.transition.RemoteTransitionHandler@b664427
06-24 16:06:48.558 901 979 V WindowManagerShell: Transition doesn't have explicit remote, search filters for match for {id=463 t=CLOSE f=0x0 trk=0 r=[0@Point(0, 0)] c=[{null m=CLOSE f=FILLS_TASK leash=Surface(name=ActivityRecord{837d9b u0 com.dangbei.lerad.videoposter/com.dangbei.leradplayer.activity.PlayerActivity)/@0xb25b6dd sb=Rect(0, 0 - 1920, 1080) eb=Rect(0, 0 - 1920, 1080) d=0},{null m=TO_FRONT f=FILLS_TASK leash=Surface(name=ActivityRecord{3e10c25 u0 com.dangbei.lerad.videoposter/.ui.main.foldermanager.FolderDetailActivity)/@0x8b46252 sb=Rect(0, 0 - 1920, 1080) eb=Rect(0, 0 - 1920, 1080) d=0}]}
06-24 16:06:48.558 901 979 V WindowManagerShell: Delegate animation for #463 to null
06-24 16:06:48.558 901 979 V WindowManagerShell: try handler com.android.wm.shell.transition.DefaultTransitionHandler@7916d4
06-24 16:06:48.558 901 979 V WindowManagerShell: start default transition animation, info = {id=463 t=CLOSE f=0x0 trk=0 r=[0@Point(0, 0)] c=[{null m=CLOSE f=FILLS_TASK leash=Surface(name=ActivityRecord{837d9b u0 com.dangbei.lerad.videoposter/com.dangbei.leradplayer.activity.PlayerActivity)/@0xb25b6dd sb=Rect(0, 0 - 1920, 1080) eb=Rect(0, 0 - 1920, 1080) d=0},{null m=TO_FRONT f=FILLS_TASK leash=Surface(name=ActivityRecord{3e10c25 u0 com.dangbei.lerad.videoposter/.ui.main.foldermanager.FolderDetailActivity)/@0x8b46252 sb=Rect(0, 0 - 1920, 1080) eb=Rect(0, 0 - 1920, 1080) d=0}]}
06-24 16:06:48.561 685 711 W ProcessStats: Tracking association SourceState{2ed2a5c system/1000 ImpFg #9849} whose proc state 5 is better than process ProcessState{9231bd0 com.android.permissioncontroller/10074 pkg=com.android.permissioncontroller} proc state 15 (0 skipped)
06-24 16:06:48.571 0 0 I [0 T360 ..] dp_put_file_ext: put_file=ffffff8073bb0f00, file_count=7
06-24 16:06:48.598 0 0 I [0 T265 ..] dp_buf: [0:517]di buf_mgr free
06-24 16:06:48.565 901 979 V WindowManagerShell: loadAnimation: anim=android.view.animation.AlphaAnimation@8cbe3d9 animAttr=0x6 type=CLOSE isEntrance=true
06-24 16:06:48.566 901 979 V WindowManagerShell: loadAnimation: anim=android.view.animation.AlphaAnimation@7df147f animAttr=0x7 type=CLOSE isEntrance=false
06-24 16:06:48.573 901 979 V WindowManagerShell: animated by com.android.wm.shell.transition.DefaultTransitionHandler@7916d4
06-24 16:06:48.607 901 979 D WindowManagerShell: TvPipController: onTaskStackChanged()
06-24 16:06:48.623 685 709 W ContextImpl: Calling a method in the system process without a qualified user: android.app.ContextImpl.startService:1899 com.android.server.wm.DisplayPolicy.lambda$focusChangedLw$5:2126 com.android.server.wm.DisplayPolicy.$r8$lambda$Znxk63oh-WzVnzo_WQefN7uxV48:0 com.android.server.wm.DisplayPolicy$$ExternalSyntheticLambda13.run:0 android.os.Handler.handleCallback:958
06-24 16:06:48.979 901 979 V WindowManagerShell: Transition animation finished (aborted=false), notifying core (#463)android.os.BinderProxy@ceaaab4@0
06-24 16:06:48.983 685 708 V WindowManager: Finish Transition #463: created at
06-24 16:06:48.484 collect-started=0.041ms request-sent=0.123ms started=4.335ms ready=22.285ms sent=72.092ms finished=497.19ms
06-24 16:06:48.986 901 979 V WindowManagerShell: Track 0 became idle
06-24 16:06:48.986 901 979 V WindowManagerShell: All active transition animations finished
06-24 16:06:49.019 685 751 D CoreBackPreview: Window{8c22350 u0 com.dangbei.lerad.videoposter/com.dangbei.leradplayer.activity.PlayerActivity}: Setting back callback null
06-24 16:06:49.324 685 763 D CompatibilityChangeReporter: Compat change id reported: 218533173; UID 10101; state: DISABLED
06-24 16:06:49.324 685 763 D CompatibilityChangeReporter: Compat change id reported: 262645982; UID 10101; state: DISABLED
06-24 16:06:49.325 685 763 D CompatibilityChangeReporter: Compat change id reported: 171306433; UID 10101; state: DISABLED
06-24 16:06:49.466 0 0 W : [2 T1046 ..] [SP FRAME RX] DHCP[0 1], vif_idx:0
06-24 16:06:49.551 685 700 D CoreBackPreview: Window{8c46c54 u0 Toast}: Setting back callback null
06-24 16:06:49.558 685 700 W NotificationService: Toast already killed. pkg=com.dangbei.lerad.videoposter token=android.os.BinderProxy@df9d1ab
06-24 16:06:50.192 0 0 W : [2 T1046 ..] [SP FRAME RX] DHCP[0 1], vif_idx:0
06-24 16:06:51.558 685 711 W WindowManager: Unable to start animation, surface is null or no children.
06-24 16:06:52.036 685 1390 E TaskPersister: File error accessing recents directory (directory doesn't exist?).
06-24 16:06:52.077 685 751 E Transition: Trying to add a ready-group twice: Display{#0 state=ON size=1920x1080 ROTATION_0}
06-24 16:06:52.078 685 751 I ActivityTaskManager: START u0 {dat= cmp=com.dangbei.lerad.videoposter/com.dangbei.leradplayer.activity.PlayerActivity (has extras)} with LAUNCH_SINGLE_TASK from uid 10042 (BAL_ALLOW_VISIBLE_WINDOW) result code=0
06-24 16:06:52.078 901 979 V WindowManagerShell: Transition requested: android.os.BinderProxy@45a799b TransitionRequestInfo { type = 1, triggerTask = TaskInfo{userId=0 taskId=155 displayId=0 isRunning=true baseIntent=Intent { act=android.intent.action.MAIN cat=[android.intent.category.LAUNCHER] flg=0x10000000 pkg=com.dangbei.lerad.videoposter cmp=com.dangbei.lerad.videoposter/.ui.splash.SplashActivity } baseActivity=ComponentInfo{com.dangbei.lerad.videoposter/com.dangbei.lerad.videoposter.ui.main.MainActivity} topActivity=ComponentInfo{com.dangbei.lerad.videoposter/com.dangbei.leradplayer.activity.PlayerActivity} origActivity=null realActivity=ComponentInfo{com.dangbei.lerad.videoposter/com.dangbei.lerad.videoposter.ui.splash.SplashActivity} numActivities=4 lastActiveTime=17819977 supportsMultiWindow=true resizeMode=1 isResizeable=true minWidth=-1 minHeight=-1 defaultMinSize=220 token=WCT{android.window.IWindowContainerToken$Stub$Proxy@4753138} topActivityType=1 pictureInPictureParams=null shouldDockBigOverlays=true launchIntoPipHostTaskId=-1 lastParentTaskIdBeforePip=-1 displayCutoutSafeInsets=null topActivityInfo=ActivityInfo{4353511 com.dangbei.leradplayer.activity.PlayerActivity} launchCookies=[] positionInParent=Point(0, 0) parentTaskId=-1 isFocused=true isVisible=true isVisibleRequested=true isSleeping=false topActivityInSizeCompat=false topActivityEligibleForLetterboxEducation= false isLetterboxDoubleTapEnabled= false topActivityEligibleForUserAspectRatioButton= false topActivityBoundsLetterboxed= false isFromLetterboxDoubleTap= false topActivityLetterboxVerticalPosition= -1 topActivityLetterboxHorizontalPosition= -1 topActivityLetterboxWidth=-1 topActivityLetterboxHeight=-1 isUserFullscreenOverrideEnabled=false isTopActivityTransparent=false locusId=null displayAreaFeatureId=1 cameraCompatControlState=hidden}, remoteTransition = null, displayChange = null, flags = 0 }
06-24 16:06:52.092 685 751 V WindowManager: app ------------- force_land :0
06-24 16:06:52.145 0 0 W : [3 T1046 ..] [SP FRAME RX] DHCP[0 1], vif_idx:0
06-24 16:06:52.198 901 979 D WindowManagerShell: TvPipController: onTaskStackChanged()
06-24 16:06:52.205 685 700 W WindowManager: [addWindow] title:com.dangbei.lerad.videoposter/com.dangbei.leradplayer.activity.PlayerActivity
06-24 16:06:52.206 685 751 W WindowManager: Failed looking up window session=Session{1fa54f4 30515:u0a10042} callers=com.android.server.wm.WindowManagerService.windowForClientLocked:6077 com.android.server.wm.Session.updateRequestedVisibleTypes:695 android.view.IWindowSession$Stub.onTransact:1034
06-24 16:06:52.212 685 700 D CoreBackPreview: Window{793034d u0 com.dangbei.lerad.videoposter/com.dangbei.leradplayer.activity.PlayerActivity}: Setting back callback OnBackInvokedCallbackInfo{mCallback=android.window.IOnBackInvokedCallback$Stub$Proxy@fdec313, mPriority=0, mIsAnimationCallback=false}
06-24 16:06:52.267 685 708 V WindowManager: Sent Transition #464 createdAt=06-24 16:06:52.071 via request=TransitionRequestInfo { type = 1, triggerTask = TaskInfo{userId=0 taskId=155 displayId=0 isRunning=true baseIntent=Intent { act=android.intent.action.MAIN cat=[android.intent.category.LAUNCHER] flg=0x10000000 pkg=com.dangbei.lerad.videoposter cmp=com.dangbei.lerad.videoposter/.ui.splash.SplashActivity } baseActivity=ComponentInfo{com.dangbei.lerad.videoposter/com.dangbei.lerad.videoposter.ui.main.MainActivity} topActivity=ComponentInfo{com.dangbei.lerad.videoposter/com.dangbei.leradplayer.activity.PlayerActivity} origActivity=null realActivity=ComponentInfo{com.dangbei.lerad.videoposter/com.dangbei.lerad.videoposter.ui.splash.SplashActivity} numActivities=4 lastActiveTime=17819977 supportsMultiWindow=true resizeMode=1 isResizeable=true minWidth=-1 minHeight=-1 defaultMinSize=220 token=WCT{RemoteToken{b9952fc Task{f68dbb8 #155 type=standard A=10042:com.dangbei.lerad.videoposter}}} topActivityType=1 pictureInPictureParams=null shouldDockBigOverlays=true launchIntoPipHostTaskId=-1 lastParentTaskIdBeforePip=-1 displayCutoutSafeInsets=null topActivityInfo=ActivityInfo{70d084e com.dangbei.leradplayer.activity.PlayerActivity} launchCookies=[] positionInParent=Point(0, 0) parentTaskId=-1 isFocused=true isVisible=true isVisibleRequested=true isSleeping=false topActivityInSizeCompat=false topActivityEligibleForLetterboxEducation= false isLetterboxDoubleTapEnabled= false topActivityEligibleForUserAspectRatioButton= false topActivityBoundsLetterboxed= false isFromLetterboxDoubleTap= false topActivityLetterboxVerticalPosition= -1 topActivityLetterboxHorizontalPosition= -1 topActivityLetterboxWidth=-1 topActivityLetterboxHeight=-1 isUserFullscreenOverrideEnabled=false isTopActivityTransparent=false locusId=null displayAreaFeatureId=1 cameraCompatControlState=hidden}, remoteTransition = null, displayChange = null, flags = 0 }
06-24 16:06:52.267 685 708 V WindowManager: startWCT=WindowContainerTransaction { changes = {} hops = [] errorCallbackToken=null taskFragmentOrganizer=null }
06-24 16:06:52.267 685 708 V WindowManager: info={id=464 t=OPEN f=0x0 trk=0 r=[0@Point(0, 0)] c=[{null m=OPEN f=FILLS_TASK leash=Surface(name=ActivityRecord{a3c75d9 u0 com.dangbei.lerad.videoposter/com.dangbei.leradplayer.activity.PlayerActivity)/@0x4fb0950 sb=Rect(0, 0 - 0, 0) eb=Rect(0, 0 - 1920, 1080) d=-1->0 r=-1->0:-1},{null m=TO_BACK f=FILLS_TASK leash=Surface(name=ActivityRecord{3e10c25 u0 com.dangbei.lerad.videoposter/.ui.main.foldermanager.FolderDetailActivity)/@0x8a07652 sb=Rect(0, 0 - 1920, 1080) eb=Rect(0, 0 - 1920, 1080) d=0}]}
06-24 16:06:52.268 901 979 V WindowManagerShell: onTransitionReady android.os.BinderProxy@45a799b: {id=464 t=OPEN f=0x0 trk=0 r=[0@Point(0, 0)] c=[{null m=OPEN f=FILLS_TASK leash=Surface(name=ActivityRecord{a3c75d9 u0 com.dangbei.lerad.videoposter/com.dangbei.leradplayer.activity.PlayerActivity)/@0xcf8f676 sb=Rect(0, 0 - 0, 0) eb=Rect(0, 0 - 1920, 1080) d=-1->0 r=-1->0:-1},{null m=TO_BACK f=FILLS_TASK leash=Surface(name=ActivityRecord{3e10c25 u0 com.dangbei.lerad.videoposter/.ui.main.foldermanager.FolderDetailActivity)/@0x65d1477 sb=Rect(0, 0 - 1920, 1080) eb=Rect(0, 0 - 1920, 1080) d=0}]}
06-24 16:06:52.268 901 979 V WindowManagerShell: Playing animation for (#464)android.os.BinderProxy@45a799b@0
06-24 16:06:52.268 901 979 V WindowManagerShell: try handler com.android.wm.shell.keyguard.KeyguardTransitionHandler@24e2028
06-24 16:06:52.268 901 979 V WindowManagerShell: try handler com.android.wm.shell.pip.tv.TvPipTransition@1141
06-24 16:06:52.268 901 979 V WindowManagerShell: try handler com.android.wm.shell.activityembedding.ActivityEmbeddingController@e8f56e6
06-24 16:06:52.268 901 979 V WindowManagerShell: try handler com.android.wm.shell.transition.RemoteTransitionHandler@b664427
06-24 16:06:52.269 901 979 V WindowManagerShell: Transition doesn't have explicit remote, search filters for match for {id=464 t=OPEN f=0x0 trk=0 r=[0@Point(0, 0)] c=[{null m=OPEN f=FILLS_TASK leash=Surface(name=ActivityRecord{a3c75d9 u0 com.dangbei.lerad.videoposter/com.dangbei.leradplayer.activity.PlayerActivity)/@0xcf8f676 sb=Rect(0, 0 - 0, 0) eb=Rect(0, 0 - 1920, 1080) d=-1->0 r=-1->0:-1},{null m=TO_BACK f=FILLS_TASK leash=Surface(name=ActivityRecord{3e10c25 u0 com.dangbei.lerad.videoposter/.ui.main.foldermanager.FolderDetailActivity)/@0x65d1477 sb=Rect(0, 0 - 1920, 1080) eb=Rect(0, 0 - 1920, 1080) d=0}]}
06-24 16:06:52.269 901 979 V WindowManagerShell: Delegate animation for #464 to null
06-24 16:06:52.269 901 979 V WindowManagerShell: try handler com.android.wm.shell.transition.DefaultTransitionHandler@7916d4
06-24 16:06:52.269 901 979 V WindowManagerShell: start default transition animation, info = {id=464 t=OPEN f=0x0 trk=0 r=[0@Point(0, 0)] c=[{null m=OPEN f=FILLS_TASK leash=Surface(name=ActivityRecord{a3c75d9 u0 com.dangbei.lerad.videoposter/com.dangbei.leradplayer.activity.PlayerActivity)/@0xcf8f676 sb=Rect(0, 0 - 0, 0) eb=Rect(0, 0 - 1920, 1080) d=-1->0 r=-1->0:-1},{null m=TO_BACK f=FILLS_TASK leash=Surface(name=ActivityRecord{3e10c25 u0 com.dangbei.lerad.videoposter/.ui.main.foldermanager.FolderDetailActivity)/@0x65d1477 sb=Rect(0, 0 - 1920, 1080) eb=Rect(0, 0 - 1920, 1080) d=0}]}
06-24 16:06:52.270 901 979 V WindowManagerShell: loadAnimation: anim=android.view.animation.AlphaAnimation@c848113 animAttr=0x5 type=OPEN isEntrance=false
06-24 16:06:52.271 901 979 V WindowManagerShell: loadAnimation: anim=android.view.animation.AlphaAnimation@fe07549 animAttr=0x4 type=OPEN isEntrance=true
06-24 16:06:52.273 901 979 V WindowManagerShell: animated by com.android.wm.shell.transition.DefaultTransitionHandler@7916d4
06-24 16:06:52.327 685 709 W ContextImpl: Calling a method in the system process without a qualified user: android.app.ContextImpl.startService:1899 com.android.server.wm.DisplayPolicy.lambda$focusChangedLw$5:2126 com.android.server.wm.DisplayPolicy.$r8$lambda$Znxk63oh-WzVnzo_WQefN7uxV48:0 com.android.server.wm.DisplayPolicy$$ExternalSyntheticLambda13.run:0 android.os.Handler.handleCallback:958
06-24 16:06:52.587 0 0 E : [0 T1587 ..] mediaproxy produce init [aml-vcodec-dec]
06-24 16:06:52.587 0 0 I : [0 T1587 ..] Mediaproxy is opened name[aml-vcodec-dec]\n
06-24 16:06:52.587 0 0 I : [0 T1587 ..] Mediaproxy is opened name[aml-vcodec-dec] end\n
06-24 16:06:52.587 0 0 E : [0 T1587 ..] mediaproxy produce start connect
06-24 16:06:52.589 0 0 I : [0 T1587 ..] find p kfifo size:[32][2]
06-24 16:06:52.590 0 0 I : [0 T1587 ..] mediaproxy_get_fifo get idx[2]
06-24 16:06:52.590 0 0 I : [1 T1587 ..] Session producer-2 is connected fifo idx [2]
06-24 16:06:52.591 0 0 E : [1 T1587 ..] mediaproxy produce connect [2]
06-24 16:06:52.592 0 0 I : [1 T1587 ..] mediaproxy produce msg type :0x40 module_name:aml-vcodec-dec
06-24 16:06:52.594 0 0 I : [1 T1587 ..] deinit session
06-24 16:06:52.594 0 0 I : [1 T1587 ..] deinit session producer-2
06-24 16:06:52.594 0 0 I : [1 T1587 ..] deinit has_unusing_fifo [1]
06-24 16:06:52.595 0 0 I : [3 T98 ..] p_fifo[2] name[aml-vcodec-dec] state[0] to MP_FIFO_UNUSED
06-24 16:06:52.596 0 0 E : [1 T1587 ..] mediaproxy produce init [aml-vcodec-dec]
06-24 16:06:52.596 0 0 I : [1 T1587 ..] Mediaproxy is opened name[aml-vcodec-dec]\n
06-24 16:06:52.596 0 0 I : [1 T1587 ..] Mediaproxy is opened name[aml-vcodec-dec] end\n
06-24 16:06:52.597 0 0 E : [1 T1587 ..] mediaproxy produce start connect
06-24 16:06:52.599 0 0 I : [1 T1587 ..] find p kfifo size:[32][2]
06-24 16:06:52.599 0 0 I : [1 T1587 ..] mediaproxy_get_fifo get idx[2]
06-24 16:06:52.600 0 0 I : [1 T1587 ..] Session producer-2 is connected fifo idx [2]
06-24 16:06:52.601 0 0 E : [1 T1587 ..] mediaproxy produce connect [2]
06-24 16:06:52.602 0 0 I : [1 T1587 ..] mediaproxy produce msg type :0x40 module_name:aml-vcodec-dec
06-24 16:06:52.603 0 0 I : [2 T1587 ..] deinit session
06-24 16:06:52.603 0 0 I : [2 T1587 ..] deinit session producer-2
06-24 16:06:52.604 0 0 I : [2 T1587 ..] deinit has_unusing_fifo [1]
06-24 16:06:52.605 0 0 I : [0 T98 ..] p_fifo[2] name[aml-vcodec-dec] state[0] to MP_FIFO_UNUSED
06-24 16:06:52.606 0 0 I : [2 T1587 ..] codec mem info:
06-24 16:06:52.606 0 0 I : [2 T1587 ..] total codec mem size:364 MB
06-24 16:06:52.607 0 0 I : [2 T1587 ..] alloced size= 0 MB
06-24 16:06:52.607 0 0 I : [2 T1587 ..] max alloced: 119 MB
06-24 16:06:52.608 0 0 I [2 T1587 ..] CMA: 0,RES:0,TVP:0,SYS:0,COHER:0,VMAPED:0 MB
06-24 16:06:52.609 0 0 I [2 T1587 ..] RES_EXT: 0 MB
06-24 16:06:52.610 0 0 I : [2 T1587 ..] [4]CMA size:364 MB:alloced: 0 MB,free:364 MB
06-24 16:06:52.610 0 0 I : [2 T1587 ..] codec mem info:
06-24 16:06:52.611 0 0 I : [2 T1587 ..] total codec mem size:364 MB
06-24 16:06:52.611 0 0 I : [2 T1587 ..] alloced size= 0 MB
06-24 16:06:52.612 0 0 I : [2 T1587 ..] max alloced: 119 MB
06-24 16:06:52.617 0 0 I [2 T1587 ..] CMA: 0,RES:0,TVP:0,SYS:0,COHER:0,VMAPED:0 MB
06-24 16:06:52.618 0 0 I [2 T1587 ..] RES_EXT: 0 MB
06-24 16:06:52.618 0 0 I : [2 T1587 ..] [4]CMA size:364 MB:alloced: 0 MB,free:364 MB
06-24 16:06:52.620 0 0 E : [1 T1595 ..] mediaproxy produce init [aml-vcodec-dec]
06-24 16:06:52.620 0 0 I : [1 T1595 ..] Mediaproxy is opened name[aml-vcodec-dec]\n
06-24 16:06:52.620 0 0 I : [1 T1595 ..] Mediaproxy is opened name[aml-vcodec-dec] end\n
06-24 16:06:52.621 0 0 E : [1 T1595 ..] mediaproxy produce start connect
06-24 16:06:52.625 0 0 I : [1 T1595 ..] find p kfifo size:[32][2]
06-24 16:06:52.625 0 0 I : [1 T1595 ..] mediaproxy_get_fifo get idx[2]
06-24 16:06:52.626 0 0 I : [1 T1595 ..] Session producer-2 is connected fifo idx [2]
06-24 16:06:52.627 0 0 E : [1 T1595 ..] mediaproxy produce connect [2]
