06-24 16:12:59.713 685 708 V WindowManager: Sent Transition #491 createdAt=06-24 16:12:59.495 via request=TransitionRequestInfo { type = 1, triggerTask = TaskInfo{userId=0 taskId=158 displayId=0 isRunning=true baseIntent=Intent { act=android.intent.action.MAIN cat=[android.intent.category.LAUNCHER] flg=0x10000000 pkg=com.lutongnet.kalaok2 cmp=com.lutongnet.kalaok2/.WelcomeActivity } baseActivity=ComponentInfo{com.lutongnet.kalaok2/com.lutongnet.kalaok2.biz.main.activity.MainActivity} topActivity=ComponentInfo{com.lutongnet.kalaok2/com.lutongnet.androidframework.web.WebViewActivity} origActivity=null realActivity=ComponentInfo{com.lutongnet.kalaok2/com.lutongnet.kalaok2.WelcomeActivity} numActivities=2 lastActiveTime=18187402 supportsMultiWindow=true resizeMode=1 isResizeable=true minWidth=-1 minHeight=-1 defaultMinSize=220 token=WCT{RemoteToken{e63c61c Task{cc04a24 #158 type=standard A=10103:com.lutongnet.kalaok2}}} topActivityType=1 pictureInPictureParams=null shouldDockBigOverlays=true launchIntoPipHostTaskId=-1 lastParentTaskIdBeforePip=-1 displayCutoutSafeInsets=null topActivityInfo=ActivityInfo{bd2c94 com.lutongnet.androidframework.web.WebViewActivity} launchCookies=[] positionInParent=Point(0, 0) parentTaskId=-1 isFocused=true isVisible=true isVisibleRequested=true isSleeping=false topActivityInSizeCompat=false topActivityEligibleForLetterboxEducation= false isLetterboxDoubleTapEnabled= false topActivityEligibleForUserAspectRatioButton= false topActivityBoundsLetterboxed= false isFromLetterboxDoubleTap= false topActivityLetterboxVerticalPosition= -1 topActivityLetterboxHorizontalPosition= -1 topActivityLetterboxWidth=-1 topActivityLetterboxHeight=-1 isUserFullscreenOverrideEnabled=false isTopActivityTransparent=false locusId=null displayAreaFeatureId=1 cameraCompatControlState=hidden}, remoteTransition = null, displayChange = null, flags = 0 }
06-24 16:12:59.713 685 708 V WindowManager: startWCT=WindowContainerTransaction { changes = {} hops = [] errorCallbackToken=null taskFragmentOrganizer=null }
06-24 16:12:59.713 685 708 V WindowManager: info={id=491 t=OPEN f=0x0 trk=0 r=[0@Point(0, 0)] c=[{null m=OPEN f=FILLS_TASK leash=Surface(name=ActivityRecord{3bbaef u0 com.lutongnet.kalaok2/com.lutongnet.androidframework.web.WebViewActivity)/@0x5ee86a6 sb=Rect(0, 0 - 0, 0) eb=Rect(0, 0 - 1920, 1080) d=-1->0 r=-1->0:-1},{null m=TO_BACK f=FILLS_TASK leash=Surface(name=ActivityRecord{d8e51c6 u0 com.lutongnet.kalaok2/.biz.main.activity.MainActivity)/@0x7aeae73 sb=Rect(0, 0 - 1920, 1080) eb=Rect(0, 0 - 1920, 1080) d=0}]}
06-24 16:12:59.723 685 709 W ContextImpl: Calling a method in the system process without a qualified user: android.app.ContextImpl.startService:1899 com.android.server.wm.DisplayPolicy.lambda$focusChangedLw$5:2126 com.android.server.wm.DisplayPolicy.$r8$lambda$Znxk63oh-WzVnzo_WQefN7uxV48:0 com.android.server.wm.DisplayPolicy$$ExternalSyntheticLambda13.run:0 android.os.Handler.handleCallback:958
06-24 16:12:59.773 685 9098 W WindowManager: [addWindow] title:com.lutongnet.kalaok2/com.lutongnet.androidframework.web.WebViewActivity
06-24 16:12:59.798 685 4709 D CoreBackPreview: Window{bec6732 u0 com.lutongnet.kalaok2/com.lutongnet.androidframework.web.WebViewActivity}: Setting back callback OnBackInvokedCallbackInfo{mCallback=android.window.IOnBackInvokedCallback$Stub$Proxy@7197a2c, mPriority=0, mIsAnimationCallback=false}
06-24 16:12:59.876 685 709 W ContextImpl: Calling a method in the system process without a qualified user: android.app.ContextImpl.startService:1899 com.android.server.wm.DisplayPolicy.lambda$focusChangedLw$5:2126 com.android.server.wm.DisplayPolicy.$r8$lambda$Znxk63oh-WzVnzo_WQefN7uxV48:0 com.android.server.wm.DisplayPolicy$$ExternalSyntheticLambda13.run:0 android.os.Handler.handleCallback:958
06-24 16:13:00.119 901 979 V WindowManagerShell: Transition animation finished (aborted=false), notifying core (#491)android.os.BinderProxy@5eccc6c@0
06-24 16:13:00.124 685 708 V WindowManager: Finish Transition #491: created at
06-24 16:12:59.495 collect-started=0.068ms request-sent=5.8ms started=7.579ms ready=27.11ms sent=206.791ms finished=628.029ms
06-24 16:13:00.127 901 979 V WindowManagerShell: Track 0 became idle
06-24 16:13:00.127 901 979 V WindowManagerShell: All active transition animations finished
06-24 16:13:00.375 0 0 W [3 T6387 ..] audit: audit_lost=18515 audit_rate_limit=5 audit_backlog_limit=64
06-24 16:13:00.375 0 0 E [3 T6387 ..] audit: rate limit exceeded
06-24 16:13:00.607 685 3826 D CoreBackPreview: Window{bec6732 u0 com.lutongnet.kalaok2/com.lutongnet.androidframework.web.WebViewActivity}: Setting back callback null
06-24 16:13:00.618 685 711 V WindowManager: Unknown focus tokens, dropping reportFocusChanged
06-24 16:13:00.628 685 4709 W WindowManager: [addWindow] title:com.lutongnet.kalaok2/com.lutongnet.androidframework.web.WebViewActivity
06-24 16:13:00.643 685 4709 D CoreBackPreview: Window{445ca3a u0 com.lutongnet.kalaok2/com.lutongnet.androidframework.web.WebViewActivity}: Setting back callback OnBackInvokedCallbackInfo{mCallback=android.window.IOnBackInvokedCallback$Stub$Proxy@b30bae1, mPriority=0, mIsAnimationCallback=false}
06-24 16:13:00.712 685 709 W ContextImpl: Calling a method in the system process without a qualified user: android.app.ContextImpl.startService:1899 com.android.server.wm.DisplayPolicy.lambda$focusChangedLw$5:2126 com.android.server.wm.DisplayPolicy.$r8$lambda$Znxk63oh-WzVnzo_WQefN7uxV48:0 com.android.server.wm.DisplayPolicy$$ExternalSyntheticLambda13.run:0 android.os.Handler.handleCallback:958
06-24 16:13:00.738 685 709 W ContextImpl: Calling a method in the system process without a qualified user: android.app.ContextImpl.startService:1899 com.android.server.wm.DisplayPolicy.lambda$focusChangedLw$5:2126 com.android.server.wm.DisplayPolicy.$r8$lambda$Znxk63oh-WzVnzo_WQefN7uxV48:0 com.android.server.wm.DisplayPolicy$$ExternalSyntheticLambda13.run:0 android.os.Handler.handleCallback:958
06-24 16:13:01.523 685 9098 D CoreBackPreview: Window{445ca3a u0 com.lutongnet.kalaok2/com.lutongnet.androidframework.web.WebViewActivity}: Setting back callback null
06-24 16:13:01.540 685 711 V WindowManager: Unknown focus tokens, dropping reportFocusChanged
06-24 16:13:01.629 685 709 W ContextImpl: Calling a method in the system process without a qualified user: android.app.ContextImpl.startService:1899 com.android.server.wm.DisplayPolicy.lambda$focusChangedLw$5:2126 com.android.server.wm.DisplayPolicy.$r8$lambda$Znxk63oh-WzVnzo_WQefN7uxV48:0 com.android.server.wm.DisplayPolicy$$ExternalSyntheticLambda13.run:0 android.os.Handler.handleCallback:958
06-24 16:13:02.507 685 1390 E TaskPersister: File error accessing recents directory (directory doesn't exist?).
06-24 16:13:02.540 901 979 V WindowManagerShell: Transition requested: android.os.BinderProxy@6e8d16e TransitionRequestInfo { type = 2, triggerTask = null, remoteTransition = null, displayChange = null, flags = 0 }
06-24 16:13:02.551 685 9098 V WindowManager: app ------------- force_land :0
06-24 16:13:02.551 685 9098 V WindowManager: app ------------- force_land :0
06-24 16:13:02.551 685 9098 V WindowManager: app ------------- force_land :0
06-24 16:13:02.659 901 979 D WindowManagerShell: TvPipController: onTaskStackChanged()
06-24 16:13:02.666 901 979 V WindowManagerShell: onTransitionReady android.os.BinderProxy@6e8d16e: {id=492 t=CLOSE f=0x0 trk=0 r=[0@Point(0, 0)] c=[{null m=CLOSE f=FILLS_TASK leash=Surface(name=ActivityRecord{3bbaef u0 com.lutongnet.kalaok2/com.lutongnet.androidframework.web.WebViewActivity)/@0xa04e00f sb=Rect(0, 0 - 1920, 1080) eb=Rect(0, 0 - 1920, 1080) d=0},{null m=TO_FRONT f=FILLS_TASK leash=Surface(name=ActivityRecord{d8e51c6 u0 com.lutongnet.kalaok2/.biz.main.activity.MainActivity)/@0xaf2289c sb=Rect(0, 0 - 1920, 1080) eb=Rect(0, 0 - 1920, 1080) d=0}]}
06-24 16:13:02.666 901 979 V WindowManagerShell: Playing animation for (#492)android.os.BinderProxy@6e8d16e@0
06-24 16:13:02.667 901 979 V WindowManagerShell: try handler com.android.wm.shell.keyguard.KeyguardTransitionHandler@24e2028
06-24 16:13:02.667 901 979 V WindowManagerShell: try handler com.android.wm.shell.pip.tv.TvPipTransition@1141
06-24 16:13:02.667 901 979 V WindowManagerShell: try handler com.android.wm.shell.activityembedding.ActivityEmbeddingController@e8f56e6
06-24 16:13:02.667 901 979 V WindowManagerShell: try handler com.android.wm.shell.transition.RemoteTransitionHandler@b664427
06-24 16:13:02.667 901 979 V WindowManagerShell: Transition doesn't have explicit remote, search filters for match for {id=492 t=CLOSE f=0x0 trk=0 r=[0@Point(0, 0)] c=[{null m=CLOSE f=FILLS_TASK leash=Surface(name=ActivityRecord{3bbaef u0 com.lutongnet.kalaok2/com.lutongnet.androidframework.web.WebViewActivity)/@0xa04e00f sb=Rect(0, 0 - 1920, 1080) eb=Rect(0, 0 - 1920, 1080) d=0},{null m=TO_FRONT f=FILLS_TASK leash=Surface(name=ActivityRecord{d8e51c6 u0 com.lutongnet.kalaok2/.biz.main.activity.MainActivity)/@0xaf2289c sb=Rect(0, 0 - 1920, 1080) eb=Rect(0, 0 - 1920, 1080) d=0}]}
06-24 16:13:02.667 901 979 V WindowManagerShell: Delegate animation for #492 to null
06-24 16:13:02.667 901 979 V WindowManagerShell: try handler com.android.wm.shell.transition.DefaultTransitionHandler@7916d4
06-24 16:13:02.667 901 979 V WindowManagerShell: start default transition animation, info = {id=492 t=CLOSE f=0x0 trk=0 r=[0@Point(0, 0)] c=[{null m=CLOSE f=FILLS_TASK leash=Surface(name=ActivityRecord{3bbaef u0 com.lutongnet.kalaok2/com.lutongnet.androidframework.web.WebViewActivity)/@0xa04e00f sb=Rect(0, 0 - 1920, 1080) eb=Rect(0, 0 - 1920, 1080) d=0},{null m=TO_FRONT f=FILLS_TASK leash=Surface(name=ActivityRecord{d8e51c6 u0 com.lutongnet.kalaok2/.biz.main.activity.MainActivity)/@0xaf2289c sb=Rect(0, 0 - 1920, 1080) eb=Rect(0, 0 - 1920, 1080) d=0}]}
06-24 16:13:02.668 901 979 V WindowManagerShell: loadAnimation: anim=android.view.animation.AlphaAnimation@e473288 animAttr=0x6 type=CLOSE isEntrance=true
06-24 16:13:02.673 901 979 V WindowManagerShell: loadAnimation: anim=android.view.animation.AlphaAnimation@d85a046 animAttr=0x7 type=CLOSE isEntrance=false
06-24 16:13:02.674 685 708 V WindowManager: Sent Transition #492 createdAt=06-24 16:13:02.539 via request=TransitionRequestInfo { type = 2, triggerTask = null, remoteTransition = null, displayChange = null, flags = 0 }
06-24 16:13:02.674 685 708 V WindowManager: startWCT=WindowContainerTransaction { changes = {} hops = [] errorCallbackToken=null taskFragmentOrganizer=null }
06-24 16:13:02.674 685 708 V WindowManager: info={id=492 t=CLOSE f=0x0 trk=0 r=[0@Point(0, 0)] c=[{null m=CLOSE f=FILLS_TASK leash=Surface(name=ActivityRecord{3bbaef u0 com.lutongnet.kalaok2/com.lutongnet.androidframework.web.WebViewActivity)/@0x5ee86a6 sb=Rect(0, 0 - 1920, 1080) eb=Rect(0, 0 - 1920, 1080) d=0},{null m=TO_FRONT f=FILLS_TASK leash=Surface(name=ActivityRecord{d8e51c6 u0 com.lutongnet.kalaok2/.biz.main.activity.MainActivity)/@0x7aeae73 sb=Rect(0, 0 - 1920, 1080) eb=Rect(0, 0 - 1920, 1080) d=0}]}
06-24 16:13:02.674 901 979 V WindowManagerShell: animated by com.android.wm.shell.transition.DefaultTransitionHandler@7916d4
06-24 16:13:02.682 685 709 D AutofillManagerService: onBackKeyPressed()
06-24 16:13:02.708 685 709 W ContextImpl: Calling a method in the system process without a qualified user: android.app.ContextImpl.startService:1899 com.android.server.wm.DisplayPolicy.lambda$focusChangedLw$5:2126 com.android.server.wm.DisplayPolicy.$r8$lambda$Znxk63oh-WzVnzo_WQefN7uxV48:0 com.android.server.wm.DisplayPolicy$$ExternalSyntheticLambda13.run:0 android.os.Handler.handleCallback:958
06-24 16:13:03.085 901 979 V WindowManagerShell: Transition animation finished (aborted=false), notifying core (#492)android.os.BinderProxy@6e8d16e@0
06-24 16:13:03.088 685 708 V WindowManager: Finish Transition #492: created at
06-24 16:13:02.539 collect-started=0.049ms request-sent=0.121ms started=3.499ms ready=17.632ms sent=123.181ms finished=547.48ms
06-24 16:13:03.091 901 979 V WindowManagerShell: Track 0 became idle
06-24 16:13:03.092 901 979 V WindowManagerShell: All active transition animations finished
06-24 16:13:03.130 685 3826 D CoreBackPreview: Window{fb3170b u0 com.lutongnet.kalaok2/com.lutongnet.androidframework.web.WebViewActivity}: Setting back callback null
06-24 16:13:04.202 0 0 W : [1 T6241 .s] [SP FRAME TX] arp req,vif_idx:0 sender:[1c:79:2d:20:62:cb 192.168.3.75]receiver:[00:00:00:00:00:00 192.168.3.217]
06-24 16:13:04.210 0 0 W : [2 T1046 ..] [SP FRAME RX] arp rsp,vif_idx:0 sender:[b2:33:fc:c9:ef:d5 192.168.3.217]receiver:[1c:79:2d:20:62:cb 192.168.3.75]
06-24 16:13:04.501 0 0 W : [1 T1046 ..] [SP FRAME RX] arp req,vif_idx:0 sender:[b2:33:fc:c9:ef:d5 192.168.3.217]receiver:[00:00:00:00:00:00 192.168.3.75]
06-24 16:13:04.502 0 0 W : [1 T1046 ..] [SP FRAME TX] arp rsp,vif_idx:0 sender:[1c:79:2d:20:62:cb 192.168.3.75]receiver:[b2:33:fc:c9:ef:d5 192.168.3.217]
06-24 16:13:04.663 685 709 D CompatibilityChangeReporter: Compat change id reported: 173031413; UID 1000; state: ENABLED
06-24 16:13:04.664 685 709 D CompatibilityChangeReporter: Compat change id reported: 173031413; UID 1000; state: DISABLED
06-24 16:13:04.797 685 791 D WindowManager: handleVolumeKeyInArc KeyEvent { action=ACTION_DOWN, keyCode=KEYCODE_VOLUME_UP, scanCode=115, metaState=0, flags=0x8, repeatCount=0, eventTime=18192563546000, downTime=18192563546000, deviceId=10, source=0x301, displayId=-1 }
06-24 16:13:04.797 685 791 D WindowManager: dispatchDirectAudioEvent KeyEvent { action=ACTION_DOWN, keyCode=KEYCODE_VOLUME_UP, scanCode=115, metaState=0, flags=0x8, repeatCount=0, eventTime=18192563546000, downTime=18192563546000, deviceId=10, source=0x301, displayId=-1 }
06-24 16:13:04.827 685 791 D WindowManager: handleVolumeKeyInArc KeyEvent { action=ACTION_UP, keyCode=KEYCODE_VOLUME_UP, scanCode=115, metaState=0, flags=0x8, repeatCount=0, eventTime=18192698426000, downTime=18192563546000, deviceId=10, source=0x301, displayId=-1 }
06-24 16:13:04.827 685 791 D WindowManager: dispatchDirectAudioEvent KeyEvent { action=ACTION_UP, keyCode=KEYCODE_VOLUME_UP, scanCode=115, metaState=0, flags=0x8, repeatCount=0, eventTime=18192698426000, downTime=18192563546000, deviceId=10, source=0x301, displayId=-1 }
06-24 16:13:04.859 685 3826 W WindowManager: [addWindow] title:VolumeDialogImpl
06-24 16:13:04.873 685 9098 D CoreBackPreview: Window{281d816 u0 VolumeDialogImpl}: Setting back callback OnBackInvokedCallbackInfo{mCallback=android.window.IOnBackInvokedCallback$Stub$Proxy@106f384, mPriority=0, mIsAnimationCallback=false}
06-24 16:13:04.970 0 0 W : [3 T0 .s] [SP FRAME TX] arp req,vif_idx:0 sender:[1c:79:2d:20:62:cb 192.168.3.75]receiver:[00:00:00:00:00:00 192.168.3.254]
06-24 16:13:05.060 0 0 W : [1 T1046 ..] [SP FRAME RX] arp rsp,vif_idx:0 sender:[12:3c:2c:e1:84:9f 192.168.3.254]receiver:[1c:79:2d:20:62:cb 192.168.3.75]
06-24 16:13:05.207 685 791 D WindowManager: handleVolumeKeyInArc KeyEvent { action=ACTION_DOWN, keyCode=KEYCODE_VOLUME_UP, scanCode=115, metaState=0, flags=0x8, repeatCount=0, eventTime=18192957486000, downTime=18192957486000, deviceId=10, source=0x301, displayId=-1 }
06-24 16:13:05.207 685 791 D WindowManager: dispatchDirectAudioEvent KeyEvent { action=ACTION_DOWN, keyCode=KEYCODE_VOLUME_UP, scanCode=115, metaState=0, flags=0x8, repeatCount=0, eventTime=18192957486000, downTime=18192957486000, deviceId=10, source=0x301, displayId=-1 }
06-24 16:13:05.244 685 791 D WindowManager: handleVolumeKeyInArc KeyEvent { action=ACTION_UP, keyCode=KEYCODE_VOLUME_UP, scanCode=115, metaState=0, flags=0x8, repeatCount=0, eventTime=18193114720000, downTime=18192957486000, deviceId=10, source=0x301, displayId=-1 }
06-24 16:13:05.244 685 791 D WindowManager: dispatchDirectAudioEvent KeyEvent { action=ACTION_UP, keyCode=KEYCODE_VOLUME_UP, scanCode=115, metaState=0, flags=0x8, repeatCount=0, eventTime=18193114720000, downTime=18192957486000, deviceId=10, source=0x301, displayId=-1 }
06-24 16:13:05.312 0 0 W : [1 T1046 ..] [SP FRAME RX] arp req,vif_idx:0 sender:[02:fe:15:17:79:f9 192.168.3.3]receiver:[00:00:00:00:00:00 192.168.3.75]
06-24 16:13:05.313 0 0 W : [1 T1046 ..] [SP FRAME TX] arp rsp,vif_idx:0 sender:[1c:79:2d:20:62:cb 192.168.3.75]receiver:[02:fe:15:17:79:f9 192.168.3.3]
06-24 16:13:05.482 0 0 W : [1 T27643 .s] [SP FRAME TX] arp req,vif_idx:0 sender:[1c:79:2d:20:62:cb 192.168.3.75]receiver:[00:00:00:00:00:00 192.168.3.3]
06-24 16:13:05.552 0 0 W : [0 T1046 ..] [SP FRAME RX] arp rsp,vif_idx:0 sender:[02:fe:15:17:79:f9 192.168.3.3]receiver:[1c:79:2d:20:62:cb 192.168.3.75]
06-24 16:13:05.578 685 791 D WindowManager: handleVolumeKeyInArc KeyEvent { action=ACTION_DOWN, keyCode=KEYCODE_VOLUME_UP, scanCode=115, metaState=0, flags=0x8, repeatCount=0, eventTime=18193328564000, downTime=18193328564000, deviceId=10, source=0x301, displayId=-1 }
06-24 16:13:05.578 685 791 D WindowManager: dispatchDirectAudioEvent KeyEvent { action=ACTION_DOWN, keyCode=KEYCODE_VOLUME_UP, scanCode=115, metaState=0, flags=0x8, repeatCount=0, eventTime=18193328564000, downTime=18193328564000, deviceId=10, source=0x301, displayId=-1 }
06-24 16:13:05.614 685 791 D WindowManager: handleVolumeKeyInArc KeyEvent { action=ACTION_UP, keyCode=KEYCODE_VOLUME_UP, scanCode=115, metaState=0, flags=0x8, repeatCount=0, eventTime=18193497319000, downTime=18193328564000, deviceId=10, source=0x301, displayId=-1 }
06-24 16:13:05.614 685 791 D WindowManager: dispatchDirectAudioEvent KeyEvent { action=ACTION_UP, keyCode=KEYCODE_VOLUME_UP, scanCode=115, metaState=0, flags=0x8, repeatCount=0, eventTime=18193497319000, downTime=18193328564000, deviceId=10, source=0x301, displayId=-1 }
06-24 16:13:05.948 685 791 D WindowManager: handleVolumeKeyInArc KeyEvent { action=ACTION_DOWN, keyCode=KEYCODE_VOLUME_UP, scanCode=115, metaState=0, flags=0x8, repeatCount=0, eventTime=18193699641000, downTime=18193699641000, deviceId=10, source=0x301, displayId=-1 }
06-24 16:13:05.949 685 791 D WindowManager: dispatchDirectAudioEvent KeyEvent { action=ACTION_DOWN, keyCode=KEYCODE_VOLUME_UP, scanCode=115, metaState=0, flags=0x8, repeatCount=0, eventTime=18193699641000, downTime=18193699641000, deviceId=10, source=0x301, displayId=-1 }
06-24 16:13:06.026 685 791 D WindowManager: handleVolumeKeyInArc KeyEvent { action=ACTION_UP, keyCode=KEYCODE_VOLUME_UP, scanCode=115, metaState=0, flags=0x8, repeatCount=0, eventTime=18193925173000, downTime=18193699641000, deviceId=10, source=0x301, displayId=-1 }
06-24 16:13:06.026 685 791 D WindowManager: dispatchDirectAudioEvent KeyEvent { action=ACTION_UP, keyCode=KEYCODE_VOLUME_UP, scanCode=115, metaState=0, flags=0x8, repeatCount=0, eventTime=18193925173000, downTime=18193699641000, deviceId=10, source=0x301, displayId=-1 }
06-24 16:13:06.162 685 1390 E TaskPersister: File error accessing recents directory (directory doesn't exist?).
06-24 16:13:09.490 685 3826 D CoreBackPreview: Window{281d816 u0 VolumeDialogImpl}: Setting back callback null
06-24 16:13:15.689 0 0 W : [1 T1046 ..] [SP FRAME RX] arp req,vif_idx:0 sender:[a2:e3:8f:e4:ff:46 192.168.3.250]receiver:[00:00:00:00:00:00 192.168.3.75]
06-24 16:13:15.690 0 0 W : [1 T1046 ..] [SP FRAME TX] arp rsp,vif_idx:0 sender:[1c:79:2d:20:62:cb 192.168.3.75]receiver:[a2:e3:8f:e4:ff:46 192.168.3.250]
06-24 16:13:15.722 0 0 W : [0 T0 .s] [SP FRAME TX] arp req,vif_idx:0 sender:[1c:79:2d:20:62:cb 192.168.3.75]receiver:[00:00:00:00:00:00 192.168.3.250]
06-24 16:13:15.723 0 0 W : [2 T18360 ..] [aml_send_sync_trace 4388] sync token[64025]
06-24 16:13:15.723 0 0 W : [2 T18360 ..] >>> aml_send_msg()
06-24 16:13:15.725 0 0 W : [3 T1041 ..] ipc_sdio_host_msgack_handler 000000006d23fc6f
06-24 16:13:15.725 0 0 W : [3 T1041 ..] [aml_msgackind 2039] msg ack hostid=0xffffff8028c51480
06-24 16:13:15.726 0 0 W : [3 T1041 ..] [cmd_mgr_llind 329] cmd tkn[457] flags:0008 result: -4 cmd: 105-MM_SYNC_TRACE - reqcfm( 0-none)
06-24 16:13:15.728 0 0 W : [3 T1041 ..] [cmd_complete 65] cmd tkn[457] flags:0000 result: -4 cmd: 105-MM_SYNC_TRACE - reqcfm( 0-none)
06-24 16:13:15.739 0 0 W : [1 T1046 ..] [SP FRAME RX] arp rsp,vif_idx:0 sender:[a2:e3:8f:e4:ff:46 192.168.3.250]receiver:[1c:79:2d:20:62:cb 192.168.3.75]
06-24 16:13:17.788 0 0 W : [3 T1046 ..] [SP FRAME RX] DHCP[0 1], vif_idx:0
06-24 16:13:18.538 0 0 W : [2 T0 .s] [SP FRAME TX] arp req,vif_idx:0 sender:[1c:79:2d:20:62:cb 192.168.3.75]receiver:[00:00:00:00:00:00 192.168.3.36]
06-24 16:13:18.548 0 0 W : [3 T1046 ..] [SP FRAME RX] arp rsp,vif_idx:0 sender:[b6:86:f8:35:d4:28 192.168.3.36]receiver:[1c:79:2d:20:62:cb 192.168.3.75]
06-24 16:13:18.549 0 0 W : [3 T1046 ..] [SP FRAME RX] arp req,vif_idx:0 sender:[12:3c:2c:e1:84:9f 192.168.3.254]receiver:[00:00:00:00:00:00 192.168.3.75]
06-24 16:13:18.551 0 0 W : [3 T1046 ..] [SP FRAME TX] arp rsp,vif_idx:0 sender:[1c:79:2d:20:62:cb 192.168.3.75]receiver:[12:3c:2c:e1:84:9f 192.168.3.254]
06-24 16:13:18.626 0 0 W : [3 T1046 ..] [SP FRAME RX] arp req,vif_idx:0 sender:[b6:86:f8:35:d4:28 192.168.3.36]receiver:[00:00:00:00:00:00 192.168.3.75]
06-24 16:13:18.627 0 0 W : [3 T1046 ..] [SP FRAME TX] arp rsp,vif_idx:0 sender:[1c:79:2d:20:62:cb 192.168.3.75]receiver:[b6:86:f8:35:d4:28 192.168.3.36]
06-24 16:13:18.653 0 0 W : [3 T1046 ..] [SP FRAME RX] arp req,vif_idx:0 sender:[ea:f3:28:46:91:6b 192.168.3.243]receiver:[00:00:00:00:00:00 192.168.3.75]
06-24 16:13:18.654 0 0 W : [3 T1046 ..] [SP FRAME TX] arp rsp,vif_idx:0 sender:[1c:79:2d:20:62:cb 192.168.3.75]receiver:[ea:f3:28:46:91:6b 192.168.3.243]
06-24 16:13:18.764 0 0 W : [3 T1046 ..] [SP FRAME RX] arp req,vif_idx:0 sender:[16:8e:6e:17:dc:41 192.168.3.176]receiver:[00:00:00:00:00:00 192.168.3.75]
06-24 16:13:18.765 0 0 W : [3 T1046 ..] [SP FRAME TX] arp rsp,vif_idx:0 sender:[1c:79:2d:20:62:cb 192.168.3.75]receiver:[16:8e:6e:17:dc:41 192.168.3.176]
06-24 16:13:18.794 0 0 W : [2 T0 .s] [SP FRAME TX] arp req,vif_idx:0 sender:[1c:79:2d:20:62:cb 192.168.3.75]receiver:[00:00:00:00:00:00 192.168.3.243]
06-24 16:13:18.795 0 0 W : [2 T0 .s] [SP FRAME TX] arp req,vif_idx:0 sender:[1c:79:2d:20:62:cb 192.168.3.75]receiver:[00:00:00:00:00:00 192.168.3.176]
06-24 16:13:18.833 0 0 W : [3 T1046 ..] [SP FRAME RX] arp rsp,vif_idx:0 sender:[ea:f3:28:46:91:6b 192.168.3.243]receiver:[1c:79:2d:20:62:cb 192.168.3.75]
06-24 16:13:18.847 0 0 W : [3 T1046 ..] [SP FRAME RX] arp rsp,vif_idx:0 sender:[16:8e:6e:17:dc:41 192.168.3.176]receiver:[1c:79:2d:20:62:cb 192.168.3.75]
06-24 16:13:18.904 0 0 W : [3 T1046 ..] [SP FRAME RX] DHCP[0 1], vif_idx:0
06-24 16:13:22.812 0 0 W : [2 T1046 ..] [SP FRAME RX] DHCP[0 1], vif_idx:0
06-24 16:13:25.450 0 0 W : [2 T0 .s] [SP FRAME TX] arp req,vif_idx:0 sender:[1c:79:2d:20:62:cb 192.168.3.75]receiver:[00:00:00:00:00:00 192.168.3.254]
06-24 16:13:25.522 0 0 W : [0 T1046 ..] [SP FRAME RX] arp rsp,vif_idx:0 sender:[12:3c:2c:e1:84:9f 192.168.3.254]receiver:[1c:79:2d:20:62:cb 192.168.3.75]
06-24 16:13:27.714 1407 1731 W ContextImpl: Calling a method in the system process without a qualified user: android.app.ContextImpl.sendBroadcast:1220 android.content.ContextWrapper.sendBroadcast:504 com.dangbei.etna.setting.core.SettingHelper.sendCycleToProjector:257 com.dangbei.etna.setting.core.SettingHelper.sendCycleCheckBroadcast:226 com.dangbei.etna.setting.core.SettingHelper.startLoop$lambda-0:185
06-24 16:13:27.716 1407 1731 W ContextImpl: Calling a method in the system process without a qualified user: android.app.ContextImpl.sendBroadcast:1220 android.content.ContextWrapper.sendBroadcast:504 com.dangbei.etna.setting.core.SettingHelper.sendCycleToVoice:242 com.dangbei.etna.setting.core.SettingHelper.sendCycleCheckBroadcast:227 com.dangbei.etna.setting.core.SettingHelper.startLoop$lambda-0:185
06-24 16:13:29.284 0 0 W : [1 T1046 ..] [SP FRAME TX] arp req,vif_idx:0 sender:[1c:79:2d:20:62:cb 192.168.3.75]receiver:[00:00:00:00:00:00 192.168.3.216]
06-24 16:13:29.288 0 0 W : [1 T1046 ..] [SP FRAME RX] arp rsp,vif_idx:0 sender:[ce:37:71:40:7d:26 192.168.3.216]receiver:[1c:79:2d:20:62:cb 192.168.3.75]
06-24 16:13:34.410 0 0 W : [0 T248 .s] [SP FRAME TX] arp req,vif_idx:0 sender:[1c:79:2d:20:62:cb 192.168.3.75]receiver:[00:00:00:00:00:00 192.168.3.3]
06-24 16:13:34.432 0 0 W : [2 T1046 ..] [SP FRAME RX] arp rsp,vif_idx:0 sender:[02:fe:15:17:79:f9 192.168.3.3]receiver:[1c:79:2d:20:62:cb 192.168.3.75]
06-24 16:13:34.526 0 0 W : [2 T1046 ..] [SP FRAME RX] arp req,vif_idx:0 sender:[02:fe:15:17:79:f9 192.168.3.3]receiver:[00:00:00:00:00:00 192.168.3.75]
06-24 16:13:34.527 0 0 W : [2 T1046 ..] [SP FRAME TX] arp rsp,vif_idx:0 sender:[1c:79:2d:20:62:cb 192.168.3.75]receiver:[02:fe:15:17:79:f9 192.168.3.3]
06-24 16:13:34.528 0 0 W : [2 T1046 ..] [SP FRAME RX] arp req,vif_idx:0 sender:[ce:37:71:40:7d:26 192.168.3.216]receiver:[00:00:00:00:00:00 192.168.3.75]
06-24 16:13:34.530 0 0 W : [2 T1046 ..] [SP FRAME TX] arp rsp,vif_idx:0 sender:[1c:79:2d:20:62:cb 192.168.3.75]receiver:[ce:37:71:40:7d:26 192.168.3.216]
06-24 16:13:34.535 0 0 W : [2 T1046 ..] [SP FRAME RX] arp req,vif_idx:0 sender:[ee:78:83:8f:63:7e 192.168.3.58]receiver:[00:00:00:00:00:00 192.168.3.75]
06-24 16:13:34.536 0 0 W : [2 T1046 ..] [SP FRAME TX] arp rsp,vif_idx:0 sender:[1c:79:2d:20:62:cb 192.168.3.75]receiver:[ee:78:83:8f:63:7e 192.168.3.58]
06-24 16:13:34.537 0 0 W : [2 T1046 ..] [SP FRAME RX] arp req,vif_idx:0 sender:[20:57:9e:67:7f:db 192.168.3.98]receiver:[00:00:00:00:00:00 192.168.3.75]
06-24 16:13:34.539 0 0 W : [2 T1046 ..] [SP FRAME TX] arp rsp,vif_idx:0 sender:[1c:79:2d:20:62:cb 192.168.3.75]receiver:[20:57:9e:67:7f:db 192.168.3.98]
06-24 16:13:34.605 0 0 W : [2 T1046 ..] [SP FRAME RX] arp req,vif_idx:0 sender:[0c:91:60:12:cd:8c 192.168.3.70]receiver:[00:00:00:00:00:00 192.168.3.75]
06-24 16:13:34.606 0 0 W : [2 T1046 ..] [SP FRAME TX] arp rsp,vif_idx:0 sender:[1c:79:2d:20:62:cb 192.168.3.75]receiver:[0c:91:60:12:cd:8c 192.168.3.70]
06-24 16:13:34.688 0 0 W : [2 T1046 ..] [SP FRAME RX] arp req,vif_idx:0 sender:[de:90:cb:50:92:8f 192.168.3.145]receiver:[00:00:00:00:00:00 192.168.3.75]
06-24 16:13:34.689 0 0 W : [2 T1046 ..] [SP FRAME TX] arp rsp,vif_idx:0 sender:[1c:79:2d:20:62:cb 192.168.3.75]receiver:[de:90:cb:50:92:8f 192.168.3.145]
06-24 16:13:34.815 0 0 W : [2 T1046 ..] [SP FRAME RX] arp req,vif_idx:0 sender:[b6:9c:70:ec:40:e7 192.168.3.65]receiver:[00:00:00:00:00:00 192.168.3.75]
06-24 16:13:34.816 0 0 W : [2 T1046 ..] [SP FRAME TX] arp rsp,vif_idx:0 sender:[1c:79:2d:20:62:cb 192.168.3.75]receiver:[b6:9c:70:ec:40:e7 192.168.3.65]
06-24 16:13:34.818 0 0 W : [2 T1046 ..] [SP FRAME RX] arp req,vif_idx:0 sender:[0c:91:60:12:cd:fc 192.168.3.171]receiver:[00:00:00:00:00:00 192.168.3.75]
06-24 16:13:34.819 0 0 W : [2 T1046 ..] [SP FRAME TX] arp rsp,vif_idx:0 sender:[1c:79:2d:20:62:cb 192.168.3.75]receiver:[0c:91:60:12:cd:fc 192.168.3.171]
06-24 16:13:34.894 0 0 W : [2 T1046 ..] [SP FRAME RX] arp req,vif_idx:0 sender:[38:54:39:af:de:38 192.168.3.114]receiver:[00:00:00:00:00:00 192.168.3.75]
06-24 16:13:34.895 0 0 W : [2 T1046 ..] [SP FRAME TX] arp rsp,vif_idx:0 sender:[1c:79:2d:20:62:cb 192.168.3.75]receiver:[38:54:39:af:de:38 192.168.3.114]
06-24 16:13:35.039 0 0 W : [2 T1046 ..] [SP FRAME RX] arp req,vif_idx:0 sender:[3a:fd:3d:ee:5f:54 192.168.3.129]receiver:[00:00:00:00:00:00 192.168.3.75]
06-24 16:13:35.039 0 0 W : [2 T1046 ..] [SP FRAME TX] arp rsp,vif_idx:0 sender:[1c:79:2d:20:62:cb 192.168.3.75]receiver:[3a:fd:3d:ee:5f:54 192.168.3.129]
06-24 16:13:35.109 0 0 W : [2 T1046 ..] [SP FRAME RX] arp req,vif_idx:0 sender:[9a:86:f7:27:5c:25 192.168.3.169]receiver:[00:00:00:00:00:00 192.168.3.75]
06-24 16:13:35.110 0 0 W : [2 T1046 ..] [SP FRAME TX] arp rsp,vif_idx:0 sender:[1c:79:2d:20:62:cb 192.168.3.75]receiver:[9a:86:f7:27:5c:25 192.168.3.169]
06-24 16:13:35.174 0 0 W : [2 T1046 ..] [SP FRAME RX] arp req,vif_idx:0 sender:[28:7b:11:70:4f:bd 192.168.3.156]receiver:[00:00:00:00:00:00 192.168.3.75]
06-24 16:13:35.175 0 0 W : [2 T1046 ..] [SP FRAME TX] arp rsp,vif_idx:0 sender:[1c:79:2d:20:62:cb 192.168.3.75]receiver:[28:7b:11:70:4f:bd 192.168.3.156]
06-24 16:13:35.200 0 0 W : [2 T1046 ..] [SP FRAME RX] arp req,vif_idx:0 sender:[0c:91:60:12:cd:6e 192.168.3.81]receiver:[00:00:00:00:00:00 192.168.3.75]
06-24 16:13:35.201 0 0 W : [2 T1046 ..] [SP FRAME TX] arp rsp,vif_idx:0 sender:[1c:79:2d:20:62:cb 192.168.3.75]receiver:[0c:91:60:12:cd:6e 192.168.3.81]
06-24 16:13:35.315 0 0 W : [2 T1046 ..] [SP FRAME RX] arp req,vif_idx:0 sender:[da:b8:33:f6:93:fe 192.168.3.89]receiver:[00:00:00:00:00:00 192.168.3.75]
06-24 16:13:35.316 0 0 W : [2 T1046 ..] [SP FRAME TX] arp rsp,vif_idx:0 sender:[1c:79:2d:20:62:cb 192.168.3.75]receiver:[da:b8:33:f6:93:fe 192.168.3.89]
06-24 16:13:35.408 0 0 W : [2 T1046 ..] [SP FRAME RX] arp req,vif_idx:0 sender:[e2:04:f6:d8:62:00 192.168.3.194]receiver:[00:00:00:00:00:00 192.168.3.75]
06-24 16:13:35.409 0 0 W : [2 T1046 ..] [SP FRAME TX] arp rsp,vif_idx:0 sender:[1c:79:2d:20:62:cb 192.168.3.75]receiver:[e2:04:f6:d8:62:00 192.168.3.194]
06-24 16:13:35.444 0 0 W : [2 T1046 ..] [SP FRAME RX] arp req,vif_idx:0 sender:[56:86:a9:ec:10:a8 192.168.3.19]receiver:[00:00:00:00:00:00 192.168.3.75]
06-24 16:13:35.445 0 0 W : [2 T1046 ..] [SP FRAME TX] arp rsp,vif_idx:0 sender:[1c:79:2d:20:62:cb 192.168.3.75]receiver:[56:86:a9:ec:10:a8 192.168.3.19]
06-24 16:13:35.449 0 0 W : [2 T1046 ..] [SP FRAME RX] arp req,vif_idx:0 sender:[28:7b:11:70:4f:a5 192.168.3.155]receiver:[00:00:00:00:00:00 192.168.3.75]
06-24 16:13:35.450 0 0 W : [2 T1046 ..] [SP FRAME TX] arp rsp,vif_idx:0 sender:[1c:79:2d:20:62:cb 192.168.3.75]receiver:[28:7b:11:70:4f:a5 192.168.3.155]
06-24 16:13:35.455 0 0 W : [2 T1046 ..] [SP FRAME RX] arp req,vif_idx:0 sender:[28:7b:11:70:51:1f 192.168.3.44]receiver:[00:00:00:00:00:00 192.168.3.75]
06-24 16:13:35.456 0 0 W : [2 T1046 ..] [SP FRAME TX] arp rsp,vif_idx:0 sender:[1c:79:2d:20:62:cb 192.168.3.75]receiver:[28:7b:11:70:51:1f 192.168.3.44]
06-24 16:13:35.519 0 0 W : [2 T1046 ..] [SP FRAME RX] arp req,vif_idx:0 sender:[e2:8e:12:0f:0b:47 192.168.3.123]receiver:[00:00:00:00:00:00 192.168.3.75]
06-24 16:13:35.520 0 0 W : [2 T1046 ..] [SP FRAME TX] arp rsp,vif_idx:0 sender:[1c:79:2d:20:62:cb 192.168.3.75]receiver:[e2:8e:12:0f:0b:47 192.168.3.123]
06-24 16:13:35.522 0 0 W : [2 T1046 ..] [SP FRAME RX] arp req,vif_idx:0 sender:[d2:07:9a:6e:a7:36 192.168.3.27]receiver:[00:00:00:00:00:00 192.168.3.75]
06-24 16:13:35.523 0 0 W : [2 T1046 ..] [SP FRAME TX] arp rsp,vif_idx:0 sender:[1c:79:2d:20:62:cb 192.168.3.75]receiver:[d2:07:9a:6e:a7:36 192.168.3.27]
06-24 16:13:43.428 901 979 V WindowManagerShell: Transition requested: android.os.BinderProxy@c16381b TransitionRequestInfo { type = 2, triggerTask = TaskInfo{userId=0 taskId=158 displayId=0 isRunning=false baseIntent=Intent { act=android.intent.action.MAIN cat=[android.intent.category.LAUNCHER] flg=0x10000000 pkg=com.lutongnet.kalaok2 cmp=com.lutongnet.kalaok2/.WelcomeActivity } baseActivity=null topActivity=null origActivity=null realActivity=ComponentInfo{com.lutongnet.kalaok2/com.lutongnet.kalaok2.WelcomeActivity} numActivities=0 lastActiveTime=18190451 supportsMultiWindow=true resizeMode=1 isResizeable=true minWidth=-1 minHeight=-1 defaultMinSize=220 token=WCT{android.window.IWindowContainerToken$Stub$Proxy@a704db8} topActivityType=1 pictureInPictureParams=null shouldDockBigOverlays=false launchIntoPipHostTaskId=-1 lastParentTaskIdBeforePip=-1 displayCutoutSafeInsets=null topActivityInfo=null launchCookies=[] positionInParent=Point(0, 0) parentTaskId=-1 isFocused=false isVisible=true isVisibleRequested=true isSleeping=false topActivityInSizeCompat=false topActivityEligibleForLetterboxEducation= false isLetterboxDoubleTapEnabled= false topActivityEligibleForUserAspectRatioButton= false topActivityBoundsLetterboxed= false isFromLetterboxDoubleTap= false topActivityLetterboxVerticalPosition= -1 topActivityLetterboxHorizontalPosition= -1 topActivityLetterboxWidth=-1 topActivityLetterboxHeight=-1 isUserFullscreenOverrideEnabled=false isTopActivityTransparent=false locusId=null displayAreaFeatureId=1 cameraCompatControlState=hidden}, remoteTransition = null, displayChange = null, flags = 0 }
06-24 16:13:43.442 685 9098 V WindowManager: app ------------- force_land :0
06-24 16:13:43.452 685 711 W ProcessStats: Tracking association SourceState{2ed2a5c system/1000 ImpFg #10348} whose proc state 5 is better than process ProcessState{9231bd0 com.android.permissioncontroller/10074 pkg=com.android.permissioncontroller} proc state 15 (5 skipped)
06-24 16:13:43.511 685 709 D AutofillManagerService: onBackKeyPressed()
06-24 16:13:43.528 685 708 V WindowManager: Sent Transition #493 createdAt=06-24 16:13:43.427 via request=TransitionRequestInfo { type = 2, triggerTask = TaskInfo{userId=0 taskId=158 displayId=0 isRunning=false baseIntent=Intent { act=android.intent.action.MAIN cat=[android.intent.category.LAUNCHER] flg=0x10000000 pkg=com.lutongnet.kalaok2 cmp=com.lutongnet.kalaok2/.WelcomeActivity } baseActivity=null topActivity=null origActivity=null realActivity=ComponentInfo{com.lutongnet.kalaok2/com.lutongnet.kalaok2.WelcomeActivity} numActivities=0 lastActiveTime=18190451 supportsMultiWindow=true resizeMode=1 isResizeable=true minWidth=-1 minHeight=-1 defaultMinSize=220 token=WCT{RemoteToken{e63c61c Task{cc04a24 #158 type=standard A=10103:com.lutongnet.kalaok2}}} topActivityType=1 pictureInPictureParams=null shouldDockBigOverlays=false launchIntoPipHostTaskId=-1 lastParentTaskIdBeforePip=-1 displayCutoutSafeInsets=null topActivityInfo=null launchCookies=[] positionInParent=Point(0, 0) parentTaskId=-1 isFocused=false isVisible=true isVisibleRequested=true isSleeping=false topActivityInSizeCompat=false topActivityEligibleForLetterboxEducation= false isLetterboxDoubleTapEnabled= false topActivityEligibleForUserAspectRatioButton= false topActivityBoundsLetterboxed= false isFromLetterboxDoubleTap= false topActivityLetterboxVerticalPosition= -1 topActivityLetterboxHorizontalPosition= -1 topActivityLetterboxWidth=-1 topActivityLetterboxHeight=-1 isUserFullscreenOverrideEnabled=false isTopActivityTransparent=false locusId=null displayAreaFeatureId=1 cameraCompatControlState=hidden}, remoteTransition = null, displayChange = null, flags = 0 }
06-24 16:13:43.528 685 708 V WindowManager: startWCT=WindowContainerTransaction { changes = {} hops = [] errorCallbackToken=null taskFragmentOrganizer=null }
06-24 16:13:43.528 685 708 V WindowManager: info={id=493 t=CLOSE f=0x0 trk=0 r=[0@Point(0, 0)] c=[{WCT{RemoteToken{30b1e82 Task{4d21fd0 #1 type=home}}} m=TO_FRONT f=NONE leash=Surface(name=Task=1)/@0x54f0375 sb=Rect(0, 0 - 1920, 1080) eb=Rect(0, 0 - 1920, 1080) d=0},{WCT{RemoteToken{e63c61c Task{cc04a24 #158 type=standard A=10103:com.lutongnet.kalaok2}}} m=CLOSE f=NONE leash=Surface(name=Task=158)/@0x3935869 sb=Rect(0, 0 - 1920, 1080) eb=Rect(0, 0 - 1920, 1080) d=0}]}
06-24 16:13:43.530 901 979 V WindowManagerShell: onTransitionReady android.os.BinderProxy@c16381b: {id=493 t=CLOSE f=0x0 trk=0 r=[0@Point(0, 0)] c=[{WCT{android.window.IWindowContainerToken$Stub$Proxy@b88d64} m=TO_FRONT f=NONE leash=Surface(name=Task=1)/@0xdcf5791 sb=Rect(0, 0 - 1920, 1080) eb=Rect(0, 0 - 1920, 1080) d=0},{WCT{android.window.IWindowContainerToken$Stub$Proxy@900dbcd} m=CLOSE f=NONE leash=Surface(name=Task=158)/@0x91ca6f6 sb=Rect(0, 0 - 1920, 1080) eb=Rect(0, 0 - 1920, 1080) d=0}]}
06-24 16:13:43.530 901 979 V WindowManagerShell: Playing animation for (#493)android.os.BinderProxy@c16381b@0
06-24 16:13:43.530 901 979 V WindowManagerShell: try handler com.android.wm.shell.keyguard.KeyguardTransitionHandler@24e2028
06-24 16:13:43.530 901 979 V WindowManagerShell: try handler com.android.wm.shell.pip.tv.TvPipTransition@1141
06-24 16:13:43.530 901 979 V WindowManagerShell: try handler com.android.wm.shell.activityembedding.ActivityEmbeddingController@e8f56e6
06-24 16:13:43.530 901 979 V WindowManagerShell: try handler com.android.wm.shell.transition.RemoteTransitionHandler@b664427
06-24 16:13:43.531 901 979 V WindowManagerShell: Transition doesn't have explicit remote, search filters for match for {id=493 t=CLOSE f=0x0 trk=0 r=[0@Point(0, 0)] c=[{WCT{android.window.IWindowContainerToken$Stub$Proxy@b88d64} m=TO_FRONT f=NONE leash=Surface(name=Task=1)/@0xdcf5791 sb=Rect(0, 0 - 1920, 1080) eb=Rect(0, 0 - 1920, 1080) d=0},{WCT{android.window.IWindowContainerToken$Stub$Proxy@900dbcd} m=CLOSE f=NONE leash=Surface(name=Task=158)/@0x91ca6f6 sb=Rect(0, 0 - 1920, 1080) eb=Rect(0, 0 - 1920, 1080) d=0}]}
06-24 16:13:43.531 901 979 V WindowManagerShell: Delegate animation for #493 to null
06-24 16:13:43.531 901 979 V WindowManagerShell: try handler com.android.wm.shell.transition.DefaultTransitionHandler@7916d4
06-24 16:13:43.531 901 979 V WindowManagerShell: start default transition animation, info = {id=493 t=CLOSE f=0x0 trk=0 r=[0@Point(0, 0)] c=[{WCT{android.window.IWindowContainerToken$Stub$Proxy@b88d64} m=TO_FRONT f=NONE leash=Surface(name=Task=1)/@0xdcf5791 sb=Rect(0, 0 - 1920, 1080) eb=Rect(0, 0 - 1920, 1080) d=0},{WCT{android.window.IWindowContainerToken$Stub$Proxy@900dbcd} m=CLOSE f=NONE leash=Surface(name=Task=158)/@0x91ca6f6 sb=Rect(0, 0 - 1920, 1080) eb=Rect(0, 0 - 1920, 1080) d=0}]}
06-24 16:13:43.531 901 979 V WindowManagerShell: loadAnimation: anim=android.view.animation.AlphaAnimation@5e43c82 animAttr=0xb type=CLOSE isEntrance=false
06-24 16:13:43.531 901 979 V WindowManagerShell: loadAnimation: anim=android.view.animation.AlphaAnimation@b298f93 animAttr=0xa type=CLOSE isEntrance=true
06-24 16:13:43.536 901 979 V WindowManagerShell: animated by com.android.wm.shell.transition.DefaultTransitionHandler@7916d4
06-24 16:13:43.544 901 979 D WindowManagerShell: TvPipController: onTaskStackChanged()
06-24 16:13:43.568 685 709 W ContextImpl: Calling a method in the system process without a qualified user: android.app.ContextImpl.startService:1899 com.android.server.wm.DisplayPolicy.lambda$focusChangedLw$5:2126 com.android.server.wm.DisplayPolicy.$r8$lambda$Znxk63oh-WzVnzo_WQefN7uxV48:0 com.android.server.wm.DisplayPolicy$$ExternalSyntheticLambda13.run:0 android.os.Handler.handleCallback:958
06-24 16:13:43.790 685 3826 I ActivityManager: Killing 6187:com.android.webview:sandboxed_process0:org.chromium.content.app.SandboxedProcessService0:2/u0a103i15 (adj 0): isolated not needed
06-24 16:13:43.839 685 709 D DisplayManagerService: Drop pending events for gone uid 99015
06-24 16:13:43.910 0 0 W [3 T10663 ..] audit: audit_lost=18518 audit_rate_limit=5 audit_backlog_limit=64
06-24 16:13:43.911 0 0 E [3 T10663 ..] audit: rate limit exceeded
06-24 16:13:43.944 901 979 V WindowManagerShell: Transition animation finished (aborted=false), notifying core (#493)android.os.BinderProxy@c16381b@0
06-24 16:13:43.946 685 708 V WindowManager: Finish Transition #493: created at
06-24 16:13:43.427 collect-started=0.046ms request-sent=0.167ms started=4.98ms ready=15.513ms sent=99.411ms finished=518.306ms
06-24 16:13:43.950 901 979 V WindowManagerShell: Track 0 became idle
06-24 16:13:43.951 901 979 V WindowManagerShell: All active transition animations finished
06-24 16:13:44.242 685 701 I ActivityManager: Process com.lutongnet.kalaok2 (pid 5073) has died: fg SVC
06-24 16:13:44.242 685 12511 I MediaSessionStack: removeSession | record: com.lutongnet.kalaok2/MusicService (userId=0)
06-24 16:13:44.242 685 12511 I MediaSessionStack: removeSession | record: com.lutongnet.kalaok2/MediaSessionHelper-com.lutongnet.kalaok2 (userId=0)
06-24 16:13:44.244 685 709 D DisplayManagerService: Drop pending events for gone uid 10103
06-24 16:13:44.253 685 4709 W WindowManager: Failed looking up window session=Session{5651897 5073:u0a10103} callers=com.android.server.wm.WindowManagerService.windowForClientLocked:6077 com.android.server.wm.WindowState$DeathRecipient.binderDied:2938 android.os.IBinder$DeathRecipient.binderDied:319
06-24 16:13:44.253 685 4709 I WindowManager: WIN DEATH: null
06-24 16:13:44.255 685 711 W ActivityManager: setHasOverlayUi called on unknown pid: 5073
06-24 16:13:44.578 685 709 D AutofillManagerService: onBackKeyPressed()
06-24 16:13:45.521 0 0 W [3 T17271 ..] audit: audit_lost=18522 audit_rate_limit=5 audit_backlog_limit=64
06-24 16:13:45.522 0 0 E [3 T17271 ..] audit: rate limit exceeded
06-24 16:13:47.258 685 1390 E TaskPersister: File error accessing recents directory (directory doesn't exist?).
06-24 16:13:50.320 685 3826 E Transition: Trying to add a ready-group twice: Display{#0 state=ON size=1920x1080 ROTATION_0}
06-24 16:13:50.321 685 3826 I ActivityTaskManager: START u0 {cmp=com.dangbei.leard.leradlauncher/.module.vipcenter.VipCenterActivity (has extras)} with LAUNCH_MULTIPLE from uid 1000 (BAL_ALLOW_ALLOWLISTED_UID) result code=0
06-24 16:13:50.321 901 979 V WindowManagerShell: Transition requested: android.os.BinderProxy@36624fc TransitionRequestInfo { type = 1, triggerTask = TaskInfo{userId=0 taskId=32 displayId=0 isRunning=true baseIntent=Intent { act=android.intent.action.MAIN cat=[android.intent.category.HOME] flg=0x10800100 cmp=com.dangbei.leard.leradlauncher/com.dangbei.launcher.home.LauncherActivity } baseActivity=ComponentInfo{com.dangbei.leard.leradlauncher/com.dangbei.launcher.home.LauncherActivity} topActivity=ComponentInfo{com.dangbei.leard.leradlauncher/com.dangbei.leard.leradlauncher.module.vipcenter.VipCenterActivity} origActivity=null realActivity=ComponentInfo{com.dangbei.leard.leradlauncher/com.dangbei.launcher.home.LauncherActivity} numActivities=2 lastActiveTime=18238221 supportsMultiWindow=true resizeMode=0 isResizeable=false minWidth=-1 minHeight=-1 defaultMinSize=220 token=WCT{android.window.IWindowContainerToken$Stub$Proxy@8aab785} topActivityType=2 pictureInPictureParams=null shouldDockBigOverlays=true launchIntoPipHostTaskId=-1 lastParentTaskIdBeforePip=-1 displayCutoutSafeInsets=null topActivityInfo=ActivityInfo{a78d9da com.dangbei.leard.leradlauncher.module.vipcenter.VipCenterActivity} launchCookies=[] positionInParent=Point(0, 0) parentTaskId=-1 isFocused=true isVisible=true isVisibleRequested=true isSleeping=false topActivityInSizeCompat=false topActivityEligibleForLetterboxEducation= false isLetterboxDoubleTapEnabled= false topActivityEligibleForUserAspectRatioButton= false topActivityBoundsLetterboxed= false isFromLetterboxDoubleTap= false topActivityLetterboxVerticalPosition= -1 topActivityLetterboxHorizontalPosition= -1 topActivityLetterboxWidth=-1 topActivityLetterboxHeight=-1 isUserFullscreenOverrideEnabled=false isTopActivityTransparent=false locusId=null displayAreaFeatureId=1 cameraCompatControlState=hidden}, remoteTransition = null, displayChange = null, flags = 0 }
06-24 16:13:50.327 685 24239 V WindowManager: app ------------- force_land :0
06-24 16:13:50.400 685 24239 W WindowManager: [addWindow] title:com.dangbei.leard.leradlauncher/com.dangbei.leard.leradlauncher.module.vipcenter.VipCenterActivity
06-24 16:13:50.400 685 4709 W WindowManager: Failed looking up window session=Session{e396e2b 1423:1000} callers=com.android.server.wm.WindowManagerService.windowForClientLocked:6077 com.android.server.wm.Session.updateRequestedVisibleTypes:695 android.view.IWindowSession$Stub.onTransact:1034
06-24 16:13:50.416 685 24239 D CoreBackPreview: Window{63d8f5e u0 com.dangbei.leard.leradlauncher/com.dangbei.leard.leradlauncher.module.vipcenter.VipCenterActivity}: Setting back callback OnBackInvokedCallbackInfo{mCallback=android.window.IOnBackInvokedCallback$Stub$Proxy@d6700c, mPriority=0, mIsAnimationCallback=false}
06-24 16:13:50.432 901 979 D WindowManagerShell: TvPipController: onTaskStackChanged()
06-24 16:13:50.454 901 979 V WindowManagerShell: onTransitionReady android.os.BinderProxy@36624fc: {id=494 t=OPEN f=0x0 trk=0 r=[0@Point(0, 0)] c=[{null m=OPEN f=FILLS_TASK leash=Surface(name=ActivityRecord{8bda7e3 u0 com.dangbei.leard.leradlauncher/.module.vipcenter.VipCenterActivity)/@0x715e0b sb=Rect(0, 0 - 0, 0) eb=Rect(0, 0 - 1920, 1080) d=-1->0 r=-1->0:-1},{null m=TO_BACK f=FILLS_TASK leash=Surface(name=ActivityRecord{c96a874 u0 com.dangbei.leard.leradlauncher/com.dangbei.launcher.home.LauncherActivity)/@0x26e94e8 sb=Rect(0, 0 - 1920, 1080) eb=Rect(0, 0 - 1920, 1080) d=0}]}
06-24 16:13:50.454 901 979 V WindowManagerShell: Playing animation for (#494)android.os.BinderProxy@36624fc@0
06-24 16:13:50.454 901 979 V WindowManagerShell: try handler com.android.wm.shell.keyguard.KeyguardTransitionHandler@24e2028
06-24 16:13:50.454 901 979 V WindowManagerShell: try handler com.android.wm.shell.pip.tv.TvPipTransition@1141
06-24 16:13:50.454 901 979 V WindowManagerShell: try handler com.android.wm.shell.activityembedding.ActivityEmbeddingController@e8f56e6
06-24 16:13:50.454 901 979 V WindowManagerShell: try handler com.android.wm.shell.transition.RemoteTransitionHandler@b664427
06-24 16:13:50.454 685 708 V WindowManager: Sent Transition #494 createdAt=06-24 16:13:50.315 via request=TransitionRequestInfo { type = 1, triggerTask = TaskInfo{userId=0 taskId=32 displayId=0 isRunning=true baseIntent=Intent { act=android.intent.action.MAIN cat=[android.intent.category.HOME] flg=0x10800100 cmp=com.dangbei.leard.leradlauncher/com.dangbei.launcher.home.LauncherActivity } baseActivity=ComponentInfo{com.dangbei.leard.leradlauncher/com.dangbei.launcher.home.LauncherActivity} topActivity=ComponentInfo{com.dangbei.leard.leradlauncher/com.dangbei.leard.leradlauncher.module.vipcenter.VipCenterActivity} origActivity=null realActivity=ComponentInfo{com.dangbei.leard.leradlauncher/com.dangbei.launcher.home.LauncherActivity} numActivities=2 lastActiveTime=18238221 supportsMultiWindow=true resizeMode=0 isResizeable=false minWidth=-1 minHeight=-1 defaultMinSize=220 token=WCT{RemoteToken{a5d9d8d Task{131419d #32 type=home A=1000:com.dangbei.leard.leradlauncher}}} topActivityType=2 pictureInPictureParams=null shouldDockBigOverlays=true launchIntoPipHostTaskId=-1 lastParentTaskIdBeforePip=-1 displayCutoutSafeInsets=null topActivityInfo=ActivityInfo{ec6305b com.dangbei.leard.leradlauncher.module.vipcenter.VipCenterActivity} launchCookies=[] positionInParent=Point(0, 0) parentTaskId=-1 isFocused=true isVisible=true isVisibleRequested=true isSleeping=false topActivityInSizeCompat=false topActivityEligibleForLetterboxEducation= false isLetterboxDoubleTapEnabled= false topActivityEligibleForUserAspectRatioButton= false topActivityBoundsLetterboxed= false isFromLetterboxDoubleTap= false topActivityLetterboxVerticalPosition= -1 topActivityLetterboxHorizontalPosition= -1 topActivityLetterboxWidth=-1 topActivityLetterboxHeight=-1 isUserFullscreenOverrideEnabled=false isTopActivityTransparent=false locusId=null displayAreaFeatureId=1 cameraCompatControlState=hidden}, remoteTransition = null, displayChange = null, flags = 0 }
06-24 16:13:50.454 685 708 V WindowManager: startWCT=WindowContainerTransaction { changes = {} hops = [] errorCallbackToken=null taskFragmentOrganizer=null }
06-24 16:13:50.454 901 979 V WindowManagerShell: Transition doesn't have explicit remote, search filters for match for {id=494 t=OPEN f=0x0 trk=0 r=[0@Point(0, 0)] c=[{null m=OPEN f=FILLS_TASK leash=Surface(name=ActivityRecord{8bda7e3 u0 com.dangbei.leard.leradlauncher/.module.vipcenter.VipCenterActivity)/@0x715e0b sb=Rect(0, 0 - 0, 0) eb=Rect(0, 0 - 1920, 1080) d=-1->0 r=-1->0:-1},{null m=TO_BACK f=FILLS_TASK leash=Surface(name=ActivityRecord{c96a874 u0 com.dangbei.leard.leradlauncher/com.dangbei.launcher.home.LauncherActivity)/@0x26e94e8 sb=Rect(0, 0 - 1920, 1080) eb=Rect(0, 0 - 1920, 1080) d=0}]}
06-24 16:13:50.454 901 979 V WindowManagerShell: Delegate animation for #494 to null
06-24 16:13:50.454 901 979 V WindowManagerShell: try handler com.android.wm.shell.transition.DefaultTransitionHandler@7916d4
06-24 16:13:50.455 901 979 V WindowManagerShell: start default transition animation, info = {id=494 t=OPEN f=0x0 trk=0 r=[0@Point(0, 0)] c=[{null m=OPEN f=FILLS_TASK leash=Surface(name=ActivityRecord{8bda7e3 u0 com.dangbei.leard.leradlauncher/.module.vipcenter.VipCenterActivity)/@0x715e0b sb=Rect(0, 0 - 0, 0) eb=Rect(0, 0 - 1920, 1080) d=-1->0 r=-1->0:-1},{null m=TO_BACK f=FILLS_TASK leash=Surface(name=ActivityRecord{c96a874 u0 com.dangbei.leard.leradlauncher/com.dangbei.launcher.home.LauncherActivity)/@0x26e94e8 sb=Rect(0, 0 - 1920, 1080) eb=Rect(0, 0 - 1920, 1080) d=0}]}
06-24 16:13:50.456 685 708 V WindowManager: info={id=494 t=OPEN f=0x0 trk=0 r=[0@Point(0, 0)] c=[{null m=OPEN f=FILLS_TASK leash=Surface(name=ActivityRecord{8bda7e3 u0 com.dangbei.leard.leradlauncher/.module.vipcenter.VipCenterActivity)/@0x6b98d55 sb=Rect(0, 0 - 0, 0) eb=Rect(0, 0 - 1920, 1080) d=-1->0 r=-1->0:-1},{null m=TO_BACK f=FILLS_TASK leash=Surface(name=ActivityRecord{c96a874 u0 com.dangbei.leard.leradlauncher/com.dangbei.launcher.home.LauncherActivity)/@0xdafeeb1 sb=Rect(0, 0 - 1920, 1080) eb=Rect(0, 0 - 1920, 1080) d=0}]}
06-24 16:13:50.458 901 979 V WindowManagerShell: Transition animation finished (aborted=false), notifying core (#494)android.os.BinderProxy@36624fc@0
06-24 16:13:50.461 685 708 V WindowManager: Finish Transition #494: created at
06-24 16:13:50.315 collect-started=0.049ms request-sent=5.02ms started=7.217ms ready=15.98ms sent=136.592ms finished=145.475ms
06-24 16:13:50.463 901 979 V WindowManagerShell: Track 0 became idle
06-24 16:13:50.463 901 979 V WindowManagerShell: All active transition animations finished
06-24 16:13:50.463 901 979 V WindowManagerShell: animated by com.android.wm.shell.transition.DefaultTransitionHandler@7916d4
06-24 16:13:50.463 901 979 V WindowManagerShell: Track 0 became idle
06-24 16:13:50.463 901 979 V WindowManagerShell: All active transition animations finished
06-24 16:13:50.521 685 709 W ContextImpl: Calling a method in the system process without a qualified user: android.app.ContextImpl.startService:1899 com.android.server.wm.DisplayPolicy.lambda$focusChangedLw$5:2126 com.android.server.wm.DisplayPolicy.$r8$lambda$Znxk63oh-WzVnzo_WQefN7uxV48:0 com.android.server.wm.DisplayPolicy$$ExternalSyntheticLambda13.run:0 android.os.Handler.handleCallback:958
06-24 16:13:50.632 0 0 W : [0 T1046 ..] [SP FRAME RX] arp req,vif_idx:0 sender:[b6:86:f8:35:d4:28 192.168.3.36]receiver:[00:00:00:00:00:00 192.168.3.75]
