06-24 16:10:42.764 685 752 I ActivityTaskManager: START u0 {cmp=com.lutongnet.kalaok2/.biz.main.activity.MainActivity (has extras)} with LAUNCH_SINGLE_TASK from uid 10103 (BAL_ALLOW_VISIBLE_WINDOW) result code=0
06-24 16:10:42.764 901 979 V WindowManagerShell: Transition requested: android.os.BinderProxy@8180b3d TransitionRequestInfo { type = 1, triggerTask = TaskInfo{userId=0 taskId=157 displayId=0 isRunning=true baseIntent=Intent { act=android.intent.action.MAIN cat=[android.intent.category.LAUNCHER] flg=0x10000000 pkg=com.lutongnet.kalaok2 cmp=com.lutongnet.kalaok2/.WelcomeActivity } baseActivity=ComponentInfo{com.lutongnet.kalaok2/com.lutongnet.kalaok2.WelcomeActivity} topActivity=ComponentInfo{com.lutongnet.kalaok2/com.lutongnet.kalaok2.biz.main.activity.MainActivity} origActivity=null realActivity=ComponentInfo{com.lutongnet.kalaok2/com.lutongnet.kalaok2.WelcomeActivity} numActivities=2 lastActiveTime=18050661 supportsMultiWindow=true resizeMode=1 isResizeable=true minWidth=-1 minHeight=-1 defaultMinSize=220 token=WCT{android.window.IWindowContainerToken$Stub$Proxy@3d78f32} topActivityType=1 pictureInPictureParams=null shouldDockBigOverlays=true launchIntoPipHostTaskId=-1 lastParentTaskIdBeforePip=-1 displayCutoutSafeInsets=null topActivityInfo=ActivityInfo{3156483 com.lutongnet.kalaok2.biz.main.activity.MainActivity} launchCookies=[] positionInParent=Point(0, 0) parentTaskId=-1 isFocused=true isVisible=true isVisibleRequested=true isSleeping=false topActivityInSizeCompat=false topActivityEligibleForLetterboxEducation= false isLetterboxDoubleTapEnabled= false topActivityEligibleForUserAspectRatioButton= false topActivityBoundsLetterboxed= false isFromLetterboxDoubleTap= false topActivityLetterboxVerticalPosition= -1 topActivityLetterboxHorizontalPosition= -1 topActivityLetterboxWidth=-1 topActivityLetterboxHeight=-1 isUserFullscreenOverrideEnabled=false isTopActivityTransparent=false locusId=null displayAreaFeatureId=1 cameraCompatControlState=hidden}, remoteTransition = null, displayChange = null, flags = 0 }
06-24 16:10:42.773 685 752 V WindowManager: app ------------- force_land :0
06-24 16:10:42.773 685 752 V WindowManager: app ------------- force_land :0
06-24 16:10:42.773 685 752 V WindowManager: app ------------- force_land :0
06-24 16:10:42.870 685 752 I ActivityTaskManager: START u0 {cmp=com.lutongnet.kalaok2/com.lutongnet.androidframework.web.WebViewActivity (has extras)} with LAUNCH_MULTIPLE from uid 10103 (BAL_ALLOW_VISIBLE_WINDOW) result code=0
06-24 16:10:42.879 901 979 D WindowManagerShell: TvPipController: onTaskStackChanged()
06-24 16:10:42.887 685 952 W WindowManager: [addWindow] title:com.lutongnet.kalaok2/com.lutongnet.kalaok2.biz.main.activity.MainActivity
06-24 16:10:42.895 685 952 V WindowManager: app ------------- force_land :0
06-24 16:10:42.895 685 952 V WindowManager: app ------------- force_land :0
06-24 16:10:42.895 685 952 V WindowManager: app ------------- force_land :0
06-24 16:10:42.918 685 952 D CoreBackPreview: Window{b1ec146 u0 com.lutongnet.kalaok2/com.lutongnet.kalaok2.biz.main.activity.MainActivity}: Setting back callback OnBackInvokedCallbackInfo{mCallback=android.window.IOnBackInvokedCallback$Stub$Proxy@e097834, mPriority=0, mIsAnimationCallback=false}
06-24 16:10:43.002 901 979 D WindowManagerShell: TvPipController: onTaskStackChanged()
06-24 16:10:43.068 685 952 D CompatibilityChangeReporter: Compat change id reported: 261072174; UID 10101; state: DISABLED
06-24 16:10:43.107 685 952 D CompatibilityChangeReporter: Compat change id reported: 135634846; UID 99012; state: DISABLED
06-24 16:10:43.108 685 719 D CompatibilityChangeReporter: Compat change id reported: 143937733; UID 10103; state: ENABLED
06-24 16:10:43.127 685 719 I ActivityManager: Start proc 4467:com.android.webview:sandboxed_process0:org.chromium.content.app.SandboxedProcessService0:0/u0i12 for {com.lutongnet.kalaok2/org.chromium.content.app.SandboxedProcessService0:0}
06-24 16:10:43.499 685 952 D CompatibilityChangeReporter: Compat change id reported: 211757425; UID 10103; state: DISABLED
06-24 16:10:43.643 685 12511 W WindowManager: [addWindow] title:com.lutongnet.kalaok2/com.lutongnet.androidframework.web.WebViewActivity
06-24 16:10:43.643 685 952 W WindowManager: Failed looking up window session=Session{f19266 4221:u0a10103} callers=com.android.server.wm.WindowManagerService.windowForClientLocked:6077 com.android.server.wm.Session.updateRequestedVisibleTypes:695 android.view.IWindowSession$Stub.onTransact:1034
06-24 16:10:43.700 685 952 D CoreBackPreview: Window{9a47a92 u0 com.lutongnet.kalaok2/com.lutongnet.androidframework.web.WebViewActivity}: Setting back callback OnBackInvokedCallbackInfo{mCallback=android.window.IOnBackInvokedCallback$Stub$Proxy@8db1dd5, mPriority=0, mIsAnimationCallback=false}
06-24 16:10:43.805 685 709 W ContextImpl: Calling a method in the system process without a qualified user: android.app.ContextImpl.startService:1899 com.android.server.wm.DisplayPolicy.lambda$focusChangedLw$5:2126 com.android.server.wm.DisplayPolicy.$r8$lambda$Znxk63oh-WzVnzo_WQefN7uxV48:0 com.android.server.wm.DisplayPolicy$$ExternalSyntheticLambda13.run:0 android.os.Handler.handleCallback:958
06-24 16:10:43.849 685 708 V WindowManager: Sent Transition #475 createdAt=06-24 16:10:42.756 via request=TransitionRequestInfo { type = 1, triggerTask = TaskInfo{userId=0 taskId=157 displayId=0 isRunning=true baseIntent=Intent { act=android.intent.action.MAIN cat=[android.intent.category.LAUNCHER] flg=0x10000000 pkg=com.lutongnet.kalaok2 cmp=com.lutongnet.kalaok2/.WelcomeActivity } baseActivity=ComponentInfo{com.lutongnet.kalaok2/com.lutongnet.kalaok2.WelcomeActivity} topActivity=ComponentInfo{com.lutongnet.kalaok2/com.lutongnet.kalaok2.biz.main.activity.MainActivity} origActivity=null realActivity=ComponentInfo{com.lutongnet.kalaok2/com.lutongnet.kalaok2.WelcomeActivity} numActivities=2 lastActiveTime=18050661 supportsMultiWindow=true resizeMode=1 isResizeable=true minWidth=-1 minHeight=-1 defaultMinSize=220 token=WCT{RemoteToken{d641e86 Task{e099d6b #157 type=standard A=10103:com.lutongnet.kalaok2}}} topActivityType=1 pictureInPictureParams=null shouldDockBigOverlays=true launchIntoPipHostTaskId=-1 lastParentTaskIdBeforePip=-1 displayCutoutSafeInsets=null topActivityInfo=ActivityInfo{9ba0724 com.lutongnet.kalaok2.biz.main.activity.MainActivity} launchCookies=[] positionInParent=Point(0, 0) parentTaskId=-1 isFocused=true isVisible=true isVisibleRequested=true isSleeping=false topActivityInSizeCompat=false topActivityEligibleForLetterboxEducation= false isLetterboxDoubleTapEnabled= false topActivityEligibleForUserAspectRatioButton= false topActivityBoundsLetterboxed= false isFromLetterboxDoubleTap= false topActivityLetterboxVerticalPosition= -1 topActivityLetterboxHorizontalPosition= -1 topActivityLetterboxWidth=-1 topActivityLetterboxHeight=-1 isUserFullscreenOverrideEnabled=false isTopActivityTransparent=false locusId=null displayAreaFeatureId=1 cameraCompatControlState=hidden}, remoteTransition = null, displayChange = null, flags = 0 }
06-24 16:10:43.849 685 708 V WindowManager: startWCT=WindowContainerTransaction { changes = {} hops = [] errorCallbackToken=null taskFragmentOrganizer=null }
06-24 16:10:43.851 901 979 V WindowManagerShell: onTransitionReady android.os.BinderProxy@8180b3d: {id=475 t=OPEN f=0x0 trk=0 r=[0@Point(0, 0)] c=[{null m=OPEN f=FILLS_TASK leash=Surface(name=ActivityRecord{e93ab2b u0 com.lutongnet.kalaok2/com.lutongnet.androidframework.web.WebViewActivity)/@0x50de600 sb=Rect(0, 0 - 0, 0) eb=Rect(0, 0 - 1920, 1080) d=-1->0 r=-1->0:-1},{null m=CLOSE f=FILLS_TASK leash=Surface(name=ActivityRecord{616faba u0 com.lutongnet.kalaok2/.WelcomeActivity)/@0x6ff1e39 sb=Rect(0, 0 - 1920, 1080) eb=Rect(0, 0 - 1920, 1080) d=0}]}
06-24 16:10:43.851 901 979 V WindowManagerShell: Playing animation for (#475)android.os.BinderProxy@8180b3d@0
06-24 16:10:43.851 901 979 V WindowManagerShell: try handler com.android.wm.shell.keyguard.KeyguardTransitionHandler@24e2028
06-24 16:10:43.852 901 979 V WindowManagerShell: try handler com.android.wm.shell.pip.tv.TvPipTransition@1141
06-24 16:10:43.852 901 979 V WindowManagerShell: try handler com.android.wm.shell.activityembedding.ActivityEmbeddingController@e8f56e6
06-24 16:10:43.852 901 979 V WindowManagerShell: try handler com.android.wm.shell.transition.RemoteTransitionHandler@b664427
06-24 16:10:43.852 901 979 V WindowManagerShell: Transition doesn't have explicit remote, search filters for match for {id=475 t=OPEN f=0x0 trk=0 r=[0@Point(0, 0)] c=[{null m=OPEN f=FILLS_TASK leash=Surface(name=ActivityRecord{e93ab2b u0 com.lutongnet.kalaok2/com.lutongnet.androidframework.web.WebViewActivity)/@0x50de600 sb=Rect(0, 0 - 0, 0) eb=Rect(0, 0 - 1920, 1080) d=-1->0 r=-1->0:-1},{null m=CLOSE f=FILLS_TASK leash=Surface(name=ActivityRecord{616faba u0 com.lutongnet.kalaok2/.WelcomeActivity)/@0x6ff1e39 sb=Rect(0, 0 - 1920, 1080) eb=Rect(0, 0 - 1920, 1080) d=0}]}
06-24 16:10:43.852 901 979 V WindowManagerShell: Delegate animation for #475 to null
06-24 16:10:43.852 901 979 V WindowManagerShell: try handler com.android.wm.shell.transition.DefaultTransitionHandler@7916d4
06-24 16:10:43.852 901 979 V WindowManagerShell: start default transition animation, info = {id=475 t=OPEN f=0x0 trk=0 r=[0@Point(0, 0)] c=[{null m=OPEN f=FILLS_TASK leash=Surface(name=ActivityRecord{e93ab2b u0 com.lutongnet.kalaok2/com.lutongnet.androidframework.web.WebViewActivity)/@0x50de600 sb=Rect(0, 0 - 0, 0) eb=Rect(0, 0 - 1920, 1080) d=-1->0 r=-1->0:-1},{null m=CLOSE f=FILLS_TASK leash=Surface(name=ActivityRecord{616faba u0 com.lutongnet.kalaok2/.WelcomeActivity)/@0x6ff1e39 sb=Rect(0, 0 - 1920, 1080) eb=Rect(0, 0 - 1920, 1080) d=0}]}
06-24 16:10:43.852 901 979 V WindowManagerShell: loadAnimation: anim=android.view.animation.AlphaAnimation@cbfc5df animAttr=0x5 type=OPEN isEntrance=false
06-24 16:10:43.852 685 708 V WindowManager: info={id=475 t=OPEN f=0x0 trk=0 r=[0@Point(0, 0)] c=[{null m=OPEN f=FILLS_TASK leash=Surface(name=ActivityRecord{e93ab2b u0 com.lutongnet.kalaok2/com.lutongnet.androidframework.web.WebViewActivity)/@0x4399ab6 sb=Rect(0, 0 - 0, 0) eb=Rect(0, 0 - 1920, 1080) d=-1->0 r=-1->0:-1},{null m=CLOSE f=FILLS_TASK leash=Surface(name=ActivityRecord{616faba u0 com.lutongnet.kalaok2/.WelcomeActivity)/@0x9bcc251 sb=Rect(0, 0 - 1920, 1080) eb=Rect(0, 0 - 1920, 1080) d=0}]}
06-24 16:10:43.853 901 979 V WindowManagerShell: loadAnimation: anim=android.view.animation.AlphaAnimation@56b622c animAttr=0x4 type=OPEN isEntrance=true
06-24 16:10:43.854 901 979 V WindowManagerShell: animated by com.android.wm.shell.transition.DefaultTransitionHandler@7916d4
06-24 16:10:43.991 685 12511 D CompatibilityChangeReporter: Compat change id reported: 214016041; UID 10103; state: DISABLED
06-24 16:10:44.082 0 0 W [2 T23126 ..] audit: audit_lost=18406 audit_rate_limit=5 audit_backlog_limit=64
06-24 16:10:44.082 0 0 E [2 T23126 ..] audit: rate limit exceeded
06-24 16:10:44.265 901 979 V WindowManagerShell: Transition animation finished (aborted=false), notifying core (#475)android.os.BinderProxy@8180b3d@0
06-24 16:10:44.269 685 708 V WindowManager: Finish Transition #475: created at
06-24 16:10:42.756 collect-started=0.062ms request-sent=7.634ms started=10.954ms ready=145.571ms sent=1089.846ms finished=1512.144ms
06-24 16:10:44.271 901 979 V WindowManagerShell: Track 0 became idle
06-24 16:10:44.271 901 979 V WindowManagerShell: All active transition animations finished
06-24 16:10:44.301 685 959 D CoreBackPreview: Window{52191fd u0 com.lutongnet.kalaok2/com.lutongnet.kalaok2.WelcomeActivity}: Setting back callback null
06-24 16:10:44.963 685 959 W WindowManager: [addWindow] title:com.lutongnet.kalaok2/com.lutongnet.androidframework.web.WebViewActivity
06-24 16:10:44.982 685 959 D CoreBackPreview: Window{8bd5ec0 u0 com.lutongnet.kalaok2/com.lutongnet.androidframework.web.WebViewActivity}: Setting back callback OnBackInvokedCallbackInfo{mCallback=android.window.IOnBackInvokedCallback$Stub$Proxy@a07733e, mPriority=0, mIsAnimationCallback=false}
06-24 16:10:45.067 685 709 W ContextImpl: Calling a method in the system process without a qualified user: android.app.ContextImpl.startService:1899 com.android.server.wm.DisplayPolicy.lambda$focusChangedLw$5:2126 com.android.server.wm.DisplayPolicy.$r8$lambda$Znxk63oh-WzVnzo_WQefN7uxV48:0 com.android.server.wm.DisplayPolicy$$ExternalSyntheticLambda13.run:0 android.os.Handler.handleCallback:958
06-24 16:10:45.191 0 0 W : [1 T1046 ..] [SP FRAME RX] arp req,vif_idx:0 sender:[02:fe:15:17:79:f9 192.168.3.3]receiver:[00:00:00:00:00:00 192.168.3.75]
06-24 16:10:45.192 0 0 W : [1 T1046 ..] [SP FRAME TX] arp rsp,vif_idx:0 sender:[1c:79:2d:20:62:cb 192.168.3.75]receiver:[02:fe:15:17:79:f9 192.168.3.3]
06-24 16:10:45.194 0 0 W : [1 T265 .s] [SP FRAME TX] arp req,vif_idx:0 sender:[1c:79:2d:20:62:cb 192.168.3.75]receiver:[00:00:00:00:00:00 192.168.3.3]
06-24 16:10:45.224 0 0 W : [1 T1046 ..] [SP FRAME RX] arp rsp,vif_idx:0 sender:[02:fe:15:17:79:f9 192.168.3.3]receiver:[1c:79:2d:20:62:cb 192.168.3.75]
06-24 16:10:45.807 0 0 W [1 T27378 ..] audit: audit_lost=18408 audit_rate_limit=5 audit_backlog_limit=64
06-24 16:10:45.807 0 0 E [1 T27378 ..] audit: rate limit exceeded
06-24 16:10:45.875 685 959 D CoreBackPreview: Window{8bd5ec0 u0 com.lutongnet.kalaok2/com.lutongnet.androidframework.web.WebViewActivity}: Setting back callback null
06-24 16:10:45.904 685 711 V WindowManager: Unknown focus tokens, dropping reportFocusChanged
06-24 16:10:45.988 685 709 W ContextImpl: Calling a method in the system process without a qualified user: android.app.ContextImpl.startService:1899 com.android.server.wm.DisplayPolicy.lambda$focusChangedLw$5:2126 com.android.server.wm.DisplayPolicy.$r8$lambda$Znxk63oh-WzVnzo_WQefN7uxV48:0 com.android.server.wm.DisplayPolicy$$ExternalSyntheticLambda13.run:0 android.os.Handler.handleCallback:958
06-24 16:10:46.266 685 1390 E TaskPersister: File error accessing recents directory (directory doesn't exist?).
06-24 16:10:47.102 0 0 W [0 T23126 ..] audit: audit_lost=18413 audit_rate_limit=5 audit_backlog_limit=64
06-24 16:10:47.102 0 0 E [0 T23126 ..] audit: rate limit exceeded
06-24 16:10:48.364 0 0 I [1 T2406 ..] logd: start watching /data/system/packages.list ...
06-24 16:10:48.366 0 0 I [1 T2406 ..] logd: ReadPackageList, total packages: 108
06-24 16:10:48.647 272 4178 I keystore2: system/security/keystore2/src/watchdog.rs:319 - Watchdog thread idle -> terminating. Have a great day.
06-24 16:10:49.049 685 780 D ActivityManager: freezing 30169 com.qq.cleaning
06-24 16:10:49.272 685 780 D ActivityManager: freezing 4273 com.android.providers.tv
06-24 16:10:49.448 0 0 W [1 T4131 ..] audit: audit_lost=18414 audit_rate_limit=5 audit_backlog_limit=64
06-24 16:10:49.449 0 0 E [1 T4131 ..] audit: rate limit exceeded
06-24 16:10:53.681 685 718 I ActivityManager: Waited long enough for: ServiceRecord{d2cf501 u0 com.tv.filemanager/com.ant.downloader.core.DownloadService}
06-24 16:10:55.086 685 781 W ProcessStats: Tracking association SourceState{2ed2a5c system/1000 ImpFg #10094} whose proc state 5 is better than process ProcessState{9231bd0 com.android.permissioncontroller/10074 pkg=com.android.permissioncontroller} proc state 15 (19 skipped)
06-24 16:11:00.423 901 979 V WindowManagerShell: Transition requested: android.os.BinderProxy@d427518 TransitionRequestInfo { type = 2, triggerTask = null, remoteTransition = null, displayChange = null, flags = 0 }
06-24 16:11:00.431 685 752 V WindowManager: app ------------- force_land :0
06-24 16:11:00.431 685 752 V WindowManager: app ------------- force_land :0
06-24 16:11:00.431 685 752 V WindowManager: app ------------- force_land :0
06-24 16:11:00.431 685 752 D CompatibilityChangeReporter: Compat change id reported: 197654537; UID 10103; state: DISABLED
06-24 16:11:00.450 685 959 D CompatibilityChangeReporter: Compat change id reported: 161145287; UID 10103; state: DISABLED
06-24 16:11:00.533 901 979 D WindowManagerShell: TvPipController: onTaskStackChanged()
06-24 16:11:00.548 4221 4221 W VRI[WebViewActivity]: Cancelling event (no window focus):KeyEvent { action=ACTION_UP, keyCode=KEYCODE_DPAD_CENTER, scanCode=28, metaState=0, flags=0x28, repeatCount=0, eventTime=18068351183198, downTime=18068304115000, deviceId=10, source=0x301, displayId=-1 }
06-24 16:11:00.550 685 708 V WindowManager: Sent Transition #476 createdAt=06-24 16:11:00.422 via request=TransitionRequestInfo { type = 2, triggerTask = null, remoteTransition = null, displayChange = null, flags = 0 }
06-24 16:11:00.550 685 708 V WindowManager: startWCT=WindowContainerTransaction { changes = {} hops = [] errorCallbackToken=null taskFragmentOrganizer=null }
06-24 16:11:00.550 685 708 V WindowManager: info={id=476 t=CLOSE f=0x0 trk=0 r=[0@Point(0, 0)] c=[{null m=CLOSE f=FILLS_TASK leash=Surface(name=ActivityRecord{e93ab2b u0 com.lutongnet.kalaok2/com.lutongnet.androidframework.web.WebViewActivity)/@0x4399ab6 sb=Rect(0, 0 - 1920, 1080) eb=Rect(0, 0 - 1920, 1080) d=0},{null m=TO_FRONT f=FILLS_TASK leash=Surface(name=ActivityRecord{d96919c u0 com.lutongnet.kalaok2/.biz.main.activity.MainActivity)/@0xfb3da6b sb=Rect(0, 0 - 1920, 1080) eb=Rect(0, 0 - 1920, 1080) d=0}]}
06-24 16:11:00.554 901 979 V WindowManagerShell: onTransitionReady android.os.BinderProxy@d427518: {id=476 t=CLOSE f=0x0 trk=0 r=[0@Point(0, 0)] c=[{null m=CLOSE f=FILLS_TASK leash=Surface(name=ActivityRecord{e93ab2b u0 com.lutongnet.kalaok2/com.lutongnet.androidframework.web.WebViewActivity)/@0xd895b71 sb=Rect(0, 0 - 1920, 1080) eb=Rect(0, 0 - 1920, 1080) d=0},{null m=TO_FRONT f=FILLS_TASK leash=Surface(name=ActivityRecord{d96919c u0 com.lutongnet.kalaok2/.biz.main.activity.MainActivity)/@0x7be8d56 sb=Rect(0, 0 - 1920, 1080) eb=Rect(0, 0 - 1920, 1080) d=0}]}
06-24 16:11:00.554 901 979 V WindowManagerShell: Playing animation for (#476)android.os.BinderProxy@d427518@0
06-24 16:11:00.554 901 979 V WindowManagerShell: try handler com.android.wm.shell.keyguard.KeyguardTransitionHandler@24e2028
06-24 16:11:00.554 901 979 V WindowManagerShell: try handler com.android.wm.shell.pip.tv.TvPipTransition@1141
06-24 16:11:00.554 901 979 V WindowManagerShell: try handler com.android.wm.shell.activityembedding.ActivityEmbeddingController@e8f56e6
06-24 16:11:00.554 901 979 V WindowManagerShell: try handler com.android.wm.shell.transition.RemoteTransitionHandler@b664427
06-24 16:11:00.554 901 979 V WindowManagerShell: Transition doesn't have explicit remote, search filters for match for {id=476 t=CLOSE f=0x0 trk=0 r=[0@Point(0, 0)] c=[{null m=CLOSE f=FILLS_TASK leash=Surface(name=ActivityRecord{e93ab2b u0 com.lutongnet.kalaok2/com.lutongnet.androidframework.web.WebViewActivity)/@0xd895b71 sb=Rect(0, 0 - 1920, 1080) eb=Rect(0, 0 - 1920, 1080) d=0},{null m=TO_FRONT f=FILLS_TASK leash=Surface(name=ActivityRecord{d96919c u0 com.lutongnet.kalaok2/.biz.main.activity.MainActivity)/@0x7be8d56 sb=Rect(0, 0 - 1920, 1080) eb=Rect(0, 0 - 1920, 1080) d=0}]}
06-24 16:11:00.554 901 979 V WindowManagerShell: Delegate animation for #476 to null
06-24 16:11:00.554 901 979 V WindowManagerShell: try handler com.android.wm.shell.transition.DefaultTransitionHandler@7916d4
06-24 16:11:00.554 901 979 V WindowManagerShell: start default transition animation, info = {id=476 t=CLOSE f=0x0 trk=0 r=[0@Point(0, 0)] c=[{null m=CLOSE f=FILLS_TASK leash=Surface(name=ActivityRecord{e93ab2b u0 com.lutongnet.kalaok2/com.lutongnet.androidframework.web.WebViewActivity)/@0xd895b71 sb=Rect(0, 0 - 1920, 1080) eb=Rect(0, 0 - 1920, 1080) d=0},{null m=TO_FRONT f=FILLS_TASK leash=Surface(name=ActivityRecord{d96919c u0 com.lutongnet.kalaok2/.biz.main.activity.MainActivity)/@0x7be8d56 sb=Rect(0, 0 - 1920, 1080) eb=Rect(0, 0 - 1920, 1080) d=0}]}
06-24 16:11:00.555 901 979 V WindowManagerShell: loadAnimation: anim=android.view.animation.AlphaAnimation@62e28e2 animAttr=0x6 type=CLOSE isEntrance=true
06-24 16:11:00.556 901 979 V WindowManagerShell: loadAnimation: anim=android.view.animation.AlphaAnimation@466cf30 animAttr=0x7 type=CLOSE isEntrance=false
06-24 16:11:00.559 901 979 V WindowManagerShell: animated by com.android.wm.shell.transition.DefaultTransitionHandler@7916d4
06-24 16:11:00.578 685 709 W ContextImpl: Calling a method in the system process without a qualified user: android.app.ContextImpl.startService:1899 com.android.server.wm.DisplayPolicy.lambda$focusChangedLw$5:2126 com.android.server.wm.DisplayPolicy.$r8$lambda$Znxk63oh-WzVnzo_WQefN7uxV48:0 com.android.server.wm.DisplayPolicy$$ExternalSyntheticLambda13.run:0 android.os.Handler.handleCallback:958
06-24 16:11:00.964 901 979 V WindowManagerShell: Transition animation finished (aborted=false), notifying core (#476)android.os.BinderProxy@d427518@0
06-24 16:11:00.969 685 708 V WindowManager: Finish Transition #476: created at
06-24 16:11:00.422 collect-started=0.05ms request-sent=0.125ms started=3.162ms ready=10.134ms sent=125.644ms finished=543.473ms
06-24 16:11:00.970 901 979 V WindowManagerShell: Track 0 became idle
06-24 16:11:00.970 901 979 V WindowManagerShell: All active transition animations finished
06-24 16:11:00.996 685 959 D CoreBackPreview: Window{9a47a92 u0 com.lutongnet.kalaok2/com.lutongnet.androidframework.web.WebViewActivity}: Setting back callback null
06-24 16:11:04.015 685 1390 E TaskPersister: File error accessing recents directory (directory doesn't exist?).
06-24 16:11:04.231 685 709 D HdmiControlService: Process pid: 685 is calling oneTouchPlay.
06-24 16:11:04.231 685 685 D HdmiControlService: Local device is under address allocation. Save OTP callback for later process.
06-24 16:11:04.234 685 708 D AutofillManagerService: Close system dialogs
06-24 16:11:04.238 901 979 D WindowManagerShell: TvPipMenuController: closeMenu()
06-24 16:11:04.239 901 979 I WindowManagerShell: TvPipMenuController: switchToMenuMode: setting mCurrentMenuMode=MODE_NO_MENU, mPrevMenuMode=MODE_NO_MENU
06-24 16:11:04.249 685 709 I ActivityTaskManager: START u0 {act=android.intent.action.MAIN cat=[android.intent.category.HOME] flg=0x10000100 cmp=com.dangbei.leard.leradlauncher/com.dangbei.launcher.home.LauncherActivity (has extras)} with LAUNCH_SINGLE_TASK from uid 0 (BAL_ALLOW_ALLOWLISTED_UID) result code=2
06-24 16:11:04.251 901 979 V WindowManagerShell: Transition requested: android.os.BinderProxy@19f7565 TransitionRequestInfo { type = 1, triggerTask = TaskInfo{userId=0 taskId=32 displayId=0 isRunning=true baseIntent=Intent { act=android.intent.action.MAIN cat=[android.intent.category.HOME] flg=0x10800100 cmp=com.dangbei.leard.leradlauncher/com.dangbei.launcher.home.LauncherActivity } baseActivity=ComponentInfo{com.dangbei.leard.leradlauncher/com.dangbei.launcher.home.LauncherActivity} topActivity=ComponentInfo{com.dangbei.leard.leradlauncher/com.dangbei.launcher.home.LauncherActivity} origActivity=null realActivity=ComponentInfo{com.dangbei.leard.leradlauncher/com.dangbei.launcher.home.LauncherActivity} numActivities=1 lastActiveTime=18033221 supportsMultiWindow=true resizeMode=0 isResizeable=false minWidth=-1 minHeight=-1 defaultMinSize=220 token=WCT{android.window.IWindowContainerToken$Stub$Proxy@7c7f23a} topActivityType=2 pictureInPictureParams=null shouldDockBigOverlays=true launchIntoPipHostTaskId=-1 lastParentTaskIdBeforePip=-1 displayCutoutSafeInsets=null topActivityInfo=ActivityInfo{ecbfeeb com.dangbei.launcher.home.LauncherActivity} launchCookies=[] positionInParent=Point(0, 0) parentTaskId=-1 isFocused=true isVisible=false isVisibleRequested=false isSleeping=false topActivityInSizeCompat=false topActivityEligibleForLetterboxEducation= false isLetterboxDoubleTapEnabled= false topActivityEligibleForUserAspectRatioButton= false topActivityBoundsLetterboxed= false isFromLetterboxDoubleTap= false topActivityLetterboxVerticalPosition= -1 topActivityLetterboxHorizontalPosition= -1 topActivityLetterboxWidth=-1 topActivityLetterboxHeight=-1 isUserFullscreenOverrideEnabled=false isTopActivityTransparent=false locusId=null displayAreaFeatureId=1 cameraCompatControlState=hidden}, remoteTransition = null, displayChange = null, flags = 0 }
06-24 16:11:04.257 685 959 W ActivityTaskManager: Duplicate finish request for r=ActivityRecord{6d76131 u0 com.dangbei.leard.leradlauncher/com.dangbei.launcher.secondary.app.AppSecondaryActivity t32 f}}
06-24 16:11:04.260 685 700 W ActivityTaskManager: Duplicate finish request for r=ActivityRecord{12fe013 u0 com.dangbei.leard.leradlauncher/.module.search.SearchActivity t32 f}}
06-24 16:11:04.270 685 700 D CoreBackPreview: Window{fb2894e u0 com.dangbei.leard.leradlauncher/com.dangbei.leard.leradlauncher.module.search.SearchActivity}: Setting back callback null
06-24 16:11:04.283 685 717 W UsageStatsService: Unexpected activity event reported! (com.dangbei.leard.leradlauncher/com.dangbei.leard.leradlauncher.module.search.SearchActivity event : 23 instanceId : 156918352)
06-24 16:11:04.286 685 752 D CoreBackPreview: Window{2d80569 u0 com.dangbei.leard.leradlauncher/com.dangbei.launcher.secondary.app.AppSecondaryActivity}: Setting back callback null
06-24 16:11:04.295 685 717 W UsageStatsService: Unexpected activity event reported! (com.dangbei.leard.leradlauncher/com.dangbei.launcher.secondary.app.AppSecondaryActivity event : 23 instanceId : 104300566)
06-24 16:11:04.299 685 752 D CoreBackPreview: Window{988de6b u0 com.dangbei.leard.leradlauncher/com.dangbei.leard.leradlauncher.module.app.AppDetailActivity}: Setting back callback null
06-24 16:11:04.306 685 717 W UsageStatsService: Unexpected activity event reported! (com.dangbei.leard.leradlauncher/com.dangbei.leard.leradlauncher.module.app.AppDetailActivity event : 23 instanceId : 205898537)
06-24 16:11:04.394 0 0 W : [2 T0 .s] [SP FRAME TX] arp req,vif_idx:0 sender:[1c:79:2d:20:62:cb 192.168.3.75]receiver:[00:00:00:00:00:00 192.168.3.254]
06-24 16:11:04.383 685 709 W ContextImpl: Calling a method in the system process without a qualified user: android.app.ContextImpl.startService:1899 com.android.server.wm.DisplayPolicy.lambda$focusChangedLw$5:2126 com.android.server.wm.DisplayPolicy.$r8$lambda$Znxk63oh-WzVnzo_WQefN7uxV48:0 com.android.server.wm.DisplayPolicy$$ExternalSyntheticLambda13.run:0 android.os.Handler.handleCallback:958
06-24 16:11:04.487 0 0 W : [2 T1046 ..] [SP FRAME RX] arp rsp,vif_idx:0 sender:[12:3c:2c:e1:84:9f 192.168.3.254]receiver:[1c:79:2d:20:62:cb 192.168.3.75]
06-24 16:11:04.488 685 18233 I WindowManager: WIN DEATH: Window{b1ec146 u0 com.lutongnet.kalaok2/com.lutongnet.kalaok2.biz.main.activity.MainActivity}
06-24 16:11:04.489 685 15103 I ActivityManager: Process com.lutongnet.kalaok2 (pid 4221) has died: fg TOP
06-24 16:11:04.493 685 28310 I MediaSessionStack: removeSession | record: com.lutongnet.kalaok2/MediaSessionHelper-com.lutongnet.kalaok2 (userId=0)
06-24 16:11:04.493 685 15103 D CompatibilityChangeReporter: Compat change id reported: 261072174; UID 10103; state: DISABLED
06-24 16:11:04.495 685 15103 I ActivityManager: Killing 4467:com.android.webview:sandboxed_process0:org.chromium.content.app.SandboxedProcessService0:0/u0a103i12 (adj 0): isolated not needed
06-24 16:11:04.497 685 709 D DisplayManagerService: Drop pending events for gone uid 10103
06-24 16:11:04.499 685 4709 I MediaSessionStack: removeSession | record: com.lutongnet.kalaok2/MusicService (userId=0)
06-24 16:11:04.503 685 15103 V WindowManager: app ------------- force_land :0
06-24 16:11:04.512 685 711 V WindowManager: Unknown focus tokens, dropping reportFocusChanged
06-24 16:11:04.565 0 0 W [2 T30642 d.] binder_cleanup_transaction: 5 callbacks suppressed
06-24 16:11:04.565 0 0 I [2 T30642 ..] binder: undelivered transaction 8707050, process died.
06-24 16:11:04.566 0 0 I [2 T30642 ..] binder: undelivered transaction 8707051, process died.
06-24 16:11:04.567 0 0 I [2 T30642 ..] binder: undelivered transaction 8707049, process died.
06-24 16:11:04.556 685 709 D DisplayManagerService: Drop pending events for gone uid 99012
06-24 16:11:04.626 685 709 W ContextImpl: Calling a method in the system process without a qualified user: android.app.ContextImpl.startService:1899 com.android.server.wm.DisplayPolicy.lambda$focusChangedLw$5:2126 com.android.server.wm.DisplayPolicy.$r8$lambda$Znxk63oh-WzVnzo_WQefN7uxV48:0 com.android.server.wm.DisplayPolicy$$ExternalSyntheticLambda13.run:0 android.os.Handler.handleCallback:958
06-24 16:11:04.739 901 979 V WindowManagerShell: onTransitionReady android.os.BinderProxy@19f7565: {id=477 t=OPEN f=0x0 trk=0 r=[0@Point(0, 0)] c=[{WCT{android.window.IWindowContainerToken$Stub$Proxy@8e99ec7} m=TO_FRONT f=MOVE_TO_TOP leash=Surface(name=Task=1)/@0x9495448 sb=Rect(0, 0 - 1920, 1080) eb=Rect(0, 0 - 1920, 1080) d=0},{WCT{android.window.IWindowContainerToken$Stub$Proxy@ec36cf4} m=CLOSE f=NONE leash=Surface(name=Task=157)/@0x39702e1 sb=Rect(0, 0 - 1920, 1080) eb=Rect(0, 0 - 1920, 1080) d=0}]}
06-24 16:11:04.739 901 979 V WindowManagerShell: Playing animation for (#477)android.os.BinderProxy@19f7565@0
06-24 16:11:04.739 901 979 V WindowManagerShell: try handler com.android.wm.shell.keyguard.KeyguardTransitionHandler@24e2028
06-24 16:11:04.739 901 979 V WindowManagerShell: try handler com.android.wm.shell.pip.tv.TvPipTransition@1141
06-24 16:11:04.739 901 979 V WindowManagerShell: try handler com.android.wm.shell.activityembedding.ActivityEmbeddingController@e8f56e6
06-24 16:11:04.739 901 979 V WindowManagerShell: try handler com.android.wm.shell.transition.RemoteTransitionHandler@b664427
06-24 16:11:04.739 901 979 V WindowManagerShell: Transition doesn't have explicit remote, search filters for match for {id=477 t=OPEN f=0x0 trk=0 r=[0@Point(0, 0)] c=[{WCT{android.window.IWindowContainerToken$Stub$Proxy@8e99ec7} m=TO_FRONT f=MOVE_TO_TOP leash=Surface(name=Task=1)/@0x9495448 sb=Rect(0, 0 - 1920, 1080) eb=Rect(0, 0 - 1920, 1080) d=0},{WCT{android.window.IWindowContainerToken$Stub$Proxy@ec36cf4} m=CLOSE f=NONE leash=Surface(name=Task=157)/@0x39702e1 sb=Rect(0, 0 - 1920, 1080) eb=Rect(0, 0 - 1920, 1080) d=0}]}
06-24 16:11:04.739 901 979 V WindowManagerShell: Delegate animation for #477 to null
06-24 16:11:04.739 901 979 V WindowManagerShell: try handler com.android.wm.shell.transition.DefaultTransitionHandler@7916d4
06-24 16:11:04.739 901 979 V WindowManagerShell: start default transition animation, info = {id=477 t=OPEN f=0x0 trk=0 r=[0@Point(0, 0)] c=[{WCT{android.window.IWindowContainerToken$Stub$Proxy@8e99ec7} m=TO_FRONT f=MOVE_TO_TOP leash=Surface(name=Task=1)/@0x9495448 sb=Rect(0, 0 - 1920, 1080) eb=Rect(0, 0 - 1920, 1080) d=0},{WCT{android.window.IWindowContainerToken$Stub$Proxy@ec36cf4} m=CLOSE f=NONE leash=Surface(name=Task=157)/@0x39702e1 sb=Rect(0, 0 - 1920, 1080) eb=Rect(0, 0 - 1920, 1080) d=0}]}
06-24 16:11:04.740 901 979 V WindowManagerShell: loadAnimation: anim=android.view.animation.AlphaAnimation@e576063 animAttr=0x9 type=OPEN isEntrance=false
06-24 16:11:04.741 901 979 V WindowManagerShell: loadAnimation: anim=android.view.animation.AlphaAnimation@a542d19 animAttr=0x8 type=OPEN isEntrance=true
06-24 16:11:04.742 685 711 W ActivityTaskManager: Activity top resumed state loss timeout for ActivityRecord{d96919c u0 com.lutongnet.kalaok2/.biz.main.activity.MainActivity t157 f} isExiting}
06-24 16:11:04.745 901 979 V WindowManagerShell: animated by com.android.wm.shell.transition.DefaultTransitionHandler@7916d4
06-24 16:11:04.777 685 708 V WindowManager: Sent Transition #477 createdAt=06-24 16:11:04.240 via request=TransitionRequestInfo { type = 1, triggerTask = TaskInfo{userId=0 taskId=32 displayId=0 isRunning=true baseIntent=Intent { act=android.intent.action.MAIN cat=[android.intent.category.HOME] flg=0x10800100 cmp=com.dangbei.leard.leradlauncher/com.dangbei.launcher.home.LauncherActivity } baseActivity=ComponentInfo{com.dangbei.leard.leradlauncher/com.dangbei.launcher.home.LauncherActivity} topActivity=ComponentInfo{com.dangbei.leard.leradlauncher/com.dangbei.launcher.home.LauncherActivity} origActivity=null realActivity=ComponentInfo{com.dangbei.leard.leradlauncher/com.dangbei.launcher.home.LauncherActivity} numActivities=1 lastActiveTime=18033221 supportsMultiWindow=true resizeMode=0 isResizeable=false minWidth=-1 minHeight=-1 defaultMinSize=220 token=WCT{RemoteToken{a5d9d8d Task{131419d #32 type=home A=1000:com.dangbei.leard.leradlauncher}}} topActivityType=2 pictureInPictureParams=null shouldDockBigOverlays=true launchIntoPipHostTaskId=-1 lastParentTaskIdBeforePip=-1 displayCutoutSafeInsets=null topActivityInfo=ActivityInfo{f394bcd com.dangbei.launcher.home.LauncherActivity} launchCookies=[] positionInParent=Point(0, 0) parentTaskId=-1 isFocused=true isVisible=false isVisibleRequested=false isSleeping=false topActivityInSizeCompat=false topActivityEligibleForLetterboxEducation= false isLetterboxDoubleTapEnabled= false topActivityEligibleForUserAspectRatioButton= false topActivityBoundsLetterboxed= false isFromLetterboxDoubleTap= false topActivityLetterboxVerticalPosition= -1 topActivityLetterboxHorizontalPosition= -1 topActivityLetterboxWidth=-1 topActivityLetterboxHeight=-1 isUserFullscreenOverrideEnabled=false isTopActivityTransparent=false locusId=null displayAreaFeatureId=1 cameraCompatControlState=hidden}, remoteTransition = null, displayChange = null, flags = 0 }
06-24 16:11:04.778 685 708 V WindowManager: startWCT=WindowContainerTransaction { changes = {} hops = [] errorCallbackToken=null taskFragmentOrganizer=null }
06-24 16:11:04.778 685 708 V WindowManager: info={id=477 t=OPEN f=0x0 trk=0 r=[0@Point(0, 0)] c=[{WCT{RemoteToken{30b1e82 Task{4d21fd0 #1 type=home}}} m=TO_FRONT f=MOVE_TO_TOP leash=Surface(name=Task=1)/@0x54f0375 sb=Rect(0, 0 - 1920, 1080) eb=Rect(0, 0 - 1920, 1080) d=0},{WCT{RemoteToken{d641e86 Task{e099d6b #157 type=standard A=10103:com.lutongnet.kalaok2}}} m=CLOSE f=NONE leash=Surface(name=Task=157)/@0x63bb0ba sb=Rect(0, 0 - 1920, 1080) eb=Rect(0, 0 - 1920, 1080) d=0}]}
06-24 16:11:04.806 685 712 W ActivityManager: pid 685 system sent binder code 3 with flags 1 to frozen apps and got error -32
06-24 16:11:04.816 685 712 W WindowManager: Failed to deliver inset control state change to w=Window{b1ec146 u0 com.lutongnet.kalaok2/com.lutongnet.kalaok2.biz.main.activity.MainActivity EXITING}
06-24 16:11:04.816 685 712 W WindowManager: android.os.DeadObjectException
06-24 16:11:04.816 685 712 W WindowManager: at android.os.BinderProxy.transactNative(Native Method)
06-24 16:11:04.816 685 712 W WindowManager: at android.os.BinderProxy.transact(BinderProxy.java:584)
06-24 16:11:04.816 685 712 W WindowManager: at android.view.IWindow$Stub$Proxy.insetsControlChanged(IWindow.java:479)
06-24 16:11:04.816 685 712 W WindowManager: at com.android.server.wm.WindowState.notifyInsetsControlChanged(WindowState.java:3821)
06-24 16:11:04.816 685 712 W WindowManager: at com.android.server.wm.InsetsStateController.lambda$notifyPendingInsetsControlChanged$3(InsetsStateController.java:369)
06-24 16:11:04.816 685 712 W WindowManager: at com.android.server.wm.InsetsStateController.$r8$lambda$8yykPRG1GyNq_J17QvL9d5xANMc(InsetsStateController.java:0)
06-24 16:11:04.816 685 712 W WindowManager: at com.android.server.wm.InsetsStateController$$ExternalSyntheticLambda2.run(R8$$SyntheticClass:0)
06-24 16:11:04.816 685 712 W WindowManager: at com.android.server.wm.WindowAnimator.executeAfterPrepareSurfacesRunnables(WindowAnimator.java:294)
06-24 16:11:04.816 685 712 W WindowManager: at com.android.server.wm.RootWindowContainer.performSurfacePlacementNoTrace(RootWindowContainer.java:811)
06-24 16:11:04.816 685 712 W WindowManager: at com.android.server.wm.RootWindowContainer.performSurfacePlacement(RootWindowContainer.java:756)
06-24 16:11:04.816 685 712 W WindowManager: at com.android.server.wm.WindowSurfacePlacer.performSurfacePlacementLoop(WindowSurfacePlacer.java:177)
06-24 16:11:04.816 685 712 W WindowManager: at com.android.server.wm.WindowSurfacePlacer.performSurfacePlacement(WindowSurfacePlacer.java:126)
06-24 16:11:04.816 685 712 W WindowManager: at com.android.server.wm.WindowSurfacePlacer.performSurfacePlacement(WindowSurfacePlacer.java:115)
06-24 16:11:04.816 685 712 W WindowManager: at com.android.server.wm.WindowSurfacePlacer$Traverser.run(WindowSurfacePlacer.java:57)
06-24 16:11:04.816 685 712 W WindowManager: at android.os.Handler.handleCallback(Handler.java:958)
06-24 16:11:04.816 685 712 W WindowManager: at android.os.Handler.dispatchMessage(Handler.java:99)
06-24 16:11:04.816 685 712 W WindowManager: at android.os.Looper.loopOnce(Looper.java:205)
06-24 16:11:04.816 685 712 W WindowManager: at android.os.Looper.loop(Looper.java:294)
06-24 16:11:04.816 685 712 W WindowManager: at android.os.HandlerThread.run(HandlerThread.java:67)
06-24 16:11:04.816 685 712 W WindowManager: at com.android.server.ServiceThread.run(ServiceThread.java:46)
06-24 16:11:04.893 685 28310 I MediaSessionStack: removeSession | record: com.dangbei.dbmusic/MusicService (userId=0)
06-24 16:11:04.894 685 9054 I ActivityManager: Process com.dangbei.dbmusic (pid 30998) has died: prcp FGS
06-24 16:11:04.894 685 9054 W ActivityManager: Scheduling restart of crashed service com.dangbei.dbmusic/.player.service.MusicService in 1000ms for start-requested
06-24 16:11:04.895 685 9054 W ActivityManager: Scheduling restart of crashed service com.dangbei.dbmusic/com.dangbei.downloader.core.DownloadService in 11000ms for start-requested
06-24 16:11:04.895 685 709 D DisplayManagerService: Drop pending events for gone uid 10077
06-24 16:11:05.105 0 0 W [0 T17271 ..] audit: audit_lost=18418 audit_rate_limit=5 audit_backlog_limit=64
06-24 16:11:05.108 0 0 E [0 T17271 ..] audit: rate limit exceeded
06-24 16:11:05.151 901 979 V WindowManagerShell: Transition animation finished (aborted=false), notifying core (#477)android.os.BinderProxy@19f7565@0
06-24 16:11:05.154 685 708 V WindowManager: Finish Transition #477: created at
06-24 16:11:04.240 collect-started=0.038ms request-sent=8.687ms started=11.266ms ready=265.771ms sent=490.246ms finished=912.974ms
06-24 16:11:05.155 685 15103 W ActivityManager: pid 685 system sent binder code 7 with flags 1 to frozen apps and got error -32
06-24 16:11:05.157 685 15103 D ActivityManager: Too many transaction errors, throttling freezer binder callback.
06-24 16:11:05.163 685 15103 W WindowManager: Exception thrown during dispatchAppVisibility Window{b1ec146 u0 com.lutongnet.kalaok2/com.lutongnet.kalaok2.biz.main.activity.MainActivity EXITING}
06-24 16:11:05.163 685 15103 W WindowManager: android.os.DeadObjectException
06-24 16:11:05.163 685 15103 W WindowManager: at android.os.BinderProxy.transactNative(Native Method)
06-24 16:11:05.163 685 15103 W WindowManager: at android.os.BinderProxy.transact(BinderProxy.java:584)
06-24 16:11:05.163 685 15103 W WindowManager: at android.view.IWindow$Stub$Proxy.dispatchAppVisibility(IWindow.java:546)
06-24 16:11:05.163 685 15103 W WindowManager: at com.android.server.wm.WindowState.sendAppVisibilityToClients(WindowState.java:3290)
06-24 16:11:05.163 685 15103 W WindowManager: at com.android.server.wm.WindowContainer.sendAppVisibilityToClients(WindowContainer.java:1299)
06-24 16:11:05.163 685 15103 W WindowManager: at com.android.server.wm.WindowToken.setClientVisible(WindowToken.java:409)
06-24 16:11:05.163 685 15103 W WindowManager: at com.android.server.wm.ActivityRecord.setClientVisible(ActivityRecord.java:6982)
06-24 16:11:05.163 685 15103 W WindowManager: at com.android.server.wm.ActivityRecord.postApplyAnimation(ActivityRecord.java:5653)
06-24 16:11:05.163 685 15103 W WindowManager: at com.android.server.wm.ActivityRecord.commitVisibility(ActivityRecord.java:5595)
06-24 16:11:05.163 685 15103 W WindowManager: at com.android.server.wm.Transition.finishTransition(Transition.java:1198)
06-24 16:11:05.163 685 15103 W WindowManager: at com.android.server.wm.TransitionController.finishTransition(TransitionController.java:886)
06-24 16:11:05.163 685 15103 W WindowManager: at com.android.server.wm.WindowOrganizerController.finishTransition(WindowOrganizerController.java:419)
06-24 16:11:05.163 685 15103 W WindowManager: at android.window.IWindowOrganizerController$Stub.onTransact(IWindowOrganizerController.java:280)
06-24 16:11:05.163 685 15103 W WindowManager: at com.android.server.wm.WindowOrganizerController.onTransact(WindowOrganizerController.java:183)
06-24 16:11:05.163 685 15103 W WindowManager: at android.os.Binder.execTransactInternal(Binder.java:1363)
06-24 16:11:05.163 685 15103 W WindowManager: at android.os.Binder.execTransact(Binder.java:1304)
06-24 16:11:05.167 685 711 W ActivityManager: setHasOverlayUi called on unknown pid: 4221
06-24 16:11:05.177 901 979 V WindowManagerShell: Track 0 became idle
06-24 16:11:05.177 901 979 V WindowManagerShell: All active transition animations finished
06-24 16:11:05.897 685 718 D CompatibilityChangeReporter: Compat change id reported: 135634846; UID 10077; state: DISABLED
06-24 16:11:05.898 685 719 D CompatibilityChangeReporter: Compat change id reported: 143937733; UID 10077; state: ENABLED
06-24 16:11:05.911 685 719 I ActivityManager: Start proc 4750:com.dangbei.dbmusic/u0a77 for service {com.dangbei.dbmusic/com.dangbei.dbmusic.player.service.MusicService}
06-24 16:11:05.942 685 9054 D CompatibilityChangeReporter: Compat change id reported: 168419799; UID 10077; state: DISABLED
06-24 16:11:05.942 685 9054 D CompatibilityChangeReporter: Compat change id reported: 273564678; UID 10077; state: DISABLED
06-24 16:11:05.945 685 763 D CompatibilityChangeReporter: Compat change id reported: 265195908; UID 10077; state: ENABLED
06-24 16:11:05.950 685 9054 D CompatibilityChangeReporter: Compat change id reported: 170503758; UID 10077; state: DISABLED
06-24 16:11:06.094 685 15103 I MediaSessionStack: addSession to bottom of stack | record: com.dangbei.dbmusic/MusicService (userId=0)
06-24 16:11:06.108 685 15103 D CompatibilityChangeReporter: Compat change id reported: 170668199; UID 10077; state: DISABLED
06-24 16:11:06.109 685 15103 W ActivityManager: Foreground service started from background can not have location/camera/microphone access: service com.dangbei.dbmusic/.player.service.MusicService
06-24 16:11:06.109 685 15103 D CompatibilityChangeReporter: Compat change id reported: 255038118; UID 10077; state: DISABLED
06-24 16:11:06.110 685 15103 D CompatibilityChangeReporter: Compat change id reported: 255042465; UID 10077; state: DISABLED
06-24 16:11:06.110 685 718 V ActivityManager: Attempted to start a foreground service (com.dangbei.dbmusic/.player.service.MusicService) with a broken notification (no icon: Notification(channel=400 shortcut=null contentView=null vibrate=null sound=null defaults=0x0 flags=0x40 color=0x00000000 vis=PRIVATE))
06-24 16:11:06.114 685 15103 W ActivityManager: Foreground service started from background can not have location/camera/microphone access: service com.dangbei.dbmusic/.player.service.MusicService
06-24 16:11:06.115 685 718 V ActivityManager: Attempted to start a foreground service (com.dangbei.dbmusic/.player.service.MusicService) with a broken notification (no icon: Notification(channel=400 shortcut=null contentView=null vibrate=null sound=null defaults=0x0 flags=0x40 color=0x00000000 vis=PRIVATE))
06-24 16:11:06.161 0 0 W [2 T4791 ..] audit: audit_lost=18435 audit_rate_limit=5 audit_backlog_limit=64
06-24 16:11:06.162 0 0 E [2 T4791 ..] audit: rate limit exceeded
06-24 16:11:06.245 685 701 D CompatibilityChangeReporter: Compat change id reported: 161145287; UID 10077; state: DISABLED
06-24 16:11:06.253 685 9098 D CompatibilityChangeReporter: Compat change id reported: 261072174; UID 10077; state: DISABLED
06-24 16:11:06.280 685 685 W NotificationHistory: Attempted to add notif for locked/gone/disabled user 0
06-24 16:11:08.179 685 1390 E TaskPersister: File error accessing recents directory (directory doesn't exist?).
06-24 16:11:08.234 0 0 W : [3 T0 .s] [SP FRAME TX] arp req,vif_idx:0 sender:[1c:79:2d:20:62:cb 192.168.3.75]receiver:[00:00:00:00:00:00 192.168.3.217]
06-24 16:11:08.489 0 0 W : [1 T1046 ..] [SP FRAME RX] arp rsp,vif_idx:0 sender:[b2:33:fc:c9:ef:d5 192.168.3.217]receiver:[1c:79:2d:20:62:cb 192.168.3.75]
06-24 16:11:10.282 0 0 W : [1 T0 .s] [SP FRAME TX] arp req,vif_idx:0 sender:[1c:79:2d:20:62:cb 192.168.3.75]receiver:[00:00:00:00:00:00 192.168.3.36]
06-24 16:11:10.298 0 0 W : [3 T1046 ..] [SP FRAME RX] arp rsp,vif_idx:0 sender:[b6:86:f8:35:d4:28 192.168.3.36]receiver:[1c:79:2d:20:62:cb 192.168.3.75]
06-24 16:11:10.651 0 0 W : [3 T1046 ..] [SP FRAME RX] arp req,vif_idx:0 sender:[b6:86:f8:35:d4:28 192.168.3.36]receiver:[00:00:00:00:00:00 192.168.3.75]
06-24 16:11:10.652 0 0 W : [3 T1046 ..] [SP FRAME TX] arp rsp,vif_idx:0 sender:[1c:79:2d:20:62:cb 192.168.3.75]receiver:[b6:86:f8:35:d4:28 192.168.3.36]
06-24 16:11:10.654 0 0 W : [3 T1046 ..] [SP FRAME RX] arp req,vif_idx:0 sender:[ea:f3:28:46:91:6b 192.168.3.243]receiver:[00:00:00:00:00:00 192.168.3.75]
06-24 16:11:10.655 0 0 W : [3 T1046 ..] [SP FRAME TX] arp rsp,vif_idx:0 sender:[1c:79:2d:20:62:cb 192.168.3.75]receiver:[ea:f3:28:46:91:6b 192.168.3.243]
06-24 16:11:10.779 0 0 W : [3 T1046 ..] [SP FRAME RX] arp req,vif_idx:0 sender:[16:8e:6e:17:dc:41 192.168.3.176]receiver:[00:00:00:00:00:00 192.168.3.75]
06-24 16:11:10.780 0 0 W : [3 T1046 ..] [SP FRAME TX] arp rsp,vif_idx:0 sender:[1c:79:2d:20:62:cb 192.168.3.75]receiver:[16:8e:6e:17:dc:41 192.168.3.176]
06-24 16:11:10.794 0 0 W : [2 T0 .s] [SP FRAME TX] arp req,vif_idx:0 sender:[1c:79:2d:20:62:cb 192.168.3.75]receiver:[00:00:00:00:00:00 192.168.3.243]
06-24 16:11:10.795 0 0 W : [2 T0 .s] [SP FRAME TX] arp req,vif_idx:0 sender:[1c:79:2d:20:62:cb 192.168.3.75]receiver:[00:00:00:00:00:00 192.168.3.176]
06-24 16:11:10.816 0 0 W : [3 T1046 ..] [SP FRAME RX] arp rsp,vif_idx:0 sender:[ea:f3:28:46:91:6b 192.168.3.243]receiver:[1c:79:2d:20:62:cb 192.168.3.75]
06-24 16:11:10.826 0 0 W : [3 T1046 ..] [SP FRAME RX] arp rsp,vif_idx:0 sender:[16:8e:6e:17:dc:41 192.168.3.176]receiver:[1c:79:2d:20:62:cb 192.168.3.75]
06-24 16:11:12.842 0 0 W : [0 T18360 ..] [aml_send_sync_trace 4388] sync token[64023]
06-24 16:11:12.842 0 0 W : [0 T18360 ..] >>> aml_send_msg()
06-24 16:11:12.843 0 0 W : [0 T1041 ..] ipc_sdio_host_msgack_handler 000000007affa26f
06-24 16:11:12.844 0 0 W : [0 T1041 ..] [aml_msgackind 2039] msg ack hostid=0xffffff8073eb6180
06-24 16:11:12.845 0 0 W : [0 T1041 ..] [cmd_mgr_llind 329] cmd tkn[455] flags:0008 result: -4 cmd: 105-MM_SYNC_TRACE - reqcfm( 0-none)
06-24 16:11:12.846 0 0 W : [0 T1041 ..] [cmd_complete 65] cmd tkn[455] flags:0000 result: -4 cmd: 105-MM_SYNC_TRACE - reqcfm( 0-none)
06-24 16:11:19.782 0 0 W : [1 T1041 ..] fmac ASSERT (***** assert_rec *****: ) at ip/lmac/src/hal/hal_machw.c:752
06-24 16:11:19.783 0 0 W : [1 T1041 ..] >>> aml_rx_dbg_error_ind()
06-24 16:11:19.783 0 0 E : [1 T1041 ..] aml_sdio mmc1:0000:7: (type 0): dump received
06-24 16:11:19.784 0 0 E : [1 T28922 ..] aml_sdio mmc1:0000:7: Failed to call /usr/bin/aml_umh.sh (/usr/bin/aml_umh.sh returned -524)
06-24 16:11:21.065 1423 1423 W ContextImpl: Calling a method in the system process without a qualified user: android.app.ContextImpl.startActivity:1102 android.content.ContextWrapper.startActivity:436 ie.b.f:119 ie.a.b:75 ge.a.c:71
06-24 16:11:21.065 1423 1423 W ContextImpl: Calling a method in the system process without a qualified user: android.app.ContextImpl.startActivity:1114 android.app.ContextImpl.startActivity:1103 android.content.ContextWrapper.startActivity:436 ie.b.f:119 ie.a.b:75
06-24 16:11:21.068 685 701 D CompatibilityChangeReporter: Compat change id reported: 265464455; UID 10103; state: DISABLED
06-24 16:11:21.068 685 701 D CompatibilityChangeReporter: Compat change id reported: 265452344; UID 10103; state: DISABLED
06-24 16:11:21.068 685 701 D CompatibilityChangeReporter: Compat change id reported: 266124927; UID 10103; state: DISABLED
06-24 16:11:21.069 685 701 D CompatibilityChangeReporter: Compat change id reported: 265451093; UID 10103; state: DISABLED
06-24 16:11:21.069 685 701 D CompatibilityChangeReporter: Compat change id reported: 265456536; UID 10103; state: DISABLED
06-24 16:11:21.069 685 701 D CompatibilityChangeReporter: Compat change id reported: 255940284; UID 10103; state: DISABLED
06-24 16:11:21.069 685 701 D CompatibilityChangeReporter: Compat change id reported: 236283604; UID 10103; state: DISABLED
06-24 16:11:21.069 685 701 D CompatibilityChangeReporter: Compat change id reported: 263959004; UID 10103; state: DISABLED
06-24 16:11:21.070 685 701 D CompatibilityChangeReporter: Compat change id reported: 264304459; UID 10103; state: DISABLED
06-24 16:11:21.070 685 701 D CompatibilityChangeReporter: Compat change id reported: 264301586; UID 10103; state: DISABLED
06-24 16:11:21.070 685 701 D CompatibilityChangeReporter: Compat change id reported: 254631730; UID 10103; state: DISABLED
06-24 16:11:21.071 685 701 D CompatibilityChangeReporter: Compat change id reported: 273509367; UID 10103; state: DISABLED
06-24 16:11:21.071 685 701 D CompatibilityChangeReporter: Compat change id reported: 263259275; UID 10103; state: DISABLED
06-24 16:11:21.071 685 701 D CompatibilityChangeReporter: Compat change id reported: 174042980; UID 10103; state: DISABLED
06-24 16:11:21.071 685 701 D CompatibilityChangeReporter: Compat change id reported: 174042936; UID 10103; state: DISABLED
06-24 16:11:21.071 685 701 D CompatibilityChangeReporter: Compat change id reported: 181136395; UID 10103; state: DISABLED
06-24 16:11:21.072 685 701 D CompatibilityChangeReporter: Compat change id reported: 194480991; UID 10103; state: ENABLED
06-24 16:11:21.077 685 701 D CompatibilityChangeReporter: Compat change id reported: 184838306; UID 10103; state: DISABLED
06-24 16:11:21.077 685 701 D CompatibilityChangeReporter: Compat change id reported: 185004937; UID 10103; state: DISABLED
06-24 16:11:21.080 685 701 V SplashScreenExceptionList: SplashScreen checking exception for package com.lutongnet.kalaok2 (target sdk:30) -> false
