06-24 16:13:50.633 0 0 W : [0 T1046 ..] [SP FRAME TX] arp rsp,vif_idx:0 sender:[1c:79:2d:20:62:cb 192.168.3.75]receiver:[b6:86:f8:35:d4:28 192.168.3.36]
06-24 16:13:50.655 0 0 W : [0 T1046 ..] [SP FRAME RX] arp req,vif_idx:0 sender:[ea:f3:28:46:91:6b 192.168.3.243]receiver:[00:00:00:00:00:00 192.168.3.75]
06-24 16:13:50.656 0 0 W : [0 T1046 ..] [SP FRAME TX] arp rsp,vif_idx:0 sender:[1c:79:2d:20:62:cb 192.168.3.75]receiver:[ea:f3:28:46:91:6b 192.168.3.243]
06-24 16:13:50.757 0 0 W : [0 T1046 ..] [SP FRAME RX] arp req,vif_idx:0 sender:[16:8e:6e:17:dc:41 192.168.3.176]receiver:[00:00:00:00:00:00 192.168.3.75]
06-24 16:13:50.758 0 0 W : [0 T1046 ..] [SP FRAME TX] arp rsp,vif_idx:0 sender:[1c:79:2d:20:62:cb 192.168.3.75]receiver:[16:8e:6e:17:dc:41 192.168.3.176]
06-24 16:13:50.794 0 0 W : [0 T248 .s] [SP FRAME TX] arp req,vif_idx:0 sender:[1c:79:2d:20:62:cb 192.168.3.75]receiver:[00:00:00:00:00:00 192.168.3.243]
06-24 16:13:50.795 0 0 W : [0 T248 .s] [SP FRAME TX] arp req,vif_idx:0 sender:[1c:79:2d:20:62:cb 192.168.3.75]receiver:[00:00:00:00:00:00 192.168.3.176]
06-24 16:13:50.797 0 0 W : [0 T248 .s] [SP FRAME TX] arp req,vif_idx:0 sender:[1c:79:2d:20:62:cb 192.168.3.75]receiver:[00:00:00:00:00:00 192.168.3.36]
06-24 16:13:50.813 0 0 W : [0 T1046 ..] [SP FRAME RX] arp rsp,vif_idx:0 sender:[16:8e:6e:17:dc:41 192.168.3.176]receiver:[1c:79:2d:20:62:cb 192.168.3.75]
06-24 16:13:50.814 0 0 W : [0 T1046 ..] [SP FRAME RX] arp rsp,vif_idx:0 sender:[ea:f3:28:46:91:6b 192.168.3.243]receiver:[1c:79:2d:20:62:cb 192.168.3.75]
06-24 16:13:50.820 0 0 W : [2 T1046 ..] [SP FRAME RX] arp rsp,vif_idx:0 sender:[b6:86:f8:35:d4:28 192.168.3.36]receiver:[1c:79:2d:20:62:cb 192.168.3.75]
06-24 16:13:51.916 685 763 D CompatibilityChangeReporter: Compat change id reported: 218533173; UID 10042; state: DISABLED
06-24 16:13:51.917 685 763 D CompatibilityChangeReporter: Compat change id reported: 262645982; UID 10042; state: DISABLED
06-24 16:13:52.714 685 709 D AutofillManagerService: onBackKeyPressed()
06-24 16:13:52.717 901 979 V WindowManagerShell: Transition requested: android.os.BinderProxy@9d5cfe7 TransitionRequestInfo { type = 2, triggerTask = null, remoteTransition = null, displayChange = null, flags = 0 }
06-24 16:13:52.725 685 4709 V WindowManager: app ------------- force_land :0
06-24 16:13:52.783 685 708 V WindowManager: Sent Transition #495 createdAt=06-24 16:13:52.717 via request=TransitionRequestInfo { type = 2, triggerTask = null, remoteTransition = null, displayChange = null, flags = 0 }
06-24 16:13:52.784 685 708 V WindowManager: startWCT=WindowContainerTransaction { changes = {} hops = [] errorCallbackToken=null taskFragmentOrganizer=null }
06-24 16:13:52.784 685 708 V WindowManager: info={id=495 t=CLOSE f=0x0 trk=0 r=[0@Point(0, 0)] c=[{null m=CLOSE f=FILLS_TASK leash=Surface(name=ActivityRecord{8bda7e3 u0 com.dangbei.leard.leradlauncher/.module.vipcenter.VipCenterActivity)/@0x6b98d55 sb=Rect(0, 0 - 1920, 1080) eb=Rect(0, 0 - 1920, 1080) d=0},{null m=TO_FRONT f=FILLS_TASK leash=Surface(name=ActivityRecord{c96a874 u0 com.dangbei.leard.leradlauncher/com.dangbei.launcher.home.LauncherActivity)/@0xdafeeb1 sb=Rect(0, 0 - 1920, 1080) eb=Rect(0, 0 - 1920, 1080) d=0}]}
06-24 16:13:52.785 901 979 V WindowManagerShell: onTransitionReady android.os.BinderProxy@9d5cfe7: {id=495 t=CLOSE f=0x0 trk=0 r=[0@Point(0, 0)] c=[{null m=CLOSE f=FILLS_TASK leash=Surface(name=ActivityRecord{8bda7e3 u0 com.dangbei.leard.leradlauncher/.module.vipcenter.VipCenterActivity)/@0x90c1794 sb=Rect(0, 0 - 1920, 1080) eb=Rect(0, 0 - 1920, 1080) d=0},{null m=TO_FRONT f=FILLS_TASK leash=Surface(name=ActivityRecord{c96a874 u0 com.dangbei.leard.leradlauncher/com.dangbei.launcher.home.LauncherActivity)/@0x9cd523d sb=Rect(0, 0 - 1920, 1080) eb=Rect(0, 0 - 1920, 1080) d=0}]}
06-24 16:13:52.785 901 979 V WindowManagerShell: Playing animation for (#495)android.os.BinderProxy@9d5cfe7@0
06-24 16:13:52.785 901 979 V WindowManagerShell: try handler com.android.wm.shell.keyguard.KeyguardTransitionHandler@24e2028
06-24 16:13:52.785 901 979 V WindowManagerShell: try handler com.android.wm.shell.pip.tv.TvPipTransition@1141
06-24 16:13:52.785 901 979 V WindowManagerShell: try handler com.android.wm.shell.activityembedding.ActivityEmbeddingController@e8f56e6
06-24 16:13:52.785 901 979 V WindowManagerShell: try handler com.android.wm.shell.transition.RemoteTransitionHandler@b664427
06-24 16:13:52.785 901 979 V WindowManagerShell: Transition doesn't have explicit remote, search filters for match for {id=495 t=CLOSE f=0x0 trk=0 r=[0@Point(0, 0)] c=[{null m=CLOSE f=FILLS_TASK leash=Surface(name=ActivityRecord{8bda7e3 u0 com.dangbei.leard.leradlauncher/.module.vipcenter.VipCenterActivity)/@0x90c1794 sb=Rect(0, 0 - 1920, 1080) eb=Rect(0, 0 - 1920, 1080) d=0},{null m=TO_FRONT f=FILLS_TASK leash=Surface(name=ActivityRecord{c96a874 u0 com.dangbei.leard.leradlauncher/com.dangbei.launcher.home.LauncherActivity)/@0x9cd523d sb=Rect(0, 0 - 1920, 1080) eb=Rect(0, 0 - 1920, 1080) d=0}]}
06-24 16:13:52.785 901 979 V WindowManagerShell: Delegate animation for #495 to null
06-24 16:13:52.785 901 979 V WindowManagerShell: try handler com.android.wm.shell.transition.DefaultTransitionHandler@7916d4
06-24 16:13:52.785 901 979 V WindowManagerShell: start default transition animation, info = {id=495 t=CLOSE f=0x0 trk=0 r=[0@Point(0, 0)] c=[{null m=CLOSE f=FILLS_TASK leash=Surface(name=ActivityRecord{8bda7e3 u0 com.dangbei.leard.leradlauncher/.module.vipcenter.VipCenterActivity)/@0x90c1794 sb=Rect(0, 0 - 1920, 1080) eb=Rect(0, 0 - 1920, 1080) d=0},{null m=TO_FRONT f=FILLS_TASK leash=Surface(name=ActivityRecord{c96a874 u0 com.dangbei.leard.leradlauncher/com.dangbei.launcher.home.LauncherActivity)/@0x9cd523d sb=Rect(0, 0 - 1920, 1080) eb=Rect(0, 0 - 1920, 1080) d=0}]}
06-24 16:13:52.787 901 979 V WindowManagerShell: Transition animation finished (aborted=false), notifying core (#495)android.os.BinderProxy@9d5cfe7@0
06-24 16:13:52.793 685 708 V WindowManager: Finish Transition #495: created at
06-24 16:13:52.717 collect-started=0.166ms request-sent=0.244ms started=3.745ms ready=9.418ms sent=65.608ms finished=75.637ms
06-24 16:13:52.795 901 979 V WindowManagerShell: Track 0 became idle
06-24 16:13:52.795 901 979 V WindowManagerShell: All active transition animations finished
06-24 16:13:52.795 901 979 V WindowManagerShell: animated by com.android.wm.shell.transition.DefaultTransitionHandler@7916d4
06-24 16:13:52.796 901 979 V WindowManagerShell: Track 0 became idle
06-24 16:13:52.796 901 979 V WindowManagerShell: All active transition animations finished
06-24 16:13:52.820 685 24239 D CoreBackPreview: Window{63d8f5e u0 com.dangbei.leard.leradlauncher/com.dangbei.leard.leradlauncher.module.vipcenter.VipCenterActivity}: Setting back callback null
06-24 16:13:52.827 901 979 D WindowManagerShell: TvPipController: onTaskStackChanged()
06-24 16:13:52.843 685 709 W ContextImpl: Calling a method in the system process without a qualified user: android.app.ContextImpl.startService:1899 com.android.server.wm.DisplayPolicy.lambda$focusChangedLw$5:2126 com.android.server.wm.DisplayPolicy.$r8$lambda$Znxk63oh-WzVnzo_WQefN7uxV48:0 com.android.server.wm.DisplayPolicy$$ExternalSyntheticLambda13.run:0 android.os.Handler.handleCallback:958
06-24 16:13:55.090 685 24239 E Transition: Trying to add a ready-group twice: Display{#0 state=ON size=1920x1080 ROTATION_0}
06-24 16:13:55.091 685 24239 I ActivityTaskManager: START u0 {cmp=com.dangbei.leard.leradlauncher/com.dangbei.launcher.secondary.app.AppSecondaryActivity (has extras)} with LAUNCH_MULTIPLE from uid 1000 (BAL_ALLOW_ALLOWLISTED_UID) result code=0
06-24 16:13:55.091 901 979 V WindowManagerShell: Transition requested: android.os.BinderProxy@55d1900 TransitionRequestInfo { type = 1, triggerTask = TaskInfo{userId=0 taskId=32 displayId=0 isRunning=true baseIntent=Intent { act=android.intent.action.MAIN cat=[android.intent.category.HOME] flg=0x10800100 cmp=com.dangbei.leard.leradlauncher/com.dangbei.launcher.home.LauncherActivity } baseActivity=ComponentInfo{com.dangbei.leard.leradlauncher/com.dangbei.launcher.home.LauncherActivity} topActivity=ComponentInfo{com.dangbei.leard.leradlauncher/com.dangbei.launcher.secondary.app.AppSecondaryActivity} origActivity=null realActivity=ComponentInfo{com.dangbei.leard.leradlauncher/com.dangbei.launcher.home.LauncherActivity} numActivities=2 lastActiveTime=18242991 supportsMultiWindow=true resizeMode=0 isResizeable=false minWidth=-1 minHeight=-1 defaultMinSize=220 token=WCT{android.window.IWindowContainerToken$Stub$Proxy@c41d539} topActivityType=2 pictureInPictureParams=null shouldDockBigOverlays=true launchIntoPipHostTaskId=-1 lastParentTaskIdBeforePip=-1 displayCutoutSafeInsets=null topActivityInfo=ActivityInfo{a15577e com.dangbei.launcher.secondary.app.AppSecondaryActivity} launchCookies=[] positionInParent=Point(0, 0) parentTaskId=-1 isFocused=true isVisible=true isVisibleRequested=true isSleeping=false topActivityInSizeCompat=false topActivityEligibleForLetterboxEducation= false isLetterboxDoubleTapEnabled= false topActivityEligibleForUserAspectRatioButton= false topActivityBoundsLetterboxed= false isFromLetterboxDoubleTap= false topActivityLetterboxVerticalPosition= -1 topActivityLetterboxHorizontalPosition= -1 topActivityLetterboxWidth=-1 topActivityLetterboxHeight=-1 isUserFullscreenOverrideEnabled=false isTopActivityTransparent=false locusId=null displayAreaFeatureId=1 cameraCompatControlState=hidden}, remoteTransition = null, displayChange = null, flags = 0 }
06-24 16:13:55.097 685 3826 V WindowManager: app ------------- force_land :0
06-24 16:13:55.104 685 711 W ProcessStats: Tracking association SourceState{2ed2a5c system/1000 ImpFg #10383} whose proc state 5 is better than process ProcessState{9231bd0 com.android.permissioncontroller/10074 pkg=com.android.permissioncontroller} proc state 15 (11 skipped)
06-24 16:13:55.144 685 4709 W WindowManager: [addWindow] title:com.dangbei.leard.leradlauncher/com.dangbei.launcher.secondary.app.AppSecondaryActivity
06-24 16:13:55.154 685 4709 D CoreBackPreview: Window{285c440 u0 com.dangbei.leard.leradlauncher/com.dangbei.launcher.secondary.app.AppSecondaryActivity}: Setting back callback OnBackInvokedCallbackInfo{mCallback=android.window.IOnBackInvokedCallback$Stub$Proxy@54814be, mPriority=0, mIsAnimationCallback=false}
06-24 16:13:55.182 685 708 V WindowManager: Sent Transition #496 createdAt=06-24 16:13:55.082 via request=TransitionRequestInfo { type = 1, triggerTask = TaskInfo{userId=0 taskId=32 displayId=0 isRunning=true baseIntent=Intent { act=android.intent.action.MAIN cat=[android.intent.category.HOME] flg=0x10800100 cmp=com.dangbei.leard.leradlauncher/com.dangbei.launcher.home.LauncherActivity } baseActivity=ComponentInfo{com.dangbei.leard.leradlauncher/com.dangbei.launcher.home.LauncherActivity} topActivity=ComponentInfo{com.dangbei.leard.leradlauncher/com.dangbei.launcher.secondary.app.AppSecondaryActivity} origActivity=null realActivity=ComponentInfo{com.dangbei.leard.leradlauncher/com.dangbei.launcher.home.LauncherActivity} numActivities=2 lastActiveTime=18242991 supportsMultiWindow=true resizeMode=0 isResizeable=false minWidth=-1 minHeight=-1 defaultMinSize=220 token=WCT{RemoteToken{a5d9d8d Task{131419d #32 type=home A=1000:com.dangbei.leard.leradlauncher}}} topActivityType=2 pictureInPictureParams=null shouldDockBigOverlays=true launchIntoPipHostTaskId=-1 lastParentTaskIdBeforePip=-1 displayCutoutSafeInsets=null topActivityInfo=ActivityInfo{2fc5a35 com.dangbei.launcher.secondary.app.AppSecondaryActivity} launchCookies=[] positionInParent=Point(0, 0) parentTaskId=-1 isFocused=true isVisible=true isVisibleRequested=true isSleeping=false topActivityInSizeCompat=false topActivityEligibleForLetterboxEducation= false isLetterboxDoubleTapEnabled= false topActivityEligibleForUserAspectRatioButton= false topActivityBoundsLetterboxed= false isFromLetterboxDoubleTap= false topActivityLetterboxVerticalPosition= -1 topActivityLetterboxHorizontalPosition= -1 topActivityLetterboxWidth=-1 topActivityLetterboxHeight=-1 isUserFullscreenOverrideEnabled=false isTopActivityTransparent=false locusId=null displayAreaFeatureId=1 cameraCompatControlState=hidden}, remoteTransition = null, displayChange = null, flags = 0 }
06-24 16:13:55.182 685 708 V WindowManager: startWCT=WindowContainerTransaction { changes = {} hops = [] errorCallbackToken=null taskFragmentOrganizer=null }
06-24 16:13:55.182 685 708 V WindowManager: info={id=496 t=OPEN f=0x0 trk=0 r=[0@Point(0, 0)] c=[{null m=OPEN f=FILLS_TASK leash=Surface(name=ActivityRecord{96d987d u0 com.dangbei.leard.leradlauncher/com.dangbei.launcher.secondary.app.AppSecondaryActivity)/@0xef6e91f sb=Rect(0, 0 - 0, 0) eb=Rect(0, 0 - 1920, 1080) d=-1->0 r=-1->0:-1},{null m=TO_BACK f=FILLS_TASK leash=Surface(name=ActivityRecord{c96a874 u0 com.dangbei.leard.leradlauncher/com.dangbei.launcher.home.LauncherActivity)/@0xdafeeb1 sb=Rect(0, 0 - 1920, 1080) eb=Rect(0, 0 - 1920, 1080) d=0}]}
06-24 16:13:55.184 901 979 V WindowManagerShell: onTransitionReady android.os.BinderProxy@55d1900: {id=496 t=OPEN f=0x0 trk=0 r=[0@Point(0, 0)] c=[{null m=OPEN f=FILLS_TASK leash=Surface(name=ActivityRecord{96d987d u0 com.dangbei.leard.leradlauncher/com.dangbei.launcher.secondary.app.AppSecondaryActivity)/@0x532d4df sb=Rect(0, 0 - 0, 0) eb=Rect(0, 0 - 1920, 1080) d=-1->0 r=-1->0:-1},{null m=TO_BACK f=FILLS_TASK leash=Surface(name=ActivityRecord{c96a874 u0 com.dangbei.leard.leradlauncher/com.dangbei.launcher.home.LauncherActivity)/@0x6fac52c sb=Rect(0, 0 - 1920, 1080) eb=Rect(0, 0 - 1920, 1080) d=0}]}
06-24 16:13:55.185 901 979 V WindowManagerShell: Playing animation for (#496)android.os.BinderProxy@55d1900@0
06-24 16:13:55.185 901 979 V WindowManagerShell: try handler com.android.wm.shell.keyguard.KeyguardTransitionHandler@24e2028
06-24 16:13:55.185 901 979 V WindowManagerShell: try handler com.android.wm.shell.pip.tv.TvPipTransition@1141
06-24 16:13:55.185 901 979 V WindowManagerShell: try handler com.android.wm.shell.activityembedding.ActivityEmbeddingController@e8f56e6
06-24 16:13:55.185 901 979 V WindowManagerShell: try handler com.android.wm.shell.transition.RemoteTransitionHandler@b664427
06-24 16:13:55.185 901 979 V WindowManagerShell: Transition doesn't have explicit remote, search filters for match for {id=496 t=OPEN f=0x0 trk=0 r=[0@Point(0, 0)] c=[{null m=OPEN f=FILLS_TASK leash=Surface(name=ActivityRecord{96d987d u0 com.dangbei.leard.leradlauncher/com.dangbei.launcher.secondary.app.AppSecondaryActivity)/@0x532d4df sb=Rect(0, 0 - 0, 0) eb=Rect(0, 0 - 1920, 1080) d=-1->0 r=-1->0:-1},{null m=TO_BACK f=FILLS_TASK leash=Surface(name=ActivityRecord{c96a874 u0 com.dangbei.leard.leradlauncher/com.dangbei.launcher.home.LauncherActivity)/@0x6fac52c sb=Rect(0, 0 - 1920, 1080) eb=Rect(0, 0 - 1920, 1080) d=0}]}
06-24 16:13:55.186 901 979 V WindowManagerShell: Delegate animation for #496 to null
06-24 16:13:55.186 901 979 V WindowManagerShell: try handler com.android.wm.shell.transition.DefaultTransitionHandler@7916d4
06-24 16:13:55.186 901 979 V WindowManagerShell: start default transition animation, info = {id=496 t=OPEN f=0x0 trk=0 r=[0@Point(0, 0)] c=[{null m=OPEN f=FILLS_TASK leash=Surface(name=ActivityRecord{96d987d u0 com.dangbei.leard.leradlauncher/com.dangbei.launcher.secondary.app.AppSecondaryActivity)/@0x532d4df sb=Rect(0, 0 - 0, 0) eb=Rect(0, 0 - 1920, 1080) d=-1->0 r=-1->0:-1},{null m=TO_BACK f=FILLS_TASK leash=Surface(name=ActivityRecord{c96a874 u0 com.dangbei.leard.leradlauncher/com.dangbei.launcher.home.LauncherActivity)/@0x6fac52c sb=Rect(0, 0 - 1920, 1080) eb=Rect(0, 0 - 1920, 1080) d=0}]}
06-24 16:13:55.187 901 979 V WindowManagerShell: Transition animation finished (aborted=false), notifying core (#496)android.os.BinderProxy@55d1900@0
06-24 16:13:55.193 685 708 V WindowManager: Finish Transition #496: created at
06-24 16:13:55.082 collect-started=0.079ms request-sent=7.901ms started=10.748ms ready=17.648ms sent=98.165ms finished=110.682ms
06-24 16:13:55.197 901 979 V WindowManagerShell: Track 0 became idle
06-24 16:13:55.197 901 979 V WindowManagerShell: All active transition animations finished
06-24 16:13:55.197 901 979 V WindowManagerShell: animated by com.android.wm.shell.transition.DefaultTransitionHandler@7916d4
06-24 16:13:55.197 901 979 V WindowManagerShell: Track 0 became idle
06-24 16:13:55.197 901 979 V WindowManagerShell: All active transition animations finished
06-24 16:13:55.201 901 979 D WindowManagerShell: TvPipController: onTaskStackChanged()
06-24 16:13:55.259 685 709 W ContextImpl: Calling a method in the system process without a qualified user: android.app.ContextImpl.startService:1899 com.android.server.wm.DisplayPolicy.lambda$focusChangedLw$5:2126 com.android.server.wm.DisplayPolicy.$r8$lambda$Znxk63oh-WzVnzo_WQefN7uxV48:0 com.android.server.wm.DisplayPolicy$$ExternalSyntheticLambda13.run:0 android.os.Handler.handleCallback:958
06-24 16:13:55.471 0 0 W : [3 T1046 ..] [SP FRAME RX] DHCP[0 1], vif_idx:0
06-24 16:13:59.092 1423 1423 W ContextImpl: Calling a method in the system process without a qualified user: android.app.ContextImpl.startActivity:1114 android.content.ContextWrapper.startActivity:458 com.monster.therouter.router.Navigator$navigation$callback111$1.invoke:30 com.monster.therouter.router.Navigator$navigation$callback111$1.invoke:1 com.monster.therouter.router.NavigatorKt$setRouterInterceptor$1$1.onContinue:7
06-24 16:13:59.103 685 3826 V SplashScreenExceptionList: SplashScreen checking exception for package com.dangbei.leard.leradlauncher (target sdk:28) -> false
06-24 16:13:59.108 685 3826 I ActivityTaskManager: START u0 {flg=0x10000000 cmp=com.dangbei.leard.leradlauncher/.module.app.AppDetailActivity (has extras)} with LAUNCH_SINGLE_TASK from uid 1000 (BAL_ALLOW_ALLOWLISTED_UID) result code=0
06-24 16:13:59.108 901 979 V WindowManagerShell: Transition requested: android.os.BinderProxy@599dffb TransitionRequestInfo { type = 1, triggerTask = TaskInfo{userId=0 taskId=159 displayId=0 isRunning=true baseIntent=Intent { flg=0x10800000 cmp=com.dangbei.leard.leradlauncher/.module.app.AppDetailActivity } baseActivity=ComponentInfo{com.dangbei.leard.leradlauncher/com.dangbei.leard.leradlauncher.module.app.AppDetailActivity} topActivity=ComponentInfo{com.dangbei.leard.leradlauncher/com.dangbei.leard.leradlauncher.module.app.AppDetailActivity} origActivity=null realActivity=ComponentInfo{com.dangbei.leard.leradlauncher/com.dangbei.leard.leradlauncher.module.app.AppDetailActivity} numActivities=1 lastActiveTime=18247008 supportsMultiWindow=true resizeMode=1 isResizeable=true minWidth=-1 minHeight=-1 defaultMinSize=220 token=WCT{android.window.IWindowContainerToken$Stub$Proxy@be50818} topActivityType=1 pictureInPictureParams=null shouldDockBigOverlays=true launchIntoPipHostTaskId=-1 lastParentTaskIdBeforePip=-1 displayCutoutSafeInsets=null topActivityInfo=ActivityInfo{38bf271 com.dangbei.leard.leradlauncher.module.app.AppDetailActivity} launchCookies=[] positionInParent=Point(0, 0) parentTaskId=-1 isFocused=false isVisible=false isVisibleRequested=false isSleeping=false topActivityInSizeCompat=false topActivityEligibleForLetterboxEducation= false isLetterboxDoubleTapEnabled= false topActivityEligibleForUserAspectRatioButton= false topActivityBoundsLetterboxed= false isFromLetterboxDoubleTap= false topActivityLetterboxVerticalPosition= -1 topActivityLetterboxHorizontalPosition= -1 topActivityLetterboxWidth=-1 topActivityLetterboxHeight=-1 isUserFullscreenOverrideEnabled=false isTopActivityTransparent=false locusId=null displayAreaFeatureId=1 cameraCompatControlState=hidden}, remoteTransition = null, displayChange = null, flags = 0 }
06-24 16:13:59.116 685 1076 V WindowManager: app ------------- force_land :0
06-24 16:13:59.173 685 1076 W WindowManager: [addWindow] title:com.dangbei.leard.leradlauncher/com.dangbei.leard.leradlauncher.module.app.AppDetailActivity
06-24 16:13:59.182 685 3826 D CoreBackPreview: Window{3dcca88 u0 com.dangbei.leard.leradlauncher/com.dangbei.leard.leradlauncher.module.app.AppDetailActivity}: Setting back callback OnBackInvokedCallbackInfo{mCallback=android.window.IOnBackInvokedCallback$Stub$Proxy@550f846, mPriority=0, mIsAnimationCallback=false}
06-24 16:13:59.224 685 708 V WindowManager: Sent Transition #497 createdAt=06-24 16:13:59.095 via request=TransitionRequestInfo { type = 1, triggerTask = TaskInfo{userId=0 taskId=159 displayId=0 isRunning=true baseIntent=Intent { flg=0x10800000 cmp=com.dangbei.leard.leradlauncher/.module.app.AppDetailActivity } baseActivity=ComponentInfo{com.dangbei.leard.leradlauncher/com.dangbei.leard.leradlauncher.module.app.AppDetailActivity} topActivity=ComponentInfo{com.dangbei.leard.leradlauncher/com.dangbei.leard.leradlauncher.module.app.AppDetailActivity} origActivity=null realActivity=ComponentInfo{com.dangbei.leard.leradlauncher/com.dangbei.leard.leradlauncher.module.app.AppDetailActivity} numActivities=1 lastActiveTime=18247008 supportsMultiWindow=true resizeMode=1 isResizeable=true minWidth=-1 minHeight=-1 defaultMinSize=220 token=WCT{RemoteToken{9c5195d Task{7f93aa5 #159 type=standard A=1000:search.app.task}}} topActivityType=1 pictureInPictureParams=null shouldDockBigOverlays=true launchIntoPipHostTaskId=-1 lastParentTaskIdBeforePip=-1 displayCutoutSafeInsets=null topActivityInfo=ActivityInfo{19452d2 com.dangbei.leard.leradlauncher.module.app.AppDetailActivity} launchCookies=[] positionInParent=Point(0, 0) parentTaskId=-1 isFocused=false isVisible=false isVisibleRequested=false isSleeping=false topActivityInSizeCompat=false topActivityEligibleForLetterboxEducation= false isLetterboxDoubleTapEnabled= false topActivityEligibleForUserAspectRatioButton= false topActivityBoundsLetterboxed= false isFromLetterboxDoubleTap= false topActivityLetterboxVerticalPosition= -1 topActivityLetterboxHorizontalPosition= -1 topActivityLetterboxWidth=-1 topActivityLetterboxHeight=-1 isUserFullscreenOverrideEnabled=false isTopActivityTransparent=false locusId=null displayAreaFeatureId=1 cameraCompatControlState=hidden}, remoteTransition = null, displayChange = null, flags = 0 }
06-24 16:13:59.224 685 708 V WindowManager: startWCT=WindowContainerTransaction { changes = {} hops = [] errorCallbackToken=null taskFragmentOrganizer=null }
06-24 16:13:59.224 685 708 V WindowManager: info={id=497 t=OPEN f=0x0 trk=0 r=[0@Point(0, 0)] c=[{WCT{RemoteToken{9c5195d Task{7f93aa5 #159 type=standard A=1000:search.app.task}}} m=OPEN f=NONE leash=Surface(name=Task=159)/@0xb433a07 sb=Rect(0, 0 - 1920, 1080) eb=Rect(0, 0 - 1920, 1080) d=0},{WCT{RemoteToken{30b1e82 Task{4d21fd0 #1 type=home}}} m=TO_BACK f=NONE leash=Surface(name=Task=1)/@0x54f0375 sb=Rect(0, 0 - 1920, 1080) eb=Rect(0, 0 - 1920, 1080) d=0}]}
06-24 16:13:59.224 901 979 V WindowManagerShell: onTransitionReady android.os.BinderProxy@599dffb: {id=497 t=OPEN f=0x0 trk=0 r=[0@Point(0, 0)] c=[{WCT{android.window.IWindowContainerToken$Stub$Proxy@c9c44ad} m=OPEN f=NONE leash=Surface(name=Task=159)/@0xadad856 sb=Rect(0, 0 - 1920, 1080) eb=Rect(0, 0 - 1920, 1080) d=0},{WCT{android.window.IWindowContainerToken$Stub$Proxy@64423e2} m=TO_BACK f=NONE leash=Surface(name=Task=1)/@0x59c80d7 sb=Rect(0, 0 - 1920, 1080) eb=Rect(0, 0 - 1920, 1080) d=0}]}
06-24 16:13:59.225 901 979 V WindowManagerShell: Playing animation for (#497)android.os.BinderProxy@599dffb@0
06-24 16:13:59.225 901 979 V WindowManagerShell: try handler com.android.wm.shell.keyguard.KeyguardTransitionHandler@24e2028
06-24 16:13:59.225 901 979 V WindowManagerShell: try handler com.android.wm.shell.pip.tv.TvPipTransition@1141
06-24 16:13:59.225 901 979 V WindowManagerShell: try handler com.android.wm.shell.activityembedding.ActivityEmbeddingController@e8f56e6
06-24 16:13:59.225 901 979 V WindowManagerShell: try handler com.android.wm.shell.transition.RemoteTransitionHandler@b664427
06-24 16:13:59.225 901 979 V WindowManagerShell: Transition doesn't have explicit remote, search filters for match for {id=497 t=OPEN f=0x0 trk=0 r=[0@Point(0, 0)] c=[{WCT{android.window.IWindowContainerToken$Stub$Proxy@c9c44ad} m=OPEN f=NONE leash=Surface(name=Task=159)/@0xadad856 sb=Rect(0, 0 - 1920, 1080) eb=Rect(0, 0 - 1920, 1080) d=0},{WCT{android.window.IWindowContainerToken$Stub$Proxy@64423e2} m=TO_BACK f=NONE leash=Surface(name=Task=1)/@0x59c80d7 sb=Rect(0, 0 - 1920, 1080) eb=Rect(0, 0 - 1920, 1080) d=0}]}
06-24 16:13:59.225 901 979 V WindowManagerShell: Delegate animation for #497 to null
06-24 16:13:59.225 901 979 V WindowManagerShell: try handler com.android.wm.shell.transition.DefaultTransitionHandler@7916d4
06-24 16:13:59.225 901 979 V WindowManagerShell: start default transition animation, info = {id=497 t=OPEN f=0x0 trk=0 r=[0@Point(0, 0)] c=[{WCT{android.window.IWindowContainerToken$Stub$Proxy@c9c44ad} m=OPEN f=NONE leash=Surface(name=Task=159)/@0xadad856 sb=Rect(0, 0 - 1920, 1080) eb=Rect(0, 0 - 1920, 1080) d=0},{WCT{android.window.IWindowContainerToken$Stub$Proxy@64423e2} m=TO_BACK f=NONE leash=Surface(name=Task=1)/@0x59c80d7 sb=Rect(0, 0 - 1920, 1080) eb=Rect(0, 0 - 1920, 1080) d=0}]}
06-24 16:13:59.227 901 979 V WindowManagerShell: loadAnimation: anim=android.view.animation.AlphaAnimation@4e57ea9 animAttr=0x9 type=OPEN isEntrance=false
06-24 16:13:59.228 901 979 V WindowManagerShell: loadAnimation: anim=android.view.animation.AlphaAnimation@ecfd15c animAttr=0x8 type=OPEN isEntrance=true
06-24 16:13:59.230 901 979 V WindowManagerShell: animated by com.android.wm.shell.transition.DefaultTransitionHandler@7916d4
06-24 16:13:59.231 901 979 D WindowManagerShell: TvPipController: onTaskStackChanged()
06-24 16:13:59.287 685 709 W ContextImpl: Calling a method in the system process without a qualified user: android.app.ContextImpl.startService:1899 com.android.server.wm.DisplayPolicy.lambda$focusChangedLw$5:2126 com.android.server.wm.DisplayPolicy.$r8$lambda$Znxk63oh-WzVnzo_WQefN7uxV48:0 com.android.server.wm.DisplayPolicy$$ExternalSyntheticLambda13.run:0 android.os.Handler.handleCallback:958
06-24 16:13:59.643 901 979 V WindowManagerShell: Transition animation finished (aborted=false), notifying core (#497)android.os.BinderProxy@599dffb@0
06-24 16:13:59.645 685 708 V WindowManager: Finish Transition #497: created at
06-24 16:13:59.095 collect-started=0.074ms request-sent=11.359ms started=13.949ms ready=23.755ms sent=125.926ms finished=549.182ms
06-24 16:13:59.650 901 979 V WindowManagerShell: Track 0 became idle
06-24 16:13:59.651 901 979 V WindowManagerShell: All active transition animations finished
06-24 16:14:02.953 0 0 W [0 T5418 ..] audit: audit_lost=18525 audit_rate_limit=5 audit_backlog_limit=64
06-24 16:14:02.954 0 0 E [0 T5418 ..] audit: rate limit exceeded
06-24 16:14:04.618 0 0 W : [0 T0 .s] [SP FRAME TX] arp req,vif_idx:0 sender:[1c:79:2d:20:62:cb 192.168.3.75]receiver:[00:00:00:00:00:00 192.168.3.254]
06-24 16:14:04.640 0 0 W : [1 T1046 ..] [SP FRAME RX] arp rsp,vif_idx:0 sender:[12:3c:2c:e1:84:9f 192.168.3.254]receiver:[1c:79:2d:20:62:cb 192.168.3.75]
06-24 16:14:08.652 0 0 W : [3 T17451 ..] [SP FRAME TX] arp req,vif_idx:0 sender:[1c:79:2d:20:62:cb 192.168.3.75]receiver:[00:00:00:00:00:00 192.168.3.188]
06-24 16:14:08.702 0 0 W : [2 T1046 ..] [SP FRAME RX] arp rsp,vif_idx:0 sender:[62:77:26:21:8d:8b 192.168.3.188]receiver:[1c:79:2d:20:62:cb 192.168.3.75]
06-24 16:14:10.299 1423 16675 W PackageParser: Unknown element under : queries at /storage/emulated/0/Android/data/com.dangbei.leard.leradlauncher/files/launcher/qmkgziyanos_5.10.3.1_dangbei.apk Binary XML file line #56
06-24 16:14:10.324 1423 16675 W PackageParser: Unknown element under : queries at /storage/emulated/0/Android/data/com.dangbei.leard.leradlauncher/files/launcher/qmkgziyanos_5.10.3.1_dangbei.apk Binary XML file line #56
06-24 16:14:11.618 685 749 E PackageInstallerSession: com.dangbei.leard.leradlauncher drops manifest attribute android:installLocation in base.apk for com.tencent.karaoketv
06-24 16:14:12.141 685 795 W RuleEvaluation: Integrity rule files are not available.
06-24 16:14:12.142 685 741 I PackageManager: Integrity check passed for file:///data/app/vmdl1169382223.tmp
06-24 16:14:12.205 685 741 W PackageManager: Skipping provider name com.tencent.karaoketv.fileProvider (in package com.tencent.karaoketv): name already used by com.tencent.karaoketv
06-24 16:14:12.208 685 741 I PermissionManager: Permission ownership changed. Updating all permissions.
06-24 16:14:12.209 685 741 W PermissionManager: Package com.android.adservices.api is an APK in APEX, but has permission allowlist on the system image. Please bundle the allowlist in the com.android.adservices APEX instead.
06-24 16:14:12.260 685 741 W PermissionManager: Package com.android.providers.media.module is an APK in APEX, but has permission allowlist on the system image. Please bundle the allowlist in the com.android.mediaprovider APEX instead.
06-24 16:14:12.261 685 741 W PermissionManager: Package com.android.providers.media.module is an APK in APEX, but has permission allowlist on the system image. Please bundle the allowlist in the com.android.mediaprovider APEX instead.
06-24 16:14:12.261 685 741 W PermissionManager: Package com.android.providers.media.module is an APK in APEX, but has permission allowlist on the system image. Please bundle the allowlist in the com.android.mediaprovider APEX instead.
06-24 16:14:12.261 685 741 W PermissionManager: Package com.android.providers.media.module is an APK in APEX, but has permission allowlist on the system image. Please bundle the allowlist in the com.android.mediaprovider APEX instead.
06-24 16:14:12.261 685 741 W PermissionManager: Package com.android.providers.media.module is an APK in APEX, but has permission allowlist on the system image. Please bundle the allowlist in the com.android.mediaprovider APEX instead.
06-24 16:14:12.261 685 741 W PermissionManager: Package com.android.providers.media.module is an APK in APEX, but has permission allowlist on the system image. Please bundle the allowlist in the com.android.mediaprovider APEX instead.
06-24 16:14:12.261 685 741 W PermissionManager: Package com.android.providers.media.module is an APK in APEX, but has permission allowlist on the system image. Please bundle the allowlist in the com.android.mediaprovider APEX instead.
06-24 16:14:12.261 685 741 W PermissionManager: Package com.android.providers.media.module is an APK in APEX, but has permission allowlist on the system image. Please bundle the allowlist in the com.android.mediaprovider APEX instead.
06-24 16:14:12.261 685 741 W PermissionManager: Package com.android.providers.media.module is an APK in APEX, but has permission allowlist on the system image. Please bundle the allowlist in the com.android.mediaprovider APEX instead.
06-24 16:14:12.261 685 741 W PermissionManager: Package com.android.providers.media.module is an APK in APEX, but has permission allowlist on the system image. Please bundle the allowlist in the com.android.mediaprovider APEX instead.
06-24 16:14:12.261 685 741 W PermissionManager: Package com.android.providers.media.module is an APK in APEX, but has permission allowlist on the system image. Please bundle the allowlist in the com.android.mediaprovider APEX instead.
06-24 16:14:12.261 685 741 W PermissionManager: Package com.android.providers.media.module is an APK in APEX, but has permission allowlist on the system image. Please bundle the allowlist in the com.android.mediaprovider APEX instead.
06-24 16:14:12.261 685 741 W PermissionManager: Package com.android.providers.media.module is an APK in APEX, but has permission allowlist on the system image. Please bundle the allowlist in the com.android.mediaprovider APEX instead.
06-24 16:14:12.364 685 741 D PackageManager: Instant App installer not found with android.intent.action.INSTALL_INSTANT_APP_PACKAGE
06-24 16:14:12.364 685 741 D PackageManager: Clear ephemeral installer activity
06-24 16:14:12.375 0 0 I [0 T2406 ..] logd: start watching /data/system/packages.list ...
06-24 16:14:12.381 0 0 I [0 T2406 ..] logd: ReadPackageList, total packages: 109
06-24 16:14:12.401 0 0 I [0 T216 ..] servicemanager: Since 'artd' could not be found, trying to start it as a lazy AIDL service. (if it's not configured to be a lazy service, it may be stuck starting or still starting).
06-24 16:14:12.442 0 0 I [0 T216 ..] BpBinder: onLastStrongRef automatically unlinking death recipients:
06-24 16:14:12.444 0 0 I [1 T216 ..] servicemanager: Notifying artd they do (previously: don't) have clients when service is guaranteed to be in use
06-24 16:14:15.966 0 0 W [2 T5418 ..] audit: audit_lost=18528 audit_rate_limit=5 audit_backlog_limit=64
06-24 16:14:15.967 0 0 E [2 T5418 ..] audit: rate limit exceeded
06-24 16:14:16.085 685 741 V BackupManagerService: [UserID:0] restoreAtInstall pkg=com.tencent.karaoketv token=1c restoreSet=0
06-24 16:14:16.085 685 741 V BackupManagerService: [UserID:0] Finishing install immediately
06-24 16:14:16.087 685 741 I AppsFilter: interaction: PackageSetting{8b91f4d com.dangbei.hqguide/10029} -> PackageSetting{9fc77bb com.tencent.karaoketv/10104} BLOCKED
06-24 16:14:16.097 685 741 D PackageInstallerSession: Marking session 1169382223 as applied
06-24 16:14:16.103 685 741 D CompatibilityChangeReporter: Compat change id reported: 168419799; UID 10104; state: DISABLED
06-24 16:14:16.103 685 741 D CompatibilityChangeReporter: Compat change id reported: 273564678; UID 10104; state: DISABLED
06-24 16:14:16.130 685 685 D TransparencyService: Not an update. Skipping...
06-24 16:14:16.145 1423 1423 W ContextImpl: Calling a method in the system process without a qualified user: android.app.ContextImpl.startActivity:1102 android.content.ContextWrapper.startActivity:436 ie.b.f:119 ie.a.b:75 ge.a.c:71
06-24 16:14:16.146 1423 1423 W ContextImpl: Calling a method in the system process without a qualified user: android.app.ContextImpl.startActivity:1114 android.app.ContextImpl.startActivity:1103 android.content.ContextWrapper.startActivity:436 ie.b.f:119 ie.a.b:75
06-24 16:14:16.157 685 1135 D CompatibilityChangeReporter: Compat change id reported: 265464455; UID 10104; state: DISABLED
06-24 16:14:16.158 685 1135 D CompatibilityChangeReporter: Compat change id reported: 265452344; UID 10104; state: DISABLED
06-24 16:14:16.158 685 1135 D CompatibilityChangeReporter: Compat change id reported: 266124927; UID 10104; state: DISABLED
06-24 16:14:16.158 685 1135 D CompatibilityChangeReporter: Compat change id reported: 265451093; UID 10104; state: DISABLED
06-24 16:14:16.159 685 1135 D CompatibilityChangeReporter: Compat change id reported: 265456536; UID 10104; state: DISABLED
06-24 16:14:16.159 685 1135 D CompatibilityChangeReporter: Compat change id reported: 255940284; UID 10104; state: DISABLED
06-24 16:14:16.159 685 1135 D CompatibilityChangeReporter: Compat change id reported: 236283604; UID 10104; state: DISABLED
06-24 16:14:16.160 685 1135 D CompatibilityChangeReporter: Compat change id reported: 263959004; UID 10104; state: DISABLED
06-24 16:14:16.160 685 1135 D CompatibilityChangeReporter: Compat change id reported: 264304459; UID 10104; state: DISABLED
06-24 16:14:16.160 685 1135 D CompatibilityChangeReporter: Compat change id reported: 264301586; UID 10104; state: DISABLED
06-24 16:14:16.160 685 1135 D CompatibilityChangeReporter: Compat change id reported: 254631730; UID 10104; state: DISABLED
06-24 16:14:16.161 685 1135 D CompatibilityChangeReporter: Compat change id reported: 273509367; UID 10104; state: DISABLED
06-24 16:14:16.161 685 1135 D CompatibilityChangeReporter: Compat change id reported: 263259275; UID 10104; state: DISABLED
06-24 16:14:16.161 685 1135 D CompatibilityChangeReporter: Compat change id reported: 174042980; UID 10104; state: DISABLED
06-24 16:14:16.161 685 1135 D CompatibilityChangeReporter: Compat change id reported: 174042936; UID 10104; state: DISABLED
06-24 16:14:16.162 685 1135 D CompatibilityChangeReporter: Compat change id reported: 181136395; UID 10104; state: DISABLED
06-24 16:14:16.171 685 1135 D CompatibilityChangeReporter: Compat change id reported: 194480991; UID 10104; state: ENABLED
06-24 16:14:16.193 685 1135 D CompatibilityChangeReporter: Compat change id reported: 184838306; UID 10104; state: DISABLED
06-24 16:14:16.194 685 1135 D CompatibilityChangeReporter: Compat change id reported: 185004937; UID 10104; state: DISABLED
06-24 16:14:16.197 685 1135 D CompatibilityChangeReporter: Compat change id reported: 197654537; UID 10104; state: DISABLED
06-24 16:14:16.199 685 1135 V SplashScreenExceptionList: SplashScreen checking exception for package com.tencent.karaoketv (target sdk:30) -> false
06-24 16:14:16.199 685 1135 D CompatibilityChangeReporter: Compat change id reported: 205907456; UID 10104; state: DISABLED
06-24 16:14:16.203 685 1135 D CompatibilityChangeReporter: Compat change id reported: 194833441; UID 10104; state: DISABLED
06-24 16:14:16.203 685 1135 I ActivityTaskManager: START u0 {act=android.intent.action.MAIN cat=[android.intent.category.LAUNCHER] flg=0x10000000 pkg=com.tencent.karaoketv cmp=com.tencent.karaoketv/.module.splash.ui.AppStartActivity} with LAUNCH_MULTIPLE from uid 1000 (BAL_ALLOW_ALLOWLISTED_UID) result code=0
06-24 16:14:16.206 901 979 V WindowManagerShell: Transition requested: android.os.BinderProxy@6ed59e1 TransitionRequestInfo { type = 1, triggerTask = TaskInfo{userId=0 taskId=160 displayId=0 isRunning=true baseIntent=Intent { act=android.intent.action.MAIN cat=[android.intent.category.LAUNCHER] flg=0x10000000 pkg=com.tencent.karaoketv cmp=com.tencent.karaoketv/.module.splash.ui.AppStartActivity } baseActivity=ComponentInfo{com.tencent.karaoketv/com.tencent.karaoketv.module.splash.ui.AppStartActivity} topActivity=ComponentInfo{com.tencent.karaoketv/com.tencent.karaoketv.module.splash.ui.AppStartActivity} origActivity=null realActivity=ComponentInfo{com.tencent.karaoketv/com.tencent.karaoketv.module.splash.ui.AppStartActivity} numActivities=1 lastActiveTime=18264103 supportsMultiWindow=true resizeMode=1 isResizeable=true minWidth=-1 minHeight=-1 defaultMinSize=220 token=WCT{android.window.IWindowContainerToken$Stub$Proxy@9780306} topActivityType=1 pictureInPictureParams=null shouldDockBigOverlays=true launchIntoPipHostTaskId=-1 lastParentTaskIdBeforePip=-1 displayCutoutSafeInsets=null topActivityInfo=ActivityInfo{5a94dc7 com.tencent.karaoketv.module.splash.ui.AppStartActivity} launchCookies=[] positionInParent=Point(0, 0) parentTaskId=-1 isFocused=false isVisible=false isVisibleRequested=false isSleeping=false topActivityInSizeCompat=false topActivityEligibleForLetterboxEducation= false isLetterboxDoubleTapEnabled= false topActivityEligibleForUserAspectRatioButton= false topActivityBoundsLetterboxed= false isFromLetterboxDoubleTap= false topActivityLetterboxVerticalPosition= -1 topActivityLetterboxHorizontalPosition= -1 topActivityLetterboxWidth=-1 topActivityLetterboxHeight=-1 isUserFullscreenOverrideEnabled=false isTopActivityTransparent=false locusId=null displayAreaFeatureId=1 cameraCompatControlState=hidden}, remoteTransition = null, displayChange = null, flags = 0 }
06-24 16:14:16.217 685 763 D CompatibilityChangeReporter: Compat change id reported: 265195908; UID 10023; state: ENABLED
06-24 16:14:16.220 685 781 W ProcessStats: Tracking association SourceState{7fd32cc system/1000 ImpFg #10403} whose proc state 5 is better than process ProcessState{9231bd0 com.android.permissioncontroller/10074 pkg=com.android.permissioncontroller} proc state 15 (6 skipped)
06-24 16:14:16.221 685 717 W TextServicesManagerService: no available spell checker services found
06-24 16:14:16.223 685 711 D CompatibilityChangeReporter: Compat change id reported: 135634846; UID 10104; state: DISABLED
06-24 16:14:16.224 685 719 D CompatibilityChangeReporter: Compat change id reported: 143937733; UID 10104; state: ENABLED
06-24 16:14:16.233 685 763 D CompatibilityChangeReporter: Compat change id reported: 265195908; UID 10104; state: ENABLED
06-24 16:14:16.238 685 685 I AppsFilter: interaction: PackageSetting{7a8f53e com.dangbei.hqguide/10029} -> PackageSetting{99d7f9f com.tencent.karaoketv/10104} BLOCKED
06-24 16:14:16.253 685 718 D ActivityManager: sync unfroze 4273 com.android.providers.tv for 3
06-24 16:14:16.263 685 1076 W WindowManager: [addWindow] title:Toast
06-24 16:14:16.284 685 1076 D CoreBackPreview: Window{9d9c397 u0 Toast}: Setting back callback OnBackInvokedCallbackInfo{mCallback=android.window.IOnBackInvokedCallback$Stub$Proxy@5b3be0, mPriority=0, mIsAnimationCallback=false}
06-24 16:14:16.294 685 763 D CompatibilityChangeReporter: Compat change id reported: 218533173; UID 10104; state: DISABLED
06-24 16:14:16.295 685 763 D CompatibilityChangeReporter: Compat change id reported: 262645982; UID 10104; state: DISABLED
06-24 16:14:16.299 685 719 W ActivityManager: Slow operation: 76ms so far, now at startProcess: returned from zygote!
06-24 16:14:16.299 685 719 W ActivityManager: Slow operation: 76ms so far, now at startProcess: done updating battery stats
06-24 16:14:16.299 685 719 W ActivityManager: Slow operation: 77ms so far, now at startProcess: building log message
06-24 16:14:16.299 685 719 I ActivityManager: Start proc 7157:com.tencent.karaoketv/u0a104 for next-top-activity {com.tencent.karaoketv/com.tencent.karaoketv.module.splash.ui.AppStartActivity}
06-24 16:14:16.299 685 719 W ActivityManager: Slow operation: 77ms so far, now at startProcess: starting to update pids map
06-24 16:14:16.299 685 719 W ActivityManager: Slow operation: 77ms so far, now at startProcess: done updating pids map
06-24 16:14:16.321 901 979 D WindowManagerShell: TvPipController: onTaskStackChanged()
06-24 16:14:16.408 685 717 W VoiceInteractionManager: no available voice recognition services found for user 0
06-24 16:14:16.415 685 1135 D CompatibilityChangeReporter: Compat change id reported: 170503758; UID 10104; state: DISABLED
06-24 16:14:16.467 685 717 W TextServicesManagerService: no available spell checker services found
06-24 16:14:16.567 685 717 W VoiceInteractionManager: no available voice recognition services found for user 0
06-24 16:14:16.612 685 718 D ActivityManager: sync unfroze 30169 com.qq.cleaning for 3
06-24 16:14:16.624 685 751 V WindowManager: app ------------- force_land :0
06-24 16:14:16.666 685 2059 D CompatibilityChangeReporter: Compat change id reported: 236704164; UID 10104; state: DISABLED
06-24 16:14:16.919 685 2059 D CompatibilityChangeReporter: Compat change id reported: 161145287; UID 10104; state: DISABLED
06-24 16:14:16.921 685 1076 D CompatibilityChangeReporter: Compat change id reported: 261072174; UID 10104; state: DISABLED
06-24 16:14:17.097 0 0 W [0 T7263 ..] audit: audit_lost=18537 audit_rate_limit=5 audit_backlog_limit=64
06-24 16:14:17.098 0 0 E [0 T7263 ..] audit: rate limit exceeded
06-24 16:14:17.098 685 18233 D CompatibilityChangeReporter: Compat change id reported: 171306433; UID 10104; state: DISABLED
06-24 16:14:17.162 0 0 W : [0 T12970 ..] [aml_send_sync_trace 4388] sync token[64026]
06-24 16:14:17.162 0 0 W : [0 T12970 ..] >>> aml_send_msg()
06-24 16:14:17.163 0 0 W : [3 T1041 ..] ipc_sdio_host_msgack_handler 0000000033327061
06-24 16:14:17.164 0 0 W : [3 T1041 ..] [aml_msgackind 2039] msg ack hostid=0xffffff80776b8600
06-24 16:14:17.165 0 0 W : [3 T1041 ..] [cmd_mgr_llind 329] cmd tkn[458] flags:0008 result: -4 cmd: 105-MM_SYNC_TRACE - reqcfm( 0-none)
06-24 16:14:17.166 0 0 W : [3 T1041 ..] [cmd_complete 65] cmd tkn[458] flags:0000 result: -4 cmd: 105-MM_SYNC_TRACE - reqcfm( 0-none)
06-24 16:14:17.701 685 1076 W WindowManager: [addWindow] title:com.tencent.karaoketv/com.tencent.karaoketv.module.splash.ui.AppStartActivity
06-24 16:14:17.701 685 1135 W WindowManager: Failed looking up window session=Session{7a95de9 7157:u0a10104} callers=com.android.server.wm.WindowManagerService.windowForClientLocked:6077 com.android.server.wm.Session.updateRequestedVisibleTypes:695 android.view.IWindowSession$Stub.onTransact:1034
06-24 16:14:17.816 685 1135 W WindowManager: [addWindow] title:com.tencent.karaoketv/com.tencent.karaoketv.module.splash.ui.AppStartActivity
06-24 16:14:17.822 7157 7157 V ActivityThread: getPackageInfo() caused update to cached ApplicationInfo for package com.tencent.karaoketv
06-24 16:14:17.847 685 1135 D CoreBackPreview: Window{d7fa99c u0 com.tencent.karaoketv/com.tencent.karaoketv.module.splash.ui.AppStartActivity}: Setting back callback OnBackInvokedCallbackInfo{mCallback=android.window.IOnBackInvokedCallback$Stub$Proxy@f954ca3, mPriority=0, mIsAnimationCallback=false}
06-24 16:14:17.923 0 0 I [2 T216 ..] servicemanager: Found android.hardware.graphics.allocator.IAllocator/default in device VINTF manifest.
06-24 16:14:17.927 0 0 I [1 T216 ..] servicemanager: Found android.hardware.graphics.allocator.IAllocator/default in device VINTF manifest.
06-24 16:14:17.919 685 709 W ContextImpl: Calling a method in the system process without a qualified user: android.app.ContextImpl.startService:1899 com.android.server.wm.DisplayPolicy.lambda$focusChangedLw$5:2126 com.android.server.wm.DisplayPolicy.$r8$lambda$Znxk63oh-WzVnzo_WQefN7uxV48:0 com.android.server.wm.DisplayPolicy$$ExternalSyntheticLambda13.run:0 android.os.Handler.handleCallback:958
06-24 16:14:17.985 685 1076 D CoreBackPreview: Window{401a32b u0 com.tencent.karaoketv/com.tencent.karaoketv.module.splash.ui.AppStartActivity}: Setting back callback OnBackInvokedCallbackInfo{mCallback=android.window.IOnBackInvokedCallback$Stub$Proxy@8fd7ba0, mPriority=0, mIsAnimationCallback=false}
06-24 16:14:18.064 0 0 E [3 T247 ..] aml_cma_alloc: heap-gfx: alloc failed, req-size: 2072 pages, ret: -12
06-24 16:14:18.214 901 979 V WindowManagerShell: onTransitionReady android.os.BinderProxy@6ed59e1: {id=498 t=OPEN f=0x0 trk=0 r=[0@Point(0, 0)] c=[{WCT{android.window.IWindowContainerToken$Stub$Proxy@8e2ff63} m=OPEN f=NONE leash=Surface(name=Task=160)/@0xdb2eff4 sb=Rect(0, 0 - 1920, 1080) eb=Rect(0, 0 - 1920, 1080) d=0},{WCT{android.window.IWindowContainerToken$Stub$Proxy@c091760} m=TO_BACK f=NONE leash=Surface(name=Task=159)/@0x504b31d sb=Rect(0, 0 - 1920, 1080) eb=Rect(0, 0 - 1920, 1080) d=0}]}
06-24 16:14:18.215 901 979 V WindowManagerShell: Playing animation for (#498)android.os.BinderProxy@6ed59e1@0
06-24 16:14:18.215 901 979 V WindowManagerShell: try handler com.android.wm.shell.keyguard.KeyguardTransitionHandler@24e2028
06-24 16:14:18.215 901 979 V WindowManagerShell: try handler com.android.wm.shell.pip.tv.TvPipTransition@1141
06-24 16:14:18.215 901 979 V WindowManagerShell: try handler com.android.wm.shell.activityembedding.ActivityEmbeddingController@e8f56e6
06-24 16:14:18.215 901 979 V WindowManagerShell: try handler com.android.wm.shell.transition.RemoteTransitionHandler@b664427
06-24 16:14:18.215 901 979 V WindowManagerShell: Transition doesn't have explicit remote, search filters for match for {id=498 t=OPEN f=0x0 trk=0 r=[0@Point(0, 0)] c=[{WCT{android.window.IWindowContainerToken$Stub$Proxy@8e2ff63} m=OPEN f=NONE leash=Surface(name=Task=160)/@0xdb2eff4 sb=Rect(0, 0 - 1920, 1080) eb=Rect(0, 0 - 1920, 1080) d=0},{WCT{android.window.IWindowContainerToken$Stub$Proxy@c091760} m=TO_BACK f=NONE leash=Surface(name=Task=159)/@0x504b31d sb=Rect(0, 0 - 1920, 1080) eb=Rect(0, 0 - 1920, 1080) d=0}]}
06-24 16:14:18.215 901 979 V WindowManagerShell: Delegate animation for #498 to null
06-24 16:14:18.215 901 979 V WindowManagerShell: try handler com.android.wm.shell.transition.DefaultTransitionHandler@7916d4
06-24 16:14:18.215 901 979 V WindowManagerShell: start default transition animation, info = {id=498 t=OPEN f=0x0 trk=0 r=[0@Point(0, 0)] c=[{WCT{android.window.IWindowContainerToken$Stub$Proxy@8e2ff63} m=OPEN f=NONE leash=Surface(name=Task=160)/@0xdb2eff4 sb=Rect(0, 0 - 1920, 1080) eb=Rect(0, 0 - 1920, 1080) d=0},{WCT{android.window.IWindowContainerToken$Stub$Proxy@c091760} m=TO_BACK f=NONE leash=Surface(name=Task=159)/@0x504b31d sb=Rect(0, 0 - 1920, 1080) eb=Rect(0, 0 - 1920, 1080) d=0}]}
06-24 16:14:18.216 901 979 V WindowManagerShell: loadAnimation: anim=android.view.animation.AlphaAnimation@93e6419 animAttr=0x9 type=OPEN isEntrance=false
06-24 16:14:18.216 901 979 V WindowManagerShell: loadAnimation: anim=android.view.animation.AlphaAnimation@6666cde animAttr=0x8 type=OPEN isEntrance=true
06-24 16:14:18.218 901 979 V WindowManagerShell: animated by com.android.wm.shell.transition.DefaultTransitionHandler@7916d4
