06-24 16:16:29.306 685 1929 I ActivityTaskManager: START u0 {cmp=com.dangbei.leard.leradlauncher/com.dangbei.launcher.secondary.app.AppSecondaryActivity (has extras)} with LAUNCH_MULTIPLE from uid 1000 (BAL_ALLOW_ALLOWLISTED_UID) result code=0
06-24 16:16:29.309 901 979 V WindowManagerShell: Transition requested: android.os.BinderProxy@6bd5210 TransitionRequestInfo { type = 1, triggerTask = TaskInfo{userId=0 taskId=32 displayId=0 isRunning=true baseIntent=Intent { act=android.intent.action.MAIN cat=[android.intent.category.HOME] flg=0x10800100 cmp=com.dangbei.leard.leradlauncher/com.dangbei.launcher.home.LauncherActivity } baseActivity=ComponentInfo{com.dangbei.leard.leradlauncher/com.dangbei.launcher.home.LauncherActivity} topActivity=ComponentInfo{com.dangbei.leard.leradlauncher/com.dangbei.launcher.secondary.app.AppSecondaryActivity} origActivity=null realActivity=ComponentInfo{com.dangbei.leard.leradlauncher/com.dangbei.launcher.home.LauncherActivity} numActivities=2 lastActiveTime=18397206 supportsMultiWindow=true resizeMode=0 isResizeable=false minWidth=-1 minHeight=-1 defaultMinSize=220 token=WCT{android.window.IWindowContainerToken$Stub$Proxy@5fd0109} topActivityType=2 pictureInPictureParams=null shouldDockBigOverlays=true launchIntoPipHostTaskId=-1 lastParentTaskIdBeforePip=-1 displayCutoutSafeInsets=null topActivityInfo=ActivityInfo{9005f0e com.dangbei.launcher.secondary.app.AppSecondaryActivity} launchCookies=[] positionInParent=Point(0, 0) parentTaskId=-1 isFocused=true isVisible=true isVisibleRequested=true isSleeping=false topActivityInSizeCompat=false topActivityEligibleForLetterboxEducation= false isLetterboxDoubleTapEnabled= false topActivityEligibleForUserAspectRatioButton= false topActivityBoundsLetterboxed= false isFromLetterboxDoubleTap= false topActivityLetterboxVerticalPosition= -1 topActivityLetterboxHorizontalPosition= -1 topActivityLetterboxWidth=-1 topActivityLetterboxHeight=-1 isUserFullscreenOverrideEnabled=false isTopActivityTransparent=false locusId=null displayAreaFeatureId=1 cameraCompatControlState=hidden}, remoteTransition = null, displayChange = null, flags = 0 }
06-24 16:16:29.313 685 1929 V WindowManager: app ------------- force_land :0
06-24 16:16:29.320 685 711 W ProcessStats: Tracking association SourceState{2ed2a5c system/1000 ImpFg #10576} whose proc state 5 is better than process ProcessState{9231bd0 com.android.permissioncontroller/10074 pkg=com.android.permissioncontroller} proc state 15 (11 skipped)
06-24 16:16:29.357 685 1929 W WindowManager: Failed looking up window session=Session{e396e2b 1423:1000} callers=com.android.server.wm.WindowManagerService.windowForClientLocked:6077 com.android.server.wm.Session.updateRequestedVisibleTypes:695 android.view.IWindowSession$Stub.onTransact:1034
06-24 16:16:29.358 685 13323 W WindowManager: [addWindow] title:com.dangbei.leard.leradlauncher/com.dangbei.launcher.secondary.app.AppSecondaryActivity
06-24 16:16:29.376 685 13323 D CoreBackPreview: Window{c018e39 u0 com.dangbei.leard.leradlauncher/com.dangbei.launcher.secondary.app.AppSecondaryActivity}: Setting back callback OnBackInvokedCallbackInfo{mCallback=android.window.IOnBackInvokedCallback$Stub$Proxy@21fb5df, mPriority=0, mIsAnimationCallback=false}
06-24 16:16:29.416 685 708 V WindowManager: Sent Transition #509 createdAt=06-24 16:16:29.300 via request=TransitionRequestInfo { type = 1, triggerTask = TaskInfo{userId=0 taskId=32 displayId=0 isRunning=true baseIntent=Intent { act=android.intent.action.MAIN cat=[android.intent.category.HOME] flg=0x10800100 cmp=com.dangbei.leard.leradlauncher/com.dangbei.launcher.home.LauncherActivity } baseActivity=ComponentInfo{com.dangbei.leard.leradlauncher/com.dangbei.launcher.home.LauncherActivity} topActivity=ComponentInfo{com.dangbei.leard.leradlauncher/com.dangbei.launcher.secondary.app.AppSecondaryActivity} origActivity=null realActivity=ComponentInfo{com.dangbei.leard.leradlauncher/com.dangbei.launcher.home.LauncherActivity} numActivities=2 lastActiveTime=18397206 supportsMultiWindow=true resizeMode=0 isResizeable=false minWidth=-1 minHeight=-1 defaultMinSize=220 token=WCT{RemoteToken{a5d9d8d Task{131419d #32 type=home A=1000:com.dangbei.leard.leradlauncher}}} topActivityType=2 pictureInPictureParams=null shouldDockBigOverlays=true launchIntoPipHostTaskId=-1 lastParentTaskIdBeforePip=-1 displayCutoutSafeInsets=null topActivityInfo=ActivityInfo{ee2828a com.dangbei.launcher.secondary.app.AppSecondaryActivity} launchCookies=[] positionInParent=Point(0, 0) parentTaskId=-1 isFocused=true isVisible=true isVisibleRequested=true isSleeping=false topActivityInSizeCompat=false topActivityEligibleForLetterboxEducation= false isLetterboxDoubleTapEnabled= false topActivityEligibleForUserAspectRatioButton= false topActivityBoundsLetterboxed= false isFromLetterboxDoubleTap= false topActivityLetterboxVerticalPosition= -1 topActivityLetterboxHorizontalPosition= -1 topActivityLetterboxWidth=-1 topActivityLetterboxHeight=-1 isUserFullscreenOverrideEnabled=false isTopActivityTransparent=false locusId=null displayAreaFeatureId=1 cameraCompatControlState=hidden}, remoteTransition = null, displayChange = null, flags = 0 }
06-24 16:16:29.417 685 708 V WindowManager: startWCT=WindowContainerTransaction { changes = {} hops = [] errorCallbackToken=null taskFragmentOrganizer=null }
06-24 16:16:29.417 685 708 V WindowManager: info={id=509 t=OPEN f=0x0 trk=0 r=[0@Point(0, 0)] c=[{null m=OPEN f=FILLS_TASK leash=Surface(name=ActivityRecord{bc63f32 u0 com.dangbei.leard.leradlauncher/com.dangbei.launcher.secondary.app.AppSecondaryActivity)/@0xa64922c sb=Rect(0, 0 - 0, 0) eb=Rect(0, 0 - 1920, 1080) d=-1->0 r=-1->0:-1},{null m=TO_BACK f=FILLS_TASK leash=Surface(name=ActivityRecord{c96a874 u0 com.dangbei.leard.leradlauncher/com.dangbei.launcher.home.LauncherActivity)/@0xdafeeb1 sb=Rect(0, 0 - 1920, 1080) eb=Rect(0, 0 - 1920, 1080) d=0}]}
06-24 16:16:29.419 901 979 V WindowManagerShell: onTransitionReady android.os.BinderProxy@6bd5210: {id=509 t=OPEN f=0x0 trk=0 r=[0@Point(0, 0)] c=[{null m=OPEN f=FILLS_TASK leash=Surface(name=ActivityRecord{bc63f32 u0 com.dangbei.leard.leradlauncher/com.dangbei.launcher.secondary.app.AppSecondaryActivity)/@0x4f2ed2f sb=Rect(0, 0 - 0, 0) eb=Rect(0, 0 - 1920, 1080) d=-1->0 r=-1->0:-1},{null m=TO_BACK f=FILLS_TASK leash=Surface(name=ActivityRecord{c96a874 u0 com.dangbei.leard.leradlauncher/com.dangbei.launcher.home.LauncherActivity)/@0x10d7f3c sb=Rect(0, 0 - 1920, 1080) eb=Rect(0, 0 - 1920, 1080) d=0}]}
06-24 16:16:29.420 901 979 V WindowManagerShell: Playing animation for (#509)android.os.BinderProxy@6bd5210@0
06-24 16:16:29.420 901 979 V WindowManagerShell: try handler com.android.wm.shell.keyguard.KeyguardTransitionHandler@24e2028
06-24 16:16:29.420 901 979 V WindowManagerShell: try handler com.android.wm.shell.pip.tv.TvPipTransition@1141
06-24 16:16:29.420 901 979 V WindowManagerShell: try handler com.android.wm.shell.activityembedding.ActivityEmbeddingController@e8f56e6
06-24 16:16:29.421 901 979 V WindowManagerShell: try handler com.android.wm.shell.transition.RemoteTransitionHandler@b664427
06-24 16:16:29.421 901 979 V WindowManagerShell: Transition doesn't have explicit remote, search filters for match for {id=509 t=OPEN f=0x0 trk=0 r=[0@Point(0, 0)] c=[{null m=OPEN f=FILLS_TASK leash=Surface(name=ActivityRecord{bc63f32 u0 com.dangbei.leard.leradlauncher/com.dangbei.launcher.secondary.app.AppSecondaryActivity)/@0x4f2ed2f sb=Rect(0, 0 - 0, 0) eb=Rect(0, 0 - 1920, 1080) d=-1->0 r=-1->0:-1},{null m=TO_BACK f=FILLS_TASK leash=Surface(name=ActivityRecord{c96a874 u0 com.dangbei.leard.leradlauncher/com.dangbei.launcher.home.LauncherActivity)/@0x10d7f3c sb=Rect(0, 0 - 1920, 1080) eb=Rect(0, 0 - 1920, 1080) d=0}]}
06-24 16:16:29.421 901 979 V WindowManagerShell: Delegate animation for #509 to null
06-24 16:16:29.421 901 979 V WindowManagerShell: try handler com.android.wm.shell.transition.DefaultTransitionHandler@7916d4
06-24 16:16:29.421 901 979 V WindowManagerShell: start default transition animation, info = {id=509 t=OPEN f=0x0 trk=0 r=[0@Point(0, 0)] c=[{null m=OPEN f=FILLS_TASK leash=Surface(name=ActivityRecord{bc63f32 u0 com.dangbei.leard.leradlauncher/com.dangbei.launcher.secondary.app.AppSecondaryActivity)/@0x4f2ed2f sb=Rect(0, 0 - 0, 0) eb=Rect(0, 0 - 1920, 1080) d=-1->0 r=-1->0:-1},{null m=TO_BACK f=FILLS_TASK leash=Surface(name=ActivityRecord{c96a874 u0 com.dangbei.leard.leradlauncher/com.dangbei.launcher.home.LauncherActivity)/@0x10d7f3c sb=Rect(0, 0 - 1920, 1080) eb=Rect(0, 0 - 1920, 1080) d=0}]}
06-24 16:16:29.423 901 979 V WindowManagerShell: Transition animation finished (aborted=false), notifying core (#509)android.os.BinderProxy@6bd5210@0
06-24 16:16:29.431 685 708 V WindowManager: Finish Transition #509: created at
06-24 16:16:29.300 collect-started=0.085ms request-sent=5.046ms started=10.29ms ready=15.098ms sent=113.819ms finished=130.015ms
06-24 16:16:29.433 901 979 V WindowManagerShell: Track 0 became idle
06-24 16:16:29.433 901 979 V WindowManagerShell: All active transition animations finished
06-24 16:16:29.433 901 979 V WindowManagerShell: animated by com.android.wm.shell.transition.DefaultTransitionHandler@7916d4
06-24 16:16:29.433 901 979 V WindowManagerShell: Track 0 became idle
06-24 16:16:29.433 901 979 V WindowManagerShell: All active transition animations finished
06-24 16:16:29.433 901 979 D WindowManagerShell: TvPipController: onTaskStackChanged()
06-24 16:16:29.482 685 709 W ContextImpl: Calling a method in the system process without a qualified user: android.app.ContextImpl.startService:1899 com.android.server.wm.DisplayPolicy.lambda$focusChangedLw$5:2126 com.android.server.wm.DisplayPolicy.$r8$lambda$Znxk63oh-WzVnzo_WQefN7uxV48:0 com.android.server.wm.DisplayPolicy$$ExternalSyntheticLambda13.run:0 android.os.Handler.handleCallback:958
06-24 16:16:29.554 685 959 W ActivityManager: Unable to start service Intent { act=com.audiocn.karaoke.KaraokeService pkg=com.audiocn.karaoke.micmanager } U=0: not found
06-24 16:16:29.556 685 959 W ActivityManager: Unable to start service Intent { act=com.audiocn.karaoke.KaraokeService pkg=com.audiocn.karaoke.micmanager } U=0: not found
06-24 16:16:30.191 685 718 D CompatibilityChangeReporter: Compat change id reported: 135634846; UID 10077; state: DISABLED
06-24 16:16:30.192 685 719 D CompatibilityChangeReporter: Compat change id reported: 143937733; UID 10077; state: ENABLED
06-24 16:16:30.207 685 719 I ActivityManager: Start proc 10414:com.dangbei.dbmusic/u0a77 for service {com.dangbei.dbmusic/com.dangbei.dbmusic.player.service.MusicService}
06-24 16:16:30.236 685 959 D CompatibilityChangeReporter: Compat change id reported: 168419799; UID 10077; state: DISABLED
06-24 16:16:30.236 685 959 D CompatibilityChangeReporter: Compat change id reported: 273564678; UID 10077; state: DISABLED
06-24 16:16:30.245 685 959 D CompatibilityChangeReporter: Compat change id reported: 170503758; UID 10077; state: DISABLED
06-24 16:16:30.259 0 0 W [1 T23126 ..] audit: audit_lost=20110 audit_rate_limit=5 audit_backlog_limit=64
06-24 16:16:30.260 0 0 E [1 T23126 ..] audit: rate limit exceeded
06-24 16:16:30.388 685 959 I MediaSessionStack: addSession to bottom of stack | record: com.dangbei.dbmusic/MusicService (userId=0)
06-24 16:16:30.421 685 13323 D CompatibilityChangeReporter: Compat change id reported: 170668199; UID 10077; state: DISABLED
06-24 16:16:30.421 685 13323 W ActivityManager: Foreground service started from background can not have location/camera/microphone access: service com.dangbei.dbmusic/.player.service.MusicService
06-24 16:16:30.422 685 13323 D CompatibilityChangeReporter: Compat change id reported: 255038118; UID 10077; state: DISABLED
06-24 16:16:30.422 685 13323 D CompatibilityChangeReporter: Compat change id reported: 255042465; UID 10077; state: DISABLED
06-24 16:16:30.422 685 718 V ActivityManager: Attempted to start a foreground service (com.dangbei.dbmusic/.player.service.MusicService) with a broken notification (no icon: Notification(channel=400 shortcut=null contentView=null vibrate=null sound=null defaults=0x0 flags=0x40 color=0x00000000 vis=PRIVATE))
06-24 16:16:30.431 685 9098 W ActivityManager: Foreground service started from background can not have location/camera/microphone access: service com.dangbei.dbmusic/.player.service.MusicService
06-24 16:16:30.432 685 718 V ActivityManager: Attempted to start a foreground service (com.dangbei.dbmusic/.player.service.MusicService) with a broken notification (no icon: Notification(channel=400 shortcut=null contentView=null vibrate=null sound=null defaults=0x0 flags=0x40 color=0x00000000 vis=PRIVATE))
06-24 16:16:30.551 685 9098 D CompatibilityChangeReporter: Compat change id reported: 261072174; UID 10077; state: DISABLED
06-24 16:16:30.559 0 0 W : [2 T1046 ..] [SP FRAME RX] arp req,vif_idx:0 sender:[12:3c:2c:e1:84:9f 192.168.3.254]receiver:[00:00:00:00:00:00 192.168.3.75]
06-24 16:16:30.560 0 0 W : [2 T1046 ..] [SP FRAME TX] arp rsp,vif_idx:0 sender:[1c:79:2d:20:62:cb 192.168.3.75]receiver:[12:3c:2c:e1:84:9f 192.168.3.254]
06-24 16:16:30.570 685 685 W NotificationHistory: Attempted to add notif for locked/gone/disabled user 0
06-24 16:16:30.583 685 9098 W ActivityManager: Unable to start service Intent { act=com.audiocn.karaoke.KaraokeService pkg=com.audiocn.karaoke.micmanager } U=0: not found
06-24 16:16:30.588 685 9098 W ActivityManager: Unable to start service Intent { act=com.audiocn.karaoke.KaraokeService pkg=com.audiocn.karaoke.micmanager } U=0: not found
06-24 16:16:30.794 0 0 W : [2 T516 .s] [SP FRAME TX] arp req,vif_idx:0 sender:[1c:79:2d:20:62:cb 192.168.3.75]receiver:[00:00:00:00:00:00 192.168.3.243]
06-24 16:16:30.795 0 0 W : [2 T516 .s] [SP FRAME TX] arp req,vif_idx:0 sender:[1c:79:2d:20:62:cb 192.168.3.75]receiver:[00:00:00:00:00:00 192.168.3.176]
06-24 16:16:30.797 0 0 W : [2 T516 .s] [SP FRAME TX] arp req,vif_idx:0 sender:[1c:79:2d:20:62:cb 192.168.3.75]receiver:[00:00:00:00:00:00 192.168.3.36]
06-24 16:16:30.798 0 0 W : [2 T516 .s] [SP FRAME TX] arp req,vif_idx:0 sender:[1c:79:2d:20:62:cb 192.168.3.75]receiver:[00:00:00:00:00:00 192.168.3.254]
06-24 16:16:30.800 0 0 W : [2 T1046 ..] [SP FRAME RX] arp req,vif_idx:0 sender:[16:8e:6e:17:dc:41 192.168.3.176]receiver:[00:00:00:00:00:00 192.168.3.75]
06-24 16:16:30.801 0 0 W : [2 T1046 ..] [SP FRAME TX] arp rsp,vif_idx:0 sender:[1c:79:2d:20:62:cb 192.168.3.75]receiver:[16:8e:6e:17:dc:41 192.168.3.176]
06-24 16:16:30.818 0 0 W : [2 T1046 ..] [SP FRAME RX] arp rsp,vif_idx:0 sender:[b6:86:f8:35:d4:28 192.168.3.36]receiver:[1c:79:2d:20:62:cb 192.168.3.75]
06-24 16:16:30.841 0 0 W : [2 T1046 ..] [SP FRAME RX] arp rsp,vif_idx:0 sender:[16:8e:6e:17:dc:41 192.168.3.176]receiver:[1c:79:2d:20:62:cb 192.168.3.75]
06-24 16:16:30.858 0 0 W : [2 T1046 ..] [SP FRAME RX] arp rsp,vif_idx:0 sender:[12:3c:2c:e1:84:9f 192.168.3.254]receiver:[1c:79:2d:20:62:cb 192.168.3.75]
06-24 16:16:30.889 0 0 W : [2 T1046 ..] [SP FRAME RX] arp req,vif_idx:0 sender:[b6:86:f8:35:d4:28 192.168.3.36]receiver:[00:00:00:00:00:00 192.168.3.75]
06-24 16:16:30.890 0 0 W : [2 T1046 ..] [SP FRAME TX] arp rsp,vif_idx:0 sender:[1c:79:2d:20:62:cb 192.168.3.75]receiver:[b6:86:f8:35:d4:28 192.168.3.36]
06-24 16:16:31.818 0 0 W : [2 T0 .s] [SP FRAME TX] arp req,vif_idx:0 sender:[1c:79:2d:20:62:cb 192.168.3.75]receiver:[00:00:00:00:00:00 192.168.3.243]
06-24 16:16:32.064 685 1929 W ActivityManager: Unable to start service Intent { act=com.audiocn.karaoke.KaraokeService pkg=com.audiocn.karaoke.micmanager } U=0: not found
06-24 16:16:32.065 685 1929 W ActivityManager: Unable to start service Intent { act=com.audiocn.karaoke.KaraokeService pkg=com.audiocn.karaoke.micmanager } U=0: not found
06-24 16:16:32.842 0 0 W : [2 T0 .s] [SP FRAME TX] arp req,vif_idx:0 sender:[1c:79:2d:20:62:cb 192.168.3.75]receiver:[00:00:00:00:00:00 192.168.3.243]
06-24 16:16:33.226 685 1929 W ActivityManager: Unable to start service Intent { act=com.audiocn.karaoke.KaraokeService pkg=com.audiocn.karaoke.micmanager } U=0: not found
06-24 16:16:33.227 685 1929 W ActivityManager: Unable to start service Intent { act=com.audiocn.karaoke.KaraokeService pkg=com.audiocn.karaoke.micmanager } U=0: not found
06-24 16:16:33.866 0 0 W : [2 T0 .s] [SP FRAME TX] arp req,vif_idx:0 sender:[1c:79:2d:20:62:cb 192.168.3.75]receiver:[00:00:00:00:00:00 192.168.3.243]
06-24 16:16:34.234 685 952 W ActivityManager: Unable to start service Intent { act=com.audiocn.karaoke.KaraokeService pkg=com.audiocn.karaoke.micmanager } U=0: not found
06-24 16:16:34.234 685 952 W ActivityManager: Unable to start service Intent { act=com.audiocn.karaoke.KaraokeService pkg=com.audiocn.karaoke.micmanager } U=0: not found
06-24 16:16:34.890 0 0 W : [0 T1046 ..] [SP FRAME RX] arp req,vif_idx:0 sender:[9a:86:f7:27:5c:25 192.168.3.169]receiver:[00:00:00:00:00:00 192.168.3.75]
06-24 16:16:34.890 0 0 W : [2 T0 .s] [SP FRAME TX] arp req,vif_idx:0 sender:[1c:79:2d:20:62:cb 192.168.3.75]receiver:[00:00:00:00:00:00 192.168.3.243]
06-24 16:16:34.891 0 0 W : [0 T1046 ..] [SP FRAME RX] arp req,vif_idx:0 sender:[20:57:9e:67:7f:db 192.168.3.98]receiver:[00:00:00:00:00:00 192.168.3.75]
06-24 16:16:34.892 0 0 W : [2 T0 .s] [SP FRAME TX] arp rsp,vif_idx:0 sender:[1c:79:2d:20:62:cb 192.168.3.75]receiver:[9a:86:f7:27:5c:25 192.168.3.169]
06-24 16:16:34.894 0 0 W : [0 T1046 ..] [SP FRAME RX] arp req,vif_idx:0 sender:[1c:79:2d:53:fa:d4 192.168.3.127]receiver:[00:00:00:00:00:00 192.168.3.75]
06-24 16:16:34.895 0 0 W : [2 T0 .s] [SP FRAME TX] arp rsp,vif_idx:0 sender:[1c:79:2d:20:62:cb 192.168.3.75]receiver:[20:57:9e:67:7f:db 192.168.3.98]
06-24 16:16:34.898 0 0 W : [2 T0 .s] [SP FRAME TX] arp rsp,vif_idx:0 sender:[1c:79:2d:20:62:cb 192.168.3.75]receiver:[1c:79:2d:53:fa:d4 192.168.3.127]
06-24 16:16:34.937 0 0 W : [1 T1046 ..] [SP FRAME RX] arp req,vif_idx:0 sender:[de:90:cb:50:92:8f 192.168.3.145]receiver:[00:00:00:00:00:00 192.168.3.75]
06-24 16:16:34.938 0 0 W : [1 T1046 ..] [SP FRAME TX] arp rsp,vif_idx:0 sender:[1c:79:2d:20:62:cb 192.168.3.75]receiver:[de:90:cb:50:92:8f 192.168.3.145]
06-24 16:16:35.196 0 0 W : [1 T1046 ..] [SP FRAME RX] arp req,vif_idx:0 sender:[fa:f0:09:28:64:31 192.168.3.73]receiver:[00:00:00:00:00:00 192.168.3.75]
06-24 16:16:35.197 0 0 W : [1 T1046 ..] [SP FRAME TX] arp rsp,vif_idx:0 sender:[1c:79:2d:20:62:cb 192.168.3.75]receiver:[fa:f0:09:28:64:31 192.168.3.73]
06-24 16:16:35.198 0 0 W : [1 T1046 ..] [SP FRAME RX] arp req,vif_idx:0 sender:[0c:91:60:12:cd:6e 192.168.3.81]receiver:[00:00:00:00:00:00 192.168.3.75]
06-24 16:16:35.200 0 0 W : [1 T1046 ..] [SP FRAME TX] arp rsp,vif_idx:0 sender:[1c:79:2d:20:62:cb 192.168.3.75]receiver:[0c:91:60:12:cd:6e 192.168.3.81]
06-24 16:16:35.201 0 0 W : [1 T1046 ..] [SP FRAME RX] arp req,vif_idx:0 sender:[3a:fd:3d:ee:5f:54 192.168.3.129]receiver:[00:00:00:00:00:00 192.168.3.75]
06-24 16:16:35.203 0 0 W : [1 T1046 ..] [SP FRAME TX] arp rsp,vif_idx:0 sender:[1c:79:2d:20:62:cb 192.168.3.75]receiver:[3a:fd:3d:ee:5f:54 192.168.3.129]
06-24 16:16:35.204 0 0 W : [1 T1046 ..] [SP FRAME RX] arp req,vif_idx:0 sender:[28:7b:11:70:4f:a5 192.168.3.155]receiver:[00:00:00:00:00:00 192.168.3.75]
06-24 16:16:35.206 0 0 W : [1 T1046 ..] [SP FRAME TX] arp rsp,vif_idx:0 sender:[1c:79:2d:20:62:cb 192.168.3.75]receiver:[28:7b:11:70:4f:a5 192.168.3.155]
06-24 16:16:35.236 0 0 W : [1 T1046 ..] [SP FRAME RX] arp req,vif_idx:0 sender:[d2:07:9a:6e:a7:36 192.168.3.27]receiver:[00:00:00:00:00:00 192.168.3.75]
06-24 16:16:35.237 0 0 W : [1 T1046 ..] [SP FRAME TX] arp rsp,vif_idx:0 sender:[1c:79:2d:20:62:cb 192.168.3.75]receiver:[d2:07:9a:6e:a7:36 192.168.3.27]
06-24 16:16:35.288 0 0 W : [1 T1046 ..] [SP FRAME RX] arp req,vif_idx:0 sender:[da:b8:33:f6:93:fe 192.168.3.89]receiver:[00:00:00:00:00:00 192.168.3.75]
06-24 16:16:35.289 0 0 W : [1 T1046 ..] [SP FRAME TX] arp rsp,vif_idx:0 sender:[1c:79:2d:20:62:cb 192.168.3.75]receiver:[da:b8:33:f6:93:fe 192.168.3.89]
06-24 16:16:35.406 0 0 W : [1 T1046 ..] [SP FRAME RX] arp req,vif_idx:0 sender:[56:86:a9:ec:10:a8 192.168.3.19]receiver:[00:00:00:00:00:00 192.168.3.75]
06-24 16:16:35.407 0 0 W : [1 T1046 ..] [SP FRAME TX] arp rsp,vif_idx:0 sender:[1c:79:2d:20:62:cb 192.168.3.75]receiver:[56:86:a9:ec:10:a8 192.168.3.19]
06-24 16:16:35.428 0 0 W : [1 T1046 ..] [SP FRAME RX] arp req,vif_idx:0 sender:[28:7b:11:70:51:1f 192.168.3.44]receiver:[00:00:00:00:00:00 192.168.3.75]
06-24 16:16:35.429 0 0 W : [1 T1046 ..] [SP FRAME TX] arp rsp,vif_idx:0 sender:[1c:79:2d:20:62:cb 192.168.3.75]receiver:[28:7b:11:70:51:1f 192.168.3.44]
06-24 16:16:35.493 0 0 W : [1 T1046 ..] [SP FRAME RX] arp req,vif_idx:0 sender:[e2:8e:12:0f:0b:47 192.168.3.123]receiver:[00:00:00:00:00:00 192.168.3.75]
06-24 16:16:35.494 0 0 W : [1 T1046 ..] [SP FRAME TX] arp rsp,vif_idx:0 sender:[1c:79:2d:20:62:cb 192.168.3.75]receiver:[e2:8e:12:0f:0b:47 192.168.3.123]
06-24 16:16:35.551 0 0 W [1 T5418 ..] audit: audit_lost=20128 audit_rate_limit=5 audit_backlog_limit=64
06-24 16:16:35.551 0 0 E [1 T5418 ..] audit: rate limit exceeded
06-24 16:16:35.550 685 952 W ActivityManager: Unable to start service Intent { act=com.audiocn.karaoke.KaraokeService pkg=com.audiocn.karaoke.micmanager } U=0: not found
06-24 16:16:35.551 685 952 W ActivityManager: Unable to start service Intent { act=com.audiocn.karaoke.KaraokeService pkg=com.audiocn.karaoke.micmanager } U=0: not found
06-24 16:16:35.579 0 0 W : [1 T1046 ..] [SP FRAME RX] arp req,vif_idx:0 sender:[0c:91:60:12:cd:fc 192.168.3.171]receiver:[00:00:00:00:00:00 192.168.3.75]
06-24 16:16:35.580 0 0 W : [1 T1046 ..] [SP FRAME TX] arp rsp,vif_idx:0 sender:[1c:79:2d:20:62:cb 192.168.3.75]receiver:[0c:91:60:12:cd:fc 192.168.3.171]
06-24 16:16:35.639 0 0 W : [1 T1046 ..] [SP FRAME RX] arp req,vif_idx:0 sender:[38:54:39:af:de:38 192.168.3.114]receiver:[00:00:00:00:00:00 192.168.3.75]
06-24 16:16:35.640 0 0 W : [1 T1046 ..] [SP FRAME TX] arp rsp,vif_idx:0 sender:[1c:79:2d:20:62:cb 192.168.3.75]receiver:[38:54:39:af:de:38 192.168.3.114]
06-24 16:16:35.642 0 0 W : [1 T1046 ..] [SP FRAME RX] arp req,vif_idx:0 sender:[e2:04:f6:d8:62:00 192.168.3.194]receiver:[00:00:00:00:00:00 192.168.3.75]
06-24 16:16:35.643 0 0 W : [1 T1046 ..] [SP FRAME TX] arp rsp,vif_idx:0 sender:[1c:79:2d:20:62:cb 192.168.3.75]receiver:[e2:04:f6:d8:62:00 192.168.3.194]
06-24 16:16:35.816 0 0 W : [1 T1046 ..] [SP FRAME RX] arp req,vif_idx:0 sender:[0c:91:60:12:cd:8c 192.168.3.70]receiver:[00:00:00:00:00:00 192.168.3.75]
06-24 16:16:35.817 0 0 W : [1 T1046 ..] [SP FRAME TX] arp rsp,vif_idx:0 sender:[1c:79:2d:20:62:cb 192.168.3.75]receiver:[0c:91:60:12:cd:8c 192.168.3.70]
06-24 16:16:35.914 0 0 W : [2 T0 .s] [SP FRAME TX] arp req,vif_idx:0 sender:[1c:79:2d:20:62:cb 192.168.3.75]receiver:[00:00:00:00:00:00 192.168.3.243]
06-24 16:16:35.920 0 0 W : [1 T1046 ..] [SP FRAME RX] arp req,vif_idx:0 sender:[28:7b:11:70:4f:bd 192.168.3.156]receiver:[00:00:00:00:00:00 192.168.3.75]
06-24 16:16:35.921 0 0 W : [1 T1046 ..] [SP FRAME TX] arp rsp,vif_idx:0 sender:[1c:79:2d:20:62:cb 192.168.3.75]receiver:[28:7b:11:70:4f:bd 192.168.3.156]
06-24 16:16:36.938 0 0 W : [2 T0 .s] [SP FRAME TX] arp req,vif_idx:0 sender:[1c:79:2d:20:62:cb 192.168.3.75]receiver:[00:00:00:00:00:00 192.168.3.243]
06-24 16:16:37.058 685 959 W ActivityManager: Unable to start service Intent { act=com.audiocn.karaoke.KaraokeService pkg=com.audiocn.karaoke.micmanager } U=0: not found
06-24 16:16:37.059 685 959 W ActivityManager: Unable to start service Intent { act=com.audiocn.karaoke.KaraokeService pkg=com.audiocn.karaoke.micmanager } U=0: not found
06-24 16:16:37.962 0 0 W : [2 T0 .s] [SP FRAME TX] arp req,vif_idx:0 sender:[1c:79:2d:20:62:cb 192.168.3.75]receiver:[00:00:00:00:00:00 192.168.3.243]
06-24 16:16:38.597 685 959 W ActivityManager: Unable to start service Intent { act=com.audiocn.karaoke.KaraokeService pkg=com.audiocn.karaoke.micmanager } U=0: not found
06-24 16:16:38.598 685 959 W ActivityManager: Unable to start service Intent { act=com.audiocn.karaoke.KaraokeService pkg=com.audiocn.karaoke.micmanager } U=0: not found
06-24 16:16:38.986 0 0 W : [2 T9875 .s] [SP FRAME TX] arp req,vif_idx:0 sender:[1c:79:2d:20:62:cb 192.168.3.75]receiver:[00:00:00:00:00:00 192.168.3.243]
06-24 16:16:40.010 0 0 W : [2 T9875 .s] [SP FRAME TX] arp req,vif_idx:0 sender:[1c:79:2d:20:62:cb 192.168.3.75]receiver:[00:00:00:00:00:00 192.168.3.243]
06-24 16:16:40.540 0 0 W : [2 T1046 ..] [SP FRAME RX] DHCP[0 1], vif_idx:0
06-24 16:16:40.567 685 959 W ActivityManager: Unable to start service Intent { act=com.audiocn.karaoke.KaraokeService pkg=com.audiocn.karaoke.micmanager } U=0: not found
06-24 16:16:40.567 685 959 W ActivityManager: Unable to start service Intent { act=com.audiocn.karaoke.KaraokeService pkg=com.audiocn.karaoke.micmanager } U=0: not found
06-24 16:16:40.887 1423 1423 W ContextImpl: Calling a method in the system process without a qualified user: android.app.ContextImpl.startActivity:1114 android.content.ContextWrapper.startActivity:458 com.monster.therouter.router.Navigator$navigation$callback111$1.invoke:30 com.monster.therouter.router.Navigator$navigation$callback111$1.invoke:1 com.monster.therouter.router.NavigatorKt$setRouterInterceptor$1$1.onContinue:7
06-24 16:16:40.896 685 959 V SplashScreenExceptionList: SplashScreen checking exception for package com.dangbei.leard.leradlauncher (target sdk:28) -> false
06-24 16:16:40.900 685 959 I ActivityTaskManager: START u0 {flg=0x10000000 cmp=com.dangbei.leard.leradlauncher/.module.app.AppDetailActivity (has extras)} with LAUNCH_SINGLE_TASK from uid 1000 (BAL_ALLOW_ALLOWLISTED_UID) result code=0
06-24 16:16:40.900 901 979 V WindowManagerShell: Transition requested: android.os.BinderProxy@f4b2d4b TransitionRequestInfo { type = 1, triggerTask = TaskInfo{userId=0 taskId=162 displayId=0 isRunning=true baseIntent=Intent { flg=0x10800000 cmp=com.dangbei.leard.leradlauncher/.module.app.AppDetailActivity } baseActivity=ComponentInfo{com.dangbei.leard.leradlauncher/com.dangbei.leard.leradlauncher.module.app.AppDetailActivity} topActivity=ComponentInfo{com.dangbei.leard.leradlauncher/com.dangbei.leard.leradlauncher.module.app.AppDetailActivity} origActivity=null realActivity=ComponentInfo{com.dangbei.leard.leradlauncher/com.dangbei.leard.leradlauncher.module.app.AppDetailActivity} numActivities=1 lastActiveTime=18408800 supportsMultiWindow=true resizeMode=1 isResizeable=true minWidth=-1 minHeight=-1 defaultMinSize=220 token=WCT{android.window.IWindowContainerToken$Stub$Proxy@dd15328} topActivityType=1 pictureInPictureParams=null shouldDockBigOverlays=true launchIntoPipHostTaskId=-1 lastParentTaskIdBeforePip=-1 displayCutoutSafeInsets=null topActivityInfo=ActivityInfo{266c841 com.dangbei.leard.leradlauncher.module.app.AppDetailActivity} launchCookies=[] positionInParent=Point(0, 0) parentTaskId=-1 isFocused=false isVisible=false isVisibleRequested=false isSleeping=false topActivityInSizeCompat=false topActivityEligibleForLetterboxEducation= false isLetterboxDoubleTapEnabled= false topActivityEligibleForUserAspectRatioButton= false topActivityBoundsLetterboxed= false isFromLetterboxDoubleTap= false topActivityLetterboxVerticalPosition= -1 topActivityLetterboxHorizontalPosition= -1 topActivityLetterboxWidth=-1 topActivityLetterboxHeight=-1 isUserFullscreenOverrideEnabled=false isTopActivityTransparent=false locusId=null displayAreaFeatureId=1 cameraCompatControlState=hidden}, remoteTransition = null, displayChange = null, flags = 0 }
06-24 16:16:40.907 685 952 V WindowManager: app ------------- force_land :0
06-24 16:16:40.915 685 711 W ProcessStats: Tracking association SourceState{2ed2a5c system/1000 ImpFg #10596} whose proc state 5 is better than process ProcessState{9231bd0 com.android.permissioncontroller/10074 pkg=com.android.permissioncontroller} proc state 15 (2 skipped)
06-24 16:16:40.972 685 952 W WindowManager: [addWindow] title:com.dangbei.leard.leradlauncher/com.dangbei.leard.leradlauncher.module.app.AppDetailActivity
06-24 16:16:40.972 685 959 W WindowManager: Failed looking up window session=Session{e396e2b 1423:1000} callers=com.android.server.wm.WindowManagerService.windowForClientLocked:6077 com.android.server.wm.Session.updateRequestedVisibleTypes:695 android.view.IWindowSession$Stub.onTransact:1034
06-24 16:16:40.986 685 952 D CoreBackPreview: Window{ba2c94a u0 com.dangbei.leard.leradlauncher/com.dangbei.leard.leradlauncher.module.app.AppDetailActivity}: Setting back callback OnBackInvokedCallbackInfo{mCallback=android.window.IOnBackInvokedCallback$Stub$Proxy@b8b29d8, mPriority=0, mIsAnimationCallback=false}
06-24 16:16:41.034 0 0 W : [2 T29007 .s] [SP FRAME TX] arp req,vif_idx:0 sender:[1c:79:2d:20:62:cb 192.168.3.75]receiver:[00:00:00:00:00:00 192.168.3.243]
06-24 16:16:41.012 901 979 D WindowManagerShell: TvPipController: onTaskStackChanged()
06-24 16:16:41.035 685 708 V WindowManager: Sent Transition #510 createdAt=06-24 16:16:40.890 via request=TransitionRequestInfo { type = 1, triggerTask = TaskInfo{userId=0 taskId=162 displayId=0 isRunning=true baseIntent=Intent { flg=0x10800000 cmp=com.dangbei.leard.leradlauncher/.module.app.AppDetailActivity } baseActivity=ComponentInfo{com.dangbei.leard.leradlauncher/com.dangbei.leard.leradlauncher.module.app.AppDetailActivity} topActivity=ComponentInfo{com.dangbei.leard.leradlauncher/com.dangbei.leard.leradlauncher.module.app.AppDetailActivity} origActivity=null realActivity=ComponentInfo{com.dangbei.leard.leradlauncher/com.dangbei.leard.leradlauncher.module.app.AppDetailActivity} numActivities=1 lastActiveTime=18408800 supportsMultiWindow=true resizeMode=1 isResizeable=true minWidth=-1 minHeight=-1 defaultMinSize=220 token=WCT{RemoteToken{19b5d97 Task{6edd99f #162 type=standard A=1000:search.app.task}}} topActivityType=1 pictureInPictureParams=null shouldDockBigOverlays=true launchIntoPipHostTaskId=-1 lastParentTaskIdBeforePip=-1 displayCutoutSafeInsets=null topActivityInfo=ActivityInfo{f750b84 com.dangbei.leard.leradlauncher.module.app.AppDetailActivity} launchCookies=[] positionInParent=Point(0, 0) parentTaskId=-1 isFocused=false isVisible=false isVisibleRequested=false isSleeping=false topActivityInSizeCompat=false topActivityEligibleForLetterboxEducation= false isLetterboxDoubleTapEnabled= false topActivityEligibleForUserAspectRatioButton= false topActivityBoundsLetterboxed= false isFromLetterboxDoubleTap= false topActivityLetterboxVerticalPosition= -1 topActivityLetterboxHorizontalPosition= -1 topActivityLetterboxWidth=-1 topActivityLetterboxHeight=-1 isUserFullscreenOverrideEnabled=false isTopActivityTransparent=false locusId=null displayAreaFeatureId=1 cameraCompatControlState=hidden}, remoteTransition = null, displayChange = null, flags = 0 }
06-24 16:16:41.035 685 708 V WindowManager: startWCT=WindowContainerTransaction { changes = {} hops = [] errorCallbackToken=null taskFragmentOrganizer=null }
06-24 16:16:41.035 685 708 V WindowManager: info={id=510 t=OPEN f=0x0 trk=0 r=[0@Point(0, 0)] c=[{WCT{RemoteToken{19b5d97 Task{6edd99f #162 type=standard A=1000:search.app.task}}} m=OPEN f=NONE leash=Surface(name=Task=162)/@0x610d131 sb=Rect(0, 0 - 1920, 1080) eb=Rect(0, 0 - 1920, 1080) d=0},{WCT{RemoteToken{30b1e82 Task{4d21fd0 #1 type=home}}} m=TO_BACK f=NONE leash=Surface(name=Task=1)/@0x54f0375 sb=Rect(0, 0 - 1920, 1080) eb=Rect(0, 0 - 1920, 1080) d=0}]}
06-24 16:16:41.035 901 979 V WindowManagerShell: onTransitionReady android.os.BinderProxy@f4b2d4b: {id=510 t=OPEN f=0x0 trk=0 r=[0@Point(0, 0)] c=[{WCT{android.window.IWindowContainerToken$Stub$Proxy@c16a77d} m=OPEN f=NONE leash=Surface(name=Task=162)/@0xa0d41e6 sb=Rect(0, 0 - 1920, 1080) eb=Rect(0, 0 - 1920, 1080) d=0},{WCT{android.window.IWindowContainerToken$Stub$Proxy@45b9672} m=TO_BACK f=NONE leash=Surface(name=Task=1)/@0xf9d5327 sb=Rect(0, 0 - 1920, 1080) eb=Rect(0, 0 - 1920, 1080) d=0}]}
06-24 16:16:41.035 901 979 V WindowManagerShell: Playing animation for (#510)android.os.BinderProxy@f4b2d4b@0
06-24 16:16:41.036 901 979 V WindowManagerShell: try handler com.android.wm.shell.keyguard.KeyguardTransitionHandler@24e2028
06-24 16:16:41.036 901 979 V WindowManagerShell: try handler com.android.wm.shell.pip.tv.TvPipTransition@1141
06-24 16:16:41.036 901 979 V WindowManagerShell: try handler com.android.wm.shell.activityembedding.ActivityEmbeddingController@e8f56e6
06-24 16:16:41.036 901 979 V WindowManagerShell: try handler com.android.wm.shell.transition.RemoteTransitionHandler@b664427
06-24 16:16:41.037 901 979 V WindowManagerShell: Transition doesn't have explicit remote, search filters for match for {id=510 t=OPEN f=0x0 trk=0 r=[0@Point(0, 0)] c=[{WCT{android.window.IWindowContainerToken$Stub$Proxy@c16a77d} m=OPEN f=NONE leash=Surface(name=Task=162)/@0xa0d41e6 sb=Rect(0, 0 - 1920, 1080) eb=Rect(0, 0 - 1920, 1080) d=0},{WCT{android.window.IWindowContainerToken$Stub$Proxy@45b9672} m=TO_BACK f=NONE leash=Surface(name=Task=1)/@0xf9d5327 sb=Rect(0, 0 - 1920, 1080) eb=Rect(0, 0 - 1920, 1080) d=0}]}
06-24 16:16:41.037 901 979 V WindowManagerShell: Delegate animation for #510 to null
06-24 16:16:41.037 901 979 V WindowManagerShell: try handler com.android.wm.shell.transition.DefaultTransitionHandler@7916d4
06-24 16:16:41.037 901 979 V WindowManagerShell: start default transition animation, info = {id=510 t=OPEN f=0x0 trk=0 r=[0@Point(0, 0)] c=[{WCT{android.window.IWindowContainerToken$Stub$Proxy@c16a77d} m=OPEN f=NONE leash=Surface(name=Task=162)/@0xa0d41e6 sb=Rect(0, 0 - 1920, 1080) eb=Rect(0, 0 - 1920, 1080) d=0},{WCT{android.window.IWindowContainerToken$Stub$Proxy@45b9672} m=TO_BACK f=NONE leash=Surface(name=Task=1)/@0xf9d5327 sb=Rect(0, 0 - 1920, 1080) eb=Rect(0, 0 - 1920, 1080) d=0}]}
06-24 16:16:41.040 901 979 V WindowManagerShell: loadAnimation: anim=android.view.animation.AlphaAnimation@101fac3 animAttr=0x9 type=OPEN isEntrance=false
06-24 16:16:41.041 901 979 V WindowManagerShell: loadAnimation: anim=android.view.animation.AlphaAnimation@e115f40 animAttr=0x8 type=OPEN isEntrance=true
06-24 16:16:41.044 901 979 V WindowManagerShell: animated by com.android.wm.shell.transition.DefaultTransitionHandler@7916d4
06-24 16:16:41.090 685 709 W ContextImpl: Calling a method in the system process without a qualified user: android.app.ContextImpl.startService:1899 com.android.server.wm.DisplayPolicy.lambda$focusChangedLw$5:2126 com.android.server.wm.DisplayPolicy.$r8$lambda$Znxk63oh-WzVnzo_WQefN7uxV48:0 com.android.server.wm.DisplayPolicy$$ExternalSyntheticLambda13.run:0 android.os.Handler.handleCallback:958
06-24 16:16:41.410 0 0 W : [2 T1046 ..] [SP FRAME RX] DHCP[0 1], vif_idx:0
06-24 16:16:41.453 901 979 V WindowManagerShell: Transition animation finished (aborted=false), notifying core (#510)android.os.BinderProxy@f4b2d4b@0
06-24 16:16:41.455 685 708 V WindowManager: Finish Transition #510: created at
06-24 16:16:40.890 collect-started=0.059ms request-sent=8.961ms started=10.828ms ready=20.009ms sent=141.812ms finished=564.881ms
06-24 16:16:41.460 901 979 V WindowManagerShell: Track 0 became idle
06-24 16:16:41.461 901 979 V WindowManagerShell: All active transition animations finished
06-24 16:16:42.058 0 0 W : [2 T0 .s] [SP FRAME TX] arp req,vif_idx:0 sender:[1c:79:2d:20:62:cb 192.168.3.75]receiver:[00:00:00:00:00:00 192.168.3.243]
06-24 16:16:42.228 685 1929 W ActivityManager: Unable to start service Intent { act=com.audiocn.karaoke.KaraokeService pkg=com.audiocn.karaoke.micmanager } U=0: not found
06-24 16:16:42.229 685 1929 W ActivityManager: Unable to start service Intent { act=com.audiocn.karaoke.KaraokeService pkg=com.audiocn.karaoke.micmanager } U=0: not found
06-24 16:16:43.082 0 0 W : [2 T0 .s] [SP FRAME TX] arp req,vif_idx:0 sender:[1c:79:2d:20:62:cb 192.168.3.75]receiver:[00:00:00:00:00:00 192.168.3.243]
06-24 16:16:43.083 0 0 W : [2 T0 .s] [SP FRAME TX] arp req,vif_idx:0 sender:[1c:79:2d:20:62:cb 192.168.3.75]receiver:[00:00:00:00:00:00 192.168.3.45]
06-24 16:16:43.239 0 0 W : [3 T1046 ..] [SP FRAME RX] arp rsp,vif_idx:0 sender:[82:d8:26:78:cd:e3 192.168.3.45]receiver:[1c:79:2d:20:62:cb 192.168.3.75]
06-24 16:16:43.486 685 952 W WindowManager: [addWindow] title:com.dangbei.leard.leradlauncher/com.dangbei.leard.leradlauncher.module.app.AppDetailActivity
06-24 16:16:43.493 685 1929 D CoreBackPreview: Window{d30471c u0 com.dangbei.leard.leradlauncher/com.dangbei.leard.leradlauncher.module.app.AppDetailActivity}: Setting back callback OnBackInvokedCallbackInfo{mCallback=android.window.IOnBackInvokedCallback$Stub$Proxy@f2818fa, mPriority=0, mIsAnimationCallback=false}
06-24 16:16:43.590 685 709 W ContextImpl: Calling a method in the system process without a qualified user: android.app.ContextImpl.startService:1899 com.android.server.wm.DisplayPolicy.lambda$focusChangedLw$5:2126 com.android.server.wm.DisplayPolicy.$r8$lambda$Znxk63oh-WzVnzo_WQefN7uxV48:0 com.android.server.wm.DisplayPolicy$$ExternalSyntheticLambda13.run:0 android.os.Handler.handleCallback:958
06-24 16:16:43.736 685 952 W ActivityManager: Unable to start service Intent { act=com.audiocn.karaoke.KaraokeService pkg=com.audiocn.karaoke.micmanager } U=0: not found
06-24 16:16:43.737 685 952 W ActivityManager: Unable to start service Intent { act=com.audiocn.karaoke.KaraokeService pkg=com.audiocn.karaoke.micmanager } U=0: not found
06-24 16:16:44.106 0 0 W : [2 T0 .s] [SP FRAME TX] arp req,vif_idx:0 sender:[1c:79:2d:20:62:cb 192.168.3.75]receiver:[00:00:00:00:00:00 192.168.3.243]
06-24 16:16:44.484 685 959 D CoreBackPreview: Window{d30471c u0 com.dangbei.leard.leradlauncher/com.dangbei.leard.leradlauncher.module.app.AppDetailActivity}: Setting back callback null
06-24 16:16:44.506 685 711 V WindowManager: Unknown focus tokens, dropping reportFocusChanged
06-24 16:16:44.595 685 709 W ContextImpl: Calling a method in the system process without a qualified user: android.app.ContextImpl.startService:1899 com.android.server.wm.DisplayPolicy.lambda$focusChangedLw$5:2126 com.android.server.wm.DisplayPolicy.$r8$lambda$Znxk63oh-WzVnzo_WQefN7uxV48:0 com.android.server.wm.DisplayPolicy$$ExternalSyntheticLambda13.run:0 android.os.Handler.handleCallback:958
06-24 16:16:45.130 0 0 W : [2 T0 .s] [SP FRAME TX] arp req,vif_idx:0 sender:[1c:79:2d:20:62:cb 192.168.3.75]receiver:[00:00:00:00:00:00 192.168.3.243]
06-24 16:16:45.554 685 959 W ActivityManager: Unable to start service Intent { act=com.audiocn.karaoke.KaraokeService pkg=com.audiocn.karaoke.micmanager } U=0: not found
06-24 16:16:45.555 685 959 W ActivityManager: Unable to start service Intent { act=com.audiocn.karaoke.KaraokeService pkg=com.audiocn.karaoke.micmanager } U=0: not found
06-24 16:16:46.154 0 0 W : [2 T10704 .s] [SP FRAME TX] arp req,vif_idx:0 sender:[1c:79:2d:20:62:cb 192.168.3.75]receiver:[00:00:00:00:00:00 192.168.3.243]
06-24 16:16:46.158 0 0 W : [2 T1046 ..] [SP FRAME RX] arp rsp,vif_idx:0 sender:[ea:f3:28:46:91:6b 192.168.3.243]receiver:[1c:79:2d:20:62:cb 192.168.3.75]
06-24 16:16:46.293 0 0 W : [2 T1046 ..] [SP FRAME RX] arp rsp,vif_idx:0 sender:[4c:44:5b:65:15:71 169.254.200.124]receiver:[1c:79:2d:20:62:cb 192.168.3.75]
06-24 16:16:47.561 685 959 W ActivityManager: Unable to start service Intent { act=com.audiocn.karaoke.KaraokeService pkg=com.audiocn.karaoke.micmanager } U=0: not found
06-24 16:16:47.562 685 959 W ActivityManager: Unable to start service Intent { act=com.audiocn.karaoke.KaraokeService pkg=com.audiocn.karaoke.micmanager } U=0: not found
06-24 16:16:49.601 685 959 W ActivityManager: Unable to start service Intent { act=com.audiocn.karaoke.KaraokeService pkg=com.audiocn.karaoke.micmanager } U=0: not found
06-24 16:16:49.603 685 959 W ActivityManager: Unable to start service Intent { act=com.audiocn.karaoke.KaraokeService pkg=com.audiocn.karaoke.micmanager } U=0: not found
06-24 16:16:50.762 0 0 W : [0 T0 .s] [SP FRAME TX] arp req,vif_idx:0 sender:[1c:79:2d:20:62:cb 192.168.3.75]receiver:[00:00:00:00:00:00 192.168.3.3]
06-24 16:16:50.809 0 0 W : [0 T1046 ..] [SP FRAME RX] arp req,vif_idx:0 sender:[02:fe:15:17:79:f9 192.168.3.3]receiver:[00:00:00:00:00:00 192.168.3.75]
06-24 16:16:50.810 0 0 W : [0 T1046 ..] [SP FRAME TX] arp rsp,vif_idx:0 sender:[1c:79:2d:20:62:cb 192.168.3.75]receiver:[02:fe:15:17:79:f9 192.168.3.3]
06-24 16:16:50.812 0 0 W : [0 T1046 ..] [SP FRAME RX] arp rsp,vif_idx:0 sender:[02:fe:15:17:79:f9 192.168.3.3]receiver:[1c:79:2d:20:62:cb 192.168.3.75]
06-24 16:16:52.071 685 959 W ActivityManager: Unable to start service Intent { act=com.audiocn.karaoke.KaraokeService pkg=com.audiocn.karaoke.micmanager } U=0: not found
06-24 16:16:52.072 685 959 W ActivityManager: Unable to start service Intent { act=com.audiocn.karaoke.KaraokeService pkg=com.audiocn.karaoke.micmanager } U=0: not found
06-24 16:16:54.231 685 959 W ActivityManager: Unable to start service Intent { act=com.audiocn.karaoke.KaraokeService pkg=com.audiocn.karaoke.micmanager } U=0: not found
06-24 16:16:54.232 685 959 W ActivityManager: Unable to start service Intent { act=com.audiocn.karaoke.KaraokeService pkg=com.audiocn.karaoke.micmanager } U=0: not found
06-24 16:16:56.239 685 952 W ActivityManager: Unable to start service Intent { act=com.audiocn.karaoke.KaraokeService pkg=com.audiocn.karaoke.micmanager } U=0: not found
06-24 16:16:56.240 685 952 W ActivityManager: Unable to start service Intent { act=com.audiocn.karaoke.KaraokeService pkg=com.audiocn.karaoke.micmanager } U=0: not found
06-24 16:16:56.524 0 0 W : [2 T1046 ..] [SP FRAME RX] DHCP[0 1], vif_idx:0
06-24 16:16:56.997 685 795 W RuleEvaluation: Integrity rule files are not available.
06-24 16:16:56.997 685 741 I PackageManager: Integrity check passed for file:///data/app/vmdl1693067481.tmp
06-24 16:16:57.133 0 0 I [0 T2406 ..] logd: start watching /data/system/packages.list ...
06-24 16:16:57.123 685 741 D PackageManager: Instant App installer not found with android.intent.action.INSTALL_INSTANT_APP_PACKAGE
06-24 16:16:57.123 685 741 D PackageManager: Clear ephemeral installer activity
06-24 16:16:57.127 685 708 V StorageManagerService: Package null has legacy storage
06-24 16:16:57.144 0 0 I [3 T2406 ..] logd: ReadPackageList, total packages: 110
06-24 16:16:57.154 0 0 I [0 T216 ..] servicemanager: Since 'artd' could not be found, trying to start it as a lazy AIDL service. (if it's not configured to be a lazy service, it may be stuck starting or still starting).
06-24 16:16:57.197 0 0 I [0 T216 ..] BpBinder: onLastStrongRef automatically unlinking death recipients:
06-24 16:16:57.199 0 0 I [1 T216 ..] servicemanager: Notifying artd they do (previously: don't) have clients when service is guaranteed to be in use
06-24 16:16:58.562 685 1929 W ActivityManager: Unable to start service Intent { act=com.audiocn.karaoke.KaraokeService pkg=com.audiocn.karaoke.micmanager } U=0: not found
06-24 16:16:58.563 685 1929 W ActivityManager: Unable to start service Intent { act=com.audiocn.karaoke.KaraokeService pkg=com.audiocn.karaoke.micmanager } U=0: not found
06-24 16:16:58.775 0 0 W [0 T10663 ..] audit: audit_lost=20132 audit_rate_limit=5 audit_backlog_limit=64
06-24 16:16:58.776 0 0 E [0 T10663 ..] audit: rate limit exceeded
06-24 16:17:00.278 685 741 V BackupManagerService: [UserID:0] restoreAtInstall pkg=com.changba.sd token=1d restoreSet=0
06-24 16:17:00.278 685 741 V BackupManagerService: [UserID:0] Finishing install immediately
06-24 16:17:00.280 685 741 I AppsFilter: interaction: PackageSetting{7a8f53e com.dangbei.hqguide/10029} -> PackageSetting{b001d8a com.changba.sd/10105} BLOCKED
06-24 16:17:00.290 685 741 D PackageInstallerSession: Marking session 1693067481 as applied
06-24 16:17:00.302 685 741 D CompatibilityChangeReporter: Compat change id reported: 168419799; UID 10105; state: DISABLED
06-24 16:17:00.302 685 741 D CompatibilityChangeReporter: Compat change id reported: 273564678; UID 10105; state: DISABLED
06-24 16:17:00.317 685 717 W TextServicesManagerService: no available spell checker services found
06-24 16:17:00.321 685 685 D TransparencyService: Not an update. Skipping...
06-24 16:17:00.352 1423 1423 W ContextImpl: Calling a method in the system process without a qualified user: android.app.ContextImpl.startActivity:1102 android.content.ContextWrapper.startActivity:436 ie.b.f:119 ie.a.b:75 ge.a.c:71
06-24 16:17:00.352 1423 1423 W ContextImpl: Calling a method in the system process without a qualified user: android.app.ContextImpl.startActivity:1114 android.app.ContextImpl.startActivity:1103 android.content.ContextWrapper.startActivity:436 ie.b.f:119 ie.a.b:75
06-24 16:17:00.357 685 8210 D CompatibilityChangeReporter: Compat change id reported: 265464455; UID 10105; state: DISABLED
06-24 16:17:00.364 685 8210 D CompatibilityChangeReporter: Compat change id reported: 265452344; UID 10105; state: DISABLED
06-24 16:17:00.365 685 8210 D CompatibilityChangeReporter: Compat change id reported: 266124927; UID 10105; state: DISABLED
06-24 16:17:00.365 685 8210 D CompatibilityChangeReporter: Compat change id reported: 265451093; UID 10105; state: DISABLED
06-24 16:17:00.366 685 8210 D CompatibilityChangeReporter: Compat change id reported: 265456536; UID 10105; state: DISABLED
06-24 16:17:00.366 685 8210 D CompatibilityChangeReporter: Compat change id reported: 255940284; UID 10105; state: DISABLED
06-24 16:17:00.366 685 8210 D CompatibilityChangeReporter: Compat change id reported: 236283604; UID 10105; state: DISABLED
06-24 16:17:00.366 685 8210 D CompatibilityChangeReporter: Compat change id reported: 263959004; UID 10105; state: DISABLED
06-24 16:17:00.367 685 8210 D CompatibilityChangeReporter: Compat change id reported: 264304459; UID 10105; state: DISABLED
06-24 16:17:00.367 685 8210 D CompatibilityChangeReporter: Compat change id reported: 264301586; UID 10105; state: DISABLED
06-24 16:17:00.367 685 8210 D CompatibilityChangeReporter: Compat change id reported: 254631730; UID 10105; state: DISABLED
06-24 16:17:00.367 685 8210 D CompatibilityChangeReporter: Compat change id reported: 273509367; UID 10105; state: DISABLED
06-24 16:17:00.367 685 8210 D CompatibilityChangeReporter: Compat change id reported: 263259275; UID 10105; state: DISABLED
06-24 16:17:00.368 685 8210 D CompatibilityChangeReporter: Compat change id reported: 174042980; UID 10105; state: DISABLED
06-24 16:17:00.368 685 8210 D CompatibilityChangeReporter: Compat change id reported: 174042936; UID 10105; state: DISABLED
06-24 16:17:00.368 685 8210 D CompatibilityChangeReporter: Compat change id reported: 181136395; UID 10105; state: DISABLED
06-24 16:17:00.381 685 952 W WindowManager: [addWindow] title:Toast
06-24 16:17:00.386 685 8210 D CompatibilityChangeReporter: Compat change id reported: 194480991; UID 10105; state: ENABLED
06-24 16:17:00.414 685 8210 D CompatibilityChangeReporter: Compat change id reported: 184838306; UID 10105; state: DISABLED
06-24 16:17:00.414 685 8210 D CompatibilityChangeReporter: Compat change id reported: 185004937; UID 10105; state: DISABLED
06-24 16:17:00.416 685 8210 D CompatibilityChangeReporter: Compat change id reported: 197654537; UID 10105; state: DISABLED
06-24 16:17:00.419 685 8210 V SplashScreenExceptionList: SplashScreen checking exception for package com.changba.sd (target sdk:29) -> false
06-24 16:17:00.420 685 8210 D CompatibilityChangeReporter: Compat change id reported: 205907456; UID 10105; state: DISABLED
06-24 16:17:00.426 685 8210 D CompatibilityChangeReporter: Compat change id reported: 194833441; UID 10105; state: DISABLED
06-24 16:17:00.427 685 8210 I ActivityTaskManager: START u0 {act=android.intent.action.MAIN cat=[android.intent.category.LAUNCHER] flg=0x10000000 pkg=com.changba.sd cmp=com.changba.sd/com.changba.tv.module.spash.ui.SpashActivity} with LAUNCH_SINGLE_TOP from uid 1000 (BAL_ALLOW_ALLOWLISTED_UID) result code=0
06-24 16:17:00.427 901 979 V WindowManagerShell: Transition requested: android.os.BinderProxy@36381ca TransitionRequestInfo { type = 1, triggerTask = TaskInfo{userId=0 taskId=163 displayId=0 isRunning=true baseIntent=Intent { act=android.intent.action.MAIN cat=[android.intent.category.LAUNCHER] flg=0x10000000 pkg=com.changba.sd cmp=com.changba.sd/com.changba.tv.module.spash.ui.SpashActivity } baseActivity=ComponentInfo{com.changba.sd/com.changba.tv.module.spash.ui.SpashActivity} topActivity=ComponentInfo{com.changba.sd/com.changba.tv.module.spash.ui.SpashActivity} origActivity=null realActivity=ComponentInfo{com.changba.sd/com.changba.tv.module.spash.ui.SpashActivity} numActivities=1 lastActiveTime=18428326 supportsMultiWindow=true resizeMode=1 isResizeable=true minWidth=-1 minHeight=-1 defaultMinSize=220 token=WCT{android.window.IWindowContainerToken$Stub$Proxy@f25ff3b} topActivityType=1 pictureInPictureParams=null shouldDockBigOverlays=true launchIntoPipHostTaskId=-1 lastParentTaskIdBeforePip=-1 displayCutoutSafeInsets=null topActivityInfo=ActivityInfo{993d658 com.changba.tv.module.spash.ui.SpashActivity} launchCookies=[] positionInParent=Point(0, 0) parentTaskId=-1 isFocused=false isVisible=false isVisibleRequested=false isSleeping=false topActivityInSizeCompat=false topActivityEligibleForLetterboxEducation= false isLetterboxDoubleTapEnabled= false topActivityEligibleForUserAspectRatioButton= false topActivityBoundsLetterboxed= false isFromLetterboxDoubleTap= false topActivityLetterboxVerticalPosition= -1 topActivityLetterboxHorizontalPosition= -1 topActivityLetterboxWidth=-1 topActivityLetterboxHeight=-1 isUserFullscreenOverrideEnabled=false isTopActivityTransparent=false locusId=null displayAreaFeatureId=1 cameraCompatControlState=hidden}, remoteTransition = null, displayChange = null, flags = 0 }
06-24 16:17:00.445 685 711 D CompatibilityChangeReporter: Compat change id reported: 135634846; UID 10105; state: DISABLED
06-24 16:17:00.447 685 719 D CompatibilityChangeReporter: Compat change id reported: 143937733; UID 10105; state: DISABLED
06-24 16:17:00.454 685 711 W ProcessStats: Tracking association SourceState{2ed2a5c system/1000 ImpFg #10613} whose proc state 5 is better than process ProcessState{9231bd0 com.android.permissioncontroller/10074 pkg=com.android.permissioncontroller} proc state 15 (2 skipped)
