06-24 16:03:02.666 0 0 W : [2 T1046 ..] [SP FRAME TX] arp rsp,vif_idx:0 sender:[1c:79:2d:20:62:cb 192.168.3.75]receiver:[e2:8e:12:0f:0b:47 192.168.3.123]
06-24 16:03:03.119 0 0 W : [2 T1046 ..] [SP FRAME RX] arp req,vif_idx:0 sender:[28:7b:11:70:4f:bd 192.168.3.156]receiver:[00:00:00:00:00:00 192.168.3.75]
06-24 16:03:03.120 0 0 W : [2 T1046 ..] [SP FRAME TX] arp rsp,vif_idx:0 sender:[1c:79:2d:20:62:cb 192.168.3.75]receiver:[28:7b:11:70:4f:bd 192.168.3.156]
06-24 16:03:03.509 0 0 W : [2 T1046 ..] [SP FRAME RX] arp req,vif_idx:0 sender:[0c:91:60:12:cd:8c 192.168.3.70]receiver:[00:00:00:00:00:00 192.168.3.75]
06-24 16:03:03.510 0 0 W : [2 T1046 ..] [SP FRAME TX] arp rsp,vif_idx:0 sender:[1c:79:2d:20:62:cb 192.168.3.75]receiver:[0c:91:60:12:cd:8c 192.168.3.70]
06-24 16:03:03.947 0 0 W : [2 T1046 ..] [SP FRAME RX] arp req,vif_idx:0 sender:[20:57:9e:67:7f:db 192.168.3.98]receiver:[00:00:00:00:00:00 192.168.3.75]
06-24 16:03:03.948 0 0 W : [2 T1046 ..] [SP FRAME TX] arp rsp,vif_idx:0 sender:[1c:79:2d:20:62:cb 192.168.3.75]receiver:[20:57:9e:67:7f:db 192.168.3.98]
06-24 16:03:03.950 0 0 W : [2 T1046 ..] [SP FRAME RX] arp req,vif_idx:0 sender:[d2:07:9a:6e:a7:36 192.168.3.27]receiver:[00:00:00:00:00:00 192.168.3.75]
06-24 16:03:03.951 0 0 W : [2 T1046 ..] [SP FRAME TX] arp rsp,vif_idx:0 sender:[1c:79:2d:20:62:cb 192.168.3.75]receiver:[d2:07:9a:6e:a7:36 192.168.3.27]
06-24 16:03:04.155 0 0 W : [2 T1046 ..] [SP FRAME RX] arp req,vif_idx:0 sender:[56:86:a9:ec:10:a8 192.168.3.19]receiver:[00:00:00:00:00:00 192.168.3.75]
06-24 16:03:04.156 0 0 W : [2 T1046 ..] [SP FRAME TX] arp rsp,vif_idx:0 sender:[1c:79:2d:20:62:cb 192.168.3.75]receiver:[56:86:a9:ec:10:a8 192.168.3.19]
06-24 16:03:04.659 0 0 W : [0 T1046 ..] [SP FRAME RX] arp req,vif_idx:0 sender:[38:54:39:af:de:38 192.168.3.114]receiver:[00:00:00:00:00:00 192.168.3.75]
06-24 16:03:04.660 0 0 W : [0 T1046 ..] [SP FRAME TX] arp rsp,vif_idx:0 sender:[1c:79:2d:20:62:cb 192.168.3.75]receiver:[38:54:39:af:de:38 192.168.3.114]
06-24 16:03:04.662 0 0 W : [0 T1046 ..] [SP FRAME RX] arp req,vif_idx:0 sender:[16:8e:6e:17:dc:41 192.168.3.176]receiver:[00:00:00:00:00:00 192.168.3.75]
06-24 16:03:04.663 0 0 W : [0 T1046 ..] [SP FRAME TX] arp rsp,vif_idx:0 sender:[1c:79:2d:20:62:cb 192.168.3.75]receiver:[16:8e:6e:17:dc:41 192.168.3.176]
06-24 16:03:04.740 0 0 W : [0 T1046 ..] [SP FRAME RX] arp req,vif_idx:0 sender:[b6:9c:70:ec:40:e7 192.168.3.65]receiver:[00:00:00:00:00:00 192.168.3.75]
06-24 16:03:04.741 0 0 W : [0 T1046 ..] [SP FRAME TX] arp rsp,vif_idx:0 sender:[1c:79:2d:20:62:cb 192.168.3.75]receiver:[b6:9c:70:ec:40:e7 192.168.3.65]
06-24 16:03:04.981 0 0 W : [0 T1046 ..] [SP FRAME RX] arp req,vif_idx:0 sender:[b6:86:f8:35:d4:28 192.168.3.36]receiver:[00:00:00:00:00:00 192.168.3.75]
06-24 16:03:04.982 0 0 W : [0 T1046 ..] [SP FRAME TX] arp rsp,vif_idx:0 sender:[1c:79:2d:20:62:cb 192.168.3.75]receiver:[b6:86:f8:35:d4:28 192.168.3.36]
06-24 16:03:05.344 0 0 W : [0 T1046 ..] [SP FRAME RX] arp req,vif_idx:0 sender:[42:d1:10:74:de:ca 192.168.3.53]receiver:[00:00:00:00:00:00 192.168.3.75]
06-24 16:03:05.345 0 0 W : [0 T1046 ..] [SP FRAME TX] arp rsp,vif_idx:0 sender:[1c:79:2d:20:62:cb 192.168.3.75]receiver:[42:d1:10:74:de:ca 192.168.3.53]
06-24 16:03:06.085 0 0 W : [1 T1046 ..] [SP FRAME RX] arp req,vif_idx:0 sender:[ca:fd:12:4f:e3:96 192.168.3.13]receiver:[00:00:00:00:00:00 192.168.3.75]
06-24 16:03:06.086 0 0 W : [1 T1046 ..] [SP FRAME TX] arp rsp,vif_idx:0 sender:[1c:79:2d:20:62:cb 192.168.3.75]receiver:[ca:fd:12:4f:e3:96 192.168.3.13]
06-24 16:03:08.648 0 0 W : [1 T17451 ..] [SP FRAME TX] arp req,vif_idx:0 sender:[1c:79:2d:20:62:cb 192.168.3.75]receiver:[00:00:00:00:00:00 192.168.3.124]
06-24 16:03:08.652 0 0 W : [1 T1046 ..] [SP FRAME RX] arp rsp,vif_idx:0 sender:[22:9d:48:91:61:96 192.168.3.124]receiver:[1c:79:2d:20:62:cb 192.168.3.75]
06-24 16:03:09.634 0 0 W : [1 T1046 ..] [SP FRAME RX] arp req,vif_idx:0 sender:[da:b8:33:f6:93:fe 192.168.3.89]receiver:[00:00:00:00:00:00 192.168.3.75]
06-24 16:03:09.635 0 0 W : [1 T1046 ..] [SP FRAME TX] arp rsp,vif_idx:0 sender:[1c:79:2d:20:62:cb 192.168.3.75]receiver:[da:b8:33:f6:93:fe 192.168.3.89]
06-24 16:03:09.799 0 0 W : [1 T1046 ..] [SP FRAME RX] arp req,vif_idx:0 sender:[fa:f0:09:28:64:31 192.168.3.73]receiver:[00:00:00:00:00:00 192.168.3.75]
06-24 16:03:09.800 0 0 W : [1 T1046 ..] [SP FRAME TX] arp rsp,vif_idx:0 sender:[1c:79:2d:20:62:cb 192.168.3.75]receiver:[fa:f0:09:28:64:31 192.168.3.73]
06-24 16:03:10.026 0 0 W : [2 T1711 .s] [SP FRAME TX] arp req,vif_idx:0 sender:[1c:79:2d:20:62:cb 192.168.3.75]receiver:[00:00:00:00:00:00 192.168.3.36]
06-24 16:03:10.069 0 0 W : [1 T1046 ..] [SP FRAME RX] arp req,vif_idx:0 sender:[0c:91:60:12:cd:6e 192.168.3.81]receiver:[00:00:00:00:00:00 192.168.3.75]
06-24 16:03:10.070 0 0 W : [1 T1046 ..] [SP FRAME TX] arp rsp,vif_idx:0 sender:[1c:79:2d:20:62:cb 192.168.3.75]receiver:[0c:91:60:12:cd:6e 192.168.3.81]
06-24 16:03:10.071 0 0 W : [1 T1046 ..] [SP FRAME RX] arp req,vif_idx:0 sender:[12:3c:2c:e1:84:9f 192.168.3.254]receiver:[00:00:00:00:00:00 192.168.3.75]
06-24 16:03:10.073 0 0 W : [1 T1046 ..] [SP FRAME TX] arp rsp,vif_idx:0 sender:[1c:79:2d:20:62:cb 192.168.3.75]receiver:[12:3c:2c:e1:84:9f 192.168.3.254]
06-24 16:03:10.074 0 0 W : [1 T1046 ..] [SP FRAME RX] arp req,vif_idx:0 sender:[de:90:cb:50:92:8f 192.168.3.145]receiver:[00:00:00:00:00:00 192.168.3.75]
06-24 16:03:10.076 0 0 W : [1 T1046 ..] [SP FRAME TX] arp rsp,vif_idx:0 sender:[1c:79:2d:20:62:cb 192.168.3.75]receiver:[de:90:cb:50:92:8f 192.168.3.145]
06-24 16:03:10.077 0 0 W : [1 T1046 ..] [SP FRAME RX] arp rsp,vif_idx:0 sender:[b6:86:f8:35:d4:28 192.168.3.36]receiver:[1c:79:2d:20:62:cb 192.168.3.75]
06-24 16:03:10.282 0 0 W : [0 T0 .s] [SP FRAME TX] arp req,vif_idx:0 sender:[1c:79:2d:20:62:cb 192.168.3.75]receiver:[00:00:00:00:00:00 192.168.3.254]
06-24 16:03:10.316 0 0 W : [1 T1046 ..] [SP FRAME RX] arp rsp,vif_idx:0 sender:[12:3c:2c:e1:84:9f 192.168.3.254]receiver:[1c:79:2d:20:62:cb 192.168.3.75]
06-24 16:03:10.538 0 0 W : [3 T1041 .s] [SP FRAME TX] arp req,vif_idx:0 sender:[1c:79:2d:20:62:cb 192.168.3.75]receiver:[00:00:00:00:00:00 192.168.3.243]
06-24 16:03:10.539 0 0 W : [3 T1041 .s] [SP FRAME TX] arp req,vif_idx:0 sender:[1c:79:2d:20:62:cb 192.168.3.75]receiver:[00:00:00:00:00:00 192.168.3.176]
06-24 16:03:10.554 0 0 W : [1 T1046 ..] [SP FRAME RX] arp rsp,vif_idx:0 sender:[ea:f3:28:46:91:6b 192.168.3.243]receiver:[1c:79:2d:20:62:cb 192.168.3.75]
06-24 16:03:10.583 0 0 W : [1 T1046 ..] [SP FRAME RX] DHCP[0 1], vif_idx:0
06-24 16:03:10.585 0 0 W : [1 T1046 ..] [SP FRAME RX] arp rsp,vif_idx:0 sender:[16:8e:6e:17:dc:41 192.168.3.176]receiver:[1c:79:2d:20:62:cb 192.168.3.75]
06-24 16:03:10.662 0 0 W : [1 T1046 ..] [SP FRAME RX] arp req,vif_idx:0 sender:[ea:f3:28:46:91:6b 192.168.3.243]receiver:[00:00:00:00:00:00 192.168.3.75]
06-24 16:03:10.663 0 0 W : [1 T1046 ..] [SP FRAME TX] arp rsp,vif_idx:0 sender:[1c:79:2d:20:62:cb 192.168.3.75]receiver:[ea:f3:28:46:91:6b 192.168.3.243]
06-24 16:03:11.657 0 0 W : [1 T1046 ..] [SP FRAME RX] DHCP[0 1], vif_idx:0
06-24 16:03:13.194 0 0 W : [1 T1046 ..] [SP FRAME RX] DHCP[0 1], vif_idx:0
06-24 16:03:14.575 0 0 W : [1 T1046 ..] [SP FRAME RX] arp req,vif_idx:0 sender:[9a:86:f7:27:5c:25 192.168.3.169]receiver:[00:00:00:00:00:00 192.168.3.75]
06-24 16:03:14.576 0 0 W : [1 T1046 ..] [SP FRAME TX] arp rsp,vif_idx:0 sender:[1c:79:2d:20:62:cb 192.168.3.75]receiver:[9a:86:f7:27:5c:25 192.168.3.169]
06-24 16:03:15.173 0 0 W : [1 T1046 ..] [SP FRAME RX] DHCP[0 1], vif_idx:0
06-24 16:03:15.338 0 0 W : [1 T1046 ..] [SP FRAME RX] arp req,vif_idx:0 sender:[c6:ce:03:3d:c3:bd 192.168.3.118]receiver:[00:00:00:00:00:00 192.168.3.75]
06-24 16:03:15.339 0 0 W : [1 T1046 ..] [SP FRAME TX] arp rsp,vif_idx:0 sender:[1c:79:2d:20:62:cb 192.168.3.75]receiver:[c6:ce:03:3d:c3:bd 192.168.3.118]
06-24 16:03:16.223 0 0 W : [1 T1046 ..] [SP FRAME RX] arp req,vif_idx:0 sender:[28:7b:11:70:51:1f 192.168.3.44]receiver:[00:00:00:00:00:00 192.168.3.75]
06-24 16:03:16.224 0 0 W : [1 T1046 ..] [SP FRAME TX] arp rsp,vif_idx:0 sender:[1c:79:2d:20:62:cb 192.168.3.75]receiver:[28:7b:11:70:51:1f 192.168.3.44]
06-24 16:03:16.959 0 0 W : [1 T1046 ..] [SP FRAME RX] arp req,vif_idx:0 sender:[3a:fd:3d:ee:5f:54 192.168.3.129]receiver:[00:00:00:00:00:00 192.168.3.75]
06-24 16:03:16.960 0 0 W : [1 T1046 ..] [SP FRAME TX] arp rsp,vif_idx:0 sender:[1c:79:2d:20:62:cb 192.168.3.75]receiver:[3a:fd:3d:ee:5f:54 192.168.3.129]
06-24 16:03:19.235 0 0 W : [0 T1046 ..] [SP FRAME RX] DHCP[0 1], vif_idx:0
06-24 16:03:22.064 0 0 W : [2 T1046 ..] [SP FRAME RX] arp req,vif_idx:0 sender:[28:7b:11:70:4f:a5 192.168.3.155]receiver:[00:00:00:00:00:00 192.168.3.75]
06-24 16:03:22.064 0 0 W : [3 T17442 ..] [SP FRAME TX] arp rsp,vif_idx:0 sender:[1c:79:2d:20:62:cb 192.168.3.75]receiver:[28:7b:11:70:4f:a5 192.168.3.155]
06-24 16:03:23.240 0 0 W : [1 T1046 ..] [SP FRAME RX] arp req,vif_idx:0 sender:[7a:8a:0f:56:00:ca 192.168.3.248]receiver:[00:00:00:00:00:00 192.168.3.75]
06-24 16:03:23.241 0 0 W : [1 T1046 ..] [SP FRAME TX] arp rsp,vif_idx:0 sender:[1c:79:2d:20:62:cb 192.168.3.75]receiver:[7a:8a:0f:56:00:ca 192.168.3.248]
06-24 16:03:25.597 0 0 W : [2 T1046 ..] [SP FRAME RX] arp req,vif_idx:0 sender:[e2:04:f6:d8:62:00 192.168.3.194]receiver:[00:00:00:00:00:00 192.168.3.75]
06-24 16:03:25.598 0 0 W : [2 T1046 ..] [SP FRAME TX] arp rsp,vif_idx:0 sender:[1c:79:2d:20:62:cb 192.168.3.75]receiver:[e2:04:f6:d8:62:00 192.168.3.194]
06-24 16:03:26.891 0 0 W : [2 T1046 ..] [SP FRAME RX] arp req,vif_idx:0 sender:[02:d1:be:fb:0a:d7 192.168.3.130]receiver:[00:00:00:00:00:00 192.168.3.75]
06-24 16:03:26.892 0 0 W : [2 T1046 ..] [SP FRAME TX] arp rsp,vif_idx:0 sender:[1c:79:2d:20:62:cb 192.168.3.75]receiver:[02:d1:be:fb:0a:d7 192.168.3.130]
06-24 16:03:27.239 0 0 W : [1 T1046 ..] [SP FRAME RX] DHCP[0 1], vif_idx:0
06-24 16:03:27.545 0 0 W : [1 T1046 ..] [SP FRAME RX] arp req,vif_idx:0 sender:[0c:91:60:12:cd:fc 192.168.3.171]receiver:[00:00:00:00:00:00 192.168.3.75]
06-24 16:03:27.546 0 0 W : [1 T1046 ..] [SP FRAME TX] arp rsp,vif_idx:0 sender:[1c:79:2d:20:62:cb 192.168.3.75]receiver:[0c:91:60:12:cd:fc 192.168.3.171]
06-24 16:03:32.771 0 0 W : [3 T1046 ..] [SP FRAME RX] arp req,vif_idx:0 sender:[e2:38:ab:ac:32:27 192.168.3.215]receiver:[00:00:00:00:00:00 192.168.3.75]
06-24 16:03:32.772 0 0 W : [3 T1046 ..] [SP FRAME TX] arp rsp,vif_idx:0 sender:[1c:79:2d:20:62:cb 192.168.3.75]receiver:[e2:38:ab:ac:32:27 192.168.3.215]
06-24 16:03:33.066 0 0 W : [0 T23741 .s] [SP FRAME TX] arp req,vif_idx:0 sender:[1c:79:2d:20:62:cb 192.168.3.75]receiver:[00:00:00:00:00:00 192.168.3.217]
06-24 16:03:33.123 0 0 W : [3 T1046 ..] [SP FRAME RX] arp req,vif_idx:0 sender:[b2:33:fc:c9:ef:d5 192.168.3.217]receiver:[00:00:00:00:00:00 192.168.3.75]
06-24 16:03:33.124 0 0 W : [3 T1046 ..] [SP FRAME TX] arp rsp,vif_idx:0 sender:[1c:79:2d:20:62:cb 192.168.3.75]receiver:[b2:33:fc:c9:ef:d5 192.168.3.217]
06-24 16:03:33.125 0 0 W : [3 T1046 ..] [SP FRAME RX] arp rsp,vif_idx:0 sender:[b2:33:fc:c9:ef:d5 192.168.3.217]receiver:[1c:79:2d:20:62:cb 192.168.3.75]
06-24 16:03:34.637 0 0 W : [2 T1046 ..] [SP FRAME RX] arp req,vif_idx:0 sender:[f6:f5:2e:bc:8c:d5 192.168.3.68]receiver:[00:00:00:00:00:00 192.168.3.75]
06-24 16:03:34.638 0 0 W : [2 T1046 ..] [SP FRAME TX] arp rsp,vif_idx:0 sender:[1c:79:2d:20:62:cb 192.168.3.75]receiver:[f6:f5:2e:bc:8c:d5 192.168.3.68]
06-24 16:03:34.688 0 0 W : [2 T1046 ..] [SP FRAME RX] arp req,vif_idx:0 sender:[e2:8e:12:0f:0b:47 192.168.3.123]receiver:[00:00:00:00:00:00 192.168.3.75]
06-24 16:03:34.689 0 0 W : [2 T1046 ..] [SP FRAME TX] arp rsp,vif_idx:0 sender:[1c:79:2d:20:62:cb 192.168.3.75]receiver:[e2:8e:12:0f:0b:47 192.168.3.123]
06-24 16:03:35.103 0 0 W : [2 T1046 ..] [SP FRAME RX] arp req,vif_idx:0 sender:[28:7b:11:70:4f:bd 192.168.3.156]receiver:[00:00:00:00:00:00 192.168.3.75]
06-24 16:03:35.104 0 0 W : [2 T1046 ..] [SP FRAME TX] arp rsp,vif_idx:0 sender:[1c:79:2d:20:62:cb 192.168.3.75]receiver:[28:7b:11:70:4f:bd 192.168.3.156]
06-24 16:03:35.252 685 709 D AutofillManagerService: onBackKeyPressed()
06-24 16:03:35.531 0 0 W : [2 T1046 ..] [SP FRAME RX] arp req,vif_idx:0 sender:[0c:91:60:12:cd:8c 192.168.3.70]receiver:[00:00:00:00:00:00 192.168.3.75]
06-24 16:03:35.532 0 0 W : [2 T1046 ..] [SP FRAME TX] arp rsp,vif_idx:0 sender:[1c:79:2d:20:62:cb 192.168.3.75]receiver:[0c:91:60:12:cd:8c 192.168.3.70]
06-24 16:03:37.318 0 0 W : [1 T1046 ..] [SP FRAME RX] arp req,vif_idx:0 sender:[42:d1:10:74:de:ca 192.168.3.53]receiver:[00:00:00:00:00:00 192.168.3.75]
06-24 16:03:37.319 0 0 W : [1 T1046 ..] [SP FRAME TX] arp rsp,vif_idx:0 sender:[1c:79:2d:20:62:cb 192.168.3.75]receiver:[42:d1:10:74:de:ca 192.168.3.53]
06-24 16:03:38.126 0 0 W : [1 T1046 ..] [SP FRAME RX] arp req,vif_idx:0 sender:[ca:fd:12:4f:e3:96 192.168.3.13]receiver:[00:00:00:00:00:00 192.168.3.75]
06-24 16:03:38.127 0 0 W : [1 T1046 ..] [SP FRAME TX] arp rsp,vif_idx:0 sender:[1c:79:2d:20:62:cb 192.168.3.75]receiver:[ca:fd:12:4f:e3:96 192.168.3.13]
06-24 16:03:41.857 0 0 W : [3 T1046 ..] [SP FRAME RX] arp req,vif_idx:0 sender:[b6:86:f8:35:d4:28 192.168.3.36]receiver:[00:00:00:00:00:00 192.168.3.75]
06-24 16:03:41.858 0 0 W : [3 T1046 ..] [SP FRAME TX] arp rsp,vif_idx:0 sender:[1c:79:2d:20:62:cb 192.168.3.75]receiver:[b6:86:f8:35:d4:28 192.168.3.36]
06-24 16:03:42.026 0 0 W : [2 T1711 .s] [SP FRAME TX] arp req,vif_idx:0 sender:[1c:79:2d:20:62:cb 192.168.3.75]receiver:[00:00:00:00:00:00 192.168.3.36]
06-24 16:03:42.027 0 0 W : [2 T1711 .s] [SP FRAME TX] arp req,vif_idx:0 sender:[1c:79:2d:20:62:cb 192.168.3.75]receiver:[00:00:00:00:00:00 192.168.3.254]
06-24 16:03:42.038 0 0 W : [3 T1046 ..] [SP FRAME RX] arp rsp,vif_idx:0 sender:[b6:86:f8:35:d4:28 192.168.3.36]receiver:[1c:79:2d:20:62:cb 192.168.3.75]
06-24 16:03:42.039 0 0 W : [3 T1046 ..] [SP FRAME RX] arp req,vif_idx:0 sender:[12:3c:2c:e1:84:9f 192.168.3.254]receiver:[00:00:00:00:00:00 192.168.3.75]
06-24 16:03:42.040 0 0 W : [3 T1046 ..] [SP FRAME TX] arp rsp,vif_idx:0 sender:[1c:79:2d:20:62:cb 192.168.3.75]receiver:[12:3c:2c:e1:84:9f 192.168.3.254]
06-24 16:03:42.042 0 0 W : [3 T1046 ..] [SP FRAME RX] arp rsp,vif_idx:0 sender:[12:3c:2c:e1:84:9f 192.168.3.254]receiver:[1c:79:2d:20:62:cb 192.168.3.75]
06-24 16:03:42.161 685 709 D HdmiControlService: Process pid: 685 is calling oneTouchPlay.
06-24 16:03:42.162 685 685 D HdmiControlService: Local device is under address allocation. Save OTP callback for later process.
06-24 16:03:42.166 901 979 D WindowManagerShell: TvPipMenuController: closeMenu()
06-24 16:03:42.166 901 979 I WindowManagerShell: TvPipMenuController: switchToMenuMode: setting mCurrentMenuMode=MODE_NO_MENU, mPrevMenuMode=MODE_NO_MENU
06-24 16:03:42.168 685 708 D AutofillManagerService: Close system dialogs
06-24 16:03:42.179 901 979 V WindowManagerShell: Transition requested: android.os.BinderProxy@8167eb1 TransitionRequestInfo { type = 1, triggerTask = TaskInfo{userId=0 taskId=32 displayId=0 isRunning=true baseIntent=Intent { act=android.intent.action.MAIN cat=[android.intent.category.HOME] flg=0x10800100 cmp=com.dangbei.leard.leradlauncher/com.dangbei.launcher.home.LauncherActivity } baseActivity=ComponentInfo{com.dangbei.leard.leradlauncher/com.dangbei.launcher.home.LauncherActivity} topActivity=ComponentInfo{com.dangbei.leard.leradlauncher/com.dangbei.launcher.home.LauncherActivity} origActivity=null realActivity=ComponentInfo{com.dangbei.leard.leradlauncher/com.dangbei.launcher.home.LauncherActivity} numActivities=1 lastActiveTime=17630074 supportsMultiWindow=true resizeMode=0 isResizeable=false minWidth=-1 minHeight=-1 defaultMinSize=220 token=WCT{android.window.IWindowContainerToken$Stub$Proxy@a140f96} topActivityType=2 pictureInPictureParams=null shouldDockBigOverlays=true launchIntoPipHostTaskId=-1 lastParentTaskIdBeforePip=-1 displayCutoutSafeInsets=null topActivityInfo=ActivityInfo{b4e8717 com.dangbei.launcher.home.LauncherActivity} launchCookies=[] positionInParent=Point(0, 0) parentTaskId=-1 isFocused=true isVisible=true isVisibleRequested=false isSleeping=false topActivityInSizeCompat=false topActivityEligibleForLetterboxEducation= false isLetterboxDoubleTapEnabled= false topActivityEligibleForUserAspectRatioButton= false topActivityBoundsLetterboxed= false isFromLetterboxDoubleTap= false topActivityLetterboxVerticalPosition= -1 topActivityLetterboxHorizontalPosition= -1 topActivityLetterboxWidth=-1 topActivityLetterboxHeight=-1 isUserFullscreenOverrideEnabled=false isTopActivityTransparent=false locusId=null displayAreaFeatureId=1 cameraCompatControlState=hidden}, remoteTransition = null, displayChange = null, flags = 0 }
06-24 16:03:42.180 685 709 I ActivityTaskManager: START u0 {act=android.intent.action.MAIN cat=[android.intent.category.HOME] flg=0x10000100 cmp=com.dangbei.leard.leradlauncher/com.dangbei.launcher.home.LauncherActivity (has extras)} with LAUNCH_SINGLE_TASK from uid 0 (BAL_ALLOW_ALLOWLISTED_UID) result code=3
06-24 16:03:42.182 685 952 W ActivityTaskManager: Duplicate finish request for r=ActivityRecord{8a4bb6 u0 com.dangbei.leard.leradlauncher/com.dangbei.launcher.secondary.app.AppSecondaryActivity t32 f}}
06-24 16:03:42.183 685 952 W ActivityTaskManager: Duplicate finish request for r=ActivityRecord{adfa64a u0 com.dangbei.leard.leradlauncher/.module.search.SearchActivity t32 f}}
06-24 16:03:42.192 685 15113 V WindowManager: app ------------- force_land :0
06-24 16:03:42.204 685 15113 D CoreBackPreview: Window{43578d u0 com.dangbei.leard.leradlauncher/com.dangbei.launcher.secondary.app.AppSecondaryActivity}: Setting back callback null
06-24 16:03:42.221 685 717 W UsageStatsService: Unexpected activity event reported! (com.dangbei.leard.leradlauncher/com.dangbei.launcher.secondary.app.AppSecondaryActivity event : 23 instanceId : 45605047)
06-24 16:03:42.297 901 979 D WindowManagerShell: TvPipController: onTaskStackChanged()
06-24 16:03:42.344 685 708 V WindowManager: Sent Transition #452 createdAt=06-24 16:03:42.169 via request=TransitionRequestInfo { type = 1, triggerTask = TaskInfo{userId=0 taskId=32 displayId=0 isRunning=true baseIntent=Intent { act=android.intent.action.MAIN cat=[android.intent.category.HOME] flg=0x10800100 cmp=com.dangbei.leard.leradlauncher/com.dangbei.launcher.home.LauncherActivity } baseActivity=ComponentInfo{com.dangbei.leard.leradlauncher/com.dangbei.launcher.home.LauncherActivity} topActivity=ComponentInfo{com.dangbei.leard.leradlauncher/com.dangbei.launcher.home.LauncherActivity} origActivity=null realActivity=ComponentInfo{com.dangbei.leard.leradlauncher/com.dangbei.launcher.home.LauncherActivity} numActivities=1 lastActiveTime=17630074 supportsMultiWindow=true resizeMode=0 isResizeable=false minWidth=-1 minHeight=-1 defaultMinSize=220 token=WCT{RemoteToken{a5d9d8d Task{131419d #32 type=home A=1000:com.dangbei.leard.leradlauncher}}} topActivityType=2 pictureInPictureParams=null shouldDockBigOverlays=true launchIntoPipHostTaskId=-1 lastParentTaskIdBeforePip=-1 displayCutoutSafeInsets=null topActivityInfo=ActivityInfo{f394bcd com.dangbei.launcher.home.LauncherActivity} launchCookies=[] positionInParent=Point(0, 0) parentTaskId=-1 isFocused=true isVisible=true isVisibleRequested=false isSleeping=false topActivityInSizeCompat=false topActivityEligibleForLetterboxEducation= false isLetterboxDoubleTapEnabled= false topActivityEligibleForUserAspectRatioButton= false topActivityBoundsLetterboxed= false isFromLetterboxDoubleTap= false topActivityLetterboxVerticalPosition= -1 topActivityLetterboxHorizontalPosition= -1 topActivityLetterboxWidth=-1 topActivityLetterboxHeight=-1 isUserFullscreenOverrideEnabled=false isTopActivityTransparent=false locusId=null displayAreaFeatureId=1 cameraCompatControlState=hidden}, remoteTransition = null, displayChange = null, flags = 0 }
06-24 16:03:42.344 685 708 V WindowManager: startWCT=WindowContainerTransaction { changes = {} hops = [] errorCallbackToken=null taskFragmentOrganizer=null }
06-24 16:03:42.345 685 708 V WindowManager: info={id=452 t=OPEN f=0x0 trk=0 r=[0@Point(0, 0)] c=[{null m=CLOSE f=FILLS_TASK leash=Surface(name=ActivityRecord{adfa64a u0 com.dangbei.leard.leradlauncher/.module.search.SearchActivity)/@0xcc30084 sb=Rect(0, 0 - 1920, 1080) eb=Rect(0, 0 - 1920, 1080) d=0},{null m=TO_FRONT f=FILLS_TASK leash=Surface(name=ActivityRecord{c96a874 u0 com.dangbei.leard.leradlauncher/com.dangbei.launcher.home.LauncherActivity)/@0xdafeeb1 sb=Rect(0, 0 - 1920, 1080) eb=Rect(0, 0 - 1920, 1080) d=0}]}
06-24 16:03:42.346 901 979 V WindowManagerShell: onTransitionReady android.os.BinderProxy@8167eb1: {id=452 t=OPEN f=0x0 trk=0 r=[0@Point(0, 0)] c=[{null m=CLOSE f=FILLS_TASK leash=Surface(name=ActivityRecord{adfa64a u0 com.dangbei.leard.leradlauncher/.module.search.SearchActivity)/@0x62b704 sb=Rect(0, 0 - 1920, 1080) eb=Rect(0, 0 - 1920, 1080) d=0},{null m=TO_FRONT f=FILLS_TASK leash=Surface(name=ActivityRecord{c96a874 u0 com.dangbei.leard.leradlauncher/com.dangbei.launcher.home.LauncherActivity)/@0xee354ed sb=Rect(0, 0 - 1920, 1080) eb=Rect(0, 0 - 1920, 1080) d=0}]}
06-24 16:03:42.346 901 979 V WindowManagerShell: Playing animation for (#452)android.os.BinderProxy@8167eb1@0
06-24 16:03:42.346 901 979 V WindowManagerShell: try handler com.android.wm.shell.keyguard.KeyguardTransitionHandler@24e2028
06-24 16:03:42.346 901 979 V WindowManagerShell: try handler com.android.wm.shell.pip.tv.TvPipTransition@1141
06-24 16:03:42.346 901 979 V WindowManagerShell: try handler com.android.wm.shell.activityembedding.ActivityEmbeddingController@e8f56e6
06-24 16:03:42.346 901 979 V WindowManagerShell: try handler com.android.wm.shell.transition.RemoteTransitionHandler@b664427
06-24 16:03:42.347 901 979 V WindowManagerShell: Transition doesn't have explicit remote, search filters for match for {id=452 t=OPEN f=0x0 trk=0 r=[0@Point(0, 0)] c=[{null m=CLOSE f=FILLS_TASK leash=Surface(name=ActivityRecord{adfa64a u0 com.dangbei.leard.leradlauncher/.module.search.SearchActivity)/@0x62b704 sb=Rect(0, 0 - 1920, 1080) eb=Rect(0, 0 - 1920, 1080) d=0},{null m=TO_FRONT f=FILLS_TASK leash=Surface(name=ActivityRecord{c96a874 u0 com.dangbei.leard.leradlauncher/com.dangbei.launcher.home.LauncherActivity)/@0xee354ed sb=Rect(0, 0 - 1920, 1080) eb=Rect(0, 0 - 1920, 1080) d=0}]}
06-24 16:03:42.347 901 979 V WindowManagerShell: Delegate animation for #452 to null
06-24 16:03:42.347 901 979 V WindowManagerShell: try handler com.android.wm.shell.transition.DefaultTransitionHandler@7916d4
06-24 16:03:42.347 901 979 V WindowManagerShell: start default transition animation, info = {id=452 t=OPEN f=0x0 trk=0 r=[0@Point(0, 0)] c=[{null m=CLOSE f=FILLS_TASK leash=Surface(name=ActivityRecord{adfa64a u0 com.dangbei.leard.leradlauncher/.module.search.SearchActivity)/@0x62b704 sb=Rect(0, 0 - 1920, 1080) eb=Rect(0, 0 - 1920, 1080) d=0},{null m=TO_FRONT f=FILLS_TASK leash=Surface(name=ActivityRecord{c96a874 u0 com.dangbei.leard.leradlauncher/com.dangbei.launcher.home.LauncherActivity)/@0xee354ed sb=Rect(0, 0 - 1920, 1080) eb=Rect(0, 0 - 1920, 1080) d=0}]}
06-24 16:03:42.349 901 979 V WindowManagerShell: Transition animation finished (aborted=false), notifying core (#452)android.os.BinderProxy@8167eb1@0
06-24 16:03:42.351 685 708 V WindowManager: Finish Transition #452: created at
06-24 16:03:42.169 collect-started=0.043ms request-sent=6.856ms started=12.627ms ready=25.835ms sent=173.52ms finished=180.827ms
06-24 16:03:42.353 901 979 V WindowManagerShell: Track 0 became idle
06-24 16:03:42.353 685 709 W ContextImpl: Calling a method in the system process without a qualified user: android.app.ContextImpl.startService:1899 com.android.server.wm.DisplayPolicy.lambda$focusChangedLw$5:2126 com.android.server.wm.DisplayPolicy.$r8$lambda$Znxk63oh-WzVnzo_WQefN7uxV48:0 com.android.server.wm.DisplayPolicy$$ExternalSyntheticLambda13.run:0 android.os.Handler.handleCallback:958
06-24 16:03:42.353 901 979 V WindowManagerShell: All active transition animations finished
06-24 16:03:42.353 901 979 V WindowManagerShell: animated by com.android.wm.shell.transition.DefaultTransitionHandler@7916d4
06-24 16:03:42.353 901 979 V WindowManagerShell: Track 0 became idle
06-24 16:03:42.353 901 979 V WindowManagerShell: All active transition animations finished
06-24 16:03:42.393 685 15113 D CoreBackPreview: Window{7651231 u0 com.dangbei.leard.leradlauncher/com.dangbei.leard.leradlauncher.module.search.SearchActivity}: Setting back callback null
06-24 16:03:42.423 685 711 W ProcessStats: Tracking association SourceState{2ed2a5c system/1000 ImpFg #9606} whose proc state 5 is better than process ProcessState{9231bd0 com.android.permissioncontroller/10074 pkg=com.android.permissioncontroller} proc state 15 (5 skipped)
06-24 16:03:42.538 0 0 W : [2 T1423 .s] [SP FRAME TX] arp req,vif_idx:0 sender:[1c:79:2d:20:62:cb 192.168.3.75]receiver:[00:00:00:00:00:00 192.168.3.243]
06-24 16:03:42.539 0 0 W : [2 T1423 .s] [SP FRAME TX] arp req,vif_idx:0 sender:[1c:79:2d:20:62:cb 192.168.3.75]receiver:[00:00:00:00:00:00 192.168.3.176]
06-24 16:03:42.544 0 0 W : [2 T1046 ..] [SP FRAME RX] arp req,vif_idx:0 sender:[16:8e:6e:17:dc:41 192.168.3.176]receiver:[00:00:00:00:00:00 192.168.3.75]
06-24 16:03:42.545 0 0 W : [2 T1046 ..] [SP FRAME TX] arp rsp,vif_idx:0 sender:[1c:79:2d:20:62:cb 192.168.3.75]receiver:[16:8e:6e:17:dc:41 192.168.3.176]
06-24 16:03:42.546 0 0 W : [2 T1046 ..] [SP FRAME RX] arp rsp,vif_idx:0 sender:[ea:f3:28:46:91:6b 192.168.3.243]receiver:[1c:79:2d:20:62:cb 192.168.3.75]
06-24 16:03:42.564 0 0 W : [2 T1046 ..] [SP FRAME RX] arp rsp,vif_idx:0 sender:[16:8e:6e:17:dc:41 192.168.3.176]receiver:[1c:79:2d:20:62:cb 192.168.3.75]
06-24 16:03:42.635 0 0 W : [2 T1046 ..] [SP FRAME RX] arp req,vif_idx:0 sender:[ea:f3:28:46:91:6b 192.168.3.243]receiver:[00:00:00:00:00:00 192.168.3.75]
06-24 16:03:42.636 0 0 W : [2 T1046 ..] [SP FRAME TX] arp rsp,vif_idx:0 sender:[1c:79:2d:20:62:cb 192.168.3.75]receiver:[ea:f3:28:46:91:6b 192.168.3.243]
06-24 16:03:42.740 685 15113 I ActivityManager: Process com.dangbei.dbmusic (pid 28287) has died: prcp FGS
06-24 16:03:42.741 685 15113 W ActivityManager: Scheduling restart of crashed service com.dangbei.dbmusic/.player.service.MusicService in 1000ms for start-requested
06-24 16:03:42.741 685 15113 W ActivityManager: Scheduling restart of crashed service com.dangbei.dbmusic/com.dangbei.downloader.core.DownloadService in 11000ms for start-requested
06-24 16:03:42.744 685 709 D DisplayManagerService: Drop pending events for gone uid 10077
06-24 16:03:42.746 685 952 I MediaSessionStack: removeSession | record: com.dangbei.dbmusic/MusicService (userId=0)
06-24 16:03:43.446 0 0 W : [3 T1046 ..] [SP FRAME RX] DHCP[0 1], vif_idx:0
06-24 16:03:43.743 685 718 D CompatibilityChangeReporter: Compat change id reported: 135634846; UID 10077; state: DISABLED
06-24 16:03:43.744 685 719 D CompatibilityChangeReporter: Compat change id reported: 143937733; UID 10077; state: ENABLED
06-24 16:03:43.757 685 719 I ActivityManager: Start proc 30159:com.dangbei.dbmusic/u0a77 for service {com.dangbei.dbmusic/com.dangbei.dbmusic.player.service.MusicService}
06-24 16:03:43.785 685 1135 D CompatibilityChangeReporter: Compat change id reported: 168419799; UID 10077; state: DISABLED
06-24 16:03:43.786 685 1135 D CompatibilityChangeReporter: Compat change id reported: 273564678; UID 10077; state: DISABLED
06-24 16:03:43.788 685 763 D CompatibilityChangeReporter: Compat change id reported: 265195908; UID 10077; state: ENABLED
06-24 16:03:43.794 685 1135 D CompatibilityChangeReporter: Compat change id reported: 170503758; UID 10077; state: DISABLED
06-24 16:03:43.919 685 1135 I MediaSessionStack: addSession to bottom of stack | record: com.dangbei.dbmusic/MusicService (userId=0)
06-24 16:03:43.932 685 1135 D CompatibilityChangeReporter: Compat change id reported: 170668199; UID 10077; state: DISABLED
06-24 16:03:43.932 685 1135 W ActivityManager: Foreground service started from background can not have location/camera/microphone access: service com.dangbei.dbmusic/.player.service.MusicService
06-24 16:03:43.932 685 1135 D CompatibilityChangeReporter: Compat change id reported: 255038118; UID 10077; state: DISABLED
06-24 16:03:43.933 685 1135 D CompatibilityChangeReporter: Compat change id reported: 255042465; UID 10077; state: DISABLED
06-24 16:03:43.933 685 718 V ActivityManager: Attempted to start a foreground service (com.dangbei.dbmusic/.player.service.MusicService) with a broken notification (no icon: Notification(channel=400 shortcut=null contentView=null vibrate=null sound=null defaults=0x0 flags=0x40 color=0x00000000 vis=PRIVATE))
06-24 16:03:43.948 685 1135 W ActivityManager: Foreground service started from background can not have location/camera/microphone access: service com.dangbei.dbmusic/.player.service.MusicService
06-24 16:03:43.948 685 718 V ActivityManager: Attempted to start a foreground service (com.dangbei.dbmusic/.player.service.MusicService) with a broken notification (no icon: Notification(channel=400 shortcut=null contentView=null vibrate=null sound=null defaults=0x0 flags=0x40 color=0x00000000 vis=PRIVATE))
06-24 16:03:44.035 685 1135 D CompatibilityChangeReporter: Compat change id reported: 161145287; UID 10077; state: DISABLED
06-24 16:03:44.043 685 15113 D CompatibilityChangeReporter: Compat change id reported: 261072174; UID 10077; state: DISABLED
06-24 16:03:44.105 685 685 W NotificationHistory: Attempted to add notif for locked/gone/disabled user 0
06-24 16:03:44.203 0 0 W [0 T24735 ..] audit: audit_lost=17296 audit_rate_limit=5 audit_backlog_limit=64
06-24 16:03:44.205 0 0 E [0 T24735 ..] audit: rate limit exceeded
06-24 16:03:45.263 0 0 W : [2 T1046 ..] [SP FRAME RX] arp req,vif_idx:0 sender:[fa:f0:09:28:64:31 192.168.3.73]receiver:[00:00:00:00:00:00 192.168.3.75]
06-24 16:03:45.264 0 0 W : [2 T1046 ..] [SP FRAME TX] arp rsp,vif_idx:0 sender:[1c:79:2d:20:62:cb 192.168.3.75]receiver:[fa:f0:09:28:64:31 192.168.3.73]
06-24 16:03:46.541 0 0 W : [2 T1046 ..] [SP FRAME RX] arp req,vif_idx:0 sender:[9a:86:f7:27:5c:25 192.168.3.169]receiver:[00:00:00:00:00:00 192.168.3.75]
06-24 16:03:46.542 0 0 W : [2 T1046 ..] [SP FRAME TX] arp rsp,vif_idx:0 sender:[1c:79:2d:20:62:cb 192.168.3.75]receiver:[9a:86:f7:27:5c:25 192.168.3.169]
06-24 16:03:47.339 0 0 W : [2 T1046 ..] [SP FRAME RX] arp req,vif_idx:0 sender:[c6:ce:03:3d:c3:bd 192.168.3.118]receiver:[00:00:00:00:00:00 192.168.3.75]
06-24 16:03:47.340 0 0 W : [2 T1046 ..] [SP FRAME TX] arp rsp,vif_idx:0 sender:[1c:79:2d:20:62:cb 192.168.3.75]receiver:[c6:ce:03:3d:c3:bd 192.168.3.118]
06-24 16:03:47.836 0 0 W [0 T29535 ..] audit: audit_lost=17303 audit_rate_limit=5 audit_backlog_limit=64
06-24 16:03:47.836 0 0 E [0 T29535 ..] audit: rate limit exceeded
06-24 16:03:49.580 0 0 W [0 T17271 ..] audit: audit_lost=17307 audit_rate_limit=5 audit_backlog_limit=64
06-24 16:03:49.583 0 0 E [0 T17271 ..] audit: rate limit exceeded
06-24 16:03:51.806 1423 1423 W ContextImpl: Calling a method in the system process without a qualified user: android.app.ContextImpl.startActivity:1102 android.content.ContextWrapper.startActivity:436 ie.b.f:119 ie.a.b:75 ge.a.c:71
06-24 16:03:51.807 1423 1423 W ContextImpl: Calling a method in the system process without a qualified user: android.app.ContextImpl.startActivity:1114 android.app.ContextImpl.startActivity:1103 android.content.ContextWrapper.startActivity:436 ie.b.f:119 ie.a.b:75
06-24 16:03:51.809 685 1135 D CompatibilityChangeReporter: Compat change id reported: 265464455; UID 10042; state: DISABLED
06-24 16:03:51.809 685 1135 D CompatibilityChangeReporter: Compat change id reported: 265452344; UID 10042; state: DISABLED
06-24 16:03:51.810 685 1135 D CompatibilityChangeReporter: Compat change id reported: 266124927; UID 10042; state: DISABLED
06-24 16:03:51.810 685 1135 D CompatibilityChangeReporter: Compat change id reported: 265451093; UID 10042; state: DISABLED
06-24 16:03:51.810 685 1135 D CompatibilityChangeReporter: Compat change id reported: 265456536; UID 10042; state: DISABLED
06-24 16:03:51.811 685 1135 D CompatibilityChangeReporter: Compat change id reported: 255940284; UID 10042; state: DISABLED
06-24 16:03:51.811 685 1135 D CompatibilityChangeReporter: Compat change id reported: 236283604; UID 10042; state: DISABLED
06-24 16:03:51.811 685 1135 D CompatibilityChangeReporter: Compat change id reported: 263959004; UID 10042; state: DISABLED
06-24 16:03:51.812 685 1135 D CompatibilityChangeReporter: Compat change id reported: 264304459; UID 10042; state: DISABLED
06-24 16:03:51.812 685 1135 D CompatibilityChangeReporter: Compat change id reported: 264301586; UID 10042; state: DISABLED
06-24 16:03:51.812 685 1135 D CompatibilityChangeReporter: Compat change id reported: 254631730; UID 10042; state: DISABLED
06-24 16:03:51.812 685 1135 D CompatibilityChangeReporter: Compat change id reported: 273509367; UID 10042; state: DISABLED
06-24 16:03:51.813 685 1135 D CompatibilityChangeReporter: Compat change id reported: 263259275; UID 10042; state: DISABLED
06-24 16:03:51.813 685 1135 D CompatibilityChangeReporter: Compat change id reported: 174042980; UID 10042; state: DISABLED
06-24 16:03:51.813 685 1135 D CompatibilityChangeReporter: Compat change id reported: 174042936; UID 10042; state: DISABLED
06-24 16:03:51.813 685 1135 D CompatibilityChangeReporter: Compat change id reported: 181136395; UID 10042; state: DISABLED
06-24 16:03:51.817 685 1135 D CompatibilityChangeReporter: Compat change id reported: 194480991; UID 10042; state: ENABLED
06-24 16:03:51.822 685 1135 D CompatibilityChangeReporter: Compat change id reported: 184838306; UID 10042; state: DISABLED
06-24 16:03:51.823 685 1135 D CompatibilityChangeReporter: Compat change id reported: 185004937; UID 10042; state: DISABLED
06-24 16:03:51.825 685 1135 D CompatibilityChangeReporter: Compat change id reported: 197654537; UID 10042; state: DISABLED
06-24 16:03:51.827 685 1135 V SplashScreenExceptionList: SplashScreen checking exception for package com.dangbei.lerad.videoposter (target sdk:26) -> false
06-24 16:03:51.827 685 1135 D CompatibilityChangeReporter: Compat change id reported: 205907456; UID 10042; state: DISABLED
06-24 16:03:51.831 685 1135 D CompatibilityChangeReporter: Compat change id reported: 194833441; UID 10042; state: DISABLED
06-24 16:03:51.831 901 979 V WindowManagerShell: Transition requested: android.os.BinderProxy@7d63f70 TransitionRequestInfo { type = 1, triggerTask = TaskInfo{userId=0 taskId=154 displayId=0 isRunning=true baseIntent=Intent { act=android.intent.action.MAIN cat=[android.intent.category.LAUNCHER] flg=0x10000000 pkg=com.dangbei.lerad.videoposter cmp=com.dangbei.lerad.videoposter/.ui.splash.SplashActivity } baseActivity=ComponentInfo{com.dangbei.lerad.videoposter/com.dangbei.lerad.videoposter.ui.splash.SplashActivity} topActivity=ComponentInfo{com.dangbei.lerad.videoposter/com.dangbei.lerad.videoposter.ui.splash.SplashActivity} origActivity=null realActivity=ComponentInfo{com.dangbei.lerad.videoposter/com.dangbei.lerad.videoposter.ui.splash.SplashActivity} numActivities=1 lastActiveTime=17639731 supportsMultiWindow=true resizeMode=1 isResizeable=true minWidth=-1 minHeight=-1 defaultMinSize=220 token=WCT{android.window.IWindowContainerToken$Stub$Proxy@e2d52e9} topActivityType=1 pictureInPictureParams=null shouldDockBigOverlays=true launchIntoPipHostTaskId=-1 lastParentTaskIdBeforePip=-1 displayCutoutSafeInsets=null topActivityInfo=ActivityInfo{1c57b6e com.dangbei.lerad.videoposter.ui.splash.SplashActivity} launchCookies=[] positionInParent=Point(0, 0) parentTaskId=-1 isFocused=false isVisible=false isVisibleRequested=false isSleeping=false topActivityInSizeCompat=false topActivityEligibleForLetterboxEducation= false isLetterboxDoubleTapEnabled= false topActivityEligibleForUserAspectRatioButton= false topActivityBoundsLetterboxed= false isFromLetterboxDoubleTap= false topActivityLetterboxVerticalPosition= -1 topActivityLetterboxHorizontalPosition= -1 topActivityLetterboxWidth=-1 topActivityLetterboxHeight=-1 isUserFullscreenOverrideEnabled=false isTopActivityTransparent=false locusId=null displayAreaFeatureId=1 cameraCompatControlState=hidden}, remoteTransition = null, displayChange = null, flags = 0 }
06-24 16:03:51.831 685 1135 I ActivityTaskManager: START u0 {act=android.intent.action.MAIN cat=[android.intent.category.LAUNCHER] flg=0x10000000 pkg=com.dangbei.lerad.videoposter cmp=com.dangbei.lerad.videoposter/.ui.splash.SplashActivity} with LAUNCH_MULTIPLE from uid 1000 (BAL_ALLOW_ALLOWLISTED_UID) result code=0
06-24 16:03:51.837 685 711 I ActivityManager: com.dangbei.lerad.videoposter is exempt from freezer
06-24 16:03:51.837 685 711 D CompatibilityChangeReporter: Compat change id reported: 135634846; UID 10042; state: DISABLED
06-24 16:03:51.839 685 719 D CompatibilityChangeReporter: Compat change id reported: 143937733; UID 10042; state: DISABLED
06-24 16:03:51.845 685 763 D CompatibilityChangeReporter: Compat change id reported: 265195908; UID 10042; state: ENABLED
06-24 16:03:51.863 685 719 I ActivityManager: Start proc 30515:com.dangbei.lerad.videoposter/u0a42 for next-top-activity {com.dangbei.lerad.videoposter/com.dangbei.lerad.videoposter.ui.splash.SplashActivity}
06-24 16:03:51.907 685 952 D CompatibilityChangeReporter: Compat change id reported: 168419799; UID 10042; state: DISABLED
06-24 16:03:51.907 685 952 D CompatibilityChangeReporter: Compat change id reported: 273564678; UID 10042; state: DISABLED
06-24 16:03:51.917 685 15113 D CompatibilityChangeReporter: Compat change id reported: 170503758; UID 10042; state: DISABLED
06-24 16:03:51.941 901 979 D WindowManagerShell: TvPipController: onTaskStackChanged()
06-24 16:03:52.147 685 15113 D CompatibilityChangeReporter: Compat change id reported: 161145287; UID 10042; state: DISABLED
06-24 16:03:52.320 685 13187 W ForegroundServiceTypeLoggerModule: API event end called before start!
06-24 16:03:52.358 685 952 W ForegroundServiceTypeLoggerModule: API event end called before start!
06-24 16:03:52.411 685 1135 W ForegroundServiceTypeLoggerModule: API event end called before start!
06-24 16:03:52.472 685 18903 W ForegroundServiceTypeLoggerModule: API event end called before start!
06-24 16:03:52.502 685 15113 W ForegroundServiceTypeLoggerModule: API event end called before start!
06-24 16:03:52.536 685 18903 W ForegroundServiceTypeLoggerModule: API event end called before start!
06-24 16:03:52.574 685 18903 V WindowManager: app ------------- force_land :0
06-24 16:03:52.578 685 952 W ForegroundServiceTypeLoggerModule: API event end called before start!
06-24 16:03:52.628 685 18903 D CompatibilityChangeReporter: Compat change id reported: 149924527; UID 10042; state: ENABLED
06-24 16:03:52.629 685 18903 D CompatibilityChangeReporter: Compat change id reported: 132649864; UID 10042; state: DISABLED
06-24 16:03:52.770 685 1135 W WindowManager: [addWindow] title:com.dangbei.lerad.videoposter/com.dangbei.lerad.videoposter.ui.splash.SplashActivity
06-24 16:03:52.787 685 18903 D CoreBackPreview: Window{e896863 u0 com.dangbei.lerad.videoposter/com.dangbei.lerad.videoposter.ui.splash.SplashActivity}: Setting back callback OnBackInvokedCallbackInfo{mCallback=android.window.IOnBackInvokedCallback$Stub$Proxy@7a97519, mPriority=0, mIsAnimationCallback=false}
06-24 16:03:52.850 0 0 I [0 T216 ..] servicemanager: Found android.hardware.graphics.allocator.IAllocator/default in device VINTF manifest.
06-24 16:03:52.852 0 0 I [3 T216 ..] servicemanager: Found android.hardware.graphics.allocator.IAllocator/default in device VINTF manifest.
06-24 16:03:52.893 685 711 W ProcessStats: Tracking association SourceState{2ed2a5c system/1000 ImpFg #9627} whose proc state 5 is better than process ProcessState{9231bd0 com.android.permissioncontroller/10074 pkg=com.android.permissioncontroller} proc state 15 (2 skipped)
06-24 16:03:52.893 685 709 W ContextImpl: Calling a method in the system process without a qualified user: android.app.ContextImpl.startService:1899 com.android.server.wm.DisplayPolicy.lambda$focusChangedLw$5:2126 com.android.server.wm.DisplayPolicy.$r8$lambda$Znxk63oh-WzVnzo_WQefN7uxV48:0 com.android.server.wm.DisplayPolicy$$ExternalSyntheticLambda13.run:0 android.os.Handler.handleCallback:958
06-24 16:03:52.898 901 979 V WindowManagerShell: onTransitionReady android.os.BinderProxy@7d63f70: {id=453 t=OPEN f=0x0 trk=0 r=[0@Point(0, 0)] c=[{WCT{android.window.IWindowContainerToken$Stub$Proxy@551e07a} m=OPEN f=NONE leash=Surface(name=Task=154)/@0x1c5420f sb=Rect(0, 0 - 1920, 1080) eb=Rect(0, 0 - 1920, 1080) d=0},{WCT{android.window.IWindowContainerToken$Stub$Proxy@e9df02b} m=TO_BACK f=NONE leash=Surface(name=Task=1)/@0x1b7e29c sb=Rect(0, 0 - 1920, 1080) eb=Rect(0, 0 - 1920, 1080) d=0}]}
06-24 16:03:52.898 901 979 V WindowManagerShell: Playing animation for (#453)android.os.BinderProxy@7d63f70@0
06-24 16:03:52.899 901 979 V WindowManagerShell: try handler com.android.wm.shell.keyguard.KeyguardTransitionHandler@24e2028
06-24 16:03:52.899 901 979 V WindowManagerShell: try handler com.android.wm.shell.pip.tv.TvPipTransition@1141
06-24 16:03:52.899 901 979 V WindowManagerShell: try handler com.android.wm.shell.activityembedding.ActivityEmbeddingController@e8f56e6
06-24 16:03:52.899 901 979 V WindowManagerShell: try handler com.android.wm.shell.transition.RemoteTransitionHandler@b664427
06-24 16:03:52.899 901 979 V WindowManagerShell: Transition doesn't have explicit remote, search filters for match for {id=453 t=OPEN f=0x0 trk=0 r=[0@Point(0, 0)] c=[{WCT{android.window.IWindowContainerToken$Stub$Proxy@551e07a} m=OPEN f=NONE leash=Surface(name=Task=154)/@0x1c5420f sb=Rect(0, 0 - 1920, 1080) eb=Rect(0, 0 - 1920, 1080) d=0},{WCT{android.window.IWindowContainerToken$Stub$Proxy@e9df02b} m=TO_BACK f=NONE leash=Surface(name=Task=1)/@0x1b7e29c sb=Rect(0, 0 - 1920, 1080) eb=Rect(0, 0 - 1920, 1080) d=0}]}
06-24 16:03:52.899 901 979 V WindowManagerShell: Delegate animation for #453 to null
06-24 16:03:52.899 901 979 V WindowManagerShell: try handler com.android.wm.shell.transition.DefaultTransitionHandler@7916d4
06-24 16:03:52.899 901 979 V WindowManagerShell: start default transition animation, info = {id=453 t=OPEN f=0x0 trk=0 r=[0@Point(0, 0)] c=[{WCT{android.window.IWindowContainerToken$Stub$Proxy@551e07a} m=OPEN f=NONE leash=Surface(name=Task=154)/@0x1c5420f sb=Rect(0, 0 - 1920, 1080) eb=Rect(0, 0 - 1920, 1080) d=0},{WCT{android.window.IWindowContainerToken$Stub$Proxy@e9df02b} m=TO_BACK f=NONE leash=Surface(name=Task=1)/@0x1b7e29c sb=Rect(0, 0 - 1920, 1080) eb=Rect(0, 0 - 1920, 1080) d=0}]}
06-24 16:03:52.900 901 979 V WindowManagerShell: loadAnimation: anim=android.view.animation.AlphaAnimation@e0d8a46 animAttr=0x9 type=OPEN isEntrance=false
06-24 16:03:52.901 901 979 V WindowManagerShell: loadAnimation: anim=android.view.animation.AlphaAnimation@8e3e934 animAttr=0x8 type=OPEN isEntrance=true
06-24 16:03:52.902 685 708 V WindowManager: Sent Transition #453 createdAt=06-24 16:03:51.818 via request=TransitionRequestInfo { type = 1, triggerTask = TaskInfo{userId=0 taskId=154 displayId=0 isRunning=true baseIntent=Intent { act=android.intent.action.MAIN cat=[android.intent.category.LAUNCHER] flg=0x10000000 pkg=com.dangbei.lerad.videoposter cmp=com.dangbei.lerad.videoposter/.ui.splash.SplashActivity } baseActivity=ComponentInfo{com.dangbei.lerad.videoposter/com.dangbei.lerad.videoposter.ui.splash.SplashActivity} topActivity=ComponentInfo{com.dangbei.lerad.videoposter/com.dangbei.lerad.videoposter.ui.splash.SplashActivity} origActivity=null realActivity=ComponentInfo{com.dangbei.lerad.videoposter/com.dangbei.lerad.videoposter.ui.splash.SplashActivity} numActivities=1 lastActiveTime=17639731 supportsMultiWindow=true resizeMode=1 isResizeable=true minWidth=-1 minHeight=-1 defaultMinSize=220 token=WCT{RemoteToken{65349d5 Task{3fd637a #154 type=standard A=10042:com.dangbei.lerad.videoposter}}} topActivityType=1 pictureInPictureParams=null shouldDockBigOverlays=true launchIntoPipHostTaskId=-1 lastParentTaskIdBeforePip=-1 displayCutoutSafeInsets=null topActivityInfo=ActivityInfo{1b385ea com.dangbei.lerad.videoposter.ui.splash.SplashActivity} launchCookies=[] positionInParent=Point(0, 0) parentTaskId=-1 isFocused=false isVisible=false isVisibleRequested=false isSleeping=false topActivityInSizeCompat=false topActivityEligibleForLetterboxEducation= false isLetterboxDoubleTapEnabled= false topActivityEligibleForUserAspectRatioButton= false topActivityBoundsLetterboxed= false isFromLetterboxDoubleTap= false topActivityLetterboxVerticalPosition= -1 topActivityLetterboxHorizontalPosition= -1 topActivityLetterboxWidth=-1 topActivityLetterboxHeight=-1 isUserFullscreenOverrideEnabled=false isTopActivityTransparent=false locusId=null displayAreaFeatureId=1 cameraCompatControlState=hidden}, remoteTransition = null, displayChange = null, flags = 0 }
06-24 16:03:52.903 685 708 V WindowManager: startWCT=WindowContainerTransaction { changes = {} hops = [] errorCallbackToken=null taskFragmentOrganizer=null }
06-24 16:03:52.904 901 979 V WindowManagerShell: animated by com.android.wm.shell.transition.DefaultTransitionHandler@7916d4
06-24 16:03:52.904 685 708 V WindowManager: info={id=453 t=OPEN f=0x0 trk=0 r=[0@Point(0, 0)] c=[{WCT{RemoteToken{65349d5 Task{3fd637a #154 type=standard A=10042:com.dangbei.lerad.videoposter}}} m=OPEN f=NONE leash=Surface(name=Task=154)/@0xf2aa9de sb=Rect(0, 0 - 1920, 1080) eb=Rect(0, 0 - 1920, 1080) d=0},{WCT{RemoteToken{30b1e82 Task{4d21fd0 #1 type=home}}} m=TO_BACK f=NONE leash=Surface(name=Task=1)/@0x54f0375 sb=Rect(0, 0 - 1920, 1080) eb=Rect(0, 0 - 1920, 1080) d=0}]}
06-24 16:03:53.041 685 1135 D CompatibilityChangeReporter: Compat change id reported: 214016041; UID 10042; state: DISABLED
06-24 16:03:53.220 0 0 W [0 T24735 ..] audit: audit_lost=17308 audit_rate_limit=5 audit_backlog_limit=64
06-24 16:03:53.220 0 0 E [0 T24735 ..] audit: rate limit exceeded
06-24 16:03:53.321 901 979 V WindowManagerShell: Transition animation finished (aborted=false), notifying core (#453)android.os.BinderProxy@7d63f70@0
06-24 16:03:53.327 685 708 V WindowManager: Finish Transition #453: created at
06-24 16:03:51.818 collect-started=0.069ms request-sent=11.799ms started=18.706ms ready=759.59ms sent=1077.278ms finished=1504.185ms
06-24 16:03:53.330 901 979 V WindowManagerShell: Track 0 became idle
06-24 16:03:53.330 901 979 V WindowManagerShell: All active transition animations finished
06-24 16:03:53.909 685 1135 E Transition: Trying to add a ready-group twice: Display{#0 state=ON size=1920x1080 ROTATION_0}
06-24 16:03:53.911 901 979 V WindowManagerShell: Transition requested: android.os.BinderProxy@bd9c1e TransitionRequestInfo { type = 1, triggerTask = TaskInfo{userId=0 taskId=154 displayId=0 isRunning=true baseIntent=Intent { act=android.intent.action.MAIN cat=[android.intent.category.LAUNCHER] flg=0x10000000 pkg=com.dangbei.lerad.videoposter cmp=com.dangbei.lerad.videoposter/.ui.splash.SplashActivity } baseActivity=ComponentInfo{com.dangbei.lerad.videoposter/com.dangbei.lerad.videoposter.ui.splash.SplashActivity} topActivity=ComponentInfo{com.dangbei.lerad.videoposter/com.dangbei.lerad.videoposter.ui.main.privacy.PrivacyPolicyActivity} origActivity=null realActivity=ComponentInfo{com.dangbei.lerad.videoposter/com.dangbei.lerad.videoposter.ui.splash.SplashActivity} numActivities=2 lastActiveTime=17641810 supportsMultiWindow=true resizeMode=1 isResizeable=true minWidth=-1 minHeight=-1 defaultMinSize=220 token=WCT{android.window.IWindowContainerToken$Stub$Proxy@380ccff} topActivityType=1 pictureInPictureParams=null shouldDockBigOverlays=true launchIntoPipHostTaskId=-1 lastParentTaskIdBeforePip=-1 displayCutoutSafeInsets=null topActivityInfo=ActivityInfo{8872acc com.dangbei.lerad.videoposter.ui.main.privacy.PrivacyPolicyActivity} launchCookies=[] positionInParent=Point(0, 0) parentTaskId=-1 isFocused=true isVisible=true isVisibleRequested=true isSleeping=false topActivityInSizeCompat=false topActivityEligibleForLetterboxEducation= false isLetterboxDoubleTapEnabled= false topActivityEligibleForUserAspectRatioButton= false topActivityBoundsLetterboxed= false isFromLetterboxDoubleTap= false topActivityLetterboxVerticalPosition= -1 topActivityLetterboxHorizontalPosition= -1 topActivityLetterboxWidth=-1 topActivityLetterboxHeight=-1 isUserFullscreenOverrideEnabled=false isTopActivityTransparent=false locusId=null displayAreaFeatureId=1 cameraCompatControlState=hidden}, remoteTransition = null, displayChange = null, flags = 0 }
06-24 16:03:53.911 685 1135 I ActivityTaskManager: START u0 {cmp=com.dangbei.lerad.videoposter/.ui.main.privacy.PrivacyPolicyActivity (has extras)} with LAUNCH_MULTIPLE from uid 10042 (BAL_ALLOW_VISIBLE_WINDOW) result code=0
06-24 16:03:53.924 685 1135 V WindowManager: app ------------- force_land :0
06-24 16:03:53.974 685 1135 W WindowManager: [addWindow] title:com.dangbei.lerad.videoposter/com.dangbei.lerad.videoposter.ui.main.privacy.PrivacyPolicyActivity
06-24 16:03:53.974 685 18903 W WindowManager: Failed looking up window session=Session{1fa54f4 30515:u0a10042} callers=com.android.server.wm.WindowManagerService.windowForClientLocked:6077 com.android.server.wm.Session.updateRequestedVisibleTypes:695 android.view.IWindowSession$Stub.onTransact:1034
06-24 16:03:53.989 685 1135 D CoreBackPreview: Window{ae4d689 u0 com.dangbei.lerad.videoposter/com.dangbei.lerad.videoposter.ui.main.privacy.PrivacyPolicyActivity}: Setting back callback OnBackInvokedCallbackInfo{mCallback=android.window.IOnBackInvokedCallback$Stub$Proxy@9787eaf, mPriority=0, mIsAnimationCallback=false}
06-24 16:03:54.029 901 979 D WindowManagerShell: TvPipController: onTaskStackChanged()
06-24 16:03:54.118 685 709 W ContextImpl: Calling a method in the system process without a qualified user: android.app.ContextImpl.startService:1899 com.android.server.wm.DisplayPolicy.lambda$focusChangedLw$5:2126 com.android.server.wm.DisplayPolicy.$r8$lambda$Znxk63oh-WzVnzo_WQefN7uxV48:0 com.android.server.wm.DisplayPolicy$$ExternalSyntheticLambda13.run:0 android.os.Handler.handleCallback:958
