06-24 16:14:42.083 685 791 D WindowManager: dispatchDirectAudioEvent KeyEvent { action=ACTION_DOWN, keyCode=KEYCODE_VOLUME_UP, scanCode=115, metaState=0, flags=0x8, repeatCount=0, eventTime=18289833622000, downTime=18289833622000, deviceId=10, source=0x301, displayId=-1 }
06-24 16:14:42.112 685 791 D WindowManager: handleVolumeKeyInArc KeyEvent { action=ACTION_UP, keyCode=KEYCODE_VOLUME_UP, scanCode=115, metaState=0, flags=0x8, repeatCount=0, eventTime=18290013441000, downTime=18289833622000, deviceId=10, source=0x301, displayId=-1 }
06-24 16:14:42.113 685 791 D WindowManager: dispatchDirectAudioEvent KeyEvent { action=ACTION_UP, keyCode=KEYCODE_VOLUME_UP, scanCode=115, metaState=0, flags=0x8, repeatCount=0, eventTime=18290013441000, downTime=18289833622000, deviceId=10, source=0x301, displayId=-1 }
06-24 16:14:42.418 685 2059 W ActivityManager: Unable to start service Intent { act=com.audiocn.karaoke.KaraokeService pkg=com.audiocn.karaoke.micmanager } U=0: not found
06-24 16:14:42.419 685 1135 W ActivityManager: Unable to start service Intent { act=com.audiocn.karaoke.KaraokeService pkg=com.audiocn.karaoke.micmanager } U=0: not found
06-24 16:14:44.109 0 0 W : [3 T1046 ..] [SP FRAME RX] DHCP[0 1], vif_idx:0
06-24 16:14:44.269 685 2059 W ActivityManager: Unable to start service Intent { act=com.audiocn.karaoke.KaraokeService pkg=com.audiocn.karaoke.micmanager } U=0: not found
06-24 16:14:44.270 685 2059 W ActivityManager: Unable to start service Intent { act=com.audiocn.karaoke.KaraokeService pkg=com.audiocn.karaoke.micmanager } U=0: not found
06-24 16:14:45.232 685 791 D WindowManager: handleVolumeKeyInArc KeyEvent { action=ACTION_DOWN, keyCode=KEYCODE_VOLUME_DOWN, scanCode=114, metaState=0, flags=0x8, repeatCount=0, eventTime=18292983535000, downTime=18292983535000, deviceId=10, source=0x301, displayId=-1 }
06-24 16:14:45.232 685 791 D WindowManager: dispatchDirectAudioEvent KeyEvent { action=ACTION_DOWN, keyCode=KEYCODE_VOLUME_DOWN, scanCode=114, metaState=0, flags=0x8, repeatCount=0, eventTime=18292983535000, downTime=18292983535000, deviceId=10, source=0x301, displayId=-1 }
06-24 16:14:45.276 685 791 D WindowManager: handleVolumeKeyInArc KeyEvent { action=ACTION_UP, keyCode=KEYCODE_VOLUME_DOWN, scanCode=114, metaState=0, flags=0x8, repeatCount=0, eventTime=18293176790000, downTime=18292983535000, deviceId=10, source=0x301, displayId=-1 }
06-24 16:14:45.276 685 791 D WindowManager: dispatchDirectAudioEvent KeyEvent { action=ACTION_UP, keyCode=KEYCODE_VOLUME_DOWN, scanCode=114, metaState=0, flags=0x8, repeatCount=0, eventTime=18293176790000, downTime=18292983535000, deviceId=10, source=0x301, displayId=-1 }
06-24 16:14:45.606 685 18233 D CoreBackPreview: Window{7665ff5 u0 VolumeDialogImpl}: Setting back callback null
06-24 16:14:45.772 685 18233 W ActivityManager: Unable to start service Intent { act=com.audiocn.karaoke.KaraokeService pkg=com.audiocn.karaoke.micmanager } U=0: not found
06-24 16:14:45.773 685 18233 W ActivityManager: Unable to start service Intent { act=com.audiocn.karaoke.KaraokeService pkg=com.audiocn.karaoke.micmanager } U=0: not found
06-24 16:14:47.360 685 18233 W ActivityManager: Unable to start service Intent { act=com.audiocn.karaoke.KaraokeService pkg=com.audiocn.karaoke.micmanager } U=0: not found
06-24 16:14:47.361 685 1135 W ActivityManager: Unable to start service Intent { act=com.audiocn.karaoke.KaraokeService pkg=com.audiocn.karaoke.micmanager } U=0: not found
06-24 16:14:47.612 0 0 W : [1 T1046 ..] [SP FRAME RX] arp req,vif_idx:0 sender:[12:2c:8d:45:1c:5f 192.168.3.190]receiver:[00:00:00:00:00:00 192.168.3.75]
06-24 16:14:47.613 0 0 W : [1 T1046 ..] [SP FRAME TX] arp rsp,vif_idx:0 sender:[1c:79:2d:20:62:cb 192.168.3.75]receiver:[12:2c:8d:45:1c:5f 192.168.3.190]
06-24 16:14:47.630 0 0 W : [3 T0 .s] [SP FRAME TX] arp req,vif_idx:0 sender:[1c:79:2d:20:62:cb 192.168.3.75]receiver:[00:00:00:00:00:00 192.168.3.190]
06-24 16:14:47.707 0 0 W : [1 T1046 ..] [SP FRAME RX] arp rsp,vif_idx:0 sender:[12:2c:8d:45:1c:5f 192.168.3.190]receiver:[1c:79:2d:20:62:cb 192.168.3.75]
06-24 16:14:49.565 685 1135 W ActivityManager: Unable to start service Intent { act=com.audiocn.karaoke.KaraokeService pkg=com.audiocn.karaoke.micmanager } U=0: not found
06-24 16:14:49.567 685 1135 W ActivityManager: Unable to start service Intent { act=com.audiocn.karaoke.KaraokeService pkg=com.audiocn.karaoke.micmanager } U=0: not found
06-24 16:14:51.815 685 1135 W ActivityManager: Unable to start service Intent { act=com.audiocn.karaoke.KaraokeService pkg=com.audiocn.karaoke.micmanager } U=0: not found
06-24 16:14:51.816 685 1135 W ActivityManager: Unable to start service Intent { act=com.audiocn.karaoke.KaraokeService pkg=com.audiocn.karaoke.micmanager } U=0: not found
06-24 16:14:53.445 685 1135 W ActivityManager: Unable to start service Intent { act=com.audiocn.karaoke.KaraokeService pkg=com.audiocn.karaoke.micmanager } U=0: not found
06-24 16:14:53.446 685 18233 W ActivityManager: Unable to start service Intent { act=com.audiocn.karaoke.KaraokeService pkg=com.audiocn.karaoke.micmanager } U=0: not found
06-24 16:14:54.567 0 0 W : [0 T1046 ..] [SP FRAME RX] arp req,vif_idx:0 sender:[12:3c:2c:e1:84:9f 192.168.3.254]receiver:[00:00:00:00:00:00 192.168.3.75]
06-24 16:14:54.568 0 0 W : [0 T1046 ..] [SP FRAME TX] arp rsp,vif_idx:0 sender:[1c:79:2d:20:62:cb 192.168.3.75]receiver:[12:3c:2c:e1:84:9f 192.168.3.254]
06-24 16:14:54.632 0 0 W : [2 T1046 ..] [SP FRAME RX] arp req,vif_idx:0 sender:[b6:86:f8:35:d4:28 192.168.3.36]receiver:[00:00:00:00:00:00 192.168.3.75]
06-24 16:14:54.633 0 0 W : [2 T1046 ..] [SP FRAME TX] arp rsp,vif_idx:0 sender:[1c:79:2d:20:62:cb 192.168.3.75]receiver:[b6:86:f8:35:d4:28 192.168.3.36]
06-24 16:14:54.762 0 0 W : [2 T1046 ..] [SP FRAME RX] arp req,vif_idx:0 sender:[16:8e:6e:17:dc:41 192.168.3.176]receiver:[00:00:00:00:00:00 192.168.3.75]
06-24 16:14:54.763 0 0 W : [2 T1046 ..] [SP FRAME TX] arp rsp,vif_idx:0 sender:[1c:79:2d:20:62:cb 192.168.3.75]receiver:[16:8e:6e:17:dc:41 192.168.3.176]
06-24 16:14:54.794 0 0 W : [1 T0 .s] [SP FRAME TX] arp req,vif_idx:0 sender:[1c:79:2d:20:62:cb 192.168.3.75]receiver:[00:00:00:00:00:00 192.168.3.176]
06-24 16:14:54.795 0 0 W : [1 T0 .s] [SP FRAME TX] arp req,vif_idx:0 sender:[1c:79:2d:20:62:cb 192.168.3.75]receiver:[00:00:00:00:00:00 192.168.3.36]
06-24 16:14:54.800 0 0 W : [2 T1046 ..] [SP FRAME RX] arp rsp,vif_idx:0 sender:[b6:86:f8:35:d4:28 192.168.3.36]receiver:[1c:79:2d:20:62:cb 192.168.3.75]
06-24 16:14:54.815 0 0 W : [2 T1046 ..] [SP FRAME RX] arp rsp,vif_idx:0 sender:[16:8e:6e:17:dc:41 192.168.3.176]receiver:[1c:79:2d:20:62:cb 192.168.3.75]
06-24 16:14:55.434 685 1135 W ActivityManager: Unable to start service Intent { act=com.audiocn.karaoke.KaraokeService pkg=com.audiocn.karaoke.micmanager } U=0: not found
06-24 16:14:55.435 685 18233 W ActivityManager: Unable to start service Intent { act=com.audiocn.karaoke.KaraokeService pkg=com.audiocn.karaoke.micmanager } U=0: not found
06-24 16:14:57.421 685 1135 W ActivityManager: Unable to start service Intent { act=com.audiocn.karaoke.KaraokeService pkg=com.audiocn.karaoke.micmanager } U=0: not found
06-24 16:14:57.421 685 1135 W ActivityManager: Unable to start service Intent { act=com.audiocn.karaoke.KaraokeService pkg=com.audiocn.karaoke.micmanager } U=0: not found
06-24 16:14:59.772 685 1135 W ActivityManager: Unable to start service Intent { act=com.audiocn.karaoke.KaraokeService pkg=com.audiocn.karaoke.micmanager } U=0: not found
06-24 16:14:59.772 685 18233 W ActivityManager: Unable to start service Intent { act=com.audiocn.karaoke.KaraokeService pkg=com.audiocn.karaoke.micmanager } U=0: not found
06-24 16:15:01.774 685 18233 W ActivityManager: Unable to start service Intent { act=com.audiocn.karaoke.KaraokeService pkg=com.audiocn.karaoke.micmanager } U=0: not found
06-24 16:15:01.775 685 1135 W ActivityManager: Unable to start service Intent { act=com.audiocn.karaoke.KaraokeService pkg=com.audiocn.karaoke.micmanager } U=0: not found
06-24 16:15:03.872 685 1135 W ActivityManager: Unable to start service Intent { act=com.audiocn.karaoke.KaraokeService pkg=com.audiocn.karaoke.micmanager } U=0: not found
06-24 16:15:03.873 685 1135 W ActivityManager: Unable to start service Intent { act=com.audiocn.karaoke.KaraokeService pkg=com.audiocn.karaoke.micmanager } U=0: not found
06-24 16:15:04.374 685 1135 W ActivityManager: Unable to start service Intent { act=com.audiocn.karaoke.KaraokeService pkg=com.audiocn.karaoke.micmanager } U=0: not found
06-24 16:15:04.375 685 18233 W ActivityManager: Unable to start service Intent { act=com.audiocn.karaoke.KaraokeService pkg=com.audiocn.karaoke.micmanager } U=0: not found
06-24 16:15:04.661 0 0 W : [1 T1046 ..] [SP FRAME RX] arp req,vif_idx:0 sender:[20:57:9e:67:7f:db 192.168.3.98]receiver:[00:00:00:00:00:00 192.168.3.75]
06-24 16:15:04.662 0 0 W : [1 T1046 ..] [SP FRAME TX] arp rsp,vif_idx:0 sender:[1c:79:2d:20:62:cb 192.168.3.75]receiver:[20:57:9e:67:7f:db 192.168.3.98]
06-24 16:15:04.814 0 0 W : [1 T1046 ..] [SP FRAME RX] arp req,vif_idx:0 sender:[1c:79:2d:53:fa:d4 192.168.3.127]receiver:[00:00:00:00:00:00 192.168.3.75]
06-24 16:15:04.815 0 0 W : [1 T1046 ..] [SP FRAME TX] arp rsp,vif_idx:0 sender:[1c:79:2d:20:62:cb 192.168.3.75]receiver:[1c:79:2d:53:fa:d4 192.168.3.127]
06-24 16:15:04.816 0 0 W : [1 T1046 ..] [SP FRAME RX] arp req,vif_idx:0 sender:[28:7b:11:70:51:1f 192.168.3.44]receiver:[00:00:00:00:00:00 192.168.3.75]
06-24 16:15:04.818 0 0 W : [1 T1046 ..] [SP FRAME TX] arp rsp,vif_idx:0 sender:[1c:79:2d:20:62:cb 192.168.3.75]receiver:[28:7b:11:70:51:1f 192.168.3.44]
06-24 16:15:04.819 0 0 W : [1 T1046 ..] [SP FRAME RX] arp req,vif_idx:0 sender:[de:90:cb:50:92:8f 192.168.3.145]receiver:[00:00:00:00:00:00 192.168.3.75]
06-24 16:15:04.821 0 0 W : [1 T1046 ..] [SP FRAME TX] arp rsp,vif_idx:0 sender:[1c:79:2d:20:62:cb 192.168.3.75]receiver:[de:90:cb:50:92:8f 192.168.3.145]
06-24 16:15:04.942 0 0 W : [0 T1046 ..] [SP FRAME RX] arp req,vif_idx:0 sender:[38:54:39:af:de:38 192.168.3.114]receiver:[00:00:00:00:00:00 192.168.3.75]
06-24 16:15:04.943 0 0 W : [0 T1046 ..] [SP FRAME TX] arp rsp,vif_idx:0 sender:[1c:79:2d:20:62:cb 192.168.3.75]receiver:[38:54:39:af:de:38 192.168.3.114]
06-24 16:15:05.059 0 0 W : [0 T1046 ..] [SP FRAME RX] arp req,vif_idx:0 sender:[28:7b:11:70:4f:bd 192.168.3.156]receiver:[00:00:00:00:00:00 192.168.3.75]
06-24 16:15:05.060 0 0 W : [0 T1046 ..] [SP FRAME TX] arp rsp,vif_idx:0 sender:[1c:79:2d:20:62:cb 192.168.3.75]receiver:[28:7b:11:70:4f:bd 192.168.3.156]
06-24 16:15:05.062 0 0 W : [0 T1046 ..] [SP FRAME RX] arp req,vif_idx:0 sender:[3a:fd:3d:ee:5f:54 192.168.3.129]receiver:[00:00:00:00:00:00 192.168.3.75]
06-24 16:15:05.063 0 0 W : [0 T1046 ..] [SP FRAME TX] arp rsp,vif_idx:0 sender:[1c:79:2d:20:62:cb 192.168.3.75]receiver:[3a:fd:3d:ee:5f:54 192.168.3.129]
06-24 16:15:05.073 0 0 W : [0 T1046 ..] [SP FRAME RX] arp req,vif_idx:0 sender:[28:7b:11:70:4f:a5 192.168.3.155]receiver:[00:00:00:00:00:00 192.168.3.75]
06-24 16:15:05.074 0 0 W : [0 T1046 ..] [SP FRAME TX] arp rsp,vif_idx:0 sender:[1c:79:2d:20:62:cb 192.168.3.75]receiver:[28:7b:11:70:4f:a5 192.168.3.155]
06-24 16:15:05.150 0 0 W : [2 T1046 ..] [SP FRAME RX] arp req,vif_idx:0 sender:[fa:f0:09:28:64:31 192.168.3.73]receiver:[00:00:00:00:00:00 192.168.3.75]
06-24 16:15:05.151 0 0 W : [2 T1046 ..] [SP FRAME TX] arp rsp,vif_idx:0 sender:[1c:79:2d:20:62:cb 192.168.3.75]receiver:[fa:f0:09:28:64:31 192.168.3.73]
06-24 16:15:05.270 0 0 W : [3 T1046 ..] [SP FRAME RX] arp req,vif_idx:0 sender:[e2:04:f6:d8:62:00 192.168.3.194]receiver:[00:00:00:00:00:00 192.168.3.75]
06-24 16:15:05.271 0 0 W : [3 T1046 ..] [SP FRAME TX] arp rsp,vif_idx:0 sender:[1c:79:2d:20:62:cb 192.168.3.75]receiver:[e2:04:f6:d8:62:00 192.168.3.194]
06-24 16:15:05.317 0 0 W : [3 T1046 ..] [SP FRAME RX] arp req,vif_idx:0 sender:[0c:91:60:12:cd:6e 192.168.3.81]receiver:[00:00:00:00:00:00 192.168.3.75]
06-24 16:15:05.318 0 0 W : [3 T1046 ..] [SP FRAME TX] arp rsp,vif_idx:0 sender:[1c:79:2d:20:62:cb 192.168.3.75]receiver:[0c:91:60:12:cd:6e 192.168.3.81]
06-24 16:15:05.390 685 1135 W ActivityManager: Unable to start service Intent { act=com.audiocn.karaoke.KaraokeService pkg=com.audiocn.karaoke.micmanager } U=0: not found
06-24 16:15:05.391 685 18233 W ActivityManager: Unable to start service Intent { act=com.audiocn.karaoke.KaraokeService pkg=com.audiocn.karaoke.micmanager } U=0: not found
06-24 16:15:05.422 0 0 W : [3 T1046 ..] [SP FRAME RX] arp req,vif_idx:0 sender:[0c:91:60:12:cd:fc 192.168.3.171]receiver:[00:00:00:00:00:00 192.168.3.75]
06-24 16:15:05.423 0 0 W : [3 T1046 ..] [SP FRAME TX] arp rsp,vif_idx:0 sender:[1c:79:2d:20:62:cb 192.168.3.75]receiver:[0c:91:60:12:cd:fc 192.168.3.171]
06-24 16:15:05.448 0 0 W : [3 T1046 ..] [SP FRAME RX] arp req,vif_idx:0 sender:[0c:91:60:12:cd:8c 192.168.3.70]receiver:[00:00:00:00:00:00 192.168.3.75]
06-24 16:15:05.449 0 0 W : [3 T1046 ..] [SP FRAME TX] arp rsp,vif_idx:0 sender:[1c:79:2d:20:62:cb 192.168.3.75]receiver:[0c:91:60:12:cd:8c 192.168.3.70]
06-24 16:15:05.482 0 0 W : [3 T1046 ..] [SP FRAME RX] arp req,vif_idx:0 sender:[9a:86:f7:27:5c:25 192.168.3.169]receiver:[00:00:00:00:00:00 192.168.3.75]
06-24 16:15:05.483 0 0 W : [3 T1046 ..] [SP FRAME TX] arp rsp,vif_idx:0 sender:[1c:79:2d:20:62:cb 192.168.3.75]receiver:[9a:86:f7:27:5c:25 192.168.3.169]
06-24 16:15:05.534 0 0 W : [3 T1046 ..] [SP FRAME RX] arp req,vif_idx:0 sender:[02:d1:be:fb:0a:d7 192.168.3.130]receiver:[00:00:00:00:00:00 192.168.3.75]
06-24 16:15:05.535 0 0 W : [3 T1046 ..] [SP FRAME TX] arp rsp,vif_idx:0 sender:[1c:79:2d:20:62:cb 192.168.3.75]receiver:[02:d1:be:fb:0a:d7 192.168.3.130]
06-24 16:15:05.636 0 0 W : [3 T1046 ..] [SP FRAME RX] arp req,vif_idx:0 sender:[d2:07:9a:6e:a7:36 192.168.3.27]receiver:[00:00:00:00:00:00 192.168.3.75]
06-24 16:15:05.637 0 0 W : [3 T1046 ..] [SP FRAME TX] arp rsp,vif_idx:0 sender:[1c:79:2d:20:62:cb 192.168.3.75]receiver:[d2:07:9a:6e:a7:36 192.168.3.27]
06-24 16:15:05.638 0 0 W : [3 T1046 ..] [SP FRAME RX] arp req,vif_idx:0 sender:[e2:8e:12:0f:0b:47 192.168.3.123]receiver:[00:00:00:00:00:00 192.168.3.75]
06-24 16:15:05.640 0 0 W : [3 T1046 ..] [SP FRAME TX] arp rsp,vif_idx:0 sender:[1c:79:2d:20:62:cb 192.168.3.75]receiver:[e2:8e:12:0f:0b:47 192.168.3.123]
06-24 16:15:05.704 0 0 W : [3 T1046 ..] [SP FRAME RX] arp req,vif_idx:0 sender:[da:b8:33:f6:93:fe 192.168.3.89]receiver:[00:00:00:00:00:00 192.168.3.75]
06-24 16:15:05.705 0 0 W : [3 T1046 ..] [SP FRAME TX] arp rsp,vif_idx:0 sender:[1c:79:2d:20:62:cb 192.168.3.75]receiver:[da:b8:33:f6:93:fe 192.168.3.89]
06-24 16:15:06.575 685 18233 W ActivityManager: Unable to start service Intent { act=com.audiocn.karaoke.KaraokeService pkg=com.audiocn.karaoke.micmanager } U=0: not found
06-24 16:15:06.576 685 1135 W ActivityManager: Unable to start service Intent { act=com.audiocn.karaoke.KaraokeService pkg=com.audiocn.karaoke.micmanager } U=0: not found
06-24 16:15:06.908 685 18233 W ActivityManager: Unable to start service Intent { act=com.audiocn.karaoke.KaraokeService pkg=com.audiocn.karaoke.micmanager } U=0: not found
06-24 16:15:06.908 685 18233 W ActivityManager: Unable to start service Intent { act=com.audiocn.karaoke.KaraokeService pkg=com.audiocn.karaoke.micmanager } U=0: not found
06-24 16:15:08.580 685 18233 W ActivityManager: Unable to start service Intent { act=com.audiocn.karaoke.KaraokeService pkg=com.audiocn.karaoke.micmanager } U=0: not found
06-24 16:15:08.581 685 1135 W ActivityManager: Unable to start service Intent { act=com.audiocn.karaoke.KaraokeService pkg=com.audiocn.karaoke.micmanager } U=0: not found
06-24 16:15:09.327 685 1135 W ActivityManager: Unable to start service Intent { act=com.audiocn.karaoke.KaraokeService pkg=com.audiocn.karaoke.micmanager } U=0: not found
06-24 16:15:09.329 685 18233 W ActivityManager: Unable to start service Intent { act=com.audiocn.karaoke.KaraokeService pkg=com.audiocn.karaoke.micmanager } U=0: not found
06-24 16:15:09.409 685 1135 W ActivityManager: Unable to start service Intent { act=com.audiocn.karaoke.KaraokeService pkg=com.audiocn.karaoke.micmanager } U=0: not found
06-24 16:15:09.410 685 1135 W ActivityManager: Unable to start service Intent { act=com.audiocn.karaoke.KaraokeService pkg=com.audiocn.karaoke.micmanager } U=0: not found
06-24 16:15:11.449 685 18233 W ActivityManager: Unable to start service Intent { act=com.audiocn.karaoke.KaraokeService pkg=com.audiocn.karaoke.micmanager } U=0: not found
06-24 16:15:11.450 685 1135 W ActivityManager: Unable to start service Intent { act=com.audiocn.karaoke.KaraokeService pkg=com.audiocn.karaoke.micmanager } U=0: not found
06-24 16:15:11.583 685 1135 W ActivityManager: Unable to start service Intent { act=com.audiocn.karaoke.KaraokeService pkg=com.audiocn.karaoke.micmanager } U=0: not found
06-24 16:15:11.583 685 1135 W ActivityManager: Unable to start service Intent { act=com.audiocn.karaoke.KaraokeService pkg=com.audiocn.karaoke.micmanager } U=0: not found
06-24 16:15:12.831 685 1135 W ActivityManager: Unable to start service Intent { act=com.audiocn.karaoke.KaraokeService pkg=com.audiocn.karaoke.micmanager } U=0: not found
06-24 16:15:12.832 685 18233 W ActivityManager: Unable to start service Intent { act=com.audiocn.karaoke.KaraokeService pkg=com.audiocn.karaoke.micmanager } U=0: not found
06-24 16:15:13.414 685 1135 W ActivityManager: Unable to start service Intent { act=com.audiocn.karaoke.KaraokeService pkg=com.audiocn.karaoke.micmanager } U=0: not found
06-24 16:15:13.415 685 18233 W ActivityManager: Unable to start service Intent { act=com.audiocn.karaoke.KaraokeService pkg=com.audiocn.karaoke.micmanager } U=0: not found
06-24 16:15:13.948 685 18233 W ActivityManager: Unable to start service Intent { act=com.audiocn.karaoke.KaraokeService pkg=com.audiocn.karaoke.micmanager } U=0: not found
06-24 16:15:13.950 685 1135 W ActivityManager: Unable to start service Intent { act=com.audiocn.karaoke.KaraokeService pkg=com.audiocn.karaoke.micmanager } U=0: not found
06-24 16:15:13.994 0 0 W : [3 T7456 .s] [SP FRAME TX] arp req,vif_idx:0 sender:[1c:79:2d:20:62:cb 192.168.3.75]receiver:[00:00:00:00:00:00 192.168.3.217]
06-24 16:15:14.040 0 0 W : [1 T1046 ..] [SP FRAME RX] arp req,vif_idx:0 sender:[b2:33:fc:c9:ef:d5 192.168.3.217]receiver:[00:00:00:00:00:00 192.168.3.75]
06-24 16:15:14.041 0 0 W : [1 T1046 ..] [SP FRAME TX] arp rsp,vif_idx:0 sender:[1c:79:2d:20:62:cb 192.168.3.75]receiver:[b2:33:fc:c9:ef:d5 192.168.3.217]
06-24 16:15:14.046 0 0 W : [1 T1046 ..] [SP FRAME RX] arp rsp,vif_idx:0 sender:[b2:33:fc:c9:ef:d5 192.168.3.217]receiver:[1c:79:2d:20:62:cb 192.168.3.75]
06-24 16:15:15.953 685 18233 W ActivityManager: Unable to start service Intent { act=com.audiocn.karaoke.KaraokeService pkg=com.audiocn.karaoke.micmanager } U=0: not found
06-24 16:15:15.953 685 18233 W ActivityManager: Unable to start service Intent { act=com.audiocn.karaoke.KaraokeService pkg=com.audiocn.karaoke.micmanager } U=0: not found
06-24 16:15:16.437 685 18233 W ActivityManager: Unable to start service Intent { act=com.audiocn.karaoke.KaraokeService pkg=com.audiocn.karaoke.micmanager } U=0: not found
06-24 16:15:16.438 685 1135 W ActivityManager: Unable to start service Intent { act=com.audiocn.karaoke.KaraokeService pkg=com.audiocn.karaoke.micmanager } U=0: not found
06-24 16:15:16.584 685 1135 W ActivityManager: Unable to start service Intent { act=com.audiocn.karaoke.KaraokeService pkg=com.audiocn.karaoke.micmanager } U=0: not found
06-24 16:15:16.586 685 1135 W ActivityManager: Unable to start service Intent { act=com.audiocn.karaoke.KaraokeService pkg=com.audiocn.karaoke.micmanager } U=0: not found
06-24 16:15:18.147 685 709 D AutofillManagerService: onBackKeyPressed()
06-24 16:15:18.336 685 1135 W ActivityManager: Unable to start service Intent { act=com.audiocn.karaoke.KaraokeService pkg=com.audiocn.karaoke.micmanager } U=0: not found
06-24 16:15:18.337 685 18233 W ActivityManager: Unable to start service Intent { act=com.audiocn.karaoke.KaraokeService pkg=com.audiocn.karaoke.micmanager } U=0: not found
06-24 16:15:18.602 0 0 W : [0 T18360 ..] [aml_send_sync_trace 4388] sync token[64027]
06-24 16:15:18.602 0 0 W : [0 T18360 ..] >>> aml_send_msg()
06-24 16:15:18.604 0 0 W : [2 T1041 ..] ipc_sdio_host_msgack_handler 00000000a334a117
06-24 16:15:18.605 0 0 W : [2 T1041 ..] [aml_msgackind 2039] msg ack hostid=0xffffff80c0fe5b80
06-24 16:15:18.605 0 0 W : [2 T1041 ..] [cmd_mgr_llind 329] cmd tkn[459] flags:0008 result: -4 cmd: 105-MM_SYNC_TRACE - reqcfm( 0-none)
06-24 16:15:18.607 0 0 W : [2 T1041 ..] [cmd_complete 65] cmd tkn[459] flags:0000 result: -4 cmd: 105-MM_SYNC_TRACE - reqcfm( 0-none)
06-24 16:15:19.287 685 1135 W ActivityManager: Unable to start service Intent { act=com.audiocn.karaoke.KaraokeService pkg=com.audiocn.karaoke.micmanager } U=0: not found
06-24 16:15:19.290 685 1135 W ActivityManager: Unable to start service Intent { act=com.audiocn.karaoke.KaraokeService pkg=com.audiocn.karaoke.micmanager } U=0: not found
06-24 16:15:19.420 685 1135 W ActivityManager: Unable to start service Intent { act=com.audiocn.karaoke.KaraokeService pkg=com.audiocn.karaoke.micmanager } U=0: not found
06-24 16:15:19.421 685 1076 W ActivityManager: Unable to start service Intent { act=com.audiocn.karaoke.KaraokeService pkg=com.audiocn.karaoke.micmanager } U=0: not found
06-24 16:15:20.138 0 0 W : [0 T0 .s] [SP FRAME TX] arp req,vif_idx:0 sender:[1c:79:2d:20:62:cb 192.168.3.75]receiver:[00:00:00:00:00:00 192.168.3.3]
06-24 16:15:20.169 0 0 W : [3 T1046 ..] [SP FRAME RX] arp rsp,vif_idx:0 sender:[02:fe:15:17:79:f9 192.168.3.3]receiver:[1c:79:2d:20:62:cb 192.168.3.75]
06-24 16:15:20.269 0 0 W : [0 T1046 ..] [SP FRAME RX] arp req,vif_idx:0 sender:[02:fe:15:17:79:f9 192.168.3.3]receiver:[00:00:00:00:00:00 192.168.3.75]
06-24 16:15:20.270 0 0 W : [0 T1046 ..] [SP FRAME TX] arp rsp,vif_idx:0 sender:[1c:79:2d:20:62:cb 192.168.3.75]receiver:[02:fe:15:17:79:f9 192.168.3.3]
06-24 16:15:20.459 685 1076 W ActivityManager: Unable to start service Intent { act=com.audiocn.karaoke.KaraokeService pkg=com.audiocn.karaoke.micmanager } U=0: not found
06-24 16:15:20.459 685 1135 W ActivityManager: Unable to start service Intent { act=com.audiocn.karaoke.KaraokeService pkg=com.audiocn.karaoke.micmanager } U=0: not found
06-24 16:15:22.958 685 1135 W ActivityManager: Unable to start service Intent { act=com.audiocn.karaoke.KaraokeService pkg=com.audiocn.karaoke.micmanager } U=0: not found
06-24 16:15:22.959 685 1076 W ActivityManager: Unable to start service Intent { act=com.audiocn.karaoke.KaraokeService pkg=com.audiocn.karaoke.micmanager } U=0: not found
06-24 16:15:23.942 685 1076 W ActivityManager: Unable to start service Intent { act=com.audiocn.karaoke.KaraokeService pkg=com.audiocn.karaoke.micmanager } U=0: not found
06-24 16:15:23.942 685 1135 W ActivityManager: Unable to start service Intent { act=com.audiocn.karaoke.KaraokeService pkg=com.audiocn.karaoke.micmanager } U=0: not found
06-24 16:15:24.587 685 1076 W ActivityManager: Unable to start service Intent { act=com.audiocn.karaoke.KaraokeService pkg=com.audiocn.karaoke.micmanager } U=0: not found
06-24 16:15:24.588 685 1076 W ActivityManager: Unable to start service Intent { act=com.audiocn.karaoke.KaraokeService pkg=com.audiocn.karaoke.micmanager } U=0: not found
06-24 16:15:25.818 0 0 W : [1 T1127 ..] [aml_android_priv_ioctl 128] vif idx=0 cmd=SETSUSPENDMODE 0
06-24 16:15:25.819 0 0 W : [1 T1127 ..] [aml_android_set_suspend_mode 77] set google_cast 0
06-24 16:15:25.829 0 0 W : [3 T1149 ..] [SP FRAME TX] DHCP[1 0], vif_idx:0
06-24 16:15:25.838 0 0 W : [1 T1046 ..] [SP FRAME RX] DHCP[1 0], vif_idx:0
06-24 16:15:25.876 685 822 W ContextImpl: Calling a method in the system process without a qualified user: android.app.ContextImpl.sendStickyBroadcast:1626 com.android.server.wifi.ClientModeImpl.sendNetworkChangeBroadcast:3008 com.android.server.wifi.ClientModeImpl.lambda$sendNetworkChangeBroadcastWithCurrentState$14:2985 com.android.server.wifi.ClientModeImpl.$r8$lambda$q-j88Pjw4gROgoJFr8wBlBVbuJI:0 com.android.server.wifi.ClientModeImpl$$ExternalSyntheticLambda4.send:0
06-24 16:15:26.538 0 0 W : [3 T371 .s] [SP FRAME TX] arp req,vif_idx:0 sender:[1c:79:2d:20:62:cb 192.168.3.75]receiver:[00:00:00:00:00:00 192.168.3.254]
06-24 16:15:26.580 0 0 W : [3 T1046 ..] [SP FRAME RX] arp rsp,vif_idx:0 sender:[12:3c:2c:e1:84:9f 192.168.3.254]receiver:[1c:79:2d:20:62:cb 192.168.3.75]
06-24 16:15:26.627 0 0 W : [3 T1046 ..] [SP FRAME RX] arp req,vif_idx:0 sender:[b6:86:f8:35:d4:28 192.168.3.36]receiver:[00:00:00:00:00:00 192.168.3.75]
06-24 16:15:26.628 0 0 W : [3 T1046 ..] [SP FRAME TX] arp rsp,vif_idx:0 sender:[1c:79:2d:20:62:cb 192.168.3.75]receiver:[b6:86:f8:35:d4:28 192.168.3.36]
06-24 16:15:26.794 0 0 W : [3 T0 .s] [SP FRAME TX] arp req,vif_idx:0 sender:[1c:79:2d:20:62:cb 192.168.3.75]receiver:[00:00:00:00:00:00 192.168.3.243]
06-24 16:15:26.795 0 0 W : [3 T0 .s] [SP FRAME TX] arp req,vif_idx:0 sender:[1c:79:2d:20:62:cb 192.168.3.75]receiver:[00:00:00:00:00:00 192.168.3.176]
06-24 16:15:26.797 0 0 W : [3 T0 .s] [SP FRAME TX] arp req,vif_idx:0 sender:[1c:79:2d:20:62:cb 192.168.3.75]receiver:[00:00:00:00:00:00 192.168.3.36]
06-24 16:15:26.837 685 1135 W ActivityManager: Unable to start service Intent { act=com.audiocn.karaoke.KaraokeService pkg=com.audiocn.karaoke.micmanager } U=0: not found
06-24 16:15:26.838 685 1076 W ActivityManager: Unable to start service Intent { act=com.audiocn.karaoke.KaraokeService pkg=com.audiocn.karaoke.micmanager } U=0: not found
06-24 16:15:26.851 0 0 W : [3 T1046 ..] [SP FRAME RX] arp req,vif_idx:0 sender:[16:8e:6e:17:dc:41 192.168.3.176]receiver:[00:00:00:00:00:00 192.168.3.75]
06-24 16:15:26.852 0 0 W : [3 T1046 ..] [SP FRAME TX] arp rsp,vif_idx:0 sender:[1c:79:2d:20:62:cb 192.168.3.75]receiver:[16:8e:6e:17:dc:41 192.168.3.176]
06-24 16:15:26.854 0 0 W : [3 T1046 ..] [SP FRAME RX] arp rsp,vif_idx:0 sender:[16:8e:6e:17:dc:41 192.168.3.176]receiver:[1c:79:2d:20:62:cb 192.168.3.75]
06-24 16:15:26.956 0 0 W : [3 T1046 ..] [SP FRAME RX] arp rsp,vif_idx:0 sender:[b6:86:f8:35:d4:28 192.168.3.36]receiver:[1c:79:2d:20:62:cb 192.168.3.75]
06-24 16:15:27.818 0 0 W : [3 T7456 .s] [SP FRAME TX] arp req,vif_idx:0 sender:[1c:79:2d:20:62:cb 192.168.3.75]receiver:[00:00:00:00:00:00 192.168.3.243]
06-24 16:15:28.298 685 1135 W ActivityManager: Unable to start service Intent { act=com.audiocn.karaoke.KaraokeService pkg=com.audiocn.karaoke.micmanager } U=0: not found
06-24 16:15:28.299 685 1135 W ActivityManager: Unable to start service Intent { act=com.audiocn.karaoke.KaraokeService pkg=com.audiocn.karaoke.micmanager } U=0: not found
06-24 16:15:28.586 0 0 W : [2 T7456 .s] [SP FRAME TX] arp req,vif_idx:0 sender:[1c:79:2d:20:62:cb 192.168.3.75]receiver:[00:00:00:00:00:00 192.168.3.190]
06-24 16:15:28.592 0 0 W : [3 T1046 ..] [SP FRAME RX] arp rsp,vif_idx:0 sender:[12:2c:8d:45:1c:5f 192.168.3.190]receiver:[1c:79:2d:20:62:cb 192.168.3.75]
06-24 16:15:28.842 0 0 W : [3 T7157 .s] [SP FRAME TX] arp req,vif_idx:0 sender:[1c:79:2d:20:62:cb 192.168.3.75]receiver:[00:00:00:00:00:00 192.168.3.243]
06-24 16:15:28.933 685 1135 W ActivityManager: Unable to start service Intent { act=com.audiocn.karaoke.KaraokeService pkg=com.audiocn.karaoke.micmanager } U=0: not found
06-24 16:15:28.934 685 1135 W ActivityManager: Unable to start service Intent { act=com.audiocn.karaoke.KaraokeService pkg=com.audiocn.karaoke.micmanager } U=0: not found
06-24 16:15:29.866 0 0 W : [3 T8183 .s] [SP FRAME TX] arp req,vif_idx:0 sender:[1c:79:2d:20:62:cb 192.168.3.75]receiver:[00:00:00:00:00:00 192.168.3.243]
06-24 16:15:30.466 685 1135 W ActivityManager: Unable to start service Intent { act=com.audiocn.karaoke.KaraokeService pkg=com.audiocn.karaoke.micmanager } U=0: not found
06-24 16:15:30.467 685 1076 W ActivityManager: Unable to start service Intent { act=com.audiocn.karaoke.KaraokeService pkg=com.audiocn.karaoke.micmanager } U=0: not found
06-24 16:15:30.890 0 0 W : [3 T25366 .s] [SP FRAME TX] arp req,vif_idx:0 sender:[1c:79:2d:20:62:cb 192.168.3.75]receiver:[00:00:00:00:00:00 192.168.3.243]
06-24 16:15:31.914 0 0 W : [3 T7456 .s] [SP FRAME TX] arp req,vif_idx:0 sender:[1c:79:2d:20:62:cb 192.168.3.75]receiver:[00:00:00:00:00:00 192.168.3.243]
06-24 16:15:32.474 0 0 W : [1 T1046 ..] [SP FRAME RX] arp req,vif_idx:0 sender:[12:2c:8d:45:1c:5f 192.168.3.190]receiver:[00:00:00:00:00:00 192.168.3.75]
06-24 16:15:32.475 0 0 W : [1 T1046 ..] [SP FRAME TX] arp rsp,vif_idx:0 sender:[1c:79:2d:20:62:cb 192.168.3.75]receiver:[12:2c:8d:45:1c:5f 192.168.3.190]
06-24 16:15:32.938 0 0 W : [3 T0 .s] [SP FRAME TX] arp req,vif_idx:0 sender:[1c:79:2d:20:62:cb 192.168.3.75]receiver:[00:00:00:00:00:00 192.168.3.243]
06-24 16:15:33.450 0 0 W : [0 T11022 .s] [SP FRAME TX] arp req,vif_idx:0 sender:[1c:79:2d:20:62:cb 192.168.3.75]receiver:[00:00:00:00:00:00 192.168.3.45]
06-24 16:15:33.468 685 1135 W ActivityManager: Unable to start service Intent { act=com.audiocn.karaoke.KaraokeService pkg=com.audiocn.karaoke.micmanager } U=0: not found
06-24 16:15:33.469 685 1076 W ActivityManager: Unable to start service Intent { act=com.audiocn.karaoke.KaraokeService pkg=com.audiocn.karaoke.micmanager } U=0: not found
06-24 16:15:33.525 0 0 W : [0 T1046 ..] [SP FRAME RX] arp rsp,vif_idx:0 sender:[82:d8:26:78:cd:e3 192.168.3.45]receiver:[1c:79:2d:20:62:cb 192.168.3.75]
06-24 16:15:33.962 0 0 W : [3 T0 .s] [SP FRAME TX] arp req,vif_idx:0 sender:[1c:79:2d:20:62:cb 192.168.3.75]receiver:[00:00:00:00:00:00 192.168.3.243]
06-24 16:15:33.995 0 0 W : [0 T1046 ..] [SP FRAME RX] arp req,vif_idx:0 sender:[82:d8:26:78:cd:e3 192.168.3.45]receiver:[00:00:00:00:00:00 192.168.3.75]
06-24 16:15:33.996 0 0 W : [0 T1046 ..] [SP FRAME TX] arp rsp,vif_idx:0 sender:[1c:79:2d:20:62:cb 192.168.3.75]receiver:[82:d8:26:78:cd:e3 192.168.3.45]
06-24 16:15:34.222 0 0 W [2 T23126 ..] audit: audit_lost=19228 audit_rate_limit=5 audit_backlog_limit=64
06-24 16:15:34.222 0 0 E [2 T23126 ..] audit: rate limit exceeded
06-24 16:15:34.695 685 718 W ProcessStats: Tracking association SourceState{2ed2a5c system/1000 ImpFg #10451} whose proc state 5 is better than process ProcessState{9231bd0 com.android.permissioncontroller/10074 pkg=com.android.permissioncontroller} proc state 15 (0 skipped)
06-24 16:15:34.766 0 0 W : [1 T1046 ..] [SP FRAME RX] arp req,vif_idx:0 sender:[12:3c:2c:e1:84:9f 192.168.3.254]receiver:[00:00:00:00:00:00 192.168.3.75]
06-24 16:15:34.767 0 0 W : [1 T1046 ..] [SP FRAME TX] arp rsp,vif_idx:0 sender:[1c:79:2d:20:62:cb 192.168.3.75]receiver:[12:3c:2c:e1:84:9f 192.168.3.254]
06-24 16:15:34.943 685 1135 W ActivityManager: Unable to start service Intent { act=com.audiocn.karaoke.KaraokeService pkg=com.audiocn.karaoke.micmanager } U=0: not found
06-24 16:15:34.944 685 1076 W ActivityManager: Unable to start service Intent { act=com.audiocn.karaoke.KaraokeService pkg=com.audiocn.karaoke.micmanager } U=0: not found
06-24 16:15:34.986 0 0 W : [3 T7456 .s] [SP FRAME TX] arp req,vif_idx:0 sender:[1c:79:2d:20:62:cb 192.168.3.75]receiver:[00:00:00:00:00:00 192.168.3.243]
06-24 16:15:36.010 0 0 W : [3 T0 .s] [SP FRAME TX] arp req,vif_idx:0 sender:[1c:79:2d:20:62:cb 192.168.3.75]receiver:[00:00:00:00:00:00 192.168.3.243]
06-24 16:15:36.107 685 1135 W ActivityManager: Unable to start service Intent { act=com.audiocn.karaoke.KaraokeService pkg=com.audiocn.karaoke.micmanager } U=0: not found
06-24 16:15:36.108 685 1135 W ActivityManager: Unable to start service Intent { act=com.audiocn.karaoke.KaraokeService pkg=com.audiocn.karaoke.micmanager } U=0: not found
06-24 16:15:36.640 0 0 W [1 T10663 ..] audit: audit_lost=19230 audit_rate_limit=5 audit_backlog_limit=64
06-24 16:15:36.640 0 0 E [1 T10663 ..] audit: rate limit exceeded
06-24 16:15:37.034 0 0 W : [3 T0 .s] [SP FRAME TX] arp req,vif_idx:0 sender:[1c:79:2d:20:62:cb 192.168.3.75]receiver:[00:00:00:00:00:00 192.168.3.243]
06-24 16:15:38.058 0 0 W : [3 T7456 .s] [SP FRAME TX] arp req,vif_idx:0 sender:[1c:79:2d:20:62:cb 192.168.3.75]receiver:[00:00:00:00:00:00 192.168.3.243]
06-24 16:15:38.840 685 1076 W ActivityManager: Unable to start service Intent { act=com.audiocn.karaoke.KaraokeService pkg=com.audiocn.karaoke.micmanager } U=0: not found
06-24 16:15:38.841 685 1135 W ActivityManager: Unable to start service Intent { act=com.audiocn.karaoke.KaraokeService pkg=com.audiocn.karaoke.micmanager } U=0: not found
06-24 16:15:39.082 0 0 W : [3 T0 .s] [SP FRAME TX] arp req,vif_idx:0 sender:[1c:79:2d:20:62:cb 192.168.3.75]receiver:[00:00:00:00:00:00 192.168.3.243]
06-24 16:15:40.106 0 0 W : [3 T0 .s] [SP FRAME TX] arp req,vif_idx:0 sender:[1c:79:2d:20:62:cb 192.168.3.75]receiver:[00:00:00:00:00:00 192.168.3.243]
06-24 16:15:40.808 685 1076 W ActivityManager: Unable to start service Intent { act=com.audiocn.karaoke.KaraokeService pkg=com.audiocn.karaoke.micmanager } U=0: not found
06-24 16:15:40.809 685 1135 W ActivityManager: Unable to start service Intent { act=com.audiocn.karaoke.KaraokeService pkg=com.audiocn.karaoke.micmanager } U=0: not found
06-24 16:15:41.130 0 0 W : [3 T7456 .s] [SP FRAME TX] arp req,vif_idx:0 sender:[1c:79:2d:20:62:cb 192.168.3.75]receiver:[00:00:00:00:00:00 192.168.3.243]
06-24 16:15:41.943 685 1135 W ActivityManager: Unable to start service Intent { act=com.audiocn.karaoke.KaraokeService pkg=com.audiocn.karaoke.micmanager } U=0: not found
06-24 16:15:41.944 685 1076 W ActivityManager: Unable to start service Intent { act=com.audiocn.karaoke.KaraokeService pkg=com.audiocn.karaoke.micmanager } U=0: not found
06-24 16:15:42.041 685 1135 D CompatibilityChangeReporter: Compat change id reported: 265464455; UID 10104; state: DISABLED
06-24 16:15:42.042 685 1135 D CompatibilityChangeReporter: Compat change id reported: 265452344; UID 10104; state: DISABLED
06-24 16:15:42.043 685 1135 D CompatibilityChangeReporter: Compat change id reported: 266124927; UID 10104; state: DISABLED
06-24 16:15:42.043 685 1135 D CompatibilityChangeReporter: Compat change id reported: 265451093; UID 10104; state: DISABLED
06-24 16:15:42.043 685 1135 D CompatibilityChangeReporter: Compat change id reported: 265456536; UID 10104; state: DISABLED
06-24 16:15:42.044 685 1135 D CompatibilityChangeReporter: Compat change id reported: 255940284; UID 10104; state: DISABLED
06-24 16:15:42.044 685 1135 D CompatibilityChangeReporter: Compat change id reported: 236283604; UID 10104; state: DISABLED
06-24 16:15:42.044 685 1135 D CompatibilityChangeReporter: Compat change id reported: 263959004; UID 10104; state: DISABLED
06-24 16:15:42.045 685 1135 D CompatibilityChangeReporter: Compat change id reported: 264304459; UID 10104; state: DISABLED
06-24 16:15:42.045 685 1135 D CompatibilityChangeReporter: Compat change id reported: 264301586; UID 10104; state: DISABLED
06-24 16:15:42.046 685 1135 D CompatibilityChangeReporter: Compat change id reported: 254631730; UID 10104; state: DISABLED
06-24 16:15:42.047 685 1135 D CompatibilityChangeReporter: Compat change id reported: 273509367; UID 10104; state: DISABLED
06-24 16:15:42.047 685 1135 D CompatibilityChangeReporter: Compat change id reported: 263259275; UID 10104; state: DISABLED
06-24 16:15:42.047 685 1135 D CompatibilityChangeReporter: Compat change id reported: 174042980; UID 10104; state: DISABLED
06-24 16:15:42.047 685 1135 D CompatibilityChangeReporter: Compat change id reported: 174042936; UID 10104; state: DISABLED
06-24 16:15:42.047 685 1135 D CompatibilityChangeReporter: Compat change id reported: 181136395; UID 10104; state: DISABLED
06-24 16:15:42.049 685 1135 D CompatibilityChangeReporter: Compat change id reported: 194480991; UID 10104; state: ENABLED
06-24 16:15:42.052 685 1135 D CompatibilityChangeReporter: Compat change id reported: 197654537; UID 10104; state: DISABLED
06-24 16:15:42.054 685 1135 D CompatibilityChangeReporter: Compat change id reported: 184838306; UID 10104; state: DISABLED
06-24 16:15:42.054 685 1135 D CompatibilityChangeReporter: Compat change id reported: 185004937; UID 10104; state: DISABLED
06-24 16:15:42.065 685 1135 E Transition: Trying to add a ready-group twice: Display{#0 state=ON size=1920x1080 ROTATION_0}
06-24 16:15:42.067 685 1135 D CompatibilityChangeReporter: Compat change id reported: 194833441; UID 10104; state: DISABLED
06-24 16:15:42.067 685 1135 I ActivityTaskManager: START u0 {cmp=com.tencent.karaoketv/.module.practice.activity.PracticeSelectActivity (has extras)} with LAUNCH_SINGLE_TASK from uid 10104 (BAL_ALLOW_VISIBLE_WINDOW) result code=0
06-24 16:15:42.067 901 979 V WindowManagerShell: Transition requested: android.os.BinderProxy@7be03fd TransitionRequestInfo { type = 1, triggerTask = TaskInfo{userId=0 taskId=160 displayId=0 isRunning=true baseIntent=Intent { act=android.intent.action.MAIN cat=[android.intent.category.LAUNCHER] flg=0x10000000 pkg=com.tencent.karaoketv cmp=com.tencent.karaoketv/.module.splash.ui.AppStartActivity } baseActivity=ComponentInfo{com.tencent.karaoketv/com.tencent.karaoketv.app.activity.MainActivity} topActivity=ComponentInfo{com.tencent.karaoketv/com.tencent.karaoketv.module.practice.activity.PracticeSelectActivity} origActivity=null realActivity=ComponentInfo{com.tencent.karaoketv/com.tencent.karaoketv.module.splash.ui.AppStartActivity} numActivities=2 lastActiveTime=18349965 supportsMultiWindow=true resizeMode=1 isResizeable=true minWidth=-1 minHeight=-1 defaultMinSize=220 token=WCT{android.window.IWindowContainerToken$Stub$Proxy@3ccf8f2} topActivityType=1 pictureInPictureParams=null shouldDockBigOverlays=true launchIntoPipHostTaskId=-1 lastParentTaskIdBeforePip=-1 displayCutoutSafeInsets=null topActivityInfo=ActivityInfo{f4beb43 com.tencent.karaoketv.module.practice.activity.PracticeSelectActivity} launchCookies=[] positionInParent=Point(0, 0) parentTaskId=-1 isFocused=true isVisible=true isVisibleRequested=true isSleeping=false topActivityInSizeCompat=false topActivityEligibleForLetterboxEducation= false isLetterboxDoubleTapEnabled= false topActivityEligibleForUserAspectRatioButton= false topActivityBoundsLetterboxed= false isFromLetterboxDoubleTap= false topActivityLetterboxVerticalPosition= -1 topActivityLetterboxHorizontalPosition= -1 topActivityLetterboxWidth=-1 topActivityLetterboxHeight=-1 isUserFullscreenOverrideEnabled=false isTopActivityTransparent=false locusId=null displayAreaFeatureId=1 cameraCompatControlState=hidden}, remoteTransition = null, displayChange = null, flags = 0 }
06-24 16:15:42.128 685 1135 V WindowManager: app ------------- force_land :0
06-24 16:15:42.154 0 0 W : [3 T7216 .s] [SP FRAME TX] arp req,vif_idx:0 sender:[1c:79:2d:20:62:cb 192.168.3.75]receiver:[00:00:00:00:00:00 192.168.3.243]
06-24 16:15:42.155 0 0 I [2 T8196 ..] [amlv4l]: [529]: reset mode: 1, es frames buffering: 2
06-24 16:15:42.158 0 0 I [2 T8196 ..] [amlv4l]: [529]: reset mode: 1, es frames buffering: 0
06-24 16:15:42.158 0 0 W : [1 T1046 ..] [SP FRAME RX] arp rsp,vif_idx:0 sender:[ea:f3:28:46:91:6b 192.168.3.243]receiver:[1c:79:2d:20:62:cb 192.168.3.75]
06-24 16:15:42.159 685 1135 D MediaMetricsManagerService: failed to get player_metrics_app_blocklist from DeviceConfig
06-24 16:15:42.159 685 1135 V MediaMetricsManagerService: Logging level blocked: Failed to get PLAYER_METRICS_APP_BLOCKLIST.
06-24 16:15:42.179 685 1135 D MediaMetricsManagerService: failed to get player_metrics_app_blocklist from DeviceConfig
06-24 16:15:42.179 685 1135 V MediaMetricsManagerService: Logging level blocked: Failed to get PLAYER_METRICS_APP_BLOCKLIST.
06-24 16:15:42.192 0 0 I [3 T8191 ..] [amlv4l]: [529]: reset mode: 1, es frames buffering: 0
06-24 16:15:42.195 0 0 D [1 T8191 ..] [amlcom]: vdec_release instance 000000008b6a678f, total 1
06-24 16:15:42.195 0 0 I [1 T8191 ..] [amlcom]: dos_local_config end, id 0, is_on 0
06-24 16:15:42.195 0 0 D [1 T8191 ..] [media_clock]: the clk_vdec_mux clock off, ref cnt: 0
06-24 16:15:42.195 0 0 I : [1 T8191 ..] deinit session
06-24 16:15:42.196 0 0 I : [1 T8191 ..] deinit session producer-2
06-24 16:15:42.196 0 0 I : [1 T8191 ..] deinit has_unusing_fifo [1]
06-24 16:15:42.197 0 0 I : [3 T98 ..] p_fifo[2] name[aml-vcodec-dec] state[0] to MP_FIFO_UNUSED
06-24 16:15:42.199 685 1135 D MediaMetricsManagerService: failed to get player_metrics_app_blocklist from DeviceConfig
06-24 16:15:42.199 685 1135 V MediaMetricsManagerService: Logging level blocked: Failed to get PLAYER_METRICS_APP_BLOCKLIST.
06-24 16:15:42.232 901 979 D WindowManagerShell: TvPipController: onTaskStackChanged()
06-24 16:15:42.314 685 1135 W WindowManager: [addWindow] title:com.tencent.karaoketv/com.tencent.karaoketv.module.practice.activity.PracticeSelectActivity
06-24 16:15:42.314 685 1076 W WindowManager: Failed looking up window session=Session{7a95de9 7157:u0a10104} callers=com.android.server.wm.WindowManagerService.windowForClientLocked:6077 com.android.server.wm.Session.updateRequestedVisibleTypes:695 android.view.IWindowSession$Stub.onTransact:1034
06-24 16:15:42.315 685 1135 D CompatibilityChangeReporter: Compat change id reported: 168419799; UID 10104; state: DISABLED
06-24 16:15:42.315 685 1135 D CompatibilityChangeReporter: Compat change id reported: 273564678; UID 10104; state: DISABLED
06-24 16:15:42.339 685 1076 D CoreBackPreview: Window{8599a7c u0 com.tencent.karaoketv/com.tencent.karaoketv.module.practice.activity.PracticeSelectActivity}: Setting back callback OnBackInvokedCallbackInfo{mCallback=android.window.IOnBackInvokedCallback$Stub$Proxy@2030b5a, mPriority=0, mIsAnimationCallback=false}
06-24 16:15:42.394 0 0 I [3 T108 ..] dim: unreg:2keep[1], msk:[0x0,0x0]
06-24 16:15:42.394 0 0 I [3 T108 ..] dim: hf:r:ch[2]:cnt[0]
06-24 16:15:42.395 0 0 I [3 T108 ..] dim: di_unreg_setting:
06-24 16:15:42.396 0 0 I [1 T360 ..] dim: unreg:use[18]ms
06-24 16:15:42.396 0 0 I [1 T360 ..] dim: ins:destroy:ch[2]:end
06-24 16:15:42.397 0 0 I : [1 T360 ..] di process release
06-24 16:15:42.401 0 0 I [0 T360 ..] vc: [0]vc: set enable index=0, val=0
06-24 16:15:42.401 0 0 I [0 T360 ..] VID: store VD0 path_id changed 2->-1
06-24 16:15:42.402 0 0 I [0 T360 ..] VID: VD1 off
06-24 16:15:42.402 0 0 I [0 T360 ..] VID: VD1 set global output as 0
06-24 16:15:42.403 0 0 I : [0 T360 ..] common_vf_unreg_provider video_render.0: vd1 used:false, vd2 used:false, vd3 used:false, f_wait:true (0 0), b_out:0, cur_buf:00000000c149d856
06-24 16:15:42.436 0 0 I [2 T360 ..] dp_put_file_ext: put_file=ffffff8048dca140, file_count=7
06-24 16:15:42.442 0 0 I [3 T265 ..] dp_buf: [0:529]di buf_mgr free
06-24 16:15:42.449 685 708 V WindowManager: Sent Transition #500 createdAt=06-24 16:15:42.049 via request=TransitionRequestInfo { type = 1, triggerTask = TaskInfo{userId=0 taskId=160 displayId=0 isRunning=true baseIntent=Intent { act=android.intent.action.MAIN cat=[android.intent.category.LAUNCHER] flg=0x10000000 pkg=com.tencent.karaoketv cmp=com.tencent.karaoketv/.module.splash.ui.AppStartActivity } baseActivity=ComponentInfo{com.tencent.karaoketv/com.tencent.karaoketv.app.activity.MainActivity} topActivity=ComponentInfo{com.tencent.karaoketv/com.tencent.karaoketv.module.practice.activity.PracticeSelectActivity} origActivity=null realActivity=ComponentInfo{com.tencent.karaoketv/com.tencent.karaoketv.module.splash.ui.AppStartActivity} numActivities=2 lastActiveTime=18349965 supportsMultiWindow=true resizeMode=1 isResizeable=true minWidth=-1 minHeight=-1 defaultMinSize=220 token=WCT{RemoteToken{8b85491 Task{964402c #160 type=standard A=10104:com.tencent.karaoketv}}} topActivityType=1 pictureInPictureParams=null shouldDockBigOverlays=true launchIntoPipHostTaskId=-1 lastParentTaskIdBeforePip=-1 displayCutoutSafeInsets=null topActivityInfo=ActivityInfo{a734681 com.tencent.karaoketv.module.practice.activity.PracticeSelectActivity} launchCookies=[] positionInParent=Point(0, 0) parentTaskId=-1 isFocused=true isVisible=true isVisibleRequested=true isSleeping=false topActivityInSizeCompat=false topActivityEligibleForLetterboxEducation= false isLetterboxDoubleTapEnabled= false topActivityEligibleForUserAspectRatioButton= false topActivityBoundsLetterboxed= false isFromLetterboxDoubleTap= false topActivityLetterboxVerticalPosition= -1 topActivityLetterboxHorizontalPosition= -1 topActivityLetterboxWidth=-1 topActivityLetterboxHeight=-1 isUserFullscreenOverrideEnabled=false isTopActivityTransparent=false locusId=null displayAreaFeatureId=1 cameraCompatControlState=hidden}, remoteTransition = null, displayChange = null, flags = 0 }
06-24 16:15:42.449 685 708 V WindowManager: startWCT=WindowContainerTransaction { changes = {} hops = [] errorCallbackToken=null taskFragmentOrganizer=null }
06-24 16:15:42.449 685 708 V WindowManager: info={id=500 t=OPEN f=0x0 trk=0 r=[0@Point(0, 0)] c=[{null m=OPEN f=FILLS_TASK leash=Surface(name=ActivityRecord{3c8f749 u0 com.tencent.karaoketv/.module.practice.activity.PracticeSelectActivity)/@0xa5d718b sb=Rect(0, 0 - 0, 0) eb=Rect(0, 0 - 1920, 1080) d=-1->0 r=-1->0:-1},{null m=TO_BACK f=FILLS_TASK leash=Surface(name=ActivityRecord{75f38f5 u0 com.tencent.karaoketv/.app.activity.MainActivity)/@0x7f2f77c sb=Rect(0, 0 - 1920, 1080) eb=Rect(0, 0 - 1920, 1080) d=0}]}
06-24 16:15:42.461 901 979 V WindowManagerShell: onTransitionReady android.os.BinderProxy@7be03fd: {id=500 t=OPEN f=0x0 trk=0 r=[0@Point(0, 0)] c=[{null m=OPEN f=FILLS_TASK leash=Surface(name=ActivityRecord{3c8f749 u0 com.tencent.karaoketv/.module.practice.activity.PracticeSelectActivity)/@0xdd3c5c0 sb=Rect(0, 0 - 0, 0) eb=Rect(0, 0 - 1920, 1080) d=-1->0 r=-1->0:-1},{null m=TO_BACK f=FILLS_TASK leash=Surface(name=ActivityRecord{75f38f5 u0 com.tencent.karaoketv/.app.activity.MainActivity)/@0xbebe2f9 sb=Rect(0, 0 - 1920, 1080) eb=Rect(0, 0 - 1920, 1080) d=0}]}
06-24 16:15:42.461 901 979 V WindowManagerShell: Playing animation for (#500)android.os.BinderProxy@7be03fd@0
06-24 16:15:42.461 901 979 V WindowManagerShell: try handler com.android.wm.shell.keyguard.KeyguardTransitionHandler@24e2028
06-24 16:15:42.461 901 979 V WindowManagerShell: try handler com.android.wm.shell.pip.tv.TvPipTransition@1141
06-24 16:15:42.461 901 979 V WindowManagerShell: try handler com.android.wm.shell.activityembedding.ActivityEmbeddingController@e8f56e6
06-24 16:15:42.461 901 979 V WindowManagerShell: try handler com.android.wm.shell.transition.RemoteTransitionHandler@b664427
06-24 16:15:42.462 901 979 V WindowManagerShell: Transition doesn't have explicit remote, search filters for match for {id=500 t=OPEN f=0x0 trk=0 r=[0@Point(0, 0)] c=[{null m=OPEN f=FILLS_TASK leash=Surface(name=ActivityRecord{3c8f749 u0 com.tencent.karaoketv/.module.practice.activity.PracticeSelectActivity)/@0xdd3c5c0 sb=Rect(0, 0 - 0, 0) eb=Rect(0, 0 - 1920, 1080) d=-1->0 r=-1->0:-1},{null m=TO_BACK f=FILLS_TASK leash=Surface(name=ActivityRecord{75f38f5 u0 com.tencent.karaoketv/.app.activity.MainActivity)/@0xbebe2f9 sb=Rect(0, 0 - 1920, 1080) eb=Rect(0, 0 - 1920, 1080) d=0}]}
06-24 16:15:42.462 901 979 V WindowManagerShell: Delegate animation for #500 to null
06-24 16:15:42.462 901 979 V WindowManagerShell: try handler com.android.wm.shell.transition.DefaultTransitionHandler@7916d4
06-24 16:15:42.462 901 979 V WindowManagerShell: start default transition animation, info = {id=500 t=OPEN f=0x0 trk=0 r=[0@Point(0, 0)] c=[{null m=OPEN f=FILLS_TASK leash=Surface(name=ActivityRecord{3c8f749 u0 com.tencent.karaoketv/.module.practice.activity.PracticeSelectActivity)/@0xdd3c5c0 sb=Rect(0, 0 - 0, 0) eb=Rect(0, 0 - 1920, 1080) d=-1->0 r=-1->0:-1},{null m=TO_BACK f=FILLS_TASK leash=Surface(name=ActivityRecord{75f38f5 u0 com.tencent.karaoketv/.app.activity.MainActivity)/@0xbebe2f9 sb=Rect(0, 0 - 1920, 1080) eb=Rect(0, 0 - 1920, 1080) d=0}]}
06-24 16:15:42.466 901 979 V WindowManagerShell: loadAnimation: anim=android.view.animation.AlphaAnimation@1b7f89f animAttr=0x5 type=OPEN isEntrance=false
06-24 16:15:42.467 901 979 V WindowManagerShell: loadAnimation: anim=android.view.animation.AlphaAnimation@30f7dec animAttr=0x4 type=OPEN isEntrance=true
06-24 16:15:42.467 685 709 W ContextImpl: Calling a method in the system process without a qualified user: android.app.ContextImpl.startService:1899 com.android.server.wm.DisplayPolicy.lambda$focusChangedLw$5:2126 com.android.server.wm.DisplayPolicy.$r8$lambda$Znxk63oh-WzVnzo_WQefN7uxV48:0 com.android.server.wm.DisplayPolicy$$ExternalSyntheticLambda13.run:0 android.os.Handler.handleCallback:958
06-24 16:15:42.470 901 979 V WindowManagerShell: animated by com.android.wm.shell.transition.DefaultTransitionHandler@7916d4
06-24 16:15:42.880 901 979 V WindowManagerShell: Transition animation finished (aborted=false), notifying core (#500)android.os.BinderProxy@7be03fd@0
06-24 16:15:42.882 685 708 V WindowManager: Finish Transition #500: created at
06-24 16:15:42.049 collect-started=0.079ms request-sent=16.011ms started=28.001ms ready=81.675ms sent=398.208ms finished=831.623ms
06-24 16:15:42.886 901 979 V WindowManagerShell: Track 0 became idle
06-24 16:15:42.886 901 979 V WindowManagerShell: All active transition animations finished
06-24 16:15:43.265 685 18233 E AppOps : Attribution not found: uid=10104 pkg=com.tencent.karaoketv(null) op=RECORD_AUDIO
06-24 16:15:43.970 685 18233 W ActivityManager: Unable to start service Intent { act=com.audiocn.karaoke.KaraokeService pkg=com.audiocn.karaoke.micmanager } U=0: not found
06-24 16:15:43.970 685 1135 W ActivityManager: Unable to start service Intent { act=com.audiocn.karaoke.KaraokeService pkg=com.audiocn.karaoke.micmanager } U=0: not found
06-24 16:15:44.047 0 0 W [1 T7299 ..] audit: audit_lost=19232 audit_rate_limit=5 audit_backlog_limit=64
06-24 16:15:44.048 0 0 E [1 T7299 ..] audit: rate limit exceeded
06-24 16:15:44.699 685 763 W ProcessStats: Tracking association SourceState{2ed2a5c system/1000 ImpFg #10464} whose proc state 5 is better than process ProcessState{9231bd0 com.android.permissioncontroller/10074 pkg=com.android.permissioncontroller} proc state 15 (4 skipped)
06-24 16:15:44.744 685 780 D ActivityManager: freezing 15974 com.tv.kuaisou
