06-24 16:12:29.378 685 1390 E TaskPersister: File error accessing recents directory (directory doesn't exist?).
06-24 16:12:31.872 0 0 W : [2 T1046 ..] [SP FRAME RX] arp req,vif_idx:0 sender:[12:2c:8d:45:1c:5f 192.168.3.190]receiver:[00:00:00:00:00:00 192.168.3.75]
06-24 16:12:31.873 0 0 W : [2 T1046 ..] [SP FRAME TX] arp rsp,vif_idx:0 sender:[1c:79:2d:20:62:cb 192.168.3.75]receiver:[12:2c:8d:45:1c:5f 192.168.3.190]
06-24 16:12:31.946 0 0 W : [1 T0 .s] [SP FRAME TX] arp req,vif_idx:0 sender:[1c:79:2d:20:62:cb 192.168.3.75]receiver:[00:00:00:00:00:00 192.168.3.190]
06-24 16:12:31.953 0 0 W : [2 T1046 ..] [SP FRAME RX] arp rsp,vif_idx:0 sender:[12:2c:8d:45:1c:5f 192.168.3.190]receiver:[1c:79:2d:20:62:cb 192.168.3.75]
06-24 16:12:32.199 685 701 E Transition: Trying to add a ready-group twice: Display{#0 state=ON size=1920x1080 ROTATION_0}
06-24 16:12:32.201 685 701 I ActivityTaskManager: START u0 {cmp=com.lutongnet.kalaok2/.biz.play.activity.PlayActivity (has extras)} with LAUNCH_SINGLE_TASK from uid 10103 (BAL_ALLOW_VISIBLE_WINDOW) result code=0
06-24 16:12:32.201 901 979 V WindowManagerShell: Transition requested: android.os.BinderProxy@22aae61 TransitionRequestInfo { type = 1, triggerTask = TaskInfo{userId=0 taskId=158 displayId=0 isRunning=true baseIntent=Intent { act=android.intent.action.MAIN cat=[android.intent.category.LAUNCHER] flg=0x10000000 pkg=com.lutongnet.kalaok2 cmp=com.lutongnet.kalaok2/.WelcomeActivity } baseActivity=ComponentInfo{com.lutongnet.kalaok2/com.lutongnet.kalaok2.biz.main.activity.MainActivity} topActivity=ComponentInfo{com.lutongnet.kalaok2/com.lutongnet.kalaok2.biz.play.activity.PlayActivity} origActivity=null realActivity=ComponentInfo{com.lutongnet.kalaok2/com.lutongnet.kalaok2.WelcomeActivity} numActivities=3 lastActiveTime=18160099 supportsMultiWindow=true resizeMode=1 isResizeable=true minWidth=-1 minHeight=-1 defaultMinSize=220 token=WCT{android.window.IWindowContainerToken$Stub$Proxy@d53fd86} topActivityType=1 pictureInPictureParams=null shouldDockBigOverlays=true launchIntoPipHostTaskId=-1 lastParentTaskIdBeforePip=-1 displayCutoutSafeInsets=null topActivityInfo=ActivityInfo{fa5f647 com.lutongnet.kalaok2.biz.play.activity.PlayActivity} launchCookies=[] positionInParent=Point(0, 0) parentTaskId=-1 isFocused=true isVisible=true isVisibleRequested=true isSleeping=false topActivityInSizeCompat=false topActivityEligibleForLetterboxEducation= false isLetterboxDoubleTapEnabled= false topActivityEligibleForUserAspectRatioButton= false topActivityBoundsLetterboxed= false isFromLetterboxDoubleTap= false topActivityLetterboxVerticalPosition= -1 topActivityLetterboxHorizontalPosition= -1 topActivityLetterboxWidth=-1 topActivityLetterboxHeight=-1 isUserFullscreenOverrideEnabled=false isTopActivityTransparent=false locusId=null displayAreaFeatureId=1 cameraCompatControlState=hidden}, remoteTransition = null, displayChange = null, flags = 0 }
06-24 16:12:32.214 685 4709 V WindowManager: app ------------- force_land :0
06-24 16:12:32.214 685 4709 V WindowManager: app ------------- force_land :0
06-24 16:12:32.214 685 4709 V WindowManager: app ------------- force_land :0
06-24 16:12:32.318 901 979 D WindowManagerShell: TvPipController: onTaskStackChanged()
06-24 16:12:32.353 685 9098 W WindowManager: [addWindow] title:com.lutongnet.kalaok2/com.lutongnet.kalaok2.biz.play.activity.PlayActivity
06-24 16:12:32.353 685 701 W WindowManager: Failed looking up window session=Session{5651897 5073:u0a10103} callers=com.android.server.wm.WindowManagerService.windowForClientLocked:6077 com.android.server.wm.Session.updateRequestedVisibleTypes:695 android.view.IWindowSession$Stub.onTransact:1034
06-24 16:12:32.364 685 701 W WindowManager: [addWindow] title:com.lutongnet.kalaok2/com.lutongnet.kalaok2.biz.play.activity.PlayActivity
06-24 16:12:32.364 685 9098 W WindowManager: Failed looking up window session=Session{5651897 5073:u0a10103} callers=com.android.server.wm.WindowManagerService.windowForClientLocked:6077 com.android.server.wm.Session.updateRequestedVisibleTypes:695 android.view.IWindowSession$Stub.onTransact:1034
06-24 16:12:32.370 685 9098 D CoreBackPreview: Window{cbe88bf u0 com.lutongnet.kalaok2/com.lutongnet.kalaok2.biz.play.activity.PlayActivity}: Setting back callback OnBackInvokedCallbackInfo{mCallback=android.window.IOnBackInvokedCallback$Stub$Proxy@2a5e478, mPriority=0, mIsAnimationCallback=false}
06-24 16:12:32.420 685 9098 D CoreBackPreview: Window{b6a1aea u0 com.lutongnet.kalaok2/com.lutongnet.kalaok2.biz.play.activity.PlayActivity}: Setting back callback OnBackInvokedCallbackInfo{mCallback=android.window.IOnBackInvokedCallback$Stub$Proxy@90f0751, mPriority=0, mIsAnimationCallback=false}
06-24 16:12:32.457 685 709 W ContextImpl: Calling a method in the system process without a qualified user: android.app.ContextImpl.startService:1899 com.android.server.wm.DisplayPolicy.lambda$focusChangedLw$5:2126 com.android.server.wm.DisplayPolicy.$r8$lambda$Znxk63oh-WzVnzo_WQefN7uxV48:0 com.android.server.wm.DisplayPolicy$$ExternalSyntheticLambda13.run:0 android.os.Handler.handleCallback:958
06-24 16:12:32.463 901 979 V WindowManagerShell: onTransitionReady android.os.BinderProxy@22aae61: {id=487 t=OPEN f=0x0 trk=0 r=[0@Point(0, 0)] c=[{null m=OPEN f=FILLS_TASK leash=Surface(name=ActivityRecord{b344960 u0 com.lutongnet.kalaok2/.biz.play.activity.PlayActivity)/@0xc9dae74 sb=Rect(0, 0 - 0, 0) eb=Rect(0, 0 - 1920, 1080) d=-1->0 r=-1->0:-1},{null m=TO_BACK f=FILLS_TASK leash=Surface(name=ActivityRecord{7874b00 u0 com.lutongnet.kalaok2/.biz.pagedetail.PageDetailActivity)/@0xc02cf9d sb=Rect(0, 0 - 1920, 1080) eb=Rect(0, 0 - 1920, 1080) d=0}]}
06-24 16:12:32.464 901 979 V WindowManagerShell: Playing animation for (#487)android.os.BinderProxy@22aae61@0
06-24 16:12:32.464 901 979 V WindowManagerShell: try handler com.android.wm.shell.keyguard.KeyguardTransitionHandler@24e2028
06-24 16:12:32.464 901 979 V WindowManagerShell: try handler com.android.wm.shell.pip.tv.TvPipTransition@1141
06-24 16:12:32.464 685 708 V WindowManager: Sent Transition #487 createdAt=06-24 16:12:32.193 via request=TransitionRequestInfo { type = 1, triggerTask = TaskInfo{userId=0 taskId=158 displayId=0 isRunning=true baseIntent=Intent { act=android.intent.action.MAIN cat=[android.intent.category.LAUNCHER] flg=0x10000000 pkg=com.lutongnet.kalaok2 cmp=com.lutongnet.kalaok2/.WelcomeActivity } baseActivity=ComponentInfo{com.lutongnet.kalaok2/com.lutongnet.kalaok2.biz.main.activity.MainActivity} topActivity=ComponentInfo{com.lutongnet.kalaok2/com.lutongnet.kalaok2.biz.play.activity.PlayActivity} origActivity=null realActivity=ComponentInfo{com.lutongnet.kalaok2/com.lutongnet.kalaok2.WelcomeActivity} numActivities=3 lastActiveTime=18160099 supportsMultiWindow=true resizeMode=1 isResizeable=true minWidth=-1 minHeight=-1 defaultMinSize=220 token=WCT{RemoteToken{e63c61c Task{cc04a24 #158 type=standard A=10103:com.lutongnet.kalaok2}}} topActivityType=1 pictureInPictureParams=null shouldDockBigOverlays=true launchIntoPipHostTaskId=-1 lastParentTaskIdBeforePip=-1 displayCutoutSafeInsets=null topActivityInfo=ActivityInfo{53f1d42 com.lutongnet.kalaok2.biz.play.activity.PlayActivity} launchCookies=[] positionInParent=Point(0, 0) parentTaskId=-1 isFocused=true isVisible=true isVisibleRequested=true isSleeping=false topActivityInSizeCompat=false topActivityEligibleForLetterboxEducation= false isLetterboxDoubleTapEnabled= false topActivityEligibleForUserAspectRatioButton= false topActivityBoundsLetterboxed= false isFromLetterboxDoubleTap= false topActivityLetterboxVerticalPosition= -1 topActivityLetterboxHorizontalPosition= -1 topActivityLetterboxWidth=-1 topActivityLetterboxHeight=-1 isUserFullscreenOverrideEnabled=false isTopActivityTransparent=false locusId=null displayAreaFeatureId=1 cameraCompatControlState=hidden}, remoteTransition = null, displayChange = null, flags = 0 }
06-24 16:12:32.464 685 708 V WindowManager: startWCT=WindowContainerTransaction { changes = {} hops = [] errorCallbackToken=null taskFragmentOrganizer=null }
06-24 16:12:32.464 685 708 V WindowManager: info={id=487 t=OPEN f=0x0 trk=0 r=[0@Point(0, 0)] c=[{null m=OPEN f=FILLS_TASK leash=Surface(name=ActivityRecord{b344960 u0 com.lutongnet.kalaok2/.biz.play.activity.PlayActivity)/@0xa90d024 sb=Rect(0, 0 - 0, 0) eb=Rect(0, 0 - 1920, 1080) d=-1->0 r=-1->0:-1},{null m=TO_BACK f=FILLS_TASK leash=Surface(name=ActivityRecord{7874b00 u0 com.lutongnet.kalaok2/.biz.pagedetail.PageDetailActivity)/@0x9cb9a56 sb=Rect(0, 0 - 1920, 1080) eb=Rect(0, 0 - 1920, 1080) d=0}]}
06-24 16:12:32.465 901 979 V WindowManagerShell: try handler com.android.wm.shell.activityembedding.ActivityEmbeddingController@e8f56e6
06-24 16:12:32.465 901 979 V WindowManagerShell: try handler com.android.wm.shell.transition.RemoteTransitionHandler@b664427
06-24 16:12:32.465 901 979 V WindowManagerShell: Transition doesn't have explicit remote, search filters for match for {id=487 t=OPEN f=0x0 trk=0 r=[0@Point(0, 0)] c=[{null m=OPEN f=FILLS_TASK leash=Surface(name=ActivityRecord{b344960 u0 com.lutongnet.kalaok2/.biz.play.activity.PlayActivity)/@0xc9dae74 sb=Rect(0, 0 - 0, 0) eb=Rect(0, 0 - 1920, 1080) d=-1->0 r=-1->0:-1},{null m=TO_BACK f=FILLS_TASK leash=Surface(name=ActivityRecord{7874b00 u0 com.lutongnet.kalaok2/.biz.pagedetail.PageDetailActivity)/@0xc02cf9d sb=Rect(0, 0 - 1920, 1080) eb=Rect(0, 0 - 1920, 1080) d=0}]}
06-24 16:12:32.465 901 979 V WindowManagerShell: Delegate animation for #487 to null
06-24 16:12:32.465 901 979 V WindowManagerShell: try handler com.android.wm.shell.transition.DefaultTransitionHandler@7916d4
06-24 16:12:32.465 901 979 V WindowManagerShell: start default transition animation, info = {id=487 t=OPEN f=0x0 trk=0 r=[0@Point(0, 0)] c=[{null m=OPEN f=FILLS_TASK leash=Surface(name=ActivityRecord{b344960 u0 com.lutongnet.kalaok2/.biz.play.activity.PlayActivity)/@0xc9dae74 sb=Rect(0, 0 - 0, 0) eb=Rect(0, 0 - 1920, 1080) d=-1->0 r=-1->0:-1},{null m=TO_BACK f=FILLS_TASK leash=Surface(name=ActivityRecord{7874b00 u0 com.lutongnet.kalaok2/.biz.pagedetail.PageDetailActivity)/@0xc02cf9d sb=Rect(0, 0 - 1920, 1080) eb=Rect(0, 0 - 1920, 1080) d=0}]}
06-24 16:12:32.466 901 979 V WindowManagerShell: loadAnimation: anim=android.view.animation.AlphaAnimation@d41afe3 animAttr=0x5 type=OPEN isEntrance=false
06-24 16:12:32.466 901 979 V WindowManagerShell: loadAnimation: anim=android.view.animation.AlphaAnimation@5213de0 animAttr=0x4 type=OPEN isEntrance=true
06-24 16:12:32.468 901 979 V WindowManagerShell: animated by com.android.wm.shell.transition.DefaultTransitionHandler@7916d4
06-24 16:12:32.872 901 979 V WindowManagerShell: Transition animation finished (aborted=false), notifying core (#487)android.os.BinderProxy@22aae61@0
06-24 16:12:32.875 685 708 V WindowManager: Finish Transition #487: created at
06-24 16:12:32.193 collect-started=0.063ms request-sent=7.137ms started=9.139ms ready=24.727ms sent=266.122ms finished=682.128ms
06-24 16:12:32.878 901 979 V WindowManagerShell: Track 0 became idle
06-24 16:12:32.878 901 979 V WindowManagerShell: All active transition animations finished
06-24 16:12:34.510 0 0 W : [2 T0 .s] [SP FRAME TX] arp req,vif_idx:0 sender:[1c:79:2d:20:62:cb 192.168.3.75]receiver:[00:00:00:00:00:00 192.168.3.254]
06-24 16:12:34.524 0 0 W : [2 T1046 ..] [SP FRAME RX] arp rsp,vif_idx:0 sender:[12:3c:2c:e1:84:9f 192.168.3.254]receiver:[1c:79:2d:20:62:cb 192.168.3.75]
06-24 16:12:35.202 685 1390 E TaskPersister: File error accessing recents directory (directory doesn't exist?).
06-24 16:12:41.992 0 0 W : [1 T1046 ..] [SP FRAME RX] arp req,vif_idx:0 sender:[ee:78:83:8f:63:7e 192.168.3.58]receiver:[00:00:00:00:00:00 192.168.3.75]
06-24 16:12:41.993 0 0 W : [1 T1046 ..] [SP FRAME TX] arp rsp,vif_idx:0 sender:[1c:79:2d:20:62:cb 192.168.3.75]receiver:[ee:78:83:8f:63:7e 192.168.3.58]
06-24 16:12:46.538 0 0 W : [0 T0 .s] [SP FRAME TX] arp req,vif_idx:0 sender:[1c:79:2d:20:62:cb 192.168.3.75]receiver:[00:00:00:00:00:00 192.168.3.36]
06-24 16:12:46.552 0 0 W : [0 T1046 ..] [SP FRAME RX] arp rsp,vif_idx:0 sender:[b6:86:f8:35:d4:28 192.168.3.36]receiver:[1c:79:2d:20:62:cb 192.168.3.75]
06-24 16:12:46.633 0 0 W : [0 T1046 ..] [SP FRAME RX] arp req,vif_idx:0 sender:[b6:86:f8:35:d4:28 192.168.3.36]receiver:[00:00:00:00:00:00 192.168.3.75]
06-24 16:12:46.634 0 0 W : [0 T1046 ..] [SP FRAME TX] arp rsp,vif_idx:0 sender:[1c:79:2d:20:62:cb 192.168.3.75]receiver:[b6:86:f8:35:d4:28 192.168.3.36]
06-24 16:12:46.654 0 0 W : [0 T1046 ..] [SP FRAME RX] arp req,vif_idx:0 sender:[ea:f3:28:46:91:6b 192.168.3.243]receiver:[00:00:00:00:00:00 192.168.3.75]
06-24 16:12:46.655 0 0 W : [0 T1046 ..] [SP FRAME TX] arp rsp,vif_idx:0 sender:[1c:79:2d:20:62:cb 192.168.3.75]receiver:[ea:f3:28:46:91:6b 192.168.3.243]
06-24 16:12:46.769 0 0 W : [3 T1046 ..] [SP FRAME RX] arp req,vif_idx:0 sender:[16:8e:6e:17:dc:41 192.168.3.176]receiver:[00:00:00:00:00:00 192.168.3.75]
06-24 16:12:46.770 0 0 W : [3 T1046 ..] [SP FRAME TX] arp rsp,vif_idx:0 sender:[1c:79:2d:20:62:cb 192.168.3.75]receiver:[16:8e:6e:17:dc:41 192.168.3.176]
06-24 16:12:46.794 0 0 W : [0 T0 .s] [SP FRAME TX] arp req,vif_idx:0 sender:[1c:79:2d:20:62:cb 192.168.3.75]receiver:[00:00:00:00:00:00 192.168.3.243]
06-24 16:12:46.795 0 0 W : [0 T0 .s] [SP FRAME TX] arp req,vif_idx:0 sender:[1c:79:2d:20:62:cb 192.168.3.75]receiver:[00:00:00:00:00:00 192.168.3.176]
06-24 16:12:46.800 0 0 W : [3 T1046 ..] [SP FRAME RX] arp rsp,vif_idx:0 sender:[ea:f3:28:46:91:6b 192.168.3.243]receiver:[1c:79:2d:20:62:cb 192.168.3.75]
06-24 16:12:46.862 0 0 W : [1 T1046 ..] [SP FRAME RX] arp rsp,vif_idx:0 sender:[16:8e:6e:17:dc:41 192.168.3.176]receiver:[1c:79:2d:20:62:cb 192.168.3.75]
06-24 16:12:47.139 0 0 W [0 T23126 ..] audit: audit_lost=18498 audit_rate_limit=5 audit_backlog_limit=64
06-24 16:12:47.140 0 0 E [0 T23126 ..] audit: rate limit exceeded
06-24 16:12:47.526 685 9054 D CoreBackPreview: Window{cbe88bf u0 com.lutongnet.kalaok2/com.lutongnet.kalaok2.biz.play.activity.PlayActivity}: Setting back callback null
06-24 16:12:47.537 685 711 V WindowManager: Unknown focus tokens, dropping reportFocusChanged
06-24 16:12:47.632 685 709 W ContextImpl: Calling a method in the system process without a qualified user: android.app.ContextImpl.startService:1899 com.android.server.wm.DisplayPolicy.lambda$focusChangedLw$5:2126 com.android.server.wm.DisplayPolicy.$r8$lambda$Znxk63oh-WzVnzo_WQefN7uxV48:0 com.android.server.wm.DisplayPolicy$$ExternalSyntheticLambda13.run:0 android.os.Handler.handleCallback:958
06-24 16:12:47.728 685 4709 W WindowManager: [addWindow] title:com.lutongnet.kalaok2/com.lutongnet.kalaok2.biz.play.activity.PlayActivity
06-24 16:12:47.757 685 4709 D CoreBackPreview: Window{a72f697 u0 com.lutongnet.kalaok2/com.lutongnet.kalaok2.biz.play.activity.PlayActivity}: Setting back callback OnBackInvokedCallbackInfo{mCallback=android.window.IOnBackInvokedCallback$Stub$Proxy@ee8106d, mPriority=0, mIsAnimationCallback=false}
06-24 16:12:47.830 685 709 W ContextImpl: Calling a method in the system process without a qualified user: android.app.ContextImpl.startService:1899 com.android.server.wm.DisplayPolicy.lambda$focusChangedLw$5:2126 com.android.server.wm.DisplayPolicy.$r8$lambda$Znxk63oh-WzVnzo_WQefN7uxV48:0 com.android.server.wm.DisplayPolicy$$ExternalSyntheticLambda13.run:0 android.os.Handler.handleCallback:958
06-24 16:12:47.925 685 4709 I ActivityManager: Killing 5727:com.android.webview:sandboxed_process0:org.chromium.content.app.SandboxedProcessService0:1/u0a103i14 (adj 0): isolated not needed
06-24 16:12:47.983 0 0 I [1 T28922 ..] binder: undelivered transaction 8742617, process died.
06-24 16:12:47.984 0 0 I [1 T28922 ..] binder: undelivered transaction 8742625, process died.
06-24 16:12:47.985 0 0 I [1 T28922 ..] binder: undelivered transaction 8742626, process died.
06-24 16:12:47.986 0 0 I [1 T28922 ..] binder: undelivered transaction 8742628, process died.
06-24 16:12:47.977 685 709 D DisplayManagerService: Drop pending events for gone uid 99014
06-24 16:12:47.979 685 4709 W ProcessStats: Tracking association SourceState{2ed2a5c system/1000 ImpFg #10276} whose proc state 5 is better than process ProcessState{9231bd0 com.android.permissioncontroller/10074 pkg=com.android.permissioncontroller} proc state 15 (6 skipped)
06-24 16:12:48.081 685 4709 D CoreBackPreview: Window{a72f697 u0 com.lutongnet.kalaok2/com.lutongnet.kalaok2.biz.play.activity.PlayActivity}: Setting back callback null
06-24 16:12:48.103 685 711 V WindowManager: Unknown focus tokens, dropping reportFocusChanged
06-24 16:12:48.142 685 4709 E Transition: Trying to add a ready-group twice: Display{#0 state=ON size=1920x1080 ROTATION_0}
06-24 16:12:48.143 685 4709 I ActivityTaskManager: START u0 {cmp=com.lutongnet.kalaok2/com.lutongnet.androidframework.web.WebViewActivity (has extras)} with LAUNCH_MULTIPLE from uid 10103 (BAL_ALLOW_VISIBLE_WINDOW) result code=0
06-24 16:12:48.143 901 979 V WindowManagerShell: Transition requested: android.os.BinderProxy@e8c580c TransitionRequestInfo { type = 1, triggerTask = TaskInfo{userId=0 taskId=158 displayId=0 isRunning=true baseIntent=Intent { act=android.intent.action.MAIN cat=[android.intent.category.LAUNCHER] flg=0x10000000 pkg=com.lutongnet.kalaok2 cmp=com.lutongnet.kalaok2/.WelcomeActivity } baseActivity=ComponentInfo{com.lutongnet.kalaok2/com.lutongnet.kalaok2.biz.main.activity.MainActivity} topActivity=ComponentInfo{com.lutongnet.kalaok2/com.lutongnet.androidframework.web.WebViewActivity} origActivity=null realActivity=ComponentInfo{com.lutongnet.kalaok2/com.lutongnet.kalaok2.WelcomeActivity} numActivities=4 lastActiveTime=18176043 supportsMultiWindow=true resizeMode=1 isResizeable=true minWidth=-1 minHeight=-1 defaultMinSize=220 token=WCT{android.window.IWindowContainerToken$Stub$Proxy@9dd5555} topActivityType=1 pictureInPictureParams=null shouldDockBigOverlays=true launchIntoPipHostTaskId=-1 lastParentTaskIdBeforePip=-1 displayCutoutSafeInsets=null topActivityInfo=ActivityInfo{7fb6b6a com.lutongnet.androidframework.web.WebViewActivity} launchCookies=[] positionInParent=Point(0, 0) parentTaskId=-1 isFocused=true isVisible=true isVisibleRequested=true isSleeping=false topActivityInSizeCompat=false topActivityEligibleForLetterboxEducation= false isLetterboxDoubleTapEnabled= false topActivityEligibleForUserAspectRatioButton= false topActivityBoundsLetterboxed= false isFromLetterboxDoubleTap= false topActivityLetterboxVerticalPosition= -1 topActivityLetterboxHorizontalPosition= -1 topActivityLetterboxWidth=-1 topActivityLetterboxHeight=-1 isUserFullscreenOverrideEnabled=false isTopActivityTransparent=false locusId=null displayAreaFeatureId=1 cameraCompatControlState=hidden}, remoteTransition = null, displayChange = null, flags = 0 }
06-24 16:12:48.160 685 9054 V WindowManager: app ------------- force_land :0
06-24 16:12:48.160 685 9054 V WindowManager: app ------------- force_land :0
06-24 16:12:48.160 685 9054 V WindowManager: app ------------- force_land :0
06-24 16:12:48.186 685 709 W ContextImpl: Calling a method in the system process without a qualified user: android.app.ContextImpl.startService:1899 com.android.server.wm.DisplayPolicy.lambda$focusChangedLw$5:2126 com.android.server.wm.DisplayPolicy.$r8$lambda$Znxk63oh-WzVnzo_WQefN7uxV48:0 com.android.server.wm.DisplayPolicy$$ExternalSyntheticLambda13.run:0 android.os.Handler.handleCallback:958
06-24 16:12:48.225 685 4709 D CompatibilityChangeReporter: Compat change id reported: 135634846; UID 99015; state: DISABLED
06-24 16:12:48.226 685 719 D CompatibilityChangeReporter: Compat change id reported: 143937733; UID 10103; state: ENABLED
06-24 16:12:48.241 685 3826 W WindowManager: [addWindow] title:com.lutongnet.kalaok2/com.lutongnet.androidframework.web.WebViewActivity
06-24 16:12:48.241 685 9054 W WindowManager: Failed looking up window session=Session{5651897 5073:u0a10103} callers=com.android.server.wm.WindowManagerService.windowForClientLocked:6077 com.android.server.wm.Session.updateRequestedVisibleTypes:695 android.view.IWindowSession$Stub.onTransact:1034
06-24 16:12:48.247 685 719 I ActivityManager: Start proc 6187:com.android.webview:sandboxed_process0:org.chromium.content.app.SandboxedProcessService0:2/u0i15 for {com.lutongnet.kalaok2/org.chromium.content.app.SandboxedProcessService0:2}
06-24 16:12:48.253 685 3826 D CoreBackPreview: Window{745c87c u0 com.lutongnet.kalaok2/com.lutongnet.androidframework.web.WebViewActivity}: Setting back callback OnBackInvokedCallbackInfo{mCallback=android.window.IOnBackInvokedCallback$Stub$Proxy@f21f78b, mPriority=0, mIsAnimationCallback=false}
06-24 16:12:48.265 901 979 D WindowManagerShell: TvPipController: onTaskStackChanged()
06-24 16:12:48.337 901 979 V WindowManagerShell: onTransitionReady android.os.BinderProxy@e8c580c: {id=488 t=OPEN f=0x0 trk=0 r=[0@Point(0, 0)] c=[{null m=OPEN f=FILLS_TASK leash=Surface(name=ActivityRecord{690c938 u0 com.lutongnet.kalaok2/com.lutongnet.androidframework.web.WebViewActivity)/@0xec3385b sb=Rect(0, 0 - 0, 0) eb=Rect(0, 0 - 1920, 1080) d=-1->0 r=-1->0:-1},{null m=CLOSE f=FILLS_TASK leash=Surface(name=ActivityRecord{b344960 u0 com.lutongnet.kalaok2/.biz.play.activity.PlayActivity)/@0x5ace8f8 sb=Rect(0, 0 - 1920, 1080) eb=Rect(0, 0 - 1920, 1080) d=0}]}
06-24 16:12:48.337 685 708 V WindowManager: Sent Transition #488 createdAt=06-24 16:12:48.134 via request=TransitionRequestInfo { type = 1, triggerTask = TaskInfo{userId=0 taskId=158 displayId=0 isRunning=true baseIntent=Intent { act=android.intent.action.MAIN cat=[android.intent.category.LAUNCHER] flg=0x10000000 pkg=com.lutongnet.kalaok2 cmp=com.lutongnet.kalaok2/.WelcomeActivity } baseActivity=ComponentInfo{com.lutongnet.kalaok2/com.lutongnet.kalaok2.biz.main.activity.MainActivity} topActivity=ComponentInfo{com.lutongnet.kalaok2/com.lutongnet.androidframework.web.WebViewActivity} origActivity=null realActivity=ComponentInfo{com.lutongnet.kalaok2/com.lutongnet.kalaok2.WelcomeActivity} numActivities=4 lastActiveTime=18176043 supportsMultiWindow=true resizeMode=1 isResizeable=true minWidth=-1 minHeight=-1 defaultMinSize=220 token=WCT{RemoteToken{e63c61c Task{cc04a24 #158 type=standard A=10103:com.lutongnet.kalaok2}}} topActivityType=1 pictureInPictureParams=null shouldDockBigOverlays=true launchIntoPipHostTaskId=-1 lastParentTaskIdBeforePip=-1 displayCutoutSafeInsets=null topActivityInfo=ActivityInfo{4536480 com.lutongnet.androidframework.web.WebViewActivity} launchCookies=[] positionInParent=Point(0, 0) parentTaskId=-1 isFocused=true isVisible=true isVisibleRequested=true isSleeping=false topActivityInSizeCompat=false topActivityEligibleForLetterboxEducation= false isLetterboxDoubleTapEnabled= false topActivityEligibleForUserAspectRatioButton= false topActivityBoundsLetterboxed= false isFromLetterboxDoubleTap= false topActivityLetterboxVerticalPosition= -1 topActivityLetterboxHorizontalPosition= -1 topActivityLetterboxWidth=-1 topActivityLetterboxHeight=-1 isUserFullscreenOverrideEnabled=false isTopActivityTransparent=false locusId=null displayAreaFeatureId=1 cameraCompatControlState=hidden}, remoteTransition = null, displayChange = null, flags = 0 }
06-24 16:12:48.337 685 708 V WindowManager: startWCT=WindowContainerTransaction { changes = {} hops = [] errorCallbackToken=null taskFragmentOrganizer=null }
06-24 16:12:48.337 901 979 V WindowManagerShell: Playing animation for (#488)android.os.BinderProxy@e8c580c@0
06-24 16:12:48.337 901 979 V WindowManagerShell: try handler com.android.wm.shell.keyguard.KeyguardTransitionHandler@24e2028
06-24 16:12:48.337 685 708 V WindowManager: info={id=488 t=OPEN f=0x0 trk=0 r=[0@Point(0, 0)] c=[{null m=OPEN f=FILLS_TASK leash=Surface(name=ActivityRecord{690c938 u0 com.lutongnet.kalaok2/com.lutongnet.androidframework.web.WebViewActivity)/@0x66049b2 sb=Rect(0, 0 - 0, 0) eb=Rect(0, 0 - 1920, 1080) d=-1->0 r=-1->0:-1},{null m=CLOSE f=FILLS_TASK leash=Surface(name=ActivityRecord{b344960 u0 com.lutongnet.kalaok2/.biz.play.activity.PlayActivity)/@0xa90d024 sb=Rect(0, 0 - 1920, 1080) eb=Rect(0, 0 - 1920, 1080) d=0}]}
06-24 16:12:48.337 901 979 V WindowManagerShell: try handler com.android.wm.shell.pip.tv.TvPipTransition@1141
06-24 16:12:48.337 901 979 V WindowManagerShell: try handler com.android.wm.shell.activityembedding.ActivityEmbeddingController@e8f56e6
06-24 16:12:48.337 901 979 V WindowManagerShell: try handler com.android.wm.shell.transition.RemoteTransitionHandler@b664427
06-24 16:12:48.337 901 979 V WindowManagerShell: Transition doesn't have explicit remote, search filters for match for {id=488 t=OPEN f=0x0 trk=0 r=[0@Point(0, 0)] c=[{null m=OPEN f=FILLS_TASK leash=Surface(name=ActivityRecord{690c938 u0 com.lutongnet.kalaok2/com.lutongnet.androidframework.web.WebViewActivity)/@0xec3385b sb=Rect(0, 0 - 0, 0) eb=Rect(0, 0 - 1920, 1080) d=-1->0 r=-1->0:-1},{null m=CLOSE f=FILLS_TASK leash=Surface(name=ActivityRecord{b344960 u0 com.lutongnet.kalaok2/.biz.play.activity.PlayActivity)/@0x5ace8f8 sb=Rect(0, 0 - 1920, 1080) eb=Rect(0, 0 - 1920, 1080) d=0}]}
06-24 16:12:48.337 901 979 V WindowManagerShell: Delegate animation for #488 to null
06-24 16:12:48.341 901 979 V WindowManagerShell: try handler com.android.wm.shell.transition.DefaultTransitionHandler@7916d4
06-24 16:12:48.342 901 979 V WindowManagerShell: start default transition animation, info = {id=488 t=OPEN f=0x0 trk=0 r=[0@Point(0, 0)] c=[{null m=OPEN f=FILLS_TASK leash=Surface(name=ActivityRecord{690c938 u0 com.lutongnet.kalaok2/com.lutongnet.androidframework.web.WebViewActivity)/@0xec3385b sb=Rect(0, 0 - 0, 0) eb=Rect(0, 0 - 1920, 1080) d=-1->0 r=-1->0:-1},{null m=CLOSE f=FILLS_TASK leash=Surface(name=ActivityRecord{b344960 u0 com.lutongnet.kalaok2/.biz.play.activity.PlayActivity)/@0x5ace8f8 sb=Rect(0, 0 - 1920, 1080) eb=Rect(0, 0 - 1920, 1080) d=0}]}
06-24 16:12:48.344 901 979 V WindowManagerShell: loadAnimation: anim=android.view.animation.AlphaAnimation@8dcd436 animAttr=0x5 type=OPEN isEntrance=false
06-24 16:12:48.345 901 979 V WindowManagerShell: loadAnimation: anim=android.view.animation.AlphaAnimation@672ff37 animAttr=0x4 type=OPEN isEntrance=true
06-24 16:12:48.347 901 979 V WindowManagerShell: animated by com.android.wm.shell.transition.DefaultTransitionHandler@7916d4
06-24 16:12:48.361 685 709 W ContextImpl: Calling a method in the system process without a qualified user: android.app.ContextImpl.startService:1899 com.android.server.wm.DisplayPolicy.lambda$focusChangedLw$5:2126 com.android.server.wm.DisplayPolicy.$r8$lambda$Znxk63oh-WzVnzo_WQefN7uxV48:0 com.android.server.wm.DisplayPolicy$$ExternalSyntheticLambda13.run:0 android.os.Handler.handleCallback:958
06-24 16:12:48.396 685 9054 D CompatibilityChangeReporter: Compat change id reported: 214016041; UID 10103; state: DISABLED
06-24 16:12:48.545 685 4709 W WindowManager: [addWindow] title:com.lutongnet.kalaok2/com.lutongnet.androidframework.web.WebViewActivity
06-24 16:12:48.559 685 4709 D CoreBackPreview: Window{5fb0144 u0 com.lutongnet.kalaok2/com.lutongnet.androidframework.web.WebViewActivity}: Setting back callback OnBackInvokedCallbackInfo{mCallback=android.window.IOnBackInvokedCallback$Stub$Proxy@b9a8362, mPriority=0, mIsAnimationCallback=false}
06-24 16:12:48.649 685 709 W ContextImpl: Calling a method in the system process without a qualified user: android.app.ContextImpl.startService:1899 com.android.server.wm.DisplayPolicy.lambda$focusChangedLw$5:2126 com.android.server.wm.DisplayPolicy.$r8$lambda$Znxk63oh-WzVnzo_WQefN7uxV48:0 com.android.server.wm.DisplayPolicy$$ExternalSyntheticLambda13.run:0 android.os.Handler.handleCallback:958
06-24 16:12:48.757 901 979 V WindowManagerShell: Transition animation finished (aborted=false), notifying core (#488)android.os.BinderProxy@e8c580c@0
06-24 16:12:48.764 685 708 V WindowManager: Finish Transition #488: created at
06-24 16:12:48.134 collect-started=0.208ms request-sent=7.971ms started=10.389ms ready=29.874ms sent=200.886ms finished=624.463ms
06-24 16:12:48.769 901 979 V WindowManagerShell: Track 0 became idle
06-24 16:12:48.769 901 979 V WindowManagerShell: All active transition animations finished
06-24 16:12:48.814 685 9098 W WindowManager: Failed looking up window session=Session{5651897 5073:u0a10103} callers=com.android.server.wm.WindowManagerService.windowForClientLocked:6077 com.android.server.wm.Session.setOnBackInvokedCallbackInfo:949 android.view.IWindowSession$Stub.onTransact:1145
06-24 16:12:48.815 685 9098 I WindowManager: setOnBackInvokedCallback(): No window state for package:com.lutongnet.kalaok2
06-24 16:12:49.010 0 0 W [0 T10663 ..] audit: audit_lost=18499 audit_rate_limit=5 audit_backlog_limit=64
06-24 16:12:49.011 0 0 E [0 T10663 ..] audit: rate limit exceeded
06-24 16:12:49.602 685 4709 D CoreBackPreview: Window{5fb0144 u0 com.lutongnet.kalaok2/com.lutongnet.androidframework.web.WebViewActivity}: Setting back callback null
06-24 16:12:49.622 685 711 V WindowManager: Unknown focus tokens, dropping reportFocusChanged
06-24 16:12:49.634 685 4709 W WindowManager: [addWindow] title:com.lutongnet.kalaok2/com.lutongnet.androidframework.web.WebViewActivity
06-24 16:12:49.649 685 9054 D CoreBackPreview: Window{a28245e u0 com.lutongnet.kalaok2/com.lutongnet.androidframework.web.WebViewActivity}: Setting back callback OnBackInvokedCallbackInfo{mCallback=android.window.IOnBackInvokedCallback$Stub$Proxy@b4e286a, mPriority=0, mIsAnimationCallback=false}
06-24 16:12:49.709 685 709 W ContextImpl: Calling a method in the system process without a qualified user: android.app.ContextImpl.startService:1899 com.android.server.wm.DisplayPolicy.lambda$focusChangedLw$5:2126 com.android.server.wm.DisplayPolicy.$r8$lambda$Znxk63oh-WzVnzo_WQefN7uxV48:0 com.android.server.wm.DisplayPolicy$$ExternalSyntheticLambda13.run:0 android.os.Handler.handleCallback:958
06-24 16:12:49.740 685 709 W ContextImpl: Calling a method in the system process without a qualified user: android.app.ContextImpl.startService:1899 com.android.server.wm.DisplayPolicy.lambda$focusChangedLw$5:2126 com.android.server.wm.DisplayPolicy.$r8$lambda$Znxk63oh-WzVnzo_WQefN7uxV48:0 com.android.server.wm.DisplayPolicy$$ExternalSyntheticLambda13.run:0 android.os.Handler.handleCallback:958
06-24 16:12:50.748 0 0 W [2 T4131 ..] audit: audit_lost=18504 audit_rate_limit=5 audit_backlog_limit=64
06-24 16:12:50.748 0 0 E [2 T4131 ..] audit: rate limit exceeded
06-24 16:12:50.781 685 4709 D CoreBackPreview: Window{a28245e u0 com.lutongnet.kalaok2/com.lutongnet.androidframework.web.WebViewActivity EXITING}: Setting back callback null
06-24 16:12:50.798 685 711 V WindowManager: Unknown focus tokens, dropping reportFocusChanged
06-24 16:12:50.877 685 709 W ContextImpl: Calling a method in the system process without a qualified user: android.app.ContextImpl.startService:1899 com.android.server.wm.DisplayPolicy.lambda$focusChangedLw$5:2126 com.android.server.wm.DisplayPolicy.$r8$lambda$Znxk63oh-WzVnzo_WQefN7uxV48:0 com.android.server.wm.DisplayPolicy$$ExternalSyntheticLambda13.run:0 android.os.Handler.handleCallback:958
06-24 16:12:51.657 685 1390 E TaskPersister: File error accessing recents directory (directory doesn't exist?).
06-24 16:12:52.729 901 979 V WindowManagerShell: Transition requested: android.os.BinderProxy@dee57d3 TransitionRequestInfo { type = 2, triggerTask = null, remoteTransition = null, displayChange = null, flags = 0 }
06-24 16:12:52.740 685 9054 V WindowManager: app ------------- force_land :0
06-24 16:12:52.740 685 9054 V WindowManager: app ------------- force_land :0
06-24 16:12:52.740 685 9054 V WindowManager: app ------------- force_land :0
06-24 16:12:52.834 685 709 D AutofillManagerService: onBackKeyPressed()
06-24 16:12:52.843 901 979 D WindowManagerShell: TvPipController: onTaskStackChanged()
06-24 16:12:52.856 685 708 V WindowManager: Sent Transition #489 createdAt=06-24 16:12:52.728 via request=TransitionRequestInfo { type = 2, triggerTask = null, remoteTransition = null, displayChange = null, flags = 0 }
06-24 16:12:52.856 685 708 V WindowManager: startWCT=WindowContainerTransaction { changes = {} hops = [] errorCallbackToken=null taskFragmentOrganizer=null }
06-24 16:12:52.856 685 708 V WindowManager: info={id=489 t=CLOSE f=0x0 trk=0 r=[0@Point(0, 0)] c=[{null m=CLOSE f=FILLS_TASK leash=Surface(name=ActivityRecord{690c938 u0 com.lutongnet.kalaok2/com.lutongnet.androidframework.web.WebViewActivity)/@0x66049b2 sb=Rect(0, 0 - 1920, 1080) eb=Rect(0, 0 - 1920, 1080) d=0},{null m=TO_FRONT f=FILLS_TASK leash=Surface(name=ActivityRecord{7874b00 u0 com.lutongnet.kalaok2/.biz.pagedetail.PageDetailActivity)/@0x9cb9a56 sb=Rect(0, 0 - 1920, 1080) eb=Rect(0, 0 - 1920, 1080) d=0}]}
06-24 16:12:52.857 901 979 V WindowManagerShell: onTransitionReady android.os.BinderProxy@dee57d3: {id=489 t=CLOSE f=0x0 trk=0 r=[0@Point(0, 0)] c=[{null m=CLOSE f=FILLS_TASK leash=Surface(name=ActivityRecord{690c938 u0 com.lutongnet.kalaok2/com.lutongnet.androidframework.web.WebViewActivity)/@0xd6fdf10 sb=Rect(0, 0 - 1920, 1080) eb=Rect(0, 0 - 1920, 1080) d=0},{null m=TO_FRONT f=FILLS_TASK leash=Surface(name=ActivityRecord{7874b00 u0 com.lutongnet.kalaok2/.biz.pagedetail.PageDetailActivity)/@0x4f90a09 sb=Rect(0, 0 - 1920, 1080) eb=Rect(0, 0 - 1920, 1080) d=0}]}
06-24 16:12:52.857 901 979 V WindowManagerShell: Playing animation for (#489)android.os.BinderProxy@dee57d3@0
06-24 16:12:52.857 901 979 V WindowManagerShell: try handler com.android.wm.shell.keyguard.KeyguardTransitionHandler@24e2028
06-24 16:12:52.857 901 979 V WindowManagerShell: try handler com.android.wm.shell.pip.tv.TvPipTransition@1141
06-24 16:12:52.858 901 979 V WindowManagerShell: try handler com.android.wm.shell.activityembedding.ActivityEmbeddingController@e8f56e6
06-24 16:12:52.858 901 979 V WindowManagerShell: try handler com.android.wm.shell.transition.RemoteTransitionHandler@b664427
06-24 16:12:52.858 901 979 V WindowManagerShell: Transition doesn't have explicit remote, search filters for match for {id=489 t=CLOSE f=0x0 trk=0 r=[0@Point(0, 0)] c=[{null m=CLOSE f=FILLS_TASK leash=Surface(name=ActivityRecord{690c938 u0 com.lutongnet.kalaok2/com.lutongnet.androidframework.web.WebViewActivity)/@0xd6fdf10 sb=Rect(0, 0 - 1920, 1080) eb=Rect(0, 0 - 1920, 1080) d=0},{null m=TO_FRONT f=FILLS_TASK leash=Surface(name=ActivityRecord{7874b00 u0 com.lutongnet.kalaok2/.biz.pagedetail.PageDetailActivity)/@0x4f90a09 sb=Rect(0, 0 - 1920, 1080) eb=Rect(0, 0 - 1920, 1080) d=0}]}
06-24 16:12:52.858 901 979 V WindowManagerShell: Delegate animation for #489 to null
06-24 16:12:52.858 901 979 V WindowManagerShell: try handler com.android.wm.shell.transition.DefaultTransitionHandler@7916d4
06-24 16:12:52.859 901 979 V WindowManagerShell: start default transition animation, info = {id=489 t=CLOSE f=0x0 trk=0 r=[0@Point(0, 0)] c=[{null m=CLOSE f=FILLS_TASK leash=Surface(name=ActivityRecord{690c938 u0 com.lutongnet.kalaok2/com.lutongnet.androidframework.web.WebViewActivity)/@0xd6fdf10 sb=Rect(0, 0 - 1920, 1080) eb=Rect(0, 0 - 1920, 1080) d=0},{null m=TO_FRONT f=FILLS_TASK leash=Surface(name=ActivityRecord{7874b00 u0 com.lutongnet.kalaok2/.biz.pagedetail.PageDetailActivity)/@0x4f90a09 sb=Rect(0, 0 - 1920, 1080) eb=Rect(0, 0 - 1920, 1080) d=0}]}
06-24 16:12:52.863 901 979 V WindowManagerShell: loadAnimation: anim=android.view.animation.AlphaAnimation@11f3dc5 animAttr=0x6 type=CLOSE isEntrance=true
06-24 16:12:52.866 901 979 V WindowManagerShell: loadAnimation: anim=android.view.animation.AlphaAnimation@57eee4b animAttr=0x7 type=CLOSE isEntrance=false
06-24 16:12:52.874 901 979 V WindowManagerShell: animated by com.android.wm.shell.transition.DefaultTransitionHandler@7916d4
06-24 16:12:52.877 685 709 W ContextImpl: Calling a method in the system process without a qualified user: android.app.ContextImpl.startService:1899 com.android.server.wm.DisplayPolicy.lambda$focusChangedLw$5:2126 com.android.server.wm.DisplayPolicy.$r8$lambda$Znxk63oh-WzVnzo_WQefN7uxV48:0 com.android.server.wm.DisplayPolicy$$ExternalSyntheticLambda13.run:0 android.os.Handler.handleCallback:958
06-24 16:12:53.293 901 979 V WindowManagerShell: Transition animation finished (aborted=false), notifying core (#489)android.os.BinderProxy@dee57d3@0
06-24 16:12:53.298 685 708 V WindowManager: Finish Transition #489: created at
06-24 16:12:52.728 collect-started=0.098ms request-sent=0.196ms started=3.656ms ready=14.5ms sent=127.101ms finished=569.316ms
06-24 16:12:53.301 901 979 V WindowManagerShell: Track 0 became idle
06-24 16:12:53.301 901 979 V WindowManagerShell: All active transition animations finished
06-24 16:12:53.354 685 9098 D CoreBackPreview: Window{745c87c u0 com.lutongnet.kalaok2/com.lutongnet.androidframework.web.WebViewActivity}: Setting back callback null
06-24 16:12:54.192 0 0 W : [1 T1041 ..] fmac ASSERT (***** assert_rec *****: ) at ip/lmac/src/hal/hal_machw.c:752
06-24 16:12:54.193 0 0 W : [1 T1041 ..] >>> aml_rx_dbg_error_ind()
06-24 16:12:54.193 0 0 E : [1 T1041 ..] aml_sdio mmc1:0000:7: (type 0): dump received
06-24 16:12:54.194 0 0 E : [1 T28922 ..] aml_sdio mmc1:0000:7: Failed to call /usr/bin/aml_umh.sh (/usr/bin/aml_umh.sh returned -524)
06-24 16:12:55.527 685 709 D AutofillManagerService: onBackKeyPressed()
06-24 16:12:55.577 901 979 V WindowManagerShell: Transition requested: android.os.BinderProxy@bcc2427 TransitionRequestInfo { type = 2, triggerTask = null, remoteTransition = null, displayChange = null, flags = 0 }
06-24 16:12:55.602 685 9054 V WindowManager: app ------------- force_land :0
06-24 16:12:55.602 685 9054 V WindowManager: app ------------- force_land :0
06-24 16:12:55.602 685 9054 V WindowManager: app ------------- force_land :0
06-24 16:12:55.705 901 979 D WindowManagerShell: TvPipController: onTaskStackChanged()
06-24 16:12:55.725 685 708 V WindowManager: Sent Transition #490 createdAt=06-24 16:12:55.576 via request=TransitionRequestInfo { type = 2, triggerTask = null, remoteTransition = null, displayChange = null, flags = 0 }
06-24 16:12:55.725 685 708 V WindowManager: startWCT=WindowContainerTransaction { changes = {} hops = [] errorCallbackToken=null taskFragmentOrganizer=null }
06-24 16:12:55.725 685 708 V WindowManager: info={id=490 t=CLOSE f=0x0 trk=0 r=[0@Point(0, 0)] c=[{null m=CLOSE f=FILLS_TASK leash=Surface(name=ActivityRecord{7874b00 u0 com.lutongnet.kalaok2/.biz.pagedetail.PageDetailActivity)/@0x9cb9a56 sb=Rect(0, 0 - 1920, 1080) eb=Rect(0, 0 - 1920, 1080) d=0},{null m=TO_FRONT f=FILLS_TASK leash=Surface(name=ActivityRecord{d8e51c6 u0 com.lutongnet.kalaok2/.biz.main.activity.MainActivity)/@0x7aeae73 sb=Rect(0, 0 - 1920, 1080) eb=Rect(0, 0 - 1920, 1080) d=0}]}
06-24 16:12:55.726 901 979 V WindowManagerShell: onTransitionReady android.os.BinderProxy@bcc2427: {id=490 t=CLOSE f=0x0 trk=0 r=[0@Point(0, 0)] c=[{null m=CLOSE f=FILLS_TASK leash=Surface(name=ActivityRecord{7874b00 u0 com.lutongnet.kalaok2/.biz.pagedetail.PageDetailActivity)/@0x61976d4 sb=Rect(0, 0 - 1920, 1080) eb=Rect(0, 0 - 1920, 1080) d=0},{null m=TO_FRONT f=FILLS_TASK leash=Surface(name=ActivityRecord{d8e51c6 u0 com.lutongnet.kalaok2/.biz.main.activity.MainActivity)/@0x704607d sb=Rect(0, 0 - 1920, 1080) eb=Rect(0, 0 - 1920, 1080) d=0}]}
06-24 16:12:55.726 901 979 V WindowManagerShell: Playing animation for (#490)android.os.BinderProxy@bcc2427@0
06-24 16:12:55.726 901 979 V WindowManagerShell: try handler com.android.wm.shell.keyguard.KeyguardTransitionHandler@24e2028
06-24 16:12:55.726 901 979 V WindowManagerShell: try handler com.android.wm.shell.pip.tv.TvPipTransition@1141
06-24 16:12:55.726 901 979 V WindowManagerShell: try handler com.android.wm.shell.activityembedding.ActivityEmbeddingController@e8f56e6
06-24 16:12:55.726 901 979 V WindowManagerShell: try handler com.android.wm.shell.transition.RemoteTransitionHandler@b664427
06-24 16:12:55.726 901 979 V WindowManagerShell: Transition doesn't have explicit remote, search filters for match for {id=490 t=CLOSE f=0x0 trk=0 r=[0@Point(0, 0)] c=[{null m=CLOSE f=FILLS_TASK leash=Surface(name=ActivityRecord{7874b00 u0 com.lutongnet.kalaok2/.biz.pagedetail.PageDetailActivity)/@0x61976d4 sb=Rect(0, 0 - 1920, 1080) eb=Rect(0, 0 - 1920, 1080) d=0},{null m=TO_FRONT f=FILLS_TASK leash=Surface(name=ActivityRecord{d8e51c6 u0 com.lutongnet.kalaok2/.biz.main.activity.MainActivity)/@0x704607d sb=Rect(0, 0 - 1920, 1080) eb=Rect(0, 0 - 1920, 1080) d=0}]}
06-24 16:12:55.726 901 979 V WindowManagerShell: Delegate animation for #490 to null
06-24 16:12:55.726 901 979 V WindowManagerShell: try handler com.android.wm.shell.transition.DefaultTransitionHandler@7916d4
06-24 16:12:55.726 901 979 V WindowManagerShell: start default transition animation, info = {id=490 t=CLOSE f=0x0 trk=0 r=[0@Point(0, 0)] c=[{null m=CLOSE f=FILLS_TASK leash=Surface(name=ActivityRecord{7874b00 u0 com.lutongnet.kalaok2/.biz.pagedetail.PageDetailActivity)/@0x61976d4 sb=Rect(0, 0 - 1920, 1080) eb=Rect(0, 0 - 1920, 1080) d=0},{null m=TO_FRONT f=FILLS_TASK leash=Surface(name=ActivityRecord{d8e51c6 u0 com.lutongnet.kalaok2/.biz.main.activity.MainActivity)/@0x704607d sb=Rect(0, 0 - 1920, 1080) eb=Rect(0, 0 - 1920, 1080) d=0}]}
06-24 16:12:55.727 901 979 V WindowManagerShell: loadAnimation: anim=android.view.animation.AlphaAnimation@fccdbc3 animAttr=0x6 type=CLOSE isEntrance=true
06-24 16:12:55.727 901 979 V WindowManagerShell: loadAnimation: anim=android.view.animation.AlphaAnimation@1012c40 animAttr=0x7 type=CLOSE isEntrance=false
06-24 16:12:55.730 901 979 V WindowManagerShell: animated by com.android.wm.shell.transition.DefaultTransitionHandler@7916d4
06-24 16:12:55.756 685 709 W ContextImpl: Calling a method in the system process without a qualified user: android.app.ContextImpl.startService:1899 com.android.server.wm.DisplayPolicy.lambda$focusChangedLw$5:2126 com.android.server.wm.DisplayPolicy.$r8$lambda$Znxk63oh-WzVnzo_WQefN7uxV48:0 com.android.server.wm.DisplayPolicy$$ExternalSyntheticLambda13.run:0 android.os.Handler.handleCallback:958
06-24 16:12:56.147 901 979 V WindowManagerShell: Transition animation finished (aborted=false), notifying core (#490)android.os.BinderProxy@bcc2427@0
06-24 16:12:56.149 685 708 V WindowManager: Finish Transition #490: created at
06-24 16:12:55.576 collect-started=0.065ms request-sent=0.136ms started=6.276ms ready=27.361ms sent=147.056ms finished=572.377ms
06-24 16:12:56.153 901 979 V WindowManagerShell: Track 0 became idle
06-24 16:12:56.153 901 979 V WindowManagerShell: All active transition animations finished
06-24 16:12:56.200 685 9098 D CoreBackPreview: Window{8a2d9fb u0 com.lutongnet.kalaok2/com.lutongnet.kalaok2.biz.pagedetail.PageDetailActivity}: Setting back callback null
06-24 16:12:56.895 685 1390 E TaskPersister: File error accessing recents directory (directory doesn't exist?).
06-24 16:12:59.501 685 1083 E Transition: Trying to add a ready-group twice: Display{#0 state=ON size=1920x1080 ROTATION_0}
06-24 16:12:59.502 685 1083 I ActivityTaskManager: START u0 {cmp=com.lutongnet.kalaok2/com.lutongnet.androidframework.web.WebViewActivity (has extras)} with LAUNCH_MULTIPLE from uid 10103 (BAL_ALLOW_VISIBLE_WINDOW) result code=0
06-24 16:12:59.502 901 979 V WindowManagerShell: Transition requested: android.os.BinderProxy@5eccc6c TransitionRequestInfo { type = 1, triggerTask = TaskInfo{userId=0 taskId=158 displayId=0 isRunning=true baseIntent=Intent { act=android.intent.action.MAIN cat=[android.intent.category.LAUNCHER] flg=0x10000000 pkg=com.lutongnet.kalaok2 cmp=com.lutongnet.kalaok2/.WelcomeActivity } baseActivity=ComponentInfo{com.lutongnet.kalaok2/com.lutongnet.kalaok2.biz.main.activity.MainActivity} topActivity=ComponentInfo{com.lutongnet.kalaok2/com.lutongnet.androidframework.web.WebViewActivity} origActivity=null realActivity=ComponentInfo{com.lutongnet.kalaok2/com.lutongnet.kalaok2.WelcomeActivity} numActivities=2 lastActiveTime=18187402 supportsMultiWindow=true resizeMode=1 isResizeable=true minWidth=-1 minHeight=-1 defaultMinSize=220 token=WCT{android.window.IWindowContainerToken$Stub$Proxy@3a42235} topActivityType=1 pictureInPictureParams=null shouldDockBigOverlays=true launchIntoPipHostTaskId=-1 lastParentTaskIdBeforePip=-1 displayCutoutSafeInsets=null topActivityInfo=ActivityInfo{94ce6ca com.lutongnet.androidframework.web.WebViewActivity} launchCookies=[] positionInParent=Point(0, 0) parentTaskId=-1 isFocused=true isVisible=true isVisibleRequested=true isSleeping=false topActivityInSizeCompat=false topActivityEligibleForLetterboxEducation= false isLetterboxDoubleTapEnabled= false topActivityEligibleForUserAspectRatioButton= false topActivityBoundsLetterboxed= false isFromLetterboxDoubleTap= false topActivityLetterboxVerticalPosition= -1 topActivityLetterboxHorizontalPosition= -1 topActivityLetterboxWidth=-1 topActivityLetterboxHeight=-1 isUserFullscreenOverrideEnabled=false isTopActivityTransparent=false locusId=null displayAreaFeatureId=1 cameraCompatControlState=hidden}, remoteTransition = null, displayChange = null, flags = 0 }
06-24 16:12:59.511 685 1083 V WindowManager: app ------------- force_land :0
06-24 16:12:59.512 685 1083 V WindowManager: app ------------- force_land :0
06-24 16:12:59.512 685 1083 V WindowManager: app ------------- force_land :0
06-24 16:12:59.527 685 711 W ProcessStats: Tracking association SourceState{2ed2a5c system/1000 ImpFg #10316} whose proc state 5 is better than process ProcessState{9231bd0 com.android.permissioncontroller/10074 pkg=com.android.permissioncontroller} proc state 15 (6 skipped)
06-24 16:12:59.601 685 9098 W WindowManager: [addWindow] title:com.lutongnet.kalaok2/com.lutongnet.androidframework.web.WebViewActivity
06-24 16:12:59.601 685 1083 W WindowManager: Failed looking up window session=Session{5651897 5073:u0a10103} callers=com.android.server.wm.WindowManagerService.windowForClientLocked:6077 com.android.server.wm.Session.updateRequestedVisibleTypes:695 android.view.IWindowSession$Stub.onTransact:1034
06-24 16:12:59.617 685 9098 D CoreBackPreview: Window{fb3170b u0 com.lutongnet.kalaok2/com.lutongnet.androidframework.web.WebViewActivity}: Setting back callback OnBackInvokedCallbackInfo{mCallback=android.window.IOnBackInvokedCallback$Stub$Proxy@b232801, mPriority=0, mIsAnimationCallback=false}
06-24 16:12:59.624 901 979 D WindowManagerShell: TvPipController: onTaskStackChanged()
06-24 16:12:59.708 901 979 V WindowManagerShell: onTransitionReady android.os.BinderProxy@5eccc6c: {id=491 t=OPEN f=0x0 trk=0 r=[0@Point(0, 0)] c=[{null m=OPEN f=FILLS_TASK leash=Surface(name=ActivityRecord{3bbaef u0 com.lutongnet.kalaok2/com.lutongnet.androidframework.web.WebViewActivity)/@0xe4c003b sb=Rect(0, 0 - 0, 0) eb=Rect(0, 0 - 1920, 1080) d=-1->0 r=-1->0:-1},{null m=TO_BACK f=FILLS_TASK leash=Surface(name=ActivityRecord{d8e51c6 u0 com.lutongnet.kalaok2/.biz.main.activity.MainActivity)/@0x7104358 sb=Rect(0, 0 - 1920, 1080) eb=Rect(0, 0 - 1920, 1080) d=0}]}
06-24 16:12:59.708 901 979 V WindowManagerShell: Playing animation for (#491)android.os.BinderProxy@5eccc6c@0
06-24 16:12:59.708 901 979 V WindowManagerShell: try handler com.android.wm.shell.keyguard.KeyguardTransitionHandler@24e2028
06-24 16:12:59.709 901 979 V WindowManagerShell: try handler com.android.wm.shell.pip.tv.TvPipTransition@1141
06-24 16:12:59.709 901 979 V WindowManagerShell: try handler com.android.wm.shell.activityembedding.ActivityEmbeddingController@e8f56e6
06-24 16:12:59.709 901 979 V WindowManagerShell: try handler com.android.wm.shell.transition.RemoteTransitionHandler@b664427
06-24 16:12:59.709 901 979 V WindowManagerShell: Transition doesn't have explicit remote, search filters for match for {id=491 t=OPEN f=0x0 trk=0 r=[0@Point(0, 0)] c=[{null m=OPEN f=FILLS_TASK leash=Surface(name=ActivityRecord{3bbaef u0 com.lutongnet.kalaok2/com.lutongnet.androidframework.web.WebViewActivity)/@0xe4c003b sb=Rect(0, 0 - 0, 0) eb=Rect(0, 0 - 1920, 1080) d=-1->0 r=-1->0:-1},{null m=TO_BACK f=FILLS_TASK leash=Surface(name=ActivityRecord{d8e51c6 u0 com.lutongnet.kalaok2/.biz.main.activity.MainActivity)/@0x7104358 sb=Rect(0, 0 - 1920, 1080) eb=Rect(0, 0 - 1920, 1080) d=0}]}
06-24 16:12:59.709 901 979 V WindowManagerShell: Delegate animation for #491 to null
06-24 16:12:59.709 901 979 V WindowManagerShell: try handler com.android.wm.shell.transition.DefaultTransitionHandler@7916d4
06-24 16:12:59.709 901 979 V WindowManagerShell: start default transition animation, info = {id=491 t=OPEN f=0x0 trk=0 r=[0@Point(0, 0)] c=[{null m=OPEN f=FILLS_TASK leash=Surface(name=ActivityRecord{3bbaef u0 com.lutongnet.kalaok2/com.lutongnet.androidframework.web.WebViewActivity)/@0xe4c003b sb=Rect(0, 0 - 0, 0) eb=Rect(0, 0 - 1920, 1080) d=-1->0 r=-1->0:-1},{null m=TO_BACK f=FILLS_TASK leash=Surface(name=ActivityRecord{d8e51c6 u0 com.lutongnet.kalaok2/.biz.main.activity.MainActivity)/@0x7104358 sb=Rect(0, 0 - 1920, 1080) eb=Rect(0, 0 - 1920, 1080) d=0}]}
06-24 16:12:59.710 901 979 V WindowManagerShell: loadAnimation: anim=android.view.animation.AlphaAnimation@3f23d04 animAttr=0x5 type=OPEN isEntrance=false
06-24 16:12:59.711 901 979 V WindowManagerShell: loadAnimation: anim=android.view.animation.AlphaAnimation@f738522 animAttr=0x4 type=OPEN isEntrance=true
06-24 16:12:59.713 901 979 V WindowManagerShell: animated by com.android.wm.shell.transition.DefaultTransitionHandler@7916d4
