06-24 16:14:18.222 685 708 V WindowManager: Sent Transition #498 createdAt=06-24 16:14:16.171 via request=TransitionRequestInfo { type = 1, triggerTask = TaskInfo{userId=0 taskId=160 displayId=0 isRunning=true baseIntent=Intent { act=android.intent.action.MAIN cat=[android.intent.category.LAUNCHER] flg=0x10000000 pkg=com.tencent.karaoketv cmp=com.tencent.karaoketv/.module.splash.ui.AppStartActivity } baseActivity=ComponentInfo{com.tencent.karaoketv/com.tencent.karaoketv.module.splash.ui.AppStartActivity} topActivity=ComponentInfo{com.tencent.karaoketv/com.tencent.karaoketv.module.splash.ui.AppStartActivity} origActivity=null realActivity=ComponentInfo{com.tencent.karaoketv/com.tencent.karaoketv.module.splash.ui.AppStartActivity} numActivities=1 lastActiveTime=18264103 supportsMultiWindow=true resizeMode=1 isResizeable=true minWidth=-1 minHeight=-1 defaultMinSize=220 token=WCT{RemoteToken{8b85491 Task{964402c #160 type=standard A=10104:com.tencent.karaoketv}}} topActivityType=1 pictureInPictureParams=null shouldDockBigOverlays=true launchIntoPipHostTaskId=-1 lastParentTaskIdBeforePip=-1 displayCutoutSafeInsets=null topActivityInfo=ActivityInfo{9665ff6 com.tencent.karaoketv.module.splash.ui.AppStartActivity} launchCookies=[] positionInParent=Point(0, 0) parentTaskId=-1 isFocused=false isVisible=false isVisibleRequested=false isSleeping=false topActivityInSizeCompat=false topActivityEligibleForLetterboxEducation= false isLetterboxDoubleTapEnabled= false topActivityEligibleForUserAspectRatioButton= false topActivityBoundsLetterboxed= false isFromLetterboxDoubleTap= false topActivityLetterboxVerticalPosition= -1 topActivityLetterboxHorizontalPosition= -1 topActivityLetterboxWidth=-1 topActivityLetterboxHeight=-1 isUserFullscreenOverrideEnabled=false isTopActivityTransparent=false locusId=null displayAreaFeatureId=1 cameraCompatControlState=hidden}, remoteTransition = null, displayChange = null, flags = 0 }
06-24 16:14:18.222 685 708 V WindowManager: startWCT=WindowContainerTransaction { changes = {} hops = [] errorCallbackToken=null taskFragmentOrganizer=null }
06-24 16:14:18.222 685 708 V WindowManager: info={id=498 t=OPEN f=0x0 trk=0 r=[0@Point(0, 0)] c=[{WCT{RemoteToken{8b85491 Task{964402c #160 type=standard A=10104:com.tencent.karaoketv}}} m=OPEN f=NONE leash=Surface(name=Task=160)/@0x32fbb2a sb=Rect(0, 0 - 1920, 1080) eb=Rect(0, 0 - 1920, 1080) d=0},{WCT{RemoteToken{9c5195d Task{7f93aa5 #159 type=standard A=1000:search.app.task}}} m=TO_BACK f=NONE leash=Surface(name=Task=159)/@0xb433a07 sb=Rect(0, 0 - 1920, 1080) eb=Rect(0, 0 - 1920, 1080) d=0}]}
06-24 16:14:18.233 0 0 W [1 T24735 ..] audit: audit_lost=19178 audit_rate_limit=5 audit_backlog_limit=64
06-24 16:14:18.235 0 0 E [1 T24735 ..] audit: rate limit exceeded
06-24 16:14:18.268 685 1135 D CompatibilityChangeReporter: Compat change id reported: 214016041; UID 10104; state: DISABLED
06-24 16:14:18.273 685 18233 D CoreBackPreview: Window{401a32b u0 com.tencent.karaoketv/com.tencent.karaoketv.module.splash.ui.AppStartActivity}: Setting back callback null
06-24 16:14:18.290 685 711 V WindowManager: Unknown focus tokens, dropping reportFocusChanged
06-24 16:14:18.382 685 709 W ContextImpl: Calling a method in the system process without a qualified user: android.app.ContextImpl.startService:1899 com.android.server.wm.DisplayPolicy.lambda$focusChangedLw$5:2126 com.android.server.wm.DisplayPolicy.$r8$lambda$Znxk63oh-WzVnzo_WQefN7uxV48:0 com.android.server.wm.DisplayPolicy$$ExternalSyntheticLambda13.run:0 android.os.Handler.handleCallback:958
06-24 16:14:18.630 901 979 V WindowManagerShell: Transition animation finished (aborted=false), notifying core (#498)android.os.BinderProxy@6ed59e1@0
06-24 16:14:18.637 685 18233 E Transition: Trying to add a ready-group twice: Display{#0 state=ON size=1920x1080 ROTATION_0}
06-24 16:14:18.638 685 18233 I ActivityTaskManager: START u0 {cmp=com.tencent.karaoketv/.app.activity.MainActivity (has extras)} with LAUNCH_SINGLE_TASK from uid 10104 (BAL_ALLOW_VISIBLE_WINDOW) result code=0
06-24 16:14:18.639 685 708 V WindowManager: Finish Transition #498: created at
06-24 16:14:16.171 collect-started=0.08ms request-sent=30.424ms started=37.586ms ready=465.857ms sent=2038.388ms finished=2466.953ms
06-24 16:14:18.641 901 979 V WindowManagerShell: Track 0 became idle
06-24 16:14:18.641 901 979 V WindowManagerShell: All active transition animations finished
06-24 16:14:18.642 901 979 V WindowManagerShell: Transition requested: android.os.BinderProxy@3867278 TransitionRequestInfo { type = 1, triggerTask = TaskInfo{userId=0 taskId=160 displayId=0 isRunning=true baseIntent=Intent { act=android.intent.action.MAIN cat=[android.intent.category.LAUNCHER] flg=0x10000000 pkg=com.tencent.karaoketv cmp=com.tencent.karaoketv/.module.splash.ui.AppStartActivity } baseActivity=ComponentInfo{com.tencent.karaoketv/com.tencent.karaoketv.module.splash.ui.AppStartActivity} topActivity=ComponentInfo{com.tencent.karaoketv/com.tencent.karaoketv.app.activity.MainActivity} origActivity=null realActivity=ComponentInfo{com.tencent.karaoketv/com.tencent.karaoketv.module.splash.ui.AppStartActivity} numActivities=2 lastActiveTime=18266537 supportsMultiWindow=true resizeMode=1 isResizeable=true minWidth=-1 minHeight=-1 defaultMinSize=220 token=WCT{android.window.IWindowContainerToken$Stub$Proxy@7ef7d51} topActivityType=1 pictureInPictureParams=null shouldDockBigOverlays=true launchIntoPipHostTaskId=-1 lastParentTaskIdBeforePip=-1 displayCutoutSafeInsets=null topActivityInfo=ActivityInfo{6cd39b6 com.tencent.karaoketv.app.activity.MainActivity} launchCookies=[] positionInParent=Point(0, 0) parentTaskId=-1 isFocused=true isVisible=true isVisibleRequested=true isSleeping=false topActivityInSizeCompat=false topActivityEligibleForLetterboxEducation= false isLetterboxDoubleTapEnabled= false topActivityEligibleForUserAspectRatioButton= false topActivityBoundsLetterboxed= false isFromLetterboxDoubleTap= false topActivityLetterboxVerticalPosition= -1 topActivityLetterboxHorizontalPosition= -1 topActivityLetterboxWidth=-1 topActivityLetterboxHeight=-1 isUserFullscreenOverrideEnabled=false isTopActivityTransparent=false locusId=null displayAreaFeatureId=1 cameraCompatControlState=hidden}, remoteTransition = null, displayChange = null, flags = 0 }
06-24 16:14:18.669 685 1076 V WindowManager: app ------------- force_land :0
06-24 16:14:18.780 901 979 D WindowManagerShell: TvPipController: onTaskStackChanged()
06-24 16:14:18.801 685 1135 D CompatibilityChangeReporter: Compat change id reported: 135634846; UID 10104; state: DISABLED
06-24 16:14:18.802 685 719 D CompatibilityChangeReporter: Compat change id reported: 143937733; UID 10104; state: ENABLED
06-24 16:14:18.852 685 719 W ActivityManager: Slow operation: 51ms so far, now at startProcess: returned from zygote!
06-24 16:14:18.852 685 719 W ActivityManager: Slow operation: 52ms so far, now at startProcess: done updating battery stats
06-24 16:14:18.852 685 719 W ActivityManager: Slow operation: 52ms so far, now at startProcess: building log message
06-24 16:14:18.852 685 719 I ActivityManager: Start proc 7469:com.tencent.karaoketv:lan/u0a104 for service {com.tencent.karaoketv/com.tencent.karaoketv.module.lanserver.AndServerService}
06-24 16:14:18.852 685 719 W ActivityManager: Slow operation: 52ms so far, now at startProcess: starting to update pids map
06-24 16:14:18.852 685 719 W ActivityManager: Slow operation: 52ms so far, now at startProcess: done updating pids map
06-24 16:14:18.879 685 18233 W WindowManager: Failed looking up window session=Session{7a95de9 7157:u0a10104} callers=com.android.server.wm.WindowManagerService.windowForClientLocked:6077 com.android.server.wm.Session.updateRequestedVisibleTypes:695 android.view.IWindowSession$Stub.onTransact:1034
06-24 16:14:18.880 685 1135 W WindowManager: [addWindow] title:com.tencent.karaoketv/com.tencent.karaoketv.app.activity.MainActivity
06-24 16:14:18.900 685 1135 W ActivityManager: Unable to start service Intent { act=com.tencent.ksong.ktvsetting.service.SettingService pkg=com.tencent.ksong.ktvsetting } U=0: not found
06-24 16:14:19.193 685 1135 D CoreBackPreview: Window{5890f4 u0 com.tencent.karaoketv/com.tencent.karaoketv.app.activity.MainActivity}: Setting back callback OnBackInvokedCallbackInfo{mCallback=android.window.IOnBackInvokedCallback$Stub$Proxy@8fe6011, mPriority=0, mIsAnimationCallback=false}
06-24 16:14:19.241 685 708 V WindowManager: Sent Transition #499 createdAt=06-24 16:14:18.628 via request=TransitionRequestInfo { type = 1, triggerTask = TaskInfo{userId=0 taskId=160 displayId=0 isRunning=true baseIntent=Intent { act=android.intent.action.MAIN cat=[android.intent.category.LAUNCHER] flg=0x10000000 pkg=com.tencent.karaoketv cmp=com.tencent.karaoketv/.module.splash.ui.AppStartActivity } baseActivity=ComponentInfo{com.tencent.karaoketv/com.tencent.karaoketv.module.splash.ui.AppStartActivity} topActivity=ComponentInfo{com.tencent.karaoketv/com.tencent.karaoketv.app.activity.MainActivity} origActivity=null realActivity=ComponentInfo{com.tencent.karaoketv/com.tencent.karaoketv.module.splash.ui.AppStartActivity} numActivities=2 lastActiveTime=18266537 supportsMultiWindow=true resizeMode=1 isResizeable=true minWidth=-1 minHeight=-1 defaultMinSize=220 token=WCT{RemoteToken{8b85491 Task{964402c #160 type=standard A=10104:com.tencent.karaoketv}}} topActivityType=1 pictureInPictureParams=null shouldDockBigOverlays=true launchIntoPipHostTaskId=-1 lastParentTaskIdBeforePip=-1 displayCutoutSafeInsets=null topActivityInfo=ActivityInfo{3dc305a com.tencent.karaoketv.app.activity.MainActivity} launchCookies=[] positionInParent=Point(0, 0) parentTaskId=-1 isFocused=true isVisible=true isVisibleRequested=true isSleeping=false topActivityInSizeCompat=false topActivityEligibleForLetterboxEducation= false isLetterboxDoubleTapEnabled= false topActivityEligibleForUserAspectRatioButton= false topActivityBoundsLetterboxed= false isFromLetterboxDoubleTap= false topActivityLetterboxVerticalPosition= -1 topActivityLetterboxHorizontalPosition= -1 topActivityLetterboxWidth=-1 topActivityLetterboxHeight=-1 isUserFullscreenOverrideEnabled=false isTopActivityTransparent=false locusId=null displayAreaFeatureId=1 cameraCompatControlState=hidden}, remoteTransition = null, displayChange = null, flags = 0 }
06-24 16:14:19.241 685 708 V WindowManager: startWCT=WindowContainerTransaction { changes = {} hops = [] errorCallbackToken=null taskFragmentOrganizer=null }
06-24 16:14:19.242 685 708 V WindowManager: info={id=499 t=OPEN f=0x0 trk=1 r=[0@Point(0, 0)] c=[{null m=OPEN f=FILLS_TASK leash=Surface(name=ActivityRecord{75f38f5 u0 com.tencent.karaoketv/.app.activity.MainActivity)/@0x7f2f77c sb=Rect(0, 0 - 0, 0) eb=Rect(0, 0 - 1920, 1080) d=-1->0 r=-1->0:-1},{null m=CLOSE f=FILLS_TASK leash=Surface(name=ActivityRecord{c1aeb28 u0 com.tencent.karaoketv/.module.splash.ui.AppStartActivity)/@0x91e1e6f sb=Rect(0, 0 - 1920, 1080) eb=Rect(0, 0 - 1920, 1080) d=0}]}
06-24 16:14:19.242 901 979 V WindowManagerShell: onTransitionReady android.os.BinderProxy@3867278: {id=499 t=OPEN f=0x0 trk=1 r=[0@Point(0, 0)] c=[{null m=OPEN f=FILLS_TASK leash=Surface(name=ActivityRecord{75f38f5 u0 com.tencent.karaoketv/.app.activity.MainActivity)/@0x5bb36b7 sb=Rect(0, 0 - 0, 0) eb=Rect(0, 0 - 1920, 1080) d=-1->0 r=-1->0:-1},{null m=CLOSE f=FILLS_TASK leash=Surface(name=ActivityRecord{c1aeb28 u0 com.tencent.karaoketv/.module.splash.ui.AppStartActivity)/@0x3ec3e24 sb=Rect(0, 0 - 1920, 1080) eb=Rect(0, 0 - 1920, 1080) d=0}]}
06-24 16:14:19.242 901 979 V WindowManagerShell: Playing animation for (#499)android.os.BinderProxy@3867278@1
06-24 16:14:19.242 901 979 V WindowManagerShell: try handler com.android.wm.shell.keyguard.KeyguardTransitionHandler@24e2028
06-24 16:14:19.242 901 979 V WindowManagerShell: try handler com.android.wm.shell.pip.tv.TvPipTransition@1141
06-24 16:14:19.242 901 979 V WindowManagerShell: try handler com.android.wm.shell.activityembedding.ActivityEmbeddingController@e8f56e6
06-24 16:14:19.242 901 979 V WindowManagerShell: try handler com.android.wm.shell.transition.RemoteTransitionHandler@b664427
06-24 16:14:19.242 901 979 V WindowManagerShell: Transition doesn't have explicit remote, search filters for match for {id=499 t=OPEN f=0x0 trk=1 r=[0@Point(0, 0)] c=[{null m=OPEN f=FILLS_TASK leash=Surface(name=ActivityRecord{75f38f5 u0 com.tencent.karaoketv/.app.activity.MainActivity)/@0x5bb36b7 sb=Rect(0, 0 - 0, 0) eb=Rect(0, 0 - 1920, 1080) d=-1->0 r=-1->0:-1},{null m=CLOSE f=FILLS_TASK leash=Surface(name=ActivityRecord{c1aeb28 u0 com.tencent.karaoketv/.module.splash.ui.AppStartActivity)/@0x3ec3e24 sb=Rect(0, 0 - 1920, 1080) eb=Rect(0, 0 - 1920, 1080) d=0}]}
06-24 16:14:19.242 901 979 V WindowManagerShell: Delegate animation for #499 to null
06-24 16:14:19.242 901 979 V WindowManagerShell: try handler com.android.wm.shell.transition.DefaultTransitionHandler@7916d4
06-24 16:14:19.242 901 979 V WindowManagerShell: start default transition animation, info = {id=499 t=OPEN f=0x0 trk=1 r=[0@Point(0, 0)] c=[{null m=OPEN f=FILLS_TASK leash=Surface(name=ActivityRecord{75f38f5 u0 com.tencent.karaoketv/.app.activity.MainActivity)/@0x5bb36b7 sb=Rect(0, 0 - 0, 0) eb=Rect(0, 0 - 1920, 1080) d=-1->0 r=-1->0:-1},{null m=CLOSE f=FILLS_TASK leash=Surface(name=ActivityRecord{c1aeb28 u0 com.tencent.karaoketv/.module.splash.ui.AppStartActivity)/@0x3ec3e24 sb=Rect(0, 0 - 1920, 1080) eb=Rect(0, 0 - 1920, 1080) d=0}]}
06-24 16:14:19.243 901 979 V WindowManagerShell: loadAnimation: anim=android.view.animation.AlphaAnimation@7eb3b42 animAttr=0x5 type=OPEN isEntrance=false
06-24 16:14:19.243 901 979 V WindowManagerShell: loadAnimation: anim=android.view.animation.AlphaAnimation@2428753 animAttr=0x4 type=OPEN isEntrance=true
06-24 16:14:19.245 901 979 V WindowManagerShell: animated by com.android.wm.shell.transition.DefaultTransitionHandler@7916d4
06-24 16:14:19.301 685 709 W ContextImpl: Calling a method in the system process without a qualified user: android.app.ContextImpl.startService:1899 com.android.server.wm.DisplayPolicy.lambda$focusChangedLw$5:2126 com.android.server.wm.DisplayPolicy.$r8$lambda$Znxk63oh-WzVnzo_WQefN7uxV48:0 com.android.server.wm.DisplayPolicy$$ExternalSyntheticLambda13.run:0 android.os.Handler.handleCallback:958
06-24 16:14:19.664 901 979 V WindowManagerShell: Transition animation finished (aborted=false), notifying core (#499)android.os.BinderProxy@3867278@1
06-24 16:14:19.666 685 708 V WindowManager: Finish Transition #499: created at
06-24 16:14:18.628 collect-started=0.047ms request-sent=9.08ms started=14.735ms ready=50.724ms sent=608.119ms finished=1037.442ms
06-24 16:14:19.669 901 979 V WindowManagerShell: Track 1 became idle
06-24 16:14:19.669 901 979 V WindowManagerShell: All active transition animations finished
06-24 16:14:19.735 685 1135 D CoreBackPreview: Window{9d9c397 u0 Toast}: Setting back callback null
06-24 16:14:19.747 685 2059 W NotificationService: Toast already killed. pkg=com.dangbei.zhushou token=android.os.BinderProxy@2c5952d
06-24 16:14:19.748 685 1390 E TaskPersister: File error accessing recents directory (directory doesn't exist?).
06-24 16:14:20.247 0 0 W [0 T10663 ..] audit: audit_lost=19200 audit_rate_limit=5 audit_backlog_limit=64
06-24 16:14:20.247 0 0 E [0 T10663 ..] audit: rate limit exceeded
06-24 16:14:20.266 685 711 W WindowManager: Unable to start animation, surface is null or no children.
06-24 16:14:20.343 685 1076 W ActivityManager: Unable to start service Intent { act=com.audiocn.karaoke.KaraokeService pkg=com.audiocn.karaoke.micmanager } U=0: not found
06-24 16:14:20.344 685 1135 W ActivityManager: Unable to start service Intent { act=com.audiocn.karaoke.KaraokeService pkg=com.audiocn.karaoke.micmanager } U=0: not found
06-24 16:14:20.345 685 1135 W ActivityManager: Unable to start service Intent { act=com.audiocn.karaoke.KaraokeService pkg=com.audiocn.karaoke.micmanager } U=0: not found
06-24 16:14:20.346 685 1135 W ActivityManager: Unable to start service Intent { act=com.audiocn.karaoke.KaraokeService pkg=com.audiocn.karaoke.micmanager } U=0: not found
06-24 16:14:20.372 685 1135 D CoreBackPreview: Window{d7fa99c u0 com.tencent.karaoketv/com.tencent.karaoketv.module.splash.ui.AppStartActivity}: Setting back callback null
06-24 16:14:20.390 685 1076 W ActivityManager: Unable to start service Intent { act=com.audiocn.karaoke.KaraokeService pkg=com.audiocn.karaoke.micmanager } U=0: not found
06-24 16:14:20.391 685 1076 W ActivityManager: Unable to start service Intent { act=com.audiocn.karaoke.KaraokeService pkg=com.audiocn.karaoke.micmanager } U=0: not found
06-24 16:14:20.392 685 1076 W ActivityManager: Unable to start service Intent { act=com.audiocn.karaoke.KaraokeService pkg=com.audiocn.karaoke.micmanager } U=0: not found
06-24 16:14:20.396 685 1135 W ActivityManager: Unable to start service Intent { act=com.audiocn.karaoke.KaraokeService pkg=com.audiocn.karaoke.micmanager } U=0: not found
06-24 16:14:20.404 685 1076 D CompatibilityChangeReporter: Compat change id reported: 214016041; UID 10104; state: DISABLED
06-24 16:14:20.406 685 1135 W ActivityManager: Unable to start service Intent { act=com.audiocn.karaoke.KaraokeService pkg=com.audiocn.karaoke.micmanager } U=0: not found
06-24 16:14:20.407 685 1135 W ActivityManager: Unable to start service Intent { act=com.audiocn.karaoke.KaraokeService pkg=com.audiocn.karaoke.micmanager } U=0: not found
06-24 16:14:20.408 685 1135 W ActivityManager: Unable to start service Intent { act=com.audiocn.karaoke.KaraokeService pkg=com.audiocn.karaoke.micmanager } U=0: not found
06-24 16:14:20.408 685 1135 W ActivityManager: Unable to start service Intent { act=com.audiocn.karaoke.KaraokeService pkg=com.audiocn.karaoke.micmanager } U=0: not found
06-24 16:14:20.739 685 2059 W ActivityManager: Unable to start service Intent { act=com.audiocn.karaoke.KaraokeService pkg=com.audiocn.karaoke.micmanager } U=0: not found
06-24 16:14:20.740 685 2059 W ActivityManager: Unable to start service Intent { act=com.audiocn.karaoke.KaraokeService pkg=com.audiocn.karaoke.micmanager } U=0: not found
06-24 16:14:20.741 685 2059 W ActivityManager: Unable to start service Intent { act=com.audiocn.karaoke.KaraokeService pkg=com.audiocn.karaoke.micmanager } U=0: not found
06-24 16:14:20.742 685 2059 W ActivityManager: Unable to start service Intent { act=com.audiocn.karaoke.KaraokeService pkg=com.audiocn.karaoke.micmanager } U=0: not found
06-24 16:14:21.345 685 2059 W ActivityManager: Unable to start service Intent { act=com.audiocn.karaoke.KaraokeService pkg=com.audiocn.karaoke.micmanager } U=0: not found
06-24 16:14:21.346 685 2059 W ActivityManager: Unable to start service Intent { act=com.audiocn.karaoke.KaraokeService pkg=com.audiocn.karaoke.micmanager } U=0: not found
06-24 16:14:21.351 685 2059 W ActivityManager: Unable to start service Intent { act=com.audiocn.karaoke.KaraokeService pkg=com.audiocn.karaoke.micmanager } U=0: not found
06-24 16:14:21.352 685 2059 W ActivityManager: Unable to start service Intent { act=com.audiocn.karaoke.KaraokeService pkg=com.audiocn.karaoke.micmanager } U=0: not found
06-24 16:14:21.402 685 2059 W ActivityManager: Unable to start service Intent { act=com.audiocn.karaoke.KaraokeService pkg=com.audiocn.karaoke.micmanager } U=0: not found
06-24 16:14:21.402 685 2059 W ActivityManager: Unable to start service Intent { act=com.audiocn.karaoke.KaraokeService pkg=com.audiocn.karaoke.micmanager } U=0: not found
06-24 16:14:21.408 685 2059 W ActivityManager: Unable to start service Intent { act=com.audiocn.karaoke.KaraokeService pkg=com.audiocn.karaoke.micmanager } U=0: not found
06-24 16:14:21.410 685 2059 W ActivityManager: Unable to start service Intent { act=com.audiocn.karaoke.KaraokeService pkg=com.audiocn.karaoke.micmanager } U=0: not found
06-24 16:14:21.410 685 1135 W ActivityManager: Unable to start service Intent { act=com.audiocn.karaoke.KaraokeService pkg=com.audiocn.karaoke.micmanager } U=0: not found
06-24 16:14:21.411 685 1076 W ActivityManager: Unable to start service Intent { act=com.audiocn.karaoke.KaraokeService pkg=com.audiocn.karaoke.micmanager } U=0: not found
06-24 16:14:21.412 685 751 W ActivityManager: Unable to start service Intent { act=com.audiocn.karaoke.KaraokeService pkg=com.audiocn.karaoke.micmanager } U=0: not found
06-24 16:14:21.413 685 18233 W ActivityManager: Unable to start service Intent { act=com.audiocn.karaoke.KaraokeService pkg=com.audiocn.karaoke.micmanager } U=0: not found
06-24 16:14:21.423 0 0 I [3 T216 ..] servicemanager: Notifying artd they don't (previously: do) have clients when we now have no record of a client
06-24 16:14:21.424 0 0 I [3 T216 ..] servicemanager: Unregistering artd
06-24 16:14:21.424 0 0 I [3 T216 ..] BpBinder: onLastStrongRef automatically unlinking death recipients:
06-24 16:14:21.744 685 1135 W ActivityManager: Unable to start service Intent { act=com.audiocn.karaoke.KaraokeService pkg=com.audiocn.karaoke.micmanager } U=0: not found
06-24 16:14:21.749 685 1135 W ActivityManager: Unable to start service Intent { act=com.audiocn.karaoke.KaraokeService pkg=com.audiocn.karaoke.micmanager } U=0: not found
06-24 16:14:21.753 685 2059 W ActivityManager: Unable to start service Intent { act=com.audiocn.karaoke.KaraokeService pkg=com.audiocn.karaoke.micmanager } U=0: not found
06-24 16:14:21.754 685 2059 W ActivityManager: Unable to start service Intent { act=com.audiocn.karaoke.KaraokeService pkg=com.audiocn.karaoke.micmanager } U=0: not found
06-24 16:14:21.847 685 1135 W ActivityManager: Unable to start service Intent { act=com.audiocn.karaoke.KaraokeService pkg=com.audiocn.karaoke.micmanager } U=0: not found
06-24 16:14:21.848 685 1135 W ActivityManager: Unable to start service Intent { act=com.audiocn.karaoke.KaraokeService pkg=com.audiocn.karaoke.micmanager } U=0: not found
06-24 16:14:22.549 685 2059 W ActivityManager: Unable to start service Intent { act=com.audiocn.karaoke.KaraokeService pkg=com.audiocn.karaoke.micmanager } U=0: not found
06-24 16:14:22.550 685 2059 W ActivityManager: Unable to start service Intent { act=com.audiocn.karaoke.KaraokeService pkg=com.audiocn.karaoke.micmanager } U=0: not found
06-24 16:14:22.628 0 0 W : [2 T1046 ..] [SP FRAME RX] arp req,vif_idx:0 sender:[b6:86:f8:35:d4:28 192.168.3.36]receiver:[00:00:00:00:00:00 192.168.3.75]
06-24 16:14:22.629 0 0 W : [2 T1046 ..] [SP FRAME TX] arp rsp,vif_idx:0 sender:[1c:79:2d:20:62:cb 192.168.3.75]receiver:[b6:86:f8:35:d4:28 192.168.3.36]
06-24 16:14:22.774 0 0 W : [2 T1046 ..] [SP FRAME RX] arp req,vif_idx:0 sender:[16:8e:6e:17:dc:41 192.168.3.176]receiver:[00:00:00:00:00:00 192.168.3.75]
06-24 16:14:22.775 0 0 W : [2 T1046 ..] [SP FRAME TX] arp rsp,vif_idx:0 sender:[1c:79:2d:20:62:cb 192.168.3.75]receiver:[16:8e:6e:17:dc:41 192.168.3.176]
06-24 16:14:22.794 0 0 W : [1 T879 .s] [SP FRAME TX] arp req,vif_idx:0 sender:[1c:79:2d:20:62:cb 192.168.3.75]receiver:[00:00:00:00:00:00 192.168.3.243]
06-24 16:14:22.795 0 0 W : [1 T879 .s] [SP FRAME TX] arp req,vif_idx:0 sender:[1c:79:2d:20:62:cb 192.168.3.75]receiver:[00:00:00:00:00:00 192.168.3.176]
06-24 16:14:22.797 0 0 W : [1 T879 .s] [SP FRAME TX] arp req,vif_idx:0 sender:[1c:79:2d:20:62:cb 192.168.3.75]receiver:[00:00:00:00:00:00 192.168.3.36]
06-24 16:14:22.833 0 0 W : [2 T1046 ..] [SP FRAME RX] arp rsp,vif_idx:0 sender:[16:8e:6e:17:dc:41 192.168.3.176]receiver:[1c:79:2d:20:62:cb 192.168.3.75]
06-24 16:14:22.884 0 0 W : [2 T1046 ..] [SP FRAME RX] arp rsp,vif_idx:0 sender:[b6:86:f8:35:d4:28 192.168.3.36]receiver:[1c:79:2d:20:62:cb 192.168.3.75]
06-24 16:14:23.298 685 1135 W ActivityManager: Unable to start service Intent { act=com.audiocn.karaoke.KaraokeService pkg=com.audiocn.karaoke.micmanager } U=0: not found
06-24 16:14:23.299 685 1135 W ActivityManager: Unable to start service Intent { act=com.audiocn.karaoke.KaraokeService pkg=com.audiocn.karaoke.micmanager } U=0: not found
06-24 16:14:23.389 685 1390 E TaskPersister: File error accessing recents directory (directory doesn't exist?).
06-24 16:14:23.415 685 1135 W ActivityManager: Unable to start service Intent { act=com.audiocn.karaoke.KaraokeService pkg=com.audiocn.karaoke.micmanager } U=0: not found
06-24 16:14:23.417 685 1135 W ActivityManager: Unable to start service Intent { act=com.audiocn.karaoke.KaraokeService pkg=com.audiocn.karaoke.micmanager } U=0: not found
06-24 16:14:23.818 0 0 W : [1 T0 .s] [SP FRAME TX] arp req,vif_idx:0 sender:[1c:79:2d:20:62:cb 192.168.3.75]receiver:[00:00:00:00:00:00 192.168.3.243]
06-24 16:14:23.913 685 1135 W ActivityManager: Unable to start service Intent { act=com.audiocn.karaoke.KaraokeService pkg=com.audiocn.karaoke.micmanager } U=0: not found
06-24 16:14:23.913 685 2059 W ActivityManager: Unable to start service Intent { act=com.audiocn.karaoke.KaraokeService pkg=com.audiocn.karaoke.micmanager } U=0: not found
06-24 16:14:24.415 685 1135 W ActivityManager: Unable to start service Intent { act=com.audiocn.karaoke.KaraokeService pkg=com.audiocn.karaoke.micmanager } U=0: not found
06-24 16:14:24.416 685 2059 W ActivityManager: Unable to start service Intent { act=com.audiocn.karaoke.KaraokeService pkg=com.audiocn.karaoke.micmanager } U=0: not found
06-24 16:14:24.751 0 0 W : [1 T1046 ..] [SP FRAME RX] DHCP[0 1], vif_idx:0
06-24 16:14:24.846 0 0 W : [1 T0 .s] [SP FRAME TX] arp req,vif_idx:0 sender:[1c:79:2d:20:62:cb 192.168.3.75]receiver:[00:00:00:00:00:00 192.168.3.243]
06-24 16:14:25.253 685 1135 W ActivityManager: Unable to start service Intent { act=com.audiocn.karaoke.KaraokeService pkg=com.audiocn.karaoke.micmanager } U=0: not found
06-24 16:14:25.254 685 1135 W ActivityManager: Unable to start service Intent { act=com.audiocn.karaoke.KaraokeService pkg=com.audiocn.karaoke.micmanager } U=0: not found
06-24 16:14:25.756 685 1135 W ActivityManager: Unable to start service Intent { act=com.audiocn.karaoke.KaraokeService pkg=com.audiocn.karaoke.micmanager } U=0: not found
06-24 16:14:25.756 685 1135 W ActivityManager: Unable to start service Intent { act=com.audiocn.karaoke.KaraokeService pkg=com.audiocn.karaoke.micmanager } U=0: not found
06-24 16:14:25.782 0 0 W : [1 T1046 ..] [SP FRAME RX] DHCP[0 1], vif_idx:0
06-24 16:14:25.866 0 0 W : [1 T0 .s] [SP FRAME TX] arp req,vif_idx:0 sender:[1c:79:2d:20:62:cb 192.168.3.75]receiver:[00:00:00:00:00:00 192.168.3.243]
06-24 16:14:26.357 0 0 I [0 T2406 ..] logd: start watching /data/system/packages.list ...
06-24 16:14:26.360 0 0 I [0 T2406 ..] logd: ReadPackageList, total packages: 109
06-24 16:14:26.351 685 1135 W ActivityManager: Unable to start service Intent { act=com.audiocn.karaoke.KaraokeService pkg=com.audiocn.karaoke.micmanager } U=0: not found
06-24 16:14:26.351 685 2059 W ActivityManager: Unable to start service Intent { act=com.audiocn.karaoke.KaraokeService pkg=com.audiocn.karaoke.micmanager } U=0: not found
06-24 16:14:26.434 685 780 D ActivityManager: freezing 4273 com.android.providers.tv
06-24 16:14:26.647 272 7144 I keystore2: system/security/keystore2/src/watchdog.rs:319 - Watchdog thread idle -> terminating. Have a great day.
06-24 16:14:26.789 685 780 D ActivityManager: freezing 30169 com.qq.cleaning
06-24 16:14:26.890 0 0 W : [1 T0 .s] [SP FRAME TX] arp req,vif_idx:0 sender:[1c:79:2d:20:62:cb 192.168.3.75]receiver:[00:00:00:00:00:00 192.168.3.243]
06-24 16:14:27.553 685 2059 W ActivityManager: Unable to start service Intent { act=com.audiocn.karaoke.KaraokeService pkg=com.audiocn.karaoke.micmanager } U=0: not found
06-24 16:14:27.553 685 1135 W ActivityManager: Unable to start service Intent { act=com.audiocn.karaoke.KaraokeService pkg=com.audiocn.karaoke.micmanager } U=0: not found
06-24 16:14:27.821 0 0 W : [1 T1046 ..] [SP FRAME RX] DHCP[0 1], vif_idx:0
06-24 16:14:27.914 0 0 W : [1 T7456 .s] [SP FRAME TX] arp req,vif_idx:0 sender:[1c:79:2d:20:62:cb 192.168.3.75]receiver:[00:00:00:00:00:00 192.168.3.243]
06-24 16:14:28.802 685 2059 W ActivityManager: Unable to start service Intent { act=com.audiocn.karaoke.KaraokeService pkg=com.audiocn.karaoke.micmanager } U=0: not found
06-24 16:14:28.802 685 2059 W ActivityManager: Unable to start service Intent { act=com.audiocn.karaoke.KaraokeService pkg=com.audiocn.karaoke.micmanager } U=0: not found
06-24 16:14:28.938 0 0 W : [1 T7456 .s] [SP FRAME TX] arp req,vif_idx:0 sender:[1c:79:2d:20:62:cb 192.168.3.75]receiver:[00:00:00:00:00:00 192.168.3.243]
06-24 16:14:29.420 685 2059 W ActivityManager: Unable to start service Intent { act=com.audiocn.karaoke.KaraokeService pkg=com.audiocn.karaoke.micmanager } U=0: not found
06-24 16:14:29.421 685 1135 W ActivityManager: Unable to start service Intent { act=com.audiocn.karaoke.KaraokeService pkg=com.audiocn.karaoke.micmanager } U=0: not found
06-24 16:14:29.962 0 0 W : [1 T7456 .s] [SP FRAME TX] arp req,vif_idx:0 sender:[1c:79:2d:20:62:cb 192.168.3.75]receiver:[00:00:00:00:00:00 192.168.3.243]
06-24 16:14:30.251 0 0 W [2 T24735 ..] audit: audit_lost=19206 audit_rate_limit=5 audit_backlog_limit=64
06-24 16:14:30.254 0 0 E [2 T24735 ..] audit: rate limit exceeded
06-24 16:14:30.414 685 2059 W ActivityManager: Unable to start service Intent { act=com.audiocn.karaoke.KaraokeService pkg=com.audiocn.karaoke.micmanager } U=0: not found
06-24 16:14:30.415 685 2059 W ActivityManager: Unable to start service Intent { act=com.audiocn.karaoke.KaraokeService pkg=com.audiocn.karaoke.micmanager } U=0: not found
06-24 16:14:30.986 0 0 W : [1 T7456 .s] [SP FRAME TX] arp req,vif_idx:0 sender:[1c:79:2d:20:62:cb 192.168.3.75]receiver:[00:00:00:00:00:00 192.168.3.243]
06-24 16:14:31.416 685 1076 W ActivityManager: Unable to start service Intent { act=com.audiocn.karaoke.KaraokeService pkg=com.audiocn.karaoke.micmanager } U=0: not found
06-24 16:14:31.417 685 1076 W ActivityManager: Unable to start service Intent { act=com.audiocn.karaoke.KaraokeService pkg=com.audiocn.karaoke.micmanager } U=0: not found
06-24 16:14:31.816 0 0 W : [1 T1046 ..] [SP FRAME RX] DHCP[0 1], vif_idx:0
06-24 16:14:31.966 685 781 W ProcessStats: Tracking association SourceState{2ed2a5c system/1000 ImpFg #10447} whose proc state 5 is better than process ProcessState{9231bd0 com.android.permissioncontroller/10074 pkg=com.android.permissioncontroller} proc state 15 (9 skipped)
06-24 16:14:32.010 0 0 W : [1 T7456 .s] [SP FRAME TX] arp req,vif_idx:0 sender:[1c:79:2d:20:62:cb 192.168.3.75]receiver:[00:00:00:00:00:00 192.168.3.243]
06-24 16:14:32.756 685 1076 W ActivityManager: Unable to start service Intent { act=com.audiocn.karaoke.KaraokeService pkg=com.audiocn.karaoke.micmanager } U=0: not found
06-24 16:14:32.758 685 1076 W ActivityManager: Unable to start service Intent { act=com.audiocn.karaoke.KaraokeService pkg=com.audiocn.karaoke.micmanager } U=0: not found
06-24 16:14:33.034 0 0 W : [1 T0 .s] [SP FRAME TX] arp req,vif_idx:0 sender:[1c:79:2d:20:62:cb 192.168.3.75]receiver:[00:00:00:00:00:00 192.168.3.243]
06-24 16:14:33.333 0 0 W : [2 T1041 ..] fmac ASSERT (***** assert_rec *****: ) at ip/lmac/src/hal/hal_machw.c:752
06-24 16:14:33.334 0 0 W : [2 T1041 ..] >>> aml_rx_dbg_error_ind()
06-24 16:14:33.334 0 0 E : [2 T1041 ..] aml_sdio mmc1:0000:7: (type 0): dump received
06-24 16:14:33.335 0 0 E : [2 T30642 ..] aml_sdio mmc1:0000:7: Failed to call /usr/bin/aml_umh.sh (/usr/bin/aml_umh.sh returned -524)
06-24 16:14:33.553 685 1076 D CompatibilityChangeReporter: Compat change id reported: 161145287; UID 10104; state: DISABLED
06-24 16:14:33.766 685 1076 W ActivityManager: Unable to start service Intent { act=com.audiocn.karaoke.KaraokeService pkg=com.audiocn.karaoke.micmanager } U=0: not found
06-24 16:14:33.768 685 1076 W ActivityManager: Unable to start service Intent { act=com.audiocn.karaoke.KaraokeService pkg=com.audiocn.karaoke.micmanager } U=0: not found
06-24 16:14:34.058 0 0 W : [1 T8116 .s] [SP FRAME TX] arp req,vif_idx:0 sender:[1c:79:2d:20:62:cb 192.168.3.75]receiver:[00:00:00:00:00:00 192.168.3.243]
06-24 16:14:34.620 685 1076 D MediaMetricsManagerService: failed to get player_metrics_app_blocklist from DeviceConfig
06-24 16:14:34.620 685 1076 V MediaMetricsManagerService: Logging level blocked: Failed to get PLAYER_METRICS_APP_BLOCKLIST.
06-24 16:14:34.628 685 2059 D MediaMetricsManagerService: failed to get player_metrics_app_blocklist from DeviceConfig
06-24 16:14:34.628 685 2059 V MediaMetricsManagerService: Logging level blocked: Failed to get PLAYER_METRICS_APP_BLOCKLIST.
06-24 16:14:34.857 685 2059 W ActivityManager: Unable to start service Intent { act=com.audiocn.karaoke.KaraokeService pkg=com.audiocn.karaoke.micmanager } U=0: not found
06-24 16:14:34.859 685 18233 W ActivityManager: Unable to start service Intent { act=com.audiocn.karaoke.KaraokeService pkg=com.audiocn.karaoke.micmanager } U=0: not found
06-24 16:14:34.950 685 18233 D MediaMetricsManagerService: failed to get player_metrics_app_blocklist from DeviceConfig
06-24 16:14:34.950 685 18233 V MediaMetricsManagerService: Logging level blocked: Failed to get PLAYER_METRICS_APP_BLOCKLIST.
06-24 16:14:35.030 0 0 E : [2 T8184 ..] mediaproxy produce init [aml-vcodec-dec]
06-24 16:14:35.030 0 0 I : [2 T8184 ..] Mediaproxy is opened name[aml-vcodec-dec]\n
06-24 16:14:35.030 0 0 I : [2 T8184 ..] Mediaproxy is opened name[aml-vcodec-dec] end\n
06-24 16:14:35.031 0 0 E : [2 T8184 ..] mediaproxy produce start connect
06-24 16:14:35.032 0 0 I : [2 T8184 ..] find p kfifo size:[32][2]
06-24 16:14:35.033 0 0 I : [2 T8184 ..] mediaproxy_get_fifo get idx[2]
06-24 16:14:35.034 0 0 I : [2 T8184 ..] Session producer-2 is connected fifo idx [2]
06-24 16:14:35.035 0 0 E : [2 T8184 ..] mediaproxy produce connect [2]
06-24 16:14:35.035 0 0 I : [2 T8184 ..] mediaproxy produce msg type :0x40 module_name:aml-vcodec-dec
06-24 16:14:35.038 0 0 I : [0 T8184 ..] deinit session
06-24 16:14:35.038 0 0 I : [0 T8184 ..] deinit session producer-2
06-24 16:14:35.038 0 0 I : [0 T8184 ..] deinit has_unusing_fifo [1]
06-24 16:14:35.039 0 0 I : [3 T98 ..] p_fifo[2] name[aml-vcodec-dec] state[0] to MP_FIFO_UNUSED
06-24 16:14:35.039 0 0 E : [0 T8184 ..] mediaproxy produce init [aml-vcodec-dec]
06-24 16:14:35.040 0 0 I : [0 T8184 ..] Mediaproxy is opened name[aml-vcodec-dec]\n
06-24 16:14:35.040 0 0 I : [0 T8184 ..] Mediaproxy is opened name[aml-vcodec-dec] end\n
06-24 16:14:35.041 0 0 E : [0 T8184 ..] mediaproxy produce start connect
06-24 16:14:35.043 0 0 I : [0 T8184 ..] find p kfifo size:[32][2]
06-24 16:14:35.043 0 0 I : [0 T8184 ..] mediaproxy_get_fifo get idx[2]
06-24 16:14:35.044 0 0 I : [0 T8184 ..] Session producer-2 is connected fifo idx [2]
06-24 16:14:35.045 0 0 E : [0 T8184 ..] mediaproxy produce connect [2]
06-24 16:14:35.045 0 0 I : [0 T8184 ..] mediaproxy produce msg type :0x40 module_name:aml-vcodec-dec
06-24 16:14:35.050 0 0 I : [3 T8184 ..] deinit session
06-24 16:14:35.050 0 0 I : [3 T8184 ..] deinit session producer-2
06-24 16:14:35.051 0 0 I : [3 T8184 ..] deinit has_unusing_fifo [1]
06-24 16:14:35.052 0 0 I : [2 T98 ..] p_fifo[2] name[aml-vcodec-dec] state[0] to MP_FIFO_UNUSED
06-24 16:14:35.056 0 0 I : [3 T8184 ..] codec mem info:
06-24 16:14:35.056 0 0 I : [3 T8184 ..] total codec mem size:364 MB
06-24 16:14:35.056 0 0 I : [3 T8184 ..] alloced size= 0 MB
06-24 16:14:35.057 0 0 I : [3 T8184 ..] max alloced: 119 MB
06-24 16:14:35.057 0 0 I [3 T8184 ..] CMA: 0,RES:0,TVP:0,SYS:0,COHER:0,VMAPED:0 MB
06-24 16:14:35.059 0 0 I [3 T8184 ..] RES_EXT: 0 MB
06-24 16:14:35.059 0 0 I : [3 T8184 ..] [4]CMA size:364 MB:alloced: 0 MB,free:364 MB
06-24 16:14:35.060 0 0 I : [3 T8184 ..] codec mem info:
06-24 16:14:35.060 0 0 I : [3 T8184 ..] total codec mem size:364 MB
06-24 16:14:35.061 0 0 I : [3 T8184 ..] alloced size= 0 MB
06-24 16:14:35.062 0 0 I : [3 T8184 ..] max alloced: 119 MB
06-24 16:14:35.062 0 0 I [3 T8184 ..] CMA: 0,RES:0,TVP:0,SYS:0,COHER:0,VMAPED:0 MB
06-24 16:14:35.065 0 0 I [3 T8184 ..] RES_EXT: 0 MB
06-24 16:14:35.065 0 0 I : [3 T8184 ..] [4]CMA size:364 MB:alloced: 0 MB,free:364 MB
06-24 16:14:35.067 0 0 E : [2 T8191 ..] mediaproxy produce init [aml-vcodec-dec]
06-24 16:14:35.067 0 0 I : [2 T8191 ..] Mediaproxy is opened name[aml-vcodec-dec]\n
06-24 16:14:35.067 0 0 I : [2 T8191 ..] Mediaproxy is opened name[aml-vcodec-dec] end\n
06-24 16:14:35.068 0 0 E : [2 T8191 ..] mediaproxy produce start connect
06-24 16:14:35.069 0 0 I : [2 T8191 ..] find p kfifo size:[32][2]
06-24 16:14:35.070 0 0 I : [2 T8191 ..] mediaproxy_get_fifo get idx[2]
06-24 16:14:35.070 0 0 I : [2 T8191 ..] Session producer-2 is connected fifo idx [2]
06-24 16:14:35.071 0 0 E : [2 T8191 ..] mediaproxy produce connect [2]
06-24 16:14:35.072 0 0 I : [2 T8191 ..] mediaproxy produce msg type :0x40 module_name:aml-vcodec-dec
06-24 16:14:35.082 0 0 W : [3 T0 .s] [SP FRAME TX] arp req,vif_idx:0 sender:[1c:79:2d:20:62:cb 192.168.3.75]receiver:[00:00:00:00:00:00 192.168.3.254]
06-24 16:14:35.083 0 0 W : [3 T0 .s] [SP FRAME TX] arp req,vif_idx:0 sender:[1c:79:2d:20:62:cb 192.168.3.75]receiver:[00:00:00:00:00:00 192.168.3.243]
06-24 16:14:35.092 0 0 I : [0 T8191 ..] deinit session
06-24 16:14:35.092 0 0 I : [0 T8191 ..] deinit session producer-2
06-24 16:14:35.092 0 0 I : [0 T8191 ..] deinit has_unusing_fifo [1]
06-24 16:14:35.093 0 0 I : [1 T98 ..] p_fifo[2] name[aml-vcodec-dec] state[0] to MP_FIFO_UNUSED
06-24 16:14:35.093 0 0 E : [0 T8191 ..] mediaproxy produce init [aml-vcodec-dec]
06-24 16:14:35.094 0 0 I : [0 T8191 ..] Mediaproxy is opened name[aml-vcodec-dec]\n
06-24 16:14:35.094 0 0 I : [0 T8191 ..] Mediaproxy is opened name[aml-vcodec-dec] end\n
06-24 16:14:35.095 0 0 E : [0 T8191 ..] mediaproxy produce start connect
06-24 16:14:35.097 0 0 I : [0 T8191 ..] find p kfifo size:[32][2]
06-24 16:14:35.097 0 0 I : [0 T8191 ..] mediaproxy_get_fifo get idx[2]
06-24 16:14:35.098 0 0 I : [0 T8191 ..] Session producer-2 is connected fifo idx [2]
06-24 16:14:35.099 0 0 E : [0 T8191 ..] mediaproxy produce connect [2]
06-24 16:14:35.099 0 0 I : [0 T8191 ..] mediaproxy produce msg type :0x40 module_name:aml-vcodec-dec
06-24 16:14:35.102 0 0 I [2 T8191 ..] [amlv4l]: [529]: DW:10, TW:0, Margin:6
06-24 16:14:35.103 0 0 D [3 T8196 ..] [amlcom]: vdec_create instance 000000008b6a678f, total 1, PM: power-domain
06-24 16:14:35.103 0 0 D [3 T8196 ..] [media_clock]: vdec mux clock is 799999988 Hz
06-24 16:14:35.103 0 0 I [3 T8196 ..] [amlcom]: dos_local_config end, id 0, is_on 1
06-24 16:14:35.104 0 0 I [3 T8196 ..] [amlcom]: vdec_init, dev_name:ammvdec_h264_v4l, vdec_type=VDEC_TYPE_FRAME_BLOCK, format: 2, total: 1
06-24 16:14:35.106 0 0 D [3 T8196 ..] [h264]: 0: pdata->config=parm_v4l_codec_enable:1;mh264_double_write_mode:16;parm_v4l_buffer_margin:6;parm_v4l_canvas_mem_mode:0;parm_v4l_canvas_mem_endian:0;parm_v4l_low_latency_mode:0;parm_v4l_metadata_config_flag:1050626;parm_v4l_duration:0;parm_v4l_error_handle_info:0;
06-24 16:14:35.106 0 0 D [3 T8196 ..] [h264]: 0: ammvdec_h264_probe error_proc_policy 0x813fcff7 mb_count_threshold 0
06-24 16:14:35.106 0 0 D [3 T8196 ..] [h264]: ammvdec_h264_bmmu_init tvp = 0x0
06-24 16:14:35.116 0 0 D [1 T8196 ..] [media_clock]: vdec mux clock is 799999988 Hz
06-24 16:14:35.117 0 0 D [1 T8196 ..] [h264]: vh264_init, phy_addr=cee29000 vaddr=000000007638cdfc
06-24 16:14:35.118 0 0 I [1 T8184 ..] [amlv4l]: [529]: set vf duration: f00
06-24 16:14:35.167 0 0 D [2 T12970 ..] [h264]: 0: vmh264_get_ps_info mmu_enable 0 double_write_mode 0x10
06-24 16:14:35.167 0 0 I [2 T12970 ..] [amlv4l]: [529]: Parse from ucode, visible(1280 x 720), coded(1280 x 768), scan:P, bitdepth(0), dw(10)
06-24 16:14:35.167 0 0 I [1 T8196 ..] [amlv4l]: [529]: Picture buffer count: dec:7, vpp:0, ge2d:0, margin:6, total:13
06-24 16:14:35.171 0 0 D [1 T8196 ..] [amlv4l]: [529]: Post event: res chg
06-24 16:14:35.175 0 0 W : [1 T1046 ..] [SP FRAME RX] arp rsp,vif_idx:0 sender:[12:3c:2c:e1:84:9f 192.168.3.254]receiver:[1c:79:2d:20:62:cb 192.168.3.75]
06-24 16:14:35.193 0 0 D [2 T12970 ..] [h264]: 0: restriction_flag=0, max_dec_frame_buffering=6, dec_dpb_size=7 num_reorder_frames 3 used_reorder_dpb_size_margin 6
06-24 16:14:35.208 0 0 D [0 T239 ..] [h264]: 0: decoder duration change old: 0 new: 1920
06-24 16:14:35.282 0 0 W [2 T8155 ..] audit: audit_lost=19213 audit_rate_limit=5 audit_backlog_limit=64
06-24 16:14:35.283 0 0 E [2 T8155 ..] audit: rate limit exceeded
06-24 16:14:35.324 0 0 I : [1 T360 ..] di_process_open iminor(inode) =0
06-24 16:14:35.324 0 0 I [1 T360 ..] dim: reg:use[1]ms
06-24 16:14:35.324 0 0 I [1 T360 ..] dim: ins:create:ch[2],tmode[3]
06-24 16:14:35.325 0 0 I [1 T360 ..] dim: out:0x80000000
06-24 16:14:35.335 0 0 E [1 T360 ..] dp: [0]no hdr10+ data.
06-24 16:14:35.335 0 0 E [1 T360 ..] dp: [0]no meta_data.
06-24 16:14:35.335 0 0 E [1 T360 ..] dp: [0]invalid ud param.
06-24 16:14:35.336 0 0 I [1 T360 ..] VID: VD1 off
06-24 16:14:35.336 0 0 I [2 T108 ..] dim: value reg:ch[2]:fix_buf:0;ponly <0,0> post_nub=5
06-24 16:14:35.336 0 0 I [1 T360 ..] vc: [0]vc: set enable index=0, val=1
06-24 16:14:35.337 0 0 I [2 T108 ..] dim: di_cnt_i_buf1:tvp:0
06-24 16:14:35.338 0 0 I [1 T360 ..] VID: VD1 off
06-24 16:14:35.338 0 0 I [1 T360 ..] VID: VD1 set global output as 1
06-24 16:14:35.338 0 0 I [2 T108 ..] dim: di_reg_setting:ch[2]:for first ch reg:
06-24 16:14:35.339 0 0 I [1 T360 ..] VID: store VD0 path_id changed -1->2
06-24 16:14:35.340 0 0 I [2 T108 ..] dim: ch[2]:reg:mem cfg[0][0][0]
06-24 16:14:35.340 0 0 I [1 T360 ..] vc: [0]sideband_type =-1
06-24 16:14:35.341 0 0 I [2 T108 ..] dim: ch[2]:bypass change:i:0->1:0x60
06-24 16:14:35.359 685 18233 D MediaMetricsManagerService: failed to get player_metrics_app_blocklist from DeviceConfig
06-24 16:14:35.359 685 18233 V MediaMetricsManagerService: Logging level blocked: Failed to get PLAYER_METRICS_APP_BLOCKLIST.
06-24 16:14:35.394 685 2059 D MediaMetricsManagerService: failed to get player_metrics_app_blocklist from DeviceConfig
06-24 16:14:35.395 685 2059 V MediaMetricsManagerService: Logging level blocked: Failed to get PLAYER_METRICS_APP_BLOCKLIST.
06-24 16:14:35.473 685 1135 D MediaMetricsManagerService: failed to get player_metrics_app_blocklist from DeviceConfig
06-24 16:14:35.473 685 1135 V MediaMetricsManagerService: Logging level blocked: Failed to get PLAYER_METRICS_APP_BLOCKLIST.
06-24 16:14:36.106 0 0 W : [1 T7218 .s] [SP FRAME TX] arp req,vif_idx:0 sender:[1c:79:2d:20:62:cb 192.168.3.75]receiver:[00:00:00:00:00:00 192.168.3.243]
06-24 16:14:36.497 0 0 W [2 T27683 ..] audit: audit_lost=19219 audit_rate_limit=5 audit_backlog_limit=64
06-24 16:14:36.497 0 0 E [2 T27683 ..] audit: rate limit exceeded
06-24 16:14:36.562 685 1135 W ActivityManager: Unable to start service Intent { act=com.audiocn.karaoke.KaraokeService pkg=com.audiocn.karaoke.micmanager } U=0: not found
06-24 16:14:36.563 685 1135 W ActivityManager: Unable to start service Intent { act=com.audiocn.karaoke.KaraokeService pkg=com.audiocn.karaoke.micmanager } U=0: not found
06-24 16:14:37.130 0 0 W : [1 T7456 .s] [SP FRAME TX] arp req,vif_idx:0 sender:[1c:79:2d:20:62:cb 192.168.3.75]receiver:[00:00:00:00:00:00 192.168.3.243]
06-24 16:14:38.154 0 0 W : [1 T11002 .s] [SP FRAME TX] arp req,vif_idx:0 sender:[1c:79:2d:20:62:cb 192.168.3.75]receiver:[00:00:00:00:00:00 192.168.3.243]
06-24 16:14:38.181 0 0 W : [1 T1046 ..] [SP FRAME RX] arp rsp,vif_idx:0 sender:[ea:f3:28:46:91:6b 192.168.3.243]receiver:[1c:79:2d:20:62:cb 192.168.3.75]
06-24 16:14:38.313 685 1135 W ActivityManager: Unable to start service Intent { act=com.audiocn.karaoke.KaraokeService pkg=com.audiocn.karaoke.micmanager } U=0: not found
06-24 16:14:38.314 685 2059 W ActivityManager: Unable to start service Intent { act=com.audiocn.karaoke.KaraokeService pkg=com.audiocn.karaoke.micmanager } U=0: not found
06-24 16:14:38.982 0 0 W : [1 T1046 ..] [SP FRAME RX] DHCP[0 1], vif_idx:0
06-24 16:14:39.000 685 791 D WindowManager: handleVolumeKeyInArc KeyEvent { action=ACTION_DOWN, keyCode=KEYCODE_VOLUME_DOWN, scanCode=114, metaState=0, flags=0x8, repeatCount=0, eventTime=18286751910000, downTime=18286751910000, deviceId=10, source=0x301, displayId=-1 }
06-24 16:14:39.000 685 791 D WindowManager: dispatchDirectAudioEvent KeyEvent { action=ACTION_DOWN, keyCode=KEYCODE_VOLUME_DOWN, scanCode=114, metaState=0, flags=0x8, repeatCount=0, eventTime=18286751910000, downTime=18286751910000, deviceId=10, source=0x301, displayId=-1 }
06-24 16:14:39.035 685 791 D WindowManager: handleVolumeKeyInArc KeyEvent { action=ACTION_UP, keyCode=KEYCODE_VOLUME_DOWN, scanCode=114, metaState=0, flags=0x8, repeatCount=0, eventTime=18286908560000, downTime=18286751910000, deviceId=10, source=0x301, displayId=-1 }
06-24 16:14:39.035 685 791 D WindowManager: dispatchDirectAudioEvent KeyEvent { action=ACTION_UP, keyCode=KEYCODE_VOLUME_DOWN, scanCode=114, metaState=0, flags=0x8, repeatCount=0, eventTime=18286908560000, downTime=18286751910000, deviceId=10, source=0x301, displayId=-1 }
06-24 16:14:39.087 685 1135 W WindowManager: [addWindow] title:VolumeDialogImpl
06-24 16:14:39.102 685 1076 D CoreBackPreview: Window{7665ff5 u0 VolumeDialogImpl}: Setting back callback OnBackInvokedCallbackInfo{mCallback=android.window.IOnBackInvokedCallback$Stub$Proxy@59cd3fb, mPriority=0, mIsAnimationCallback=false}
06-24 16:14:39.432 685 1076 W ActivityManager: Unable to start service Intent { act=com.audiocn.karaoke.KaraokeService pkg=com.audiocn.karaoke.micmanager } U=0: not found
06-24 16:14:39.436 685 1135 W ActivityManager: Unable to start service Intent { act=com.audiocn.karaoke.KaraokeService pkg=com.audiocn.karaoke.micmanager } U=0: not found
06-24 16:14:40.006 0 0 W : [3 T1046 ..] [SP FRAME RX] DHCP[0 1], vif_idx:0
06-24 16:14:40.002 685 791 D WindowManager: handleVolumeKeyInArc KeyEvent { action=ACTION_DOWN, keyCode=KEYCODE_VOLUME_DOWN, scanCode=114, metaState=0, flags=0x8, repeatCount=0, eventTime=18287752104000, downTime=18287752104000, deviceId=10, source=0x301, displayId=-1 }
06-24 16:14:40.002 685 791 D WindowManager: dispatchDirectAudioEvent KeyEvent { action=ACTION_DOWN, keyCode=KEYCODE_VOLUME_DOWN, scanCode=114, metaState=0, flags=0x8, repeatCount=0, eventTime=18287752104000, downTime=18287752104000, deviceId=10, source=0x301, displayId=-1 }
06-24 16:14:40.027 685 791 D WindowManager: handleVolumeKeyInArc KeyEvent { action=ACTION_UP, keyCode=KEYCODE_VOLUME_DOWN, scanCode=114, metaState=0, flags=0x8, repeatCount=0, eventTime=18287904465000, downTime=18287752104000, deviceId=10, source=0x301, displayId=-1 }
06-24 16:14:40.027 685 791 D WindowManager: dispatchDirectAudioEvent KeyEvent { action=ACTION_UP, keyCode=KEYCODE_VOLUME_DOWN, scanCode=114, metaState=0, flags=0x8, repeatCount=0, eventTime=18287904465000, downTime=18287752104000, deviceId=10, source=0x301, displayId=-1 }
06-24 16:14:40.200 685 791 D WindowManager: handleVolumeKeyInArc KeyEvent { action=ACTION_DOWN, keyCode=KEYCODE_VOLUME_DOWN, scanCode=114, metaState=0, flags=0x8, repeatCount=0, eventTime=18287988441000, downTime=18287988441000, deviceId=10, source=0x301, displayId=-1 }
06-24 16:14:40.200 685 791 D WindowManager: dispatchDirectAudioEvent KeyEvent { action=ACTION_DOWN, keyCode=KEYCODE_VOLUME_DOWN, scanCode=114, metaState=0, flags=0x8, repeatCount=0, eventTime=18287988441000, downTime=18287988441000, deviceId=10, source=0x301, displayId=-1 }
06-24 16:14:40.212 0 0 W [3 T23126 ..] audit: audit_lost=19223 audit_rate_limit=5 audit_backlog_limit=64
06-24 16:14:40.212 0 0 E [3 T23126 ..] audit: rate limit exceeded
06-24 16:14:40.227 685 791 D WindowManager: handleVolumeKeyInArc KeyEvent { action=ACTION_UP, keyCode=KEYCODE_VOLUME_DOWN, scanCode=114, metaState=0, flags=0x8, repeatCount=0, eventTime=18288101201000, downTime=18287988441000, deviceId=10, source=0x301, displayId=-1 }
06-24 16:14:40.227 685 791 D WindowManager: dispatchDirectAudioEvent KeyEvent { action=ACTION_UP, keyCode=KEYCODE_VOLUME_DOWN, scanCode=114, metaState=0, flags=0x8, repeatCount=0, eventTime=18288101201000, downTime=18287988441000, deviceId=10, source=0x301, displayId=-1 }
06-24 16:14:40.380 685 791 D WindowManager: handleVolumeKeyInArc KeyEvent { action=ACTION_DOWN, keyCode=KEYCODE_VOLUME_DOWN, scanCode=114, metaState=0, flags=0x8, repeatCount=0, eventTime=18288191236000, downTime=18288191236000, deviceId=10, source=0x301, displayId=-1 }
06-24 16:14:40.380 685 791 D WindowManager: dispatchDirectAudioEvent KeyEvent { action=ACTION_DOWN, keyCode=KEYCODE_VOLUME_DOWN, scanCode=114, metaState=0, flags=0x8, repeatCount=0, eventTime=18288191236000, downTime=18288191236000, deviceId=10, source=0x301, displayId=-1 }
06-24 16:14:40.404 685 791 D WindowManager: handleVolumeKeyInArc KeyEvent { action=ACTION_UP, keyCode=KEYCODE_VOLUME_DOWN, scanCode=114, metaState=0, flags=0x8, repeatCount=0, eventTime=18288281263000, downTime=18288191236000, deviceId=10, source=0x301, displayId=-1 }
06-24 16:14:40.404 685 791 D WindowManager: dispatchDirectAudioEvent KeyEvent { action=ACTION_UP, keyCode=KEYCODE_VOLUME_DOWN, scanCode=114, metaState=0, flags=0x8, repeatCount=0, eventTime=18288281263000, downTime=18288191236000, deviceId=10, source=0x301, displayId=-1 }
06-24 16:14:40.932 685 18233 W ActivityManager: Unable to start service Intent { act=com.audiocn.karaoke.KaraokeService pkg=com.audiocn.karaoke.micmanager } U=0: not found
06-24 16:14:40.933 685 1076 W ActivityManager: Unable to start service Intent { act=com.audiocn.karaoke.KaraokeService pkg=com.audiocn.karaoke.micmanager } U=0: not found
06-24 16:14:41.999 0 0 W [2 T17271 ..] audit: audit_lost=19225 audit_rate_limit=5 audit_backlog_limit=64
06-24 16:14:41.999 0 0 E [2 T17271 ..] audit: rate limit exceeded
06-24 16:14:42.082 685 791 D WindowManager: handleVolumeKeyInArc KeyEvent { action=ACTION_DOWN, keyCode=KEYCODE_VOLUME_UP, scanCode=115, metaState=0, flags=0x8, repeatCount=0, eventTime=18289833622000, downTime=18289833622000, deviceId=10, source=0x301, displayId=-1 }
