06-24 16:04:27.469 685 952 D CompatibilityChangeReporter: Compat change id reported: 170503758; UID 10016; state: ENABLED
06-24 16:04:27.585 4714 4714 W Looper : Slow delivery took 4741275ms main h=android.os.Handler c=com.yst.lib.tracer.ActivityCallBack$a@f4ea9d6 m=0
06-24 16:04:27.613 4714 4714 W Looper : Drained
06-24 16:04:28.235 0 0 I : [0 T28035 ..] scsi 0:0:0:0: Direct-Access USB SanDisk 3.2Gen1 1.00 PQ: 0 ANSI: 6
06-24 16:04:28.248 0 0 I : [2 T20431 ..] sd 0:0:0:0: [sda] 120164352 512-byte logical blocks: (61.5 GB/57.3 GiB)
06-24 16:04:28.249 0 0 I : [2 T20431 ..] sd 0:0:0:0: [sda] Write Protect is off
06-24 16:04:28.250 0 0 D : [2 T20431 ..] sd 0:0:0:0: [sda] Mode Sense: 43 00 00 00
06-24 16:04:28.251 0 0 I : [0 T20431 ..] sd 0:0:0:0: [sda] Write cache: disabled, read cache: enabled, doesn't support DPO or FUA
06-24 16:04:28.266 0 0 I [0 T20431 ..] sda: sda1
06-24 16:04:28.269 0 0 I : [0 T20431 ..] sd 0:0:0:0: [sda] Attached SCSI removable disk
06-24 16:04:28.280 231 245 D vold : /system/bin/sgdisk
06-24 16:04:28.280 231 245 D vold : --android-dump
06-24 16:04:28.280 231 245 D vold : /dev/block/vold/disk:8,0
06-24 16:04:28.323 231 245 D vold : DISK mbr
06-24 16:04:28.323 231 245 D vold : PART 1 c
06-24 16:04:28.325 231 245 I vold : fail to access physical dev:/dev/block/sda
06-24 16:04:28.375 231 245 I vold : now can access :/dev/block/sda1
06-24 16:04:28.376 231 245 W vold : table kMbr part type 12
06-24 16:04:28.379 685 800 I StorageManagerService: Mounting volume VolumeInfo{public:8,1}:
06-24 16:04:28.379 685 800 I StorageManagerService: type=PUBLIC diskId=disk:8,0 partGuid= mountFlags=VISIBLE_FOR_WRITE
06-24 16:04:28.379 685 800 I StorageManagerService: mountUserId=0 state=UNMOUNTED
06-24 16:04:28.379 685 800 I StorageManagerService: fsType=null fsUuid=null fsLabel=null
06-24 16:04:28.379 685 800 I StorageManagerService: path=null internalPath=null
06-24 16:04:28.380 231 285 D vold : /system/bin/blkid
06-24 16:04:28.380 231 285 D vold : -c
06-24 16:04:28.380 231 285 D vold : /dev/null
06-24 16:04:28.380 231 285 D vold : -s
06-24 16:04:28.380 231 285 D vold : TYPE
06-24 16:04:28.380 231 285 D vold : -s
06-24 16:04:28.380 231 285 D vold : UUID
06-24 16:04:28.380 231 285 D vold : -s
06-24 16:04:28.381 231 285 D vold : LABEL
06-24 16:04:28.381 231 285 D vold : /dev/block/vold/public:8,1
06-24 16:04:28.415 231 285 D vold : /dev/block/vold/public:8,1: LABEL="PSF2" UUID="DD42-0C16" TYPE="vfat"
06-24 16:04:28.419 31333 31333 D vold : /system/bin/fsck_msdos
06-24 16:04:28.419 31333 31333 D vold : -p
06-24 16:04:28.419 31333 31333 D vold : -f
06-24 16:04:28.419 31333 31333 D vold : -y
06-24 16:04:28.419 31333 31333 D vold : /dev/block/vold/public:8,1
06-24 16:04:28.709 685 752 W ActivityManager: Background start not allowed: service Intent { cmp=com.xiaodianshi.tv.yst/com.bilibili.lib.neuron.internal.NeuronLocalService (has extras) } to com.xiaodianshi.tv.yst/com.bilibili.lib.neuron.internal.NeuronLocalService from pid=4714 uid=10088 pkg=com.xiaodianshi.tv.yst startFg?=false
06-24 16:04:28.920 231 285 I vold : Filesystem check completed OK
06-24 16:04:28.938 0 0 W : [2 T285 ..] FAT-fs (sda1): Volume was not properly unmounted. Some data may be corrupt. Please run fsck.
06-24 16:04:28.930 231 285 I vold : Mounting public fuse volume
06-24 16:04:28.935 231 285 I vold : Bind mounting /mnt/media_rw/DD42-0C16 to /mnt/pass_through/0/DD42-0C16
06-24 16:04:28.937 685 800 I StorageSessionController: On volume mount VolumeInfo{public:8,1}:
06-24 16:04:28.937 685 800 I StorageSessionController: type=PUBLIC diskId=disk:8,0 partGuid= mountFlags=VISIBLE_FOR_WRITE
06-24 16:04:28.937 685 800 I StorageSessionController: mountUserId=0 state=CHECKING
06-24 16:04:28.937 685 800 I StorageSessionController: fsType=vfat fsUuid=DD42-0C16 fsLabel=PSF2
06-24 16:04:28.937 685 800 I StorageSessionController: path=/storage/DD42-0C16 internalPath=/mnt/media_rw/DD42-0C16
06-24 16:04:28.939 685 800 I StorageSessionController: Creating and starting session with id: public:8,1
06-24 16:04:28.951 0 0 W [1 T23126 ..] audit: audit_lost=17902 audit_rate_limit=5 audit_backlog_limit=64
06-24 16:04:28.952 0 0 E [1 T23126 ..] audit: rate limit exceeded
06-24 16:04:29.950 231 285 I vold : Configuring read_ahead of /mnt/user/0/DD42-0C16 fuse filesystem to 256kb
06-24 16:04:29.951 231 285 I vold : Writing 256 to /sys/class/bdi/0:81/read_ahead_kb
06-24 16:04:29.951 231 285 I vold : Configuring max_ratio of /mnt/user/0/DD42-0C16 fuse filesystem to 40
06-24 16:04:29.951 231 285 I vold : Writing 40 to /sys/class/bdi/0:81/max_ratio
06-24 16:04:29.952 685 800 I StorageManagerService: Mounted volume VolumeInfo{public:8,1}:
06-24 16:04:29.952 685 800 I StorageManagerService: type=PUBLIC diskId=disk:8,0 partGuid= mountFlags=VISIBLE_FOR_WRITE
06-24 16:04:29.952 685 800 I StorageManagerService: mountUserId=0 state=MOUNTED
06-24 16:04:29.952 685 800 I StorageManagerService: fsType=vfat fsUuid=DD42-0C16 fsLabel=PSF2
06-24 16:04:29.952 685 800 I StorageManagerService: path=/storage/DD42-0C16 internalPath=/mnt/media_rw/DD42-0C16
06-24 16:04:29.952 685 800 I StorageSessionController: Notifying volume state changed for session with id: public:8,1
06-24 16:04:29.967 685 800 I StorageSessionController: Notifying volume state changed for session with id: public:8,1
06-24 16:04:29.979 685 800 I StorageSessionController: Notifying volume state changed for session with id: public:8,1
06-24 16:04:29.999 685 800 D StorageManagerService: Volume public:8,1 broadcasting checking to UserHandle{0}
06-24 16:04:30.006 685 718 D CompatibilityChangeReporter: Compat change id reported: 135634846; UID 10019; state: DISABLED
06-24 16:04:30.006 685 718 D CompatibilityChangeReporter: Compat change id reported: 177438394; UID 10019; state: DISABLED
06-24 16:04:30.006 685 718 D CompatibilityChangeReporter: Compat change id reported: 135772972; UID 10019; state: DISABLED
06-24 16:04:30.006 685 718 D CompatibilityChangeReporter: Compat change id reported: 135754954; UID 10019; state: ENABLED
06-24 16:04:30.007 685 719 D CompatibilityChangeReporter: Compat change id reported: 143937733; UID 10019; state: ENABLED
06-24 16:04:30.007 685 800 D StorageManagerService: Volume public:8,1 broadcasting mounted to UserHandle{0}
06-24 16:04:30.034 685 719 I ActivityManager: Start proc 31363:com.android.externalstorage/u0a19 for broadcast {com.android.externalstorage/com.android.externalstorage.MountReceiver}
06-24 16:04:30.086 685 952 D CompatibilityChangeReporter: Compat change id reported: 168419799; UID 10019; state: DISABLED
06-24 16:04:30.097 0 0 W [1 T31361 ..] audit: audit_lost=17917 audit_rate_limit=5 audit_backlog_limit=64
06-24 16:04:30.086 685 952 D CompatibilityChangeReporter: Compat change id reported: 273564678; UID 10019; state: DISABLED
06-24 16:04:30.097 0 0 E [1 T31361 ..] audit: rate limit exceeded
06-24 16:04:30.099 685 763 D CompatibilityChangeReporter: Compat change id reported: 265195908; UID 10019; state: ENABLED
06-24 16:04:30.101 685 752 D CompatibilityChangeReporter: Compat change id reported: 170503758; UID 10019; state: ENABLED
06-24 16:04:30.167 685 718 I ActivityManager: com.android.tv.settings is exempt from freezer
06-24 16:04:30.167 685 718 D CompatibilityChangeReporter: Compat change id reported: 135634846; UID 1000; state: DISABLED
06-24 16:04:30.186 685 719 I ActivityManager: Start proc 31383:com.android.tv.settings/1000 for broadcast {com.android.tv.settings/com.android.tv.settings.device.storage.DiskReceiver}
06-24 16:04:30.201 685 685 W NotificationHistory: Attempted to add notif for locked/gone/disabled user 0
06-24 16:04:30.366 685 718 D CompatibilityChangeReporter: Compat change id reported: 135634846; UID 10085; state: DISABLED
06-24 16:04:30.367 685 719 D CompatibilityChangeReporter: Compat change id reported: 143937733; UID 10085; state: DISABLED
06-24 16:04:30.384 685 719 I ActivityManager: Start proc 31402:net.myvst.v2/u0a85 for broadcast {net.myvst.v2/net.myvst.v2.receiver.PushMessageReceiver}
06-24 16:04:30.428 685 763 D CompatibilityChangeReporter: Compat change id reported: 265195908; UID 10085; state: ENABLED
06-24 16:04:30.436 685 752 W WindowManager: [addWindow] title:
06-24 16:04:30.437 685 952 D CompatibilityChangeReporter: Compat change id reported: 170503758; UID 10085; state: DISABLED
06-24 16:04:30.460 685 752 D CoreBackPreview: Window{17f99d9 u0 com.tv.filemanager.os}: Setting back callback OnBackInvokedCallbackInfo{mCallback=android.window.IOnBackInvokedCallback$Stub$Proxy@a2c4a4c, mPriority=0, mIsAnimationCallback=false}
06-24 16:04:30.543 685 709 W ContextImpl: Calling a method in the system process without a qualified user: android.app.ContextImpl.startService:1899 com.android.server.wm.DisplayPolicy.lambda$focusChangedLw$5:2126 com.android.server.wm.DisplayPolicy.$r8$lambda$Znxk63oh-WzVnzo_WQefN7uxV48:0 com.android.server.wm.DisplayPolicy$$ExternalSyntheticLambda13.run:0 android.os.Handler.handleCallback:958
06-24 16:04:30.579 685 752 I ActivityManager: Background started FGS: Allowed [callingPackage: com.starcor.mango; callingUid: 10089; uidState: FGS ; uidBFSL: [BFSL]; intent: Intent { cmp=com.starcor.mango/com.mgtv.tv.launcher.AutoStartService }; code:PROC_STATE_FGS; tempAllowListReason:; targetSdkVersion:29; callerTargetSdkVersion:29; startForegroundCount:0; bindFromPackage:null: isBindService:false]
06-24 16:04:30.665 685 19107 W ActivityManager: Foreground service started from background can not have location/camera/microphone access: service com.starcor.mango/com.mgtv.tv.launcher.AutoStartService
06-24 16:04:30.667 685 19107 W ForegroundServiceTypeLoggerModule: Foreground service start for UID: 10089 does not have any types
06-24 16:04:30.667 685 718 V ActivityManager: Attempted to start a foreground service (com.starcor.mango/com.mgtv.tv.launcher.AutoStartService) with a broken notification (no icon: Notification(channel=137451727 shortcut=null contentView=null vibrate=null sound=null defaults=0x0 flags=0x40 color=0x00000000 vis=PRIVATE))
06-24 16:04:30.669 685 718 I ActivityManager: Deferring FGS notification in legacy app com.starcor.mango/u0a89 : Notification(channel=137451727 shortcut=null contentView=null vibrate=null sound=null defaults=0x0 flags=0x40 color=0x00000000 vis=PRIVATE)
06-24 16:04:30.933 685 685 W NotificationHistory: Attempted to add notif for locked/gone/disabled user 0
06-24 16:04:31.162 0 0 W [3 T30414 d.] binder_cleanup_transaction: 152 callbacks suppressed
06-24 16:04:31.162 0 0 I [3 T30414 ..] binder: undelivered transaction 8413892, process died.
06-24 16:04:31.163 0 0 I [3 T30414 ..] binder: undelivered transaction 8413748, process died.
06-24 16:04:31.164 0 0 I [3 T30414 ..] binder: undelivered transaction 8414336, process died.
06-24 16:04:31.165 0 0 I [3 T30414 ..] binder: undelivered transaction 8413561, process died.
06-24 16:04:31.166 0 0 I [3 T30414 ..] binder: undelivered transaction 8413631, process died.
06-24 16:04:31.154 685 6903 I ActivityManager: Process cn.wps.moffice_i18n_TV:writer1 (pid 26691) has died: cch+99 CEM
06-24 16:04:31.158 685 6903 W ProcessStats: Tracking association SourceState{2ed2a5c system/1000 ImpFg #9722} whose proc state 5 is better than process ProcessState{9231bd0 com.android.permissioncontroller/10074 pkg=com.android.permissioncontroller} proc state 15 (5 skipped)
06-24 16:04:31.190 0 0 I [2 T30642 ..] binder: undelivered transaction 8413891, process died.
06-24 16:04:31.190 0 0 I [2 T30642 ..] binder: undelivered transaction 8413741, process died.
06-24 16:04:31.191 0 0 I [2 T30642 ..] binder: undelivered transaction 8414334, process died.
06-24 16:04:31.192 0 0 I [2 T30642 ..] binder: undelivered transaction 8413559, process died.
06-24 16:04:31.193 0 0 I [2 T30642 ..] binder: undelivered transaction 8413629, process died.
06-24 16:04:31.180 685 24239 I ActivityManager: Process cn.wps.moffice_i18n_TV:spreadsheet1 (pid 26143) has died: cch+65 CEM
06-24 16:04:31.182 685 24239 D ActivityManager: sync unfroze 24154 cn.wps.moffice_i18n_TV for 5
06-24 16:04:31.183 685 24239 D ActivityManager: sync unfroze 24308 com.android.webview:sandboxed_process0:org.chromium.content.app.SandboxedProcessService0:0 for 5
06-24 16:04:31.185 685 24239 D ActivityManager: sync unfroze 25092 cn.wps.moffice_i18n_TV:gcmpush for 5
06-24 16:04:31.192 685 711 W ActivityManager: setHasOverlayUi called on unknown pid: 26143
06-24 16:04:31.763 685 718 I ActivityManager: com.oranth.usbopenft is exempt from freezer
06-24 16:04:31.763 685 718 D CompatibilityChangeReporter: Compat change id reported: 135634846; UID 1000; state: DISABLED
06-24 16:04:31.796 0 0 W : [1 T1046 ..] [SP FRAME RX] arp req,vif_idx:0 sender:[a2:e3:8f:e4:ff:46 192.168.3.250]receiver:[00:00:00:00:00:00 192.168.3.75]
06-24 16:04:31.797 0 0 W : [1 T1046 ..] [SP FRAME TX] arp rsp,vif_idx:0 sender:[1c:79:2d:20:62:cb 192.168.3.75]receiver:[a2:e3:8f:e4:ff:46 192.168.3.250]
06-24 16:04:31.779 685 719 I ActivityManager: Start proc 31509:com.oranth.usbopenft/1000 for broadcast {com.oranth.usbopenft/com.oranth.usbopenft.UsbReceiver}
06-24 16:04:31.826 685 2118 D CompatibilityChangeReporter: Compat change id reported: 168419799; UID 1000; state: DISABLED
06-24 16:04:31.827 685 2118 D CompatibilityChangeReporter: Compat change id reported: 273564678; UID 1000; state: DISABLED
06-24 16:04:31.853 685 2059 D CompatibilityChangeReporter: Compat change id reported: 161145287; UID 10085; state: DISABLED
06-24 16:04:31.881 0 0 W [2 T31402 ..] audit: audit_lost=17946 audit_rate_limit=5 audit_backlog_limit=64
06-24 16:04:31.881 0 0 E [2 T31402 ..] audit: rate limit exceeded
06-24 16:04:31.993 31402 31402 E ActivityThread: Failed to find provider info for com.tcl.xian.StartandroidService.MyContentProvider
06-24 16:04:32.155 685 709 D AutofillManagerService: onBackKeyPressed()
06-24 16:04:32.159 685 2059 D CoreBackPreview: Window{17f99d9 u0 com.tv.filemanager.os}: Setting back callback null
06-24 16:04:32.176 685 711 V WindowManager: Unknown focus tokens, dropping reportFocusChanged
06-24 16:04:32.195 685 2118 D CompatibilityChangeReporter: Compat change id reported: 214016041; UID 1000; state: ENABLED
06-24 16:04:32.196 685 2118 D CompatibilityChangeReporter: Compat change id reported: 214016041; UID 1000; state: DISABLED
06-24 16:04:32.268 685 709 W ContextImpl: Calling a method in the system process without a qualified user: android.app.ContextImpl.startService:1899 com.android.server.wm.DisplayPolicy.lambda$focusChangedLw$5:2126 com.android.server.wm.DisplayPolicy.$r8$lambda$Znxk63oh-WzVnzo_WQefN7uxV48:0 com.android.server.wm.DisplayPolicy$$ExternalSyntheticLambda13.run:0 android.os.Handler.handleCallback:958
06-24 16:04:32.410 0 0 I [0 T223 ..] logd: logdr: UID=10085 GID=10085 PID=31606 b tail=0 logMask=99 pid=0 start=0ns deadline=0ns
06-24 16:04:32.410 685 711 W NotificationHistory: Attempted to remove channel for locked/gone/disabled user 0
06-24 16:04:32.487 31402 31633 E ActivityThread: Failed to find provider info for com.tcl.xian.StartandroidService.MyContentProvider
06-24 16:04:32.704 31402 31633 E ActivityThread: Failed to find provider info for com.tcl.xian.StartandroidService.MyContentProvider
06-24 16:04:32.943 685 2118 D CompatibilityChangeReporter: Compat change id reported: 182734110; UID 10085; state: DISABLED
06-24 16:04:32.987 0 0 W [3 T31710 ..] audit: audit_lost=17971 audit_rate_limit=5 audit_backlog_limit=64
06-24 16:04:32.987 0 0 E [3 T31710 ..] audit: rate limit exceeded
06-24 16:04:33.947 0 0 W : [3 T1046 ..] [SP FRAME RX] arp req,vif_idx:0 sender:[16:8e:6e:17:dc:41 192.168.3.176]receiver:[00:00:00:00:00:00 192.168.3.75]
06-24 16:04:33.948 0 0 W : [3 T1046 ..] [SP FRAME TX] arp rsp,vif_idx:0 sender:[1c:79:2d:20:62:cb 192.168.3.75]receiver:[16:8e:6e:17:dc:41 192.168.3.176]
06-24 16:04:34.061 0 0 W : [3 T1046 ..] [SP FRAME RX] arp req,vif_idx:0 sender:[20:57:9e:67:7f:db 192.168.3.98]receiver:[00:00:00:00:00:00 192.168.3.75]
06-24 16:04:34.062 0 0 W : [3 T1046 ..] [SP FRAME TX] arp rsp,vif_idx:0 sender:[1c:79:2d:20:62:cb 192.168.3.75]receiver:[20:57:9e:67:7f:db 192.168.3.98]
06-24 16:04:34.165 0 0 W : [1 T1046 ..] [SP FRAME RX] arp req,vif_idx:0 sender:[0c:91:60:12:cd:8c 192.168.3.70]receiver:[00:00:00:00:00:00 192.168.3.75]
06-24 16:04:34.166 0 0 W : [1 T1046 ..] [SP FRAME TX] arp rsp,vif_idx:0 sender:[1c:79:2d:20:62:cb 192.168.3.75]receiver:[0c:91:60:12:cd:8c 192.168.3.70]
06-24 16:04:34.168 0 0 W : [1 T1046 ..] [SP FRAME RX] arp req,vif_idx:0 sender:[9a:86:f7:27:5c:25 192.168.3.169]receiver:[00:00:00:00:00:00 192.168.3.75]
06-24 16:04:34.169 0 0 W : [1 T1046 ..] [SP FRAME TX] arp rsp,vif_idx:0 sender:[1c:79:2d:20:62:cb 192.168.3.75]receiver:[9a:86:f7:27:5c:25 192.168.3.169]
06-24 16:04:34.223 0 0 W : [3 T1046 ..] [SP FRAME RX] arp req,vif_idx:0 sender:[02:d1:be:fb:0a:d7 192.168.3.130]receiver:[00:00:00:00:00:00 192.168.3.75]
06-24 16:04:34.224 0 0 W : [3 T1046 ..] [SP FRAME TX] arp rsp,vif_idx:0 sender:[1c:79:2d:20:62:cb 192.168.3.75]receiver:[02:d1:be:fb:0a:d7 192.168.3.130]
06-24 16:04:34.255 0 0 W : [3 T1046 ..] [SP FRAME RX] arp req,vif_idx:0 sender:[28:7b:11:70:4f:a5 192.168.3.155]receiver:[00:00:00:00:00:00 192.168.3.75]
06-24 16:04:34.256 0 0 W : [3 T1046 ..] [SP FRAME TX] arp rsp,vif_idx:0 sender:[1c:79:2d:20:62:cb 192.168.3.75]receiver:[28:7b:11:70:4f:a5 192.168.3.155]
06-24 16:04:34.258 0 0 W : [3 T1046 ..] [SP FRAME RX] arp req,vif_idx:0 sender:[56:86:a9:ec:10:a8 192.168.3.19]receiver:[00:00:00:00:00:00 192.168.3.75]
06-24 16:04:34.259 0 0 W : [3 T1046 ..] [SP FRAME TX] arp rsp,vif_idx:0 sender:[1c:79:2d:20:62:cb 192.168.3.75]receiver:[56:86:a9:ec:10:a8 192.168.3.19]
06-24 16:04:34.262 0 0 W : [3 T1046 ..] [SP FRAME RX] arp req,vif_idx:0 sender:[28:7b:11:70:51:1f 192.168.3.44]receiver:[00:00:00:00:00:00 192.168.3.75]
06-24 16:04:34.263 0 0 W : [3 T1046 ..] [SP FRAME TX] arp rsp,vif_idx:0 sender:[1c:79:2d:20:62:cb 192.168.3.75]receiver:[28:7b:11:70:51:1f 192.168.3.44]
06-24 16:04:34.328 0 0 W : [3 T1046 ..] [SP FRAME RX] arp req,vif_idx:0 sender:[d2:07:9a:6e:a7:36 192.168.3.27]receiver:[00:00:00:00:00:00 192.168.3.75]
06-24 16:04:34.329 0 0 W : [3 T1046 ..] [SP FRAME TX] arp rsp,vif_idx:0 sender:[1c:79:2d:20:62:cb 192.168.3.75]receiver:[d2:07:9a:6e:a7:36 192.168.3.27]
06-24 16:04:34.330 0 0 W : [3 T1046 ..] [SP FRAME RX] arp req,vif_idx:0 sender:[b6:86:f8:35:d4:28 192.168.3.36]receiver:[00:00:00:00:00:00 192.168.3.75]
06-24 16:04:34.332 0 0 W : [3 T1046 ..] [SP FRAME TX] arp rsp,vif_idx:0 sender:[1c:79:2d:20:62:cb 192.168.3.75]receiver:[b6:86:f8:35:d4:28 192.168.3.36]
06-24 16:04:34.481 0 0 W : [3 T1046 ..] [SP FRAME RX] arp req,vif_idx:0 sender:[3a:fd:3d:ee:5f:54 192.168.3.129]receiver:[00:00:00:00:00:00 192.168.3.75]
06-24 16:04:34.482 0 0 W : [3 T1046 ..] [SP FRAME TX] arp rsp,vif_idx:0 sender:[1c:79:2d:20:62:cb 192.168.3.75]receiver:[3a:fd:3d:ee:5f:54 192.168.3.129]
06-24 16:04:34.590 0 0 W : [3 T1046 ..] [SP FRAME RX] arp req,vif_idx:0 sender:[0c:91:60:12:cd:6e 192.168.3.81]receiver:[00:00:00:00:00:00 192.168.3.75]
06-24 16:04:34.591 0 0 W : [0 T17578 ..] [SP FRAME TX] arp rsp,vif_idx:0 sender:[1c:79:2d:20:62:cb 192.168.3.75]receiver:[0c:91:60:12:cd:6e 192.168.3.81]
06-24 16:04:34.627 0 0 W : [3 T1046 ..] [SP FRAME RX] arp req,vif_idx:0 sender:[0c:91:60:12:cd:fc 192.168.3.171]receiver:[00:00:00:00:00:00 192.168.3.75]
06-24 16:04:34.628 0 0 W : [3 T1046 ..] [SP FRAME TX] arp rsp,vif_idx:0 sender:[1c:79:2d:20:62:cb 192.168.3.75]receiver:[0c:91:60:12:cd:fc 192.168.3.171]
06-24 16:04:34.665 0 0 W : [3 T1046 ..] [SP FRAME RX] arp req,vif_idx:0 sender:[38:54:39:af:de:38 192.168.3.114]receiver:[00:00:00:00:00:00 192.168.3.75]
06-24 16:04:34.666 0 0 W : [3 T1046 ..] [SP FRAME TX] arp rsp,vif_idx:0 sender:[1c:79:2d:20:62:cb 192.168.3.75]receiver:[38:54:39:af:de:38 192.168.3.114]
06-24 16:04:34.800 0 0 W : [0 T1046 ..] [SP FRAME RX] arp req,vif_idx:0 sender:[e2:04:f6:d8:62:00 192.168.3.194]receiver:[00:00:00:00:00:00 192.168.3.75]
06-24 16:04:34.801 0 0 W : [0 T1046 ..] [SP FRAME TX] arp rsp,vif_idx:0 sender:[1c:79:2d:20:62:cb 192.168.3.75]receiver:[e2:04:f6:d8:62:00 192.168.3.194]
06-24 16:04:34.874 0 0 W : [2 T1046 ..] [SP FRAME RX] arp req,vif_idx:0 sender:[fa:f0:09:28:64:31 192.168.3.73]receiver:[00:00:00:00:00:00 192.168.3.75]
06-24 16:04:34.875 0 0 W : [2 T1046 ..] [SP FRAME TX] arp rsp,vif_idx:0 sender:[1c:79:2d:20:62:cb 192.168.3.75]receiver:[fa:f0:09:28:64:31 192.168.3.73]
06-24 16:04:35.007 0 0 W : [2 T1046 ..] [SP FRAME RX] arp req,vif_idx:0 sender:[28:7b:11:70:4f:bd 192.168.3.156]receiver:[00:00:00:00:00:00 192.168.3.75]
06-24 16:04:35.008 0 0 W : [2 T1046 ..] [SP FRAME TX] arp rsp,vif_idx:0 sender:[1c:79:2d:20:62:cb 192.168.3.75]receiver:[28:7b:11:70:4f:bd 192.168.3.156]
06-24 16:04:35.249 0 0 W : [2 T1046 ..] [SP FRAME RX] arp req,vif_idx:0 sender:[da:b8:33:f6:93:fe 192.168.3.89]receiver:[00:00:00:00:00:00 192.168.3.75]
06-24 16:04:35.250 0 0 W : [2 T1046 ..] [SP FRAME TX] arp rsp,vif_idx:0 sender:[1c:79:2d:20:62:cb 192.168.3.75]receiver:[da:b8:33:f6:93:fe 192.168.3.89]
06-24 16:04:35.380 0 0 W [2 T29535 ..] audit: audit_lost=17975 audit_rate_limit=5 audit_backlog_limit=64
06-24 16:04:35.381 0 0 E [2 T29535 ..] audit: rate limit exceeded
06-24 16:04:36.627 1423 1423 W ContextImpl: Calling a method in the system process without a qualified user: android.app.ContextImpl.startActivity:1102 android.content.ContextWrapper.startActivity:436 ie.b.f:119 ie.a.b:75 ge.a.c:71
06-24 16:04:36.627 1423 1423 W ContextImpl: Calling a method in the system process without a qualified user: android.app.ContextImpl.startActivity:1114 android.app.ContextImpl.startActivity:1103 android.content.ContextWrapper.startActivity:436 ie.b.f:119 ie.a.b:75
06-24 16:04:36.639 685 6903 V SplashScreenExceptionList: SplashScreen checking exception for package com.dangbei.lerad.videoposter (target sdk:26) -> false
06-24 16:04:36.640 685 6903 D CompatibilityChangeReporter: Compat change id reported: 205907456; UID 10042; state: DISABLED
06-24 16:04:36.648 901 979 V WindowManagerShell: Transition requested: android.os.BinderProxy@d1315cf TransitionRequestInfo { type = 1, triggerTask = TaskInfo{userId=0 taskId=155 displayId=0 isRunning=true baseIntent=Intent { act=android.intent.action.MAIN cat=[android.intent.category.LAUNCHER] flg=0x10000000 pkg=com.dangbei.lerad.videoposter cmp=com.dangbei.lerad.videoposter/.ui.splash.SplashActivity } baseActivity=ComponentInfo{com.dangbei.lerad.videoposter/com.dangbei.lerad.videoposter.ui.splash.SplashActivity} topActivity=ComponentInfo{com.dangbei.lerad.videoposter/com.dangbei.lerad.videoposter.ui.splash.SplashActivity} origActivity=null realActivity=ComponentInfo{com.dangbei.lerad.videoposter/com.dangbei.lerad.videoposter.ui.splash.SplashActivity} numActivities=1 lastActiveTime=17684548 supportsMultiWindow=true resizeMode=1 isResizeable=true minWidth=-1 minHeight=-1 defaultMinSize=220 token=WCT{android.window.IWindowContainerToken$Stub$Proxy@edf8b5c} topActivityType=1 pictureInPictureParams=null shouldDockBigOverlays=true launchIntoPipHostTaskId=-1 lastParentTaskIdBeforePip=-1 displayCutoutSafeInsets=null topActivityInfo=ActivityInfo{6cc8e65 com.dangbei.lerad.videoposter.ui.splash.SplashActivity} launchCookies=[] positionInParent=Point(0, 0) parentTaskId=-1 isFocused=false isVisible=false isVisibleRequested=false isSleeping=false topActivityInSizeCompat=false topActivityEligibleForLetterboxEducation= false isLetterboxDoubleTapEnabled= false topActivityEligibleForUserAspectRatioButton= false topActivityBoundsLetterboxed= false isFromLetterboxDoubleTap= false topActivityLetterboxVerticalPosition= -1 topActivityLetterboxHorizontalPosition= -1 topActivityLetterboxWidth=-1 topActivityLetterboxHeight=-1 isUserFullscreenOverrideEnabled=false isTopActivityTransparent=false locusId=null displayAreaFeatureId=1 cameraCompatControlState=hidden}, remoteTransition = null, displayChange = null, flags = 0 }
06-24 16:04:36.649 685 6903 I ActivityTaskManager: START u0 {act=android.intent.action.MAIN cat=[android.intent.category.LAUNCHER] flg=0x10000000 pkg=com.dangbei.lerad.videoposter cmp=com.dangbei.lerad.videoposter/.ui.splash.SplashActivity} with LAUNCH_MULTIPLE from uid 1000 (BAL_ALLOW_ALLOWLISTED_UID) result code=0
06-24 16:04:36.663 685 2059 V WindowManager: app ------------- force_land :0
06-24 16:04:36.669 685 2059 D CompatibilityChangeReporter: Compat change id reported: 197654537; UID 1000; state: DISABLED
06-24 16:04:36.767 901 979 D WindowManagerShell: TvPipController: onTaskStackChanged()
06-24 16:04:36.804 685 6903 W WindowManager: [addWindow] title:com.dangbei.lerad.videoposter/com.dangbei.lerad.videoposter.ui.splash.SplashActivity
06-24 16:04:36.804 685 2118 W WindowManager: Failed looking up window session=Session{1fa54f4 30515:u0a10042} callers=com.android.server.wm.WindowManagerService.windowForClientLocked:6077 com.android.server.wm.Session.updateRequestedVisibleTypes:695 android.view.IWindowSession$Stub.onTransact:1034
06-24 16:04:36.826 685 2118 D CoreBackPreview: Window{be85a82 u0 com.dangbei.lerad.videoposter/com.dangbei.lerad.videoposter.ui.splash.SplashActivity}: Setting back callback OnBackInvokedCallbackInfo{mCallback=android.window.IOnBackInvokedCallback$Stub$Proxy@6df69d0, mPriority=0, mIsAnimationCallback=false}
06-24 16:04:36.885 901 979 V WindowManagerShell: onTransitionReady android.os.BinderProxy@d1315cf: {id=458 t=OPEN f=0x0 trk=0 r=[0@Point(0, 0)] c=[{WCT{android.window.IWindowContainerToken$Stub$Proxy@fcabe1} m=OPEN f=NONE leash=Surface(name=Task=155)/@0xf99973a sb=Rect(0, 0 - 1920, 1080) eb=Rect(0, 0 - 1920, 1080) d=0},{WCT{android.window.IWindowContainerToken$Stub$Proxy@8f9ed06} m=TO_BACK f=NONE leash=Surface(name=Task=1)/@0x1553feb sb=Rect(0, 0 - 1920, 1080) eb=Rect(0, 0 - 1920, 1080) d=0}]}
06-24 16:04:36.886 901 979 V WindowManagerShell: Playing animation for (#458)android.os.BinderProxy@d1315cf@0
06-24 16:04:36.886 901 979 V WindowManagerShell: try handler com.android.wm.shell.keyguard.KeyguardTransitionHandler@24e2028
06-24 16:04:36.886 901 979 V WindowManagerShell: try handler com.android.wm.shell.pip.tv.TvPipTransition@1141
06-24 16:04:36.886 901 979 V WindowManagerShell: try handler com.android.wm.shell.activityembedding.ActivityEmbeddingController@e8f56e6
06-24 16:04:36.886 901 979 V WindowManagerShell: try handler com.android.wm.shell.transition.RemoteTransitionHandler@b664427
06-24 16:04:36.886 901 979 V WindowManagerShell: Transition doesn't have explicit remote, search filters for match for {id=458 t=OPEN f=0x0 trk=0 r=[0@Point(0, 0)] c=[{WCT{android.window.IWindowContainerToken$Stub$Proxy@fcabe1} m=OPEN f=NONE leash=Surface(name=Task=155)/@0xf99973a sb=Rect(0, 0 - 1920, 1080) eb=Rect(0, 0 - 1920, 1080) d=0},{WCT{android.window.IWindowContainerToken$Stub$Proxy@8f9ed06} m=TO_BACK f=NONE leash=Surface(name=Task=1)/@0x1553feb sb=Rect(0, 0 - 1920, 1080) eb=Rect(0, 0 - 1920, 1080) d=0}]}
06-24 16:04:36.886 901 979 V WindowManagerShell: Delegate animation for #458 to null
06-24 16:04:36.886 901 979 V WindowManagerShell: try handler com.android.wm.shell.transition.DefaultTransitionHandler@7916d4
06-24 16:04:36.886 901 979 V WindowManagerShell: start default transition animation, info = {id=458 t=OPEN f=0x0 trk=0 r=[0@Point(0, 0)] c=[{WCT{android.window.IWindowContainerToken$Stub$Proxy@fcabe1} m=OPEN f=NONE leash=Surface(name=Task=155)/@0xf99973a sb=Rect(0, 0 - 1920, 1080) eb=Rect(0, 0 - 1920, 1080) d=0},{WCT{android.window.IWindowContainerToken$Stub$Proxy@8f9ed06} m=TO_BACK f=NONE leash=Surface(name=Task=1)/@0x1553feb sb=Rect(0, 0 - 1920, 1080) eb=Rect(0, 0 - 1920, 1080) d=0}]}
06-24 16:04:36.888 901 979 V WindowManagerShell: loadAnimation: anim=android.view.animation.AlphaAnimation@5b7251d animAttr=0x9 type=OPEN isEntrance=false
06-24 16:04:36.889 901 979 V WindowManagerShell: loadAnimation: anim=android.view.animation.AlphaAnimation@ea7c163 animAttr=0x8 type=OPEN isEntrance=true
06-24 16:04:36.891 901 979 V WindowManagerShell: animated by com.android.wm.shell.transition.DefaultTransitionHandler@7916d4
06-24 16:04:36.893 685 708 V WindowManager: Sent Transition #458 createdAt=06-24 16:04:36.631 via request=TransitionRequestInfo { type = 1, triggerTask = TaskInfo{userId=0 taskId=155 displayId=0 isRunning=true baseIntent=Intent { act=android.intent.action.MAIN cat=[android.intent.category.LAUNCHER] flg=0x10000000 pkg=com.dangbei.lerad.videoposter cmp=com.dangbei.lerad.videoposter/.ui.splash.SplashActivity } baseActivity=ComponentInfo{com.dangbei.lerad.videoposter/com.dangbei.lerad.videoposter.ui.splash.SplashActivity} topActivity=ComponentInfo{com.dangbei.lerad.videoposter/com.dangbei.lerad.videoposter.ui.splash.SplashActivity} origActivity=null realActivity=ComponentInfo{com.dangbei.lerad.videoposter/com.dangbei.lerad.videoposter.ui.splash.SplashActivity} numActivities=1 lastActiveTime=17684548 supportsMultiWindow=true resizeMode=1 isResizeable=true minWidth=-1 minHeight=-1 defaultMinSize=220 token=WCT{RemoteToken{b9952fc Task{f68dbb8 #155 type=standard A=10042:com.dangbei.lerad.videoposter}}} topActivityType=1 pictureInPictureParams=null shouldDockBigOverlays=true launchIntoPipHostTaskId=-1 lastParentTaskIdBeforePip=-1 displayCutoutSafeInsets=null topActivityInfo=ActivityInfo{2794d85 com.dangbei.lerad.videoposter.ui.splash.SplashActivity} launchCookies=[] positionInParent=Point(0, 0) parentTaskId=-1 isFocused=false isVisible=false isVisibleRequested=false isSleeping=false topActivityInSizeCompat=false topActivityEligibleForLetterboxEducation= false isLetterboxDoubleTapEnabled= false topActivityEligibleForUserAspectRatioButton= false topActivityBoundsLetterboxed= false isFromLetterboxDoubleTap= false topActivityLetterboxVerticalPosition= -1 topActivityLetterboxHorizontalPosition= -1 topActivityLetterboxWidth=-1 topActivityLetterboxHeight=-1 isUserFullscreenOverrideEnabled=false isTopActivityTransparent=false locusId=null displayAreaFeatureId=1 cameraCompatControlState=hidden}, remoteTransition = null, displayChange = null, flags = 0 }
06-24 16:04:36.893 685 708 V WindowManager: startWCT=WindowContainerTransaction { changes = {} hops = [] errorCallbackToken=null taskFragmentOrganizer=null }
06-24 16:04:36.895 685 708 V WindowManager: info={id=458 t=OPEN f=0x0 trk=0 r=[0@Point(0, 0)] c=[{WCT{RemoteToken{b9952fc Task{f68dbb8 #155 type=standard A=10042:com.dangbei.lerad.videoposter}}} m=OPEN f=NONE leash=Surface(name=Task=155)/@0x63d9dc9 sb=Rect(0, 0 - 1920, 1080) eb=Rect(0, 0 - 1920, 1080) d=0},{WCT{RemoteToken{30b1e82 Task{4d21fd0 #1 type=home}}} m=TO_BACK f=NONE leash=Surface(name=Task=1)/@0x54f0375 sb=Rect(0, 0 - 1920, 1080) eb=Rect(0, 0 - 1920, 1080) d=0}]}
06-24 16:04:36.925 685 709 W ContextImpl: Calling a method in the system process without a qualified user: android.app.ContextImpl.startService:1899 com.android.server.wm.DisplayPolicy.lambda$focusChangedLw$5:2126 com.android.server.wm.DisplayPolicy.$r8$lambda$Znxk63oh-WzVnzo_WQefN7uxV48:0 com.android.server.wm.DisplayPolicy$$ExternalSyntheticLambda13.run:0 android.os.Handler.handleCallback:958
06-24 16:04:37.299 901 979 V WindowManagerShell: Transition animation finished (aborted=false), notifying core (#458)android.os.BinderProxy@d1315cf@0
06-24 16:04:37.302 685 708 V WindowManager: Finish Transition #458: created at
06-24 16:04:36.631 collect-started=0.082ms request-sent=15.073ms started=19.209ms ready=34.379ms sent=251.796ms finished=669.437ms
06-24 16:04:37.305 901 979 V WindowManagerShell: Track 0 became idle
06-24 16:04:37.305 901 979 V WindowManagerShell: All active transition animations finished
06-24 16:04:37.374 685 780 D ActivityManager: freezing 4714 com.xiaodianshi.tv.yst
06-24 16:04:37.376 685 780 D ActivityManager: freezing 30169 com.qq.cleaning
06-24 16:04:38.339 685 2118 E Transition: Trying to add a ready-group twice: Display{#0 state=ON size=1920x1080 ROTATION_0}
06-24 16:04:38.340 685 2118 I ActivityTaskManager: START u0 {cmp=com.dangbei.lerad.videoposter/.ui.main.MainActivity (has extras)} with LAUNCH_SINGLE_TASK from uid 10042 (BAL_ALLOW_VISIBLE_WINDOW) result code=0
06-24 16:04:38.341 901 979 V WindowManagerShell: Transition requested: android.os.BinderProxy@16dad5 TransitionRequestInfo { type = 1, triggerTask = TaskInfo{userId=0 taskId=155 displayId=0 isRunning=true baseIntent=Intent { act=android.intent.action.MAIN cat=[android.intent.category.LAUNCHER] flg=0x10000000 pkg=com.dangbei.lerad.videoposter cmp=com.dangbei.lerad.videoposter/.ui.splash.SplashActivity } baseActivity=ComponentInfo{com.dangbei.lerad.videoposter/com.dangbei.lerad.videoposter.ui.splash.SplashActivity} topActivity=ComponentInfo{com.dangbei.lerad.videoposter/com.dangbei.lerad.videoposter.ui.main.MainActivity} origActivity=null realActivity=ComponentInfo{com.dangbei.lerad.videoposter/com.dangbei.lerad.videoposter.ui.splash.SplashActivity} numActivities=2 lastActiveTime=17686240 supportsMultiWindow=true resizeMode=1 isResizeable=true minWidth=-1 minHeight=-1 defaultMinSize=220 token=WCT{android.window.IWindowContainerToken$Stub$Proxy@62642ea} topActivityType=1 pictureInPictureParams=null shouldDockBigOverlays=true launchIntoPipHostTaskId=-1 lastParentTaskIdBeforePip=-1 displayCutoutSafeInsets=null topActivityInfo=ActivityInfo{1a9f9db com.dangbei.lerad.videoposter.ui.main.MainActivity} launchCookies=[] positionInParent=Point(0, 0) parentTaskId=-1 isFocused=true isVisible=true isVisibleRequested=true isSleeping=false topActivityInSizeCompat=false topActivityEligibleForLetterboxEducation= false isLetterboxDoubleTapEnabled= false topActivityEligibleForUserAspectRatioButton= false topActivityBoundsLetterboxed= false isFromLetterboxDoubleTap= false topActivityLetterboxVerticalPosition= -1 topActivityLetterboxHorizontalPosition= -1 topActivityLetterboxWidth=-1 topActivityLetterboxHeight=-1 isUserFullscreenOverrideEnabled=false isTopActivityTransparent=false locusId=null displayAreaFeatureId=1 cameraCompatControlState=hidden}, remoteTransition = null, displayChange = null, flags = 0 }
06-24 16:04:38.350 685 24239 V WindowManager: app ------------- force_land :0
06-24 16:04:38.384 685 24239 W WindowManager: [addWindow] title:com.dangbei.lerad.videoposter/com.dangbei.lerad.videoposter.ui.main.MainActivity
06-24 16:04:38.399 685 6903 D CoreBackPreview: Window{108cb8a u0 com.dangbei.lerad.videoposter/com.dangbei.lerad.videoposter.ui.main.MainActivity}: Setting back callback OnBackInvokedCallbackInfo{mCallback=android.window.IOnBackInvokedCallback$Stub$Proxy@c3c9618, mPriority=0, mIsAnimationCallback=false}
06-24 16:04:38.458 901 979 D WindowManagerShell: TvPipController: onTaskStackChanged()
06-24 16:04:38.504 685 708 V WindowManager: Sent Transition #459 createdAt=06-24 16:04:38.334 via request=TransitionRequestInfo { type = 1, triggerTask = TaskInfo{userId=0 taskId=155 displayId=0 isRunning=true baseIntent=Intent { act=android.intent.action.MAIN cat=[android.intent.category.LAUNCHER] flg=0x10000000 pkg=com.dangbei.lerad.videoposter cmp=com.dangbei.lerad.videoposter/.ui.splash.SplashActivity } baseActivity=ComponentInfo{com.dangbei.lerad.videoposter/com.dangbei.lerad.videoposter.ui.splash.SplashActivity} topActivity=ComponentInfo{com.dangbei.lerad.videoposter/com.dangbei.lerad.videoposter.ui.main.MainActivity} origActivity=null realActivity=ComponentInfo{com.dangbei.lerad.videoposter/com.dangbei.lerad.videoposter.ui.splash.SplashActivity} numActivities=2 lastActiveTime=17686240 supportsMultiWindow=true resizeMode=1 isResizeable=true minWidth=-1 minHeight=-1 defaultMinSize=220 token=WCT{RemoteToken{b9952fc Task{f68dbb8 #155 type=standard A=10042:com.dangbei.lerad.videoposter}}} topActivityType=1 pictureInPictureParams=null shouldDockBigOverlays=true launchIntoPipHostTaskId=-1 lastParentTaskIdBeforePip=-1 displayCutoutSafeInsets=null topActivityInfo=ActivityInfo{970fbc4 com.dangbei.lerad.videoposter.ui.main.MainActivity} launchCookies=[] positionInParent=Point(0, 0) parentTaskId=-1 isFocused=true isVisible=true isVisibleRequested=true isSleeping=false topActivityInSizeCompat=false topActivityEligibleForLetterboxEducation= false isLetterboxDoubleTapEnabled= false topActivityEligibleForUserAspectRatioButton= false topActivityBoundsLetterboxed= false isFromLetterboxDoubleTap= false topActivityLetterboxVerticalPosition= -1 topActivityLetterboxHorizontalPosition= -1 topActivityLetterboxWidth=-1 topActivityLetterboxHeight=-1 isUserFullscreenOverrideEnabled=false isTopActivityTransparent=false locusId=null displayAreaFeatureId=1 cameraCompatControlState=hidden}, remoteTransition = null, displayChange = null, flags = 0 }
06-24 16:04:38.504 685 708 V WindowManager: startWCT=WindowContainerTransaction { changes = {} hops = [] errorCallbackToken=null taskFragmentOrganizer=null }
06-24 16:04:38.504 685 708 V WindowManager: info={id=459 t=OPEN f=0x0 trk=0 r=[0@Point(0, 0)] c=[{null m=OPEN f=FILLS_TASK leash=Surface(name=ActivityRecord{6b37adf u0 com.dangbei.lerad.videoposter/.ui.main.MainActivity)/@0x6301656 sb=Rect(0, 0 - 0, 0) eb=Rect(0, 0 - 1920, 1080) d=-1->0 r=-1->0:-1},{null m=CLOSE f=FILLS_TASK leash=Surface(name=ActivityRecord{a803e1b u0 com.dangbei.lerad.videoposter/.ui.splash.SplashActivity)/@0xa176871 sb=Rect(0, 0 - 1920, 1080) eb=Rect(0, 0 - 1920, 1080) d=0}]}
06-24 16:04:38.516 0 0 W : [1 T1046 ..] [SP FRAME RX] DHCP[0 1], vif_idx:0
06-24 16:04:38.505 901 979 V WindowManagerShell: onTransitionReady android.os.BinderProxy@16dad5: {id=459 t=OPEN f=0x0 trk=0 r=[0@Point(0, 0)] c=[{null m=OPEN f=FILLS_TASK leash=Surface(name=ActivityRecord{6b37adf u0 com.dangbei.lerad.videoposter/.ui.main.MainActivity)/@0x9e24c78 sb=Rect(0, 0 - 0, 0) eb=Rect(0, 0 - 1920, 1080) d=-1->0 r=-1->0:-1},{null m=CLOSE f=FILLS_TASK leash=Surface(name=ActivityRecord{a803e1b u0 com.dangbei.lerad.videoposter/.ui.splash.SplashActivity)/@0x5774f51 sb=Rect(0, 0 - 1920, 1080) eb=Rect(0, 0 - 1920, 1080) d=0}]}
06-24 16:04:38.506 901 979 V WindowManagerShell: Playing animation for (#459)android.os.BinderProxy@16dad5@0
06-24 16:04:38.506 901 979 V WindowManagerShell: try handler com.android.wm.shell.keyguard.KeyguardTransitionHandler@24e2028
06-24 16:04:38.506 901 979 V WindowManagerShell: try handler com.android.wm.shell.pip.tv.TvPipTransition@1141
06-24 16:04:38.506 901 979 V WindowManagerShell: try handler com.android.wm.shell.activityembedding.ActivityEmbeddingController@e8f56e6
06-24 16:04:38.506 901 979 V WindowManagerShell: try handler com.android.wm.shell.transition.RemoteTransitionHandler@b664427
06-24 16:04:38.506 901 979 V WindowManagerShell: Transition doesn't have explicit remote, search filters for match for {id=459 t=OPEN f=0x0 trk=0 r=[0@Point(0, 0)] c=[{null m=OPEN f=FILLS_TASK leash=Surface(name=ActivityRecord{6b37adf u0 com.dangbei.lerad.videoposter/.ui.main.MainActivity)/@0x9e24c78 sb=Rect(0, 0 - 0, 0) eb=Rect(0, 0 - 1920, 1080) d=-1->0 r=-1->0:-1},{null m=CLOSE f=FILLS_TASK leash=Surface(name=ActivityRecord{a803e1b u0 com.dangbei.lerad.videoposter/.ui.splash.SplashActivity)/@0x5774f51 sb=Rect(0, 0 - 1920, 1080) eb=Rect(0, 0 - 1920, 1080) d=0}]}
06-24 16:04:38.506 901 979 V WindowManagerShell: Delegate animation for #459 to null
06-24 16:04:38.506 901 979 V WindowManagerShell: try handler com.android.wm.shell.transition.DefaultTransitionHandler@7916d4
06-24 16:04:38.506 901 979 V WindowManagerShell: start default transition animation, info = {id=459 t=OPEN f=0x0 trk=0 r=[0@Point(0, 0)] c=[{null m=OPEN f=FILLS_TASK leash=Surface(name=ActivityRecord{6b37adf u0 com.dangbei.lerad.videoposter/.ui.main.MainActivity)/@0x9e24c78 sb=Rect(0, 0 - 0, 0) eb=Rect(0, 0 - 1920, 1080) d=-1->0 r=-1->0:-1},{null m=CLOSE f=FILLS_TASK leash=Surface(name=ActivityRecord{a803e1b u0 com.dangbei.lerad.videoposter/.ui.splash.SplashActivity)/@0x5774f51 sb=Rect(0, 0 - 1920, 1080) eb=Rect(0, 0 - 1920, 1080) d=0}]}
06-24 16:04:38.509 901 979 V WindowManagerShell: animated by com.android.wm.shell.transition.DefaultTransitionHandler@7916d4
06-24 16:04:38.532 685 709 W ContextImpl: Calling a method in the system process without a qualified user: android.app.ContextImpl.startService:1899 com.android.server.wm.DisplayPolicy.lambda$focusChangedLw$5:2126 com.android.server.wm.DisplayPolicy.$r8$lambda$Znxk63oh-WzVnzo_WQefN7uxV48:0 com.android.server.wm.DisplayPolicy$$ExternalSyntheticLambda13.run:0 android.os.Handler.handleCallback:958
06-24 16:04:38.816 901 979 V WindowManagerShell: Transition animation finished (aborted=false), notifying core (#459)android.os.BinderProxy@16dad5@0
06-24 16:04:38.817 685 708 V WindowManager: Finish Transition #459: created at
06-24 16:04:38.334 collect-started=0.071ms request-sent=5.68ms started=7.391ms ready=19.497ms sent=161.117ms finished=483.065ms
06-24 16:04:38.820 901 979 V WindowManagerShell: Track 0 became idle
06-24 16:04:38.820 901 979 V WindowManagerShell: All active transition animations finished
06-24 16:04:38.828 685 2118 D CoreBackPreview: Window{be85a82 u0 com.dangbei.lerad.videoposter/com.dangbei.lerad.videoposter.ui.splash.SplashActivity}: Setting back callback null
06-24 16:04:40.179 0 0 W : [1 T1046 ..] [SP FRAME RX] arp req,vif_idx:0 sender:[de:90:cb:50:92:8f 192.168.3.145]receiver:[00:00:00:00:00:00 192.168.3.75]
06-24 16:04:40.180 0 0 W : [1 T1046 ..] [SP FRAME TX] arp rsp,vif_idx:0 sender:[1c:79:2d:20:62:cb 192.168.3.75]receiver:[de:90:cb:50:92:8f 192.168.3.145]
06-24 16:04:40.192 685 780 D ActivityManager: freezing 31363 com.android.externalstorage
06-24 16:04:40.501 685 780 D ActivityManager: freezing 31293 android.process.media
06-24 16:04:40.654 685 1390 E TaskPersister: File error accessing recents directory (directory doesn't exist?).
06-24 16:04:40.731 0 0 W : [1 T1046 ..] [SP FRAME RX] arp req,vif_idx:0 sender:[e2:8e:12:0f:0b:47 192.168.3.123]receiver:[00:00:00:00:00:00 192.168.3.75]
06-24 16:04:40.732 0 0 W : [1 T1046 ..] [SP FRAME TX] arp rsp,vif_idx:0 sender:[1c:79:2d:20:62:cb 192.168.3.75]receiver:[e2:8e:12:0f:0b:47 192.168.3.123]
06-24 16:04:40.877 685 685 W NotificationHistory: Attempted to add notif for locked/gone/disabled user 0
06-24 16:04:40.961 0 0 W : [1 T1046 ..] [SP FRAME RX] DHCP[0 1], vif_idx:0
06-24 16:04:41.207 685 780 D ActivityManager: freezing 24154 cn.wps.moffice_i18n_TV
06-24 16:04:41.208 685 780 D ActivityManager: freezing 24308 com.android.webview:sandboxed_process0:org.chromium.content.app.SandboxedProcessService0:0
06-24 16:04:41.209 685 780 D ActivityManager: freezing 25092 cn.wps.moffice_i18n_TV:gcmpush
06-24 16:04:41.283 0 0 W [2 T24735 ..] audit: audit_lost=17993 audit_rate_limit=5 audit_backlog_limit=64
06-24 16:04:41.284 0 0 E [2 T24735 ..] audit: rate limit exceeded
06-24 16:04:42.249 685 780 D ActivityManager: freezing 31402 net.myvst.v2
06-24 16:04:42.643 685 2118 D CompatibilityChangeReporter: Compat change id reported: 171306433; UID 1000; state: ENABLED
06-24 16:04:42.643 685 2118 D CompatibilityChangeReporter: Compat change id reported: 218533173; UID 1000; state: ENABLED
06-24 16:04:43.586 0 0 W [1 T32042 ..] audit: audit_lost=17996 audit_rate_limit=5 audit_backlog_limit=64
06-24 16:04:43.586 0 0 E [1 T32042 ..] audit: rate limit exceeded
06-24 16:04:45.175 0 0 W : [2 T1046 ..] [SP FRAME RX] DHCP[0 1], vif_idx:0
06-24 16:04:46.026 0 0 W : [1 T0 .s] [SP FRAME TX] arp req,vif_idx:0 sender:[1c:79:2d:20:62:cb 192.168.3.75]receiver:[00:00:00:00:00:00 192.168.3.36]
06-24 16:04:46.036 0 0 W : [2 T1046 ..] [SP FRAME RX] arp rsp,vif_idx:0 sender:[b6:86:f8:35:d4:28 192.168.3.36]receiver:[1c:79:2d:20:62:cb 192.168.3.75]
06-24 16:04:46.282 0 0 W : [1 T0 .s] [SP FRAME TX] arp req,vif_idx:0 sender:[1c:79:2d:20:62:cb 192.168.3.75]receiver:[00:00:00:00:00:00 192.168.3.254]
06-24 16:04:46.362 0 0 W : [2 T1046 ..] [SP FRAME RX] arp req,vif_idx:0 sender:[12:3c:2c:e1:84:9f 192.168.3.254]receiver:[00:00:00:00:00:00 192.168.3.75]
06-24 16:04:46.363 0 0 W : [2 T1046 ..] [SP FRAME TX] arp rsp,vif_idx:0 sender:[1c:79:2d:20:62:cb 192.168.3.75]receiver:[12:3c:2c:e1:84:9f 192.168.3.254]
06-24 16:04:46.538 0 0 W : [3 T30584 .s] [SP FRAME TX] arp req,vif_idx:0 sender:[1c:79:2d:20:62:cb 192.168.3.75]receiver:[00:00:00:00:00:00 192.168.3.243]
06-24 16:04:46.539 0 0 W : [3 T30584 .s] [SP FRAME TX] arp req,vif_idx:0 sender:[1c:79:2d:20:62:cb 192.168.3.75]receiver:[00:00:00:00:00:00 192.168.3.176]
06-24 16:04:46.554 0 0 W : [2 T1046 ..] [SP FRAME RX] arp rsp,vif_idx:0 sender:[12:3c:2c:e1:84:9f 192.168.3.254]receiver:[1c:79:2d:20:62:cb 192.168.3.75]
06-24 16:04:46.555 0 0 W : [2 T1046 ..] [SP FRAME RX] arp rsp,vif_idx:0 sender:[16:8e:6e:17:dc:41 192.168.3.176]receiver:[1c:79:2d:20:62:cb 192.168.3.75]
06-24 16:04:46.557 0 0 W : [2 T1046 ..] [SP FRAME RX] arp rsp,vif_idx:0 sender:[ea:f3:28:46:91:6b 192.168.3.243]receiver:[1c:79:2d:20:62:cb 192.168.3.75]
06-24 16:04:46.638 0 0 W : [2 T1046 ..] [SP FRAME RX] arp req,vif_idx:0 sender:[ea:f3:28:46:91:6b 192.168.3.243]receiver:[00:00:00:00:00:00 192.168.3.75]
06-24 16:04:46.639 0 0 W : [2 T1046 ..] [SP FRAME TX] arp rsp,vif_idx:0 sender:[1c:79:2d:20:62:cb 192.168.3.75]receiver:[ea:f3:28:46:91:6b 192.168.3.243]
06-24 16:04:49.870 0 0 W : [2 T371 .s] [SP FRAME TX] arp req,vif_idx:0 sender:[1c:79:2d:20:62:cb 192.168.3.75]receiver:[00:00:00:00:00:00 192.168.3.240]
06-24 16:04:50.232 0 0 W : [2 T1046 ..] [SP FRAME RX] arp rsp,vif_idx:0 sender:[3c:0a:f3:3b:21:a7 192.168.3.240]receiver:[1c:79:2d:20:62:cb 192.168.3.75]
06-24 16:04:52.759 685 6903 E Transition: Trying to add a ready-group twice: Display{#0 state=ON size=1920x1080 ROTATION_0}
06-24 16:04:52.760 685 6903 I ActivityTaskManager: START u0 {cmp=com.dangbei.lerad.videoposter/.ui.main.foldermanager.FolderDetailActivity (has extras)} with LAUNCH_MULTIPLE from uid 10042 (BAL_ALLOW_VISIBLE_WINDOW) result code=0
06-24 16:04:52.762 901 979 V WindowManagerShell: Transition requested: android.os.BinderProxy@f7e3290 TransitionRequestInfo { type = 1, triggerTask = TaskInfo{userId=0 taskId=155 displayId=0 isRunning=true baseIntent=Intent { act=android.intent.action.MAIN cat=[android.intent.category.LAUNCHER] flg=0x10000000 pkg=com.dangbei.lerad.videoposter cmp=com.dangbei.lerad.videoposter/.ui.splash.SplashActivity } baseActivity=ComponentInfo{com.dangbei.lerad.videoposter/com.dangbei.lerad.videoposter.ui.main.MainActivity} topActivity=ComponentInfo{com.dangbei.lerad.videoposter/com.dangbei.lerad.videoposter.ui.main.foldermanager.FolderDetailActivity} origActivity=null realActivity=ComponentInfo{com.dangbei.lerad.videoposter/com.dangbei.lerad.videoposter.ui.splash.SplashActivity} numActivities=2 lastActiveTime=17700660 supportsMultiWindow=true resizeMode=1 isResizeable=true minWidth=-1 minHeight=-1 defaultMinSize=220 token=WCT{android.window.IWindowContainerToken$Stub$Proxy@7839789} topActivityType=1 pictureInPictureParams=null shouldDockBigOverlays=true launchIntoPipHostTaskId=-1 lastParentTaskIdBeforePip=-1 displayCutoutSafeInsets=null topActivityInfo=ActivityInfo{829738e com.dangbei.lerad.videoposter.ui.main.foldermanager.FolderDetailActivity} launchCookies=[] positionInParent=Point(0, 0) parentTaskId=-1 isFocused=true isVisible=true isVisibleRequested=true isSleeping=false topActivityInSizeCompat=false topActivityEligibleForLetterboxEducation= false isLetterboxDoubleTapEnabled= false topActivityEligibleForUserAspectRatioButton= false topActivityBoundsLetterboxed= false isFromLetterboxDoubleTap= false topActivityLetterboxVerticalPosition= -1 topActivityLetterboxHorizontalPosition= -1 topActivityLetterboxWidth=-1 topActivityLetterboxHeight=-1 isUserFullscreenOverrideEnabled=false isTopActivityTransparent=false locusId=null displayAreaFeatureId=1 cameraCompatControlState=hidden}, remoteTransition = null, displayChange = null, flags = 0 }
06-24 16:04:52.768 685 6903 V WindowManager: app ------------- force_land :0
06-24 16:04:52.768 685 6903 V WindowManager: app ------------- force_land :0
06-24 16:04:52.768 685 6903 V WindowManager: app ------------- force_land :0
06-24 16:04:52.775 685 711 W ProcessStats: Tracking association SourceState{2ed2a5c system/1000 ImpFg #9768} whose proc state 5 is better than process ProcessState{9231bd0 com.android.permissioncontroller/10074 pkg=com.android.permissioncontroller} proc state 15 (16 skipped)
06-24 16:04:52.824 685 2118 W WindowManager: [addWindow] title:com.dangbei.lerad.videoposter/com.dangbei.lerad.videoposter.ui.main.foldermanager.FolderDetailActivity
06-24 16:04:52.824 685 6903 W WindowManager: Failed looking up window session=Session{1fa54f4 30515:u0a10042} callers=com.android.server.wm.WindowManagerService.windowForClientLocked:6077 com.android.server.wm.Session.updateRequestedVisibleTypes:695 android.view.IWindowSession$Stub.onTransact:1034
06-24 16:04:52.831 685 2118 D CoreBackPreview: Window{5366654 u0 com.dangbei.lerad.videoposter/com.dangbei.lerad.videoposter.ui.main.foldermanager.FolderDetailActivity}: Setting back callback OnBackInvokedCallbackInfo{mCallback=android.window.IOnBackInvokedCallback$Stub$Proxy@9e296f2, mPriority=0, mIsAnimationCallback=false}
06-24 16:04:52.872 901 979 V WindowManagerShell: onTransitionReady android.os.BinderProxy@f7e3290: {id=460 t=OPEN f=0x0 trk=0 r=[0@Point(0, 0)] c=[{null m=OPEN f=FILLS_TASK leash=Surface(name=ActivityRecord{fc0ce9a u0 com.dangbei.lerad.videoposter/.ui.main.foldermanager.FolderDetailActivity)/@0x8afa7af sb=Rect(0, 0 - 0, 0) eb=Rect(0, 0 - 1920, 1080) d=-1->0 r=-1->0:-1},{null m=TO_BACK f=FILLS_TASK leash=Surface(name=ActivityRecord{6b37adf u0 com.dangbei.lerad.videoposter/.ui.main.MainActivity)/@0x83be7bc sb=Rect(0, 0 - 1920, 1080) eb=Rect(0, 0 - 1920, 1080) d=0}]}
06-24 16:04:52.872 901 979 V WindowManagerShell: Playing animation for (#460)android.os.BinderProxy@f7e3290@0
06-24 16:04:52.872 901 979 V WindowManagerShell: try handler com.android.wm.shell.keyguard.KeyguardTransitionHandler@24e2028
06-24 16:04:52.872 901 979 V WindowManagerShell: try handler com.android.wm.shell.pip.tv.TvPipTransition@1141
06-24 16:04:52.872 901 979 V WindowManagerShell: try handler com.android.wm.shell.activityembedding.ActivityEmbeddingController@e8f56e6
