06-24 16:06:52.635 0 0 I : [1 T1595 ..] mediaproxy produce msg type :0x40 module_name:aml-vcodec-dec
06-24 16:06:52.638 0 0 I : [0 T1595 ..] deinit session
06-24 16:06:52.638 0 0 I : [0 T1595 ..] deinit session producer-2
06-24 16:06:52.639 0 0 I : [0 T1595 ..] deinit has_unusing_fifo [1]
06-24 16:06:52.639 0 0 I : [3 T98 ..] p_fifo[2] name[aml-vcodec-dec] state[0] to MP_FIFO_UNUSED
06-24 16:06:52.640 0 0 E : [0 T1595 ..] mediaproxy produce init [aml-vcodec-dec]
06-24 16:06:52.641 0 0 I : [0 T1595 ..] Mediaproxy is opened name[aml-vcodec-dec]\n
06-24 16:06:52.641 0 0 I : [0 T1595 ..] Mediaproxy is opened name[aml-vcodec-dec] end\n
06-24 16:06:52.642 0 0 E : [0 T1595 ..] mediaproxy produce start connect
06-24 16:06:52.643 0 0 I : [0 T1595 ..] find p kfifo size:[32][2]
06-24 16:06:52.644 0 0 I : [0 T1595 ..] mediaproxy_get_fifo get idx[2]
06-24 16:06:52.645 0 0 I : [0 T1595 ..] Session producer-2 is connected fifo idx [2]
06-24 16:06:52.646 0 0 E : [0 T1595 ..] mediaproxy produce connect [2]
06-24 16:06:52.646 0 0 I : [0 T1595 ..] mediaproxy produce msg type :0x40 module_name:aml-vcodec-dec
06-24 16:06:52.650 0 0 I [3 T1595 ..] [amlv4l]: [521]: DW:3, TW:0, Margin:5
06-24 16:06:52.651 0 0 I [2 T1587 ..] [amlv4l]: [521]: set vf duration: c80
06-24 16:06:52.652 0 0 D [1 T1601 ..] [amlcom]: vdec_create instance 00000000bdb5fe50, total 1, PM: power-domain
06-24 16:06:52.652 0 0 D [1 T1601 ..] [media_clock]: hevc mux clock is 799999988 Hz
06-24 16:06:52.655 0 0 I [1 T1601 ..] [amlcom]: dos_local_config end, id 3, is_on 1
06-24 16:06:52.656 0 0 I [1 T1601 ..] [amlcom]: vdec_init, dev_name:ammvdec_h265_v4l, vdec_type=VDEC_TYPE_FRAME_BLOCK, format: 11, total: 1
06-24 16:06:52.666 0 0 D [1 T1601 ..] [h265]: [0]pdata->config=parm_v4l_codec_enable:1;parm_v4l_buffer_margin:5;hevc_double_write_mode:3;hevc_triple_write_mode:0;hevc_buf_width:4096;hevc_buf_height:2304;save_buffer_mode:0;parm_v4l_canvas_mem_mode:0;parm_v4l_canvas_mem_endian:0;parm_v4l_low_latency_mode:0;parm_v4l_metadata_config_flag:1050626;parm_v4l_duration:0;dv_profile:0;parm_v4l_error_handle_info:0;
06-24 16:06:52.666 0 0 D [1 T1601 ..] [h265]: [0]discard dv data
06-24 16:06:52.666 0 0 D [1 T1601 ..] [h265]: [0]dv_profile: 0
06-24 16:06:52.666 0 0 D [1 T1601 ..] [h265]: [0]Correction: policy 0x2 mode 2 lcu_percentage_threshold 0
06-24 16:06:52.670 0 0 D [2 T1601 ..] [h265]: [0]dynamic_buf_num_margin=5
06-24 16:06:52.670 0 0 D [2 T1601 ..] [h265]: [0]double_write_mode=3
06-24 16:06:52.670 0 0 D [2 T1601 ..] [h265]: [0]nal_skip_policy=2
06-24 16:06:52.670 0 0 D [2 T1601 ..] [h265]: [0]h265:pts_unstable=0
06-24 16:06:52.670 0 0 D [2 T1601 ..] [h265]: [0]h265: ver (201602101,0) decinfo: 0x0 rate=3600
06-24 16:06:52.672 0 0 D [3 T1601 ..] [h265]: ucode version 4.184, swap enable 1
06-24 16:06:52.672 0 0 D [3 T1601 ..] [media_clock]: hevc mux clock is 799999988 Hz
06-24 16:06:52.672 0 0 D [3 T1601 ..] [amlcom]: hevc video changed to 3840 x 2160 60 fps clk->800MHZ
06-24 16:06:52.684 901 979 V WindowManagerShell: Transition animation finished (aborted=false), notifying core (#464)android.os.BinderProxy@45a799b@0
06-24 16:06:52.689 901 979 V WindowManagerShell: Track 0 became idle
06-24 16:06:52.689 901 979 V WindowManagerShell: All active transition animations finished
06-24 16:06:52.692 685 708 V WindowManager: Finish Transition #464: created at
06-24 16:06:52.071 collect-started=0.086ms request-sent=5.934ms started=7.909ms ready=25.858ms sent=193.65ms finished=614.324ms
06-24 16:06:52.705 0 0 D [2 T240 ..] [h265]: [0]vh265 cached=0 need_size=16384 speed= 36 ms
06-24 16:06:52.705 0 0 D [0 T238 ..] [h265]: set ucode parse
06-24 16:06:52.705 0 0 W : [0 T238 ..] hevc get comp info: 64 1179648 12657
06-24 16:06:52.705 0 0 D [0 T238 ..] [h265]: margin = 5, sps_max_dec_pic_buffering_minus1_0 = 3
06-24 16:06:52.705 0 0 I [0 T238 ..] [amlv4l]: [521]: Parse from ucode, visible(7680 x 4320), coded(7680 x 4352), scan:P, bitdepth(8), DW/TW(3, 0)
06-24 16:06:52.706 0 0 I [1 T1601 ..] [amlv4l]: [521]: Picture buffer count: dec:5, vpp:0, ge2d:0, margin:5, total:10
06-24 16:06:52.708 0 0 D [1 T1601 ..] [amlv4l]: [521]: Post event: res chg
06-24 16:06:52.797 0 0 D [0 T238 ..] [h265]: [0]hevc->performance_profile 1
06-24 16:06:52.797 0 0 D [0 T238 ..] [h265]: [0]set pic_list_init_flag 1
06-24 16:06:52.797 0 0 D [3 T18360 ..] [h265]: [0]init_buf_spec2 7680 4320
06-24 16:06:52.797 0 0 D [3 T18360 ..] [h265]: [0]set pic_list_init_flag to 2
06-24 16:06:52.797 0 0 D [0 T238 ..] [h265]: [0]set pic_list_init_flag to 3
06-24 16:06:52.797 0 0 D [0 T238 ..] [h265]: [vdec_kpi][vh265_isr_thread_fn] First I frame coming.
06-24 16:06:52.845 0 0 D [0 T238 ..] [h265]: [0]VH265: output first frame poc 0
06-24 16:06:52.845 0 0 D [0 T238 ..] [h265]: [0]decoder duration change old: 0 new: 4000
06-24 16:06:52.845 0 0 D [0 T238 ..] [h265]: [vdec_kpi][post_video_frame] First I frame decoded.
06-24 16:06:52.879 0 0 I : [1 T360 ..] di_process_open iminor(inode) =0
06-24 16:06:52.880 0 0 I [1 T360 ..] dim: reg:use[0]ms
06-24 16:06:52.880 0 0 I [1 T360 ..] dim: ins:create:ch[2],tmode[3]
06-24 16:06:52.880 0 0 I [1 T360 ..] dim: out:0x80000000
06-24 16:06:52.885 0 0 E [1 T360 ..] dp: [0]no hdr10+ data.
06-24 16:06:52.885 0 0 E [1 T360 ..] dp: [0]no meta_data.
06-24 16:06:52.885 0 0 E [0 T360 ..] dp: [0]no ud.
06-24 16:06:52.886 0 0 I [2 T108 ..] dim: value reg:ch[2]:fix_buf:0;ponly <0,0> post_nub=5
06-24 16:06:52.886 0 0 I [0 T360 ..] VID: VD1 off
06-24 16:06:52.887 0 0 I [2 T108 ..] dim: di_cnt_i_buf1:tvp:0
06-24 16:06:52.887 0 0 I [1 T360 ..] vc: [0]vc: set enable index=0, val=1
06-24 16:06:52.888 0 0 I [2 T108 ..] dim: di_reg_setting:ch[2]:for first ch reg:
06-24 16:06:52.888 0 0 I [1 T360 ..] VID: VD1 off
06-24 16:06:52.889 0 0 I [2 T108 ..] dim: ch[2]:reg:mem cfg[0][0][0]
06-24 16:06:52.890 0 0 I [1 T360 ..] VID: VD1 set global output as 1
06-24 16:06:52.890 0 0 I [2 T108 ..] dim: ch[2]:bypass change:i:0->1:0x60
06-24 16:06:52.891 0 0 I [1 T360 ..] VID: store VD0 path_id changed -1->2
06-24 16:06:52.892 0 0 I [1 T360 ..] vc: [0]sideband_type =-1
06-24 16:06:52.930 0 0 I [3 T314 ..] dim: pq i:rm 0x1000
06-24 16:06:52.931 0 0 I [3 T314 ..] dim: pq i:rm 0x2000
06-24 16:06:52.935 0 0 I [3 T314 ..] dim: pq i:rm 0x200
06-24 16:06:52.936 0 0 I [3 T314 ..] dim: pq i:rm 0x800
06-24 16:06:53.373 0 0 W [2 T1617 ..] audit: audit_lost=18239 audit_rate_limit=5 audit_backlog_limit=64
06-24 16:06:53.374 0 0 E [2 T1617 ..] audit: rate limit exceeded
06-24 16:06:54.026 0 0 W : [3 T0 .s] [SP FRAME TX] arp req,vif_idx:0 sender:[1c:79:2d:20:62:cb 192.168.3.75]receiver:[00:00:00:00:00:00 192.168.3.36]
06-24 16:06:54.031 0 0 W : [1 T1046 ..] [SP FRAME RX] arp rsp,vif_idx:0 sender:[b6:86:f8:35:d4:28 192.168.3.36]receiver:[1c:79:2d:20:62:cb 192.168.3.75]
06-24 16:06:54.186 0 0 W : [1 T1046 ..] [SP FRAME RX] arp req,vif_idx:0 sender:[b6:86:f8:35:d4:28 192.168.3.36]receiver:[00:00:00:00:00:00 192.168.3.75]
06-24 16:06:54.187 0 0 W : [1 T1046 ..] [SP FRAME TX] arp rsp,vif_idx:0 sender:[1c:79:2d:20:62:cb 192.168.3.75]receiver:[b6:86:f8:35:d4:28 192.168.3.36]
06-24 16:06:54.327 0 0 W : [1 T1046 ..] [SP FRAME RX] arp req,vif_idx:0 sender:[12:3c:2c:e1:84:9f 192.168.3.254]receiver:[00:00:00:00:00:00 192.168.3.75]
06-24 16:06:54.328 0 0 W : [1 T1046 ..] [SP FRAME TX] arp rsp,vif_idx:0 sender:[1c:79:2d:20:62:cb 192.168.3.75]receiver:[12:3c:2c:e1:84:9f 192.168.3.254]
06-24 16:06:54.514 0 0 W : [1 T1046 ..] [SP FRAME RX] arp req,vif_idx:0 sender:[16:8e:6e:17:dc:41 192.168.3.176]receiver:[00:00:00:00:00:00 192.168.3.75]
06-24 16:06:54.515 0 0 W : [1 T1046 ..] [SP FRAME TX] arp rsp,vif_idx:0 sender:[1c:79:2d:20:62:cb 192.168.3.75]receiver:[16:8e:6e:17:dc:41 192.168.3.176]
06-24 16:06:54.538 0 0 W : [1 T0 .s] [SP FRAME TX] arp req,vif_idx:0 sender:[1c:79:2d:20:62:cb 192.168.3.75]receiver:[00:00:00:00:00:00 192.168.3.243]
06-24 16:06:54.539 0 0 W : [1 T0 .s] [SP FRAME TX] arp req,vif_idx:0 sender:[1c:79:2d:20:62:cb 192.168.3.75]receiver:[00:00:00:00:00:00 192.168.3.176]
06-24 16:06:54.541 0 0 W : [1 T0 .s] [SP FRAME TX] arp req,vif_idx:0 sender:[1c:79:2d:20:62:cb 192.168.3.75]receiver:[00:00:00:00:00:00 192.168.3.254]
06-24 16:06:54.544 0 0 W : [1 T1046 ..] [SP FRAME RX] arp rsp,vif_idx:0 sender:[16:8e:6e:17:dc:41 192.168.3.176]receiver:[1c:79:2d:20:62:cb 192.168.3.75]
06-24 16:06:54.547 0 0 W : [1 T1046 ..] [SP FRAME RX] arp rsp,vif_idx:0 sender:[12:3c:2c:e1:84:9f 192.168.3.254]receiver:[1c:79:2d:20:62:cb 192.168.3.75]
06-24 16:06:54.780 0 0 W : [1 T1046 ..] [SP FRAME RX] arp req,vif_idx:0 sender:[ea:f3:28:46:91:6b 192.168.3.243]receiver:[00:00:00:00:00:00 192.168.3.75]
06-24 16:06:54.781 0 0 W : [1 T1046 ..] [SP FRAME TX] arp rsp,vif_idx:0 sender:[1c:79:2d:20:62:cb 192.168.3.75]receiver:[ea:f3:28:46:91:6b 192.168.3.243]
06-24 16:06:54.782 0 0 W : [1 T1046 ..] [SP FRAME RX] arp rsp,vif_idx:0 sender:[ea:f3:28:46:91:6b 192.168.3.243]receiver:[1c:79:2d:20:62:cb 192.168.3.75]
06-24 16:06:55.082 685 1390 E TaskPersister: File error accessing recents directory (directory doesn't exist?).
06-24 16:06:58.849 0 0 W : [2 T12970 ..] [521] H265 EOS notify.
06-24 16:06:58.849 0 0 D [3 T1600 ..] [amlv4l]: [521]: Post event: eos
06-24 16:06:58.849 0 0 I [1 T1601 ..] [amlv4l]: [521]: reset mode: 1, es frames buffering: 0
06-24 16:06:58.850 0 0 D [1 T1601 ..] [h265]: [0]h265:pts_unstable=0
06-24 16:06:58.850 0 0 D [1 T1601 ..] [h265]: [0]h265: ver (201602101,0) decinfo: 0x0 rate=3600
06-24 16:06:58.854 0 0 I [1 T1601 ..] [amlv4l]: [521]: reset mode: 1, es frames buffering: 0
06-24 16:06:58.854 0 0 D [1 T1601 ..] [h265]: [0]h265:pts_unstable=0
06-24 16:06:58.854 0 0 D [1 T1601 ..] [h265]: [0]h265: ver (201602101,0) decinfo: 0x0 rate=3600
06-24 16:06:59.348 901 979 V WindowManagerShell: Transition requested: android.os.BinderProxy@c321d05 TransitionRequestInfo { type = 2, triggerTask = null, remoteTransition = null, displayChange = null, flags = 0 }
06-24 16:06:59.358 0 0 I [3 T1595 ..] [amlv4l]: [521]: reset mode: 1, es frames buffering: 0
06-24 16:06:59.359 0 0 D [3 T1595 ..] [h265]: [0]h265:pts_unstable=0
06-24 16:06:59.359 0 0 D [3 T1595 ..] [h265]: [0]h265: ver (201602101,0) decinfo: 0x0 rate=3600
06-24 16:06:59.365 0 0 D [2 T1595 ..] [amlcom]: vdec_release instance 00000000bdb5fe50, total 1
06-24 16:06:59.366 0 0 I [2 T1595 ..] [amlcom]: dos_local_config end, id 3, is_on 0
06-24 16:06:59.367 0 0 D [2 T1595 ..] [media_clock]: the clk_hevcf_mux clock off, ref cnt: 0
06-24 16:06:59.367 0 0 I : [2 T1595 ..] deinit session
06-24 16:06:59.367 0 0 I : [2 T1595 ..] deinit session producer-2
06-24 16:06:59.367 0 0 I : [2 T1595 ..] deinit has_unusing_fifo [1]
06-24 16:06:59.368 0 0 I : [1 T98 ..] p_fifo[2] name[aml-vcodec-dec] state[0] to MP_FIFO_UNUSED
06-24 16:06:59.368 685 959 V WindowManager: app ------------- force_land :0
06-24 16:06:59.368 685 959 V WindowManager: app ------------- force_land :0
06-24 16:06:59.368 685 959 V WindowManager: app ------------- force_land :0
06-24 16:06:59.426 0 0 I [2 T108 ..] dim: unreg:2keep[0], msk:[0x0,0x0]
06-24 16:06:59.426 0 0 I [2 T108 ..] dim: hf:r:ch[2]:cnt[0]
06-24 16:06:59.427 0 0 I [2 T108 ..] dim: di_unreg_setting:
06-24 16:06:59.430 0 0 I [0 T360 ..] dim: unreg:use[21]ms
06-24 16:06:59.430 0 0 I [0 T360 ..] dim: ins:destroy:ch[2]:end
06-24 16:06:59.431 0 0 I : [0 T360 ..] di process release
06-24 16:06:59.434 0 0 I [2 T360 ..] vc: [0]vc: set enable index=0, val=0
06-24 16:06:59.434 0 0 I [2 T360 ..] VID: store VD0 path_id changed 2->-1
06-24 16:06:59.435 0 0 I [2 T360 ..] VID: VD1 off
06-24 16:06:59.435 0 0 I [2 T360 ..] VID: VD1 set global output as 0
06-24 16:06:59.436 0 0 I : [2 T360 ..] common_vf_unreg_provider video_render.0: vd1 used:true, vd2 used:false, vd3 used:false, f_wait:true (0 0), b_out:0, cur_buf:00000000c149d856
06-24 16:06:59.465 0 0 I [1 T360 ..] dp_put_file_ext: put_file=ffffff807b652500, file_count=7
06-24 16:06:59.462 685 708 V WindowManager: Sent Transition #465 createdAt=06-24 16:06:59.343 via request=TransitionRequestInfo { type = 2, triggerTask = null, remoteTransition = null, displayChange = null, flags = 0 }
06-24 16:06:59.462 901 979 V WindowManagerShell: onTransitionReady android.os.BinderProxy@c321d05: {id=465 t=CLOSE f=0x0 trk=0 r=[0@Point(0, 0)] c=[{null m=CLOSE f=FILLS_TASK leash=Surface(name=ActivityRecord{a3c75d9 u0 com.dangbei.lerad.videoposter/com.dangbei.leradplayer.activity.PlayerActivity)/@0xd0c115a sb=Rect(0, 0 - 1920, 1080) eb=Rect(0, 0 - 1920, 1080) d=0},{null m=TO_FRONT f=FILLS_TASK leash=Surface(name=ActivityRecord{3e10c25 u0 com.dangbei.lerad.videoposter/.ui.main.foldermanager.FolderDetailActivity)/@0x108ff8b sb=Rect(0, 0 - 1920, 1080) eb=Rect(0, 0 - 1920, 1080) d=0}]}
06-24 16:06:59.462 685 708 V WindowManager: startWCT=WindowContainerTransaction { changes = {} hops = [] errorCallbackToken=null taskFragmentOrganizer=null }
06-24 16:06:59.462 901 979 V WindowManagerShell: Playing animation for (#465)android.os.BinderProxy@c321d05@0
06-24 16:06:59.462 901 979 V WindowManagerShell: try handler com.android.wm.shell.keyguard.KeyguardTransitionHandler@24e2028
06-24 16:06:59.462 901 979 V WindowManagerShell: try handler com.android.wm.shell.pip.tv.TvPipTransition@1141
06-24 16:06:59.462 901 979 V WindowManagerShell: try handler com.android.wm.shell.activityembedding.ActivityEmbeddingController@e8f56e6
06-24 16:06:59.462 901 979 V WindowManagerShell: try handler com.android.wm.shell.transition.RemoteTransitionHandler@b664427
06-24 16:06:59.463 901 979 V WindowManagerShell: Transition doesn't have explicit remote, search filters for match for {id=465 t=CLOSE f=0x0 trk=0 r=[0@Point(0, 0)] c=[{null m=CLOSE f=FILLS_TASK leash=Surface(name=ActivityRecord{a3c75d9 u0 com.dangbei.lerad.videoposter/com.dangbei.leradplayer.activity.PlayerActivity)/@0xd0c115a sb=Rect(0, 0 - 1920, 1080) eb=Rect(0, 0 - 1920, 1080) d=0},{null m=TO_FRONT f=FILLS_TASK leash=Surface(name=ActivityRecord{3e10c25 u0 com.dangbei.lerad.videoposter/.ui.main.foldermanager.FolderDetailActivity)/@0x108ff8b sb=Rect(0, 0 - 1920, 1080) eb=Rect(0, 0 - 1920, 1080) d=0}]}
06-24 16:06:59.463 901 979 V WindowManagerShell: Delegate animation for #465 to null
06-24 16:06:59.463 901 979 V WindowManagerShell: try handler com.android.wm.shell.transition.DefaultTransitionHandler@7916d4
06-24 16:06:59.463 901 979 V WindowManagerShell: start default transition animation, info = {id=465 t=CLOSE f=0x0 trk=0 r=[0@Point(0, 0)] c=[{null m=CLOSE f=FILLS_TASK leash=Surface(name=ActivityRecord{a3c75d9 u0 com.dangbei.lerad.videoposter/com.dangbei.leradplayer.activity.PlayerActivity)/@0xd0c115a sb=Rect(0, 0 - 1920, 1080) eb=Rect(0, 0 - 1920, 1080) d=0},{null m=TO_FRONT f=FILLS_TASK leash=Surface(name=ActivityRecord{3e10c25 u0 com.dangbei.lerad.videoposter/.ui.main.foldermanager.FolderDetailActivity)/@0x108ff8b sb=Rect(0, 0 - 1920, 1080) eb=Rect(0, 0 - 1920, 1080) d=0}]}
06-24 16:06:59.464 685 708 V WindowManager: info={id=465 t=CLOSE f=0x0 trk=0 r=[0@Point(0, 0)] c=[{null m=CLOSE f=FILLS_TASK leash=Surface(name=ActivityRecord{a3c75d9 u0 com.dangbei.lerad.videoposter/com.dangbei.leradplayer.activity.PlayerActivity)/@0x4fb0950 sb=Rect(0, 0 - 1920, 1080) eb=Rect(0, 0 - 1920, 1080) d=0},{null m=TO_FRONT f=FILLS_TASK leash=Surface(name=ActivityRecord{3e10c25 u0 com.dangbei.lerad.videoposter/.ui.main.foldermanager.FolderDetailActivity)/@0x8a07652 sb=Rect(0, 0 - 1920, 1080) eb=Rect(0, 0 - 1920, 1080) d=0}]}
06-24 16:06:59.465 901 979 V WindowManagerShell: loadAnimation: anim=android.view.animation.AlphaAnimation@6060967 animAttr=0x6 type=CLOSE isEntrance=true
06-24 16:06:59.465 901 979 V WindowManagerShell: loadAnimation: anim=android.view.animation.AlphaAnimation@f2be7bd animAttr=0x7 type=CLOSE isEntrance=false
06-24 16:06:59.467 901 979 V WindowManagerShell: animated by com.android.wm.shell.transition.DefaultTransitionHandler@7916d4
06-24 16:06:59.470 685 711 W ProcessStats: Tracking association SourceState{2ed2a5c system/1000 ImpFg #9867} whose proc state 5 is better than process ProcessState{9231bd0 com.android.permissioncontroller/10074 pkg=com.android.permissioncontroller} proc state 15 (5 skipped)
06-24 16:06:59.472 901 979 D WindowManagerShell: TvPipController: onTaskStackChanged()
06-24 16:06:59.490 0 0 I [2 T265 ..] dp_buf: [0:521]di buf_mgr free
06-24 16:06:59.509 685 709 W ContextImpl: Calling a method in the system process without a qualified user: android.app.ContextImpl.startService:1899 com.android.server.wm.DisplayPolicy.lambda$focusChangedLw$5:2126 com.android.server.wm.DisplayPolicy.$r8$lambda$Znxk63oh-WzVnzo_WQefN7uxV48:0 com.android.server.wm.DisplayPolicy$$ExternalSyntheticLambda13.run:0 android.os.Handler.handleCallback:958
06-24 16:06:59.876 901 979 V WindowManagerShell: Transition animation finished (aborted=false), notifying core (#465)android.os.BinderProxy@c321d05@0
06-24 16:06:59.879 685 708 V WindowManager: Finish Transition #465: created at
06-24 16:06:59.343 collect-started=0.072ms request-sent=0.148ms started=5.793ms ready=26.309ms sent=117.058ms finished=535.61ms
06-24 16:06:59.881 901 979 V WindowManagerShell: Track 0 became idle
06-24 16:06:59.881 901 979 V WindowManagerShell: All active transition animations finished
06-24 16:06:59.908 685 11707 D CoreBackPreview: Window{793034d u0 com.dangbei.lerad.videoposter/com.dangbei.leradplayer.activity.PlayerActivity}: Setting back callback null
06-24 16:07:02.922 685 1390 E TaskPersister: File error accessing recents directory (directory doesn't exist?).
06-24 16:07:04.305 685 28310 E Transition: Trying to add a ready-group twice: Display{#0 state=ON size=1920x1080 ROTATION_0}
06-24 16:07:04.306 685 28310 I ActivityTaskManager: START u0 {dat= cmp=com.dangbei.lerad.videoposter/com.dangbei.leradplayer.activity.PlayerActivity (has extras)} with LAUNCH_SINGLE_TASK from uid 10042 (BAL_ALLOW_VISIBLE_WINDOW) result code=0
06-24 16:07:04.306 901 979 V WindowManagerShell: Transition requested: android.os.BinderProxy@4b442b9 TransitionRequestInfo { type = 1, triggerTask = TaskInfo{userId=0 taskId=155 displayId=0 isRunning=true baseIntent=Intent { act=android.intent.action.MAIN cat=[android.intent.category.LAUNCHER] flg=0x10000000 pkg=com.dangbei.lerad.videoposter cmp=com.dangbei.lerad.videoposter/.ui.splash.SplashActivity } baseActivity=ComponentInfo{com.dangbei.lerad.videoposter/com.dangbei.lerad.videoposter.ui.main.MainActivity} topActivity=ComponentInfo{com.dangbei.lerad.videoposter/com.dangbei.leradplayer.activity.PlayerActivity} origActivity=null realActivity=ComponentInfo{com.dangbei.lerad.videoposter/com.dangbei.lerad.videoposter.ui.splash.SplashActivity} numActivities=4 lastActiveTime=17832205 supportsMultiWindow=true resizeMode=1 isResizeable=true minWidth=-1 minHeight=-1 defaultMinSize=220 token=WCT{android.window.IWindowContainerToken$Stub$Proxy@12af6fe} topActivityType=1 pictureInPictureParams=null shouldDockBigOverlays=true launchIntoPipHostTaskId=-1 lastParentTaskIdBeforePip=-1 displayCutoutSafeInsets=null topActivityInfo=ActivityInfo{d00be5f com.dangbei.leradplayer.activity.PlayerActivity} launchCookies=[] positionInParent=Point(0, 0) parentTaskId=-1 isFocused=true isVisible=true isVisibleRequested=true isSleeping=false topActivityInSizeCompat=false topActivityEligibleForLetterboxEducation= false isLetterboxDoubleTapEnabled= false topActivityEligibleForUserAspectRatioButton= false topActivityBoundsLetterboxed= false isFromLetterboxDoubleTap= false topActivityLetterboxVerticalPosition= -1 topActivityLetterboxHorizontalPosition= -1 topActivityLetterboxWidth=-1 topActivityLetterboxHeight=-1 isUserFullscreenOverrideEnabled=false isTopActivityTransparent=false locusId=null displayAreaFeatureId=1 cameraCompatControlState=hidden}, remoteTransition = null, displayChange = null, flags = 0 }
06-24 16:07:04.317 685 700 V WindowManager: app ------------- force_land :0
06-24 16:07:04.386 685 28310 W WindowManager: [addWindow] title:com.dangbei.lerad.videoposter/com.dangbei.leradplayer.activity.PlayerActivity
06-24 16:07:04.386 685 700 W WindowManager: Failed looking up window session=Session{1fa54f4 30515:u0a10042} callers=com.android.server.wm.WindowManagerService.windowForClientLocked:6077 com.android.server.wm.Session.updateRequestedVisibleTypes:695 android.view.IWindowSession$Stub.onTransact:1034
06-24 16:07:04.393 685 700 D CoreBackPreview: Window{e29d3a4 u0 com.dangbei.lerad.videoposter/com.dangbei.leradplayer.activity.PlayerActivity}: Setting back callback OnBackInvokedCallbackInfo{mCallback=android.window.IOnBackInvokedCallback$Stub$Proxy@21c8cc2, mPriority=0, mIsAnimationCallback=false}
06-24 16:07:04.419 0 0 W : [1 T1046 ..] [SP FRAME RX] DHCP[0 1], vif_idx:0
06-24 16:07:04.421 901 979 D WindowManagerShell: TvPipController: onTaskStackChanged()
06-24 16:07:04.433 901 979 V WindowManagerShell: onTransitionReady android.os.BinderProxy@4b442b9: {id=466 t=OPEN f=0x0 trk=0 r=[0@Point(0, 0)] c=[{null m=OPEN f=FILLS_TASK leash=Surface(name=ActivityRecord{12eba3f u0 com.dangbei.lerad.videoposter/com.dangbei.leradplayer.activity.PlayerActivity)/@0xfcc30ac sb=Rect(0, 0 - 0, 0) eb=Rect(0, 0 - 1920, 1080) d=-1->0 r=-1->0:-1},{null m=TO_BACK f=FILLS_TASK leash=Surface(name=ActivityRecord{3e10c25 u0 com.dangbei.lerad.videoposter/.ui.main.foldermanager.FolderDetailActivity)/@0x1cd5175 sb=Rect(0, 0 - 1920, 1080) eb=Rect(0, 0 - 1920, 1080) d=0}]}
06-24 16:07:04.433 901 979 V WindowManagerShell: Playing animation for (#466)android.os.BinderProxy@4b442b9@0
06-24 16:07:04.433 901 979 V WindowManagerShell: try handler com.android.wm.shell.keyguard.KeyguardTransitionHandler@24e2028
06-24 16:07:04.433 901 979 V WindowManagerShell: try handler com.android.wm.shell.pip.tv.TvPipTransition@1141
06-24 16:07:04.433 901 979 V WindowManagerShell: try handler com.android.wm.shell.activityembedding.ActivityEmbeddingController@e8f56e6
06-24 16:07:04.433 901 979 V WindowManagerShell: try handler com.android.wm.shell.transition.RemoteTransitionHandler@b664427
06-24 16:07:04.433 901 979 V WindowManagerShell: Transition doesn't have explicit remote, search filters for match for {id=466 t=OPEN f=0x0 trk=0 r=[0@Point(0, 0)] c=[{null m=OPEN f=FILLS_TASK leash=Surface(name=ActivityRecord{12eba3f u0 com.dangbei.lerad.videoposter/com.dangbei.leradplayer.activity.PlayerActivity)/@0xfcc30ac sb=Rect(0, 0 - 0, 0) eb=Rect(0, 0 - 1920, 1080) d=-1->0 r=-1->0:-1},{null m=TO_BACK f=FILLS_TASK leash=Surface(name=ActivityRecord{3e10c25 u0 com.dangbei.lerad.videoposter/.ui.main.foldermanager.FolderDetailActivity)/@0x1cd5175 sb=Rect(0, 0 - 1920, 1080) eb=Rect(0, 0 - 1920, 1080) d=0}]}
06-24 16:07:04.433 685 708 V WindowManager: Sent Transition #466 createdAt=06-24 16:07:04.299 via request=TransitionRequestInfo { type = 1, triggerTask = TaskInfo{userId=0 taskId=155 displayId=0 isRunning=true baseIntent=Intent { act=android.intent.action.MAIN cat=[android.intent.category.LAUNCHER] flg=0x10000000 pkg=com.dangbei.lerad.videoposter cmp=com.dangbei.lerad.videoposter/.ui.splash.SplashActivity } baseActivity=ComponentInfo{com.dangbei.lerad.videoposter/com.dangbei.lerad.videoposter.ui.main.MainActivity} topActivity=ComponentInfo{com.dangbei.lerad.videoposter/com.dangbei.leradplayer.activity.PlayerActivity} origActivity=null realActivity=ComponentInfo{com.dangbei.lerad.videoposter/com.dangbei.lerad.videoposter.ui.splash.SplashActivity} numActivities=4 lastActiveTime=17832205 supportsMultiWindow=true resizeMode=1 isResizeable=true minWidth=-1 minHeight=-1 defaultMinSize=220 token=WCT{RemoteToken{b9952fc Task{f68dbb8 #155 type=standard A=10042:com.dangbei.lerad.videoposter}}} topActivityType=1 pictureInPictureParams=null shouldDockBigOverlays=true launchIntoPipHostTaskId=-1 lastParentTaskIdBeforePip=-1 displayCutoutSafeInsets=null topActivityInfo=ActivityInfo{74c2509 com.dangbei.leradplayer.activity.PlayerActivity} launchCookies=[] positionInParent=Point(0, 0) parentTaskId=-1 isFocused=true isVisible=true isVisibleRequested=true isSleeping=false topActivityInSizeCompat=false topActivityEligibleForLetterboxEducation= false isLetterboxDoubleTapEnabled= false topActivityEligibleForUserAspectRatioButton= false topActivityBoundsLetterboxed= false isFromLetterboxDoubleTap= false topActivityLetterboxVerticalPosition= -1 topActivityLetterboxHorizontalPosition= -1 topActivityLetterboxWidth=-1 topActivityLetterboxHeight=-1 isUserFullscreenOverrideEnabled=false isTopActivityTransparent=false locusId=null displayAreaFeatureId=1 cameraCompatControlState=hidden}, remoteTransition = null, displayChange = null, flags = 0 }
06-24 16:07:04.433 901 979 V WindowManagerShell: Delegate animation for #466 to null
06-24 16:07:04.433 901 979 V WindowManagerShell: try handler com.android.wm.shell.transition.DefaultTransitionHandler@7916d4
06-24 16:07:04.433 685 708 V WindowManager: startWCT=WindowContainerTransaction { changes = {} hops = [] errorCallbackToken=null taskFragmentOrganizer=null }
06-24 16:07:04.433 901 979 V WindowManagerShell: start default transition animation, info = {id=466 t=OPEN f=0x0 trk=0 r=[0@Point(0, 0)] c=[{null m=OPEN f=FILLS_TASK leash=Surface(name=ActivityRecord{12eba3f u0 com.dangbei.lerad.videoposter/com.dangbei.leradplayer.activity.PlayerActivity)/@0xfcc30ac sb=Rect(0, 0 - 0, 0) eb=Rect(0, 0 - 1920, 1080) d=-1->0 r=-1->0:-1},{null m=TO_BACK f=FILLS_TASK leash=Surface(name=ActivityRecord{3e10c25 u0 com.dangbei.lerad.videoposter/.ui.main.foldermanager.FolderDetailActivity)/@0x1cd5175 sb=Rect(0, 0 - 1920, 1080) eb=Rect(0, 0 - 1920, 1080) d=0}]}
06-24 16:07:04.433 685 708 V WindowManager: info={id=466 t=OPEN f=0x0 trk=0 r=[0@Point(0, 0)] c=[{null m=OPEN f=FILLS_TASK leash=Surface(name=ActivityRecord{12eba3f u0 com.dangbei.lerad.videoposter/com.dangbei.leradplayer.activity.PlayerActivity)/@0x9173ad3 sb=Rect(0, 0 - 0, 0) eb=Rect(0, 0 - 1920, 1080) d=-1->0 r=-1->0:-1},{null m=TO_BACK f=FILLS_TASK leash=Surface(name=ActivityRecord{3e10c25 u0 com.dangbei.lerad.videoposter/.ui.main.foldermanager.FolderDetailActivity)/@0x8a07652 sb=Rect(0, 0 - 1920, 1080) eb=Rect(0, 0 - 1920, 1080) d=0}]}
06-24 16:07:04.435 901 979 V WindowManagerShell: loadAnimation: anim=android.view.animation.AlphaAnimation@f2e8ff1 animAttr=0x5 type=OPEN isEntrance=false
06-24 16:07:04.435 901 979 V WindowManagerShell: loadAnimation: anim=android.view.animation.AlphaAnimation@90e1a57 animAttr=0x4 type=OPEN isEntrance=true
06-24 16:07:04.437 901 979 V WindowManagerShell: animated by com.android.wm.shell.transition.DefaultTransitionHandler@7916d4
06-24 16:07:04.499 685 709 W ContextImpl: Calling a method in the system process without a qualified user: android.app.ContextImpl.startService:1899 com.android.server.wm.DisplayPolicy.lambda$focusChangedLw$5:2126 com.android.server.wm.DisplayPolicy.$r8$lambda$Znxk63oh-WzVnzo_WQefN7uxV48:0 com.android.server.wm.DisplayPolicy$$ExternalSyntheticLambda13.run:0 android.os.Handler.handleCallback:958
06-24 16:07:04.636 0 0 W : [1 T1046 ..] [SP FRAME RX] DHCP[0 1], vif_idx:0
06-24 16:07:04.783 0 0 E : [2 T1757 ..] mediaproxy produce init [aml-vcodec-dec]
06-24 16:07:04.783 0 0 I : [2 T1757 ..] Mediaproxy is opened name[aml-vcodec-dec]\n
06-24 16:07:04.783 0 0 I : [2 T1757 ..] Mediaproxy is opened name[aml-vcodec-dec] end\n
06-24 16:07:04.784 0 0 E : [2 T1757 ..] mediaproxy produce start connect
06-24 16:07:04.785 0 0 I : [2 T1757 ..] find p kfifo size:[32][2]
06-24 16:07:04.786 0 0 I : [2 T1757 ..] mediaproxy_get_fifo get idx[2]
06-24 16:07:04.787 0 0 I : [2 T1757 ..] Session producer-2 is connected fifo idx [2]
06-24 16:07:04.788 0 0 E : [2 T1757 ..] mediaproxy produce connect [2]
06-24 16:07:04.788 0 0 I : [2 T1757 ..] mediaproxy produce msg type :0x40 module_name:aml-vcodec-dec
06-24 16:07:04.791 0 0 I : [3 T1757 ..] deinit session
06-24 16:07:04.791 0 0 I : [3 T1757 ..] deinit session producer-2
06-24 16:07:04.791 0 0 I : [3 T1757 ..] deinit has_unusing_fifo [1]
06-24 16:07:04.793 0 0 I : [2 T98 ..] p_fifo[2] name[aml-vcodec-dec] state[0] to MP_FIFO_UNUSED
06-24 16:07:04.794 0 0 E : [2 T1757 ..] mediaproxy produce init [aml-vcodec-dec]
06-24 16:07:04.794 0 0 I : [2 T1757 ..] Mediaproxy is opened name[aml-vcodec-dec]\n
06-24 16:07:04.794 0 0 I : [2 T1757 ..] Mediaproxy is opened name[aml-vcodec-dec] end\n
06-24 16:07:04.795 0 0 E : [2 T1757 ..] mediaproxy produce start connect
06-24 16:07:04.796 0 0 I : [2 T1757 ..] find p kfifo size:[32][2]
06-24 16:07:04.797 0 0 I : [2 T1757 ..] mediaproxy_get_fifo get idx[2]
06-24 16:07:04.797 0 0 I : [2 T1757 ..] Session producer-2 is connected fifo idx [2]
06-24 16:07:04.798 0 0 E : [2 T1757 ..] mediaproxy produce connect [2]
06-24 16:07:04.799 0 0 I : [2 T1757 ..] mediaproxy produce msg type :0x40 module_name:aml-vcodec-dec
06-24 16:07:04.800 0 0 I : [3 T1757 ..] deinit session
06-24 16:07:04.800 0 0 I : [3 T1757 ..] deinit session producer-2
06-24 16:07:04.801 0 0 I : [3 T1757 ..] deinit has_unusing_fifo [1]
06-24 16:07:04.802 0 0 I : [1 T98 ..] p_fifo[2] name[aml-vcodec-dec] state[0] to MP_FIFO_UNUSED
06-24 16:07:04.803 0 0 I : [3 T1757 ..] codec mem info:
06-24 16:07:04.803 0 0 I : [3 T1757 ..] total codec mem size:364 MB
06-24 16:07:04.804 0 0 I : [3 T1757 ..] alloced size= 0 MB
06-24 16:07:04.804 0 0 I : [3 T1757 ..] max alloced: 119 MB
06-24 16:07:04.805 0 0 I [3 T1757 ..] CMA: 0,RES:0,TVP:0,SYS:0,COHER:0,VMAPED:0 MB
06-24 16:07:04.805 0 0 I [3 T1757 ..] RES_EXT: 0 MB
06-24 16:07:04.806 0 0 I : [3 T1757 ..] [4]CMA size:364 MB:alloced: 0 MB,free:364 MB
06-24 16:07:04.807 0 0 I : [3 T1757 ..] codec mem info:
06-24 16:07:04.807 0 0 I : [3 T1757 ..] total codec mem size:364 MB
06-24 16:07:04.808 0 0 I : [3 T1757 ..] alloced size= 0 MB
06-24 16:07:04.808 0 0 I : [3 T1757 ..] max alloced: 119 MB
06-24 16:07:04.809 0 0 I [3 T1757 ..] CMA: 0,RES:0,TVP:0,SYS:0,COHER:0,VMAPED:0 MB
06-24 16:07:04.810 0 0 I [3 T1757 ..] RES_EXT: 0 MB
06-24 16:07:04.812 0 0 I : [3 T1757 ..] [4]CMA size:364 MB:alloced: 0 MB,free:364 MB
06-24 16:07:04.813 0 0 E : [2 T1766 ..] mediaproxy produce init [aml-vcodec-dec]
06-24 16:07:04.813 0 0 I : [2 T1766 ..] Mediaproxy is opened name[aml-vcodec-dec]\n
06-24 16:07:04.813 0 0 I : [2 T1766 ..] Mediaproxy is opened name[aml-vcodec-dec] end\n
06-24 16:07:04.814 0 0 E : [2 T1766 ..] mediaproxy produce start connect
06-24 16:07:04.815 0 0 I : [2 T1766 ..] find p kfifo size:[32][2]
06-24 16:07:04.816 0 0 I : [2 T1766 ..] mediaproxy_get_fifo get idx[2]
06-24 16:07:04.817 0 0 I : [2 T1766 ..] Session producer-2 is connected fifo idx [2]
06-24 16:07:04.817 0 0 E : [2 T1766 ..] mediaproxy produce connect [2]
06-24 16:07:04.818 0 0 I : [2 T1766 ..] mediaproxy produce msg type :0x40 module_name:aml-vcodec-dec
06-24 16:07:04.826 0 0 I : [2 T1766 ..] deinit session
06-24 16:07:04.826 0 0 I : [2 T1766 ..] deinit session producer-2
06-24 16:07:04.827 0 0 I : [2 T1766 ..] deinit has_unusing_fifo [1]
06-24 16:07:04.827 0 0 I : [1 T98 ..] p_fifo[2] name[aml-vcodec-dec] state[0] to MP_FIFO_UNUSED
06-24 16:07:04.830 0 0 E : [2 T1766 ..] mediaproxy produce init [aml-vcodec-dec]
06-24 16:07:04.830 0 0 I : [2 T1766 ..] Mediaproxy is opened name[aml-vcodec-dec]\n
06-24 16:07:04.830 0 0 I : [2 T1766 ..] Mediaproxy is opened name[aml-vcodec-dec] end\n
06-24 16:07:04.831 0 0 E : [2 T1766 ..] mediaproxy produce start connect
06-24 16:07:04.833 0 0 I : [2 T1766 ..] find p kfifo size:[32][2]
06-24 16:07:04.833 0 0 I : [2 T1766 ..] mediaproxy_get_fifo get idx[2]
06-24 16:07:04.834 0 0 I : [2 T1766 ..] Session producer-2 is connected fifo idx [2]
06-24 16:07:04.835 0 0 E : [2 T1766 ..] mediaproxy produce connect [2]
06-24 16:07:04.835 0 0 I : [2 T1766 ..] mediaproxy produce msg type :0x40 module_name:aml-vcodec-dec
06-24 16:07:04.837 0 0 I [2 T1766 ..] [amlv4l]: [525]: DW:10, TW:0, Margin:6
06-24 16:07:04.840 0 0 D [1 T1783 ..] [amlcom]: vdec_create instance 000000005335b874, total 1, PM: power-domain
06-24 16:07:04.840 0 0 D [1 T1783 ..] [media_clock]: vdec mux clock is 799999988 Hz
06-24 16:07:04.841 0 0 I [1 T1783 ..] [amlcom]: dos_local_config end, id 0, is_on 1
06-24 16:07:04.841 0 0 I [1 T1783 ..] [amlcom]: vdec_init, dev_name:ammvdec_h264_v4l, vdec_type=VDEC_TYPE_FRAME_BLOCK, format: 2, total: 1
06-24 16:07:04.844 0 0 D [1 T1783 ..] [h264]: 0: pdata->config=parm_v4l_codec_enable:1;mh264_double_write_mode:16;parm_v4l_buffer_margin:6;parm_v4l_canvas_mem_mode:0;parm_v4l_canvas_mem_endian:0;parm_v4l_low_latency_mode:0;parm_v4l_metadata_config_flag:1050626;parm_v4l_duration:0;parm_v4l_error_handle_info:0;
06-24 16:07:04.844 0 0 D [1 T1783 ..] [h264]: 0: ammvdec_h264_probe error_proc_policy 0x813fcff7 mb_count_threshold 0
06-24 16:07:04.844 0 0 D [1 T1783 ..] [h264]: ammvdec_h264_bmmu_init tvp = 0x0
06-24 16:07:04.848 0 0 D [2 T1783 ..] [media_clock]: vdec mux clock is 799999988 Hz
06-24 16:07:04.850 0 0 D [2 T1783 ..] [h264]: vh264_init, phy_addr=cee29000 vaddr=000000001878fec1
06-24 16:07:04.851 0 0 I [2 T1757 ..] [amlv4l]: [525]: set vf duration: c80
06-24 16:07:04.846 901 979 V WindowManagerShell: Transition animation finished (aborted=false), notifying core (#466)android.os.BinderProxy@4b442b9@0
06-24 16:07:04.859 901 979 V WindowManagerShell: Track 0 became idle
06-24 16:07:04.860 901 979 V WindowManagerShell: All active transition animations finished
06-24 16:07:04.860 685 708 V WindowManager: Finish Transition #466: created at
06-24 16:07:04.299 collect-started=0.064ms request-sent=5.978ms started=7.845ms ready=21.324ms sent=132.001ms finished=548.473ms
06-24 16:07:04.916 0 0 D [0 T18360 ..] [h264]: 0: vmh264_get_ps_info mmu_enable 0 double_write_mode 0x10
06-24 16:07:04.916 0 0 I [0 T18360 ..] [amlv4l]: [525]: Parse from ucode, visible(1920 x 1080), coded(1920 x 1088), scan:I, bitdepth(0), dw(10)
06-24 16:07:04.917 0 0 I [0 T1783 ..] [amlv4l]: [525]: Picture buffer count: dec:5, vpp:0, ge2d:0, margin:3, total:24
06-24 16:07:04.918 0 0 D [0 T1783 ..] [amlv4l]: [525]: Post event: res chg
06-24 16:07:04.921 0 0 I [1 T1757 ..] [amlv4l]: [525]: DW:10, TW:0, Margin:6
06-24 16:07:04.935 0 0 D [2 T18360 ..] [h264]: 0: restriction_flag=0, max_dec_frame_buffering=4, dec_dpb_size=5 num_reorder_frames 1 used_reorder_dpb_size_margin 6
06-24 16:07:04.949 0 0 D [0 T239 ..] [h264]: 0: decoder duration change old: 0 new: 3203
06-24 16:07:04.959 0 0 I [3 T1783 ..] [amlv4l]: [525]: set vf duration: c83
06-24 16:07:05.041 0 0 I : [2 T360 ..] di_process_open iminor(inode) =0
06-24 16:07:05.042 0 0 I [1 T360 ..] dim: reg:use[0]ms
06-24 16:07:05.042 0 0 I [1 T360 ..] dim: ins:create:ch[2],tmode[3]
06-24 16:07:05.043 0 0 I [2 T360 ..] dim: out:0x80000000
06-24 16:07:05.056 0 0 E [2 T360 ..] dp: [0]no hdr10+ data.
06-24 16:07:05.056 0 0 E [2 T360 ..] dp: [0]no meta_data.
06-24 16:07:05.057 0 0 E [1 T360 ..] dp: [0]invalid ud param.
06-24 16:07:05.057 0 0 I [2 T108 ..] dim: value reg:ch[2]:fix_buf:0;ponly <0,0> post_nub=5
06-24 16:07:05.057 0 0 I [1 T360 ..] VID: VD1 off
06-24 16:07:05.058 0 0 I [2 T108 ..] dim: di_cnt_i_buf1:tvp:0
06-24 16:07:05.059 0 0 I [1 T360 ..] vc: [0]vc: set enable index=0, val=1
06-24 16:07:05.059 0 0 I [2 T108 ..] dim: di_reg_setting:ch[2]:for first ch reg:
06-24 16:07:05.060 0 0 I [1 T360 ..] VID: VD1 off
06-24 16:07:05.061 0 0 I [2 T108 ..] dim: ch[2]:reg:mem cfg[0][0][0]
06-24 16:07:05.061 0 0 I [1 T360 ..] VID: VD1 set global output as 1
06-24 16:07:05.062 0 0 I [1 T360 ..] VID: store VD0 path_id changed -1->2
06-24 16:07:05.063 0 0 I [1 T360 ..] vc: [0]sideband_type =-1
06-24 16:07:05.107 0 0 I [2 T108 ..] dim: pre cfg:ch[2]:17533000ms 1th source change:1920:0
06-24 16:07:05.107 0 0 I [2 T108 ..] dim: source change:0x0/0/0/0=>0x89/1920/1080/0
06-24 16:07:05.110 0 0 I [2 T108 ..] dim: pre cfg:ch[2]:17533004ms 2th source change:1920:0
06-24 16:07:05.110 0 0 I [2 T108 ..] dim: source change:0x89/1920/1080/0=>0x88/1920/540/0
06-24 16:07:05.111 0 0 I [2 T108 ..] dim: ch[2]:bypass change:i:0->1:0x60
06-24 16:07:05.141 0 0 I [2 T108 ..] dim: pre cfg:ch[2]:17533032ms 3th source change:1920:8
06-24 16:07:05.141 0 0 I [2 T108 ..] dim: source change:0x88/1920/540/0=>0x89/1920/1080/0
06-24 16:07:05.142 0 0 I [2 T108 ..] dim: ch[2]:bypass change:i:1->0:0x0
06-24 16:07:05.513 0 0 W : [1 T1046 ..] [SP FRAME RX] DHCP[0 1], vif_idx:0
06-24 16:07:07.082 0 0 W : [3 T12970 ..] [aml_send_sync_trace 4388] sync token[64019]
06-24 16:07:07.082 0 0 W : [3 T12970 ..] >>> aml_send_msg()
06-24 16:07:07.083 0 0 W : [2 T1041 ..] ipc_sdio_host_msgack_handler 000000004575f58c
06-24 16:07:07.084 0 0 W : [2 T1041 ..] [aml_msgackind 2039] msg ack hostid=0xffffff807b555680
06-24 16:07:07.085 0 0 W : [2 T1041 ..] [cmd_mgr_llind 329] cmd tkn[451] flags:0008 result: -4 cmd: 105-MM_SYNC_TRACE - reqcfm( 0-none)
06-24 16:07:07.086 0 0 W : [2 T1041 ..] [cmd_complete 65] cmd tkn[451] flags:0000 result: -4 cmd: 105-MM_SYNC_TRACE - reqcfm( 0-none)
06-24 16:07:07.310 685 1390 E TaskPersister: File error accessing recents directory (directory doesn't exist?).
06-24 16:07:08.624 0 0 W : [2 T1046 ..] [SP FRAME RX] DHCP[0 1], vif_idx:0
06-24 16:07:09.749 0 0 W : [2 T1046 ..] [SP FRAME RX] DHCP[0 1], vif_idx:0
06-24 16:07:11.931 685 718 D ActivityManager: sync unfroze 30169 com.qq.cleaning for 3
06-24 16:07:12.807 0 0 W [2 T1889 ..] audit: audit_lost=18247 audit_rate_limit=5 audit_backlog_limit=64
06-24 16:07:12.807 0 0 E [2 T1889 ..] audit: rate limit exceeded
06-24 16:07:12.826 0 0 W : [3 T1046 ..] [SP FRAME RX] DHCP[0 1], vif_idx:0
06-24 16:07:14.210 0 0 D [0 T239 ..] [amlv4l]: [525]: Post event: frame err
06-24 16:07:14.210 0 0 D [0 T239 ..] [amlv4l]: [525]: Post event: frame err
06-24 16:07:14.210 0 0 D [0 T239 ..] [amlv4l]: [525]: Post event: frame err
06-24 16:07:14.210 0 0 D [0 T239 ..] [amlv4l]: [525]: Post event: frame err
06-24 16:07:14.210 0 0 D [3 T240 ..] [amlcom]: vdec_save_input_context, disconnecting
06-24 16:07:14.210 0 0 I [2 T1783 ..] [amlv4l]: [525]: reset mode: 1, es frames buffering: 1
06-24 16:07:14.212 0 0 I [0 T1783 ..] [amlv4l]: [525]: reset mode: 1, es frames buffering: 0
06-24 16:07:14.224 0 0 I [0 T1783 ..] dp_buf: [0:525]q_checkin ref dec fail
06-24 16:07:14.224 0 0 I [0 T1783 ..] dp_buf: [0:525]q_checkin ref dec fail
06-24 16:07:14.225 0 0 I [0 T1783 ..] dp_buf: [0:525]q_checkin ref dec fail
06-24 16:07:14.225 0 0 I [0 T1783 ..] dp_buf: [0:525]q_checkin ref dec fail
06-24 16:07:14.227 0 0 I [0 T1783 ..] dp_buf: [0:525]q_checkin ref dec fail
06-24 16:07:14.227 0 0 I [0 T1783 ..] dp_buf: [0:525]q_checkin ref dec fail
06-24 16:07:14.229 0 0 I [0 T1783 ..] dp_buf: [0:525]q_checkin ref dec fail
06-24 16:07:14.230 0 0 I [0 T1783 ..] dp_buf: [0:525]q_checkin ref dec fail
06-24 16:07:14.232 0 0 D [0 T239 ..] [amlv4l]: [525]: Post event: frame err
06-24 16:07:14.488 0 0 W [3 T27408 ..] audit: audit_lost=18249 audit_rate_limit=5 audit_backlog_limit=64
06-24 16:07:14.489 0 0 E [3 T27408 ..] audit: rate limit exceeded
06-24 16:07:17.224 685 959 I NotificationService: cancelToast pkg=com.dangbei.lerad.videoposter token=android.os.BinderProxy@df9d1ab
06-24 16:07:17.224 685 959 W NotificationService: Toast already cancelled. pkg=com.dangbei.lerad.videoposter token=android.os.BinderProxy@df9d1ab
06-24 16:07:17.231 685 700 W WindowManager: [addWindow] title:Toast
06-24 16:07:17.252 685 959 D CoreBackPreview: Window{bc98c5d u0 Toast}: Setting back callback OnBackInvokedCallbackInfo{mCallback=android.window.IOnBackInvokedCallback$Stub$Proxy@901b1a0, mPriority=0, mIsAnimationCallback=false}
06-24 16:07:17.355 685 709 D AutofillManagerService: onBackKeyPressed()
06-24 16:07:18.030 0 0 I [3 T1783 ..] [amlv4l]: [525]: reset mode: 1, es frames buffering: 2
06-24 16:07:18.032 0 0 I [0 T1783 ..] [amlv4l]: [525]: reset mode: 1, es frames buffering: 0
06-24 16:07:18.043 685 709 D AutofillManagerService: onBackKeyPressed()
06-24 16:07:18.083 0 0 I [0 T1766 ..] [amlv4l]: [525]: reset mode: 1, es frames buffering: 0
06-24 16:07:18.087 0 0 D [1 T1766 ..] [amlcom]: vdec_release instance 000000005335b874, total 1
06-24 16:07:18.087 0 0 I [0 T1766 ..] [amlcom]: dos_local_config end, id 0, is_on 0
06-24 16:07:18.087 0 0 D [0 T1766 ..] [media_clock]: the clk_vdec_mux clock off, ref cnt: 0
06-24 16:07:18.087 0 0 I : [0 T1766 ..] deinit session
06-24 16:07:18.088 0 0 I : [0 T1766 ..] deinit session producer-2
06-24 16:07:18.088 0 0 I : [0 T1766 ..] deinit has_unusing_fifo [1]
06-24 16:07:18.089 0 0 I : [2 T98 ..] p_fifo[2] name[aml-vcodec-dec] state[0] to MP_FIFO_UNUSED
06-24 16:07:18.103 901 979 V WindowManagerShell: Transition requested: android.os.BinderProxy@f7004f3 TransitionRequestInfo { type = 2, triggerTask = null, remoteTransition = null, displayChange = null, flags = 0 }
06-24 16:07:18.108 685 28310 V WindowManager: app ------------- force_land :0
06-24 16:07:18.108 685 28310 V WindowManager: app ------------- force_land :0
06-24 16:07:18.108 685 28310 V WindowManager: app ------------- force_land :0
06-24 16:07:18.130 0 0 I [2 T108 ..] dim: unreg:2keep[1], msk:[0x40,0x0]
06-24 16:07:18.134 0 0 I [2 T108 ..] dim: hf:r:ch[2]:cnt[0]
06-24 16:07:18.137 0 0 I [2 T108 ..] dim: di_unreg_setting:
06-24 16:07:18.140 0 0 I [1 T360 ..] dim: unreg:use[27]ms
06-24 16:07:18.140 0 0 I [1 T360 ..] dim: ins:destroy:ch[2]:end
06-24 16:07:18.141 0 0 E [1 T360 ..] dp: [0]fence_creat_count =715, fence_release_count=714
06-24 16:07:18.142 0 0 I : [1 T360 ..] di process release
06-24 16:07:18.145 0 0 I [1 T360 ..] vc: [0]vc: set enable index=0, val=0
06-24 16:07:18.146 0 0 I [1 T360 ..] VID: store VD0 path_id changed 2->-1
06-24 16:07:18.146 0 0 I [1 T360 ..] VID: VD1 off
06-24 16:07:18.147 0 0 I [1 T360 ..] VID: VD1 set global output as 0
06-24 16:07:18.147 0 0 I : [1 T360 ..] common_vf_unreg_provider video_render.0: vd1 used:true, vd2 used:false, vd3 used:false, f_wait:true (0 0), b_out:0, cur_buf:00000000c149d856
06-24 16:07:18.190 685 708 V WindowManager: Sent Transition #467 createdAt=06-24 16:07:18.093 via request=TransitionRequestInfo { type = 2, triggerTask = null, remoteTransition = null, displayChange = null, flags = 0 }
06-24 16:07:18.191 685 708 V WindowManager: startWCT=WindowContainerTransaction { changes = {} hops = [] errorCallbackToken=null taskFragmentOrganizer=null }
06-24 16:07:18.191 685 708 V WindowManager: info={id=467 t=CLOSE f=0x0 trk=0 r=[0@Point(0, 0)] c=[{null m=CLOSE f=FILLS_TASK leash=Surface(name=ActivityRecord{12eba3f u0 com.dangbei.lerad.videoposter/com.dangbei.leradplayer.activity.PlayerActivity)/@0x9173ad3 sb=Rect(0, 0 - 1920, 1080) eb=Rect(0, 0 - 1920, 1080) d=0},{null m=TO_FRONT f=FILLS_TASK leash=Surface(name=ActivityRecord{3e10c25 u0 com.dangbei.lerad.videoposter/.ui.main.foldermanager.FolderDetailActivity)/@0x8a07652 sb=Rect(0, 0 - 1920, 1080) eb=Rect(0, 0 - 1920, 1080) d=0}]}
06-24 16:07:18.198 901 979 V WindowManagerShell: onTransitionReady android.os.BinderProxy@f7004f3: {id=467 t=CLOSE f=0x0 trk=0 r=[0@Point(0, 0)] c=[{null m=CLOSE f=FILLS_TASK leash=Surface(name=ActivityRecord{12eba3f u0 com.dangbei.lerad.videoposter/com.dangbei.leradplayer.activity.PlayerActivity)/@0xb2655b0 sb=Rect(0, 0 - 1920, 1080) eb=Rect(0, 0 - 1920, 1080) d=0},{null m=TO_FRONT f=FILLS_TASK leash=Surface(name=ActivityRecord{3e10c25 u0 com.dangbei.lerad.videoposter/.ui.main.foldermanager.FolderDetailActivity)/@0x38e4c29 sb=Rect(0, 0 - 1920, 1080) eb=Rect(0, 0 - 1920, 1080) d=0}]}
06-24 16:07:18.198 901 979 V WindowManagerShell: Playing animation for (#467)android.os.BinderProxy@f7004f3@0
06-24 16:07:18.198 901 979 V WindowManagerShell: try handler com.android.wm.shell.keyguard.KeyguardTransitionHandler@24e2028
06-24 16:07:18.198 901 979 V WindowManagerShell: try handler com.android.wm.shell.pip.tv.TvPipTransition@1141
06-24 16:07:18.198 901 979 V WindowManagerShell: try handler com.android.wm.shell.activityembedding.ActivityEmbeddingController@e8f56e6
06-24 16:07:18.198 901 979 V WindowManagerShell: try handler com.android.wm.shell.transition.RemoteTransitionHandler@b664427
06-24 16:07:18.198 901 979 V WindowManagerShell: Transition doesn't have explicit remote, search filters for match for {id=467 t=CLOSE f=0x0 trk=0 r=[0@Point(0, 0)] c=[{null m=CLOSE f=FILLS_TASK leash=Surface(name=ActivityRecord{12eba3f u0 com.dangbei.lerad.videoposter/com.dangbei.leradplayer.activity.PlayerActivity)/@0xb2655b0 sb=Rect(0, 0 - 1920, 1080) eb=Rect(0, 0 - 1920, 1080) d=0},{null m=TO_FRONT f=FILLS_TASK leash=Surface(name=ActivityRecord{3e10c25 u0 com.dangbei.lerad.videoposter/.ui.main.foldermanager.FolderDetailActivity)/@0x38e4c29 sb=Rect(0, 0 - 1920, 1080) eb=Rect(0, 0 - 1920, 1080) d=0}]}
06-24 16:07:18.198 901 979 V WindowManagerShell: Delegate animation for #467 to null
06-24 16:07:18.198 901 979 V WindowManagerShell: try handler com.android.wm.shell.transition.DefaultTransitionHandler@7916d4
06-24 16:07:18.198 901 979 V WindowManagerShell: start default transition animation, info = {id=467 t=CLOSE f=0x0 trk=0 r=[0@Point(0, 0)] c=[{null m=CLOSE f=FILLS_TASK leash=Surface(name=ActivityRecord{12eba3f u0 com.dangbei.lerad.videoposter/com.dangbei.leradplayer.activity.PlayerActivity)/@0xb2655b0 sb=Rect(0, 0 - 1920, 1080) eb=Rect(0, 0 - 1920, 1080) d=0},{null m=TO_FRONT f=FILLS_TASK leash=Surface(name=ActivityRecord{3e10c25 u0 com.dangbei.lerad.videoposter/.ui.main.foldermanager.FolderDetailActivity)/@0x38e4c29 sb=Rect(0, 0 - 1920, 1080) eb=Rect(0, 0 - 1920, 1080) d=0}]}
06-24 16:07:18.200 901 979 V WindowManagerShell: loadAnimation: anim=android.view.animation.AlphaAnimation@19681e5 animAttr=0x6 type=CLOSE isEntrance=true
06-24 16:07:18.201 901 979 V WindowManagerShell: loadAnimation: anim=android.view.animation.AlphaAnimation@1a51f6b animAttr=0x7 type=CLOSE isEntrance=false
06-24 16:07:18.212 0 0 I [1 T265 ..] dp_buf: [0:525]di buf_mgr free
06-24 16:07:18.203 901 979 V WindowManagerShell: animated by com.android.wm.shell.transition.DefaultTransitionHandler@7916d4
06-24 16:07:18.205 685 711 W ProcessStats: Tracking association SourceState{2ed2a5c system/1000 ImpFg #9885} whose proc state 5 is better than process ProcessState{9231bd0 com.android.permissioncontroller/10074 pkg=com.android.permissioncontroller} proc state 15 (5 skipped)
06-24 16:07:18.210 901 979 D WindowManagerShell: TvPipController: onTaskStackChanged()
06-24 16:07:18.246 685 709 W ContextImpl: Calling a method in the system process without a qualified user: android.app.ContextImpl.startService:1899 com.android.server.wm.DisplayPolicy.lambda$focusChangedLw$5:2126 com.android.server.wm.DisplayPolicy.$r8$lambda$Znxk63oh-WzVnzo_WQefN7uxV48:0 com.android.server.wm.DisplayPolicy$$ExternalSyntheticLambda13.run:0 android.os.Handler.handleCallback:958
06-24 16:07:18.610 901 979 V WindowManagerShell: Transition animation finished (aborted=false), notifying core (#467)android.os.BinderProxy@f7004f3@0
06-24 16:07:18.614 685 708 V WindowManager: Finish Transition #467: created at
06-24 16:07:18.093 collect-started=0.208ms request-sent=0.461ms started=10.718ms ready=16.531ms sent=96.638ms finished=518.385ms
06-24 16:07:18.617 901 979 V WindowManagerShell: Track 0 became idle
06-24 16:07:18.618 901 979 V WindowManagerShell: All active transition animations finished
06-24 16:07:18.648 685 700 D CoreBackPreview: Window{e29d3a4 u0 com.dangbei.lerad.videoposter/com.dangbei.leradplayer.activity.PlayerActivity}: Setting back callback null
06-24 16:07:19.223 685 28310 D CoreBackPreview: Window{bc98c5d u0 Toast}: Setting back callback null
06-24 16:07:19.229 685 28310 W NotificationService: Toast already killed. pkg=com.dangbei.lerad.videoposter token=android.os.BinderProxy@392c201
06-24 16:07:21.234 685 711 W WindowManager: Unable to start animation, surface is null or no children.
06-24 16:07:21.494 685 709 D AutofillManagerService: onBackKeyPressed()
06-24 16:07:21.498 901 979 V WindowManagerShell: Transition requested: android.os.BinderProxy@3744747 TransitionRequestInfo { type = 2, triggerTask = null, remoteTransition = null, displayChange = null, flags = 0 }
06-24 16:07:21.506 685 959 V WindowManager: app ------------- force_land :0
06-24 16:07:21.506 685 959 V WindowManager: app ------------- force_land :0
06-24 16:07:21.506 685 959 V WindowManager: app ------------- force_land :0
06-24 16:07:21.554 685 708 V WindowManager: Sent Transition #468 createdAt=06-24 16:07:21.498 via request=TransitionRequestInfo { type = 2, triggerTask = null, remoteTransition = null, displayChange = null, flags = 0 }
06-24 16:07:21.554 685 708 V WindowManager: startWCT=WindowContainerTransaction { changes = {} hops = [] errorCallbackToken=null taskFragmentOrganizer=null }
06-24 16:07:21.554 685 708 V WindowManager: info={id=468 t=CLOSE f=0x0 trk=0 r=[0@Point(0, 0)] c=[{null m=CLOSE f=FILLS_TASK leash=Surface(name=ActivityRecord{3e10c25 u0 com.dangbei.lerad.videoposter/.ui.main.foldermanager.FolderDetailActivity)/@0x8a07652 sb=Rect(0, 0 - 1920, 1080) eb=Rect(0, 0 - 1920, 1080) d=0},{null m=TO_FRONT f=FILLS_TASK leash=Surface(name=ActivityRecord{fc0ce9a u0 com.dangbei.lerad.videoposter/.ui.main.foldermanager.FolderDetailActivity)/@0xa43143 sb=Rect(0, 0 - 1920, 1080) eb=Rect(0, 0 - 1920, 1080) d=0}]}
06-24 16:07:21.554 901 979 V WindowManagerShell: onTransitionReady android.os.BinderProxy@3744747: {id=468 t=CLOSE f=0x0 trk=0 r=[0@Point(0, 0)] c=[{null m=CLOSE f=FILLS_TASK leash=Surface(name=ActivityRecord{3e10c25 u0 com.dangbei.lerad.videoposter/.ui.main.foldermanager.FolderDetailActivity)/@0xe242b74 sb=Rect(0, 0 - 1920, 1080) eb=Rect(0, 0 - 1920, 1080) d=0},{null m=TO_FRONT f=FILLS_TASK leash=Surface(name=ActivityRecord{fc0ce9a u0 com.dangbei.lerad.videoposter/.ui.main.foldermanager.FolderDetailActivity)/@0xa5c089d sb=Rect(0, 0 - 1920, 1080) eb=Rect(0, 0 - 1920, 1080) d=0}]}
06-24 16:07:21.555 901 979 V WindowManagerShell: Playing animation for (#468)android.os.BinderProxy@3744747@0
06-24 16:07:21.555 901 979 V WindowManagerShell: try handler com.android.wm.shell.keyguard.KeyguardTransitionHandler@24e2028
06-24 16:07:21.555 901 979 V WindowManagerShell: try handler com.android.wm.shell.pip.tv.TvPipTransition@1141
06-24 16:07:21.555 901 979 V WindowManagerShell: try handler com.android.wm.shell.activityembedding.ActivityEmbeddingController@e8f56e6
