06-24 16:07:21.555 901 979 V WindowManagerShell: try handler com.android.wm.shell.transition.RemoteTransitionHandler@b664427
06-24 16:07:21.555 901 979 V WindowManagerShell: Transition doesn't have explicit remote, search filters for match for {id=468 t=CLOSE f=0x0 trk=0 r=[0@Point(0, 0)] c=[{null m=CLOSE f=FILLS_TASK leash=Surface(name=ActivityRecord{3e10c25 u0 com.dangbei.lerad.videoposter/.ui.main.foldermanager.FolderDetailActivity)/@0xe242b74 sb=Rect(0, 0 - 1920, 1080) eb=Rect(0, 0 - 1920, 1080) d=0},{null m=TO_FRONT f=FILLS_TASK leash=Surface(name=ActivityRecord{fc0ce9a u0 com.dangbei.lerad.videoposter/.ui.main.foldermanager.FolderDetailActivity)/@0xa5c089d sb=Rect(0, 0 - 1920, 1080) eb=Rect(0, 0 - 1920, 1080) d=0}]}
06-24 16:07:21.555 901 979 V WindowManagerShell: Delegate animation for #468 to null
06-24 16:07:21.555 901 979 V WindowManagerShell: try handler com.android.wm.shell.transition.DefaultTransitionHandler@7916d4
06-24 16:07:21.555 901 979 V WindowManagerShell: start default transition animation, info = {id=468 t=CLOSE f=0x0 trk=0 r=[0@Point(0, 0)] c=[{null m=CLOSE f=FILLS_TASK leash=Surface(name=ActivityRecord{3e10c25 u0 com.dangbei.lerad.videoposter/.ui.main.foldermanager.FolderDetailActivity)/@0xe242b74 sb=Rect(0, 0 - 1920, 1080) eb=Rect(0, 0 - 1920, 1080) d=0},{null m=TO_FRONT f=FILLS_TASK leash=Surface(name=ActivityRecord{fc0ce9a u0 com.dangbei.lerad.videoposter/.ui.main.foldermanager.FolderDetailActivity)/@0xa5c089d sb=Rect(0, 0 - 1920, 1080) eb=Rect(0, 0 - 1920, 1080) d=0}]}
06-24 16:07:21.555 901 979 V WindowManagerShell: loadAnimation: anim=android.view.animation.AlphaAnimation@e2410e3 animAttr=0x6 type=CLOSE isEntrance=true
06-24 16:07:21.556 901 979 V WindowManagerShell: loadAnimation: anim=android.view.animation.AlphaAnimation@5128ae0 animAttr=0x7 type=CLOSE isEntrance=false
06-24 16:07:21.557 901 979 V WindowManagerShell: animated by com.android.wm.shell.transition.DefaultTransitionHandler@7916d4
06-24 16:07:21.609 901 979 D WindowManagerShell: TvPipController: onTaskStackChanged()
06-24 16:07:21.625 685 709 W ContextImpl: Calling a method in the system process without a qualified user: android.app.ContextImpl.startService:1899 com.android.server.wm.DisplayPolicy.lambda$focusChangedLw$5:2126 com.android.server.wm.DisplayPolicy.$r8$lambda$Znxk63oh-WzVnzo_WQefN7uxV48:0 com.android.server.wm.DisplayPolicy$$ExternalSyntheticLambda13.run:0 android.os.Handler.handleCallback:958
06-24 16:07:21.662 685 1390 E TaskPersister: File error accessing recents directory (directory doesn't exist?).
06-24 16:07:21.962 901 979 V WindowManagerShell: Transition animation finished (aborted=false), notifying core (#468)android.os.BinderProxy@3744747@0
06-24 16:07:21.968 901 979 V WindowManagerShell: Track 0 became idle
06-24 16:07:21.968 685 708 V WindowManager: Finish Transition #468: created at
06-24 16:07:21.498 collect-started=0.055ms request-sent=0.137ms started=3.34ms ready=9.806ms sent=55.003ms finished=466.433ms
06-24 16:07:21.968 901 979 V WindowManagerShell: All active transition animations finished
06-24 16:07:21.985 685 780 D ActivityManager: freezing 30169 com.qq.cleaning
06-24 16:07:21.995 685 28310 D CoreBackPreview: Window{1f07f87 u0 com.dangbei.lerad.videoposter/com.dangbei.lerad.videoposter.ui.main.foldermanager.FolderDetailActivity}: Setting back callback null
06-24 16:07:22.317 685 709 D AutofillManagerService: onBackKeyPressed()
06-24 16:07:22.934 685 709 D AutofillManagerService: onBackKeyPressed()
06-24 16:07:22.939 901 979 V WindowManagerShell: Transition requested: android.os.BinderProxy@c5750c TransitionRequestInfo { type = 2, triggerTask = null, remoteTransition = null, displayChange = null, flags = 0 }
06-24 16:07:22.947 685 700 V WindowManager: app ------------- force_land :0
06-24 16:07:22.999 685 708 V WindowManager: Sent Transition #469 createdAt=06-24 16:07:22.938 via request=TransitionRequestInfo { type = 2, triggerTask = null, remoteTransition = null, displayChange = null, flags = 0 }
06-24 16:07:22.999 685 708 V WindowManager: startWCT=WindowContainerTransaction { changes = {} hops = [] errorCallbackToken=null taskFragmentOrganizer=null }
06-24 16:07:22.999 685 708 V WindowManager: info={id=469 t=CLOSE f=0x0 trk=0 r=[0@Point(0, 0)] c=[{null m=CLOSE f=FILLS_TASK leash=Surface(name=ActivityRecord{fc0ce9a u0 com.dangbei.lerad.videoposter/.ui.main.foldermanager.FolderDetailActivity)/@0xa43143 sb=Rect(0, 0 - 1920, 1080) eb=Rect(0, 0 - 1920, 1080) d=0},{null m=TO_FRONT f=FILLS_TASK leash=Surface(name=ActivityRecord{6b37adf u0 com.dangbei.lerad.videoposter/.ui.main.MainActivity)/@0x6301656 sb=Rect(0, 0 - 1920, 1080) eb=Rect(0, 0 - 1920, 1080) d=0}]}
06-24 16:07:23.004 901 979 V WindowManagerShell: onTransitionReady android.os.BinderProxy@c5750c: {id=469 t=CLOSE f=0x0 trk=0 r=[0@Point(0, 0)] c=[{null m=CLOSE f=FILLS_TASK leash=Surface(name=ActivityRecord{fc0ce9a u0 com.dangbei.lerad.videoposter/.ui.main.foldermanager.FolderDetailActivity)/@0x104ae55 sb=Rect(0, 0 - 1920, 1080) eb=Rect(0, 0 - 1920, 1080) d=0},{null m=TO_FRONT f=FILLS_TASK leash=Surface(name=ActivityRecord{6b37adf u0 com.dangbei.lerad.videoposter/.ui.main.MainActivity)/@0x6da506a sb=Rect(0, 0 - 1920, 1080) eb=Rect(0, 0 - 1920, 1080) d=0}]}
06-24 16:07:23.004 901 979 V WindowManagerShell: Playing animation for (#469)android.os.BinderProxy@c5750c@0
06-24 16:07:23.004 901 979 V WindowManagerShell: try handler com.android.wm.shell.keyguard.KeyguardTransitionHandler@24e2028
06-24 16:07:23.004 901 979 V WindowManagerShell: try handler com.android.wm.shell.pip.tv.TvPipTransition@1141
06-24 16:07:23.004 901 979 V WindowManagerShell: try handler com.android.wm.shell.activityembedding.ActivityEmbeddingController@e8f56e6
06-24 16:07:23.004 901 979 V WindowManagerShell: try handler com.android.wm.shell.transition.RemoteTransitionHandler@b664427
06-24 16:07:23.005 901 979 V WindowManagerShell: Transition doesn't have explicit remote, search filters for match for {id=469 t=CLOSE f=0x0 trk=0 r=[0@Point(0, 0)] c=[{null m=CLOSE f=FILLS_TASK leash=Surface(name=ActivityRecord{fc0ce9a u0 com.dangbei.lerad.videoposter/.ui.main.foldermanager.FolderDetailActivity)/@0x104ae55 sb=Rect(0, 0 - 1920, 1080) eb=Rect(0, 0 - 1920, 1080) d=0},{null m=TO_FRONT f=FILLS_TASK leash=Surface(name=ActivityRecord{6b37adf u0 com.dangbei.lerad.videoposter/.ui.main.MainActivity)/@0x6da506a sb=Rect(0, 0 - 1920, 1080) eb=Rect(0, 0 - 1920, 1080) d=0}]}
06-24 16:07:23.005 901 979 V WindowManagerShell: Delegate animation for #469 to null
06-24 16:07:23.005 901 979 V WindowManagerShell: try handler com.android.wm.shell.transition.DefaultTransitionHandler@7916d4
06-24 16:07:23.005 901 979 V WindowManagerShell: start default transition animation, info = {id=469 t=CLOSE f=0x0 trk=0 r=[0@Point(0, 0)] c=[{null m=CLOSE f=FILLS_TASK leash=Surface(name=ActivityRecord{fc0ce9a u0 com.dangbei.lerad.videoposter/.ui.main.foldermanager.FolderDetailActivity)/@0x104ae55 sb=Rect(0, 0 - 1920, 1080) eb=Rect(0, 0 - 1920, 1080) d=0},{null m=TO_FRONT f=FILLS_TASK leash=Surface(name=ActivityRecord{6b37adf u0 com.dangbei.lerad.videoposter/.ui.main.MainActivity)/@0x6da506a sb=Rect(0, 0 - 1920, 1080) eb=Rect(0, 0 - 1920, 1080) d=0}]}
06-24 16:07:23.005 901 979 V WindowManagerShell: loadAnimation: anim=android.view.animation.AlphaAnimation@edad5f8 animAttr=0x6 type=CLOSE isEntrance=true
06-24 16:07:23.005 901 979 V WindowManagerShell: loadAnimation: anim=android.view.animation.AlphaAnimation@62edad1 animAttr=0x7 type=CLOSE isEntrance=false
06-24 16:07:23.008 901 979 V WindowManagerShell: animated by com.android.wm.shell.transition.DefaultTransitionHandler@7916d4
06-24 16:07:23.051 901 979 D WindowManagerShell: TvPipController: onTaskStackChanged()
06-24 16:07:23.069 685 709 W ContextImpl: Calling a method in the system process without a qualified user: android.app.ContextImpl.startService:1899 com.android.server.wm.DisplayPolicy.lambda$focusChangedLw$5:2126 com.android.server.wm.DisplayPolicy.$r8$lambda$Znxk63oh-WzVnzo_WQefN7uxV48:0 com.android.server.wm.DisplayPolicy$$ExternalSyntheticLambda13.run:0 android.os.Handler.handleCallback:958
06-24 16:07:23.415 901 979 V WindowManagerShell: Transition animation finished (aborted=false), notifying core (#469)android.os.BinderProxy@c5750c@0
06-24 16:07:23.420 685 708 V WindowManager: Finish Transition #469: created at
06-24 16:07:22.938 collect-started=0.089ms request-sent=0.156ms started=3.121ms ready=11.261ms sent=59.441ms finished=478.424ms
06-24 16:07:23.422 901 979 V WindowManagerShell: Track 0 became idle
06-24 16:07:23.422 901 979 V WindowManagerShell: All active transition animations finished
06-24 16:07:23.457 685 959 D CoreBackPreview: Window{5366654 u0 com.dangbei.lerad.videoposter/com.dangbei.lerad.videoposter.ui.main.foldermanager.FolderDetailActivity}: Setting back callback null
06-24 16:07:23.599 685 709 D AutofillManagerService: onBackKeyPressed()
06-24 16:07:24.307 685 709 D AutofillManagerService: onBackKeyPressed()
06-24 16:07:24.314 685 700 I NotificationService: cancelToast pkg=com.dangbei.lerad.videoposter token=android.os.BinderProxy@392c201
06-24 16:07:24.314 685 700 W NotificationService: Toast already cancelled. pkg=com.dangbei.lerad.videoposter token=android.os.BinderProxy@392c201
06-24 16:07:24.321 685 700 W WindowManager: [addWindow] title:Toast
06-24 16:07:24.331 685 700 D CoreBackPreview: Window{9001892 u0 Toast}: Setting back callback OnBackInvokedCallbackInfo{mCallback=android.window.IOnBackInvokedCallback$Stub$Proxy@56abf19, mPriority=0, mIsAnimationCallback=false}
06-24 16:07:25.072 685 709 D AutofillManagerService: onBackKeyPressed()
06-24 16:07:25.077 901 979 V WindowManagerShell: Transition requested: android.os.BinderProxy@cf5530d TransitionRequestInfo { type = 2, triggerTask = TaskInfo{userId=0 taskId=155 displayId=0 isRunning=false baseIntent=Intent { act=android.intent.action.MAIN cat=[android.intent.category.LAUNCHER] flg=0x10000000 pkg=com.dangbei.lerad.videoposter cmp=com.dangbei.lerad.videoposter/.ui.splash.SplashActivity } baseActivity=null topActivity=null origActivity=null realActivity=ComponentInfo{com.dangbei.lerad.videoposter/com.dangbei.lerad.videoposter.ui.splash.SplashActivity} numActivities=0 lastActiveTime=17850848 supportsMultiWindow=true resizeMode=1 isResizeable=true minWidth=-1 minHeight=-1 defaultMinSize=220 token=WCT{android.window.IWindowContainerToken$Stub$Proxy@cd082c2} topActivityType=1 pictureInPictureParams=null shouldDockBigOverlays=false launchIntoPipHostTaskId=-1 lastParentTaskIdBeforePip=-1 displayCutoutSafeInsets=null topActivityInfo=null launchCookies=[] positionInParent=Point(0, 0) parentTaskId=-1 isFocused=false isVisible=true isVisibleRequested=true isSleeping=false topActivityInSizeCompat=false topActivityEligibleForLetterboxEducation= false isLetterboxDoubleTapEnabled= false topActivityEligibleForUserAspectRatioButton= false topActivityBoundsLetterboxed= false isFromLetterboxDoubleTap= false topActivityLetterboxVerticalPosition= -1 topActivityLetterboxHorizontalPosition= -1 topActivityLetterboxWidth=-1 topActivityLetterboxHeight=-1 isUserFullscreenOverrideEnabled=false isTopActivityTransparent=false locusId=null displayAreaFeatureId=1 cameraCompatControlState=hidden}, remoteTransition = null, displayChange = null, flags = 0 }
06-24 16:07:25.090 685 11707 V WindowManager: app ------------- force_land :0
06-24 16:07:25.159 685 708 V WindowManager: Sent Transition #470 createdAt=06-24 16:07:25.076 via request=TransitionRequestInfo { type = 2, triggerTask = TaskInfo{userId=0 taskId=155 displayId=0 isRunning=false baseIntent=Intent { act=android.intent.action.MAIN cat=[android.intent.category.LAUNCHER] flg=0x10000000 pkg=com.dangbei.lerad.videoposter cmp=com.dangbei.lerad.videoposter/.ui.splash.SplashActivity } baseActivity=null topActivity=null origActivity=null realActivity=ComponentInfo{com.dangbei.lerad.videoposter/com.dangbei.lerad.videoposter.ui.splash.SplashActivity} numActivities=0 lastActiveTime=17850848 supportsMultiWindow=true resizeMode=1 isResizeable=true minWidth=-1 minHeight=-1 defaultMinSize=220 token=WCT{RemoteToken{b9952fc Task{f68dbb8 #155 type=standard A=10042:com.dangbei.lerad.videoposter}}} topActivityType=1 pictureInPictureParams=null shouldDockBigOverlays=false launchIntoPipHostTaskId=-1 lastParentTaskIdBeforePip=-1 displayCutoutSafeInsets=null topActivityInfo=null launchCookies=[] positionInParent=Point(0, 0) parentTaskId=-1 isFocused=false isVisible=true isVisibleRequested=true isSleeping=false topActivityInSizeCompat=false topActivityEligibleForLetterboxEducation= false isLetterboxDoubleTapEnabled= false topActivityEligibleForUserAspectRatioButton= false topActivityBoundsLetterboxed= false isFromLetterboxDoubleTap= false topActivityLetterboxVerticalPosition= -1 topActivityLetterboxHorizontalPosition= -1 topActivityLetterboxWidth=-1 topActivityLetterboxHeight=-1 isUserFullscreenOverrideEnabled=false isTopActivityTransparent=false locusId=null displayAreaFeatureId=1 cameraCompatControlState=hidden}, remoteTransition = null, displayChange = null, flags = 0 }
06-24 16:07:25.159 685 708 V WindowManager: startWCT=WindowContainerTransaction { changes = {} hops = [] errorCallbackToken=null taskFragmentOrganizer=null }
06-24 16:07:25.159 685 708 V WindowManager: info={id=470 t=CLOSE f=0x0 trk=0 r=[0@Point(0, 0)] c=[{WCT{RemoteToken{30b1e82 Task{4d21fd0 #1 type=home}}} m=TO_FRONT f=NONE leash=Surface(name=Task=1)/@0x54f0375 sb=Rect(0, 0 - 1920, 1080) eb=Rect(0, 0 - 1920, 1080) d=0},{WCT{RemoteToken{b9952fc Task{f68dbb8 #155 type=standard A=10042:com.dangbei.lerad.videoposter}}} m=CLOSE f=NONE leash=Surface(name=Task=155)/@0x63d9dc9 sb=Rect(0, 0 - 1920, 1080) eb=Rect(0, 0 - 1920, 1080) d=0}]}
06-24 16:07:25.160 901 979 V WindowManagerShell: onTransitionReady android.os.BinderProxy@cf5530d: {id=470 t=CLOSE f=0x0 trk=0 r=[0@Point(0, 0)] c=[{WCT{android.window.IWindowContainerToken$Stub$Proxy@da8090e} m=TO_FRONT f=NONE leash=Surface(name=Task=1)/@0xaaf8d3 sb=Rect(0, 0 - 1920, 1080) eb=Rect(0, 0 - 1920, 1080) d=0},{WCT{android.window.IWindowContainerToken$Stub$Proxy@2224f2f} m=CLOSE f=NONE leash=Surface(name=Task=155)/@0x6ce6c10 sb=Rect(0, 0 - 1920, 1080) eb=Rect(0, 0 - 1920, 1080) d=0}]}
06-24 16:07:25.160 901 979 V WindowManagerShell: Playing animation for (#470)android.os.BinderProxy@cf5530d@0
06-24 16:07:25.160 901 979 V WindowManagerShell: try handler com.android.wm.shell.keyguard.KeyguardTransitionHandler@24e2028
06-24 16:07:25.160 901 979 V WindowManagerShell: try handler com.android.wm.shell.pip.tv.TvPipTransition@1141
06-24 16:07:25.160 901 979 V WindowManagerShell: try handler com.android.wm.shell.activityembedding.ActivityEmbeddingController@e8f56e6
06-24 16:07:25.160 901 979 V WindowManagerShell: try handler com.android.wm.shell.transition.RemoteTransitionHandler@b664427
06-24 16:07:25.160 901 979 V WindowManagerShell: Transition doesn't have explicit remote, search filters for match for {id=470 t=CLOSE f=0x0 trk=0 r=[0@Point(0, 0)] c=[{WCT{android.window.IWindowContainerToken$Stub$Proxy@da8090e} m=TO_FRONT f=NONE leash=Surface(name=Task=1)/@0xaaf8d3 sb=Rect(0, 0 - 1920, 1080) eb=Rect(0, 0 - 1920, 1080) d=0},{WCT{android.window.IWindowContainerToken$Stub$Proxy@2224f2f} m=CLOSE f=NONE leash=Surface(name=Task=155)/@0x6ce6c10 sb=Rect(0, 0 - 1920, 1080) eb=Rect(0, 0 - 1920, 1080) d=0}]}
06-24 16:07:25.160 901 979 V WindowManagerShell: Delegate animation for #470 to null
06-24 16:07:25.161 901 979 V WindowManagerShell: try handler com.android.wm.shell.transition.DefaultTransitionHandler@7916d4
06-24 16:07:25.161 901 979 V WindowManagerShell: start default transition animation, info = {id=470 t=CLOSE f=0x0 trk=0 r=[0@Point(0, 0)] c=[{WCT{android.window.IWindowContainerToken$Stub$Proxy@da8090e} m=TO_FRONT f=NONE leash=Surface(name=Task=1)/@0xaaf8d3 sb=Rect(0, 0 - 1920, 1080) eb=Rect(0, 0 - 1920, 1080) d=0},{WCT{android.window.IWindowContainerToken$Stub$Proxy@2224f2f} m=CLOSE f=NONE leash=Surface(name=Task=155)/@0x6ce6c10 sb=Rect(0, 0 - 1920, 1080) eb=Rect(0, 0 - 1920, 1080) d=0}]}
06-24 16:07:25.161 901 979 V WindowManagerShell: loadAnimation: anim=android.view.animation.AlphaAnimation@a16393c animAttr=0xb type=CLOSE isEntrance=false
06-24 16:07:25.164 901 979 V WindowManagerShell: loadAnimation: anim=android.view.animation.AlphaAnimation@14ed6c5 animAttr=0xa type=CLOSE isEntrance=true
06-24 16:07:25.167 901 979 V WindowManagerShell: animated by com.android.wm.shell.transition.DefaultTransitionHandler@7916d4
06-24 16:07:25.193 901 979 D WindowManagerShell: TvPipController: onTaskStackChanged()
06-24 16:07:25.208 685 709 W ContextImpl: Calling a method in the system process without a qualified user: android.app.ContextImpl.startService:1899 com.android.server.wm.DisplayPolicy.lambda$focusChangedLw$5:2126 com.android.server.wm.DisplayPolicy.$r8$lambda$Znxk63oh-WzVnzo_WQefN7uxV48:0 com.android.server.wm.DisplayPolicy$$ExternalSyntheticLambda13.run:0 android.os.Handler.handleCallback:958
06-24 16:07:25.514 685 1390 E TaskPersister: File error accessing recents directory (directory doesn't exist?).
06-24 16:07:25.584 901 979 V WindowManagerShell: Transition animation finished (aborted=false), notifying core (#470)android.os.BinderProxy@cf5530d@0
06-24 16:07:25.586 685 708 V WindowManager: Finish Transition #470: created at
06-24 16:07:25.076 collect-started=0.042ms request-sent=0.161ms started=5.466ms ready=14.702ms sent=81.684ms finished=508.785ms
06-24 16:07:25.592 901 979 V WindowManagerShell: Track 0 became idle
06-24 16:07:25.592 901 979 V WindowManagerShell: All active transition animations finished
06-24 16:07:25.627 685 959 D CoreBackPreview: Window{108cb8a u0 com.dangbei.lerad.videoposter/com.dangbei.lerad.videoposter.ui.main.MainActivity}: Setting back callback null
06-24 16:07:26.026 0 0 W : [1 T0 .s] [SP FRAME TX] arp req,vif_idx:0 sender:[1c:79:2d:20:62:cb 192.168.3.75]receiver:[00:00:00:00:00:00 192.168.3.36]
06-24 16:07:26.052 0 0 W : [3 T1046 ..] [SP FRAME RX] arp rsp,vif_idx:0 sender:[b6:86:f8:35:d4:28 192.168.3.36]receiver:[1c:79:2d:20:62:cb 192.168.3.75]
06-24 16:07:26.107 0 0 W : [3 T1046 ..] [SP FRAME RX] arp req,vif_idx:0 sender:[b6:86:f8:35:d4:28 192.168.3.36]receiver:[00:00:00:00:00:00 192.168.3.75]
06-24 16:07:26.107 0 0 W : [3 T1046 ..] [SP FRAME TX] arp rsp,vif_idx:0 sender:[1c:79:2d:20:62:cb 192.168.3.75]receiver:[b6:86:f8:35:d4:28 192.168.3.36]
06-24 16:07:26.282 0 0 W : [2 T0 .s] [SP FRAME TX] arp req,vif_idx:0 sender:[1c:79:2d:20:62:cb 192.168.3.75]receiver:[00:00:00:00:00:00 192.168.3.254]
06-24 16:07:26.283 0 0 W : [3 T1046 ..] [SP FRAME RX] arp req,vif_idx:0 sender:[12:3c:2c:e1:84:9f 192.168.3.254]receiver:[00:00:00:00:00:00 192.168.3.75]
06-24 16:07:26.285 0 0 W : [3 T1046 ..] [SP FRAME TX] arp rsp,vif_idx:0 sender:[1c:79:2d:20:62:cb 192.168.3.75]receiver:[12:3c:2c:e1:84:9f 192.168.3.254]
06-24 16:07:26.310 0 0 W : [3 T1046 ..] [SP FRAME RX] arp rsp,vif_idx:0 sender:[12:3c:2c:e1:84:9f 192.168.3.254]receiver:[1c:79:2d:20:62:cb 192.168.3.75]
06-24 16:07:26.315 685 9098 D CoreBackPreview: Window{9001892 u0 Toast}: Setting back callback null
06-24 16:07:26.321 685 9098 W NotificationService: Toast already killed. pkg=com.dangbei.lerad.videoposter token=android.os.BinderProxy@fc0488e
06-24 16:07:26.538 0 0 W : [3 T32031 .s] [SP FRAME TX] arp req,vif_idx:0 sender:[1c:79:2d:20:62:cb 192.168.3.75]receiver:[00:00:00:00:00:00 192.168.3.243]
06-24 16:07:26.539 0 0 W : [3 T32031 .s] [SP FRAME TX] arp req,vif_idx:0 sender:[1c:79:2d:20:62:cb 192.168.3.75]receiver:[00:00:00:00:00:00 192.168.3.176]
06-24 16:07:26.551 0 0 W : [3 T1046 ..] [SP FRAME RX] arp rsp,vif_idx:0 sender:[16:8e:6e:17:dc:41 192.168.3.176]receiver:[1c:79:2d:20:62:cb 192.168.3.75]
06-24 16:07:26.642 0 0 W : [3 T1046 ..] [SP FRAME RX] arp rsp,vif_idx:0 sender:[ea:f3:28:46:91:6b 192.168.3.243]receiver:[1c:79:2d:20:62:cb 192.168.3.75]
06-24 16:07:26.643 0 0 W : [3 T1046 ..] [SP FRAME RX] arp req,vif_idx:0 sender:[ea:f3:28:46:91:6b 192.168.3.243]receiver:[00:00:00:00:00:00 192.168.3.75]
06-24 16:07:26.645 0 0 W : [3 T1046 ..] [SP FRAME TX] arp rsp,vif_idx:0 sender:[1c:79:2d:20:62:cb 192.168.3.75]receiver:[ea:f3:28:46:91:6b 192.168.3.243]
06-24 16:07:26.747 0 0 W : [3 T1046 ..] [SP FRAME RX] arp req,vif_idx:0 sender:[16:8e:6e:17:dc:41 192.168.3.176]receiver:[00:00:00:00:00:00 192.168.3.75]
06-24 16:07:26.748 0 0 W : [3 T1046 ..] [SP FRAME TX] arp rsp,vif_idx:0 sender:[1c:79:2d:20:62:cb 192.168.3.75]receiver:[16:8e:6e:17:dc:41 192.168.3.176]
06-24 16:07:27.524 1407 1731 W ContextImpl: Calling a method in the system process without a qualified user: android.app.ContextImpl.sendBroadcast:1220 android.content.ContextWrapper.sendBroadcast:504 com.dangbei.etna.setting.core.SettingHelper.sendCycleToProjector:257 com.dangbei.etna.setting.core.SettingHelper.sendCycleCheckBroadcast:226 com.dangbei.etna.setting.core.SettingHelper.startLoop$lambda-0:185
06-24 16:07:27.525 1407 1731 W ContextImpl: Calling a method in the system process without a qualified user: android.app.ContextImpl.sendBroadcast:1220 android.content.ContextWrapper.sendBroadcast:504 com.dangbei.etna.setting.core.SettingHelper.sendCycleToVoice:242 com.dangbei.etna.setting.core.SettingHelper.sendCycleCheckBroadcast:227 com.dangbei.etna.setting.core.SettingHelper.startLoop$lambda-0:185
06-24 16:07:28.324 685 711 W WindowManager: Unable to start animation, surface is null or no children.
06-24 16:07:28.651 685 1390 E TaskPersister: File error accessing recents directory (directory doesn't exist?).
06-24 16:07:29.172 0 0 W [3 T31249 ..] audit: audit_lost=18253 audit_rate_limit=5 audit_backlog_limit=64
06-24 16:07:29.172 0 0 E [3 T31249 ..] audit: rate limit exceeded
06-24 16:07:30.226 0 0 W : [0 T23668 ..] [SP FRAME TX] arp req,vif_idx:0 sender:[1c:79:2d:20:62:cb 192.168.3.75]receiver:[00:00:00:00:00:00 192.168.3.45]
06-24 16:07:30.239 0 0 W : [3 T1046 ..] [SP FRAME RX] arp rsp,vif_idx:0 sender:[82:d8:26:78:cd:e3 192.168.3.45]receiver:[1c:79:2d:20:62:cb 192.168.3.75]
06-24 16:07:30.358 0 0 W : [3 T1046 ..] [SP FRAME RX] arp rsp,vif_idx:0 sender:[c8:5e:a9:73:41:6e 192.168.3.88]receiver:[1c:79:2d:20:62:cb 192.168.3.75]
06-24 16:07:31.200 0 0 I : [0 T19795 ..] usb 3-1: USB disconnect, device number 2
06-24 16:07:31.481 685 800 I StorageSessionController: Notifying volume state changed for session with id: public:8,1
06-24 16:07:31.495 685 718 D CompatibilityChangeReporter: Compat change id reported: 135634846; UID 10019; state: DISABLED
06-24 16:07:31.495 685 718 D CompatibilityChangeReporter: Compat change id reported: 177438394; UID 10019; state: DISABLED
06-24 16:07:31.495 685 718 D CompatibilityChangeReporter: Compat change id reported: 135772972; UID 10019; state: DISABLED
06-24 16:07:31.496 685 718 D CompatibilityChangeReporter: Compat change id reported: 135754954; UID 10019; state: ENABLED
06-24 16:07:31.496 685 719 D CompatibilityChangeReporter: Compat change id reported: 143937733; UID 10019; state: ENABLED
06-24 16:07:31.497 685 800 D StorageManagerService: Volume public:8,1 broadcasting ejecting to UserHandle{0}
06-24 16:07:31.514 685 900 D UsbHostManager: Removed device at /dev/bus/usb/003/002: SanDisk 3.2Gen1
06-24 16:07:31.514 685 900 I UsbAlsaManager: USB Audio Device Removed: null
06-24 16:07:31.530 685 719 I ActivityManager: Start proc 2225:com.android.externalstorage/u0a19 for broadcast {com.android.externalstorage/com.android.externalstorage.MountReceiver}
06-24 16:07:31.564 685 9098 D CompatibilityChangeReporter: Compat change id reported: 168419799; UID 10019; state: DISABLED
06-24 16:07:31.564 685 9098 D CompatibilityChangeReporter: Compat change id reported: 273564678; UID 10019; state: DISABLED
06-24 16:07:31.568 685 763 D CompatibilityChangeReporter: Compat change id reported: 265195908; UID 10019; state: ENABLED
06-24 16:07:31.574 685 9098 D CompatibilityChangeReporter: Compat change id reported: 170503758; UID 10019; state: ENABLED
06-24 16:07:31.637 0 0 W [1 T2224 ..] audit: audit_lost=18265 audit_rate_limit=5 audit_backlog_limit=64
06-24 16:07:31.638 0 0 E [1 T2224 ..] audit: rate limit exceeded
06-24 16:07:31.643 685 718 I ActivityManager: com.android.tv.settings is exempt from freezer
06-24 16:07:31.644 685 718 D CompatibilityChangeReporter: Compat change id reported: 135634846; UID 1000; state: DISABLED
06-24 16:07:31.659 685 719 I ActivityManager: Start proc 2243:com.android.tv.settings/1000 for broadcast {com.android.tv.settings/com.android.tv.settings.device.storage.DiskReceiver}
06-24 16:07:31.784 685 718 D CompatibilityChangeReporter: Compat change id reported: 135634846; UID 10085; state: DISABLED
06-24 16:07:31.785 685 719 D CompatibilityChangeReporter: Compat change id reported: 143937733; UID 10085; state: DISABLED
06-24 16:07:31.799 685 719 I ActivityManager: Start proc 2260:net.myvst.v2/u0a85 for broadcast {net.myvst.v2/net.myvst.v2.receiver.PushMessageReceiver}
06-24 16:07:31.826 685 9098 D CompatibilityChangeReporter: Compat change id reported: 168419799; UID 10085; state: DISABLED
06-24 16:07:31.827 685 9098 D CompatibilityChangeReporter: Compat change id reported: 273564678; UID 10085; state: DISABLED
06-24 16:07:31.829 685 763 D CompatibilityChangeReporter: Compat change id reported: 265195908; UID 10085; state: ENABLED
06-24 16:07:31.836 685 9098 D CompatibilityChangeReporter: Compat change id reported: 170503758; UID 10085; state: DISABLED
06-24 16:07:31.998 0 0 E : [2 T31354 ..] FAT-fs (sda1): Directory bread(block 29344) failed
06-24 16:07:31.998 0 0 E : [2 T31354 ..] FAT-fs (sda1): Directory bread(block 29345) failed
06-24 16:07:31.999 0 0 E : [2 T31354 ..] FAT-fs (sda1): Directory bread(block 29346) failed
06-24 16:07:32.000 0 0 E : [2 T31354 ..] FAT-fs (sda1): Directory bread(block 29347) failed
06-24 16:07:32.001 0 0 E : [2 T31354 ..] FAT-fs (sda1): Directory bread(block 29348) failed
06-24 16:07:32.002 0 0 E : [2 T31354 ..] FAT-fs (sda1): Directory bread(block 29349) failed
06-24 16:07:32.003 0 0 E : [2 T31354 ..] FAT-fs (sda1): Directory bread(block 29350) failed
06-24 16:07:32.004 0 0 E : [2 T31354 ..] FAT-fs (sda1): Directory bread(block 29351) failed
06-24 16:07:32.004 0 0 E : [2 T31354 ..] FAT-fs (sda1): Directory bread(block 29352) failed
06-24 16:07:32.005 0 0 E : [2 T31354 ..] FAT-fs (sda1): Directory bread(block 29353) failed
06-24 16:07:32.372 231 245 I vold : Unmounting fuse path /mnt/user/0/DD42-0C16
06-24 16:07:32.374 231 245 I vold : Unmounting pass_through_path /mnt/pass_through/0/DD42-0C16
06-24 16:07:32.388 0 0 E : [0 T245 ..] FAT-fs (sda1): bread failed in fat_clusters_flush
06-24 16:07:32.403 231 285 E vold : Failed to find mounted volume for /storage/DD42-0C16/Android/data/net.myvst.v2/files/
06-24 16:07:32.404 685 959 I StorageSessionController: On volume remove VolumeInfo{public:8,1}:
06-24 16:07:32.404 685 959 I StorageSessionController: type=PUBLIC diskId=disk:8,0 partGuid= mountFlags=VISIBLE_FOR_WRITE
06-24 16:07:32.404 685 959 I StorageSessionController: mountUserId=0 state=BAD_REMOVAL
06-24 16:07:32.404 685 959 I StorageSessionController: fsType=vfat fsUuid=DD42-0C16 fsLabel=PSF2
06-24 16:07:32.404 685 959 I StorageSessionController: path=/storage/DD42-0C16 internalPath=/mnt/media_rw/DD42-0C16
06-24 16:07:32.405 685 959 I StorageSessionController: Removed session for vol with id: public:8,1
06-24 16:07:32.411 685 800 I StorageSessionController: Notifying volume state changed for session with id: public:8,1
06-24 16:07:32.411 685 800 I StorageUserConnection: No session found for sessionId: public:8,1
06-24 16:07:32.416 685 800 I StorageSessionController: Notifying volume state changed for session with id: public:8,1
06-24 16:07:32.417 685 800 I StorageUserConnection: No session found for sessionId: public:8,1
06-24 16:07:32.421 685 685 D CompatibilityChangeReporter: Compat change id reported: 175319604; UID 1000; state: ENABLED
06-24 16:07:32.421 685 800 D StorageManagerService: Volume public:8,1 broadcasting unmounted to UserHandle{0}
06-24 16:07:32.422 685 685 D CompatibilityChangeReporter: Compat change id reported: 175319604; UID 1000; state: DISABLED
06-24 16:07:32.423 685 685 D CompatibilityChangeReporter: Compat change id reported: 195579280; UID 1000; state: ENABLED
06-24 16:07:32.423 685 685 D CompatibilityChangeReporter: Compat change id reported: 195579280; UID 1000; state: DISABLED
06-24 16:07:32.426 685 800 D StorageManagerService: Volume public:8,1 broadcasting bad_removal to UserHandle{0}
06-24 16:07:32.584 685 718 D CompatibilityChangeReporter: Compat change id reported: 135634846; UID 10016; state: DISABLED
06-24 16:07:32.584 685 718 D CompatibilityChangeReporter: Compat change id reported: 177438394; UID 10016; state: DISABLED
06-24 16:07:32.584 685 718 D CompatibilityChangeReporter: Compat change id reported: 135772972; UID 10016; state: DISABLED
06-24 16:07:32.584 685 718 D CompatibilityChangeReporter: Compat change id reported: 135754954; UID 10016; state: ENABLED
06-24 16:07:32.585 685 719 D CompatibilityChangeReporter: Compat change id reported: 143937733; UID 10016; state: ENABLED
06-24 16:07:32.608 685 719 I ActivityManager: Start proc 2305:android.process.media/u0a16 for broadcast {com.android.mtp/com.android.mtp.UsbIntentReceiver}
06-24 16:07:32.651 0 0 W [2 T31249 ..] audit: audit_lost=18288 audit_rate_limit=5 audit_backlog_limit=64
06-24 16:07:32.652 0 0 E [2 T31249 ..] audit: rate limit exceeded
06-24 16:07:32.666 685 11707 D CompatibilityChangeReporter: Compat change id reported: 161145287; UID 10085; state: DISABLED
06-24 16:07:32.669 685 11707 D CompatibilityChangeReporter: Compat change id reported: 168419799; UID 10016; state: DISABLED
06-24 16:07:32.669 685 11707 D CompatibilityChangeReporter: Compat change id reported: 273564678; UID 10016; state: DISABLED
06-24 16:07:32.673 685 763 D CompatibilityChangeReporter: Compat change id reported: 265195908; UID 10016; state: ENABLED
06-24 16:07:32.681 685 11707 D CompatibilityChangeReporter: Compat change id reported: 170503758; UID 10016; state: ENABLED
06-24 16:07:32.763 0 0 W : [1 T1041 ..] fmac ASSERT (***** assert_rec *****: ) at ip/lmac/src/hal/hal_machw.c:752
06-24 16:07:32.763 0 0 W : [1 T1041 ..] >>> aml_rx_dbg_error_ind()
06-24 16:07:32.764 0 0 E : [1 T1041 ..] aml_sdio mmc1:0000:7: (type 0): dump received
06-24 16:07:32.765 0 0 E : [1 T28922 ..] aml_sdio mmc1:0000:7: Failed to call /usr/bin/aml_umh.sh (/usr/bin/aml_umh.sh returned -524)
06-24 16:07:32.777 2260 2260 E ActivityThread: Failed to find provider info for com.tcl.xian.StartandroidService.MyContentProvider
06-24 16:07:32.968 0 0 W : [1 T1041 ..] >>> aml_rx_dbg_error_ind()
06-24 16:07:32.968 0 0 E : [1 T1041 ..] aml_sdio mmc1:0000:7: (type 0): dump received
06-24 16:07:32.969 0 0 E : [1 T28922 ..] aml_sdio mmc1:0000:7: Failed to call /usr/bin/aml_umh.sh (/usr/bin/aml_umh.sh returned -524)
06-24 16:07:32.970 0 0 W : [1 T1041 ..] fmac ASSERT (***** assert_rec *****: ) at ip/lmac/src/hal/hal_machw.c:752
06-24 16:07:33.074 2260 2415 E ActivityThread: Failed to find provider info for com.tcl.xian.StartandroidService.MyContentProvider
06-24 16:07:33.211 2260 2415 E ActivityThread: Failed to find provider info for com.tcl.xian.StartandroidService.MyContentProvider
06-24 16:07:34.091 0 0 W : [3 T1046 ..] [SP FRAME RX] arp req,vif_idx:0 sender:[20:57:9e:67:7f:db 192.168.3.98]receiver:[00:00:00:00:00:00 192.168.3.75]
06-24 16:07:34.092 0 0 W : [3 T1046 ..] [SP FRAME TX] arp rsp,vif_idx:0 sender:[1c:79:2d:20:62:cb 192.168.3.75]receiver:[20:57:9e:67:7f:db 192.168.3.98]
06-24 16:07:34.183 0 0 W : [3 T1046 ..] [SP FRAME RX] arp req,vif_idx:0 sender:[e2:04:f6:d8:62:00 192.168.3.194]receiver:[00:00:00:00:00:00 192.168.3.75]
06-24 16:07:34.184 0 0 W : [3 T1046 ..] [SP FRAME TX] arp rsp,vif_idx:0 sender:[1c:79:2d:20:62:cb 192.168.3.75]receiver:[e2:04:f6:d8:62:00 192.168.3.194]
06-24 16:07:34.387 0 0 W : [3 T1046 ..] [SP FRAME RX] arp req,vif_idx:0 sender:[0c:91:60:12:cd:8c 192.168.3.70]receiver:[00:00:00:00:00:00 192.168.3.75]
06-24 16:07:34.388 0 0 W : [3 T1046 ..] [SP FRAME TX] arp rsp,vif_idx:0 sender:[1c:79:2d:20:62:cb 192.168.3.75]receiver:[0c:91:60:12:cd:8c 192.168.3.70]
06-24 16:07:34.542 0 0 W : [3 T1046 ..] [SP FRAME RX] arp req,vif_idx:0 sender:[02:d1:be:fb:0a:d7 192.168.3.130]receiver:[00:00:00:00:00:00 192.168.3.75]
06-24 16:07:34.543 0 0 W : [3 T1046 ..] [SP FRAME TX] arp rsp,vif_idx:0 sender:[1c:79:2d:20:62:cb 192.168.3.75]receiver:[02:d1:be:fb:0a:d7 192.168.3.130]
06-24 16:07:34.545 0 0 W : [3 T1046 ..] [SP FRAME RX] arp req,vif_idx:0 sender:[28:7b:11:70:51:1f 192.168.3.44]receiver:[00:00:00:00:00:00 192.168.3.75]
06-24 16:07:34.546 0 0 W : [3 T1046 ..] [SP FRAME TX] arp rsp,vif_idx:0 sender:[1c:79:2d:20:62:cb 192.168.3.75]receiver:[28:7b:11:70:51:1f 192.168.3.44]
06-24 16:07:34.548 0 0 W : [3 T1046 ..] [SP FRAME RX] arp req,vif_idx:0 sender:[28:7b:11:70:4f:a5 192.168.3.155]receiver:[00:00:00:00:00:00 192.168.3.75]
06-24 16:07:34.549 0 0 W : [3 T1046 ..] [SP FRAME TX] arp rsp,vif_idx:0 sender:[1c:79:2d:20:62:cb 192.168.3.75]receiver:[28:7b:11:70:4f:a5 192.168.3.155]
06-24 16:07:34.551 0 0 W : [3 T1046 ..] [SP FRAME RX] arp req,vif_idx:0 sender:[e2:8e:12:0f:0b:47 192.168.3.123]receiver:[00:00:00:00:00:00 192.168.3.75]
06-24 16:07:34.552 0 0 W : [3 T1046 ..] [SP FRAME TX] arp rsp,vif_idx:0 sender:[1c:79:2d:20:62:cb 192.168.3.75]receiver:[e2:8e:12:0f:0b:47 192.168.3.123]
06-24 16:07:34.685 0 0 W : [3 T1046 ..] [SP FRAME RX] arp req,vif_idx:0 sender:[9a:86:f7:27:5c:25 192.168.3.169]receiver:[00:00:00:00:00:00 192.168.3.75]
06-24 16:07:34.686 0 0 W : [3 T1046 ..] [SP FRAME TX] arp rsp,vif_idx:0 sender:[1c:79:2d:20:62:cb 192.168.3.75]receiver:[9a:86:f7:27:5c:25 192.168.3.169]
06-24 16:07:34.766 0 0 W : [3 T1046 ..] [SP FRAME RX] arp req,vif_idx:0 sender:[28:7b:11:70:4f:bd 192.168.3.156]receiver:[00:00:00:00:00:00 192.168.3.75]
06-24 16:07:34.767 0 0 W : [3 T1046 ..] [SP FRAME TX] arp rsp,vif_idx:0 sender:[1c:79:2d:20:62:cb 192.168.3.75]receiver:[28:7b:11:70:4f:bd 192.168.3.156]
06-24 16:07:34.768 0 0 W : [3 T1046 ..] [SP FRAME RX] arp req,vif_idx:0 sender:[3a:fd:3d:ee:5f:54 192.168.3.129]receiver:[00:00:00:00:00:00 192.168.3.75]
06-24 16:07:34.770 0 0 W : [3 T1046 ..] [SP FRAME TX] arp rsp,vif_idx:0 sender:[1c:79:2d:20:62:cb 192.168.3.75]receiver:[3a:fd:3d:ee:5f:54 192.168.3.129]
06-24 16:07:34.823 0 0 W : [3 T1046 ..] [SP FRAME RX] arp req,vif_idx:0 sender:[de:90:cb:50:92:8f 192.168.3.145]receiver:[00:00:00:00:00:00 192.168.3.75]
06-24 16:07:34.824 0 0 W : [3 T1046 ..] [SP FRAME TX] arp rsp,vif_idx:0 sender:[1c:79:2d:20:62:cb 192.168.3.75]receiver:[de:90:cb:50:92:8f 192.168.3.145]
06-24 16:07:34.826 0 0 W : [3 T1046 ..] [SP FRAME RX] arp req,vif_idx:0 sender:[fa:f0:09:28:64:31 192.168.3.73]receiver:[00:00:00:00:00:00 192.168.3.75]
06-24 16:07:34.827 0 0 W : [3 T1046 ..] [SP FRAME TX] arp rsp,vif_idx:0 sender:[1c:79:2d:20:62:cb 192.168.3.75]receiver:[fa:f0:09:28:64:31 192.168.3.73]
06-24 16:07:34.845 0 0 W : [3 T1046 ..] [SP FRAME RX] arp req,vif_idx:0 sender:[b6:9c:70:ec:40:e7 192.168.3.65]receiver:[00:00:00:00:00:00 192.168.3.75]
06-24 16:07:34.846 0 0 W : [3 T1046 ..] [SP FRAME TX] arp rsp,vif_idx:0 sender:[1c:79:2d:20:62:cb 192.168.3.75]receiver:[b6:9c:70:ec:40:e7 192.168.3.65]
06-24 16:07:34.859 0 0 W : [3 T1046 ..] [SP FRAME RX] arp req,vif_idx:0 sender:[0c:91:60:12:cd:fc 192.168.3.171]receiver:[00:00:00:00:00:00 192.168.3.75]
06-24 16:07:34.859 0 0 W : [3 T1046 ..] [SP FRAME TX] arp rsp,vif_idx:0 sender:[1c:79:2d:20:62:cb 192.168.3.75]receiver:[0c:91:60:12:cd:fc 192.168.3.171]
06-24 16:07:34.893 0 0 W : [3 T1046 ..] [SP FRAME RX] arp req,vif_idx:0 sender:[38:54:39:af:de:38 192.168.3.114]receiver:[00:00:00:00:00:00 192.168.3.75]
06-24 16:07:34.894 0 0 W : [3 T1046 ..] [SP FRAME TX] arp rsp,vif_idx:0 sender:[1c:79:2d:20:62:cb 192.168.3.75]receiver:[38:54:39:af:de:38 192.168.3.114]
06-24 16:07:35.090 0 0 W : [3 T1046 ..] [SP FRAME RX] arp req,vif_idx:0 sender:[56:86:a9:ec:10:a8 192.168.3.19]receiver:[00:00:00:00:00:00 192.168.3.75]
06-24 16:07:35.091 0 0 W : [3 T1046 ..] [SP FRAME TX] arp rsp,vif_idx:0 sender:[1c:79:2d:20:62:cb 192.168.3.75]receiver:[56:86:a9:ec:10:a8 192.168.3.19]
06-24 16:07:35.125 0 0 W : [3 T1046 ..] [SP FRAME RX] arp req,vif_idx:0 sender:[d2:07:9a:6e:a7:36 192.168.3.27]receiver:[00:00:00:00:00:00 192.168.3.75]
06-24 16:07:35.126 0 0 W : [3 T1046 ..] [SP FRAME TX] arp rsp,vif_idx:0 sender:[1c:79:2d:20:62:cb 192.168.3.75]receiver:[d2:07:9a:6e:a7:36 192.168.3.27]
06-24 16:07:35.128 0 0 W : [3 T1046 ..] [SP FRAME RX] arp req,vif_idx:0 sender:[da:b8:33:f6:93:fe 192.168.3.89]receiver:[00:00:00:00:00:00 192.168.3.75]
06-24 16:07:35.129 0 0 W : [3 T1046 ..] [SP FRAME TX] arp rsp,vif_idx:0 sender:[1c:79:2d:20:62:cb 192.168.3.75]receiver:[da:b8:33:f6:93:fe 192.168.3.89]
06-24 16:07:35.341 0 0 W : [3 T1046 ..] [SP FRAME RX] arp req,vif_idx:0 sender:[0c:91:60:12:cd:6e 192.168.3.81]receiver:[00:00:00:00:00:00 192.168.3.75]
06-24 16:07:35.342 0 0 W : [3 T1046 ..] [SP FRAME TX] arp rsp,vif_idx:0 sender:[1c:79:2d:20:62:cb 192.168.3.75]receiver:[0c:91:60:12:cd:6e 192.168.3.81]
06-24 16:07:35.453 0 0 W [3 T27366 ..] audit: audit_lost=18328 audit_rate_limit=5 audit_backlog_limit=64
06-24 16:07:35.454 0 0 E [3 T27366 ..] audit: rate limit exceeded
06-24 16:07:35.728 0 0 W : [1 T1041 ..] fmac ASSERT (***** assert_rec *****: ) at ip/lmac/src/hal/hal_machw.c:752
06-24 16:07:35.728 0 0 W : [1 T1041 ..] >>> aml_rx_dbg_error_ind()
06-24 16:07:35.729 0 0 E : [1 T1041 ..] aml_sdio mmc1:0000:7: (type 0): dump received
06-24 16:07:35.729 0 0 E : [1 T28922 ..] aml_sdio mmc1:0000:7: Failed to call /usr/bin/aml_umh.sh (/usr/bin/aml_umh.sh returned -524)
06-24 16:07:36.834 0 0 W [1 T2507 ..] audit: audit_lost=18339 audit_rate_limit=5 audit_backlog_limit=64
06-24 16:07:36.835 0 0 E [1 T2507 ..] audit: rate limit exceeded
06-24 16:07:41.356 0 0 W : [0 T1046 ..] [SP FRAME RX] arp req,vif_idx:0 sender:[a2:e3:8f:e4:ff:46 192.168.3.250]receiver:[00:00:00:00:00:00 192.168.3.75]
06-24 16:07:41.357 0 0 W : [0 T1046 ..] [SP FRAME TX] arp rsp,vif_idx:0 sender:[1c:79:2d:20:62:cb 192.168.3.75]receiver:[a2:e3:8f:e4:ff:46 192.168.3.250]
06-24 16:07:41.386 0 0 W : [1 T0 .s] [SP FRAME TX] arp req,vif_idx:0 sender:[1c:79:2d:20:62:cb 192.168.3.75]receiver:[00:00:00:00:00:00 192.168.3.250]
06-24 16:07:41.396 0 0 W : [0 T1046 ..] [SP FRAME RX] arp rsp,vif_idx:0 sender:[a2:e3:8f:e4:ff:46 192.168.3.250]receiver:[1c:79:2d:20:62:cb 192.168.3.75]
06-24 16:07:42.486 685 780 D ActivityManager: freezing 2225 com.android.externalstorage
06-24 16:07:42.894 685 780 D ActivityManager: freezing 2260 net.myvst.v2
06-24 16:07:42.990 685 780 D ActivityManager: freezing 2305 android.process.media
06-24 16:07:58.026 0 0 W : [0 T0 .s] [SP FRAME TX] arp req,vif_idx:0 sender:[1c:79:2d:20:62:cb 192.168.3.75]receiver:[00:00:00:00:00:00 192.168.3.36]
06-24 16:07:58.037 0 0 W : [2 T1046 ..] [SP FRAME RX] arp rsp,vif_idx:0 sender:[b6:86:f8:35:d4:28 192.168.3.36]receiver:[1c:79:2d:20:62:cb 192.168.3.75]
06-24 16:07:58.110 0 0 W : [2 T1046 ..] [SP FRAME RX] arp req,vif_idx:0 sender:[b6:86:f8:35:d4:28 192.168.3.36]receiver:[00:00:00:00:00:00 192.168.3.75]
06-24 16:07:58.111 0 0 W : [2 T1046 ..] [SP FRAME TX] arp rsp,vif_idx:0 sender:[1c:79:2d:20:62:cb 192.168.3.75]receiver:[b6:86:f8:35:d4:28 192.168.3.36]
06-24 16:07:58.282 0 0 W : [2 T0 .s] [SP FRAME TX] arp req,vif_idx:0 sender:[1c:79:2d:20:62:cb 192.168.3.75]receiver:[00:00:00:00:00:00 192.168.3.254]
06-24 16:07:58.293 0 0 W : [2 T1046 ..] [SP FRAME RX] arp req,vif_idx:0 sender:[12:3c:2c:e1:84:9f 192.168.3.254]receiver:[00:00:00:00:00:00 192.168.3.75]
06-24 16:07:58.294 0 0 W : [2 T1046 ..] [SP FRAME TX] arp rsp,vif_idx:0 sender:[1c:79:2d:20:62:cb 192.168.3.75]receiver:[12:3c:2c:e1:84:9f 192.168.3.254]
06-24 16:07:58.302 0 0 W : [2 T1046 ..] [SP FRAME RX] arp rsp,vif_idx:0 sender:[12:3c:2c:e1:84:9f 192.168.3.254]receiver:[1c:79:2d:20:62:cb 192.168.3.75]
06-24 16:07:58.538 0 0 W : [0 T0 .s] [SP FRAME TX] arp req,vif_idx:0 sender:[1c:79:2d:20:62:cb 192.168.3.75]receiver:[00:00:00:00:00:00 192.168.3.243]
06-24 16:07:58.539 0 0 W : [0 T0 .s] [SP FRAME TX] arp req,vif_idx:0 sender:[1c:79:2d:20:62:cb 192.168.3.75]receiver:[00:00:00:00:00:00 192.168.3.176]
06-24 16:07:58.547 0 0 W : [2 T1046 ..] [SP FRAME RX] arp rsp,vif_idx:0 sender:[ea:f3:28:46:91:6b 192.168.3.243]receiver:[1c:79:2d:20:62:cb 192.168.3.75]
06-24 16:07:58.552 0 0 W : [2 T1046 ..] [SP FRAME RX] arp rsp,vif_idx:0 sender:[16:8e:6e:17:dc:41 192.168.3.176]receiver:[1c:79:2d:20:62:cb 192.168.3.75]
06-24 16:07:58.643 0 0 W : [2 T1046 ..] [SP FRAME RX] arp req,vif_idx:0 sender:[ea:f3:28:46:91:6b 192.168.3.243]receiver:[00:00:00:00:00:00 192.168.3.75]
06-24 16:07:58.644 0 0 W : [2 T1046 ..] [SP FRAME TX] arp rsp,vif_idx:0 sender:[1c:79:2d:20:62:cb 192.168.3.75]receiver:[ea:f3:28:46:91:6b 192.168.3.243]
06-24 16:07:58.745 0 0 W : [2 T1046 ..] [SP FRAME RX] arp req,vif_idx:0 sender:[16:8e:6e:17:dc:41 192.168.3.176]receiver:[00:00:00:00:00:00 192.168.3.75]
06-24 16:07:58.746 0 0 W : [2 T1046 ..] [SP FRAME TX] arp rsp,vif_idx:0 sender:[1c:79:2d:20:62:cb 192.168.3.75]receiver:[16:8e:6e:17:dc:41 192.168.3.176]
06-24 16:08:08.522 0 0 W : [0 T12970 ..] [aml_send_sync_trace 4388] sync token[64020]
06-24 16:08:08.522 0 0 W : [0 T12970 ..] >>> aml_send_msg()
06-24 16:08:08.523 0 0 W : [1 T1041 ..] ipc_sdio_host_msgack_handler 00000000b598d396
06-24 16:08:08.524 0 0 W : [1 T1041 ..] [aml_msgackind 2039] msg ack hostid=0xffffff806d149500
06-24 16:08:08.525 0 0 W : [1 T1041 ..] [cmd_mgr_llind 329] cmd tkn[452] flags:0008 result: -4 cmd: 105-MM_SYNC_TRACE - reqcfm( 0-none)
06-24 16:08:08.526 0 0 W : [1 T1041 ..] [cmd_complete 65] cmd tkn[452] flags:0000 result: -4 cmd: 105-MM_SYNC_TRACE - reqcfm( 0-none)
06-24 16:08:12.393 0 0 W : [1 T1041 ..] >>> aml_rx_dbg_error_ind()
06-24 16:08:12.393 0 0 E : [1 T1041 ..] aml_sdio mmc1:0000:7: (type 0): dump received
06-24 16:08:12.394 0 0 E : [1 T28922 ..] aml_sdio mmc1:0000:7: Failed to call /usr/bin/aml_umh.sh (/usr/bin/aml_umh.sh returned -524)
06-24 16:08:12.396 0 0 W : [1 T1041 ..] fmac ASSERT (***** assert_rec *****: ) at ip/lmac/src/hal/hal_machw.c:752
06-24 16:08:14.154 0 0 W : [3 T0 .s] [SP FRAME TX] arp req,vif_idx:0 sender:[1c:79:2d:20:62:cb 192.168.3.75]receiver:[00:00:00:00:00:00 192.168.3.190]
06-24 16:08:14.792 685 718 W ProcessStats: Tracking association SourceState{2ed2a5c system/1000 ImpFg #9961} whose proc state 5 is better than process ProcessState{9231bd0 com.android.permissioncontroller/10074 pkg=com.android.permissioncontroller} proc state 15 (9 skipped)
06-24 16:08:15.000 0 0 W : [3 T1046 ..] [SP FRAME RX] arp rsp,vif_idx:0 sender:[12:2c:8d:45:1c:5f 192.168.3.190]receiver:[1c:79:2d:20:62:cb 192.168.3.75]
06-24 16:08:24.802 685 763 W ProcessStats: Tracking association SourceState{2ed2a5c system/1000 ImpFg #9962} whose proc state 5 is better than process ProcessState{9231bd0 com.android.permissioncontroller/10074 pkg=com.android.permissioncontroller} proc state 15 (0 skipped)
06-24 16:08:25.098 685 718 W ActivityManager: Stopping service due to app idle: u0a42 -3m41s721ms com.dangbei.lerad.videoposter/com.dangbei.downloader.core.DownloadService
06-24 16:08:30.026 0 0 W : [0 T17103 .s] [SP FRAME TX] arp req,vif_idx:0 sender:[1c:79:2d:20:62:cb 192.168.3.75]receiver:[00:00:00:00:00:00 192.168.3.36]
06-24 16:08:30.049 0 0 W : [2 T1046 ..] [SP FRAME RX] arp rsp,vif_idx:0 sender:[b6:86:f8:35:d4:28 192.168.3.36]receiver:[1c:79:2d:20:62:cb 192.168.3.75]
06-24 16:08:30.117 0 0 W : [2 T1046 ..] [SP FRAME RX] arp req,vif_idx:0 sender:[b6:86:f8:35:d4:28 192.168.3.36]receiver:[00:00:00:00:00:00 192.168.3.75]
06-24 16:08:30.118 0 0 W : [2 T1046 ..] [SP FRAME TX] arp rsp,vif_idx:0 sender:[1c:79:2d:20:62:cb 192.168.3.75]receiver:[b6:86:f8:35:d4:28 192.168.3.36]
06-24 16:08:30.282 0 0 W : [2 T1046 ..] [SP FRAME RX] arp req,vif_idx:0 sender:[12:3c:2c:e1:84:9f 192.168.3.254]receiver:[00:00:00:00:00:00 192.168.3.75]
06-24 16:08:30.283 0 0 W : [2 T1046 ..] [SP FRAME TX] arp rsp,vif_idx:0 sender:[1c:79:2d:20:62:cb 192.168.3.75]receiver:[12:3c:2c:e1:84:9f 192.168.3.254]
06-24 16:08:30.284 0 0 W : [2 T1046 .s] [SP FRAME TX] arp req,vif_idx:0 sender:[1c:79:2d:20:62:cb 192.168.3.75]receiver:[00:00:00:00:00:00 192.168.3.254]
06-24 16:08:30.308 0 0 W : [2 T1046 ..] [SP FRAME RX] arp rsp,vif_idx:0 sender:[12:3c:2c:e1:84:9f 192.168.3.254]receiver:[1c:79:2d:20:62:cb 192.168.3.75]
06-24 16:08:30.538 0 0 W : [2 T16195 .s] [SP FRAME TX] arp req,vif_idx:0 sender:[1c:79:2d:20:62:cb 192.168.3.75]receiver:[00:00:00:00:00:00 192.168.3.243]
06-24 16:08:30.539 0 0 W : [2 T16195 .s] [SP FRAME TX] arp req,vif_idx:0 sender:[1c:79:2d:20:62:cb 192.168.3.75]receiver:[00:00:00:00:00:00 192.168.3.176]
06-24 16:08:30.551 0 0 W : [2 T1046 ..] [SP FRAME RX] arp rsp,vif_idx:0 sender:[ea:f3:28:46:91:6b 192.168.3.243]receiver:[1c:79:2d:20:62:cb 192.168.3.75]
06-24 16:08:30.572 0 0 W : [2 T1046 ..] [SP FRAME RX] arp rsp,vif_idx:0 sender:[16:8e:6e:17:dc:41 192.168.3.176]receiver:[1c:79:2d:20:62:cb 192.168.3.75]
06-24 16:08:30.649 0 0 W : [2 T1046 ..] [SP FRAME RX] arp req,vif_idx:0 sender:[ea:f3:28:46:91:6b 192.168.3.243]receiver:[00:00:00:00:00:00 192.168.3.75]
06-24 16:08:30.650 0 0 W : [2 T1046 ..] [SP FRAME TX] arp rsp,vif_idx:0 sender:[1c:79:2d:20:62:cb 192.168.3.75]receiver:[ea:f3:28:46:91:6b 192.168.3.243]
06-24 16:08:30.747 0 0 W : [2 T1046 ..] [SP FRAME RX] arp req,vif_idx:0 sender:[16:8e:6e:17:dc:41 192.168.3.176]receiver:[00:00:00:00:00:00 192.168.3.75]
06-24 16:08:30.748 0 0 W : [2 T1046 ..] [SP FRAME TX] arp rsp,vif_idx:0 sender:[1c:79:2d:20:62:cb 192.168.3.75]receiver:[16:8e:6e:17:dc:41 192.168.3.176]
06-24 16:08:38.474 0 0 W : [0 T0 .s] [SP FRAME TX] arp req,vif_idx:0 sender:[1c:79:2d:20:62:cb 192.168.3.75]receiver:[00:00:00:00:00:00 192.168.3.3]
06-24 16:08:38.480 0 0 W : [2 T1046 ..] [SP FRAME RX] arp req,vif_idx:0 sender:[02:fe:15:17:79:f9 192.168.3.3]receiver:[00:00:00:00:00:00 192.168.3.75]
06-24 16:08:38.481 0 0 W : [2 T1046 ..] [SP FRAME TX] arp rsp,vif_idx:0 sender:[1c:79:2d:20:62:cb 192.168.3.75]receiver:[02:fe:15:17:79:f9 192.168.3.3]
06-24 16:08:38.489 0 0 W : [2 T1046 ..] [SP FRAME RX] arp rsp,vif_idx:0 sender:[02:fe:15:17:79:f9 192.168.3.3]receiver:[1c:79:2d:20:62:cb 192.168.3.75]
06-24 16:08:45.898 0 0 W : [2 T0 .s] [SP FRAME TX] arp req,vif_idx:0 sender:[1c:79:2d:20:62:cb 192.168.3.75]receiver:[00:00:00:00:00:00 192.168.3.58]
06-24 16:08:46.926 0 0 W : [2 T0 .s] [SP FRAME TX] arp req,vif_idx:0 sender:[1c:79:2d:20:62:cb 192.168.3.75]receiver:[00:00:00:00:00:00 192.168.3.58]
06-24 16:08:47.105 0 0 W : [3 T1046 ..] [SP FRAME RX] arp rsp,vif_idx:0 sender:[ee:78:83:8f:63:7e 192.168.3.58]receiver:[1c:79:2d:20:62:cb 192.168.3.75]
06-24 16:08:57.378 0 0 W : [3 T1046 ..] [SP FRAME RX] DHCP[0 1], vif_idx:0
06-24 16:08:58.509 0 0 W : [1 T1046 ..] [SP FRAME RX] DHCP[0 1], vif_idx:0
06-24 16:09:00.346 0 0 W : [3 T1046 ..] [SP FRAME RX] DHCP[0 1], vif_idx:0
06-24 16:09:02.026 0 0 W : [3 T0 .s] [SP FRAME TX] arp req,vif_idx:0 sender:[1c:79:2d:20:62:cb 192.168.3.75]receiver:[00:00:00:00:00:00 192.168.3.36]
06-24 16:09:02.038 0 0 W : [3 T1046 ..] [SP FRAME RX] arp rsp,vif_idx:0 sender:[b6:86:f8:35:d4:28 192.168.3.36]receiver:[1c:79:2d:20:62:cb 192.168.3.75]
06-24 16:09:02.109 0 0 W : [3 T1046 ..] [SP FRAME RX] arp req,vif_idx:0 sender:[b6:86:f8:35:d4:28 192.168.3.36]receiver:[00:00:00:00:00:00 192.168.3.75]
06-24 16:09:02.109 0 0 W : [3 T1046 ..] [SP FRAME TX] arp rsp,vif_idx:0 sender:[1c:79:2d:20:62:cb 192.168.3.75]receiver:[b6:86:f8:35:d4:28 192.168.3.36]
06-24 16:09:02.282 0 0 W : [0 T0 .s] [SP FRAME TX] arp req,vif_idx:0 sender:[1c:79:2d:20:62:cb 192.168.3.75]receiver:[00:00:00:00:00:00 192.168.3.254]
06-24 16:09:02.306 0 0 W : [3 T1046 ..] [SP FRAME RX] arp req,vif_idx:0 sender:[12:3c:2c:e1:84:9f 192.168.3.254]receiver:[00:00:00:00:00:00 192.168.3.75]
06-24 16:09:02.307 0 0 W : [3 T1046 ..] [SP FRAME TX] arp rsp,vif_idx:0 sender:[1c:79:2d:20:62:cb 192.168.3.75]receiver:[12:3c:2c:e1:84:9f 192.168.3.254]
06-24 16:09:02.308 0 0 W : [3 T1046 ..] [SP FRAME RX] arp rsp,vif_idx:0 sender:[12:3c:2c:e1:84:9f 192.168.3.254]receiver:[1c:79:2d:20:62:cb 192.168.3.75]
06-24 16:09:02.538 0 0 W : [0 T0 .s] [SP FRAME TX] arp req,vif_idx:0 sender:[1c:79:2d:20:62:cb 192.168.3.75]receiver:[00:00:00:00:00:00 192.168.3.243]
06-24 16:09:02.539 0 0 W : [0 T0 .s] [SP FRAME TX] arp req,vif_idx:0 sender:[1c:79:2d:20:62:cb 192.168.3.75]receiver:[00:00:00:00:00:00 192.168.3.176]
06-24 16:09:02.556 0 0 W : [3 T1046 ..] [SP FRAME RX] arp rsp,vif_idx:0 sender:[ea:f3:28:46:91:6b 192.168.3.243]receiver:[1c:79:2d:20:62:cb 192.168.3.75]
06-24 16:09:02.587 0 0 W : [3 T1046 ..] [SP FRAME RX] arp rsp,vif_idx:0 sender:[16:8e:6e:17:dc:41 192.168.3.176]receiver:[1c:79:2d:20:62:cb 192.168.3.75]
06-24 16:09:02.644 0 0 W : [3 T1046 ..] [SP FRAME RX] arp req,vif_idx:0 sender:[ea:f3:28:46:91:6b 192.168.3.243]receiver:[00:00:00:00:00:00 192.168.3.75]
06-24 16:09:02.645 0 0 W : [3 T1046 ..] [SP FRAME TX] arp rsp,vif_idx:0 sender:[1c:79:2d:20:62:cb 192.168.3.75]receiver:[ea:f3:28:46:91:6b 192.168.3.243]
06-24 16:09:02.753 0 0 W : [3 T1046 ..] [SP FRAME RX] arp req,vif_idx:0 sender:[16:8e:6e:17:dc:41 192.168.3.176]receiver:[00:00:00:00:00:00 192.168.3.75]
06-24 16:09:02.754 0 0 W : [3 T1046 ..] [SP FRAME TX] arp rsp,vif_idx:0 sender:[1c:79:2d:20:62:cb 192.168.3.75]receiver:[16:8e:6e:17:dc:41 192.168.3.176]
06-24 16:09:04.192 0 0 W : [3 T1046 ..] [SP FRAME RX] arp req,vif_idx:0 sender:[20:57:9e:67:7f:db 192.168.3.98]receiver:[00:00:00:00:00:00 192.168.3.75]
06-24 16:09:04.193 0 0 W : [3 T1046 ..] [SP FRAME TX] arp rsp,vif_idx:0 sender:[1c:79:2d:20:62:cb 192.168.3.75]receiver:[20:57:9e:67:7f:db 192.168.3.98]
06-24 16:09:04.232 0 0 W : [3 T1046 ..] [SP FRAME RX] arp req,vif_idx:0 sender:[0c:91:60:12:cd:8c 192.168.3.70]receiver:[00:00:00:00:00:00 192.168.3.75]
06-24 16:09:04.233 0 0 W : [3 T1046 ..] [SP FRAME TX] arp rsp,vif_idx:0 sender:[1c:79:2d:20:62:cb 192.168.3.75]receiver:[0c:91:60:12:cd:8c 192.168.3.70]
