06-24 16:10:34.426 1423 8787 W PackageParser: Ignoring duplicate uses-permissions/uses-permissions-sdk-m: android.permission.GET_ACCOUNTS in package: com.lutongnet.kalaok2 at: Binary XML file line #64
06-24 16:10:34.426 1423 8787 W PackageParser: Ignoring duplicate uses-permissions/uses-permissions-sdk-m: android.permission.PROCESS_OUTGOING_CALLS in package: com.lutongnet.kalaok2 at: Binary XML file line #69
06-24 16:10:34.426 1423 8787 W PackageParser: Ignoring duplicate uses-permissions/uses-permissions-sdk-m: android.permission.READ_CALENDAR in package: com.lutongnet.kalaok2 at: Binary XML file line #70
06-24 16:10:34.426 1423 8787 W PackageParser: Ignoring duplicate uses-permissions/uses-permissions-sdk-m: android.permission.READ_CALL_LOG in package: com.lutongnet.kalaok2 at: Binary XML file line #71
06-24 16:10:34.426 1423 8787 W PackageParser: Ignoring duplicate uses-permissions/uses-permissions-sdk-m: android.permission.READ_CELL_BROADCASTS in package: com.lutongnet.kalaok2 at: Binary XML file line #72
06-24 16:10:34.426 1423 8787 W PackageParser: Ignoring duplicate uses-permissions/uses-permissions-sdk-m: android.permission.READ_CONTACTS in package: com.lutongnet.kalaok2 at: Binary XML file line #73
06-24 16:10:34.426 1423 8787 W PackageParser: Ignoring duplicate uses-permissions/uses-permissions-sdk-m: android.permission.READ_SMS in package: com.lutongnet.kalaok2 at: Binary XML file line #77
06-24 16:10:34.426 1423 8787 W PackageParser: Ignoring duplicate uses-permissions/uses-permissions-sdk-m: android.permission.RECEIVE_MMS in package: com.lutongnet.kalaok2 at: Binary XML file line #83
06-24 16:10:34.426 1423 8787 W PackageParser: Ignoring duplicate uses-permissions/uses-permissions-sdk-m: android.permission.RECEIVE_SMS in package: com.lutongnet.kalaok2 at: Binary XML file line #84
06-24 16:10:34.426 1423 8787 W PackageParser: Ignoring duplicate uses-permissions/uses-permissions-sdk-m: android.permission.RECEIVE_WAP_PUSH in package: com.lutongnet.kalaok2 at: Binary XML file line #85
06-24 16:10:34.426 1423 8787 W PackageParser: Ignoring duplicate uses-permissions/uses-permissions-sdk-m: android.permission.SEND_SMS in package: com.lutongnet.kalaok2 at: Binary XML file line #87
06-24 16:10:34.426 1423 8787 W PackageParser: Ignoring duplicate uses-permissions/uses-permissions-sdk-m: android.permission.USE_SIP in package: com.lutongnet.kalaok2 at: Binary XML file line #95
06-24 16:10:34.427 1423 8787 W PackageParser: Ignoring duplicate uses-permissions/uses-permissions-sdk-m: android.permission.WRITE_CALENDAR in package: com.lutongnet.kalaok2 at: Binary XML file line #97
06-24 16:10:34.427 1423 8787 W PackageParser: Ignoring duplicate uses-permissions/uses-permissions-sdk-m: android.permission.WRITE_CALL_LOG in package: com.lutongnet.kalaok2 at: Binary XML file line #98
06-24 16:10:34.427 1423 8787 W PackageParser: Ignoring duplicate uses-permissions/uses-permissions-sdk-m: android.permission.WRITE_CONTACTS in package: com.lutongnet.kalaok2 at: Binary XML file line #99
06-24 16:10:34.427 1423 8787 W PackageParser: Ignoring duplicate uses-permissions/uses-permissions-sdk-m: com.android.voicemail.permission.ADD_VOICEMAIL in package: com.lutongnet.kalaok2 at: Binary XML file line #112
06-24 16:10:34.459 685 11707 D CompatibilityChangeReporter: Compat change id reported: 161145287; UID 1000; state: ENABLED
06-24 16:10:34.459 685 11707 D CompatibilityChangeReporter: Compat change id reported: 161145287; UID 1000; state: DISABLED
06-24 16:10:34.469 1423 8787 W PackageParser: Ignoring duplicate uses-permissions/uses-permissions-sdk-m: android.permission.READ_CONTACTS in package: com.lutongnet.kalaok2 at: Binary XML file line #35
06-24 16:10:34.469 1423 8787 W PackageParser: Ignoring duplicate uses-permissions/uses-permissions-sdk-m: android.permission.READ_SMS in package: com.lutongnet.kalaok2 at: Binary XML file line #51
06-24 16:10:34.469 1423 8787 W PackageParser: Ignoring duplicate uses-permissions/uses-permissions-sdk-m: android.permission.BODY_SENSORS in package: com.lutongnet.kalaok2 at: Binary XML file line #55
06-24 16:10:34.469 1423 8787 W PackageParser: Ignoring duplicate uses-permissions/uses-permissions-sdk-m: android.permission.CALL_PHONE in package: com.lutongnet.kalaok2 at: Binary XML file line #57
06-24 16:10:34.469 1423 8787 W PackageParser: Ignoring duplicate uses-permissions/uses-permissions-sdk-m: android.permission.GET_ACCOUNTS in package: com.lutongnet.kalaok2 at: Binary XML file line #64
06-24 16:10:34.470 1423 8787 W PackageParser: Ignoring duplicate uses-permissions/uses-permissions-sdk-m: android.permission.PROCESS_OUTGOING_CALLS in package: com.lutongnet.kalaok2 at: Binary XML file line #69
06-24 16:10:34.470 1423 8787 W PackageParser: Ignoring duplicate uses-permissions/uses-permissions-sdk-m: android.permission.READ_CALENDAR in package: com.lutongnet.kalaok2 at: Binary XML file line #70
06-24 16:10:34.470 1423 8787 W PackageParser: Ignoring duplicate uses-permissions/uses-permissions-sdk-m: android.permission.READ_CALL_LOG in package: com.lutongnet.kalaok2 at: Binary XML file line #71
06-24 16:10:34.470 1423 8787 W PackageParser: Ignoring duplicate uses-permissions/uses-permissions-sdk-m: android.permission.READ_CELL_BROADCASTS in package: com.lutongnet.kalaok2 at: Binary XML file line #72
06-24 16:10:34.470 1423 8787 W PackageParser: Ignoring duplicate uses-permissions/uses-permissions-sdk-m: android.permission.READ_CONTACTS in package: com.lutongnet.kalaok2 at: Binary XML file line #73
06-24 16:10:34.470 1423 8787 W PackageParser: Ignoring duplicate uses-permissions/uses-permissions-sdk-m: android.permission.READ_SMS in package: com.lutongnet.kalaok2 at: Binary XML file line #77
06-24 16:10:34.470 1423 8787 W PackageParser: Ignoring duplicate uses-permissions/uses-permissions-sdk-m: android.permission.RECEIVE_MMS in package: com.lutongnet.kalaok2 at: Binary XML file line #83
06-24 16:10:34.470 1423 8787 W PackageParser: Ignoring duplicate uses-permissions/uses-permissions-sdk-m: android.permission.RECEIVE_SMS in package: com.lutongnet.kalaok2 at: Binary XML file line #84
06-24 16:10:34.471 1423 8787 W PackageParser: Ignoring duplicate uses-permissions/uses-permissions-sdk-m: android.permission.RECEIVE_WAP_PUSH in package: com.lutongnet.kalaok2 at: Binary XML file line #85
06-24 16:10:34.471 1423 8787 W PackageParser: Ignoring duplicate uses-permissions/uses-permissions-sdk-m: android.permission.SEND_SMS in package: com.lutongnet.kalaok2 at: Binary XML file line #87
06-24 16:10:34.471 1423 8787 W PackageParser: Ignoring duplicate uses-permissions/uses-permissions-sdk-m: android.permission.USE_SIP in package: com.lutongnet.kalaok2 at: Binary XML file line #95
06-24 16:10:34.471 1423 8787 W PackageParser: Ignoring duplicate uses-permissions/uses-permissions-sdk-m: android.permission.WRITE_CALENDAR in package: com.lutongnet.kalaok2 at: Binary XML file line #97
06-24 16:10:34.471 1423 8787 W PackageParser: Ignoring duplicate uses-permissions/uses-permissions-sdk-m: android.permission.WRITE_CALL_LOG in package: com.lutongnet.kalaok2 at: Binary XML file line #98
06-24 16:10:34.471 1423 8787 W PackageParser: Ignoring duplicate uses-permissions/uses-permissions-sdk-m: android.permission.WRITE_CONTACTS in package: com.lutongnet.kalaok2 at: Binary XML file line #99
06-24 16:10:34.472 1423 8787 W PackageParser: Ignoring duplicate uses-permissions/uses-permissions-sdk-m: com.android.voicemail.permission.ADD_VOICEMAIL in package: com.lutongnet.kalaok2 at: Binary XML file line #112
06-24 16:10:34.601 0 0 W : [3 T1046 ..] [SP FRAME RX] arp req,vif_idx:0 sender:[38:54:39:af:de:38 192.168.3.114]receiver:[00:00:00:00:00:00 192.168.3.75]
06-24 16:10:34.602 0 0 W : [3 T1046 ..] [SP FRAME TX] arp rsp,vif_idx:0 sender:[1c:79:2d:20:62:cb 192.168.3.75]receiver:[38:54:39:af:de:38 192.168.3.114]
06-24 16:10:34.678 0 0 W : [0 T1046 ..] [SP FRAME RX] arp req,vif_idx:0 sender:[16:8e:6e:17:dc:41 192.168.3.176]receiver:[00:00:00:00:00:00 192.168.3.75]
06-24 16:10:34.680 0 0 W : [0 T1046 ..] [SP FRAME TX] arp rsp,vif_idx:0 sender:[1c:79:2d:20:62:cb 192.168.3.75]receiver:[16:8e:6e:17:dc:41 192.168.3.176]
06-24 16:10:34.681 0 0 W : [0 T1046 ..] [SP FRAME RX] arp req,vif_idx:0 sender:[e2:04:f6:d8:62:00 192.168.3.194]receiver:[00:00:00:00:00:00 192.168.3.75]
06-24 16:10:34.682 0 0 W : [0 T1046 ..] [SP FRAME TX] arp rsp,vif_idx:0 sender:[1c:79:2d:20:62:cb 192.168.3.75]receiver:[e2:04:f6:d8:62:00 192.168.3.194]
06-24 16:10:34.889 0 0 W : [2 T1046 ..] [SP FRAME RX] arp req,vif_idx:0 sender:[28:7b:11:70:4f:a5 192.168.3.155]receiver:[00:00:00:00:00:00 192.168.3.75]
06-24 16:10:34.890 0 0 W : [2 T1046 ..] [SP FRAME TX] arp rsp,vif_idx:0 sender:[1c:79:2d:20:62:cb 192.168.3.75]receiver:[28:7b:11:70:4f:a5 192.168.3.155]
06-24 16:10:34.891 0 0 W : [2 T1046 ..] [SP FRAME RX] arp req,vif_idx:0 sender:[9a:86:f7:27:5c:25 192.168.3.169]receiver:[00:00:00:00:00:00 192.168.3.75]
06-24 16:10:34.893 0 0 W : [2 T1046 ..] [SP FRAME TX] arp rsp,vif_idx:0 sender:[1c:79:2d:20:62:cb 192.168.3.75]receiver:[9a:86:f7:27:5c:25 192.168.3.169]
06-24 16:10:35.159 0 0 W : [2 T1046 ..] [SP FRAME RX] arp req,vif_idx:0 sender:[fa:f0:09:28:64:31 192.168.3.73]receiver:[00:00:00:00:00:00 192.168.3.75]
06-24 16:10:35.160 0 0 W : [2 T1046 ..] [SP FRAME TX] arp rsp,vif_idx:0 sender:[1c:79:2d:20:62:cb 192.168.3.75]receiver:[fa:f0:09:28:64:31 192.168.3.73]
06-24 16:10:35.306 0 0 W : [2 T1046 ..] [SP FRAME RX] arp req,vif_idx:0 sender:[0c:91:60:12:cd:fc 192.168.3.171]receiver:[00:00:00:00:00:00 192.168.3.75]
06-24 16:10:35.307 0 0 W : [2 T1046 ..] [SP FRAME TX] arp rsp,vif_idx:0 sender:[1c:79:2d:20:62:cb 192.168.3.75]receiver:[0c:91:60:12:cd:fc 192.168.3.171]
06-24 16:10:35.308 0 0 W : [2 T1046 ..] [SP FRAME RX] arp req,vif_idx:0 sender:[d2:07:9a:6e:a7:36 192.168.3.27]receiver:[00:00:00:00:00:00 192.168.3.75]
06-24 16:10:35.310 0 0 W : [2 T1046 ..] [SP FRAME TX] arp rsp,vif_idx:0 sender:[1c:79:2d:20:62:cb 192.168.3.75]receiver:[d2:07:9a:6e:a7:36 192.168.3.27]
06-24 16:10:35.312 0 0 W : [2 T1046 ..] [SP FRAME RX] arp req,vif_idx:0 sender:[e2:8e:12:0f:0b:47 192.168.3.123]receiver:[00:00:00:00:00:00 192.168.3.75]
06-24 16:10:35.313 0 0 W : [2 T1046 ..] [SP FRAME TX] arp rsp,vif_idx:0 sender:[1c:79:2d:20:62:cb 192.168.3.75]receiver:[e2:8e:12:0f:0b:47 192.168.3.123]
06-24 16:10:35.315 0 0 W : [2 T1046 ..] [SP FRAME RX] arp req,vif_idx:0 sender:[b6:86:f8:35:d4:28 192.168.3.36]receiver:[00:00:00:00:00:00 192.168.3.75]
06-24 16:10:35.316 0 0 W : [2 T1046 ..] [SP FRAME TX] arp rsp,vif_idx:0 sender:[1c:79:2d:20:62:cb 192.168.3.75]receiver:[b6:86:f8:35:d4:28 192.168.3.36]
06-24 16:10:35.457 0 0 W : [2 T1046 ..] [SP FRAME RX] arp req,vif_idx:0 sender:[56:86:a9:ec:10:a8 192.168.3.19]receiver:[00:00:00:00:00:00 192.168.3.75]
06-24 16:10:35.458 0 0 W : [2 T1046 ..] [SP FRAME TX] arp rsp,vif_idx:0 sender:[1c:79:2d:20:62:cb 192.168.3.75]receiver:[56:86:a9:ec:10:a8 192.168.3.19]
06-24 16:10:35.487 0 0 W : [3 T1046 ..] [SP FRAME RX] arp req,vif_idx:0 sender:[de:90:cb:50:92:8f 192.168.3.145]receiver:[00:00:00:00:00:00 192.168.3.75]
06-24 16:10:35.488 0 0 W : [3 T1046 ..] [SP FRAME TX] arp rsp,vif_idx:0 sender:[1c:79:2d:20:62:cb 192.168.3.75]receiver:[de:90:cb:50:92:8f 192.168.3.145]
06-24 16:10:36.321 685 795 W PackageParsing: Ignoring duplicate uses-permissions/uses-permissions-sdk-m: android.permission.READ_CONTACTS in package: com.lutongnet.kalaok2 at: Binary XML file line #35
06-24 16:10:36.321 685 795 W PackageParsing: Ignoring duplicate uses-permissions/uses-permissions-sdk-m: android.permission.READ_SMS in package: com.lutongnet.kalaok2 at: Binary XML file line #51
06-24 16:10:36.321 685 795 W PackageParsing: Ignoring duplicate uses-permissions/uses-permissions-sdk-m: android.permission.BODY_SENSORS in package: com.lutongnet.kalaok2 at: Binary XML file line #55
06-24 16:10:36.321 685 795 W PackageParsing: Ignoring duplicate uses-permissions/uses-permissions-sdk-m: android.permission.CALL_PHONE in package: com.lutongnet.kalaok2 at: Binary XML file line #57
06-24 16:10:36.321 685 795 W PackageParsing: Ignoring duplicate uses-permissions/uses-permissions-sdk-m: android.permission.GET_ACCOUNTS in package: com.lutongnet.kalaok2 at: Binary XML file line #64
06-24 16:10:36.321 685 795 W PackageParsing: Ignoring duplicate uses-permissions/uses-permissions-sdk-m: android.permission.PROCESS_OUTGOING_CALLS in package: com.lutongnet.kalaok2 at: Binary XML file line #69
06-24 16:10:36.321 685 795 W PackageParsing: Ignoring duplicate uses-permissions/uses-permissions-sdk-m: android.permission.READ_CALENDAR in package: com.lutongnet.kalaok2 at: Binary XML file line #70
06-24 16:10:36.321 685 795 W PackageParsing: Ignoring duplicate uses-permissions/uses-permissions-sdk-m: android.permission.READ_CALL_LOG in package: com.lutongnet.kalaok2 at: Binary XML file line #71
06-24 16:10:36.321 685 795 W PackageParsing: Ignoring duplicate uses-permissions/uses-permissions-sdk-m: android.permission.READ_CELL_BROADCASTS in package: com.lutongnet.kalaok2 at: Binary XML file line #72
06-24 16:10:36.321 685 795 W PackageParsing: Ignoring duplicate uses-permissions/uses-permissions-sdk-m: android.permission.READ_CONTACTS in package: com.lutongnet.kalaok2 at: Binary XML file line #73
06-24 16:10:36.321 685 795 W PackageParsing: Ignoring duplicate uses-permissions/uses-permissions-sdk-m: android.permission.READ_SMS in package: com.lutongnet.kalaok2 at: Binary XML file line #77
06-24 16:10:36.322 685 795 W PackageParsing: Ignoring duplicate uses-permissions/uses-permissions-sdk-m: android.permission.RECEIVE_MMS in package: com.lutongnet.kalaok2 at: Binary XML file line #83
06-24 16:10:36.322 685 795 W PackageParsing: Ignoring duplicate uses-permissions/uses-permissions-sdk-m: android.permission.RECEIVE_SMS in package: com.lutongnet.kalaok2 at: Binary XML file line #84
06-24 16:10:36.322 685 795 W PackageParsing: Ignoring duplicate uses-permissions/uses-permissions-sdk-m: android.permission.RECEIVE_WAP_PUSH in package: com.lutongnet.kalaok2 at: Binary XML file line #85
06-24 16:10:36.322 685 795 W PackageParsing: Ignoring duplicate uses-permissions/uses-permissions-sdk-m: android.permission.SEND_SMS in package: com.lutongnet.kalaok2 at: Binary XML file line #87
06-24 16:10:36.322 685 795 W PackageParsing: Ignoring duplicate uses-permissions/uses-permissions-sdk-m: android.permission.USE_SIP in package: com.lutongnet.kalaok2 at: Binary XML file line #95
06-24 16:10:36.322 685 795 W PackageParsing: Ignoring duplicate uses-permissions/uses-permissions-sdk-m: android.permission.WRITE_CALENDAR in package: com.lutongnet.kalaok2 at: Binary XML file line #97
06-24 16:10:36.322 685 795 W PackageParsing: Ignoring duplicate uses-permissions/uses-permissions-sdk-m: android.permission.WRITE_CALL_LOG in package: com.lutongnet.kalaok2 at: Binary XML file line #98
06-24 16:10:36.322 685 795 W PackageParsing: Ignoring duplicate uses-permissions/uses-permissions-sdk-m: android.permission.WRITE_CONTACTS in package: com.lutongnet.kalaok2 at: Binary XML file line #99
06-24 16:10:36.322 685 795 W PackageParsing: Ignoring duplicate uses-permissions/uses-permissions-sdk-m: com.android.voicemail.permission.ADD_VOICEMAIL in package: com.lutongnet.kalaok2 at: Binary XML file line #112
06-24 16:10:36.340 685 795 W RuleEvaluation: Integrity rule files are not available.
06-24 16:10:36.341 685 741 I PackageManager: Integrity check passed for file:///data/app/vmdl976908401.tmp
06-24 16:10:36.354 685 741 W PackageParsing: Ignoring duplicate uses-permissions/uses-permissions-sdk-m: android.permission.READ_CONTACTS in package: com.lutongnet.kalaok2 at: Binary XML file line #35
06-24 16:10:36.355 685 741 W PackageParsing: Ignoring duplicate uses-permissions/uses-permissions-sdk-m: android.permission.READ_SMS in package: com.lutongnet.kalaok2 at: Binary XML file line #51
06-24 16:10:36.355 685 741 W PackageParsing: Ignoring duplicate uses-permissions/uses-permissions-sdk-m: android.permission.BODY_SENSORS in package: com.lutongnet.kalaok2 at: Binary XML file line #55
06-24 16:10:36.355 685 741 W PackageParsing: Ignoring duplicate uses-permissions/uses-permissions-sdk-m: android.permission.CALL_PHONE in package: com.lutongnet.kalaok2 at: Binary XML file line #57
06-24 16:10:36.355 685 741 W PackageParsing: Ignoring duplicate uses-permissions/uses-permissions-sdk-m: android.permission.GET_ACCOUNTS in package: com.lutongnet.kalaok2 at: Binary XML file line #64
06-24 16:10:36.355 685 741 W PackageParsing: Ignoring duplicate uses-permissions/uses-permissions-sdk-m: android.permission.PROCESS_OUTGOING_CALLS in package: com.lutongnet.kalaok2 at: Binary XML file line #69
06-24 16:10:36.355 685 741 W PackageParsing: Ignoring duplicate uses-permissions/uses-permissions-sdk-m: android.permission.READ_CALENDAR in package: com.lutongnet.kalaok2 at: Binary XML file line #70
06-24 16:10:36.355 685 741 W PackageParsing: Ignoring duplicate uses-permissions/uses-permissions-sdk-m: android.permission.READ_CALL_LOG in package: com.lutongnet.kalaok2 at: Binary XML file line #71
06-24 16:10:36.355 685 741 W PackageParsing: Ignoring duplicate uses-permissions/uses-permissions-sdk-m: android.permission.READ_CELL_BROADCASTS in package: com.lutongnet.kalaok2 at: Binary XML file line #72
06-24 16:10:36.356 685 741 W PackageParsing: Ignoring duplicate uses-permissions/uses-permissions-sdk-m: android.permission.READ_CONTACTS in package: com.lutongnet.kalaok2 at: Binary XML file line #73
06-24 16:10:36.356 685 741 W PackageParsing: Ignoring duplicate uses-permissions/uses-permissions-sdk-m: android.permission.READ_SMS in package: com.lutongnet.kalaok2 at: Binary XML file line #77
06-24 16:10:36.356 685 741 W PackageParsing: Ignoring duplicate uses-permissions/uses-permissions-sdk-m: android.permission.RECEIVE_MMS in package: com.lutongnet.kalaok2 at: Binary XML file line #83
06-24 16:10:36.356 685 741 W PackageParsing: Ignoring duplicate uses-permissions/uses-permissions-sdk-m: android.permission.RECEIVE_SMS in package: com.lutongnet.kalaok2 at: Binary XML file line #84
06-24 16:10:36.356 685 741 W PackageParsing: Ignoring duplicate uses-permissions/uses-permissions-sdk-m: android.permission.RECEIVE_WAP_PUSH in package: com.lutongnet.kalaok2 at: Binary XML file line #85
06-24 16:10:36.356 685 741 W PackageParsing: Ignoring duplicate uses-permissions/uses-permissions-sdk-m: android.permission.SEND_SMS in package: com.lutongnet.kalaok2 at: Binary XML file line #87
06-24 16:10:36.356 685 741 W PackageParsing: Ignoring duplicate uses-permissions/uses-permissions-sdk-m: android.permission.USE_SIP in package: com.lutongnet.kalaok2 at: Binary XML file line #95
06-24 16:10:36.356 685 741 W PackageParsing: Ignoring duplicate uses-permissions/uses-permissions-sdk-m: android.permission.WRITE_CALENDAR in package: com.lutongnet.kalaok2 at: Binary XML file line #97
06-24 16:10:36.356 685 741 W PackageParsing: Ignoring duplicate uses-permissions/uses-permissions-sdk-m: android.permission.WRITE_CALL_LOG in package: com.lutongnet.kalaok2 at: Binary XML file line #98
06-24 16:10:36.356 685 741 W PackageParsing: Ignoring duplicate uses-permissions/uses-permissions-sdk-m: android.permission.WRITE_CONTACTS in package: com.lutongnet.kalaok2 at: Binary XML file line #99
06-24 16:10:36.356 685 741 W PackageParsing: Ignoring duplicate uses-permissions/uses-permissions-sdk-m: com.android.voicemail.permission.ADD_VOICEMAIL in package: com.lutongnet.kalaok2 at: Binary XML file line #112
06-24 16:10:36.420 685 741 W PackageManager: Skipping provider name com.lutongnet.kalaok2.receptionist (in package com.lutongnet.kalaok2): name already used by com.lutongnet.kalaok2
06-24 16:10:36.420 685 741 W PackageManager: Skipping provider name com.lutongnet.kalaok2.receptionist (in package com.lutongnet.kalaok2): name already used by com.lutongnet.kalaok2
06-24 16:10:36.420 685 741 W PackageManager: Skipping provider name com.lutongnet.kalaok2.receptionist (in package com.lutongnet.kalaok2): name already used by com.lutongnet.kalaok2
06-24 16:10:36.420 685 741 W PackageManager: Skipping provider name com.lutongnet.kalaok2.receptionist (in package com.lutongnet.kalaok2): name already used by com.lutongnet.kalaok2
06-24 16:10:36.513 0 0 I [2 T2406 ..] logd: start watching /data/system/packages.list ...
06-24 16:10:36.503 685 741 D PackageManager: Instant App installer not found with android.intent.action.INSTALL_INSTANT_APP_PACKAGE
06-24 16:10:36.503 685 741 D PackageManager: Clear ephemeral installer activity
06-24 16:10:36.515 0 0 I [2 T2406 ..] logd: ReadPackageList, total packages: 108
06-24 16:10:36.511 685 708 V StorageManagerService: Package null does not have legacy storage
06-24 16:10:36.545 0 0 I [0 T216 ..] servicemanager: Since 'artd' could not be found, trying to start it as a lazy AIDL service. (if it's not configured to be a lazy service, it may be stuck starting or still starting).
06-24 16:10:36.605 0 0 I [0 T216 ..] BpBinder: onLastStrongRef automatically unlinking death recipients:
06-24 16:10:36.607 0 0 I [1 T216 ..] servicemanager: Notifying artd they do (previously: don't) have clients when service is guaranteed to be in use
06-24 16:10:36.712 0 0 W : [1 T1046 ..] [SP FRAME RX] DHCP[0 1], vif_idx:0
06-24 16:10:37.377 0 0 W [2 T4131 ..] audit: audit_lost=18366 audit_rate_limit=5 audit_backlog_limit=64
06-24 16:10:37.377 0 0 E [2 T4131 ..] audit: rate limit exceeded
06-24 16:10:38.101 685 741 V BackupManagerService: [UserID:0] restoreAtInstall pkg=com.lutongnet.kalaok2 token=1b restoreSet=0
06-24 16:10:38.102 685 741 V BackupManagerService: [UserID:0] Finishing install immediately
06-24 16:10:38.103 685 741 I AppsFilter: interaction: PackageSetting{987d57a com.dangbei.hqguide/10029} -> PackageSetting{611b785 com.lutongnet.kalaok2/10103} BLOCKED
06-24 16:10:38.122 685 741 D PackageInstallerSession: Marking session 976908401 as applied
06-24 16:10:38.127 685 741 D CompatibilityChangeReporter: Compat change id reported: 168419799; UID 10103; state: DISABLED
06-24 16:10:38.128 685 741 D CompatibilityChangeReporter: Compat change id reported: 273564678; UID 10103; state: DISABLED
06-24 16:10:38.134 685 718 D ActivityManager: sync unfroze 30169 com.qq.cleaning for 3
06-24 16:10:38.150 685 717 W TextServicesManagerService: no available spell checker services found
06-24 16:10:38.176 685 685 D TransparencyService: Not an update. Skipping...
06-24 16:10:38.188 1423 1423 W ContextImpl: Calling a method in the system process without a qualified user: android.app.ContextImpl.startActivity:1102 android.content.ContextWrapper.startActivity:436 ie.b.f:119 ie.a.b:75 ge.a.c:71
06-24 16:10:38.188 1423 1423 W ContextImpl: Calling a method in the system process without a qualified user: android.app.ContextImpl.startActivity:1114 android.app.ContextImpl.startActivity:1103 android.content.ContextWrapper.startActivity:436 ie.b.f:119 ie.a.b:75
06-24 16:10:38.194 685 685 I AppsFilter: interaction: PackageSetting{8b91f4d com.dangbei.hqguide/10029} -> PackageSetting{e9fa02 com.lutongnet.kalaok2/10103} BLOCKED
06-24 16:10:38.197 685 12511 D CompatibilityChangeReporter: Compat change id reported: 265464455; UID 10103; state: DISABLED
06-24 16:10:38.197 685 12511 D CompatibilityChangeReporter: Compat change id reported: 265452344; UID 10103; state: DISABLED
06-24 16:10:38.197 685 12511 D CompatibilityChangeReporter: Compat change id reported: 266124927; UID 10103; state: DISABLED
06-24 16:10:38.198 685 12511 D CompatibilityChangeReporter: Compat change id reported: 265451093; UID 10103; state: DISABLED
06-24 16:10:38.198 685 12511 D CompatibilityChangeReporter: Compat change id reported: 265456536; UID 10103; state: DISABLED
06-24 16:10:38.198 685 12511 D CompatibilityChangeReporter: Compat change id reported: 255940284; UID 10103; state: DISABLED
06-24 16:10:38.202 685 12511 D CompatibilityChangeReporter: Compat change id reported: 236283604; UID 10103; state: DISABLED
06-24 16:10:38.203 685 12511 D CompatibilityChangeReporter: Compat change id reported: 263959004; UID 10103; state: DISABLED
06-24 16:10:38.203 685 12511 D CompatibilityChangeReporter: Compat change id reported: 264304459; UID 10103; state: DISABLED
06-24 16:10:38.203 685 12511 D CompatibilityChangeReporter: Compat change id reported: 264301586; UID 10103; state: DISABLED
06-24 16:10:38.203 685 12511 D CompatibilityChangeReporter: Compat change id reported: 254631730; UID 10103; state: DISABLED
06-24 16:10:38.204 685 12511 D CompatibilityChangeReporter: Compat change id reported: 273509367; UID 10103; state: DISABLED
06-24 16:10:38.204 685 12511 D CompatibilityChangeReporter: Compat change id reported: 263259275; UID 10103; state: DISABLED
06-24 16:10:38.204 685 12511 D CompatibilityChangeReporter: Compat change id reported: 174042980; UID 10103; state: DISABLED
06-24 16:10:38.204 685 12511 D CompatibilityChangeReporter: Compat change id reported: 174042936; UID 10103; state: DISABLED
06-24 16:10:38.205 685 12511 D CompatibilityChangeReporter: Compat change id reported: 181136395; UID 10103; state: DISABLED
06-24 16:10:38.219 685 12511 D CompatibilityChangeReporter: Compat change id reported: 194480991; UID 10103; state: ENABLED
06-24 16:10:38.224 685 12511 D CompatibilityChangeReporter: Compat change id reported: 184838306; UID 10103; state: DISABLED
06-24 16:10:38.225 685 12511 D CompatibilityChangeReporter: Compat change id reported: 185004937; UID 10103; state: DISABLED
06-24 16:10:38.227 685 12511 D CompatibilityChangeReporter: Compat change id reported: 197654537; UID 10103; state: DISABLED
06-24 16:10:38.229 685 12511 V SplashScreenExceptionList: SplashScreen checking exception for package com.lutongnet.kalaok2 (target sdk:30) -> false
06-24 16:10:38.229 685 12511 D CompatibilityChangeReporter: Compat change id reported: 205907456; UID 10103; state: DISABLED
06-24 16:10:38.235 685 12511 D CompatibilityChangeReporter: Compat change id reported: 194833441; UID 10103; state: DISABLED
06-24 16:10:38.235 685 12511 I ActivityTaskManager: START u0 {act=android.intent.action.MAIN cat=[android.intent.category.LAUNCHER] flg=0x10000000 pkg=com.lutongnet.kalaok2 cmp=com.lutongnet.kalaok2/.WelcomeActivity} with LAUNCH_MULTIPLE from uid 1000 (BAL_ALLOW_ALLOWLISTED_UID) result code=0
06-24 16:10:38.235 901 979 V WindowManagerShell: Transition requested: android.os.BinderProxy@453cbf7 TransitionRequestInfo { type = 1, triggerTask = TaskInfo{userId=0 taskId=157 displayId=0 isRunning=true baseIntent=Intent { act=android.intent.action.MAIN cat=[android.intent.category.LAUNCHER] flg=0x10000000 pkg=com.lutongnet.kalaok2 cmp=com.lutongnet.kalaok2/.WelcomeActivity } baseActivity=ComponentInfo{com.lutongnet.kalaok2/com.lutongnet.kalaok2.WelcomeActivity} topActivity=ComponentInfo{com.lutongnet.kalaok2/com.lutongnet.kalaok2.WelcomeActivity} origActivity=null realActivity=ComponentInfo{com.lutongnet.kalaok2/com.lutongnet.kalaok2.WelcomeActivity} numActivities=1 lastActiveTime=18046135 supportsMultiWindow=true resizeMode=1 isResizeable=true minWidth=-1 minHeight=-1 defaultMinSize=220 token=WCT{android.window.IWindowContainerToken$Stub$Proxy@7dd4a64} topActivityType=1 pictureInPictureParams=null shouldDockBigOverlays=true launchIntoPipHostTaskId=-1 lastParentTaskIdBeforePip=-1 displayCutoutSafeInsets=null topActivityInfo=ActivityInfo{33b54cd com.lutongnet.kalaok2.WelcomeActivity} launchCookies=[] positionInParent=Point(0, 0) parentTaskId=-1 isFocused=false isVisible=false isVisibleRequested=false isSleeping=false topActivityInSizeCompat=false topActivityEligibleForLetterboxEducation= false isLetterboxDoubleTapEnabled= false topActivityEligibleForUserAspectRatioButton= false topActivityBoundsLetterboxed= false isFromLetterboxDoubleTap= false topActivityLetterboxVerticalPosition= -1 topActivityLetterboxHorizontalPosition= -1 topActivityLetterboxWidth=-1 topActivityLetterboxHeight=-1 isUserFullscreenOverrideEnabled=false isTopActivityTransparent=false locusId=null displayAreaFeatureId=1 cameraCompatControlState=hidden}, remoteTransition = null, displayChange = null, flags = 0 }
06-24 16:10:38.241 685 718 I ActivityManager: com.android.packageinstaller is exempt from freezer
06-24 16:10:38.242 685 718 D CompatibilityChangeReporter: Compat change id reported: 135634846; UID 10023; state: DISABLED
06-24 16:10:38.242 685 718 D CompatibilityChangeReporter: Compat change id reported: 177438394; UID 10023; state: DISABLED
06-24 16:10:38.242 685 718 D CompatibilityChangeReporter: Compat change id reported: 135772972; UID 10023; state: DISABLED
06-24 16:10:38.242 685 718 D CompatibilityChangeReporter: Compat change id reported: 135754954; UID 10023; state: ENABLED
06-24 16:10:38.243 685 719 D CompatibilityChangeReporter: Compat change id reported: 143937733; UID 10023; state: ENABLED
06-24 16:10:38.252 685 781 D CompatibilityChangeReporter: Compat change id reported: 261072174; UID 1000; state: ENABLED
06-24 16:10:38.254 685 781 W ProcessStats: Tracking association SourceState{7fd32cc system/1000 ImpFg #10005} whose proc state 5 is better than process ProcessState{9231bd0 com.android.permissioncontroller/10074 pkg=com.android.permissioncontroller} proc state 15 (2 skipped)
06-24 16:10:38.282 0 0 W : [2 T821 .s] [SP FRAME TX] arp req,vif_idx:0 sender:[1c:79:2d:20:62:cb 192.168.3.75]receiver:[00:00:00:00:00:00 192.168.3.36]
06-24 16:10:38.296 0 0 W : [1 T1046 ..] [SP FRAME RX] arp rsp,vif_idx:0 sender:[b6:86:f8:35:d4:28 192.168.3.36]receiver:[1c:79:2d:20:62:cb 192.168.3.75]
06-24 16:10:38.265 685 711 D CompatibilityChangeReporter: Compat change id reported: 135634846; UID 10103; state: DISABLED
06-24 16:10:38.282 685 763 D CompatibilityChangeReporter: Compat change id reported: 265195908; UID 10103; state: ENABLED
06-24 16:10:38.296 685 719 W ActivityManager: Slow operation: 56ms so far, now at startProcess: done updating battery stats
06-24 16:10:38.296 685 719 W ActivityManager: Slow operation: 56ms so far, now at startProcess: building log message
06-24 16:10:38.296 685 719 I ActivityManager: Start proc 4199:com.android.packageinstaller/u0a23 for broadcast {com.android.packageinstaller/com.android.packageinstaller.PackageInstalledReceiver}
06-24 16:10:38.296 685 719 W ActivityManager: Slow operation: 56ms so far, now at startProcess: starting to update pids map
06-24 16:10:38.296 685 719 W ActivityManager: Slow operation: 56ms so far, now at startProcess: done updating pids map
06-24 16:10:38.297 685 719 D CompatibilityChangeReporter: Compat change id reported: 143937733; UID 10103; state: ENABLED
06-24 16:10:38.309 685 784 W ActivityManager: Background start not allowed: service Intent { act=com.android.providers.tv.intent.CLEAN_UP_EPG_DATA cmp=com.android.providers.tv/.EpgDataCleanupService } to com.android.providers.tv/.EpgDataCleanupService from pid=-1 uid=10026 pkg=com.android.providers.tv startFg?=false
06-24 16:10:38.333 685 763 D CompatibilityChangeReporter: Compat change id reported: 265195908; UID 10023; state: ENABLED
06-24 16:10:38.335 685 700 D CompatibilityChangeReporter: Compat change id reported: 168419799; UID 10023; state: DISABLED
06-24 16:10:38.335 685 700 D CompatibilityChangeReporter: Compat change id reported: 273564678; UID 10023; state: DISABLED
06-24 16:10:38.354 685 763 D CompatibilityChangeReporter: Compat change id reported: 218533173; UID 10103; state: DISABLED
06-24 16:10:38.354 685 763 D CompatibilityChangeReporter: Compat change id reported: 262645982; UID 10103; state: DISABLED
06-24 16:10:38.361 901 979 D WindowManagerShell: TvPipController: onTaskStackChanged()
06-24 16:10:38.364 685 719 W ActivityManager: Slow operation: 101ms so far, now at startProcess: returned from zygote!
06-24 16:10:38.364 685 719 W ActivityManager: Slow operation: 101ms so far, now at startProcess: done updating battery stats
06-24 16:10:38.364 685 719 W ActivityManager: Slow operation: 101ms so far, now at startProcess: building log message
06-24 16:10:38.364 685 719 I ActivityManager: Start proc 4221:com.lutongnet.kalaok2/u0a103 for next-top-activity {com.lutongnet.kalaok2/com.lutongnet.kalaok2.WelcomeActivity}
06-24 16:10:38.364 685 719 W ActivityManager: Slow operation: 101ms so far, now at startProcess: starting to update pids map
06-24 16:10:38.365 685 719 W ActivityManager: Slow operation: 101ms so far, now at startProcess: done updating pids map
06-24 16:10:38.375 685 725 W BatteryExternalStatsWorker: error reading modem stats:ERROR_PHONE_NOT_AVAILABLE
06-24 16:10:38.376 685 12511 W BatteryExternalStatsWorker: error reading Bluetooth stats: 11
06-24 16:10:38.406 0 0 W [0 T20999 ..] audit: audit_lost=18373 audit_rate_limit=5 audit_backlog_limit=64
06-24 16:10:38.406 0 0 E [0 T20999 ..] audit: rate limit exceeded
06-24 16:10:38.407 685 752 W WindowManager: [addWindow] title:Toast
06-24 16:10:38.412 685 752 V WindowManager: app ------------- force_land :0
06-24 16:10:38.412 685 752 V WindowManager: app ------------- force_land :0
06-24 16:10:38.432 685 15103 W JobScheduler: Job didn't exist in JobStore: fe182e2 #u0a90/1 com.ktcp.video/com.tencent.qqlivetv.keeplive.schedulerjob.DaemonJobService
06-24 16:10:38.440 685 751 D CompatibilityChangeReporter: Compat change id reported: 170503758; UID 10023; state: ENABLED
06-24 16:10:38.481 685 15103 D CoreBackPreview: Window{ee80ef8 u0 Toast}: Setting back callback OnBackInvokedCallbackInfo{mCallback=android.window.IOnBackInvokedCallback$Stub$Proxy@97c361b, mPriority=0, mIsAnimationCallback=false}
06-24 16:10:38.483 685 751 D CompatibilityChangeReporter: Compat change id reported: 170503758; UID 10103; state: DISABLED
06-24 16:10:38.492 685 12511 V WindowManager: app ------------- force_land :0
06-24 16:10:38.538 0 0 W : [2 T27716 .s] [SP FRAME TX] arp req,vif_idx:0 sender:[1c:79:2d:20:62:cb 192.168.3.75]receiver:[00:00:00:00:00:00 192.168.3.254]
06-24 16:10:38.554 0 0 W : [1 T1046 ..] [SP FRAME RX] arp req,vif_idx:0 sender:[12:3c:2c:e1:84:9f 192.168.3.254]receiver:[00:00:00:00:00:00 192.168.3.75]
06-24 16:10:38.555 0 0 W : [1 T1046 ..] [SP FRAME TX] arp rsp,vif_idx:0 sender:[1c:79:2d:20:62:cb 192.168.3.75]receiver:[12:3c:2c:e1:84:9f 192.168.3.254]
06-24 16:10:38.557 0 0 W : [1 T1046 ..] [SP FRAME RX] arp rsp,vif_idx:0 sender:[12:3c:2c:e1:84:9f 192.168.3.254]receiver:[1c:79:2d:20:62:cb 192.168.3.75]
06-24 16:10:38.594 685 717 W VoiceInteractionManager: no available voice recognition services found for user 0
06-24 16:10:38.647 0 0 W : [1 T1046 ..] [SP FRAME RX] arp req,vif_idx:0 sender:[ea:f3:28:46:91:6b 192.168.3.243]receiver:[00:00:00:00:00:00 192.168.3.75]
06-24 16:10:38.648 0 0 W : [1 T1046 ..] [SP FRAME TX] arp rsp,vif_idx:0 sender:[1c:79:2d:20:62:cb 192.168.3.75]receiver:[ea:f3:28:46:91:6b 192.168.3.243]
06-24 16:10:38.693 685 752 V WindowManager: app ------------- force_land :0
06-24 16:10:38.693 685 752 V WindowManager: app ------------- force_land :0
06-24 16:10:38.694 685 752 V WindowManager: app ------------- force_land :0
06-24 16:10:38.701 685 712 D CompatibilityChangeReporter: Compat change id reported: 197654537; UID 1000; state: DISABLED
06-24 16:10:38.724 685 18903 D CompatibilityChangeReporter: Compat change id reported: 149924527; UID 10103; state: ENABLED
06-24 16:10:38.731 685 15103 D CompatibilityChangeReporter: Compat change id reported: 132649864; UID 10103; state: DISABLED
06-24 16:10:38.794 0 0 W : [3 T20999 .s] [SP FRAME TX] arp req,vif_idx:0 sender:[1c:79:2d:20:62:cb 192.168.3.75]receiver:[00:00:00:00:00:00 192.168.3.243]
06-24 16:10:38.795 0 0 W : [3 T20999 .s] [SP FRAME TX] arp req,vif_idx:0 sender:[1c:79:2d:20:62:cb 192.168.3.75]receiver:[00:00:00:00:00:00 192.168.3.176]
06-24 16:10:38.798 0 0 W : [0 T1046 ..] [SP FRAME RX] arp rsp,vif_idx:0 sender:[ea:f3:28:46:91:6b 192.168.3.243]receiver:[1c:79:2d:20:62:cb 192.168.3.75]
06-24 16:10:38.801 0 0 W : [0 T1046 ..] [SP FRAME RX] arp rsp,vif_idx:0 sender:[16:8e:6e:17:dc:41 192.168.3.176]receiver:[1c:79:2d:20:62:cb 192.168.3.75]
06-24 16:10:38.769 685 717 W TextServicesManagerService: no available spell checker services found
06-24 16:10:38.795 685 18903 D CompatibilityChangeReporter: Compat change id reported: 161145287; UID 10103; state: DISABLED
06-24 16:10:38.821 685 2059 I MediaSessionStack: addSession to bottom of stack | record: com.lutongnet.kalaok2/MusicService (userId=0)
06-24 16:10:38.834 685 15103 I MediaSessionStack: onPlaybackStateChanged - Pushing session to top | record: com.lutongnet.kalaok2/MusicService (userId=0)
06-24 16:10:38.847 685 717 W VoiceInteractionManager: no available voice recognition services found for user 0
06-24 16:10:38.867 685 718 D CompatibilityChangeReporter: Compat change id reported: 135634846; UID 10026; state: DISABLED
06-24 16:10:38.868 685 718 D CompatibilityChangeReporter: Compat change id reported: 177438394; UID 10026; state: DISABLED
06-24 16:10:38.868 685 718 D CompatibilityChangeReporter: Compat change id reported: 135772972; UID 10026; state: DISABLED
06-24 16:10:38.868 685 718 D CompatibilityChangeReporter: Compat change id reported: 135754954; UID 10026; state: ENABLED
06-24 16:10:38.869 685 719 D CompatibilityChangeReporter: Compat change id reported: 143937733; UID 10026; state: ENABLED
06-24 16:10:38.881 685 959 I MediaSessionStack: addSession to bottom of stack | record: com.lutongnet.kalaok2/MediaSessionHelper-com.lutongnet.kalaok2 (userId=0)
06-24 16:10:38.975 685 719 W ActivityManager: Slow operation: 107ms so far, now at startProcess: returned from zygote!
06-24 16:10:38.975 685 719 W ActivityManager: Slow operation: 108ms so far, now at startProcess: done updating battery stats
06-24 16:10:38.976 685 719 W ActivityManager: Slow operation: 108ms so far, now at startProcess: building log message
06-24 16:10:38.976 685 719 I ActivityManager: Start proc 4273:com.android.providers.tv/u0a26 for broadcast {com.android.providers.tv/com.android.providers.tv.PackageChangedReceiver}
06-24 16:10:38.976 685 719 W ActivityManager: Slow operation: 108ms so far, now at startProcess: starting to update pids map
06-24 16:10:38.976 685 719 W ActivityManager: Slow operation: 109ms so far, now at startProcess: done updating pids map
06-24 16:10:39.076 685 2059 D CompatibilityChangeReporter: Compat change id reported: 168419799; UID 10026; state: DISABLED
06-24 16:10:39.077 685 2059 D CompatibilityChangeReporter: Compat change id reported: 273564678; UID 10026; state: DISABLED
06-24 16:10:39.087 685 763 D CompatibilityChangeReporter: Compat change id reported: 265195908; UID 10026; state: ENABLED
06-24 16:10:39.110 685 959 D CompatibilityChangeReporter: Compat change id reported: 170503758; UID 10026; state: ENABLED
06-24 16:10:39.190 685 959 W WindowManager: [addWindow] title:com.lutongnet.kalaok2/com.lutongnet.kalaok2.WelcomeActivity
06-24 16:10:39.282 685 12511 D CoreBackPreview: Window{52191fd u0 com.lutongnet.kalaok2/com.lutongnet.kalaok2.WelcomeActivity}: Setting back callback OnBackInvokedCallbackInfo{mCallback=android.window.IOnBackInvokedCallback$Stub$Proxy@50113d6, mPriority=0, mIsAnimationCallback=false}
06-24 16:10:39.448 0 0 I [3 T216 ..] servicemanager: Found android.hardware.graphics.allocator.IAllocator/default in device VINTF manifest.
06-24 16:10:39.454 0 0 I [1 T216 ..] servicemanager: Found android.hardware.graphics.allocator.IAllocator/default in device VINTF manifest.
06-24 16:10:39.398 685 709 W ContextImpl: Calling a method in the system process without a qualified user: android.app.ContextImpl.startService:1899 com.android.server.wm.DisplayPolicy.lambda$focusChangedLw$5:2126 com.android.server.wm.DisplayPolicy.$r8$lambda$Znxk63oh-WzVnzo_WQefN7uxV48:0 com.android.server.wm.DisplayPolicy$$ExternalSyntheticLambda13.run:0 android.os.Handler.handleCallback:958
06-24 16:10:39.585 901 979 V WindowManagerShell: onTransitionReady android.os.BinderProxy@453cbf7: {id=474 t=OPEN f=0x0 trk=0 r=[0@Point(0, 0)] c=[{WCT{android.window.IWindowContainerToken$Stub$Proxy@8c581fc} m=OPEN f=NONE leash=Surface(name=Task=157)/@0xf3570c9 sb=Rect(0, 0 - 1920, 1080) eb=Rect(0, 0 - 1920, 1080) d=0},{WCT{android.window.IWindowContainerToken$Stub$Proxy@e9b5085} m=TO_BACK f=NONE leash=Surface(name=Task=156)/@0x69473ce sb=Rect(0, 0 - 1920, 1080) eb=Rect(0, 0 - 1920, 1080) d=0}]}
06-24 16:10:39.585 901 979 V WindowManagerShell: Playing animation for (#474)android.os.BinderProxy@453cbf7@0
06-24 16:10:39.585 901 979 V WindowManagerShell: try handler com.android.wm.shell.keyguard.KeyguardTransitionHandler@24e2028
06-24 16:10:39.585 901 979 V WindowManagerShell: try handler com.android.wm.shell.pip.tv.TvPipTransition@1141
06-24 16:10:39.585 901 979 V WindowManagerShell: try handler com.android.wm.shell.activityembedding.ActivityEmbeddingController@e8f56e6
06-24 16:10:39.585 901 979 V WindowManagerShell: try handler com.android.wm.shell.transition.RemoteTransitionHandler@b664427
06-24 16:10:39.585 901 979 V WindowManagerShell: Transition doesn't have explicit remote, search filters for match for {id=474 t=OPEN f=0x0 trk=0 r=[0@Point(0, 0)] c=[{WCT{android.window.IWindowContainerToken$Stub$Proxy@8c581fc} m=OPEN f=NONE leash=Surface(name=Task=157)/@0xf3570c9 sb=Rect(0, 0 - 1920, 1080) eb=Rect(0, 0 - 1920, 1080) d=0},{WCT{android.window.IWindowContainerToken$Stub$Proxy@e9b5085} m=TO_BACK f=NONE leash=Surface(name=Task=156)/@0x69473ce sb=Rect(0, 0 - 1920, 1080) eb=Rect(0, 0 - 1920, 1080) d=0}]}
06-24 16:10:39.585 901 979 V WindowManagerShell: Delegate animation for #474 to null
06-24 16:10:39.585 901 979 V WindowManagerShell: try handler com.android.wm.shell.transition.DefaultTransitionHandler@7916d4
06-24 16:10:39.585 901 979 V WindowManagerShell: start default transition animation, info = {id=474 t=OPEN f=0x0 trk=0 r=[0@Point(0, 0)] c=[{WCT{android.window.IWindowContainerToken$Stub$Proxy@8c581fc} m=OPEN f=NONE leash=Surface(name=Task=157)/@0xf3570c9 sb=Rect(0, 0 - 1920, 1080) eb=Rect(0, 0 - 1920, 1080) d=0},{WCT{android.window.IWindowContainerToken$Stub$Proxy@e9b5085} m=TO_BACK f=NONE leash=Surface(name=Task=156)/@0x69473ce sb=Rect(0, 0 - 1920, 1080) eb=Rect(0, 0 - 1920, 1080) d=0}]}
06-24 16:10:39.586 901 979 V WindowManagerShell: loadAnimation: anim=android.view.animation.AlphaAnimation@687feda animAttr=0x9 type=OPEN isEntrance=false
06-24 16:10:39.586 901 979 V WindowManagerShell: loadAnimation: anim=android.view.animation.AlphaAnimation@e2a1f0b animAttr=0x8 type=OPEN isEntrance=true
06-24 16:10:39.588 901 979 V WindowManagerShell: animated by com.android.wm.shell.transition.DefaultTransitionHandler@7916d4
06-24 16:10:39.599 685 708 V WindowManager: Sent Transition #474 createdAt=06-24 16:10:38.220 via request=TransitionRequestInfo { type = 1, triggerTask = TaskInfo{userId=0 taskId=157 displayId=0 isRunning=true baseIntent=Intent { act=android.intent.action.MAIN cat=[android.intent.category.LAUNCHER] flg=0x10000000 pkg=com.lutongnet.kalaok2 cmp=com.lutongnet.kalaok2/.WelcomeActivity } baseActivity=ComponentInfo{com.lutongnet.kalaok2/com.lutongnet.kalaok2.WelcomeActivity} topActivity=ComponentInfo{com.lutongnet.kalaok2/com.lutongnet.kalaok2.WelcomeActivity} origActivity=null realActivity=ComponentInfo{com.lutongnet.kalaok2/com.lutongnet.kalaok2.WelcomeActivity} numActivities=1 lastActiveTime=18046135 supportsMultiWindow=true resizeMode=1 isResizeable=true minWidth=-1 minHeight=-1 defaultMinSize=220 token=WCT{RemoteToken{d641e86 Task{e099d6b #157 type=standard A=10103:com.lutongnet.kalaok2}}} topActivityType=1 pictureInPictureParams=null shouldDockBigOverlays=true launchIntoPipHostTaskId=-1 lastParentTaskIdBeforePip=-1 displayCutoutSafeInsets=null topActivityInfo=ActivityInfo{6920347 com.lutongnet.kalaok2.WelcomeActivity} launchCookies=[] positionInParent=Point(0, 0) parentTaskId=-1 isFocused=false isVisible=false isVisibleRequested=false isSleeping=false topActivityInSizeCompat=false topActivityEligibleForLetterboxEducation= false isLetterboxDoubleTapEnabled= false topActivityEligibleForUserAspectRatioButton= false topActivityBoundsLetterboxed= false isFromLetterboxDoubleTap= false topActivityLetterboxVerticalPosition= -1 topActivityLetterboxHorizontalPosition= -1 topActivityLetterboxWidth=-1 topActivityLetterboxHeight=-1 isUserFullscreenOverrideEnabled=false isTopActivityTransparent=false locusId=null displayAreaFeatureId=1 cameraCompatControlState=hidden}, remoteTransition = null, displayChange = null, flags = 0 }
06-24 16:10:39.599 685 708 V WindowManager: startWCT=WindowContainerTransaction { changes = {} hops = [] errorCallbackToken=null taskFragmentOrganizer=null }
06-24 16:10:39.600 685 708 V WindowManager: info={id=474 t=OPEN f=0x0 trk=0 r=[0@Point(0, 0)] c=[{WCT{RemoteToken{d641e86 Task{e099d6b #157 type=standard A=10103:com.lutongnet.kalaok2}}} m=OPEN f=NONE leash=Surface(name=Task=157)/@0x63bb0ba sb=Rect(0, 0 - 1920, 1080) eb=Rect(0, 0 - 1920, 1080) d=0},{WCT{RemoteToken{c20ae74 Task{4c548b0 #156 type=standard A=1000:search.app.task}}} m=TO_BACK f=NONE leash=Surface(name=Task=156)/@0x25efd86 sb=Rect(0, 0 - 1920, 1080) eb=Rect(0, 0 - 1920, 1080) d=0}]}
06-24 16:10:39.643 685 752 D CompatibilityChangeReporter: Compat change id reported: 261072174; UID 10103; state: DISABLED
06-24 16:10:39.666 4221 4221 E ActivityThread: Failed to find provider info for com.lutongnet.ott.health
06-24 16:10:39.667 4221 4221 E ActivityThread: Failed to find provider info for com.lutongnet.ott.ggly
06-24 16:10:39.668 4221 4221 E ActivityThread: Failed to find provider info for com.lutongnet.ott.mxly
06-24 16:10:39.669 4221 4221 E ActivityThread: Failed to find provider info for com.lutongnet.ott.ysj
06-24 16:10:39.669 4221 4221 E ActivityThread: Failed to find provider info for com.lutongnet.ott.erge
06-24 16:10:39.670 4221 4221 E ActivityThread: Failed to find provider info for com.lutongnet.ott.lama
06-24 16:10:39.671 4221 4221 E ActivityThread: Failed to find provider info for com.lutongnet.ott.mcsj
06-24 16:10:39.672 4221 4221 E ActivityThread: Failed to find provider info for com.lutongnet.ott.qzly
06-24 16:10:39.673 4221 4221 E ActivityThread: Failed to find provider info for com.lutongnet.ott.affiche
06-24 16:10:39.675 4221 4221 E ActivityThread: Failed to find provider info for com.lutongnet.ott.ahdj
06-24 16:10:39.681 4221 4221 E ActivityThread: Failed to find provider info for com.lutongnet.ott.sxdj
06-24 16:10:39.682 4221 4221 E ActivityThread: Failed to find provider info for com.lutongnet.nldmx
06-24 16:10:39.693 685 700 D CompatibilityChangeReporter: Compat change id reported: 214016041; UID 10103; state: DISABLED
06-24 16:10:39.772 0 0 W [0 T27378 ..] audit: audit_lost=18386 audit_rate_limit=5 audit_backlog_limit=64
06-24 16:10:39.773 0 0 E [0 T27378 ..] audit: rate limit exceeded
06-24 16:10:39.908 4221 4221 E ActivityThread: Failed to find provider info for com.lutongnet.ott.health
06-24 16:10:39.909 4221 4221 E ActivityThread: Failed to find provider info for com.lutongnet.ott.ggly
06-24 16:10:39.910 4221 4221 E ActivityThread: Failed to find provider info for com.lutongnet.ott.mxly
06-24 16:10:39.910 4221 4221 E ActivityThread: Failed to find provider info for com.lutongnet.ott.ysj
06-24 16:10:39.911 4221 4221 E ActivityThread: Failed to find provider info for com.lutongnet.ott.erge
06-24 16:10:39.913 4221 4221 E ActivityThread: Failed to find provider info for com.lutongnet.ott.lama
06-24 16:10:39.915 4221 4221 E ActivityThread: Failed to find provider info for com.lutongnet.ott.mcsj
06-24 16:10:39.916 4221 4221 E ActivityThread: Failed to find provider info for com.lutongnet.ott.qzly
06-24 16:10:39.917 4221 4221 E ActivityThread: Failed to find provider info for com.lutongnet.ott.affiche
06-24 16:10:39.918 4221 4221 E ActivityThread: Failed to find provider info for com.lutongnet.ott.ahdj
06-24 16:10:39.919 4221 4221 E ActivityThread: Failed to find provider info for com.lutongnet.ott.sxdj
06-24 16:10:39.919 4221 4221 E ActivityThread: Failed to find provider info for com.lutongnet.nldmx
06-24 16:10:39.995 901 979 V WindowManagerShell: Transition animation finished (aborted=false), notifying core (#474)android.os.BinderProxy@453cbf7@0
06-24 16:10:40.002 901 979 V WindowManagerShell: Track 0 became idle
06-24 16:10:40.002 901 979 V WindowManagerShell: All active transition animations finished
06-24 16:10:40.007 685 708 V WindowManager: Finish Transition #474: created at
06-24 16:10:38.220 collect-started=0.087ms request-sent=13.554ms started=24.365ms ready=479.486ms sent=1362.627ms finished=1779.15ms
06-24 16:10:41.140 685 763 D CompatibilityChangeReporter: Compat change id reported: 218533173; UID 10102; state: DISABLED
06-24 16:10:41.141 685 763 D CompatibilityChangeReporter: Compat change id reported: 262645982; UID 10102; state: DISABLED
06-24 16:10:41.220 0 0 W [3 T27897 ..] audit: audit_lost=18401 audit_rate_limit=5 audit_backlog_limit=64
06-24 16:10:41.221 0 0 E [3 T27897 ..] audit: rate limit exceeded
06-24 16:10:41.236 685 1390 E TaskPersister: File error accessing recents directory (directory doesn't exist?).
06-24 16:10:41.423 0 0 I [0 T216 ..] servicemanager: Notifying artd they don't (previously: do) have clients when we now have no record of a client
06-24 16:10:41.424 0 0 I [1 T216 ..] servicemanager: Unregistering artd
06-24 16:10:41.424 0 0 I [1 T216 ..] BpBinder: onLastStrongRef automatically unlinking death recipients:
06-24 16:10:41.772 685 752 D CoreBackPreview: Window{ee80ef8 u0 Toast}: Setting back callback null
06-24 16:10:41.779 685 752 W NotificationService: Toast already killed. pkg=com.dangbei.zhushou token=android.os.BinderProxy@49f7622
06-24 16:10:42.409 685 711 W WindowManager: Unable to start animation, surface is null or no children.
06-24 16:10:42.677 685 752 D CompatibilityChangeReporter: Compat change id reported: 171306433; UID 1000; state: ENABLED
06-24 16:10:42.677 685 752 D CompatibilityChangeReporter: Compat change id reported: 218533173; UID 1000; state: ENABLED
06-24 16:10:42.763 685 752 E Transition: Trying to add a ready-group twice: Display{#0 state=ON size=1920x1080 ROTATION_0}
