06-24 16:11:21.080 685 701 D CompatibilityChangeReporter: Compat change id reported: 205907456; UID 10103; state: DISABLED
06-24 16:11:21.085 685 701 D CompatibilityChangeReporter: Compat change id reported: 194833441; UID 10103; state: DISABLED
06-24 16:11:21.085 685 701 I ActivityTaskManager: START u0 {act=android.intent.action.MAIN cat=[android.intent.category.LAUNCHER] flg=0x10000000 pkg=com.lutongnet.kalaok2 cmp=com.lutongnet.kalaok2/.WelcomeActivity} with LAUNCH_MULTIPLE from uid 1000 (BAL_ALLOW_ALLOWLISTED_UID) result code=0
06-24 16:11:21.085 901 979 V WindowManagerShell: Transition requested: android.os.BinderProxy@215dea TransitionRequestInfo { type = 1, triggerTask = TaskInfo{userId=0 taskId=158 displayId=0 isRunning=true baseIntent=Intent { act=android.intent.action.MAIN cat=[android.intent.category.LAUNCHER] flg=0x10000000 pkg=com.lutongnet.kalaok2 cmp=com.lutongnet.kalaok2/.WelcomeActivity } baseActivity=ComponentInfo{com.lutongnet.kalaok2/com.lutongnet.kalaok2.WelcomeActivity} topActivity=ComponentInfo{com.lutongnet.kalaok2/com.lutongnet.kalaok2.WelcomeActivity} origActivity=null realActivity=ComponentInfo{com.lutongnet.kalaok2/com.lutongnet.kalaok2.WelcomeActivity} numActivities=1 lastActiveTime=18088985 supportsMultiWindow=true resizeMode=1 isResizeable=true minWidth=-1 minHeight=-1 defaultMinSize=220 token=WCT{android.window.IWindowContainerToken$Stub$Proxy@5ce78db} topActivityType=1 pictureInPictureParams=null shouldDockBigOverlays=true launchIntoPipHostTaskId=-1 lastParentTaskIdBeforePip=-1 displayCutoutSafeInsets=null topActivityInfo=ActivityInfo{61e5f78 com.lutongnet.kalaok2.WelcomeActivity} launchCookies=[] positionInParent=Point(0, 0) parentTaskId=-1 isFocused=false isVisible=false isVisibleRequested=false isSleeping=false topActivityInSizeCompat=false topActivityEligibleForLetterboxEducation= false isLetterboxDoubleTapEnabled= false topActivityEligibleForUserAspectRatioButton= false topActivityBoundsLetterboxed= false isFromLetterboxDoubleTap= false topActivityLetterboxVerticalPosition= -1 topActivityLetterboxHorizontalPosition= -1 topActivityLetterboxWidth=-1 topActivityLetterboxHeight=-1 isUserFullscreenOverrideEnabled=false isTopActivityTransparent=false locusId=null displayAreaFeatureId=1 cameraCompatControlState=hidden}, remoteTransition = null, displayChange = null, flags = 0 }
06-24 16:11:21.090 685 711 D CompatibilityChangeReporter: Compat change id reported: 135634846; UID 10103; state: DISABLED
06-24 16:11:21.091 685 719 D CompatibilityChangeReporter: Compat change id reported: 143937733; UID 10103; state: ENABLED
06-24 16:11:21.094 685 711 W ProcessStats: Tracking association SourceState{2ed2a5c system/1000 ImpFg #10127} whose proc state 5 is better than process ProcessState{9231bd0 com.android.permissioncontroller/10074 pkg=com.android.permissioncontroller} proc state 15 (6 skipped)
06-24 16:11:21.096 685 763 D CompatibilityChangeReporter: Compat change id reported: 265195908; UID 10103; state: ENABLED
06-24 16:11:21.129 685 719 I ActivityManager: Start proc 5073:com.lutongnet.kalaok2/u0a103 for next-top-activity {com.lutongnet.kalaok2/com.lutongnet.kalaok2.WelcomeActivity}
06-24 16:11:21.164 685 9098 D CompatibilityChangeReporter: Compat change id reported: 168419799; UID 10103; state: DISABLED
06-24 16:11:21.165 685 9098 D CompatibilityChangeReporter: Compat change id reported: 273564678; UID 10103; state: DISABLED
06-24 16:11:21.174 685 9098 D CompatibilityChangeReporter: Compat change id reported: 170503758; UID 10103; state: DISABLED
06-24 16:11:21.192 901 979 D WindowManagerShell: TvPipController: onTaskStackChanged()
06-24 16:11:21.300 685 3826 D CompatibilityChangeReporter: Compat change id reported: 161145287; UID 10103; state: DISABLED
06-24 16:11:21.311 685 9098 I MediaSessionStack: addSession to bottom of stack | record: com.lutongnet.kalaok2/MusicService (userId=0)
06-24 16:11:21.317 685 3826 I MediaSessionStack: onPlaybackStateChanged - Pushing session to top | record: com.lutongnet.kalaok2/MusicService (userId=0)
06-24 16:11:21.319 685 13187 I MediaSessionStack: addSession to bottom of stack | record: com.lutongnet.kalaok2/MediaSessionHelper-com.lutongnet.kalaok2 (userId=0)
06-24 16:11:21.361 685 3826 V WindowManager: app ------------- force_land :0
06-24 16:11:21.361 685 3826 V WindowManager: app ------------- force_land :0
06-24 16:11:21.361 685 3826 V WindowManager: app ------------- force_land :0
06-24 16:11:21.438 0 0 W [2 T5073 ..] audit: audit_lost=18446 audit_rate_limit=5 audit_backlog_limit=64
06-24 16:11:21.438 0 0 E [2 T5073 ..] audit: rate limit exceeded
06-24 16:11:21.503 685 3826 W WindowManager: [addWindow] title:com.lutongnet.kalaok2/com.lutongnet.kalaok2.WelcomeActivity
06-24 16:11:21.503 685 9098 W WindowManager: Failed looking up window session=Session{5651897 5073:u0a10103} callers=com.android.server.wm.WindowManagerService.windowForClientLocked:6077 com.android.server.wm.Session.updateRequestedVisibleTypes:695 android.view.IWindowSession$Stub.onTransact:1034
06-24 16:11:21.519 685 3826 D CoreBackPreview: Window{7486ea2 u0 com.lutongnet.kalaok2/com.lutongnet.kalaok2.WelcomeActivity}: Setting back callback OnBackInvokedCallbackInfo{mCallback=android.window.IOnBackInvokedCallback$Stub$Proxy@9a2eaf0, mPriority=0, mIsAnimationCallback=false}
06-24 16:11:21.597 0 0 I [3 T216 ..] servicemanager: Found android.hardware.graphics.allocator.IAllocator/default in device VINTF manifest.
06-24 16:11:21.599 0 0 I [2 T216 ..] servicemanager: Found android.hardware.graphics.allocator.IAllocator/default in device VINTF manifest.
06-24 16:11:21.637 685 709 W ContextImpl: Calling a method in the system process without a qualified user: android.app.ContextImpl.startService:1899 com.android.server.wm.DisplayPolicy.lambda$focusChangedLw$5:2126 com.android.server.wm.DisplayPolicy.$r8$lambda$Znxk63oh-WzVnzo_WQefN7uxV48:0 com.android.server.wm.DisplayPolicy$$ExternalSyntheticLambda13.run:0 android.os.Handler.handleCallback:958
06-24 16:11:21.657 901 979 V WindowManagerShell: onTransitionReady android.os.BinderProxy@215dea: {id=478 t=OPEN f=0x0 trk=0 r=[0@Point(0, 0)] c=[{WCT{android.window.IWindowContainerToken$Stub$Proxy@b3bc042} m=OPEN f=NONE leash=Surface(name=Task=158)/@0x631c7b7 sb=Rect(0, 0 - 1920, 1080) eb=Rect(0, 0 - 1920, 1080) d=0},{WCT{android.window.IWindowContainerToken$Stub$Proxy@2112853} m=TO_BACK f=NONE leash=Surface(name=Task=1)/@0xc95fb24 sb=Rect(0, 0 - 1920, 1080) eb=Rect(0, 0 - 1920, 1080) d=0}]}
06-24 16:11:21.657 901 979 V WindowManagerShell: Playing animation for (#478)android.os.BinderProxy@215dea@0
06-24 16:11:21.658 901 979 V WindowManagerShell: try handler com.android.wm.shell.keyguard.KeyguardTransitionHandler@24e2028
06-24 16:11:21.658 901 979 V WindowManagerShell: try handler com.android.wm.shell.pip.tv.TvPipTransition@1141
06-24 16:11:21.658 901 979 V WindowManagerShell: try handler com.android.wm.shell.activityembedding.ActivityEmbeddingController@e8f56e6
06-24 16:11:21.658 901 979 V WindowManagerShell: try handler com.android.wm.shell.transition.RemoteTransitionHandler@b664427
06-24 16:11:21.658 901 979 V WindowManagerShell: Transition doesn't have explicit remote, search filters for match for {id=478 t=OPEN f=0x0 trk=0 r=[0@Point(0, 0)] c=[{WCT{android.window.IWindowContainerToken$Stub$Proxy@b3bc042} m=OPEN f=NONE leash=Surface(name=Task=158)/@0x631c7b7 sb=Rect(0, 0 - 1920, 1080) eb=Rect(0, 0 - 1920, 1080) d=0},{WCT{android.window.IWindowContainerToken$Stub$Proxy@2112853} m=TO_BACK f=NONE leash=Surface(name=Task=1)/@0xc95fb24 sb=Rect(0, 0 - 1920, 1080) eb=Rect(0, 0 - 1920, 1080) d=0}]}
06-24 16:11:21.658 901 979 V WindowManagerShell: Delegate animation for #478 to null
06-24 16:11:21.658 901 979 V WindowManagerShell: try handler com.android.wm.shell.transition.DefaultTransitionHandler@7916d4
06-24 16:11:21.658 901 979 V WindowManagerShell: start default transition animation, info = {id=478 t=OPEN f=0x0 trk=0 r=[0@Point(0, 0)] c=[{WCT{android.window.IWindowContainerToken$Stub$Proxy@b3bc042} m=OPEN f=NONE leash=Surface(name=Task=158)/@0x631c7b7 sb=Rect(0, 0 - 1920, 1080) eb=Rect(0, 0 - 1920, 1080) d=0},{WCT{android.window.IWindowContainerToken$Stub$Proxy@2112853} m=TO_BACK f=NONE leash=Surface(name=Task=1)/@0xc95fb24 sb=Rect(0, 0 - 1920, 1080) eb=Rect(0, 0 - 1920, 1080) d=0}]}
06-24 16:11:21.658 901 979 V WindowManagerShell: loadAnimation: anim=android.view.animation.AlphaAnimation@ec9a590 animAttr=0x9 type=OPEN isEntrance=false
06-24 16:11:21.659 685 708 V WindowManager: Sent Transition #478 createdAt=06-24 16:11:21.073 via request=TransitionRequestInfo { type = 1, triggerTask = TaskInfo{userId=0 taskId=158 displayId=0 isRunning=true baseIntent=Intent { act=android.intent.action.MAIN cat=[android.intent.category.LAUNCHER] flg=0x10000000 pkg=com.lutongnet.kalaok2 cmp=com.lutongnet.kalaok2/.WelcomeActivity } baseActivity=ComponentInfo{com.lutongnet.kalaok2/com.lutongnet.kalaok2.WelcomeActivity} topActivity=ComponentInfo{com.lutongnet.kalaok2/com.lutongnet.kalaok2.WelcomeActivity} origActivity=null realActivity=ComponentInfo{com.lutongnet.kalaok2/com.lutongnet.kalaok2.WelcomeActivity} numActivities=1 lastActiveTime=18088985 supportsMultiWindow=true resizeMode=1 isResizeable=true minWidth=-1 minHeight=-1 defaultMinSize=220 token=WCT{RemoteToken{e63c61c Task{cc04a24 #158 type=standard A=10103:com.lutongnet.kalaok2}}} topActivityType=1 pictureInPictureParams=null shouldDockBigOverlays=true launchIntoPipHostTaskId=-1 lastParentTaskIdBeforePip=-1 displayCutoutSafeInsets=null topActivityInfo=ActivityInfo{c801225 com.lutongnet.kalaok2.WelcomeActivity} launchCookies=[] positionInParent=Point(0, 0) parentTaskId=-1 isFocused=false isVisible=false isVisibleRequested=false isSleeping=false topActivityInSizeCompat=false topActivityEligibleForLetterboxEducation= false isLetterboxDoubleTapEnabled= false topActivityEligibleForUserAspectRatioButton= false topActivityBoundsLetterboxed= false isFromLetterboxDoubleTap= false topActivityLetterboxVerticalPosition= -1 topActivityLetterboxHorizontalPosition= -1 topActivityLetterboxWidth=-1 topActivityLetterboxHeight=-1 isUserFullscreenOverrideEnabled=false isTopActivityTransparent=false locusId=null displayAreaFeatureId=1 cameraCompatControlState=hidden}, remoteTransition = null, displayChange = null, flags = 0 }
06-24 16:11:21.659 685 708 V WindowManager: startWCT=WindowContainerTransaction { changes = {} hops = [] errorCallbackToken=null taskFragmentOrganizer=null }
06-24 16:11:21.659 901 979 V WindowManagerShell: loadAnimation: anim=android.view.animation.AlphaAnimation@9ad8e89 animAttr=0x8 type=OPEN isEntrance=true
06-24 16:11:21.659 685 708 V WindowManager: info={id=478 t=OPEN f=0x0 trk=0 r=[0@Point(0, 0)] c=[{WCT{RemoteToken{e63c61c Task{cc04a24 #158 type=standard A=10103:com.lutongnet.kalaok2}}} m=OPEN f=NONE leash=Surface(name=Task=158)/@0x3935869 sb=Rect(0, 0 - 1920, 1080) eb=Rect(0, 0 - 1920, 1080) d=0},{WCT{RemoteToken{30b1e82 Task{4d21fd0 #1 type=home}}} m=TO_BACK f=NONE leash=Surface(name=Task=1)/@0x54f0375 sb=Rect(0, 0 - 1920, 1080) eb=Rect(0, 0 - 1920, 1080) d=0}]}
06-24 16:11:21.661 901 979 V WindowManagerShell: animated by com.android.wm.shell.transition.DefaultTransitionHandler@7916d4
06-24 16:11:21.716 685 15103 E Transition: Trying to add a ready-group twice: Display{#0 state=ON size=1920x1080 ROTATION_0}
06-24 16:11:21.717 685 15103 I ActivityTaskManager: START u0 {cmp=com.lutongnet.kalaok2/.biz.main.activity.MainActivity (has extras)} with LAUNCH_SINGLE_TASK from uid 10103 (BAL_ALLOW_VISIBLE_WINDOW) result code=0
06-24 16:11:21.718 901 979 V WindowManagerShell: Transition requested: android.os.BinderProxy@1b4ecb TransitionRequestInfo { type = 1, triggerTask = TaskInfo{userId=0 taskId=158 displayId=0 isRunning=true baseIntent=Intent { act=android.intent.action.MAIN cat=[android.intent.category.LAUNCHER] flg=0x10000000 pkg=com.lutongnet.kalaok2 cmp=com.lutongnet.kalaok2/.WelcomeActivity } baseActivity=ComponentInfo{com.lutongnet.kalaok2/com.lutongnet.kalaok2.WelcomeActivity} topActivity=ComponentInfo{com.lutongnet.kalaok2/com.lutongnet.kalaok2.biz.main.activity.MainActivity} origActivity=null realActivity=ComponentInfo{com.lutongnet.kalaok2/com.lutongnet.kalaok2.WelcomeActivity} numActivities=2 lastActiveTime=18089616 supportsMultiWindow=true resizeMode=1 isResizeable=true minWidth=-1 minHeight=-1 defaultMinSize=220 token=WCT{android.window.IWindowContainerToken$Stub$Proxy@9a496a8} topActivityType=1 pictureInPictureParams=null shouldDockBigOverlays=true launchIntoPipHostTaskId=-1 lastParentTaskIdBeforePip=-1 displayCutoutSafeInsets=null topActivityInfo=ActivityInfo{eeb85c1 com.lutongnet.kalaok2.biz.main.activity.MainActivity} launchCookies=[] positionInParent=Point(0, 0) parentTaskId=-1 isFocused=true isVisible=true isVisibleRequested=true isSleeping=false topActivityInSizeCompat=false topActivityEligibleForLetterboxEducation= false isLetterboxDoubleTapEnabled= false topActivityEligibleForUserAspectRatioButton= false topActivityBoundsLetterboxed= false isFromLetterboxDoubleTap= false topActivityLetterboxVerticalPosition= -1 topActivityLetterboxHorizontalPosition= -1 topActivityLetterboxWidth=-1 topActivityLetterboxHeight=-1 isUserFullscreenOverrideEnabled=false isTopActivityTransparent=false locusId=null displayAreaFeatureId=1 cameraCompatControlState=hidden}, remoteTransition = null, displayChange = null, flags = 0 }
06-24 16:11:21.726 685 9098 D CompatibilityChangeReporter: Compat change id reported: 214016041; UID 10103; state: DISABLED
06-24 16:11:21.733 685 9098 V WindowManager: app ------------- force_land :0
06-24 16:11:21.733 685 9098 V WindowManager: app ------------- force_land :0
06-24 16:11:21.733 685 9098 V WindowManager: app ------------- force_land :0
06-24 16:11:21.839 901 979 D WindowManagerShell: TvPipController: onTaskStackChanged()
06-24 16:11:21.860 685 9098 I ActivityTaskManager: START u0 {cmp=com.lutongnet.kalaok2/com.lutongnet.androidframework.web.WebViewActivity (has extras)} with LAUNCH_MULTIPLE from uid 10103 (BAL_ALLOW_VISIBLE_WINDOW) result code=0
06-24 16:11:21.881 685 15103 W WindowManager: [addWindow] title:com.lutongnet.kalaok2/com.lutongnet.kalaok2.biz.main.activity.MainActivity
06-24 16:11:21.881 685 9098 W WindowManager: Failed looking up window session=Session{5651897 5073:u0a10103} callers=com.android.server.wm.WindowManagerService.windowForClientLocked:6077 com.android.server.wm.Session.updateRequestedVisibleTypes:695 android.view.IWindowSession$Stub.onTransact:1034
06-24 16:11:21.909 685 9098 V WindowManager: app ------------- force_land :0
06-24 16:11:21.909 685 9098 V WindowManager: app ------------- force_land :0
06-24 16:11:21.909 685 9098 V WindowManager: app ------------- force_land :0
06-24 16:11:21.934 685 9098 D CoreBackPreview: Window{e92ce95 u0 com.lutongnet.kalaok2/com.lutongnet.kalaok2.biz.main.activity.MainActivity}: Setting back callback OnBackInvokedCallbackInfo{mCallback=android.window.IOnBackInvokedCallback$Stub$Proxy@2a2739b, mPriority=0, mIsAnimationCallback=false}
06-24 16:11:22.014 901 979 D WindowManagerShell: TvPipController: onTaskStackChanged()
06-24 16:11:22.071 901 979 V WindowManagerShell: Transition animation finished (aborted=false), notifying core (#478)android.os.BinderProxy@215dea@0
06-24 16:11:22.073 685 708 V WindowManager: Finish Transition #478: created at
06-24 16:11:21.073 collect-started=0.084ms request-sent=11.104ms started=14.785ms ready=291.365ms sent=579.81ms finished=999.694ms
06-24 16:11:22.076 901 979 V WindowManagerShell: Track 0 became idle
06-24 16:11:22.127 685 9098 D CompatibilityChangeReporter: Compat change id reported: 135634846; UID 99013; state: DISABLED
06-24 16:11:22.128 685 719 D CompatibilityChangeReporter: Compat change id reported: 143937733; UID 10103; state: ENABLED
06-24 16:11:22.144 685 719 I ActivityManager: Start proc 5174:com.android.webview:sandboxed_process0:org.chromium.content.app.SandboxedProcessService0:0/u0i13 for {com.lutongnet.kalaok2/org.chromium.content.app.SandboxedProcessService0:0}
06-24 16:11:22.323 685 701 D CompatibilityChangeReporter: Compat change id reported: 211757425; UID 10103; state: DISABLED
06-24 16:11:22.331 685 15103 W WindowManager: [addWindow] title:com.lutongnet.kalaok2/com.lutongnet.androidframework.web.WebViewActivity
06-24 16:11:22.331 685 701 W WindowManager: Failed looking up window session=Session{5651897 5073:u0a10103} callers=com.android.server.wm.WindowManagerService.windowForClientLocked:6077 com.android.server.wm.Session.updateRequestedVisibleTypes:695 android.view.IWindowSession$Stub.onTransact:1034
06-24 16:11:22.374 685 15103 D CoreBackPreview: Window{131bce0 u0 com.lutongnet.kalaok2/com.lutongnet.androidframework.web.WebViewActivity}: Setting back callback OnBackInvokedCallbackInfo{mCallback=android.window.IOnBackInvokedCallback$Stub$Proxy@f42b35b, mPriority=0, mIsAnimationCallback=false}
06-24 16:11:22.474 685 709 W ContextImpl: Calling a method in the system process without a qualified user: android.app.ContextImpl.startService:1899 com.android.server.wm.DisplayPolicy.lambda$focusChangedLw$5:2126 com.android.server.wm.DisplayPolicy.$r8$lambda$Znxk63oh-WzVnzo_WQefN7uxV48:0 com.android.server.wm.DisplayPolicy$$ExternalSyntheticLambda13.run:0 android.os.Handler.handleCallback:958
06-24 16:11:22.538 901 979 V WindowManagerShell: onTransitionReady android.os.BinderProxy@1b4ecb: {id=479 t=OPEN f=0x0 trk=1 r=[0@Point(0, 0)] c=[{null m=OPEN f=FILLS_TASK leash=Surface(name=ActivityRecord{79fd39e u0 com.lutongnet.kalaok2/com.lutongnet.androidframework.web.WebViewActivity)/@0x14ef166 sb=Rect(0, 0 - 0, 0) eb=Rect(0, 0 - 1920, 1080) d=-1->0 r=-1->0:-1},{null m=CLOSE f=FILLS_TASK|IS_OCCLUDED leash=Surface(name=ActivityRecord{467f2b7 u0 com.lutongnet.kalaok2/.WelcomeActivity)/@0x70e0ca7 sb=Rect(0, 0 - 1920, 1080) eb=Rect(0, 0 - 1920, 1080) d=0}]}
06-24 16:11:22.538 901 979 V WindowManagerShell: Playing animation for (#479)android.os.BinderProxy@1b4ecb@1
06-24 16:11:22.538 901 979 V WindowManagerShell: try handler com.android.wm.shell.keyguard.KeyguardTransitionHandler@24e2028
06-24 16:11:22.538 901 979 V WindowManagerShell: try handler com.android.wm.shell.pip.tv.TvPipTransition@1141
06-24 16:11:22.539 901 979 V WindowManagerShell: try handler com.android.wm.shell.activityembedding.ActivityEmbeddingController@e8f56e6
06-24 16:11:22.539 901 979 V WindowManagerShell: try handler com.android.wm.shell.transition.RemoteTransitionHandler@b664427
06-24 16:11:22.539 901 979 V WindowManagerShell: Transition doesn't have explicit remote, search filters for match for {id=479 t=OPEN f=0x0 trk=1 r=[0@Point(0, 0)] c=[{null m=OPEN f=FILLS_TASK leash=Surface(name=ActivityRecord{79fd39e u0 com.lutongnet.kalaok2/com.lutongnet.androidframework.web.WebViewActivity)/@0x14ef166 sb=Rect(0, 0 - 0, 0) eb=Rect(0, 0 - 1920, 1080) d=-1->0 r=-1->0:-1},{null m=CLOSE f=FILLS_TASK|IS_OCCLUDED leash=Surface(name=ActivityRecord{467f2b7 u0 com.lutongnet.kalaok2/.WelcomeActivity)/@0x70e0ca7 sb=Rect(0, 0 - 1920, 1080) eb=Rect(0, 0 - 1920, 1080) d=0}]}
06-24 16:11:22.539 901 979 V WindowManagerShell: Delegate animation for #479 to null
06-24 16:11:22.539 901 979 V WindowManagerShell: try handler com.android.wm.shell.transition.DefaultTransitionHandler@7916d4
06-24 16:11:22.539 901 979 V WindowManagerShell: start default transition animation, info = {id=479 t=OPEN f=0x0 trk=1 r=[0@Point(0, 0)] c=[{null m=OPEN f=FILLS_TASK leash=Surface(name=ActivityRecord{79fd39e u0 com.lutongnet.kalaok2/com.lutongnet.androidframework.web.WebViewActivity)/@0x14ef166 sb=Rect(0, 0 - 0, 0) eb=Rect(0, 0 - 1920, 1080) d=-1->0 r=-1->0:-1},{null m=CLOSE f=FILLS_TASK|IS_OCCLUDED leash=Surface(name=ActivityRecord{467f2b7 u0 com.lutongnet.kalaok2/.WelcomeActivity)/@0x70e0ca7 sb=Rect(0, 0 - 1920, 1080) eb=Rect(0, 0 - 1920, 1080) d=0}]}
06-24 16:11:22.539 901 979 V WindowManagerShell: loadAnimation: anim=android.view.animation.AlphaAnimation@be9bcfd animAttr=0x5 type=OPEN isEntrance=false
06-24 16:11:22.540 901 979 V WindowManagerShell: loadAnimation: anim=android.view.animation.AlphaAnimation@2c8bdf2 animAttr=0x4 type=OPEN isEntrance=true
06-24 16:11:22.542 685 708 V WindowManager: Sent Transition #479 createdAt=06-24 16:11:21.710 via request=TransitionRequestInfo { type = 1, triggerTask = TaskInfo{userId=0 taskId=158 displayId=0 isRunning=true baseIntent=Intent { act=android.intent.action.MAIN cat=[android.intent.category.LAUNCHER] flg=0x10000000 pkg=com.lutongnet.kalaok2 cmp=com.lutongnet.kalaok2/.WelcomeActivity } baseActivity=ComponentInfo{com.lutongnet.kalaok2/com.lutongnet.kalaok2.WelcomeActivity} topActivity=ComponentInfo{com.lutongnet.kalaok2/com.lutongnet.kalaok2.biz.main.activity.MainActivity} origActivity=null realActivity=ComponentInfo{com.lutongnet.kalaok2/com.lutongnet.kalaok2.WelcomeActivity} numActivities=2 lastActiveTime=18089616 supportsMultiWindow=true resizeMode=1 isResizeable=true minWidth=-1 minHeight=-1 defaultMinSize=220 token=WCT{RemoteToken{e63c61c Task{cc04a24 #158 type=standard A=10103:com.lutongnet.kalaok2}}} topActivityType=1 pictureInPictureParams=null shouldDockBigOverlays=true launchIntoPipHostTaskId=-1 lastParentTaskIdBeforePip=-1 displayCutoutSafeInsets=null topActivityInfo=ActivityInfo{5f864c2 com.lutongnet.kalaok2.biz.main.activity.MainActivity} launchCookies=[] positionInParent=Point(0, 0) parentTaskId=-1 isFocused=true isVisible=true isVisibleRequested=true isSleeping=false topActivityInSizeCompat=false topActivityEligibleForLetterboxEducation= false isLetterboxDoubleTapEnabled= false topActivityEligibleForUserAspectRatioButton= false topActivityBoundsLetterboxed= false isFromLetterboxDoubleTap= false topActivityLetterboxVerticalPosition= -1 topActivityLetterboxHorizontalPosition= -1 topActivityLetterboxWidth=-1 topActivityLetterboxHeight=-1 isUserFullscreenOverrideEnabled=false isTopActivityTransparent=false locusId=null displayAreaFeatureId=1 cameraCompatControlState=hidden}, remoteTransition = null, displayChange = null, flags = 0 }
06-24 16:11:22.543 685 708 V WindowManager: startWCT=WindowContainerTransaction { changes = {} hops = [] errorCallbackToken=null taskFragmentOrganizer=null }
06-24 16:11:22.543 901 979 V WindowManagerShell: animated by com.android.wm.shell.transition.DefaultTransitionHandler@7916d4
06-24 16:11:22.543 685 708 V WindowManager: info={id=479 t=OPEN f=0x0 trk=1 r=[0@Point(0, 0)] c=[{null m=OPEN f=FILLS_TASK leash=Surface(name=ActivityRecord{79fd39e u0 com.lutongnet.kalaok2/com.lutongnet.androidframework.web.WebViewActivity)/@0x83beba4 sb=Rect(0, 0 - 0, 0) eb=Rect(0, 0 - 1920, 1080) d=-1->0 r=-1->0:-1},{null m=CLOSE f=FILLS_TASK|IS_OCCLUDED leash=Surface(name=ActivityRecord{467f2b7 u0 com.lutongnet.kalaok2/.WelcomeActivity)/@0xeef2a37 sb=Rect(0, 0 - 1920, 1080) eb=Rect(0, 0 - 1920, 1080) d=0}]}
06-24 16:11:22.744 685 3826 D CompatibilityChangeReporter: Compat change id reported: 214016041; UID 10103; state: DISABLED
06-24 16:11:22.956 901 979 V WindowManagerShell: Transition animation finished (aborted=false), notifying core (#479)android.os.BinderProxy@1b4ecb@1
06-24 16:11:22.960 685 708 V WindowManager: Finish Transition #479: created at
06-24 16:11:21.710 collect-started=0.255ms request-sent=6.542ms started=8.817ms ready=202.05ms sent=826.378ms finished=1249.341ms
06-24 16:11:22.963 901 979 V WindowManagerShell: Track 1 became idle
06-24 16:11:22.963 901 979 V WindowManagerShell: All active transition animations finished
06-24 16:11:22.974 685 763 D CompatibilityChangeReporter: Compat change id reported: 218533173; UID 10041; state: DISABLED
06-24 16:11:22.975 685 763 D CompatibilityChangeReporter: Compat change id reported: 262645982; UID 10041; state: DISABLED
06-24 16:11:22.982 685 3826 W WindowManager: [addWindow] title:com.lutongnet.kalaok2/com.lutongnet.androidframework.web.WebViewActivity
06-24 16:11:22.993 685 3826 D CoreBackPreview: Window{7753be u0 com.lutongnet.kalaok2/com.lutongnet.androidframework.web.WebViewActivity}: Setting back callback OnBackInvokedCallbackInfo{mCallback=android.window.IOnBackInvokedCallback$Stub$Proxy@769bb6c, mPriority=0, mIsAnimationCallback=false}
06-24 16:11:23.028 685 3826 D CoreBackPreview: Window{7486ea2 u0 com.lutongnet.kalaok2/com.lutongnet.kalaok2.WelcomeActivity}: Setting back callback null
06-24 16:11:23.085 685 709 W ContextImpl: Calling a method in the system process without a qualified user: android.app.ContextImpl.startService:1899 com.android.server.wm.DisplayPolicy.lambda$focusChangedLw$5:2126 com.android.server.wm.DisplayPolicy.$r8$lambda$Znxk63oh-WzVnzo_WQefN7uxV48:0 com.android.server.wm.DisplayPolicy$$ExternalSyntheticLambda13.run:0 android.os.Handler.handleCallback:958
06-24 16:11:23.249 0 0 W [1 T17271 ..] audit: audit_lost=18455 audit_rate_limit=5 audit_backlog_limit=64
06-24 16:11:23.251 0 0 E [1 T17271 ..] audit: rate limit exceeded
06-24 16:11:23.696 0 0 W : [3 T1041 ..] fmac ASSERT (***** assert_rec *****: ) at ip/lmac/src/hal/hal_machw.c:752
06-24 16:11:23.697 0 0 W : [3 T1041 ..] >>> aml_rx_dbg_error_ind()
06-24 16:11:23.697 0 0 E : [3 T1041 ..] aml_sdio mmc1:0000:7: (type 0): dump received
06-24 16:11:23.698 0 0 E : [3 T30414 ..] aml_sdio mmc1:0000:7: Failed to call /usr/bin/aml_umh.sh (/usr/bin/aml_umh.sh returned -524)
06-24 16:11:24.045 685 3826 D CoreBackPreview: Window{7753be u0 com.lutongnet.kalaok2/com.lutongnet.androidframework.web.WebViewActivity}: Setting back callback null
06-24 16:11:24.058 685 711 V WindowManager: Unknown focus tokens, dropping reportFocusChanged
06-24 16:11:24.152 685 709 W ContextImpl: Calling a method in the system process without a qualified user: android.app.ContextImpl.startService:1899 com.android.server.wm.DisplayPolicy.lambda$focusChangedLw$5:2126 com.android.server.wm.DisplayPolicy.$r8$lambda$Znxk63oh-WzVnzo_WQefN7uxV48:0 com.android.server.wm.DisplayPolicy$$ExternalSyntheticLambda13.run:0 android.os.Handler.handleCallback:958
06-24 16:11:25.091 685 1390 E TaskPersister: File error accessing recents directory (directory doesn't exist?).
06-24 16:11:29.307 901 979 V WindowManagerShell: Transition requested: android.os.BinderProxy@ba0c73e TransitionRequestInfo { type = 2, triggerTask = null, remoteTransition = null, displayChange = null, flags = 0 }
06-24 16:11:29.317 685 3826 I ActivityTaskManager: START u0 {cmp=com.lutongnet.kalaok2/.biz.mine.wechat.WeChatLoginActivity (has extras)} with LAUNCH_MULTIPLE from uid 10103 (BAL_ALLOW_VISIBLE_WINDOW) result code=0
06-24 16:11:29.326 685 3826 V WindowManager: app ------------- force_land :0
06-24 16:11:29.326 685 3826 V WindowManager: app ------------- force_land :0
06-24 16:11:29.327 685 3826 V WindowManager: app ------------- force_land :0
06-24 16:11:29.388 685 3826 W WindowManager: [addWindow] title:com.lutongnet.kalaok2/com.lutongnet.kalaok2.biz.mine.wechat.WeChatLoginActivity
06-24 16:11:29.388 685 15103 W WindowManager: Failed looking up window session=Session{5651897 5073:u0a10103} callers=com.android.server.wm.WindowManagerService.windowForClientLocked:6077 com.android.server.wm.Session.updateRequestedVisibleTypes:695 android.view.IWindowSession$Stub.onTransact:1034
06-24 16:11:29.394 685 3826 D CoreBackPreview: Window{b906a93 u0 com.lutongnet.kalaok2/com.lutongnet.kalaok2.biz.mine.wechat.WeChatLoginActivity}: Setting back callback OnBackInvokedCallbackInfo{mCallback=android.window.IOnBackInvokedCallback$Stub$Proxy@93a3ac9, mPriority=0, mIsAnimationCallback=false}
06-24 16:11:29.435 901 979 D WindowManagerShell: TvPipController: onTaskStackChanged()
06-24 16:11:29.437 901 979 V WindowManagerShell: onTransitionReady android.os.BinderProxy@ba0c73e: {id=480 t=CLOSE f=0x0 trk=0 r=[0@Point(0, 0)] c=[{null m=OPEN f=FILLS_TASK leash=Surface(name=ActivityRecord{d17dc64 u0 com.lutongnet.kalaok2/.biz.mine.wechat.WeChatLoginActivity)/@0x81de99f sb=Rect(0, 0 - 0, 0) eb=Rect(0, 0 - 1920, 1080) d=-1->0 r=-1->0:-1},{null m=CLOSE f=FILLS_TASK leash=Surface(name=ActivityRecord{79fd39e u0 com.lutongnet.kalaok2/com.lutongnet.androidframework.web.WebViewActivity)/@0x1e51aec sb=Rect(0, 0 - 1920, 1080) eb=Rect(0, 0 - 1920, 1080) d=0}]}
06-24 16:11:29.437 901 979 V WindowManagerShell: Playing animation for (#480)android.os.BinderProxy@ba0c73e@0
06-24 16:11:29.437 901 979 V WindowManagerShell: try handler com.android.wm.shell.keyguard.KeyguardTransitionHandler@24e2028
06-24 16:11:29.437 901 979 V WindowManagerShell: try handler com.android.wm.shell.pip.tv.TvPipTransition@1141
06-24 16:11:29.437 901 979 V WindowManagerShell: try handler com.android.wm.shell.activityembedding.ActivityEmbeddingController@e8f56e6
06-24 16:11:29.437 901 979 V WindowManagerShell: try handler com.android.wm.shell.transition.RemoteTransitionHandler@b664427
06-24 16:11:29.437 901 979 V WindowManagerShell: Transition doesn't have explicit remote, search filters for match for {id=480 t=CLOSE f=0x0 trk=0 r=[0@Point(0, 0)] c=[{null m=OPEN f=FILLS_TASK leash=Surface(name=ActivityRecord{d17dc64 u0 com.lutongnet.kalaok2/.biz.mine.wechat.WeChatLoginActivity)/@0x81de99f sb=Rect(0, 0 - 0, 0) eb=Rect(0, 0 - 1920, 1080) d=-1->0 r=-1->0:-1},{null m=CLOSE f=FILLS_TASK leash=Surface(name=ActivityRecord{79fd39e u0 com.lutongnet.kalaok2/com.lutongnet.androidframework.web.WebViewActivity)/@0x1e51aec sb=Rect(0, 0 - 1920, 1080) eb=Rect(0, 0 - 1920, 1080) d=0}]}
06-24 16:11:29.437 901 979 V WindowManagerShell: Delegate animation for #480 to null
06-24 16:11:29.437 901 979 V WindowManagerShell: try handler com.android.wm.shell.transition.DefaultTransitionHandler@7916d4
06-24 16:11:29.437 901 979 V WindowManagerShell: start default transition animation, info = {id=480 t=CLOSE f=0x0 trk=0 r=[0@Point(0, 0)] c=[{null m=OPEN f=FILLS_TASK leash=Surface(name=ActivityRecord{d17dc64 u0 com.lutongnet.kalaok2/.biz.mine.wechat.WeChatLoginActivity)/@0x81de99f sb=Rect(0, 0 - 0, 0) eb=Rect(0, 0 - 1920, 1080) d=-1->0 r=-1->0:-1},{null m=CLOSE f=FILLS_TASK leash=Surface(name=ActivityRecord{79fd39e u0 com.lutongnet.kalaok2/com.lutongnet.androidframework.web.WebViewActivity)/@0x1e51aec sb=Rect(0, 0 - 1920, 1080) eb=Rect(0, 0 - 1920, 1080) d=0}]}
06-24 16:11:29.438 901 979 V WindowManagerShell: loadAnimation: anim=android.view.animation.AlphaAnimation@30180bb animAttr=0x7 type=CLOSE isEntrance=false
06-24 16:11:29.439 901 979 V WindowManagerShell: loadAnimation: anim=android.view.animation.AlphaAnimation@3406131 animAttr=0x6 type=CLOSE isEntrance=true
06-24 16:11:29.440 5073 5073 W VRI[WebViewActivity]: Cancelling event (no window focus):KeyEvent { action=ACTION_UP, keyCode=KEYCODE_DPAD_CENTER, scanCode=28, metaState=0, flags=0x28, repeatCount=0, eventTime=18097246365754, downTime=18097194800000, deviceId=10, source=0x301, displayId=-1 }
06-24 16:11:29.440 685 708 V WindowManager: Sent Transition #480 createdAt=06-24 16:11:29.306 via request=TransitionRequestInfo { type = 2, triggerTask = null, remoteTransition = null, displayChange = null, flags = 0 }
06-24 16:11:29.440 685 708 V WindowManager: startWCT=WindowContainerTransaction { changes = {} hops = [] errorCallbackToken=null taskFragmentOrganizer=null }
06-24 16:11:29.441 685 708 V WindowManager: info={id=480 t=CLOSE f=0x0 trk=0 r=[0@Point(0, 0)] c=[{null m=OPEN f=FILLS_TASK leash=Surface(name=ActivityRecord{d17dc64 u0 com.lutongnet.kalaok2/.biz.mine.wechat.WeChatLoginActivity)/@0xc2a75ce sb=Rect(0, 0 - 0, 0) eb=Rect(0, 0 - 1920, 1080) d=-1->0 r=-1->0:-1},{null m=CLOSE f=FILLS_TASK leash=Surface(name=ActivityRecord{79fd39e u0 com.lutongnet.kalaok2/com.lutongnet.androidframework.web.WebViewActivity)/@0x83beba4 sb=Rect(0, 0 - 1920, 1080) eb=Rect(0, 0 - 1920, 1080) d=0}]}
06-24 16:11:29.441 901 979 V WindowManagerShell: animated by com.android.wm.shell.transition.DefaultTransitionHandler@7916d4
06-24 16:11:29.501 685 709 W ContextImpl: Calling a method in the system process without a qualified user: android.app.ContextImpl.startService:1899 com.android.server.wm.DisplayPolicy.lambda$focusChangedLw$5:2126 com.android.server.wm.DisplayPolicy.$r8$lambda$Znxk63oh-WzVnzo_WQefN7uxV48:0 com.android.server.wm.DisplayPolicy$$ExternalSyntheticLambda13.run:0 android.os.Handler.handleCallback:958
06-24 16:11:29.859 901 979 V WindowManagerShell: Transition animation finished (aborted=false), notifying core (#480)android.os.BinderProxy@ba0c73e@0
06-24 16:11:29.861 685 708 V WindowManager: Finish Transition #480: created at
06-24 16:11:29.306 collect-started=0.052ms request-sent=0.128ms started=3.062ms ready=22.779ms sent=128.816ms finished=553.937ms
06-24 16:11:29.863 901 979 V WindowManagerShell: Track 0 became idle
06-24 16:11:29.863 901 979 V WindowManagerShell: All active transition animations finished
06-24 16:11:29.892 685 15103 D CoreBackPreview: Window{131bce0 u0 com.lutongnet.kalaok2/com.lutongnet.androidframework.web.WebViewActivity}: Setting back callback null
06-24 16:11:29.941 0 0 W [0 T5367 ..] audit: audit_lost=18463 audit_rate_limit=5 audit_backlog_limit=64
06-24 16:11:29.941 0 0 E [0 T5367 ..] audit: rate limit exceeded
06-24 16:11:32.829 685 1390 E TaskPersister: File error accessing recents directory (directory doesn't exist?).
06-24 16:11:34.602 0 0 W : [0 T5419 .s] [SP FRAME TX] arp req,vif_idx:0 sender:[1c:79:2d:20:62:cb 192.168.3.75]receiver:[00:00:00:00:00:00 192.168.3.254]
06-24 16:11:34.629 0 0 W : [2 T1046 ..] [SP FRAME RX] arp rsp,vif_idx:0 sender:[12:3c:2c:e1:84:9f 192.168.3.254]receiver:[1c:79:2d:20:62:cb 192.168.3.75]
06-24 16:11:38.613 685 9098 W BatteryExternalStatsWorker: error reading Bluetooth stats: 11
06-24 16:11:39.701 0 0 W : [0 T1046 ..] [SP FRAME RX] arp req,vif_idx:0 sender:[12:2c:8d:45:1c:5f 192.168.3.190]receiver:[00:00:00:00:00:00 192.168.3.75]
06-24 16:11:39.702 0 0 W : [0 T1046 ..] [SP FRAME TX] arp rsp,vif_idx:0 sender:[1c:79:2d:20:62:cb 192.168.3.75]receiver:[12:2c:8d:45:1c:5f 192.168.3.190]
06-24 16:11:39.722 0 0 W : [3 T0 .s] [SP FRAME TX] arp req,vif_idx:0 sender:[1c:79:2d:20:62:cb 192.168.3.75]receiver:[00:00:00:00:00:00 192.168.3.190]
06-24 16:11:39.728 0 0 W : [0 T1046 ..] [SP FRAME RX] arp rsp,vif_idx:0 sender:[12:2c:8d:45:1c:5f 192.168.3.190]receiver:[1c:79:2d:20:62:cb 192.168.3.75]
06-24 16:11:42.538 0 0 W : [0 T0 .s] [SP FRAME TX] arp req,vif_idx:0 sender:[1c:79:2d:20:62:cb 192.168.3.75]receiver:[00:00:00:00:00:00 192.168.3.36]
06-24 16:11:42.551 0 0 W : [2 T1046 ..] [SP FRAME RX] arp req,vif_idx:0 sender:[12:3c:2c:e1:84:9f 192.168.3.254]receiver:[00:00:00:00:00:00 192.168.3.75]
06-24 16:11:42.551 0 0 W : [2 T1046 ..] [SP FRAME TX] arp rsp,vif_idx:0 sender:[1c:79:2d:20:62:cb 192.168.3.75]receiver:[12:3c:2c:e1:84:9f 192.168.3.254]
06-24 16:11:42.630 0 0 W : [2 T1046 ..] [SP FRAME RX] arp req,vif_idx:0 sender:[b6:86:f8:35:d4:28 192.168.3.36]receiver:[00:00:00:00:00:00 192.168.3.75]
06-24 16:11:42.631 0 0 W : [2 T1046 ..] [SP FRAME TX] arp rsp,vif_idx:0 sender:[1c:79:2d:20:62:cb 192.168.3.75]receiver:[b6:86:f8:35:d4:28 192.168.3.36]
06-24 16:11:42.657 0 0 W : [2 T1046 ..] [SP FRAME RX] arp rsp,vif_idx:0 sender:[b6:86:f8:35:d4:28 192.168.3.36]receiver:[1c:79:2d:20:62:cb 192.168.3.75]
06-24 16:11:42.658 0 0 W : [2 T1046 ..] [SP FRAME RX] arp req,vif_idx:0 sender:[ea:f3:28:46:91:6b 192.168.3.243]receiver:[00:00:00:00:00:00 192.168.3.75]
06-24 16:11:42.659 0 0 W : [2 T1046 ..] [SP FRAME TX] arp rsp,vif_idx:0 sender:[1c:79:2d:20:62:cb 192.168.3.75]receiver:[ea:f3:28:46:91:6b 192.168.3.243]
06-24 16:11:42.756 0 0 W : [2 T1046 ..] [SP FRAME RX] arp req,vif_idx:0 sender:[16:8e:6e:17:dc:41 192.168.3.176]receiver:[00:00:00:00:00:00 192.168.3.75]
06-24 16:11:42.757 0 0 W : [2 T1046 ..] [SP FRAME TX] arp rsp,vif_idx:0 sender:[1c:79:2d:20:62:cb 192.168.3.75]receiver:[16:8e:6e:17:dc:41 192.168.3.176]
06-24 16:11:42.794 0 0 W : [1 T0 .s] [SP FRAME TX] arp req,vif_idx:0 sender:[1c:79:2d:20:62:cb 192.168.3.75]receiver:[00:00:00:00:00:00 192.168.3.243]
06-24 16:11:42.795 0 0 W : [1 T0 .s] [SP FRAME TX] arp req,vif_idx:0 sender:[1c:79:2d:20:62:cb 192.168.3.75]receiver:[00:00:00:00:00:00 192.168.3.176]
06-24 16:11:42.806 0 0 W : [2 T1046 ..] [SP FRAME RX] arp rsp,vif_idx:0 sender:[ea:f3:28:46:91:6b 192.168.3.243]receiver:[1c:79:2d:20:62:cb 192.168.3.75]
06-24 16:11:42.879 0 0 W : [2 T1046 ..] [SP FRAME RX] arp rsp,vif_idx:0 sender:[16:8e:6e:17:dc:41 192.168.3.176]receiver:[1c:79:2d:20:62:cb 192.168.3.75]
06-24 16:11:53.367 901 979 V WindowManagerShell: Transition requested: android.os.BinderProxy@308df6d TransitionRequestInfo { type = 2, triggerTask = null, remoteTransition = null, displayChange = null, flags = 0 }
06-24 16:11:53.374 685 9098 V WindowManager: app ------------- force_land :0
06-24 16:11:53.374 685 9098 V WindowManager: app ------------- force_land :0
06-24 16:11:53.374 685 9098 V WindowManager: app ------------- force_land :0
06-24 16:11:53.468 901 979 V WindowManagerShell: onTransitionReady android.os.BinderProxy@308df6d: {id=481 t=CLOSE f=0x0 trk=0 r=[0@Point(0, 0)] c=[{null m=CLOSE f=FILLS_TASK leash=Surface(name=ActivityRecord{d17dc64 u0 com.lutongnet.kalaok2/.biz.mine.wechat.WeChatLoginActivity)/@0xa2887a2 sb=Rect(0, 0 - 1920, 1080) eb=Rect(0, 0 - 1920, 1080) d=0},{null m=TO_FRONT f=FILLS_TASK leash=Surface(name=ActivityRecord{d8e51c6 u0 com.lutongnet.kalaok2/.biz.main.activity.MainActivity)/@0x5e14c33 sb=Rect(0, 0 - 1920, 1080) eb=Rect(0, 0 - 1920, 1080) d=0}]}
06-24 16:11:53.468 901 979 V WindowManagerShell: Playing animation for (#481)android.os.BinderProxy@308df6d@0
06-24 16:11:53.468 901 979 V WindowManagerShell: try handler com.android.wm.shell.keyguard.KeyguardTransitionHandler@24e2028
06-24 16:11:53.469 901 979 V WindowManagerShell: try handler com.android.wm.shell.pip.tv.TvPipTransition@1141
06-24 16:11:53.469 901 979 V WindowManagerShell: try handler com.android.wm.shell.activityembedding.ActivityEmbeddingController@e8f56e6
06-24 16:11:53.469 901 979 V WindowManagerShell: try handler com.android.wm.shell.transition.RemoteTransitionHandler@b664427
06-24 16:11:53.469 901 979 V WindowManagerShell: Transition doesn't have explicit remote, search filters for match for {id=481 t=CLOSE f=0x0 trk=0 r=[0@Point(0, 0)] c=[{null m=CLOSE f=FILLS_TASK leash=Surface(name=ActivityRecord{d17dc64 u0 com.lutongnet.kalaok2/.biz.mine.wechat.WeChatLoginActivity)/@0xa2887a2 sb=Rect(0, 0 - 1920, 1080) eb=Rect(0, 0 - 1920, 1080) d=0},{null m=TO_FRONT f=FILLS_TASK leash=Surface(name=ActivityRecord{d8e51c6 u0 com.lutongnet.kalaok2/.biz.main.activity.MainActivity)/@0x5e14c33 sb=Rect(0, 0 - 1920, 1080) eb=Rect(0, 0 - 1920, 1080) d=0}]}
06-24 16:11:53.469 901 979 V WindowManagerShell: Delegate animation for #481 to null
06-24 16:11:53.469 901 979 V WindowManagerShell: try handler com.android.wm.shell.transition.DefaultTransitionHandler@7916d4
06-24 16:11:53.469 901 979 V WindowManagerShell: start default transition animation, info = {id=481 t=CLOSE f=0x0 trk=0 r=[0@Point(0, 0)] c=[{null m=CLOSE f=FILLS_TASK leash=Surface(name=ActivityRecord{d17dc64 u0 com.lutongnet.kalaok2/.biz.mine.wechat.WeChatLoginActivity)/@0xa2887a2 sb=Rect(0, 0 - 1920, 1080) eb=Rect(0, 0 - 1920, 1080) d=0},{null m=TO_FRONT f=FILLS_TASK leash=Surface(name=ActivityRecord{d8e51c6 u0 com.lutongnet.kalaok2/.biz.main.activity.MainActivity)/@0x5e14c33 sb=Rect(0, 0 - 1920, 1080) eb=Rect(0, 0 - 1920, 1080) d=0}]}
06-24 16:11:53.469 901 979 V WindowManagerShell: loadAnimation: anim=android.view.animation.AlphaAnimation@3610569 animAttr=0x6 type=CLOSE isEntrance=true
06-24 16:11:53.470 901 979 V WindowManagerShell: loadAnimation: anim=android.view.animation.AlphaAnimation@25a788f animAttr=0x7 type=CLOSE isEntrance=false
06-24 16:11:53.471 685 708 V WindowManager: Sent Transition #481 createdAt=06-24 16:11:53.366 via request=TransitionRequestInfo { type = 2, triggerTask = null, remoteTransition = null, displayChange = null, flags = 0 }
06-24 16:11:53.472 685 708 V WindowManager: startWCT=WindowContainerTransaction { changes = {} hops = [] errorCallbackToken=null taskFragmentOrganizer=null }
06-24 16:11:53.472 685 708 V WindowManager: info={id=481 t=CLOSE f=0x0 trk=0 r=[0@Point(0, 0)] c=[{null m=CLOSE f=FILLS_TASK leash=Surface(name=ActivityRecord{d17dc64 u0 com.lutongnet.kalaok2/.biz.mine.wechat.WeChatLoginActivity)/@0xc2a75ce sb=Rect(0, 0 - 1920, 1080) eb=Rect(0, 0 - 1920, 1080) d=0},{null m=TO_FRONT f=FILLS_TASK leash=Surface(name=ActivityRecord{d8e51c6 u0 com.lutongnet.kalaok2/.biz.main.activity.MainActivity)/@0x7aeae73 sb=Rect(0, 0 - 1920, 1080) eb=Rect(0, 0 - 1920, 1080) d=0}]}
06-24 16:11:53.472 901 979 V WindowManagerShell: animated by com.android.wm.shell.transition.DefaultTransitionHandler@7916d4
06-24 16:11:53.482 901 979 D WindowManagerShell: TvPipController: onTaskStackChanged()
06-24 16:11:53.521 685 709 W ContextImpl: Calling a method in the system process without a qualified user: android.app.ContextImpl.startService:1899 com.android.server.wm.DisplayPolicy.lambda$focusChangedLw$5:2126 com.android.server.wm.DisplayPolicy.$r8$lambda$Znxk63oh-WzVnzo_WQefN7uxV48:0 com.android.server.wm.DisplayPolicy$$ExternalSyntheticLambda13.run:0 android.os.Handler.handleCallback:958
06-24 16:11:53.524 685 711 W ProcessStats: Tracking association SourceState{2ed2a5c system/1000 ImpFg #10183} whose proc state 5 is better than process ProcessState{9231bd0 com.android.permissioncontroller/10074 pkg=com.android.permissioncontroller} proc state 15 (9 skipped)
06-24 16:11:53.883 901 979 V WindowManagerShell: Transition animation finished (aborted=false), notifying core (#481)android.os.BinderProxy@308df6d@0
06-24 16:11:53.889 685 708 V WindowManager: Finish Transition #481: created at
06-24 16:11:53.366 collect-started=0.052ms request-sent=0.124ms started=3.213ms ready=9.881ms sent=98.976ms finished=520.661ms
06-24 16:11:53.889 901 979 V WindowManagerShell: Track 0 became idle
06-24 16:11:53.889 901 979 V WindowManagerShell: All active transition animations finished
06-24 16:11:53.957 685 701 D CoreBackPreview: Window{b906a93 u0 com.lutongnet.kalaok2/com.lutongnet.kalaok2.biz.mine.wechat.WeChatLoginActivity}: Setting back callback null
06-24 16:11:54.329 685 9098 I ActivityManager: Killing 5174:com.android.webview:sandboxed_process0:org.chromium.content.app.SandboxedProcessService0:0/u0a103i13 (adj 0): isolated not needed
06-24 16:11:54.401 0 0 I [0 T28035 ..] binder: undelivered transaction 8718329, process died.
06-24 16:11:54.401 0 0 I [0 T28035 ..] binder: undelivered transaction 8718330, process died.
06-24 16:11:54.402 0 0 I [0 T28035 ..] binder: undelivered transaction 8718332, process died.
06-24 16:11:54.392 685 709 D DisplayManagerService: Drop pending events for gone uid 99013
06-24 16:11:55.112 0 0 I [1 T985 ..] binder: 985:985 transaction failed 29189/-22, size 140-8 line 3273
06-24 16:11:55.105 685 15103 W ActivityManager: pid 985 com.android.bluetooth sent binder code 4 with flags 0 to frozen apps and got error -32
06-24 16:11:56.966 685 1390 E TaskPersister: File error accessing recents directory (directory doesn't exist?).
06-24 16:11:56.973 0 0 W [2 T24735 ..] audit: audit_lost=18469 audit_rate_limit=5 audit_backlog_limit=64
06-24 16:11:56.976 0 0 E [2 T24735 ..] audit: rate limit exceeded
06-24 16:11:58.547 0 0 W : [2 T1046 ..] [SP FRAME TX] arp req,vif_idx:0 sender:[1c:79:2d:20:62:cb 192.168.3.75]receiver:[00:00:00:00:00:00 192.168.3.154]
06-24 16:11:58.575 0 0 W : [2 T1046 ..] [SP FRAME RX] arp rsp,vif_idx:0 sender:[f2:5c:30:fe:9f:9c 192.168.3.154]receiver:[1c:79:2d:20:62:cb 192.168.3.75]
06-24 16:11:59.563 0 0 W : [2 T1046 ..] [SP FRAME RX] arp rsp,vif_idx:0 sender:[4c:44:5b:65:15:71 169.254.200.124]receiver:[1c:79:2d:20:62:cb 192.168.3.75]
06-24 16:12:03.623 0 0 W : [0 T1046 ..] [SP FRAME RX] arp req,vif_idx:0 sender:[f2:5c:30:fe:9f:9c 192.168.3.154]receiver:[00:00:00:00:00:00 192.168.3.75]
06-24 16:12:03.624 0 0 W : [0 T1046 ..] [SP FRAME TX] arp rsp,vif_idx:0 sender:[1c:79:2d:20:62:cb 192.168.3.75]receiver:[f2:5c:30:fe:9f:9c 192.168.3.154]
06-24 16:12:04.526 0 0 W : [2 T1046 ..] [SP FRAME RX] arp req,vif_idx:0 sender:[20:57:9e:67:7f:db 192.168.3.98]receiver:[00:00:00:00:00:00 192.168.3.75]
06-24 16:12:04.527 0 0 W : [2 T1046 ..] [SP FRAME TX] arp rsp,vif_idx:0 sender:[1c:79:2d:20:62:cb 192.168.3.75]receiver:[20:57:9e:67:7f:db 192.168.3.98]
06-24 16:12:04.528 0 0 W : [2 T1046 ..] [SP FRAME RX] arp req,vif_idx:0 sender:[9a:86:f7:27:5c:25 192.168.3.169]receiver:[00:00:00:00:00:00 192.168.3.75]
06-24 16:12:04.530 0 0 W : [2 T1046 ..] [SP FRAME TX] arp rsp,vif_idx:0 sender:[1c:79:2d:20:62:cb 192.168.3.75]receiver:[9a:86:f7:27:5c:25 192.168.3.169]
06-24 16:12:04.600 0 0 W : [2 T1046 ..] [SP FRAME RX] arp req,vif_idx:0 sender:[0c:91:60:12:cd:6e 192.168.3.81]receiver:[00:00:00:00:00:00 192.168.3.75]
06-24 16:12:04.601 0 0 W : [2 T1046 ..] [SP FRAME TX] arp rsp,vif_idx:0 sender:[1c:79:2d:20:62:cb 192.168.3.75]receiver:[0c:91:60:12:cd:6e 192.168.3.81]
06-24 16:12:04.609 0 0 W : [2 T1046 ..] [SP FRAME RX] arp req,vif_idx:0 sender:[fa:f0:09:28:64:31 192.168.3.73]receiver:[00:00:00:00:00:00 192.168.3.75]
06-24 16:12:04.610 0 0 W : [2 T1046 ..] [SP FRAME TX] arp rsp,vif_idx:0 sender:[1c:79:2d:20:62:cb 192.168.3.75]receiver:[fa:f0:09:28:64:31 192.168.3.73]
06-24 16:12:04.810 0 0 W : [2 T1046 ..] [SP FRAME RX] arp req,vif_idx:0 sender:[28:7b:11:70:4f:bd 192.168.3.156]receiver:[00:00:00:00:00:00 192.168.3.75]
06-24 16:12:04.811 0 0 W : [2 T1046 ..] [SP FRAME TX] arp rsp,vif_idx:0 sender:[1c:79:2d:20:62:cb 192.168.3.75]receiver:[28:7b:11:70:4f:bd 192.168.3.156]
06-24 16:12:05.035 0 0 W : [3 T1046 ..] [SP FRAME RX] arp req,vif_idx:0 sender:[e2:04:f6:d8:62:00 192.168.3.194]receiver:[00:00:00:00:00:00 192.168.3.75]
06-24 16:12:05.036 0 0 W : [3 T1046 ..] [SP FRAME TX] arp rsp,vif_idx:0 sender:[1c:79:2d:20:62:cb 192.168.3.75]receiver:[e2:04:f6:d8:62:00 192.168.3.194]
06-24 16:12:05.081 0 0 W : [3 T1046 ..] [SP FRAME RX] arp req,vif_idx:0 sender:[28:7b:11:70:51:1f 192.168.3.44]receiver:[00:00:00:00:00:00 192.168.3.75]
06-24 16:12:05.082 0 0 W : [3 T1046 ..] [SP FRAME TX] arp rsp,vif_idx:0 sender:[1c:79:2d:20:62:cb 192.168.3.75]receiver:[28:7b:11:70:51:1f 192.168.3.44]
06-24 16:12:05.144 0 0 W : [3 T1046 ..] [SP FRAME RX] arp req,vif_idx:0 sender:[d2:07:9a:6e:a7:36 192.168.3.27]receiver:[00:00:00:00:00:00 192.168.3.75]
06-24 16:12:05.145 0 0 W : [3 T1046 ..] [SP FRAME TX] arp rsp,vif_idx:0 sender:[1c:79:2d:20:62:cb 192.168.3.75]receiver:[d2:07:9a:6e:a7:36 192.168.3.27]
06-24 16:12:05.146 0 0 W : [3 T1046 ..] [SP FRAME RX] arp req,vif_idx:0 sender:[e2:8e:12:0f:0b:47 192.168.3.123]receiver:[00:00:00:00:00:00 192.168.3.75]
06-24 16:12:05.148 0 0 W : [3 T1046 ..] [SP FRAME TX] arp rsp,vif_idx:0 sender:[1c:79:2d:20:62:cb 192.168.3.75]receiver:[e2:8e:12:0f:0b:47 192.168.3.123]
06-24 16:12:05.149 685 763 W ProcessStats: Tracking association SourceState{2ed2a5c system/1000 ImpFg #10192} whose proc state 5 is better than process ProcessState{9231bd0 com.android.permissioncontroller/10074 pkg=com.android.permissioncontroller} proc state 15 (3 skipped)
06-24 16:12:05.224 0 0 W : [3 T1046 ..] [SP FRAME RX] arp req,vif_idx:0 sender:[b6:9c:70:ec:40:e7 192.168.3.65]receiver:[00:00:00:00:00:00 192.168.3.75]
06-24 16:12:05.225 0 0 W : [3 T1046 ..] [SP FRAME TX] arp rsp,vif_idx:0 sender:[1c:79:2d:20:62:cb 192.168.3.75]receiver:[b6:9c:70:ec:40:e7 192.168.3.65]
06-24 16:12:05.227 0 0 W : [3 T1046 ..] [SP FRAME RX] arp req,vif_idx:0 sender:[0c:91:60:12:cd:fc 192.168.3.171]receiver:[00:00:00:00:00:00 192.168.3.75]
06-24 16:12:05.228 0 0 W : [3 T1046 ..] [SP FRAME TX] arp rsp,vif_idx:0 sender:[1c:79:2d:20:62:cb 192.168.3.75]receiver:[0c:91:60:12:cd:fc 192.168.3.171]
06-24 16:12:05.230 0 0 W : [3 T1046 ..] [SP FRAME RX] arp req,vif_idx:0 sender:[da:b8:33:f6:93:fe 192.168.3.89]receiver:[00:00:00:00:00:00 192.168.3.75]
06-24 16:12:05.231 0 0 W : [3 T1046 ..] [SP FRAME TX] arp rsp,vif_idx:0 sender:[1c:79:2d:20:62:cb 192.168.3.75]receiver:[da:b8:33:f6:93:fe 192.168.3.89]
06-24 16:12:05.233 0 0 W : [3 T1046 ..] [SP FRAME RX] arp req,vif_idx:0 sender:[0c:91:60:12:cd:8c 192.168.3.70]receiver:[00:00:00:00:00:00 192.168.3.75]
06-24 16:12:05.234 0 0 W : [3 T1046 ..] [SP FRAME TX] arp rsp,vif_idx:0 sender:[1c:79:2d:20:62:cb 192.168.3.75]receiver:[0c:91:60:12:cd:8c 192.168.3.70]
06-24 16:12:05.342 0 0 W : [3 T1046 ..] [SP FRAME RX] arp req,vif_idx:0 sender:[de:90:cb:50:92:8f 192.168.3.145]receiver:[00:00:00:00:00:00 192.168.3.75]
06-24 16:12:05.343 0 0 W : [3 T1046 ..] [SP FRAME TX] arp rsp,vif_idx:0 sender:[1c:79:2d:20:62:cb 192.168.3.75]receiver:[de:90:cb:50:92:8f 192.168.3.145]
06-24 16:12:05.348 0 0 W : [3 T1046 ..] [SP FRAME RX] arp req,vif_idx:0 sender:[28:7b:11:70:4f:a5 192.168.3.155]receiver:[00:00:00:00:00:00 192.168.3.75]
06-24 16:12:05.349 0 0 W : [3 T1046 ..] [SP FRAME TX] arp rsp,vif_idx:0 sender:[1c:79:2d:20:62:cb 192.168.3.75]receiver:[28:7b:11:70:4f:a5 192.168.3.155]
06-24 16:12:05.738 0 0 W : [3 T1046 ..] [SP FRAME RX] arp req,vif_idx:0 sender:[38:54:39:af:de:38 192.168.3.114]receiver:[00:00:00:00:00:00 192.168.3.75]
06-24 16:12:05.739 0 0 W : [3 T1046 ..] [SP FRAME TX] arp rsp,vif_idx:0 sender:[1c:79:2d:20:62:cb 192.168.3.75]receiver:[38:54:39:af:de:38 192.168.3.114]
06-24 16:12:07.257 685 13187 E Transition: Trying to add a ready-group twice: Display{#0 state=ON size=1920x1080 ROTATION_0}
06-24 16:12:07.258 685 13187 I ActivityTaskManager: START u0 {cmp=com.lutongnet.kalaok2/com.lutongnet.androidframework.web.WebViewActivity (has extras)} with LAUNCH_MULTIPLE from uid 10103 (BAL_ALLOW_VISIBLE_WINDOW) result code=0
