06-24 17:09:34.922 0 0 W : [0 T20349 ..] [aml_send_sync_trace 4388] sync token[64080]
06-24 17:09:34.922 0 0 W : [0 T20349 ..] >>> aml_send_msg()
06-24 17:09:34.923 0 0 W : [2 T1041 ..] ipc_sdio_host_msgack_handler 00000000f820cae0
06-24 17:09:34.924 0 0 W : [2 T1041 ..] [aml_msgackind 2039] msg ack hostid=0xffffff80209bcc80
06-24 17:09:34.925 0 0 W : [2 T1041 ..] [cmd_mgr_llind 329] cmd tkn[513] flags:0008 result: -4 cmd: 105-MM_SYNC_TRACE - reqcfm( 0-none)
06-24 17:09:34.926 0 0 W : [2 T1041 ..] [cmd_complete 65] cmd tkn[513] flags:0000 result: -4 cmd: 105-MM_SYNC_TRACE - reqcfm( 0-none)
06-24 17:09:37.649 0 0 W : [1 T1046 ..] [SP FRAME RX] arp req,vif_idx:0 sender:[46:97:91:2c:21:8b 192.168.3.204]receiver:[00:00:00:00:00:00 192.168.3.75]
06-24 17:09:37.650 0 0 W : [1 T1046 ..] [SP FRAME TX] arp rsp,vif_idx:0 sender:[1c:79:2d:20:62:cb 192.168.3.75]receiver:[46:97:91:2c:21:8b 192.168.3.204]
06-24 17:09:37.652 0 0 W : [1 T1046 ..] [SP FRAME RX] arp req,vif_idx:0 sender:[e2:8e:12:0f:0b:47 192.168.3.123]receiver:[00:00:00:00:00:00 192.168.3.75]
06-24 17:09:37.653 0 0 W : [1 T1046 ..] [SP FRAME TX] arp rsp,vif_idx:0 sender:[1c:79:2d:20:62:cb 192.168.3.75]receiver:[e2:8e:12:0f:0b:47 192.168.3.123]
06-24 17:09:37.738 0 0 W : [3 T0 .s] [SP FRAME TX] arp req,vif_idx:0 sender:[1c:79:2d:20:62:cb 192.168.3.75]receiver:[00:00:00:00:00:00 192.168.3.123]
06-24 17:09:37.839 0 0 W : [1 T1046 ..] [SP FRAME RX] arp rsp,vif_idx:0 sender:[e2:8e:12:0f:0b:47 192.168.3.123]receiver:[1c:79:2d:20:62:cb 192.168.3.75]
06-24 17:09:38.318 0 0 W : [1 T1046 ..] [SP FRAME RX] arp req,vif_idx:0 sender:[82:d8:26:78:cd:e3 192.168.3.45]receiver:[00:00:00:00:00:00 192.168.3.75]
06-24 17:09:38.319 0 0 W : [1 T1046 ..] [SP FRAME TX] arp rsp,vif_idx:0 sender:[1c:79:2d:20:62:cb 192.168.3.75]receiver:[82:d8:26:78:cd:e3 192.168.3.45]
06-24 17:09:38.506 0 0 W : [0 T0 .s] [SP FRAME TX] arp req,vif_idx:0 sender:[1c:79:2d:20:62:cb 192.168.3.75]receiver:[00:00:00:00:00:00 192.168.3.45]
06-24 17:09:38.532 0 0 W : [1 T1046 ..] [SP FRAME RX] arp rsp,vif_idx:0 sender:[82:d8:26:78:cd:e3 192.168.3.45]receiver:[1c:79:2d:20:62:cb 192.168.3.75]
06-24 17:09:47.722 0 0 W : [0 T248 .s] [SP FRAME TX] arp req,vif_idx:0 sender:[1c:79:2d:20:62:cb 192.168.3.75]receiver:[00:00:00:00:00:00 192.168.3.31]
06-24 17:09:47.774 0 0 W : [1 T1046 ..] [SP FRAME RX] arp rsp,vif_idx:0 sender:[b2:58:c1:bc:d7:cb 192.168.3.31]receiver:[1c:79:2d:20:62:cb 192.168.3.75]
06-24 17:09:47.888 0 0 W : [1 T1046 ..] [SP FRAME RX] arp req,vif_idx:0 sender:[b2:58:c1:bc:d7:cb 192.168.3.31]receiver:[00:00:00:00:00:00 192.168.3.75]
06-24 17:09:47.889 0 0 W : [1 T1046 ..] [SP FRAME TX] arp rsp,vif_idx:0 sender:[1c:79:2d:20:62:cb 192.168.3.75]receiver:[b2:58:c1:bc:d7:cb 192.168.3.31]
06-24 17:09:47.892 0 0 W : [1 T1046 ..] [SP FRAME RX] arp req,vif_idx:0 sender:[20:57:9e:67:7f:db 192.168.3.98]receiver:[00:00:00:00:00:00 192.168.3.75]
06-24 17:09:47.893 0 0 W : [1 T1046 ..] [SP FRAME TX] arp rsp,vif_idx:0 sender:[1c:79:2d:20:62:cb 192.168.3.75]receiver:[20:57:9e:67:7f:db 192.168.3.98]
06-24 17:09:48.045 0 0 W : [1 T1046 ..] [SP FRAME RX] arp req,vif_idx:0 sender:[10:b2:32:39:59:ba 192.168.3.57]receiver:[00:00:00:00:00:00 192.168.3.75]
06-24 17:09:48.046 0 0 W : [1 T1046 ..] [SP FRAME TX] arp rsp,vif_idx:0 sender:[1c:79:2d:20:62:cb 192.168.3.75]receiver:[10:b2:32:39:59:ba 192.168.3.57]
06-24 17:09:48.071 0 0 W : [1 T1046 ..] [SP FRAME RX] arp req,vif_idx:0 sender:[56:86:a9:ec:10:a8 192.168.3.19]receiver:[00:00:00:00:00:00 192.168.3.75]
06-24 17:09:48.072 0 0 W : [1 T1046 ..] [SP FRAME TX] arp rsp,vif_idx:0 sender:[1c:79:2d:20:62:cb 192.168.3.75]receiver:[56:86:a9:ec:10:a8 192.168.3.19]
06-24 17:09:48.189 0 0 W : [1 T1046 ..] [SP FRAME RX] arp req,vif_idx:0 sender:[e2:38:ab:ac:32:27 192.168.3.215]receiver:[00:00:00:00:00:00 192.168.3.75]
06-24 17:09:48.190 0 0 W : [1 T1046 ..] [SP FRAME TX] arp rsp,vif_idx:0 sender:[1c:79:2d:20:62:cb 192.168.3.75]receiver:[e2:38:ab:ac:32:27 192.168.3.215]
06-24 17:09:48.208 0 0 W : [1 T1046 ..] [SP FRAME RX] arp req,vif_idx:0 sender:[da:b8:33:f6:93:fe 192.168.3.89]receiver:[00:00:00:00:00:00 192.168.3.75]
06-24 17:09:48.208 0 0 W : [1 T1046 ..] [SP FRAME TX] arp rsp,vif_idx:0 sender:[1c:79:2d:20:62:cb 192.168.3.75]receiver:[da:b8:33:f6:93:fe 192.168.3.89]
06-24 17:09:48.287 0 0 W : [1 T1046 ..] [SP FRAME RX] arp req,vif_idx:0 sender:[f6:f5:2e:bc:8c:d5 192.168.3.68]receiver:[00:00:00:00:00:00 192.168.3.75]
06-24 17:09:48.288 0 0 W : [1 T1046 ..] [SP FRAME TX] arp rsp,vif_idx:0 sender:[1c:79:2d:20:62:cb 192.168.3.75]receiver:[f6:f5:2e:bc:8c:d5 192.168.3.68]
06-24 17:09:48.331 0 0 W : [1 T1046 ..] [SP FRAME RX] arp req,vif_idx:0 sender:[28:7b:11:70:4f:bd 192.168.3.156]receiver:[00:00:00:00:00:00 192.168.3.75]
06-24 17:09:48.332 0 0 W : [1 T1046 ..] [SP FRAME TX] arp rsp,vif_idx:0 sender:[1c:79:2d:20:62:cb 192.168.3.75]receiver:[28:7b:11:70:4f:bd 192.168.3.156]
06-24 17:09:48.336 0 0 W : [1 T1046 ..] [SP FRAME RX] arp req,vif_idx:0 sender:[28:7b:11:70:51:1f 192.168.3.44]receiver:[00:00:00:00:00:00 192.168.3.75]
06-24 17:09:48.337 0 0 W : [1 T1046 ..] [SP FRAME TX] arp rsp,vif_idx:0 sender:[1c:79:2d:20:62:cb 192.168.3.75]receiver:[28:7b:11:70:51:1f 192.168.3.44]
06-24 17:09:48.429 0 0 W : [1 T1046 ..] [SP FRAME RX] arp req,vif_idx:0 sender:[b6:9c:70:ec:40:e7 192.168.3.65]receiver:[00:00:00:00:00:00 192.168.3.75]
06-24 17:09:48.430 0 0 W : [1 T1046 ..] [SP FRAME TX] arp rsp,vif_idx:0 sender:[1c:79:2d:20:62:cb 192.168.3.75]receiver:[b6:9c:70:ec:40:e7 192.168.3.65]
06-24 17:09:48.477 0 0 W : [1 T1046 ..] [SP FRAME RX] arp req,vif_idx:0 sender:[0c:91:60:12:cd:8c 192.168.3.70]receiver:[00:00:00:00:00:00 192.168.3.75]
06-24 17:09:48.478 0 0 W : [1 T1046 ..] [SP FRAME TX] arp rsp,vif_idx:0 sender:[1c:79:2d:20:62:cb 192.168.3.75]receiver:[0c:91:60:12:cd:8c 192.168.3.70]
06-24 17:09:48.562 0 0 W : [1 T1046 ..] [SP FRAME RX] arp req,vif_idx:0 sender:[9a:86:f7:27:5c:25 192.168.3.169]receiver:[00:00:00:00:00:00 192.168.3.75]
06-24 17:09:48.563 0 0 W : [1 T1046 ..] [SP FRAME TX] arp rsp,vif_idx:0 sender:[1c:79:2d:20:62:cb 192.168.3.75]receiver:[9a:86:f7:27:5c:25 192.168.3.169]
06-24 17:09:48.578 0 0 W : [1 T1046 ..] [SP FRAME RX] arp req,vif_idx:0 sender:[0c:91:60:12:cd:6e 192.168.3.81]receiver:[00:00:00:00:00:00 192.168.3.75]
06-24 17:09:48.579 0 0 W : [1 T1046 ..] [SP FRAME TX] arp rsp,vif_idx:0 sender:[1c:79:2d:20:62:cb 192.168.3.75]receiver:[0c:91:60:12:cd:6e 192.168.3.81]
06-24 17:09:48.595 0 0 W : [1 T1046 ..] [SP FRAME RX] arp req,vif_idx:0 sender:[28:7b:11:70:4f:a5 192.168.3.155]receiver:[00:00:00:00:00:00 192.168.3.75]
06-24 17:09:48.596 0 0 W : [1 T1046 ..] [SP FRAME TX] arp rsp,vif_idx:0 sender:[1c:79:2d:20:62:cb 192.168.3.75]receiver:[28:7b:11:70:4f:a5 192.168.3.155]
06-24 17:09:48.671 0 0 W : [1 T1046 ..] [SP FRAME RX] arp req,vif_idx:0 sender:[d2:07:9a:6e:a7:36 192.168.3.27]receiver:[00:00:00:00:00:00 192.168.3.75]
06-24 17:09:48.672 0 0 W : [1 T1046 ..] [SP FRAME TX] arp rsp,vif_idx:0 sender:[1c:79:2d:20:62:cb 192.168.3.75]receiver:[d2:07:9a:6e:a7:36 192.168.3.27]
06-24 17:09:48.674 0 0 W : [1 T1046 ..] [SP FRAME RX] arp req,vif_idx:0 sender:[b6:86:f8:35:d4:28 192.168.3.36]receiver:[00:00:00:00:00:00 192.168.3.75]
06-24 17:09:48.675 0 0 W : [1 T1046 ..] [SP FRAME TX] arp rsp,vif_idx:0 sender:[1c:79:2d:20:62:cb 192.168.3.75]receiver:[b6:86:f8:35:d4:28 192.168.3.36]
06-24 17:09:48.710 0 0 W : [1 T1046 ..] [SP FRAME RX] arp req,vif_idx:0 sender:[0c:91:60:12:cd:fc 192.168.3.171]receiver:[00:00:00:00:00:00 192.168.3.75]
06-24 17:09:48.710 0 0 W : [1 T1046 ..] [SP FRAME TX] arp rsp,vif_idx:0 sender:[1c:79:2d:20:62:cb 192.168.3.75]receiver:[0c:91:60:12:cd:fc 192.168.3.171]
06-24 17:09:48.769 0 0 W : [1 T1046 ..] [SP FRAME RX] arp req,vif_idx:0 sender:[e6:6e:3e:02:16:7f 192.168.3.92]receiver:[00:00:00:00:00:00 192.168.3.75]
06-24 17:09:48.770 0 0 W : [1 T1046 ..] [SP FRAME TX] arp rsp,vif_idx:0 sender:[1c:79:2d:20:62:cb 192.168.3.75]receiver:[e6:6e:3e:02:16:7f 192.168.3.92]
06-24 17:09:48.788 0 0 W : [1 T1046 ..] [SP FRAME RX] arp req,vif_idx:0 sender:[16:8e:6e:17:dc:41 192.168.3.176]receiver:[00:00:00:00:00:00 192.168.3.75]
06-24 17:09:48.789 0 0 W : [1 T1046 ..] [SP FRAME TX] arp rsp,vif_idx:0 sender:[1c:79:2d:20:62:cb 192.168.3.75]receiver:[16:8e:6e:17:dc:41 192.168.3.176]
06-24 17:09:48.812 0 0 W : [1 T1046 ..] [SP FRAME RX] arp req,vif_idx:0 sender:[02:d1:be:fb:0a:d7 192.168.3.130]receiver:[00:00:00:00:00:00 192.168.3.75]
06-24 17:09:48.813 0 0 W : [1 T1046 ..] [SP FRAME TX] arp rsp,vif_idx:0 sender:[1c:79:2d:20:62:cb 192.168.3.75]receiver:[02:d1:be:fb:0a:d7 192.168.3.130]
06-24 17:09:48.872 0 0 W : [1 T1046 ..] [SP FRAME RX] arp req,vif_idx:0 sender:[fa:f0:09:28:64:31 192.168.3.73]receiver:[00:00:00:00:00:00 192.168.3.75]
06-24 17:09:48.873 0 0 W : [1 T1046 ..] [SP FRAME TX] arp rsp,vif_idx:0 sender:[1c:79:2d:20:62:cb 192.168.3.75]receiver:[fa:f0:09:28:64:31 192.168.3.73]
06-24 17:09:48.950 0 0 W : [0 T1046 ..] [SP FRAME RX] arp req,vif_idx:0 sender:[12:3c:2c:e1:84:9f 192.168.3.254]receiver:[00:00:00:00:00:00 192.168.3.75]
06-24 17:09:48.951 0 0 W : [0 T1046 ..] [SP FRAME TX] arp rsp,vif_idx:0 sender:[1c:79:2d:20:62:cb 192.168.3.75]receiver:[12:3c:2c:e1:84:9f 192.168.3.254]
06-24 17:09:49.073 0 0 W : [2 T1046 ..] [SP FRAME RX] arp req,vif_idx:0 sender:[e2:04:f6:d8:62:00 192.168.3.194]receiver:[00:00:00:00:00:00 192.168.3.75]
06-24 17:09:49.073 0 0 W : [2 T1046 ..] [SP FRAME TX] arp rsp,vif_idx:0 sender:[1c:79:2d:20:62:cb 192.168.3.75]receiver:[e2:04:f6:d8:62:00 192.168.3.194]
06-24 17:09:49.514 0 0 W : [1 T0 .s] [SP FRAME TX] arp req,vif_idx:0 sender:[1c:79:2d:20:62:cb 192.168.3.75]receiver:[00:00:00:00:00:00 192.168.3.254]
06-24 17:09:49.518 0 0 W : [3 T1046 ..] [SP FRAME RX] arp rsp,vif_idx:0 sender:[12:3c:2c:e1:84:9f 192.168.3.254]receiver:[1c:79:2d:20:62:cb 192.168.3.75]
06-24 17:09:51.562 0 0 W : [1 T23131 .s] [SP FRAME TX] arp req,vif_idx:0 sender:[1c:79:2d:20:62:cb 192.168.3.75]receiver:[00:00:00:00:00:00 192.168.3.215]
06-24 17:09:51.563 0 0 W : [1 T23131 .s] [SP FRAME TX] arp req,vif_idx:0 sender:[1c:79:2d:20:62:cb 192.168.3.75]receiver:[00:00:00:00:00:00 192.168.3.204]
06-24 17:09:51.565 0 0 W : [1 T23131 .s] [SP FRAME TX] arp req,vif_idx:0 sender:[1c:79:2d:20:62:cb 192.168.3.75]receiver:[00:00:00:00:00:00 192.168.3.176]
06-24 17:09:51.566 0 0 W : [1 T23131 .s] [SP FRAME TX] arp req,vif_idx:0 sender:[1c:79:2d:20:62:cb 192.168.3.75]receiver:[00:00:00:00:00:00 192.168.3.147]
06-24 17:09:51.568 0 0 W : [1 T23131 .s] [SP FRAME TX] arp req,vif_idx:0 sender:[1c:79:2d:20:62:cb 192.168.3.75]receiver:[00:00:00:00:00:00 192.168.3.92]
06-24 17:09:51.569 0 0 W : [1 T23131 .s] [SP FRAME TX] arp req,vif_idx:0 sender:[1c:79:2d:20:62:cb 192.168.3.75]receiver:[00:00:00:00:00:00 192.168.3.68]
06-24 17:09:51.571 0 0 W : [1 T23131 .s] [SP FRAME TX] arp req,vif_idx:0 sender:[1c:79:2d:20:62:cb 192.168.3.75]receiver:[00:00:00:00:00:00 192.168.3.57]
06-24 17:09:51.572 0 0 W : [1 T23131 .s] [SP FRAME TX] arp req,vif_idx:0 sender:[1c:79:2d:20:62:cb 192.168.3.75]receiver:[00:00:00:00:00:00 192.168.3.36]
06-24 17:09:51.592 0 0 W : [3 T1046 ..] [SP FRAME RX] arp rsp,vif_idx:0 sender:[f6:f5:2e:bc:8c:d5 192.168.3.68]receiver:[1c:79:2d:20:62:cb 192.168.3.75]
06-24 17:09:51.593 0 0 W : [3 T1046 ..] [SP FRAME RX] arp rsp,vif_idx:0 sender:[10:b2:32:39:59:ba 192.168.3.57]receiver:[1c:79:2d:20:62:cb 192.168.3.75]
06-24 17:09:51.622 0 0 W : [3 T1046 ..] [SP FRAME RX] arp rsp,vif_idx:0 sender:[a2:fe:ec:6e:f0:e5 192.168.3.147]receiver:[1c:79:2d:20:62:cb 192.168.3.75]
06-24 17:09:51.623 0 0 W : [3 T1046 ..] [SP FRAME RX] arp rsp,vif_idx:0 sender:[16:8e:6e:17:dc:41 192.168.3.176]receiver:[1c:79:2d:20:62:cb 192.168.3.75]
06-24 17:09:51.642 0 0 W : [3 T1046 ..] [SP FRAME RX] arp rsp,vif_idx:0 sender:[b6:86:f8:35:d4:28 192.168.3.36]receiver:[1c:79:2d:20:62:cb 192.168.3.75]
06-24 17:09:51.644 0 0 W : [3 T1046 ..] [SP FRAME RX] arp rsp,vif_idx:0 sender:[46:97:91:2c:21:8b 192.168.3.204]receiver:[1c:79:2d:20:62:cb 192.168.3.75]
06-24 17:09:51.658 0 0 W : [3 T1046 ..] [SP FRAME RX] arp rsp,vif_idx:0 sender:[e2:38:ab:ac:32:27 192.168.3.215]receiver:[1c:79:2d:20:62:cb 192.168.3.75]
06-24 17:09:51.659 0 0 W : [3 T1046 ..] [SP FRAME RX] arp rsp,vif_idx:0 sender:[e6:6e:3e:02:16:7f 192.168.3.92]receiver:[1c:79:2d:20:62:cb 192.168.3.75]
06-24 17:09:52.408 685 725 W BatteryExternalStatsWorker: error reading modem stats:ERROR_PHONE_NOT_AVAILABLE
06-24 17:09:52.409 685 1076 W BatteryExternalStatsWorker: error reading Bluetooth stats: 11
06-24 17:09:52.438 685 725 D KernelCpuUidUserSysTimeReader: Removing uids 99019-99019
06-24 17:09:52.439 685 725 D KernelCpuUidUserSysTimeReader: Removing uids 99020-99020
06-24 17:09:53.776 0 0 W [3 T17271 ..] audit: audit_lost=23500 audit_rate_limit=5 audit_backlog_limit=64
06-24 17:09:53.776 0 0 E [3 T17271 ..] audit: rate limit exceeded
06-24 17:09:55.428 0 0 W [1 T21098 ..] audit: audit_lost=23504 audit_rate_limit=5 audit_backlog_limit=64
06-24 17:09:55.429 0 0 E [1 T21098 ..] audit: rate limit exceeded
06-24 17:10:06.847 685 710 I EntropyMixer: Updated seed file
06-24 17:10:09.104 685 717 I UsageStatsService: User[0] Flushing usage stats to disk
06-24 17:10:09.591 0 0 W : [2 T1046 ..] [SP FRAME RX] arp req,vif_idx:0 sender:[46:97:91:2c:21:8b 192.168.3.204]receiver:[00:00:00:00:00:00 192.168.3.75]
06-24 17:10:09.592 0 0 W : [2 T1046 ..] [SP FRAME TX] arp rsp,vif_idx:0 sender:[1c:79:2d:20:62:cb 192.168.3.75]receiver:[46:97:91:2c:21:8b 192.168.3.204]
06-24 17:10:09.742 0 0 W : [1 T0 .s] [SP FRAME TX] arp req,vif_idx:0 sender:[1c:79:2d:20:62:cb 192.168.3.75]receiver:[00:00:00:00:00:00 192.168.3.123]
06-24 17:10:09.775 0 0 W : [2 T1046 ..] [SP FRAME RX] arp rsp,vif_idx:0 sender:[e2:8e:12:0f:0b:47 192.168.3.123]receiver:[1c:79:2d:20:62:cb 192.168.3.75]
06-24 17:10:09.860 0 0 W : [2 T1046 ..] [SP FRAME RX] arp req,vif_idx:0 sender:[e2:8e:12:0f:0b:47 192.168.3.123]receiver:[00:00:00:00:00:00 192.168.3.75]
06-24 17:10:09.861 0 0 W : [2 T1046 ..] [SP FRAME TX] arp rsp,vif_idx:0 sender:[1c:79:2d:20:62:cb 192.168.3.75]receiver:[e2:8e:12:0f:0b:47 192.168.3.123]
06-24 17:10:10.659 685 763 D CompatibilityChangeReporter: Compat change id reported: 218533173; UID 10016; state: ENABLED
06-24 17:10:10.660 685 763 D CompatibilityChangeReporter: Compat change id reported: 262645982; UID 10016; state: ENABLED
06-24 17:10:10.662 685 763 D CompatibilityChangeReporter: Compat change id reported: 218533173; UID 10019; state: ENABLED
06-24 17:10:10.663 685 763 D CompatibilityChangeReporter: Compat change id reported: 262645982; UID 10019; state: ENABLED
06-24 17:10:10.663 685 763 D CompatibilityChangeReporter: Compat change id reported: 218533173; UID 10026; state: ENABLED
06-24 17:10:10.665 685 763 D CompatibilityChangeReporter: Compat change id reported: 262645982; UID 10026; state: ENABLED
06-24 17:10:10.681 685 763 D CompatibilityChangeReporter: Compat change id reported: 218533173; UID 10027; state: DISABLED
06-24 17:10:10.682 685 763 D CompatibilityChangeReporter: Compat change id reported: 262645982; UID 10027; state: DISABLED
06-24 17:10:10.683 685 763 D CompatibilityChangeReporter: Compat change id reported: 218533173; UID 10081; state: DISABLED
06-24 17:10:10.683 685 763 D CompatibilityChangeReporter: Compat change id reported: 262645982; UID 10081; state: DISABLED
06-24 17:10:10.686 685 763 D CompatibilityChangeReporter: Compat change id reported: 218533173; UID 10093; state: DISABLED
06-24 17:10:10.686 685 763 D CompatibilityChangeReporter: Compat change id reported: 262645982; UID 10093; state: DISABLED
06-24 17:10:10.688 685 763 D CompatibilityChangeReporter: Compat change id reported: 218533173; UID 10095; state: DISABLED
06-24 17:10:10.688 685 763 D CompatibilityChangeReporter: Compat change id reported: 262645982; UID 10095; state: DISABLED
06-24 17:10:10.688 685 763 D CompatibilityChangeReporter: Compat change id reported: 218533173; UID 10021; state: ENABLED
06-24 17:10:10.689 685 763 D CompatibilityChangeReporter: Compat change id reported: 262645982; UID 10021; state: ENABLED
06-24 17:10:10.690 685 763 D CompatibilityChangeReporter: Compat change id reported: 218533173; UID 10075; state: DISABLED
06-24 17:10:10.690 685 763 D CompatibilityChangeReporter: Compat change id reported: 262645982; UID 10075; state: DISABLED
06-24 17:10:10.692 685 763 D CompatibilityChangeReporter: Compat change id reported: 218533173; UID 10023; state: ENABLED
06-24 17:10:10.692 685 763 D CompatibilityChangeReporter: Compat change id reported: 262645982; UID 10023; state: ENABLED
06-24 17:10:10.693 685 763 D CompatibilityChangeReporter: Compat change id reported: 218533173; UID 10077; state: DISABLED
06-24 17:10:10.693 685 763 D CompatibilityChangeReporter: Compat change id reported: 262645982; UID 10077; state: DISABLED
06-24 17:10:10.694 685 763 D CompatibilityChangeReporter: Compat change id reported: 218533173; UID 10080; state: DISABLED
06-24 17:10:10.694 685 763 D CompatibilityChangeReporter: Compat change id reported: 262645982; UID 10080; state: DISABLED
06-24 17:10:10.695 685 763 D CompatibilityChangeReporter: Compat change id reported: 218533173; UID 10094; state: DISABLED
06-24 17:10:10.695 685 763 D CompatibilityChangeReporter: Compat change id reported: 262645982; UID 10094; state: DISABLED
06-24 17:10:10.696 685 763 D CompatibilityChangeReporter: Compat change id reported: 218533173; UID 10076; state: DISABLED
06-24 17:10:10.696 685 763 D CompatibilityChangeReporter: Compat change id reported: 262645982; UID 10076; state: DISABLED
06-24 17:10:10.698 685 763 D CompatibilityChangeReporter: Compat change id reported: 218533173; UID 10109; state: DISABLED
06-24 17:10:10.698 685 763 D CompatibilityChangeReporter: Compat change id reported: 262645982; UID 10109; state: DISABLED
06-24 17:10:10.698 685 763 D CompatibilityChangeReporter: Compat change id reported: 218533173; UID 10041; state: DISABLED
06-24 17:10:10.699 685 763 D CompatibilityChangeReporter: Compat change id reported: 262645982; UID 10041; state: DISABLED
06-24 17:10:10.700 685 763 D CompatibilityChangeReporter: Compat change id reported: 218533173; UID 10043; state: ENABLED
06-24 17:10:10.700 685 763 D CompatibilityChangeReporter: Compat change id reported: 262645982; UID 10043; state: ENABLED
06-24 17:10:10.703 685 763 D CompatibilityChangeReporter: Compat change id reported: 218533173; UID 10096; state: DISABLED
06-24 17:10:10.704 685 763 D CompatibilityChangeReporter: Compat change id reported: 262645982; UID 10096; state: DISABLED
06-24 17:10:10.705 685 763 D CompatibilityChangeReporter: Compat change id reported: 218533173; UID 10083; state: DISABLED
06-24 17:10:10.705 685 763 D CompatibilityChangeReporter: Compat change id reported: 262645982; UID 10083; state: DISABLED
06-24 17:10:10.708 685 763 D CompatibilityChangeReporter: Compat change id reported: 218533173; UID 10085; state: DISABLED
06-24 17:10:10.708 685 763 D CompatibilityChangeReporter: Compat change id reported: 262645982; UID 10085; state: DISABLED
06-24 17:10:10.709 685 763 D CompatibilityChangeReporter: Compat change id reported: 218533173; UID 10086; state: DISABLED
06-24 17:10:10.709 685 763 D CompatibilityChangeReporter: Compat change id reported: 262645982; UID 10086; state: DISABLED
06-24 17:10:10.710 685 763 D CompatibilityChangeReporter: Compat change id reported: 218533173; UID 10091; state: DISABLED
06-24 17:10:10.711 685 763 D CompatibilityChangeReporter: Compat change id reported: 262645982; UID 10091; state: DISABLED
06-24 17:10:15.370 0 0 W : [2 T1423 .s] [SP FRAME TX] arp req,vif_idx:0 sender:[1c:79:2d:20:62:cb 192.168.3.75]receiver:[00:00:00:00:00:00 192.168.3.190]
06-24 17:10:15.375 0 0 W : [3 T1046 ..] [SP FRAME RX] arp rsp,vif_idx:0 sender:[12:2c:8d:45:1c:5f 192.168.3.190]receiver:[1c:79:2d:20:62:cb 192.168.3.75]
06-24 17:10:15.541 0 0 W : [3 T1046 ..] [SP FRAME RX] arp req,vif_idx:0 sender:[12:2c:8d:45:1c:5f 192.168.3.190]receiver:[00:00:00:00:00:00 192.168.3.75]
06-24 17:10:15.542 0 0 W : [3 T1046 ..] [SP FRAME TX] arp rsp,vif_idx:0 sender:[1c:79:2d:20:62:cb 192.168.3.75]receiver:[12:2c:8d:45:1c:5f 192.168.3.190]
06-24 17:10:19.821 0 0 W : [3 T1046 ..] [SP FRAME RX] arp req,vif_idx:0 sender:[b2:58:c1:bc:d7:cb 192.168.3.31]receiver:[00:00:00:00:00:00 192.168.3.75]
06-24 17:10:19.822 0 0 W : [3 T1046 ..] [SP FRAME TX] arp rsp,vif_idx:0 sender:[1c:79:2d:20:62:cb 192.168.3.75]receiver:[b2:58:c1:bc:d7:cb 192.168.3.31]
06-24 17:10:19.978 0 0 W : [1 T0 .s] [SP FRAME TX] arp req,vif_idx:0 sender:[1c:79:2d:20:62:cb 192.168.3.75]receiver:[00:00:00:00:00:00 192.168.3.31]
06-24 17:10:20.054 0 0 W : [3 T1046 ..] [SP FRAME RX] arp rsp,vif_idx:0 sender:[b2:58:c1:bc:d7:cb 192.168.3.31]receiver:[1c:79:2d:20:62:cb 192.168.3.75]
06-24 17:10:21.258 0 0 W : [3 T360 .s] [SP FRAME TX] arp req,vif_idx:0 sender:[1c:79:2d:20:62:cb 192.168.3.75]receiver:[00:00:00:00:00:00 192.168.3.254]
06-24 17:10:21.273 0 0 W : [3 T1046 ..] [SP FRAME RX] arp rsp,vif_idx:0 sender:[12:3c:2c:e1:84:9f 192.168.3.254]receiver:[1c:79:2d:20:62:cb 192.168.3.75]
06-24 17:10:21.462 0 0 W : [3 T1046 ..] [SP FRAME RX] arp req,vif_idx:0 sender:[12:3c:2c:e1:84:9f 192.168.3.254]receiver:[00:00:00:00:00:00 192.168.3.75]
06-24 17:10:21.463 0 0 W : [3 T1046 ..] [SP FRAME TX] arp rsp,vif_idx:0 sender:[1c:79:2d:20:62:cb 192.168.3.75]receiver:[12:3c:2c:e1:84:9f 192.168.3.254]
06-24 17:10:23.371 0 0 W : [3 T1046 ..] [SP FRAME RX] arp req,vif_idx:0 sender:[10:b2:32:39:59:ba 192.168.3.57]receiver:[00:00:00:00:00:00 192.168.3.75]
06-24 17:10:23.372 0 0 W : [3 T1046 ..] [SP FRAME TX] arp rsp,vif_idx:0 sender:[1c:79:2d:20:62:cb 192.168.3.75]receiver:[10:b2:32:39:59:ba 192.168.3.57]
06-24 17:10:23.373 0 0 W : [3 T1046 ..] [SP FRAME RX] arp req,vif_idx:0 sender:[16:8e:6e:17:dc:41 192.168.3.176]receiver:[00:00:00:00:00:00 192.168.3.75]
06-24 17:10:23.375 0 0 W : [3 T1046 ..] [SP FRAME TX] arp rsp,vif_idx:0 sender:[1c:79:2d:20:62:cb 192.168.3.75]receiver:[16:8e:6e:17:dc:41 192.168.3.176]
06-24 17:10:23.376 0 0 W : [3 T1046 ..] [SP FRAME RX] arp req,vif_idx:0 sender:[f6:f5:2e:bc:8c:d5 192.168.3.68]receiver:[00:00:00:00:00:00 192.168.3.75]
06-24 17:10:23.378 0 0 W : [3 T1046 ..] [SP FRAME TX] arp rsp,vif_idx:0 sender:[1c:79:2d:20:62:cb 192.168.3.75]receiver:[f6:f5:2e:bc:8c:d5 192.168.3.68]
06-24 17:10:23.514 0 0 W : [3 T1046 ..] [SP FRAME RX] arp req,vif_idx:0 sender:[e2:38:ab:ac:32:27 192.168.3.215]receiver:[00:00:00:00:00:00 192.168.3.75]
06-24 17:10:23.515 0 0 W : [3 T1046 ..] [SP FRAME TX] arp rsp,vif_idx:0 sender:[1c:79:2d:20:62:cb 192.168.3.75]receiver:[e2:38:ab:ac:32:27 192.168.3.215]
06-24 17:10:23.517 0 0 W : [3 T1046 ..] [SP FRAME RX] arp req,vif_idx:0 sender:[b6:86:f8:35:d4:28 192.168.3.36]receiver:[00:00:00:00:00:00 192.168.3.75]
06-24 17:10:23.518 0 0 W : [3 T1046 ..] [SP FRAME TX] arp rsp,vif_idx:0 sender:[1c:79:2d:20:62:cb 192.168.3.75]receiver:[b6:86:f8:35:d4:28 192.168.3.36]
06-24 17:10:23.562 0 0 W : [3 T0 .s] [SP FRAME TX] arp req,vif_idx:0 sender:[1c:79:2d:20:62:cb 192.168.3.75]receiver:[00:00:00:00:00:00 192.168.3.215]
06-24 17:10:23.563 0 0 W : [3 T0 .s] [SP FRAME TX] arp req,vif_idx:0 sender:[1c:79:2d:20:62:cb 192.168.3.75]receiver:[00:00:00:00:00:00 192.168.3.204]
06-24 17:10:23.565 0 0 W : [3 T0 .s] [SP FRAME TX] arp req,vif_idx:0 sender:[1c:79:2d:20:62:cb 192.168.3.75]receiver:[00:00:00:00:00:00 192.168.3.176]
06-24 17:10:23.566 0 0 W : [3 T0 .s] [SP FRAME TX] arp req,vif_idx:0 sender:[1c:79:2d:20:62:cb 192.168.3.75]receiver:[00:00:00:00:00:00 192.168.3.147]
06-24 17:10:23.568 0 0 W : [3 T0 .s] [SP FRAME TX] arp req,vif_idx:0 sender:[1c:79:2d:20:62:cb 192.168.3.75]receiver:[00:00:00:00:00:00 192.168.3.92]
06-24 17:10:23.569 0 0 W : [3 T0 .s] [SP FRAME TX] arp req,vif_idx:0 sender:[1c:79:2d:20:62:cb 192.168.3.75]receiver:[00:00:00:00:00:00 192.168.3.68]
06-24 17:10:23.571 0 0 W : [3 T0 .s] [SP FRAME TX] arp req,vif_idx:0 sender:[1c:79:2d:20:62:cb 192.168.3.75]receiver:[00:00:00:00:00:00 192.168.3.57]
06-24 17:10:23.572 0 0 W : [3 T0 .s] [SP FRAME TX] arp req,vif_idx:0 sender:[1c:79:2d:20:62:cb 192.168.3.75]receiver:[00:00:00:00:00:00 192.168.3.36]
06-24 17:10:23.598 0 0 W : [3 T1046 ..] [SP FRAME RX] arp req,vif_idx:0 sender:[e6:6e:3e:02:16:7f 192.168.3.92]receiver:[00:00:00:00:00:00 192.168.3.75]
06-24 17:10:23.599 0 0 W : [3 T1046 ..] [SP FRAME TX] arp rsp,vif_idx:0 sender:[1c:79:2d:20:62:cb 192.168.3.75]receiver:[e6:6e:3e:02:16:7f 192.168.3.92]
06-24 17:10:23.600 0 0 W : [3 T1046 ..] [SP FRAME RX] arp rsp,vif_idx:0 sender:[f6:f5:2e:bc:8c:d5 192.168.3.68]receiver:[1c:79:2d:20:62:cb 192.168.3.75]
06-24 17:10:23.635 0 0 W : [3 T1046 ..] [SP FRAME RX] arp rsp,vif_idx:0 sender:[e2:38:ab:ac:32:27 192.168.3.215]receiver:[1c:79:2d:20:62:cb 192.168.3.75]
06-24 17:10:23.636 0 0 W : [3 T1046 ..] [SP FRAME RX] arp rsp,vif_idx:0 sender:[10:b2:32:39:59:ba 192.168.3.57]receiver:[1c:79:2d:20:62:cb 192.168.3.75]
06-24 17:10:23.701 0 0 W : [3 T1046 ..] [SP FRAME RX] arp rsp,vif_idx:0 sender:[16:8e:6e:17:dc:41 192.168.3.176]receiver:[1c:79:2d:20:62:cb 192.168.3.75]
06-24 17:10:23.711 0 0 W : [3 T1046 ..] [SP FRAME RX] arp rsp,vif_idx:0 sender:[e6:6e:3e:02:16:7f 192.168.3.92]receiver:[1c:79:2d:20:62:cb 192.168.3.75]
06-24 17:10:23.783 0 0 W : [3 T1046 ..] [SP FRAME RX] arp rsp,vif_idx:0 sender:[b6:86:f8:35:d4:28 192.168.3.36]receiver:[1c:79:2d:20:62:cb 192.168.3.75]
06-24 17:10:23.811 0 0 W : [3 T1046 ..] [SP FRAME RX] arp rsp,vif_idx:0 sender:[a2:fe:ec:6e:f0:e5 192.168.3.147]receiver:[1c:79:2d:20:62:cb 192.168.3.75]
06-24 17:10:23.973 0 0 W : [3 T1046 ..] [SP FRAME RX] arp rsp,vif_idx:0 sender:[46:97:91:2c:21:8b 192.168.3.204]receiver:[1c:79:2d:20:62:cb 192.168.3.75]
06-24 17:10:29.652 1407 1731 W ContextImpl: Calling a method in the system process without a qualified user: android.app.ContextImpl.sendBroadcast:1220 android.content.ContextWrapper.sendBroadcast:504 com.dangbei.etna.setting.core.SettingHelper.sendCycleToProjector:257 com.dangbei.etna.setting.core.SettingHelper.sendCycleCheckBroadcast:226 com.dangbei.etna.setting.core.SettingHelper.startLoop$lambda-0:185
06-24 17:10:29.657 1407 1731 W ContextImpl: Calling a method in the system process without a qualified user: android.app.ContextImpl.sendBroadcast:1220 android.content.ContextWrapper.sendBroadcast:504 com.dangbei.etna.setting.core.SettingHelper.sendCycleToVoice:242 com.dangbei.etna.setting.core.SettingHelper.sendCycleCheckBroadcast:227 com.dangbei.etna.setting.core.SettingHelper.startLoop$lambda-0:185
06-24 17:10:30.429 0 0 W [2 T19045 ..] audit: audit_lost=23506 audit_rate_limit=5 audit_backlog_limit=64
06-24 17:10:30.432 0 0 E [2 T19045 ..] audit: rate limit exceeded
06-24 17:10:36.362 0 0 W : [1 T21344 ..] [aml_send_sync_trace 4388] sync token[64081]
06-24 17:10:36.362 0 0 W : [1 T21344 ..] >>> aml_send_msg()
06-24 17:10:36.363 0 0 W : [0 T1041 ..] ipc_sdio_host_msgack_handler 00000000abbec54c
06-24 17:10:36.364 0 0 W : [0 T1041 ..] [aml_msgackind 2039] msg ack hostid=0xffffff80123de780
06-24 17:10:36.365 0 0 W : [0 T1041 ..] [cmd_mgr_llind 329] cmd tkn[514] flags:0008 result: -4 cmd: 105-MM_SYNC_TRACE - reqcfm( 0-none)
06-24 17:10:36.366 0 0 W : [0 T1041 ..] [cmd_complete 65] cmd tkn[514] flags:0000 result: -4 cmd: 105-MM_SYNC_TRACE - reqcfm( 0-none)
06-24 17:10:38.475 0 0 W [1 T27683 ..] audit: audit_lost=23509 audit_rate_limit=5 audit_backlog_limit=64
06-24 17:10:38.477 0 0 E [1 T27683 ..] audit: rate limit exceeded
06-24 17:10:41.738 0 0 W : [3 T0 .s] [SP FRAME TX] arp req,vif_idx:0 sender:[1c:79:2d:20:62:cb 192.168.3.75]receiver:[00:00:00:00:00:00 192.168.3.123]
06-24 17:10:41.752 0 0 W : [1 T1046 ..] [SP FRAME RX] arp rsp,vif_idx:0 sender:[e2:8e:12:0f:0b:47 192.168.3.123]receiver:[1c:79:2d:20:62:cb 192.168.3.75]
06-24 17:10:41.827 0 0 W : [1 T1046 ..] [SP FRAME RX] arp req,vif_idx:0 sender:[e2:8e:12:0f:0b:47 192.168.3.123]receiver:[00:00:00:00:00:00 192.168.3.75]
06-24 17:10:41.828 0 0 W : [1 T1046 ..] [SP FRAME TX] arp rsp,vif_idx:0 sender:[1c:79:2d:20:62:cb 192.168.3.75]receiver:[e2:8e:12:0f:0b:47 192.168.3.123]
06-24 17:10:41.906 0 0 W : [1 T1046 ..] [SP FRAME RX] arp req,vif_idx:0 sender:[46:97:91:2c:21:8b 192.168.3.204]receiver:[00:00:00:00:00:00 192.168.3.75]
06-24 17:10:41.907 0 0 W : [1 T1046 ..] [SP FRAME TX] arp rsp,vif_idx:0 sender:[1c:79:2d:20:62:cb 192.168.3.75]receiver:[46:97:91:2c:21:8b 192.168.3.204]
06-24 17:10:51.819 0 0 W : [1 T1046 ..] [SP FRAME RX] arp req,vif_idx:0 sender:[b2:58:c1:bc:d7:cb 192.168.3.31]receiver:[00:00:00:00:00:00 192.168.3.75]
06-24 17:10:51.820 0 0 W : [1 T1046 ..] [SP FRAME TX] arp rsp,vif_idx:0 sender:[1c:79:2d:20:62:cb 192.168.3.75]receiver:[b2:58:c1:bc:d7:cb 192.168.3.31]
06-24 17:10:51.978 0 0 W : [1 T0 .s] [SP FRAME TX] arp req,vif_idx:0 sender:[1c:79:2d:20:62:cb 192.168.3.75]receiver:[00:00:00:00:00:00 192.168.3.31]
06-24 17:10:51.984 0 0 W : [1 T1046 ..] [SP FRAME RX] arp rsp,vif_idx:0 sender:[b2:58:c1:bc:d7:cb 192.168.3.31]receiver:[1c:79:2d:20:62:cb 192.168.3.75]
06-24 17:10:53.471 0 0 W : [1 T1046 ..] [SP FRAME RX] arp req,vif_idx:0 sender:[12:3c:2c:e1:84:9f 192.168.3.254]receiver:[00:00:00:00:00:00 192.168.3.75]
06-24 17:10:53.472 0 0 W : [1 T1046 ..] [SP FRAME TX] arp rsp,vif_idx:0 sender:[1c:79:2d:20:62:cb 192.168.3.75]receiver:[12:3c:2c:e1:84:9f 192.168.3.254]
06-24 17:10:53.514 0 0 W : [0 T0 .s] [SP FRAME TX] arp req,vif_idx:0 sender:[1c:79:2d:20:62:cb 192.168.3.75]receiver:[00:00:00:00:00:00 192.168.3.254]
06-24 17:10:53.519 0 0 W : [1 T1046 ..] [SP FRAME RX] arp rsp,vif_idx:0 sender:[12:3c:2c:e1:84:9f 192.168.3.254]receiver:[1c:79:2d:20:62:cb 192.168.3.75]
06-24 17:10:55.350 0 0 W : [3 T1046 ..] [SP FRAME RX] arp req,vif_idx:0 sender:[16:8e:6e:17:dc:41 192.168.3.176]receiver:[00:00:00:00:00:00 192.168.3.75]
06-24 17:10:55.351 0 0 W : [3 T1046 ..] [SP FRAME TX] arp rsp,vif_idx:0 sender:[1c:79:2d:20:62:cb 192.168.3.75]receiver:[16:8e:6e:17:dc:41 192.168.3.176]
06-24 17:10:55.359 0 0 W : [3 T1046 ..] [SP FRAME RX] arp req,vif_idx:0 sender:[f6:f5:2e:bc:8c:d5 192.168.3.68]receiver:[00:00:00:00:00:00 192.168.3.75]
06-24 17:10:55.360 0 0 W : [3 T1046 ..] [SP FRAME TX] arp rsp,vif_idx:0 sender:[1c:79:2d:20:62:cb 192.168.3.75]receiver:[f6:f5:2e:bc:8c:d5 192.168.3.68]
06-24 17:10:55.364 0 0 W : [3 T1046 ..] [SP FRAME RX] arp req,vif_idx:0 sender:[10:b2:32:39:59:ba 192.168.3.57]receiver:[00:00:00:00:00:00 192.168.3.75]
06-24 17:10:55.365 0 0 W : [3 T1046 ..] [SP FRAME TX] arp rsp,vif_idx:0 sender:[1c:79:2d:20:62:cb 192.168.3.75]receiver:[10:b2:32:39:59:ba 192.168.3.57]
06-24 17:10:55.528 0 0 W : [3 T1046 ..] [SP FRAME RX] arp req,vif_idx:0 sender:[b6:86:f8:35:d4:28 192.168.3.36]receiver:[00:00:00:00:00:00 192.168.3.75]
06-24 17:10:55.529 0 0 W : [3 T1046 ..] [SP FRAME TX] arp rsp,vif_idx:0 sender:[1c:79:2d:20:62:cb 192.168.3.75]receiver:[b6:86:f8:35:d4:28 192.168.3.36]
06-24 17:10:55.531 0 0 W : [3 T1046 ..] [SP FRAME RX] arp req,vif_idx:0 sender:[e2:38:ab:ac:32:27 192.168.3.215]receiver:[00:00:00:00:00:00 192.168.3.75]
06-24 17:10:55.532 0 0 W : [3 T1046 ..] [SP FRAME TX] arp rsp,vif_idx:0 sender:[1c:79:2d:20:62:cb 192.168.3.75]receiver:[e2:38:ab:ac:32:27 192.168.3.215]
06-24 17:10:55.560 0 0 W : [3 T1046 ..] [SP FRAME RX] arp req,vif_idx:0 sender:[e6:6e:3e:02:16:7f 192.168.3.92]receiver:[00:00:00:00:00:00 192.168.3.75]
06-24 17:10:55.561 0 0 W : [3 T1046 ..] [SP FRAME TX] arp rsp,vif_idx:0 sender:[1c:79:2d:20:62:cb 192.168.3.75]receiver:[e6:6e:3e:02:16:7f 192.168.3.92]
06-24 17:10:55.562 0 0 W : [3 T1046 ..] [SP FRAME TX] arp req,vif_idx:0 sender:[1c:79:2d:20:62:cb 192.168.3.75]receiver:[00:00:00:00:00:00 192.168.3.215]
06-24 17:10:55.564 0 0 W : [3 T1046 ..] [SP FRAME TX] arp req,vif_idx:0 sender:[1c:79:2d:20:62:cb 192.168.3.75]receiver:[00:00:00:00:00:00 192.168.3.204]
06-24 17:10:55.565 0 0 W : [3 T1046 ..] [SP FRAME TX] arp req,vif_idx:0 sender:[1c:79:2d:20:62:cb 192.168.3.75]receiver:[00:00:00:00:00:00 192.168.3.176]
06-24 17:10:55.567 0 0 W : [3 T1046 ..] [SP FRAME TX] arp req,vif_idx:0 sender:[1c:79:2d:20:62:cb 192.168.3.75]receiver:[00:00:00:00:00:00 192.168.3.147]
06-24 17:10:55.568 0 0 W : [3 T1046 ..] [SP FRAME TX] arp req,vif_idx:0 sender:[1c:79:2d:20:62:cb 192.168.3.75]receiver:[00:00:00:00:00:00 192.168.3.92]
06-24 17:10:55.570 0 0 W : [3 T1046 ..] [SP FRAME TX] arp req,vif_idx:0 sender:[1c:79:2d:20:62:cb 192.168.3.75]receiver:[00:00:00:00:00:00 192.168.3.68]
06-24 17:10:55.572 0 0 W : [3 T1046 ..] [SP FRAME TX] arp req,vif_idx:0 sender:[1c:79:2d:20:62:cb 192.168.3.75]receiver:[00:00:00:00:00:00 192.168.3.57]
06-24 17:10:55.573 0 0 W : [3 T1046 ..] [SP FRAME TX] arp req,vif_idx:0 sender:[1c:79:2d:20:62:cb 192.168.3.75]receiver:[00:00:00:00:00:00 192.168.3.36]
06-24 17:10:55.575 0 0 W : [3 T1046 ..] [SP FRAME RX] arp rsp,vif_idx:0 sender:[e2:38:ab:ac:32:27 192.168.3.215]receiver:[1c:79:2d:20:62:cb 192.168.3.75]
06-24 17:10:55.576 0 0 W : [3 T1046 ..] [SP FRAME RX] arp rsp,vif_idx:0 sender:[46:97:91:2c:21:8b 192.168.3.204]receiver:[1c:79:2d:20:62:cb 192.168.3.75]
06-24 17:10:55.578 0 0 W : [3 T1046 ..] [SP FRAME RX] arp rsp,vif_idx:0 sender:[f6:f5:2e:bc:8c:d5 192.168.3.68]receiver:[1c:79:2d:20:62:cb 192.168.3.75]
06-24 17:10:55.579 0 0 W : [3 T1046 ..] [SP FRAME RX] arp rsp,vif_idx:0 sender:[b6:86:f8:35:d4:28 192.168.3.36]receiver:[1c:79:2d:20:62:cb 192.168.3.75]
06-24 17:10:55.581 0 0 W : [3 T1046 ..] [SP FRAME RX] arp rsp,vif_idx:0 sender:[16:8e:6e:17:dc:41 192.168.3.176]receiver:[1c:79:2d:20:62:cb 192.168.3.75]
06-24 17:10:55.582 0 0 W : [3 T1046 ..] [SP FRAME RX] arp rsp,vif_idx:0 sender:[a2:fe:ec:6e:f0:e5 192.168.3.147]receiver:[1c:79:2d:20:62:cb 192.168.3.75]
06-24 17:10:55.584 0 0 W : [3 T1046 ..] [SP FRAME RX] arp rsp,vif_idx:0 sender:[e6:6e:3e:02:16:7f 192.168.3.92]receiver:[1c:79:2d:20:62:cb 192.168.3.75]
06-24 17:10:55.617 0 0 W : [3 T1046 ..] [SP FRAME RX] arp rsp,vif_idx:0 sender:[10:b2:32:39:59:ba 192.168.3.57]receiver:[1c:79:2d:20:62:cb 192.168.3.75]
06-24 17:11:01.962 0 0 W : [0 T0 .s] [SP FRAME TX] arp req,vif_idx:0 sender:[1c:79:2d:20:62:cb 192.168.3.75]receiver:[00:00:00:00:00:00 192.168.3.34]
06-24 17:11:01.971 0 0 W : [0 T1046 ..] [SP FRAME RX] arp rsp,vif_idx:0 sender:[92:c8:7a:73:1d:bb 192.168.3.34]receiver:[1c:79:2d:20:62:cb 192.168.3.75]
06-24 17:11:02.086 0 0 W : [0 T1046 ..] [SP FRAME RX] arp req,vif_idx:0 sender:[92:c8:7a:73:1d:bb 192.168.3.34]receiver:[00:00:00:00:00:00 192.168.3.75]
06-24 17:11:02.087 0 0 W : [0 T1046 ..] [SP FRAME TX] arp rsp,vif_idx:0 sender:[1c:79:2d:20:62:cb 192.168.3.75]receiver:[92:c8:7a:73:1d:bb 192.168.3.34]
06-24 17:11:13.568 0 0 W : [1 T1046 ..] [SP FRAME RX] arp req,vif_idx:0 sender:[46:97:91:2c:21:8b 192.168.3.204]receiver:[00:00:00:00:00:00 192.168.3.75]
06-24 17:11:13.568 0 0 W : [1 T1046 ..] [SP FRAME TX] arp rsp,vif_idx:0 sender:[1c:79:2d:20:62:cb 192.168.3.75]receiver:[46:97:91:2c:21:8b 192.168.3.204]
06-24 17:11:13.738 0 0 W : [1 T0 .s] [SP FRAME TX] arp req,vif_idx:0 sender:[1c:79:2d:20:62:cb 192.168.3.75]receiver:[00:00:00:00:00:00 192.168.3.123]
06-24 17:11:13.748 0 0 W : [1 T1046 ..] [SP FRAME RX] arp rsp,vif_idx:0 sender:[e2:8e:12:0f:0b:47 192.168.3.123]receiver:[1c:79:2d:20:62:cb 192.168.3.75]
06-24 17:11:13.845 0 0 W : [1 T1046 ..] [SP FRAME RX] arp req,vif_idx:0 sender:[e2:8e:12:0f:0b:47 192.168.3.123]receiver:[00:00:00:00:00:00 192.168.3.75]
06-24 17:11:13.846 0 0 W : [1 T1046 ..] [SP FRAME TX] arp rsp,vif_idx:0 sender:[1c:79:2d:20:62:cb 192.168.3.75]receiver:[e2:8e:12:0f:0b:47 192.168.3.123]
06-24 17:11:18.082 0 0 W : [2 T1046 ..] [SP FRAME RX] arp req,vif_idx:0 sender:[20:57:9e:67:7f:db 192.168.3.98]receiver:[00:00:00:00:00:00 192.168.3.75]
06-24 17:11:18.083 0 0 W : [2 T1046 ..] [SP FRAME TX] arp rsp,vif_idx:0 sender:[1c:79:2d:20:62:cb 192.168.3.75]receiver:[20:57:9e:67:7f:db 192.168.3.98]
06-24 17:11:18.125 0 0 W : [2 T1046 ..] [SP FRAME RX] arp req,vif_idx:0 sender:[e6:6e:3e:02:16:7f 192.168.3.92]receiver:[00:00:00:00:00:00 192.168.3.75]
06-24 17:11:18.126 0 0 W : [2 T1046 ..] [SP FRAME TX] arp rsp,vif_idx:0 sender:[1c:79:2d:20:62:cb 192.168.3.75]receiver:[e6:6e:3e:02:16:7f 192.168.3.92]
06-24 17:11:18.293 0 0 W : [2 T1046 ..] [SP FRAME RX] arp req,vif_idx:0 sender:[fa:f0:09:28:64:31 192.168.3.73]receiver:[00:00:00:00:00:00 192.168.3.75]
06-24 17:11:18.294 0 0 W : [2 T1046 ..] [SP FRAME TX] arp rsp,vif_idx:0 sender:[1c:79:2d:20:62:cb 192.168.3.75]receiver:[fa:f0:09:28:64:31 192.168.3.73]
06-24 17:11:18.556 0 0 W : [2 T1046 ..] [SP FRAME RX] arp req,vif_idx:0 sender:[b6:86:f8:35:d4:28 192.168.3.36]receiver:[00:00:00:00:00:00 192.168.3.75]
06-24 17:11:18.557 0 0 W : [2 T1046 ..] [SP FRAME TX] arp rsp,vif_idx:0 sender:[1c:79:2d:20:62:cb 192.168.3.75]receiver:[b6:86:f8:35:d4:28 192.168.3.36]
06-24 17:11:18.558 0 0 W : [2 T1046 ..] [SP FRAME RX] arp req,vif_idx:0 sender:[b6:9c:70:ec:40:e7 192.168.3.65]receiver:[00:00:00:00:00:00 192.168.3.75]
06-24 17:11:18.560 0 0 W : [2 T1046 ..] [SP FRAME TX] arp rsp,vif_idx:0 sender:[1c:79:2d:20:62:cb 192.168.3.75]receiver:[b6:9c:70:ec:40:e7 192.168.3.65]
06-24 17:11:18.579 0 0 W : [2 T1046 ..] [SP FRAME RX] arp req,vif_idx:0 sender:[da:b8:33:f6:93:fe 192.168.3.89]receiver:[00:00:00:00:00:00 192.168.3.75]
06-24 17:11:18.580 0 0 W : [2 T1046 ..] [SP FRAME TX] arp rsp,vif_idx:0 sender:[1c:79:2d:20:62:cb 192.168.3.75]receiver:[da:b8:33:f6:93:fe 192.168.3.89]
06-24 17:11:18.666 0 0 W : [2 T1046 ..] [SP FRAME RX] arp req,vif_idx:0 sender:[9a:86:f7:27:5c:25 192.168.3.169]receiver:[00:00:00:00:00:00 192.168.3.75]
06-24 17:11:18.667 0 0 W : [2 T1046 ..] [SP FRAME TX] arp rsp,vif_idx:0 sender:[1c:79:2d:20:62:cb 192.168.3.75]receiver:[9a:86:f7:27:5c:25 192.168.3.169]
06-24 17:11:18.669 0 0 W : [2 T1046 ..] [SP FRAME RX] arp req,vif_idx:0 sender:[02:d1:be:fb:0a:d7 192.168.3.130]receiver:[00:00:00:00:00:00 192.168.3.75]
06-24 17:11:18.670 0 0 W : [2 T1046 ..] [SP FRAME TX] arp rsp,vif_idx:0 sender:[1c:79:2d:20:62:cb 192.168.3.75]receiver:[02:d1:be:fb:0a:d7 192.168.3.130]
06-24 17:11:18.786 0 0 W : [2 T1046 ..] [SP FRAME RX] arp req,vif_idx:0 sender:[d2:07:9a:6e:a7:36 192.168.3.27]receiver:[00:00:00:00:00:00 192.168.3.75]
06-24 17:11:18.787 0 0 W : [2 T1046 ..] [SP FRAME TX] arp rsp,vif_idx:0 sender:[1c:79:2d:20:62:cb 192.168.3.75]receiver:[d2:07:9a:6e:a7:36 192.168.3.27]
06-24 17:11:18.819 0 0 W : [2 T1046 ..] [SP FRAME RX] arp req,vif_idx:0 sender:[0c:91:60:12:cd:fc 192.168.3.171]receiver:[00:00:00:00:00:00 192.168.3.75]
06-24 17:11:18.820 0 0 W : [2 T1046 ..] [SP FRAME TX] arp rsp,vif_idx:0 sender:[1c:79:2d:20:62:cb 192.168.3.75]receiver:[0c:91:60:12:cd:fc 192.168.3.171]
06-24 17:11:18.854 0 0 W : [2 T1046 ..] [SP FRAME RX] arp req,vif_idx:0 sender:[0c:91:60:12:cd:8c 192.168.3.70]receiver:[00:00:00:00:00:00 192.168.3.75]
06-24 17:11:18.855 0 0 W : [2 T1046 ..] [SP FRAME TX] arp rsp,vif_idx:0 sender:[1c:79:2d:20:62:cb 192.168.3.75]receiver:[0c:91:60:12:cd:8c 192.168.3.70]
06-24 17:11:18.935 0 0 W : [2 T1046 ..] [SP FRAME RX] arp req,vif_idx:0 sender:[e2:04:f6:d8:62:00 192.168.3.194]receiver:[00:00:00:00:00:00 192.168.3.75]
06-24 17:11:18.936 0 0 W : [2 T1046 ..] [SP FRAME TX] arp rsp,vif_idx:0 sender:[1c:79:2d:20:62:cb 192.168.3.75]receiver:[e2:04:f6:d8:62:00 192.168.3.194]
06-24 17:11:18.943 0 0 W : [2 T1046 ..] [SP FRAME RX] arp req,vif_idx:0 sender:[0c:91:60:12:cd:6e 192.168.3.81]receiver:[00:00:00:00:00:00 192.168.3.75]
06-24 17:11:18.944 0 0 W : [2 T1046 ..] [SP FRAME TX] arp rsp,vif_idx:0 sender:[1c:79:2d:20:62:cb 192.168.3.75]receiver:[0c:91:60:12:cd:6e 192.168.3.81]
06-24 17:11:18.967 0 0 W : [2 T1046 ..] [SP FRAME RX] arp req,vif_idx:0 sender:[28:7b:11:70:4f:a5 192.168.3.155]receiver:[00:00:00:00:00:00 192.168.3.75]
06-24 17:11:18.968 0 0 W : [2 T1046 ..] [SP FRAME TX] arp rsp,vif_idx:0 sender:[1c:79:2d:20:62:cb 192.168.3.75]receiver:[28:7b:11:70:4f:a5 192.168.3.155]
06-24 17:11:19.061 0 0 W : [2 T1046 ..] [SP FRAME RX] arp req,vif_idx:0 sender:[12:3c:2c:e1:84:9f 192.168.3.254]receiver:[00:00:00:00:00:00 192.168.3.75]
06-24 17:11:19.062 0 0 W : [2 T1046 ..] [SP FRAME TX] arp rsp,vif_idx:0 sender:[1c:79:2d:20:62:cb 192.168.3.75]receiver:[12:3c:2c:e1:84:9f 192.168.3.254]
06-24 17:11:19.211 0 0 W : [2 T1046 ..] [SP FRAME RX] arp req,vif_idx:0 sender:[28:7b:11:70:4f:bd 192.168.3.156]receiver:[00:00:00:00:00:00 192.168.3.75]
06-24 17:11:19.212 0 0 W : [2 T1046 ..] [SP FRAME TX] arp rsp,vif_idx:0 sender:[1c:79:2d:20:62:cb 192.168.3.75]receiver:[28:7b:11:70:4f:bd 192.168.3.156]
06-24 17:11:19.218 0 0 W : [2 T1046 ..] [SP FRAME RX] arp req,vif_idx:0 sender:[28:7b:11:70:51:1f 192.168.3.44]receiver:[00:00:00:00:00:00 192.168.3.75]
06-24 17:11:19.219 0 0 W : [2 T1046 ..] [SP FRAME TX] arp rsp,vif_idx:0 sender:[1c:79:2d:20:62:cb 192.168.3.75]receiver:[28:7b:11:70:51:1f 192.168.3.44]
06-24 17:11:21.639 0 0 W : [3 T1046 ..] [SP FRAME RX] DHCP[0 1], vif_idx:0
06-24 17:11:22.666 0 0 W : [3 T1046 ..] [SP FRAME RX] DHCP[0 1], vif_idx:0
06-24 17:11:23.819 0 0 W : [3 T1046 ..] [SP FRAME RX] arp req,vif_idx:0 sender:[b2:58:c1:bc:d7:cb 192.168.3.31]receiver:[00:00:00:00:00:00 192.168.3.75]
06-24 17:11:23.820 0 0 W : [3 T1046 ..] [SP FRAME TX] arp rsp,vif_idx:0 sender:[1c:79:2d:20:62:cb 192.168.3.75]receiver:[b2:58:c1:bc:d7:cb 192.168.3.31]
06-24 17:11:23.978 0 0 W : [1 T32753 .s] [SP FRAME TX] arp req,vif_idx:0 sender:[1c:79:2d:20:62:cb 192.168.3.75]receiver:[00:00:00:00:00:00 192.168.3.31]
06-24 17:11:23.987 0 0 W : [3 T1046 ..] [SP FRAME RX] arp rsp,vif_idx:0 sender:[b2:58:c1:bc:d7:cb 192.168.3.31]receiver:[1c:79:2d:20:62:cb 192.168.3.75]
06-24 17:11:24.681 0 0 W : [3 T1046 ..] [SP FRAME RX] DHCP[0 1], vif_idx:0
06-24 17:11:25.514 0 0 W : [3 T1201 .s] [SP FRAME TX] arp req,vif_idx:0 sender:[1c:79:2d:20:62:cb 192.168.3.75]receiver:[00:00:00:00:00:00 192.168.3.254]
06-24 17:11:25.522 0 0 W : [3 T1046 ..] [SP FRAME RX] arp rsp,vif_idx:0 sender:[12:3c:2c:e1:84:9f 192.168.3.254]receiver:[1c:79:2d:20:62:cb 192.168.3.75]
06-24 17:11:27.346 0 0 W : [3 T1046 ..] [SP FRAME RX] arp req,vif_idx:0 sender:[16:8e:6e:17:dc:41 192.168.3.176]receiver:[00:00:00:00:00:00 192.168.3.75]
06-24 17:11:27.347 0 0 W : [3 T1046 ..] [SP FRAME TX] arp rsp,vif_idx:0 sender:[1c:79:2d:20:62:cb 192.168.3.75]receiver:[16:8e:6e:17:dc:41 192.168.3.176]
06-24 17:11:27.360 0 0 W : [3 T1046 ..] [SP FRAME RX] arp req,vif_idx:0 sender:[f6:f5:2e:bc:8c:d5 192.168.3.68]receiver:[00:00:00:00:00:00 192.168.3.75]
06-24 17:11:27.361 0 0 W : [3 T1046 ..] [SP FRAME TX] arp rsp,vif_idx:0 sender:[1c:79:2d:20:62:cb 192.168.3.75]receiver:[f6:f5:2e:bc:8c:d5 192.168.3.68]
06-24 17:11:27.376 0 0 W : [3 T1046 ..] [SP FRAME RX] arp req,vif_idx:0 sender:[10:b2:32:39:59:ba 192.168.3.57]receiver:[00:00:00:00:00:00 192.168.3.75]
06-24 17:11:27.377 0 0 W : [3 T1046 ..] [SP FRAME TX] arp rsp,vif_idx:0 sender:[1c:79:2d:20:62:cb 192.168.3.75]receiver:[10:b2:32:39:59:ba 192.168.3.57]
06-24 17:11:27.509 0 0 W : [3 T1046 ..] [SP FRAME RX] arp req,vif_idx:0 sender:[e2:38:ab:ac:32:27 192.168.3.215]receiver:[00:00:00:00:00:00 192.168.3.75]
06-24 17:11:27.510 0 0 W : [3 T1046 ..] [SP FRAME TX] arp rsp,vif_idx:0 sender:[1c:79:2d:20:62:cb 192.168.3.75]receiver:[e2:38:ab:ac:32:27 192.168.3.215]
06-24 17:11:27.562 0 0 W : [2 T0 .s] [SP FRAME TX] arp req,vif_idx:0 sender:[1c:79:2d:20:62:cb 192.168.3.75]receiver:[00:00:00:00:00:00 192.168.3.215]
06-24 17:11:27.563 0 0 W : [2 T0 .s] [SP FRAME TX] arp req,vif_idx:0 sender:[1c:79:2d:20:62:cb 192.168.3.75]receiver:[00:00:00:00:00:00 192.168.3.204]
06-24 17:11:27.565 0 0 W : [2 T0 .s] [SP FRAME TX] arp req,vif_idx:0 sender:[1c:79:2d:20:62:cb 192.168.3.75]receiver:[00:00:00:00:00:00 192.168.3.176]
06-24 17:11:27.566 0 0 W : [2 T0 .s] [SP FRAME TX] arp req,vif_idx:0 sender:[1c:79:2d:20:62:cb 192.168.3.75]receiver:[00:00:00:00:00:00 192.168.3.147]
06-24 17:11:27.568 0 0 W : [2 T0 .s] [SP FRAME TX] arp req,vif_idx:0 sender:[1c:79:2d:20:62:cb 192.168.3.75]receiver:[00:00:00:00:00:00 192.168.3.92]
06-24 17:11:27.569 0 0 W : [2 T0 .s] [SP FRAME TX] arp req,vif_idx:0 sender:[1c:79:2d:20:62:cb 192.168.3.75]receiver:[00:00:00:00:00:00 192.168.3.68]
06-24 17:11:27.571 0 0 W : [2 T0 .s] [SP FRAME TX] arp req,vif_idx:0 sender:[1c:79:2d:20:62:cb 192.168.3.75]receiver:[00:00:00:00:00:00 192.168.3.57]
06-24 17:11:27.572 0 0 W : [2 T0 .s] [SP FRAME TX] arp req,vif_idx:0 sender:[1c:79:2d:20:62:cb 192.168.3.75]receiver:[00:00:00:00:00:00 192.168.3.36]
06-24 17:11:27.603 0 0 W : [3 T1046 ..] [SP FRAME RX] arp rsp,vif_idx:0 sender:[e2:38:ab:ac:32:27 192.168.3.215]receiver:[1c:79:2d:20:62:cb 192.168.3.75]
06-24 17:11:27.608 0 0 W : [3 T1046 ..] [SP FRAME RX] arp rsp,vif_idx:0 sender:[16:8e:6e:17:dc:41 192.168.3.176]receiver:[1c:79:2d:20:62:cb 192.168.3.75]
06-24 17:11:27.609 0 0 W : [3 T1046 ..] [SP FRAME RX] arp rsp,vif_idx:0 sender:[e6:6e:3e:02:16:7f 192.168.3.92]receiver:[1c:79:2d:20:62:cb 192.168.3.75]
06-24 17:11:27.611 0 0 W : [3 T1046 ..] [SP FRAME RX] arp rsp,vif_idx:0 sender:[f6:f5:2e:bc:8c:d5 192.168.3.68]receiver:[1c:79:2d:20:62:cb 192.168.3.75]
06-24 17:11:27.612 0 0 W : [3 T1046 ..] [SP FRAME RX] arp rsp,vif_idx:0 sender:[a2:fe:ec:6e:f0:e5 192.168.3.147]receiver:[1c:79:2d:20:62:cb 192.168.3.75]
06-24 17:11:27.614 0 0 W : [3 T1046 ..] [SP FRAME RX] arp rsp,vif_idx:0 sender:[46:97:91:2c:21:8b 192.168.3.204]receiver:[1c:79:2d:20:62:cb 192.168.3.75]
06-24 17:11:27.615 0 0 W : [3 T1046 ..] [SP FRAME RX] arp rsp,vif_idx:0 sender:[10:b2:32:39:59:ba 192.168.3.57]receiver:[1c:79:2d:20:62:cb 192.168.3.75]
06-24 17:11:27.619 0 0 W : [3 T1046 ..] [SP FRAME RX] arp rsp,vif_idx:0 sender:[b6:86:f8:35:d4:28 192.168.3.36]receiver:[1c:79:2d:20:62:cb 192.168.3.75]
06-24 17:11:28.685 0 0 W : [3 T1046 ..] [SP FRAME RX] DHCP[0 1], vif_idx:0
06-24 17:11:30.764 0 0 W : [1 T1046 ..] [SP FRAME RX] DHCP[1 0], vif_idx:0
06-24 17:11:36.438 685 735 I PowerGroup: Napping power group (groupId=0, uid=1000)...
06-24 17:11:36.438 685 735 I PowerManagerService: Nap time (uid 1000)...
06-24 17:11:36.441 685 735 V DisplayPowerController2[0]: Brightness [0.05] reason changing to: 'manual [ dim ]', previous reason: 'manual'.
06-24 17:11:36.441 685 735 I DisplayPowerController2[0]: BrightnessEvent: disp=0, physDisp=local:4625716335649126415, brt=0.05, initBrt=0.39763778, rcmdBrt=NaN, preBrt=NaN, lux=0.0, preLux=0.0, hbmMax=1.0, hbmMode=off, rbcStrength=0, thrmMax=1.0, powerFactor=1.0, wasShortTermModelActive=false, flags=, reason=manual [ dim ], autoBrightness=false, strategy=InvalidBrightnessStrategy
06-24 17:11:36.442 685 735 W DreamManagerService: Falling back to default dream ComponentInfo{com.dangbei.lerad.screensaver/com.dangbei.lerad.screensaver.service.ScreenSaverService}
06-24 17:11:36.442 685 735 I DreamManagerService: Entering dreamland.
06-24 17:11:36.443 685 711 D DisplayManagerService: Ignore redundant display event 0/4 to 10085/2260
06-24 17:11:36.443 685 711 D DisplayManagerService: Ignore redundant display event 0/4 to 10023/4199
06-24 17:11:36.443 685 711 D DisplayManagerService: Ignore redundant display event 0/4 to 10041/7242
06-24 17:11:36.443 685 711 D DisplayManagerService: Ignore redundant display event 0/4 to 10075/17638
06-24 17:11:36.443 685 711 D DisplayManagerService: Ignore redundant display event 0/4 to 10101/24154
06-24 17:11:36.443 685 711 D DisplayManagerService: Ignore redundant display event 0/4 to 10077/30288
06-24 17:11:36.443 685 711 D DisplayManagerService: Ignore redundant display event 0/4 to 10042/30515
06-24 17:11:36.444 685 735 I PowerManagerService: Dreaming...
06-24 17:11:36.446 685 708 I DreamController: Starting dream: name=ComponentInfo{com.dangbei.lerad.screensaver/com.dangbei.lerad.screensaver.service.ScreenSaverService}, isPreviewMode=false, canDoze=false, userId=0, reason='power manager request'
06-24 17:11:36.449 901 979 D WindowManagerShell: TvPipMenuController: closeMenu()
06-24 17:11:36.449 901 979 I WindowManagerShell: TvPipMenuController: switchToMenuMode: setting mCurrentMenuMode=MODE_NO_MENU, mPrevMenuMode=MODE_NO_MENU
06-24 17:11:36.453 685 708 D CompatibilityChangeReporter: Compat change id reported: 135634846; UID 10043; state: DISABLED
06-24 17:11:36.455 685 719 D CompatibilityChangeReporter: Compat change id reported: 143937733; UID 10043; state: ENABLED
06-24 17:11:36.456 685 708 D AutofillManagerService: Close system dialogs
06-24 17:11:36.474 685 719 I ActivityManager: Start proc 21724:com.dangbei.lerad.screensaver/u0a43 for service {com.dangbei.lerad.screensaver/com.dangbei.lerad.screensaver.service.ScreenSaverService}
06-24 17:11:36.510 685 15103 D CompatibilityChangeReporter: Compat change id reported: 168419799; UID 10043; state: DISABLED
06-24 17:11:36.510 685 15103 D CompatibilityChangeReporter: Compat change id reported: 273564678; UID 10043; state: DISABLED
06-24 17:11:36.513 685 763 D CompatibilityChangeReporter: Compat change id reported: 265195908; UID 10043; state: ENABLED
06-24 17:11:36.518 685 15103 D CompatibilityChangeReporter: Compat change id reported: 170503758; UID 10043; state: ENABLED
06-24 17:11:36.664 0 0 W : [2 T1046 ..] [SP FRAME RX] DHCP[0 1], vif_idx:0
06-24 17:11:36.663 685 15103 D CompatibilityChangeReporter: Compat change id reported: 161145287; UID 10043; state: ENABLED
06-24 17:11:36.694 0 0 W [2 T23126 ..] audit: audit_lost=23511 audit_rate_limit=5 audit_backlog_limit=64
06-24 17:11:36.695 0 0 E [2 T23126 ..] audit: rate limit exceeded
06-24 17:11:36.833 685 708 W ActivityTaskManager: callingPackage for (uid=1000, pid=0) has no WPC
06-24 17:11:36.834 685 708 D CompatibilityChangeReporter: Compat change id reported: 265464455; UID 10043; state: DISABLED
06-24 17:11:36.837 685 708 D CompatibilityChangeReporter: Compat change id reported: 265452344; UID 10043; state: DISABLED
06-24 17:11:36.837 685 708 D CompatibilityChangeReporter: Compat change id reported: 266124927; UID 10043; state: DISABLED
06-24 17:11:36.838 685 708 D CompatibilityChangeReporter: Compat change id reported: 265451093; UID 10043; state: DISABLED
06-24 17:11:36.838 685 708 D CompatibilityChangeReporter: Compat change id reported: 265456536; UID 10043; state: DISABLED
06-24 17:11:36.839 685 708 D CompatibilityChangeReporter: Compat change id reported: 255940284; UID 10043; state: DISABLED
06-24 17:11:36.839 685 708 D CompatibilityChangeReporter: Compat change id reported: 236283604; UID 10043; state: DISABLED
