06-24 16:45:47.199 0 0 W : [1 T1046 ..] [SP FRAME RX] arp req,vif_idx:0 sender:[ca:fd:12:4f:e3:96 192.168.3.13]receiver:[00:00:00:00:00:00 192.168.3.75]
06-24 16:45:47.200 0 0 W : [1 T1046 ..] [SP FRAME TX] arp rsp,vif_idx:0 sender:[1c:79:2d:20:62:cb 192.168.3.75]receiver:[ca:fd:12:4f:e3:96 192.168.3.13]
06-24 16:45:47.353 0 0 W : [1 T1046 ..] [SP FRAME RX] arp req,vif_idx:0 sender:[10:b2:32:39:59:ba 192.168.3.57]receiver:[00:00:00:00:00:00 192.168.3.75]
06-24 16:45:47.354 0 0 W : [1 T1046 ..] [SP FRAME TX] arp rsp,vif_idx:0 sender:[1c:79:2d:20:62:cb 192.168.3.75]receiver:[10:b2:32:39:59:ba 192.168.3.57]
06-24 16:45:47.377 0 0 W : [1 T1046 ..] [SP FRAME RX] arp req,vif_idx:0 sender:[12:3c:2c:e1:84:9f 192.168.3.254]receiver:[00:00:00:00:00:00 192.168.3.75]
06-24 16:45:47.378 0 0 W : [1 T1046 ..] [SP FRAME TX] arp rsp,vif_idx:0 sender:[1c:79:2d:20:62:cb 192.168.3.75]receiver:[12:3c:2c:e1:84:9f 192.168.3.254]
06-24 16:45:47.471 0 0 W : [1 T1046 ..] [SP FRAME RX] arp req,vif_idx:0 sender:[16:8e:6e:17:dc:41 192.168.3.176]receiver:[00:00:00:00:00:00 192.168.3.75]
06-24 16:45:47.472 0 0 W : [1 T1046 ..] [SP FRAME TX] arp rsp,vif_idx:0 sender:[1c:79:2d:20:62:cb 192.168.3.75]receiver:[16:8e:6e:17:dc:41 192.168.3.176]
06-24 16:45:47.512 0 0 W : [1 T1046 ..] [SP FRAME RX] arp req,vif_idx:0 sender:[e2:8e:12:0f:0b:47 192.168.3.123]receiver:[00:00:00:00:00:00 192.168.3.75]
06-24 16:45:47.513 0 0 W : [1 T1046 ..] [SP FRAME TX] arp rsp,vif_idx:0 sender:[1c:79:2d:20:62:cb 192.168.3.75]receiver:[e2:8e:12:0f:0b:47 192.168.3.123]
06-24 16:45:47.534 0 0 W : [1 T1046 ..] [SP FRAME RX] arp req,vif_idx:0 sender:[28:7b:11:70:4f:a5 192.168.3.155]receiver:[00:00:00:00:00:00 192.168.3.75]
06-24 16:45:47.535 0 0 W : [1 T1046 ..] [SP FRAME TX] arp rsp,vif_idx:0 sender:[1c:79:2d:20:62:cb 192.168.3.75]receiver:[28:7b:11:70:4f:a5 192.168.3.155]
06-24 16:45:47.559 0 0 W : [1 T1046 ..] [SP FRAME RX] arp req,vif_idx:0 sender:[fa:f0:09:28:64:31 192.168.3.73]receiver:[00:00:00:00:00:00 192.168.3.75]
06-24 16:45:47.560 0 0 W : [1 T1046 ..] [SP FRAME TX] arp rsp,vif_idx:0 sender:[1c:79:2d:20:62:cb 192.168.3.75]receiver:[fa:f0:09:28:64:31 192.168.3.73]
06-24 16:45:47.689 0 0 W : [1 T1046 ..] [SP FRAME RX] arp req,vif_idx:0 sender:[14:ea:63:a0:ef:b6 192.168.3.199]receiver:[00:00:00:00:00:00 192.168.3.75]
06-24 16:45:47.690 0 0 W : [1 T1046 ..] [SP FRAME TX] arp rsp,vif_idx:0 sender:[1c:79:2d:20:62:cb 192.168.3.75]receiver:[14:ea:63:a0:ef:b6 192.168.3.199]
06-24 16:45:47.782 0 0 W : [1 T1046 ..] [SP FRAME RX] arp req,vif_idx:0 sender:[0c:91:60:12:cd:6e 192.168.3.81]receiver:[00:00:00:00:00:00 192.168.3.75]
06-24 16:45:47.783 0 0 W : [1 T1046 ..] [SP FRAME TX] arp rsp,vif_idx:0 sender:[1c:79:2d:20:62:cb 192.168.3.75]receiver:[0c:91:60:12:cd:6e 192.168.3.81]
06-24 16:45:47.798 0 0 W : [1 T1046 ..] [SP FRAME RX] arp req,vif_idx:0 sender:[de:90:cb:50:92:8f 192.168.3.145]receiver:[00:00:00:00:00:00 192.168.3.75]
06-24 16:45:47.799 0 0 W : [1 T1046 ..] [SP FRAME TX] arp rsp,vif_idx:0 sender:[1c:79:2d:20:62:cb 192.168.3.75]receiver:[de:90:cb:50:92:8f 192.168.3.145]
06-24 16:45:47.864 0 0 W : [1 T1046 ..] [SP FRAME RX] arp req,vif_idx:0 sender:[b6:86:f8:35:d4:28 192.168.3.36]receiver:[00:00:00:00:00:00 192.168.3.75]
06-24 16:45:47.865 0 0 W : [1 T1046 ..] [SP FRAME TX] arp rsp,vif_idx:0 sender:[1c:79:2d:20:62:cb 192.168.3.75]receiver:[b6:86:f8:35:d4:28 192.168.3.36]
06-24 16:45:47.979 0 0 W : [1 T1046 ..] [SP FRAME RX] arp req,vif_idx:0 sender:[9a:86:f7:27:5c:25 192.168.3.169]receiver:[00:00:00:00:00:00 192.168.3.75]
06-24 16:45:47.980 0 0 W : [1 T1046 ..] [SP FRAME TX] arp rsp,vif_idx:0 sender:[1c:79:2d:20:62:cb 192.168.3.75]receiver:[9a:86:f7:27:5c:25 192.168.3.169]
06-24 16:45:49.002 0 0 W : [1 T0 .s] [SP FRAME TX] arp req,vif_idx:0 sender:[1c:79:2d:20:62:cb 192.168.3.75]receiver:[00:00:00:00:00:00 192.168.3.254]
06-24 16:45:49.010 0 0 W : [1 T1046 ..] [SP FRAME RX] arp rsp,vif_idx:0 sender:[12:3c:2c:e1:84:9f 192.168.3.254]receiver:[1c:79:2d:20:62:cb 192.168.3.75]
06-24 16:45:51.050 0 0 W : [2 T0 .s] [SP FRAME TX] arp req,vif_idx:0 sender:[1c:79:2d:20:62:cb 192.168.3.75]receiver:[00:00:00:00:00:00 192.168.3.215]
06-24 16:45:51.051 0 0 W : [2 T0 .s] [SP FRAME TX] arp req,vif_idx:0 sender:[1c:79:2d:20:62:cb 192.168.3.75]receiver:[00:00:00:00:00:00 192.168.3.176]
06-24 16:45:51.053 0 0 W : [2 T0 .s] [SP FRAME TX] arp req,vif_idx:0 sender:[1c:79:2d:20:62:cb 192.168.3.75]receiver:[00:00:00:00:00:00 192.168.3.68]
06-24 16:45:51.054 0 0 W : [2 T0 .s] [SP FRAME TX] arp req,vif_idx:0 sender:[1c:79:2d:20:62:cb 192.168.3.75]receiver:[00:00:00:00:00:00 192.168.3.57]
06-24 16:45:51.056 0 0 W : [2 T0 .s] [SP FRAME TX] arp req,vif_idx:0 sender:[1c:79:2d:20:62:cb 192.168.3.75]receiver:[00:00:00:00:00:00 192.168.3.36]
06-24 16:45:51.058 0 0 W : [1 T1046 ..] [SP FRAME RX] arp rsp,vif_idx:0 sender:[16:8e:6e:17:dc:41 192.168.3.176]receiver:[1c:79:2d:20:62:cb 192.168.3.75]
06-24 16:45:51.061 0 0 W : [1 T1046 ..] [SP FRAME RX] arp rsp,vif_idx:0 sender:[b6:86:f8:35:d4:28 192.168.3.36]receiver:[1c:79:2d:20:62:cb 192.168.3.75]
06-24 16:45:51.062 0 0 W : [1 T1046 ..] [SP FRAME RX] arp rsp,vif_idx:0 sender:[10:b2:32:39:59:ba 192.168.3.57]receiver:[1c:79:2d:20:62:cb 192.168.3.75]
06-24 16:45:51.064 0 0 W : [1 T1046 ..] [SP FRAME RX] arp rsp,vif_idx:0 sender:[e2:38:ab:ac:32:27 192.168.3.215]receiver:[1c:79:2d:20:62:cb 192.168.3.75]
06-24 16:45:51.066 0 0 W : [1 T1046 ..] [SP FRAME RX] arp rsp,vif_idx:0 sender:[f6:f5:2e:bc:8c:d5 192.168.3.68]receiver:[1c:79:2d:20:62:cb 192.168.3.75]
06-24 16:45:56.690 0 0 W : [1 T1046 ..] [SP FRAME RX] arp req,vif_idx:0 sender:[c6:ce:03:3d:c3:bd 192.168.3.118]receiver:[00:00:00:00:00:00 192.168.3.75]
06-24 16:45:56.691 0 0 W : [1 T1046 ..] [SP FRAME TX] arp rsp,vif_idx:0 sender:[1c:79:2d:20:62:cb 192.168.3.75]receiver:[c6:ce:03:3d:c3:bd 192.168.3.118]
06-24 16:45:56.733 0 0 W : [1 T1046 ..] [SP FRAME RX] arp req,vif_idx:0 sender:[d2:07:9a:6e:a7:36 192.168.3.27]receiver:[00:00:00:00:00:00 192.168.3.75]
06-24 16:45:56.734 0 0 W : [1 T1046 ..] [SP FRAME TX] arp rsp,vif_idx:0 sender:[1c:79:2d:20:62:cb 192.168.3.75]receiver:[d2:07:9a:6e:a7:36 192.168.3.27]
06-24 16:45:56.938 0 0 W [0 T1762 ..] audit: audit_lost=22648 audit_rate_limit=5 audit_backlog_limit=64
06-24 16:45:56.938 0 0 E [0 T1762 ..] audit: rate limit exceeded
06-24 16:45:57.584 0 0 I [2 T16525 ..] binder: undelivered transaction 9637461, process died.
06-24 16:45:57.793 0 0 W : [3 T1046 ..] [SP FRAME RX] arp req,vif_idx:0 sender:[3a:fd:3d:ee:5f:54 192.168.3.129]receiver:[00:00:00:00:00:00 192.168.3.75]
06-24 16:45:57.794 0 0 W : [3 T1046 ..] [SP FRAME TX] arp rsp,vif_idx:0 sender:[1c:79:2d:20:62:cb 192.168.3.75]receiver:[3a:fd:3d:ee:5f:54 192.168.3.129]
06-24 16:45:58.491 0 0 W [0 T3459 ..] audit: audit_lost=22668 audit_rate_limit=5 audit_backlog_limit=64
06-24 16:45:58.491 0 0 E [0 T3459 ..] audit: rate limit exceeded
06-24 16:45:59.379 0 0 I [1 T216 ..] servicemanager: Found android.hardware.graphics.allocator.IAllocator/default in device VINTF manifest.
06-24 16:45:59.381 0 0 I [1 T216 ..] servicemanager: Found android.hardware.graphics.allocator.IAllocator/default in device VINTF manifest.
06-24 16:45:59.606 0 0 W [0 T3459 ..] audit: audit_lost=22692 audit_rate_limit=5 audit_backlog_limit=64
06-24 16:45:59.607 0 0 E [0 T3459 ..] audit: rate limit exceeded
06-24 16:46:00.396 0 0 W : [2 T1046 ..] [SP FRAME RX] arp req,vif_idx:0 sender:[92:c8:7a:73:1d:bb 192.168.3.34]receiver:[00:00:00:00:00:00 192.168.3.75]
06-24 16:46:00.397 0 0 W : [2 T1046 ..] [SP FRAME TX] arp rsp,vif_idx:0 sender:[1c:79:2d:20:62:cb 192.168.3.75]receiver:[92:c8:7a:73:1d:bb 192.168.3.34]
06-24 16:46:00.522 0 0 W : [2 T0 .s] [SP FRAME TX] arp req,vif_idx:0 sender:[1c:79:2d:20:62:cb 192.168.3.75]receiver:[00:00:00:00:00:00 192.168.3.34]
06-24 16:46:00.600 0 0 W : [2 T1046 ..] [SP FRAME RX] arp rsp,vif_idx:0 sender:[92:c8:7a:73:1d:bb 192.168.3.34]receiver:[1c:79:2d:20:62:cb 192.168.3.75]
06-24 16:46:00.832 0 0 W [1 T3971 ..] audit: audit_lost=22701 audit_rate_limit=5 audit_backlog_limit=64
06-24 16:46:00.837 0 0 E [1 T3971 ..] audit: rate limit exceeded
06-24 16:46:00.980 0 0 E [3 T247 ..] aml_cma_alloc: heap-gfx: alloc failed, req-size: 2072 pages, ret: -12
06-24 16:46:01.803 0 0 W : [2 T21344 ..] [aml_send_sync_trace 4388] sync token[64057]
06-24 16:46:01.803 0 0 W : [2 T21344 ..] >>> aml_send_msg()
06-24 16:46:01.804 0 0 W : [3 T1041 ..] ipc_sdio_host_msgack_handler 000000008205c179
06-24 16:46:01.805 0 0 W : [3 T1041 ..] [aml_msgackind 2039] msg ack hostid=0xffffff80a3673800
06-24 16:46:01.806 0 0 W : [3 T1041 ..] [cmd_mgr_llind 329] cmd tkn[490] flags:0008 result: -4 cmd: 105-MM_SYNC_TRACE - reqcfm( 0-none)
06-24 16:46:01.807 0 0 W : [3 T1041 ..] [cmd_complete 65] cmd tkn[490] flags:0000 result: -4 cmd: 105-MM_SYNC_TRACE - reqcfm( 0-none)
06-24 16:46:01.992 0 0 W : [2 T1046 ..] [SP FRAME RX] arp req,vif_idx:0 sender:[b6:9c:70:ec:40:e7 192.168.3.65]receiver:[00:00:00:00:00:00 192.168.3.75]
06-24 16:46:01.993 0 0 W : [2 T1046 ..] [SP FRAME TX] arp rsp,vif_idx:0 sender:[1c:79:2d:20:62:cb 192.168.3.75]receiver:[b6:9c:70:ec:40:e7 192.168.3.65]
06-24 16:46:01.998 0 0 W : [2 T1046 ..] [SP FRAME RX] arp req,vif_idx:0 sender:[da:b8:33:f6:93:fe 192.168.3.89]receiver:[00:00:00:00:00:00 192.168.3.75]
06-24 16:46:01.999 0 0 W : [2 T1046 ..] [SP FRAME TX] arp rsp,vif_idx:0 sender:[1c:79:2d:20:62:cb 192.168.3.75]receiver:[da:b8:33:f6:93:fe 192.168.3.89]
06-24 16:46:03.927 0 0 W : [2 T1046 ..] [SP FRAME RX] arp req,vif_idx:0 sender:[de:90:cb:50:92:8f 192.168.3.145]receiver:[00:00:00:00:00:00 192.168.3.75]
06-24 16:46:03.928 0 0 W : [2 T1046 ..] [SP FRAME TX] arp rsp,vif_idx:0 sender:[1c:79:2d:20:62:cb 192.168.3.75]receiver:[de:90:cb:50:92:8f 192.168.3.145]
06-24 16:46:04.563 0 0 W : [2 T1046 ..] [SP FRAME RX] arp req,vif_idx:0 sender:[7a:8a:0f:56:00:ca 192.168.3.248]receiver:[00:00:00:00:00:00 192.168.3.75]
06-24 16:46:04.564 0 0 W : [2 T1046 ..] [SP FRAME TX] arp rsp,vif_idx:0 sender:[1c:79:2d:20:62:cb 192.168.3.75]receiver:[7a:8a:0f:56:00:ca 192.168.3.248]
06-24 16:46:07.178 0 0 W : [1 T0 .s] [SP FRAME TX] arp req,vif_idx:0 sender:[1c:79:2d:20:62:cb 192.168.3.75]receiver:[00:00:00:00:00:00 192.168.3.68]
06-24 16:46:07.266 0 0 W : [1 T1046 ..] [SP FRAME RX] arp rsp,vif_idx:0 sender:[f6:f5:2e:bc:8c:d5 192.168.3.68]receiver:[1c:79:2d:20:62:cb 192.168.3.75]
06-24 16:46:07.463 0 0 W : [1 T1046 ..] [SP FRAME RX] arp req,vif_idx:0 sender:[02:d1:be:fb:0a:d7 192.168.3.130]receiver:[00:00:00:00:00:00 192.168.3.75]
06-24 16:46:07.464 0 0 W : [1 T1046 ..] [SP FRAME TX] arp rsp,vif_idx:0 sender:[1c:79:2d:20:62:cb 192.168.3.75]receiver:[02:d1:be:fb:0a:d7 192.168.3.130]
06-24 16:46:07.724 0 0 W : [1 T1046 ..] [SP FRAME RX] arp req,vif_idx:0 sender:[e2:04:f6:d8:62:00 192.168.3.194]receiver:[00:00:00:00:00:00 192.168.3.75]
06-24 16:46:07.725 0 0 W : [1 T1046 ..] [SP FRAME TX] arp rsp,vif_idx:0 sender:[1c:79:2d:20:62:cb 192.168.3.75]receiver:[e2:04:f6:d8:62:00 192.168.3.194]
06-24 16:46:08.125 0 0 W : [1 T1046 ..] [SP FRAME RX] arp req,vif_idx:0 sender:[0c:91:60:12:cd:fc 192.168.3.171]receiver:[00:00:00:00:00:00 192.168.3.75]
06-24 16:46:08.126 0 0 W : [1 T1046 ..] [SP FRAME TX] arp rsp,vif_idx:0 sender:[1c:79:2d:20:62:cb 192.168.3.75]receiver:[0c:91:60:12:cd:fc 192.168.3.171]
06-24 16:46:09.226 0 0 W : [2 T0 .s] [SP FRAME TX] arp req,vif_idx:0 sender:[1c:79:2d:20:62:cb 192.168.3.75]receiver:[00:00:00:00:00:00 192.168.3.123]
06-24 16:46:09.238 0 0 W : [1 T1046 ..] [SP FRAME RX] arp rsp,vif_idx:0 sender:[e2:8e:12:0f:0b:47 192.168.3.123]receiver:[1c:79:2d:20:62:cb 192.168.3.75]
06-24 16:46:15.937 0 0 W : [1 T1046 ..] [SP FRAME RX] arp req,vif_idx:0 sender:[28:7b:11:70:4f:bd 192.168.3.156]receiver:[00:00:00:00:00:00 192.168.3.75]
06-24 16:46:15.938 0 0 W : [1 T1046 ..] [SP FRAME TX] arp rsp,vif_idx:0 sender:[1c:79:2d:20:62:cb 192.168.3.75]receiver:[28:7b:11:70:4f:bd 192.168.3.156]
06-24 16:46:16.133 0 0 W : [1 T1046 ..] [SP FRAME RX] arp req,vif_idx:0 sender:[0c:91:60:12:cd:8c 192.168.3.70]receiver:[00:00:00:00:00:00 192.168.3.75]
06-24 16:46:16.134 0 0 W : [1 T1046 ..] [SP FRAME TX] arp rsp,vif_idx:0 sender:[1c:79:2d:20:62:cb 192.168.3.75]receiver:[0c:91:60:12:cd:8c 192.168.3.70]
06-24 16:46:19.070 0 0 W : [1 T1046 ..] [SP FRAME RX] arp req,vif_idx:0 sender:[42:d1:10:74:de:ca 192.168.3.53]receiver:[00:00:00:00:00:00 192.168.3.75]
06-24 16:46:19.071 0 0 W : [1 T1046 ..] [SP FRAME TX] arp rsp,vif_idx:0 sender:[1c:79:2d:20:62:cb 192.168.3.75]receiver:[42:d1:10:74:de:ca 192.168.3.53]
06-24 16:46:19.192 0 0 W : [1 T1046 ..] [SP FRAME RX] arp req,vif_idx:0 sender:[ca:fd:12:4f:e3:96 192.168.3.13]receiver:[00:00:00:00:00:00 192.168.3.75]
06-24 16:46:19.193 0 0 W : [1 T1046 ..] [SP FRAME TX] arp rsp,vif_idx:0 sender:[1c:79:2d:20:62:cb 192.168.3.75]receiver:[ca:fd:12:4f:e3:96 192.168.3.13]
06-24 16:46:20.927 0 0 W : [1 T1046 ..] [SP FRAME RX] arp req,vif_idx:0 sender:[12:3c:2c:e1:84:9f 192.168.3.254]receiver:[00:00:00:00:00:00 192.168.3.75]
06-24 16:46:20.928 0 0 W : [1 T1046 ..] [SP FRAME TX] arp rsp,vif_idx:0 sender:[1c:79:2d:20:62:cb 192.168.3.75]receiver:[12:3c:2c:e1:84:9f 192.168.3.254]
06-24 16:46:21.002 0 0 W : [1 T878 .s] [SP FRAME TX] arp req,vif_idx:0 sender:[1c:79:2d:20:62:cb 192.168.3.75]receiver:[00:00:00:00:00:00 192.168.3.254]
06-24 16:46:21.027 0 0 W : [1 T1046 ..] [SP FRAME RX] arp rsp,vif_idx:0 sender:[12:3c:2c:e1:84:9f 192.168.3.254]receiver:[1c:79:2d:20:62:cb 192.168.3.75] --------- beginning of system
06-24 16:46:21.103 685 2059 D CompatibilityChangeReporter: Compat change id reported: 254631730; UID 10106; state: DISABLED
06-24 16:46:21.103 685 2059 D CompatibilityChangeReporter: Compat change id reported: 273509367; UID 10106; state: DISABLED
06-24 16:46:21.103 685 2059 D CompatibilityChangeReporter: Compat change id reported: 263259275; UID 10106; state: DISABLED
06-24 16:46:21.103 685 2059 D CompatibilityChangeReporter: Compat change id reported: 174042980; UID 10106; state: DISABLED
06-24 16:46:21.104 685 2059 D CompatibilityChangeReporter: Compat change id reported: 174042936; UID 10106; state: DISABLED
06-24 16:46:21.104 685 2059 D CompatibilityChangeReporter: Compat change id reported: 181136395; UID 10106; state: DISABLED
06-24 16:46:21.108 685 2059 D CompatibilityChangeReporter: Compat change id reported: 194480991; UID 10106; state: ENABLED
06-24 16:46:21.119 685 2059 D CompatibilityChangeReporter: Compat change id reported: 184838306; UID 10106; state: DISABLED
06-24 16:46:21.119 685 2059 D CompatibilityChangeReporter: Compat change id reported: 185004937; UID 10106; state: DISABLED
06-24 16:46:21.121 685 2059 D CompatibilityChangeReporter: Compat change id reported: 197654537; UID 10106; state: DISABLED
06-24 16:46:21.123 685 2059 V SplashScreenExceptionList: SplashScreen checking exception for package com.baosheng.ktv (target sdk:26) -> false
06-24 16:46:21.124 685 2059 D CompatibilityChangeReporter: Compat change id reported: 205907456; UID 10106; state: DISABLED
06-24 16:46:21.128 685 2059 D CompatibilityChangeReporter: Compat change id reported: 194833441; UID 10106; state: DISABLED
06-24 16:46:21.128 901 979 V WindowManagerShell: Transition requested: android.os.BinderProxy@c8405e2 TransitionRequestInfo { type = 1, triggerTask = TaskInfo{userId=0 taskId=188 displayId=0 isRunning=true baseIntent=Intent { act=android.intent.action.MAIN cat=[android.intent.category.LAUNCHER] flg=0x10000000 pkg=com.baosheng.ktv cmp=com.baosheng.ktv/com.activity.WelcomeActivity } baseActivity=ComponentInfo{com.baosheng.ktv/com.activity.WelcomeActivity} topActivity=ComponentInfo{com.baosheng.ktv/com.activity.WelcomeActivity} origActivity=null realActivity=ComponentInfo{com.baosheng.ktv/com.activity.WelcomeActivity} numActivities=1 lastActiveTime=20189028 supportsMultiWindow=true resizeMode=1 isResizeable=true minWidth=-1 minHeight=-1 defaultMinSize=220 token=WCT{android.window.IWindowContainerToken$Stub$Proxy@ccd8d73} topActivityType=1 pictureInPictureParams=null shouldDockBigOverlays=true launchIntoPipHostTaskId=-1 lastParentTaskIdBeforePip=-1 displayCutoutSafeInsets=null topActivityInfo=ActivityInfo{e907430 com.activity.WelcomeActivity} launchCookies=[] positionInParent=Point(0, 0) parentTaskId=-1 isFocused=false isVisible=false isVisibleRequested=false isSleeping=false topActivityInSizeCompat=false topActivityEligibleForLetterboxEducation= false isLetterboxDoubleTapEnabled= false topActivityEligibleForUserAspectRatioButton= false topActivityBoundsLetterboxed= false isFromLetterboxDoubleTap= false topActivityLetterboxVerticalPosition= -1 topActivityLetterboxHorizontalPosition= -1 topActivityLetterboxWidth=-1 topActivityLetterboxHeight=-1 isUserFullscreenOverrideEnabled=false isTopActivityTransparent=true locusId=null displayAreaFeatureId=1 cameraCompatControlState=hidden}, remoteTransition = null, displayChange = null, flags = 0 }
06-24 16:46:21.129 685 2059 I ActivityTaskManager: START u0 {act=android.intent.action.MAIN cat=[android.intent.category.LAUNCHER] flg=0x10000000 pkg=com.baosheng.ktv cmp=com.baosheng.ktv/com.activity.WelcomeActivity} with LAUNCH_SINGLE_TASK from uid 10096 (BAL_ALLOW_VISIBLE_WINDOW) result code=0
06-24 16:46:21.138 685 8210 V WindowManager: app ------------- force_land :0
06-24 16:46:21.140 685 8210 D ActivityManager: quick sync unfreeze 2678 for 1
06-24 16:46:21.144 685 711 D ActivityManager: sync unfroze 2678 com.baosheng.ktv for 1
06-24 16:46:21.141 2678 2678 W Looper : Slow delivery took 4888ms main h=android.os.Handler c=com.service.WbsocketService@d6af082 m=0
06-24 16:46:21.247 901 979 D WindowManagerShell: TvPipController: onTaskStackChanged()
06-24 16:46:21.276 685 2059 W WindowManager: [addWindow] title:com.baosheng.ktv/com.activity.WelcomeActivity
06-24 16:46:21.277 685 2059 D CompatibilityChangeReporter: Compat change id reported: 168419799; UID 10106; state: DISABLED
06-24 16:46:21.281 685 2059 D CompatibilityChangeReporter: Compat change id reported: 273564678; UID 10106; state: DISABLED
06-24 16:46:21.284 2678 2678 W Looper : Drained
06-24 16:46:21.287 685 2059 D CoreBackPreview: Window{140a1f9 u0 com.baosheng.ktv/com.activity.WelcomeActivity}: Setting back callback OnBackInvokedCallbackInfo{mCallback=android.window.IOnBackInvokedCallback$Stub$Proxy@a604f9f, mPriority=0, mIsAnimationCallback=false}
06-24 16:46:21.360 901 979 V WindowManagerShell: onTransitionReady android.os.BinderProxy@c8405e2: {id=604 t=OPEN f=0x0 trk=0 r=[0@Point(0, 0)] c=[{WCT{android.window.IWindowContainerToken$Stub$Proxy@3e98dcf} m=OPEN f=TRANSLUCENT leash=Surface(name=Task=188)/@0x40848a9 sb=Rect(0, 0 - 1920, 1080) eb=Rect(0, 0 - 1920, 1080) d=0}]}
06-24 16:46:21.360 901 979 V WindowManagerShell: Playing animation for (#604)android.os.BinderProxy@c8405e2@0
06-24 16:46:21.360 901 979 V WindowManagerShell: try handler com.android.wm.shell.keyguard.KeyguardTransitionHandler@24e2028
06-24 16:46:21.360 901 979 V WindowManagerShell: try handler com.android.wm.shell.pip.tv.TvPipTransition@1141
06-24 16:46:21.360 901 979 V WindowManagerShell: try handler com.android.wm.shell.activityembedding.ActivityEmbeddingController@e8f56e6
06-24 16:46:21.360 901 979 V WindowManagerShell: try handler com.android.wm.shell.transition.RemoteTransitionHandler@b664427
06-24 16:46:21.360 901 979 V WindowManagerShell: Transition doesn't have explicit remote, search filters for match for {id=604 t=OPEN f=0x0 trk=0 r=[0@Point(0, 0)] c=[{WCT{android.window.IWindowContainerToken$Stub$Proxy@3e98dcf} m=OPEN f=TRANSLUCENT leash=Surface(name=Task=188)/@0x40848a9 sb=Rect(0, 0 - 1920, 1080) eb=Rect(0, 0 - 1920, 1080) d=0}]}
06-24 16:46:21.360 901 979 V WindowManagerShell: Delegate animation for #604 to null
06-24 16:46:21.360 901 979 V WindowManagerShell: try handler com.android.wm.shell.transition.DefaultTransitionHandler@7916d4
06-24 16:46:21.360 901 979 V WindowManagerShell: start default transition animation, info = {id=604 t=OPEN f=0x0 trk=0 r=[0@Point(0, 0)] c=[{WCT{android.window.IWindowContainerToken$Stub$Proxy@3e98dcf} m=OPEN f=TRANSLUCENT leash=Surface(name=Task=188)/@0x40848a9 sb=Rect(0, 0 - 1920, 1080) eb=Rect(0, 0 - 1920, 1080) d=0}]}
06-24 16:46:21.364 901 979 V WindowManagerShell: loadAnimation: anim=android.view.animation.AlphaAnimation@d5c6f3a animAttr=0x4 type=OPEN isEntrance=true
06-24 16:46:21.366 901 979 V WindowManagerShell: animated by com.android.wm.shell.transition.DefaultTransitionHandler@7916d4
06-24 16:46:21.367 685 708 V WindowManager: Sent Transition #604 createdAt=06-24 16:46:21.109 via request=TransitionRequestInfo { type = 1, triggerTask = TaskInfo{userId=0 taskId=188 displayId=0 isRunning=true baseIntent=Intent { act=android.intent.action.MAIN cat=[android.intent.category.LAUNCHER] flg=0x10000000 pkg=com.baosheng.ktv cmp=com.baosheng.ktv/com.activity.WelcomeActivity } baseActivity=ComponentInfo{com.baosheng.ktv/com.activity.WelcomeActivity} topActivity=ComponentInfo{com.baosheng.ktv/com.activity.WelcomeActivity} origActivity=null realActivity=ComponentInfo{com.baosheng.ktv/com.activity.WelcomeActivity} numActivities=1 lastActiveTime=20189028 supportsMultiWindow=true resizeMode=1 isResizeable=true minWidth=-1 minHeight=-1 defaultMinSize=220 token=WCT{RemoteToken{e0446bb Task{ef4d2fd #188 type=standard A=10106:com.baosheng.ktv}}} topActivityType=1 pictureInPictureParams=null shouldDockBigOverlays=true launchIntoPipHostTaskId=-1 lastParentTaskIdBeforePip=-1 displayCutoutSafeInsets=null topActivityInfo=ActivityInfo{50147d8 com.activity.WelcomeActivity} launchCookies=[] positionInParent=Point(0, 0) parentTaskId=-1 isFocused=false isVisible=false isVisibleRequested=false isSleeping=false topActivityInSizeCompat=false topActivityEligibleForLetterboxEducation= false isLetterboxDoubleTapEnabled= false topActivityEligibleForUserAspectRatioButton= false topActivityBoundsLetterboxed= false isFromLetterboxDoubleTap= false topActivityLetterboxVerticalPosition= -1 topActivityLetterboxHorizontalPosition= -1 topActivityLetterboxWidth=-1 topActivityLetterboxHeight=-1 isUserFullscreenOverrideEnabled=false isTopActivityTransparent=true locusId=null displayAreaFeatureId=1 cameraCompatControlState=hidden}, remoteTransition = null, displayChange = null, flags = 0 }
06-24 16:46:21.367 685 708 V WindowManager: startWCT=WindowContainerTransaction { changes = {} hops = [] errorCallbackToken=null taskFragmentOrganizer=null }
06-24 16:46:21.367 685 708 V WindowManager: info={id=604 t=OPEN f=0x0 trk=0 r=[0@Point(0, 0)] c=[{WCT{RemoteToken{e0446bb Task{ef4d2fd #188 type=standard A=10106:com.baosheng.ktv}}} m=OPEN f=TRANSLUCENT leash=Surface(name=Task=188)/@0x73e88ec sb=Rect(0, 0 - 1920, 1080) eb=Rect(0, 0 - 1920, 1080) d=0}]}
06-24 16:46:21.392 685 709 W ContextImpl: Calling a method in the system process without a qualified user: android.app.ContextImpl.startService:1899 com.android.server.wm.DisplayPolicy.lambda$focusChangedLw$5:2126 com.android.server.wm.DisplayPolicy.$r8$lambda$Znxk63oh-WzVnzo_WQefN7uxV48:0 com.android.server.wm.DisplayPolicy$$ExternalSyntheticLambda13.run:0 android.os.Handler.handleCallback:958
06-24 16:46:21.777 901 979 V WindowManagerShell: Transition animation finished (aborted=false), notifying core (#604)android.os.BinderProxy@c8405e2@0
06-24 16:46:21.780 685 708 V WindowManager: Finish Transition #604: created at
06-24 16:46:21.109 collect-started=0.072ms request-sent=18.315ms started=22.627ms ready=33.457ms sent=248.433ms finished=669.707ms
06-24 16:46:21.784 901 979 V WindowManagerShell: Track 0 became idle
06-24 16:46:21.784 901 979 V WindowManagerShell: All active transition animations finished
06-24 16:46:23.033 0 0 W : [2 T1046 ..] [SP FRAME RX] arp req,vif_idx:0 sender:[10:b2:32:39:59:ba 192.168.3.57]receiver:[00:00:00:00:00:00 192.168.3.75]
06-24 16:46:23.034 0 0 W : [2 T1046 ..] [SP FRAME TX] arp rsp,vif_idx:0 sender:[1c:79:2d:20:62:cb 192.168.3.75]receiver:[10:b2:32:39:59:ba 192.168.3.57]
06-24 16:46:23.050 0 0 W : [1 T0 .s] [SP FRAME TX] arp req,vif_idx:0 sender:[1c:79:2d:20:62:cb 192.168.3.75]receiver:[00:00:00:00:00:00 192.168.3.243]
06-24 16:46:23.051 0 0 W : [1 T0 .s] [SP FRAME TX] arp req,vif_idx:0 sender:[1c:79:2d:20:62:cb 192.168.3.75]receiver:[00:00:00:00:00:00 192.168.3.215]
06-24 16:46:23.053 0 0 W : [1 T0 .s] [SP FRAME TX] arp req,vif_idx:0 sender:[1c:79:2d:20:62:cb 192.168.3.75]receiver:[00:00:00:00:00:00 192.168.3.176]
06-24 16:46:23.054 0 0 W : [1 T0 .s] [SP FRAME TX] arp req,vif_idx:0 sender:[1c:79:2d:20:62:cb 192.168.3.75]receiver:[00:00:00:00:00:00 192.168.3.68]
06-24 16:46:23.056 0 0 W : [1 T0 .s] [SP FRAME TX] arp req,vif_idx:0 sender:[1c:79:2d:20:62:cb 192.168.3.75]receiver:[00:00:00:00:00:00 192.168.3.57]
06-24 16:46:23.057 0 0 W : [1 T0 .s] [SP FRAME TX] arp req,vif_idx:0 sender:[1c:79:2d:20:62:cb 192.168.3.75]receiver:[00:00:00:00:00:00 192.168.3.36]
06-24 16:46:23.082 0 0 W : [2 T1046 ..] [SP FRAME RX] arp req,vif_idx:0 sender:[16:8e:6e:17:dc:41 192.168.3.176]receiver:[00:00:00:00:00:00 192.168.3.75]
06-24 16:46:23.083 0 0 W : [2 T1046 ..] [SP FRAME TX] arp rsp,vif_idx:0 sender:[1c:79:2d:20:62:cb 192.168.3.75]receiver:[16:8e:6e:17:dc:41 192.168.3.176]
06-24 16:46:23.085 0 0 W : [2 T1046 ..] [SP FRAME RX] arp rsp,vif_idx:0 sender:[f6:f5:2e:bc:8c:d5 192.168.3.68]receiver:[1c:79:2d:20:62:cb 192.168.3.75]
06-24 16:46:23.089 0 0 W : [2 T1046 ..] [SP FRAME RX] arp rsp,vif_idx:0 sender:[16:8e:6e:17:dc:41 192.168.3.176]receiver:[1c:79:2d:20:62:cb 192.168.3.75]
06-24 16:46:23.094 0 0 W : [2 T1046 ..] [SP FRAME RX] arp rsp,vif_idx:0 sender:[e2:38:ab:ac:32:27 192.168.3.215]receiver:[1c:79:2d:20:62:cb 192.168.3.75]
06-24 16:46:23.095 0 0 W : [2 T1046 ..] [SP FRAME RX] arp rsp,vif_idx:0 sender:[b6:86:f8:35:d4:28 192.168.3.36]receiver:[1c:79:2d:20:62:cb 192.168.3.75]
06-24 16:46:23.096 0 0 W : [2 T1046 ..] [SP FRAME RX] arp rsp,vif_idx:0 sender:[10:b2:32:39:59:ba 192.168.3.57]receiver:[1c:79:2d:20:62:cb 192.168.3.75]
06-24 16:46:23.098 0 0 W : [2 T1046 ..] [SP FRAME RX] arp req,vif_idx:0 sender:[e2:8e:12:0f:0b:47 192.168.3.123]receiver:[00:00:00:00:00:00 192.168.3.75]
06-24 16:46:23.099 0 0 W : [2 T1046 ..] [SP FRAME TX] arp rsp,vif_idx:0 sender:[1c:79:2d:20:62:cb 192.168.3.75]receiver:[e2:8e:12:0f:0b:47 192.168.3.123]
06-24 16:46:23.194 0 0 W : [2 T1046 ..] [SP FRAME RX] arp req,vif_idx:0 sender:[b6:86:f8:35:d4:28 192.168.3.36]receiver:[00:00:00:00:00:00 192.168.3.75]
06-24 16:46:23.195 0 0 W : [2 T1046 ..] [SP FRAME TX] arp rsp,vif_idx:0 sender:[1c:79:2d:20:62:cb 192.168.3.75]receiver:[b6:86:f8:35:d4:28 192.168.3.36]
06-24 16:46:23.327 0 0 W : [2 T1046 ..] [SP FRAME RX] arp req,vif_idx:0 sender:[e2:38:ab:ac:32:27 192.168.3.215]receiver:[00:00:00:00:00:00 192.168.3.75]
06-24 16:46:23.328 0 0 W : [2 T1046 ..] [SP FRAME TX] arp rsp,vif_idx:0 sender:[1c:79:2d:20:62:cb 192.168.3.75]receiver:[e2:38:ab:ac:32:27 192.168.3.215]
06-24 16:46:23.330 0 0 W : [2 T1046 ..] [SP FRAME RX] arp req,vif_idx:0 sender:[f6:f5:2e:bc:8c:d5 192.168.3.68]receiver:[00:00:00:00:00:00 192.168.3.75]
06-24 16:46:23.331 0 0 W : [2 T1046 ..] [SP FRAME TX] arp rsp,vif_idx:0 sender:[1c:79:2d:20:62:cb 192.168.3.75]receiver:[f6:f5:2e:bc:8c:d5 192.168.3.68]
06-24 16:46:24.074 0 0 W : [1 T0 .s] [SP FRAME TX] arp req,vif_idx:0 sender:[1c:79:2d:20:62:cb 192.168.3.75]receiver:[00:00:00:00:00:00 192.168.3.243]
06-24 16:46:24.284 685 8210 D CompatibilityChangeReporter: Compat change id reported: 161145287; UID 10106; state: DISABLED
06-24 16:46:25.098 0 0 W : [1 T0 .s] [SP FRAME TX] arp req,vif_idx:0 sender:[1c:79:2d:20:62:cb 192.168.3.75]receiver:[00:00:00:00:00:00 192.168.3.243]
06-24 16:46:25.134 685 1390 E TaskPersister: File error accessing recents directory (directory doesn't exist?).
06-24 16:46:25.811 0 0 W : [2 T1046 ..] [SP FRAME RX] arp req,vif_idx:0 sender:[fa:f0:09:28:64:31 192.168.3.73]receiver:[00:00:00:00:00:00 192.168.3.75]
06-24 16:46:25.812 0 0 W : [2 T1046 ..] [SP FRAME TX] arp rsp,vif_idx:0 sender:[1c:79:2d:20:62:cb 192.168.3.75]receiver:[fa:f0:09:28:64:31 192.168.3.73]
06-24 16:46:26.122 0 0 W : [1 T0 .s] [SP FRAME TX] arp req,vif_idx:0 sender:[1c:79:2d:20:62:cb 192.168.3.75]receiver:[00:00:00:00:00:00 192.168.3.243]
06-24 16:46:27.146 0 0 W : [1 T0 .s] [SP FRAME TX] arp req,vif_idx:0 sender:[1c:79:2d:20:62:cb 192.168.3.75]receiver:[00:00:00:00:00:00 192.168.3.243]
06-24 16:46:27.407 0 0 W : [2 T1046 ..] [SP FRAME RX] arp req,vif_idx:0 sender:[9a:86:f7:27:5c:25 192.168.3.169]receiver:[00:00:00:00:00:00 192.168.3.75]
06-24 16:46:27.408 0 0 W : [2 T1046 ..] [SP FRAME TX] arp rsp,vif_idx:0 sender:[1c:79:2d:20:62:cb 192.168.3.75]receiver:[9a:86:f7:27:5c:25 192.168.3.169]
06-24 16:46:28.170 0 0 W : [1 T0 .s] [SP FRAME TX] arp req,vif_idx:0 sender:[1c:79:2d:20:62:cb 192.168.3.75]receiver:[00:00:00:00:00:00 192.168.3.243]
06-24 16:46:28.501 0 0 W : [2 T1046 ..] [SP FRAME RX] arp req,vif_idx:0 sender:[0c:91:60:12:cd:6e 192.168.3.81]receiver:[00:00:00:00:00:00 192.168.3.75]
06-24 16:46:28.502 0 0 W : [2 T1046 ..] [SP FRAME TX] arp rsp,vif_idx:0 sender:[1c:79:2d:20:62:cb 192.168.3.75]receiver:[0c:91:60:12:cd:6e 192.168.3.81]
06-24 16:46:28.731 0 0 W : [2 T1046 ..] [SP FRAME RX] arp req,vif_idx:0 sender:[d2:07:9a:6e:a7:36 192.168.3.27]receiver:[00:00:00:00:00:00 192.168.3.75]
06-24 16:46:28.732 0 0 W : [2 T1046 ..] [SP FRAME TX] arp rsp,vif_idx:0 sender:[1c:79:2d:20:62:cb 192.168.3.75]receiver:[d2:07:9a:6e:a7:36 192.168.3.27]
06-24 16:46:28.741 0 0 W : [2 T1046 ..] [SP FRAME RX] arp req,vif_idx:0 sender:[c6:ce:03:3d:c3:bd 192.168.3.118]receiver:[00:00:00:00:00:00 192.168.3.75]
06-24 16:46:28.742 0 0 W : [2 T1046 ..] [SP FRAME TX] arp rsp,vif_idx:0 sender:[1c:79:2d:20:62:cb 192.168.3.75]receiver:[c6:ce:03:3d:c3:bd 192.168.3.118]
06-24 16:46:28.768 0 0 W : [2 T1046 ..] [SP FRAME RX] arp req,vif_idx:0 sender:[28:7b:11:70:51:1f 192.168.3.44]receiver:[00:00:00:00:00:00 192.168.3.75]
06-24 16:46:28.769 0 0 W : [2 T1046 ..] [SP FRAME TX] arp rsp,vif_idx:0 sender:[1c:79:2d:20:62:cb 192.168.3.75]receiver:[28:7b:11:70:51:1f 192.168.3.44]
06-24 16:46:28.843 1407 1731 W ContextImpl: Calling a method in the system process without a qualified user: android.app.ContextImpl.sendBroadcast:1220 android.content.ContextWrapper.sendBroadcast:504 com.dangbei.etna.setting.core.SettingHelper.sendCycleToProjector:257 com.dangbei.etna.setting.core.SettingHelper.sendCycleCheckBroadcast:226 com.dangbei.etna.setting.core.SettingHelper.startLoop$lambda-0:185
06-24 16:46:28.844 1407 1731 W ContextImpl: Calling a method in the system process without a qualified user: android.app.ContextImpl.sendBroadcast:1220 android.content.ContextWrapper.sendBroadcast:504 com.dangbei.etna.setting.core.SettingHelper.sendCycleToVoice:242 com.dangbei.etna.setting.core.SettingHelper.sendCycleCheckBroadcast:227 com.dangbei.etna.setting.core.SettingHelper.startLoop$lambda-0:185
06-24 16:46:29.194 0 0 W : [1 T0 .s] [SP FRAME TX] arp req,vif_idx:0 sender:[1c:79:2d:20:62:cb 192.168.3.75]receiver:[00:00:00:00:00:00 192.168.3.243]
06-24 16:46:30.102 0 0 W : [3 T1046 ..] [SP FRAME RX] arp req,vif_idx:0 sender:[3a:fd:3d:ee:5f:54 192.168.3.129]receiver:[00:00:00:00:00:00 192.168.3.75]
06-24 16:46:30.103 0 0 W : [3 T1046 ..] [SP FRAME TX] arp rsp,vif_idx:0 sender:[1c:79:2d:20:62:cb 192.168.3.75]receiver:[3a:fd:3d:ee:5f:54 192.168.3.129]
06-24 16:46:30.218 0 0 W : [1 T0 .s] [SP FRAME TX] arp req,vif_idx:0 sender:[1c:79:2d:20:62:cb 192.168.3.75]receiver:[00:00:00:00:00:00 192.168.3.243]
06-24 16:46:30.568 0 0 W : [3 T1046 ..] [SP FRAME RX] arp req,vif_idx:0 sender:[3a:fd:3d:ee:5f:54 192.168.3.129]receiver:[00:00:00:00:00:00 192.168.3.75]
06-24 16:46:30.569 0 0 W : [3 T1046 ..] [SP FRAME TX] arp rsp,vif_idx:0 sender:[1c:79:2d:20:62:cb 192.168.3.75]receiver:[3a:fd:3d:ee:5f:54 192.168.3.129]
06-24 16:46:31.242 0 0 W : [1 T0 .s] [SP FRAME TX] arp req,vif_idx:0 sender:[1c:79:2d:20:62:cb 192.168.3.75]receiver:[00:00:00:00:00:00 192.168.3.243]
06-24 16:46:32.266 0 0 W : [1 T0 .s] [SP FRAME TX] arp req,vif_idx:0 sender:[1c:79:2d:20:62:cb 192.168.3.75]receiver:[00:00:00:00:00:00 192.168.3.243]
06-24 16:46:33.290 0 0 W : [1 T0 .s] [SP FRAME TX] arp req,vif_idx:0 sender:[1c:79:2d:20:62:cb 192.168.3.75]receiver:[00:00:00:00:00:00 192.168.3.243]
06-24 16:46:33.974 0 0 W : [3 T1046 ..] [SP FRAME RX] arp req,vif_idx:0 sender:[b6:9c:70:ec:40:e7 192.168.3.65]receiver:[00:00:00:00:00:00 192.168.3.75]
06-24 16:46:33.975 0 0 W : [3 T1046 ..] [SP FRAME TX] arp rsp,vif_idx:0 sender:[1c:79:2d:20:62:cb 192.168.3.75]receiver:[b6:9c:70:ec:40:e7 192.168.3.65]
06-24 16:46:34.000 0 0 W : [3 T1046 ..] [SP FRAME RX] arp req,vif_idx:0 sender:[da:b8:33:f6:93:fe 192.168.3.89]receiver:[00:00:00:00:00:00 192.168.3.75]
06-24 16:46:34.001 0 0 W : [3 T1046 ..] [SP FRAME TX] arp rsp,vif_idx:0 sender:[1c:79:2d:20:62:cb 192.168.3.75]receiver:[da:b8:33:f6:93:fe 192.168.3.89]
06-24 16:46:34.318 0 0 W : [1 T16291 .s] [SP FRAME TX] arp req,vif_idx:0 sender:[1c:79:2d:20:62:cb 192.168.3.75]receiver:[00:00:00:00:00:00 192.168.3.243]
06-24 16:46:34.899 0 0 W : [1 T1046 ..] [SP FRAME RX] arp req,vif_idx:0 sender:[28:7b:11:70:4f:a5 192.168.3.155]receiver:[00:00:00:00:00:00 192.168.3.75]
06-24 16:46:34.900 0 0 W : [1 T1046 ..] [SP FRAME TX] arp rsp,vif_idx:0 sender:[1c:79:2d:20:62:cb 192.168.3.75]receiver:[28:7b:11:70:4f:a5 192.168.3.155]
06-24 16:46:35.338 0 0 W : [1 T0 .s] [SP FRAME TX] arp req,vif_idx:0 sender:[1c:79:2d:20:62:cb 192.168.3.75]receiver:[00:00:00:00:00:00 192.168.3.243]
06-24 16:46:35.932 0 0 W : [1 T1046 ..] [SP FRAME RX] arp req,vif_idx:0 sender:[de:90:cb:50:92:8f 192.168.3.145]receiver:[00:00:00:00:00:00 192.168.3.75]
06-24 16:46:35.933 0 0 W : [1 T1046 ..] [SP FRAME TX] arp rsp,vif_idx:0 sender:[1c:79:2d:20:62:cb 192.168.3.75]receiver:[de:90:cb:50:92:8f 192.168.3.145]
06-24 16:46:36.362 0 0 W : [1 T0 .s] [SP FRAME TX] arp req,vif_idx:0 sender:[1c:79:2d:20:62:cb 192.168.3.75]receiver:[00:00:00:00:00:00 192.168.3.243]
06-24 16:46:36.405 685 709 D AutofillManagerService: onBackKeyPressed()
06-24 16:46:36.579 0 0 W : [1 T1046 ..] [SP FRAME RX] arp req,vif_idx:0 sender:[7a:8a:0f:56:00:ca 192.168.3.248]receiver:[00:00:00:00:00:00 192.168.3.75]
06-24 16:46:36.580 0 0 W : [1 T1046 ..] [SP FRAME TX] arp rsp,vif_idx:0 sender:[1c:79:2d:20:62:cb 192.168.3.75]receiver:[7a:8a:0f:56:00:ca 192.168.3.248]
06-24 16:46:37.386 0 0 W : [1 T0 .s] [SP FRAME TX] arp req,vif_idx:0 sender:[1c:79:2d:20:62:cb 192.168.3.75]receiver:[00:00:00:00:00:00 192.168.3.243]
06-24 16:46:37.519 685 709 D AutofillManagerService: onBackKeyPressed()
06-24 16:46:38.410 0 0 W : [1 T0 .s] [SP FRAME TX] arp req,vif_idx:0 sender:[1c:79:2d:20:62:cb 192.168.3.75]receiver:[00:00:00:00:00:00 192.168.3.243]
06-24 16:46:38.489 0 0 W : [0 T1046 ..] [SP FRAME RX] arp rsp,vif_idx:0 sender:[ea:f3:28:46:91:6b 192.168.3.243]receiver:[1c:79:2d:20:62:cb 192.168.3.75]
06-24 16:46:38.478 685 791 I WindowManager: ANR in Window{140a1f9 u0 com.baosheng.ktv/com.activity.WelcomeActivity}. Reason:Input dispatching timed out (140a1f9 com.baosheng.ktv/com.activity.WelcomeActivity (server) is not responding. Waited 5001ms for KeyEvent(deviceId=10, eventTime=20201358944000, source=KEYBOARD | DPAD, displayId=-1, action=DOWN, flags=0x00000008, keyCode=DPAD_CENTER(23), scanCode=28, metaState=0x00000000, repeatCount=0), policyFlags=0x62000001).
06-24 16:46:38.482 685 4629 D ActivityManager: created ANR temporary file:/data/anr/temp_anr_3523250092085326340.txt
06-24 16:46:38.483 685 4629 I ActivityManager: Collecting stacks for pid 2678 into temporary file temp_anr_3523250092085326340.txt
06-24 16:46:38.536 0 0 W : [0 T1046 ..] [SP FRAME RX] arp rsp,vif_idx:0 sender:[c8:5e:a9:73:41:6e 192.168.3.88]receiver:[1c:79:2d:20:62:cb 192.168.3.75]
06-24 16:46:38.547 685 708 D CompatibilityChangeReporter: Compat change id reported: 184838306; UID 1000; state: DISABLED
06-24 16:46:38.547 685 708 D CompatibilityChangeReporter: Compat change id reported: 185004937; UID 1000; state: DISABLED
06-24 16:46:38.557 685 708 D CompatibilityChangeReporter: Compat change id reported: 184838306; UID 10075; state: DISABLED
06-24 16:46:38.557 685 708 D CompatibilityChangeReporter: Compat change id reported: 185004937; UID 10075; state: DISABLED
06-24 16:46:38.558 685 708 D CompatibilityChangeReporter: Compat change id reported: 168419799; UID 10104; state: DISABLED
06-24 16:46:38.558 685 708 D CompatibilityChangeReporter: Compat change id reported: 273564678; UID 10104; state: DISABLED
06-24 16:46:38.559 685 708 D CompatibilityChangeReporter: Compat change id reported: 184838306; UID 10104; state: DISABLED
06-24 16:46:38.560 685 708 D CompatibilityChangeReporter: Compat change id reported: 185004937; UID 10104; state: DISABLED
06-24 16:46:38.581 685 4630 I ActivityManager: dumpStackTraces pids={985=true, 1039=true, 1391=true, 1423=true, 1456=true, 1504=true, 1723=true, 1799=true, 2225=true, 2243=true, 2260=true, 2305=true, 2689=true, 3605=true, 3715=true, 4199=true, 4273=true, 8486=true, 9270=true, 9541=true, 9906=true, 10618=true, 11371=true, 12237=true, 13155=true, 13197=true, 13330=true, 15974=true, 17039=true, 17638=true, 21941=true, 23138=true, 23232=true, 23596=true, 24031=true, 24081=true, 24154=true, 24208=true, 24308=true, 24548=true, 24600=true, 27339=true, 27866=true, 28037=true, 28674=true, 30169=true, 30288=true, 30515=true, 32372=true, 32444=true, 32452=true}
06-24 16:46:38.582 685 4630 I ActivityManager: Dumping to /data/anr/anr_2025-06-24-16-46-38-581
06-24 16:46:38.698 0 0 I [2 T223 ..] logd: logdr: UID=10106 GID=10106 PID=2678 n tail=1000 logMask=d pid=0 start=0ns deadline=0ns
06-24 16:46:38.705 685 685 V SplashScreenExceptionList: SplashScreen checking exception for package com.android.systemui (target sdk:34) -> false
06-24 16:46:38.708 685 685 I ActivityTaskManager: START u0 {flg=0x10000000 cmp=com.android.systemui/.logcat.LogAccessDialogActivity (has extras)} with LAUNCH_MULTIPLE from uid 1000 (BAL_ALLOW_ALLOWLISTED_UID) result code=0
06-24 16:46:38.709 901 979 V WindowManagerShell: Transition requested: android.os.BinderProxy@c124506 TransitionRequestInfo { type = 1, triggerTask = TaskInfo{userId=0 taskId=189 displayId=0 isRunning=true baseIntent=Intent { flg=0x10800000 cmp=com.android.systemui/.logcat.LogAccessDialogActivity } baseActivity=ComponentInfo{com.android.systemui/com.android.systemui.logcat.LogAccessDialogActivity} topActivity=ComponentInfo{com.android.systemui/com.android.systemui.logcat.LogAccessDialogActivity} origActivity=null realActivity=ComponentInfo{com.android.systemui/com.android.systemui.logcat.LogAccessDialogActivity} numActivities=1 lastActiveTime=20206609 supportsMultiWindow=true resizeMode=1 isResizeable=true minWidth=-1 minHeight=-1 defaultMinSize=220 token=WCT{android.window.IWindowContainerToken$Stub$Proxy@d7367c7} topActivityType=1 pictureInPictureParams=null shouldDockBigOverlays=true launchIntoPipHostTaskId=-1 lastParentTaskIdBeforePip=-1 displayCutoutSafeInsets=null topActivityInfo=ActivityInfo{eac01f4 com.android.systemui.logcat.LogAccessDialogActivity} launchCookies=[] positionInParent=Point(0, 0) parentTaskId=-1 isFocused=false isVisible=false isVisibleRequested=false isSleeping=false topActivityInSizeCompat=false topActivityEligibleForLetterboxEducation= false isLetterboxDoubleTapEnabled= false topActivityEligibleForUserAspectRatioButton= false topActivityBoundsLetterboxed= false isFromLetterboxDoubleTap= false topActivityLetterboxVerticalPosition= -1 topActivityLetterboxHorizontalPosition= -1 topActivityLetterboxWidth=-1 topActivityLetterboxHeight=-1 isUserFullscreenOverrideEnabled=false isTopActivityTransparent=true locusId=null displayAreaFeatureId=1 cameraCompatControlState=hidden}, remoteTransition = null, displayChange = null, flags = 0 }
06-24 16:46:38.714 685 709 D HdmiControlService: Process pid: 685 is calling oneTouchPlay.
06-24 16:46:38.715 685 685 D HdmiControlService: Local device is under address allocation. Save OTP callback for later process.
06-24 16:46:38.721 901 979 D WindowManagerShell: TvPipMenuController: closeMenu()
06-24 16:46:38.721 901 979 I WindowManagerShell: TvPipMenuController: switchToMenuMode: setting mCurrentMenuMode=MODE_NO_MENU, mPrevMenuMode=MODE_NO_MENU
06-24 16:46:38.722 685 708 D AutofillManagerService: Close system dialogs
06-24 16:46:38.734 685 709 I ActivityTaskManager: START u0 {act=android.intent.action.MAIN cat=[android.intent.category.HOME] flg=0x10000100 cmp=com.dangbei.leard.leradlauncher/com.dangbei.launcher.home.LauncherActivity (has extras)} with LAUNCH_SINGLE_TASK from uid 0 (BAL_ALLOW_ALLOWLISTED_UID) result code=2
06-24 16:46:38.918 685 4630 I ActivityManager: Collecting stacks for pid 685
06-24 16:46:39.205 685 711 W ActivityTaskManager: Activity top resumed state loss timeout for ActivityRecord{f922354 u0 com.baosheng.ktv/com.activity.WelcomeActivity t188}
06-24 16:46:39.207 685 711 W ActivityTaskManager: Activity pause timeout for ActivityRecord{f922354 u0 com.baosheng.ktv/com.activity.WelcomeActivity t188}
06-24 16:46:39.210 685 711 V WindowManager: app ------------- force_land :0
06-24 16:46:39.290 0 0 E [2 T247 ..] aml_cma_alloc: heap-gfx: alloc failed, req-size: 2072 pages, ret: -12
06-24 16:46:39.290 0 0 W [3 T1218 ..] audit: audit_lost=22710 audit_rate_limit=5 audit_backlog_limit=64
06-24 16:46:39.294 0 0 E [3 T1218 ..] audit: rate limit exceeded
06-24 16:46:39.312 901 979 D WindowManagerShell: TvPipController: onTaskStackChanged()
06-24 16:46:39.338 685 712 D CompatibilityChangeReporter: Compat change id reported: 197654537; UID 10096; state: DISABLED
06-24 16:46:39.344 685 709 W ContextImpl: Calling a method in the system process without a qualified user: android.app.ContextImpl.startService:1899 com.android.server.wm.DisplayPolicy.lambda$focusChangedLw$5:2126 com.android.server.wm.DisplayPolicy.$r8$lambda$Znxk63oh-WzVnzo_WQefN7uxV48:0 com.android.server.wm.DisplayPolicy$$ExternalSyntheticLambda13.run:0 android.os.Handler.handleCallback:958
06-24 16:46:39.348 901 979 V WindowManagerShell: onTransitionReady android.os.BinderProxy@c124506: {id=605 t=OPEN f=0x0 trk=0 r=[0@Point(0, 0)] c=[{WCT{android.window.IWindowContainerToken$Stub$Proxy@5c6eede} m=TO_FRONT f=MOVE_TO_TOP leash=Surface(name=Task=1)/@0x5fdab92 sb=Rect(0, 0 - 1920, 1080) eb=Rect(0, 0 - 1920, 1080) d=0},{WCT{android.window.IWindowContainerToken$Stub$Proxy@2f88bf} m=TO_BACK f=TRANSLUCENT leash=Surface(name=Task=188)/@0xc34b963 sb=Rect(0, 0 - 1920, 1080) eb=Rect(0, 0 - 1920, 1080) d=0},{WCT{android.window.IWindowContainerToken$Stub$Proxy@2a19b8c} m=TO_BACK f=NONE leash=Surface(name=Task=187)/@0x8814960 sb=Rect(0, 0 - 1920, 1080) eb=Rect(0, 0 - 1920, 1080) d=0}]}
06-24 16:46:39.348 901 979 V WindowManagerShell: Playing animation for (#605)android.os.BinderProxy@c124506@0
06-24 16:46:39.348 901 979 V WindowManagerShell: try handler com.android.wm.shell.keyguard.KeyguardTransitionHandler@24e2028
06-24 16:46:39.348 901 979 V WindowManagerShell: try handler com.android.wm.shell.pip.tv.TvPipTransition@1141
06-24 16:46:39.348 901 979 V WindowManagerShell: try handler com.android.wm.shell.activityembedding.ActivityEmbeddingController@e8f56e6
06-24 16:46:39.348 685 708 V WindowManager: Sent Transition #605 createdAt=06-24 16:46:38.697 via request=TransitionRequestInfo { type = 1, triggerTask = TaskInfo{userId=0 taskId=189 displayId=0 isRunning=true baseIntent=Intent { flg=0x10800000 cmp=com.android.systemui/.logcat.LogAccessDialogActivity } baseActivity=ComponentInfo{com.android.systemui/com.android.systemui.logcat.LogAccessDialogActivity} topActivity=ComponentInfo{com.android.systemui/com.android.systemui.logcat.LogAccessDialogActivity} origActivity=null realActivity=ComponentInfo{com.android.systemui/com.android.systemui.logcat.LogAccessDialogActivity} numActivities=1 lastActiveTime=20206609 supportsMultiWindow=true resizeMode=1 isResizeable=true minWidth=-1 minHeight=-1 defaultMinSize=220 token=WCT{RemoteToken{e06c330 Task{20c8512 #189 type=standard A=10052:com.android.systemui}}} topActivityType=1 pictureInPictureParams=null shouldDockBigOverlays=true launchIntoPipHostTaskId=-1 lastParentTaskIdBeforePip=-1 displayCutoutSafeInsets=null topActivityInfo=ActivityInfo{f79eba9 com.android.systemui.logcat.LogAccessDialogActivity} launchCookies=[] positionInParent=Point(0, 0) parentTaskId=-1 isFocused=false isVisible=false isVisibleRequested=false isSleeping=false topActivityInSizeCompat=false topActivityEligibleForLetterboxEducation= false isLetterboxDoubleTapEnabled= false topActivityEligibleForUserAspectRatioButton= false topActivityBoundsLetterboxed= false isFromLetterboxDoubleTap= false topActivityLetterboxVerticalPosition= -1 topActivityLetterboxHorizontalPosition= -1 topActivityLetterboxWidth=-1 topActivityLetterboxHeight=-1 isUserFullscreenOverrideEnabled=false isTopActivityTransparent=true locusId=null displayAreaFeatureId=1 cameraCompatControlState=hidden}, remoteTransition = null, displayChange = null, flags = 0 }
06-24 16:46:39.348 901 979 V WindowManagerShell: try handler com.android.wm.shell.transition.RemoteTransitionHandler@b664427
06-24 16:46:39.348 685 708 V WindowManager: startWCT=WindowContainerTransaction { changes = {} hops = [] errorCallbackToken=null taskFragmentOrganizer=null }
06-24 16:46:39.348 901 979 V WindowManagerShell: Transition doesn't have explicit remote, search filters for match for {id=605 t=OPEN f=0x0 trk=0 r=[0@Point(0, 0)] c=[{WCT{android.window.IWindowContainerToken$Stub$Proxy@5c6eede} m=TO_FRONT f=MOVE_TO_TOP leash=Surface(name=Task=1)/@0x5fdab92 sb=Rect(0, 0 - 1920, 1080) eb=Rect(0, 0 - 1920, 1080) d=0},{WCT{android.window.IWindowContainerToken$Stub$Proxy@2f88bf} m=TO_BACK f=TRANSLUCENT leash=Surface(name=Task=188)/@0xc34b963 sb=Rect(0, 0 - 1920, 1080) eb=Rect(0, 0 - 1920, 1080) d=0},{WCT{android.window.IWindowContainerToken$Stub$Proxy@2a19b8c} m=TO_BACK f=NONE leash=Surface(name=Task=187)/@0x8814960 sb=Rect(0, 0 - 1920, 1080) eb=Rect(0, 0 - 1920, 1080) d=0}]}
06-24 16:46:39.349 901 979 V WindowManagerShell: Delegate animation for #605 to null
06-24 16:46:39.349 901 979 V WindowManagerShell: try handler com.android.wm.shell.transition.DefaultTransitionHandler@7916d4
06-24 16:46:39.349 685 708 V WindowManager: info={id=605 t=OPEN f=0x0 trk=0 r=[0@Point(0, 0)] c=[{WCT{RemoteToken{30b1e82 Task{4d21fd0 #1 type=home}}} m=TO_FRONT f=MOVE_TO_TOP leash=Surface(name=Task=1)/@0x54f0375 sb=Rect(0, 0 - 1920, 1080) eb=Rect(0, 0 - 1920, 1080) d=0},{WCT{RemoteToken{e0446bb Task{ef4d2fd #188 type=standard A=10106:com.baosheng.ktv}}} m=TO_BACK f=TRANSLUCENT leash=Surface(name=Task=188)/@0x73e88ec sb=Rect(0, 0 - 1920, 1080) eb=Rect(0, 0 - 1920, 1080) d=0},{WCT{RemoteToken{484482f Task{6becef #187 type=standard A=10096:com.dangbeimarket}}} m=TO_BACK f=NONE leash=Surface(name=Task=187)/@0xcaf61d3 sb=Rect(0, 0 - 1920, 1080) eb=Rect(0, 0 - 1920, 1080) d=0}]}
06-24 16:46:39.349 901 979 V WindowManagerShell: start default transition animation, info = {id=605 t=OPEN f=0x0 trk=0 r=[0@Point(0, 0)] c=[{WCT{android.window.IWindowContainerToken$Stub$Proxy@5c6eede} m=TO_FRONT f=MOVE_TO_TOP leash=Surface(name=Task=1)/@0x5fdab92 sb=Rect(0, 0 - 1920, 1080) eb=Rect(0, 0 - 1920, 1080) d=0},{WCT{android.window.IWindowContainerToken$Stub$Proxy@2f88bf} m=TO_BACK f=TRANSLUCENT leash=Surface(name=Task=188)/@0xc34b963 sb=Rect(0, 0 - 1920, 1080) eb=Rect(0, 0 - 1920, 1080) d=0},{WCT{android.window.IWindowContainerToken$Stub$Proxy@2a19b8c} m=TO_BACK f=NONE leash=Surface(name=Task=187)/@0x8814960 sb=Rect(0, 0 - 1920, 1080) eb=Rect(0, 0 - 1920, 1080) d=0}]}
06-24 16:46:39.349 901 979 V WindowManagerShell: loadAnimation: anim=android.view.animation.AlphaAnimation@64f1aea animAttr=0x9 type=OPEN isEntrance=false
06-24 16:46:39.350 901 979 V WindowManagerShell: loadAnimation: anim=android.view.animation.AlphaAnimation@c92e478 animAttr=0x7 type=OPEN isEntrance=false
06-24 16:46:39.350 901 979 V WindowManagerShell: loadAnimation: anim=android.view.animation.AlphaAnimation@8f80751 animAttr=0x8 type=OPEN isEntrance=true
06-24 16:46:39.355 901 979 V WindowManagerShell: animated by com.android.wm.shell.transition.DefaultTransitionHandler@7916d4
06-24 16:46:39.434 0 0 W : [1 T693 .s] [SP FRAME TX] arp req,vif_idx:0 sender:[1c:79:2d:20:62:cb 192.168.3.75]receiver:[00:00:00:00:00:00 192.168.3.68]
06-24 16:46:39.444 685 709 D HdmiControlService: Process pid: 685 is calling oneTouchPlay.
06-24 16:46:39.446 685 685 D HdmiControlService: Local device is under address allocation. Save OTP callback for later process.
06-24 16:46:39.455 685 708 D AutofillManagerService: Close system dialogs
06-24 16:46:39.455 901 979 D WindowManagerShell: TvPipMenuController: closeMenu()
06-24 16:46:39.456 901 979 I WindowManagerShell: TvPipMenuController: switchToMenuMode: setting mCurrentMenuMode=MODE_NO_MENU, mPrevMenuMode=MODE_NO_MENU
06-24 16:46:39.464 685 709 I ActivityTaskManager: START u0 {act=android.intent.action.MAIN cat=[android.intent.category.HOME] flg=0x10000100 cmp=com.dangbei.leard.leradlauncher/com.dangbei.launcher.home.LauncherActivity (has extras)} with LAUNCH_SINGLE_TASK from uid 0 (BAL_ALLOW_ALLOWLISTED_UID) result code=3
06-24 16:46:39.475 0 0 W : [3 T1046 ..] [SP FRAME RX] arp rsp,vif_idx:0 sender:[f6:f5:2e:bc:8c:d5 192.168.3.68]receiver:[1c:79:2d:20:62:cb 192.168.3.75]
06-24 16:46:39.476 0 0 W : [3 T1046 ..] [SP FRAME RX] arp req,vif_idx:0 sender:[02:d1:be:fb:0a:d7 192.168.3.130]receiver:[00:00:00:00:00:00 192.168.3.75]
06-24 16:46:39.477 0 0 W : [3 T1046 ..] [SP FRAME TX] arp rsp,vif_idx:0 sender:[1c:79:2d:20:62:cb 192.168.3.75]receiver:[02:d1:be:fb:0a:d7 192.168.3.130]
06-24 16:46:39.474 1423 1423 W ContextImpl: Calling a method in the system process without a qualified user: android.app.ContextImpl.startActivity:1102 android.content.ContextWrapper.startActivity:436 ie.b.f:119 ie.a.b:75 ge.a.c:71
06-24 16:46:39.474 1423 1423 W ContextImpl: Calling a method in the system process without a qualified user: android.app.ContextImpl.startActivity:1114 android.app.ContextImpl.startActivity:1103 android.content.ContextWrapper.startActivity:436 ie.b.f:119 ie.a.b:75
