06-24 16:54:51.259 685 1083 D CompatibilityChangeReporter: Compat change id reported: 266124927; UID 10107; state: DISABLED
06-24 16:54:51.260 685 1083 D CompatibilityChangeReporter: Compat change id reported: 265451093; UID 10107; state: DISABLED
06-24 16:54:51.260 685 1083 D CompatibilityChangeReporter: Compat change id reported: 265456536; UID 10107; state: DISABLED
06-24 16:54:51.260 685 1083 D CompatibilityChangeReporter: Compat change id reported: 255940284; UID 10107; state: DISABLED
06-24 16:54:51.260 685 1083 D CompatibilityChangeReporter: Compat change id reported: 236283604; UID 10107; state: DISABLED
06-24 16:54:51.261 685 1083 D CompatibilityChangeReporter: Compat change id reported: 263959004; UID 10107; state: DISABLED
06-24 16:54:51.261 685 1083 D CompatibilityChangeReporter: Compat change id reported: 264304459; UID 10107; state: DISABLED
06-24 16:54:51.261 685 1083 D CompatibilityChangeReporter: Compat change id reported: 264301586; UID 10107; state: DISABLED
06-24 16:54:51.261 685 1083 D CompatibilityChangeReporter: Compat change id reported: 254631730; UID 10107; state: DISABLED
06-24 16:54:51.261 685 1083 D CompatibilityChangeReporter: Compat change id reported: 273509367; UID 10107; state: DISABLED
06-24 16:54:51.261 685 1083 D CompatibilityChangeReporter: Compat change id reported: 263259275; UID 10107; state: DISABLED
06-24 16:54:51.262 685 1083 D CompatibilityChangeReporter: Compat change id reported: 174042980; UID 10107; state: DISABLED
06-24 16:54:51.262 685 1083 D CompatibilityChangeReporter: Compat change id reported: 174042936; UID 10107; state: DISABLED
06-24 16:54:51.262 685 1083 D CompatibilityChangeReporter: Compat change id reported: 181136395; UID 10107; state: DISABLED
06-24 16:54:51.263 685 1083 D CompatibilityChangeReporter: Compat change id reported: 194480991; UID 10107; state: ENABLED
06-24 16:54:51.265 685 1083 D CompatibilityChangeReporter: Compat change id reported: 197654537; UID 10107; state: DISABLED
06-24 16:54:51.268 685 1083 D CompatibilityChangeReporter: Compat change id reported: 184838306; UID 10107; state: DISABLED
06-24 16:54:51.268 685 1083 D CompatibilityChangeReporter: Compat change id reported: 185004937; UID 10107; state: DISABLED
06-24 16:54:51.279 685 1083 E Transition: Trying to add a ready-group twice: Display{#0 state=ON size=1920x1080 ROTATION_0}
06-24 16:54:51.280 685 1083 D CompatibilityChangeReporter: Compat change id reported: 194833441; UID 10107; state: DISABLED
06-24 16:54:51.280 901 979 V WindowManagerShell: Transition requested: android.os.BinderProxy@82bd87b TransitionRequestInfo { type = 1, triggerTask = TaskInfo{userId=0 taskId=198 displayId=0 isRunning=true baseIntent=Intent { act=android.intent.action.MAIN cat=[android.intent.category.LAUNCHER] flg=0x10000000 pkg=com.tencent.start.tv cmp=com.tencent.start.tv/com.tencent.start.ui.EntryActivity } baseActivity=ComponentInfo{com.tencent.start.tv/com.tencent.start.ui.SplashActivity} topActivity=ComponentInfo{com.tencent.start.tv/com.tencent.start.ui.HippyActivity} origActivity=null realActivity=ComponentInfo{com.tencent.start.tv/com.tencent.start.ui.EntryActivity} numActivities=2 lastActiveTime=20699180 supportsMultiWindow=true resizeMode=1 isResizeable=true minWidth=-1 minHeight=-1 defaultMinSize=220 token=WCT{android.window.IWindowContainerToken$Stub$Proxy@c2d698} topActivityType=1 pictureInPictureParams=null shouldDockBigOverlays=true launchIntoPipHostTaskId=-1 lastParentTaskIdBeforePip=-1 displayCutoutSafeInsets=null topActivityInfo=ActivityInfo{1e7def1 com.tencent.start.ui.HippyActivity} launchCookies=[] positionInParent=Point(0, 0) parentTaskId=-1 isFocused=true isVisible=true isVisibleRequested=true isSleeping=false topActivityInSizeCompat=false topActivityEligibleForLetterboxEducation= false isLetterboxDoubleTapEnabled= false topActivityEligibleForUserAspectRatioButton= false topActivityBoundsLetterboxed= false isFromLetterboxDoubleTap= false topActivityLetterboxVerticalPosition= -1 topActivityLetterboxHorizontalPosition= -1 topActivityLetterboxWidth=-1 topActivityLetterboxHeight=-1 isUserFullscreenOverrideEnabled=false isTopActivityTransparent=false locusId=null displayAreaFeatureId=1 cameraCompatControlState=hidden}, remoteTransition = null, displayChange = null, flags = 0 }
06-24 16:54:51.280 685 1083 I ActivityTaskManager: START u0 {cmp=com.tencent.start.tv/com.tencent.start.ui.HippyActivity (has extras)} with LAUNCH_MULTIPLE from uid 10107 (BAL_ALLOW_VISIBLE_WINDOW) result code=0
06-24 16:54:51.294 685 5885 V WindowManager: app ------------- force_land :0
06-24 16:54:51.393 685 5885 W WindowManager: [addWindow] title:com.tencent.start.tv/com.tencent.start.ui.HippyActivity
06-24 16:54:51.393 685 1076 W WindowManager: Failed looking up window session=Session{4e5e56d 10146:u0a10107} callers=com.android.server.wm.WindowManagerService.windowForClientLocked:6077 com.android.server.wm.Session.updateRequestedVisibleTypes:695 android.view.IWindowSession$Stub.onTransact:1034
06-24 16:54:51.394 685 5885 D CompatibilityChangeReporter: Compat change id reported: 168419799; UID 10107; state: DISABLED
06-24 16:54:51.394 685 5885 D CompatibilityChangeReporter: Compat change id reported: 273564678; UID 10107; state: DISABLED
06-24 16:54:51.398 901 979 D WindowManagerShell: TvPipController: onTaskStackChanged()
06-24 16:54:51.400 685 5885 D CoreBackPreview: Window{2f41f95 u0 com.tencent.start.tv/com.tencent.start.ui.HippyActivity}: Setting back callback OnBackInvokedCallbackInfo{mCallback=android.window.IOnBackInvokedCallback$Stub$Proxy@b46ac9b, mPriority=0, mIsAnimationCallback=false}
06-24 16:54:51.462 0 0 W : [2 T1046 ..] [SP FRAME RX] arp req,vif_idx:0 sender:[ca:fd:12:4f:e3:96 192.168.3.13]receiver:[00:00:00:00:00:00 192.168.3.75]
06-24 16:54:51.463 0 0 W : [2 T1046 ..] [SP FRAME TX] arp rsp,vif_idx:0 sender:[1c:79:2d:20:62:cb 192.168.3.75]receiver:[ca:fd:12:4f:e3:96 192.168.3.13]
06-24 16:54:51.512 685 709 W ContextImpl: Calling a method in the system process without a qualified user: android.app.ContextImpl.startService:1899 com.android.server.wm.DisplayPolicy.lambda$focusChangedLw$5:2126 com.android.server.wm.DisplayPolicy.$r8$lambda$Znxk63oh-WzVnzo_WQefN7uxV48:0 com.android.server.wm.DisplayPolicy$$ExternalSyntheticLambda13.run:0 android.os.Handler.handleCallback:958
06-24 16:54:51.600 901 979 V WindowManagerShell: onTransitionReady android.os.BinderProxy@82bd87b: {id=636 t=OPEN f=0x0 trk=0 r=[0@Point(0, 0)] c=[{null m=OPEN f=FILLS_TASK leash=Surface(name=ActivityRecord{7ef809e u0 com.tencent.start.tv/com.tencent.start.ui.HippyActivity)/@0x50d8ad6 sb=Rect(0, 0 - 0, 0) eb=Rect(0, 0 - 1920, 1080) d=-1->0 r=-1->0:-1},{null m=TO_BACK f=FILLS_TASK leash=Surface(name=ActivityRecord{980a637 u0 com.tencent.start.tv/com.tencent.start.ui.SplashActivity)/@0xe958157 sb=Rect(0, 0 - 1920, 1080) eb=Rect(0, 0 - 1920, 1080) d=0}]}
06-24 16:54:51.600 685 708 V WindowManager: Sent Transition #636 createdAt=06-24 16:54:51.263 via request=TransitionRequestInfo { type = 1, triggerTask = TaskInfo{userId=0 taskId=198 displayId=0 isRunning=true baseIntent=Intent { act=android.intent.action.MAIN cat=[android.intent.category.LAUNCHER] flg=0x10000000 pkg=com.tencent.start.tv cmp=com.tencent.start.tv/com.tencent.start.ui.EntryActivity } baseActivity=ComponentInfo{com.tencent.start.tv/com.tencent.start.ui.SplashActivity} topActivity=ComponentInfo{com.tencent.start.tv/com.tencent.start.ui.HippyActivity} origActivity=null realActivity=ComponentInfo{com.tencent.start.tv/com.tencent.start.ui.EntryActivity} numActivities=2 lastActiveTime=20699180 supportsMultiWindow=true resizeMode=1 isResizeable=true minWidth=-1 minHeight=-1 defaultMinSize=220 token=WCT{RemoteToken{720a029 Task{8ac7f47 #198 type=standard A=10107:com.tencent.start.tv}}} topActivityType=1 pictureInPictureParams=null shouldDockBigOverlays=true launchIntoPipHostTaskId=-1 lastParentTaskIdBeforePip=-1 displayCutoutSafeInsets=null topActivityInfo=ActivityInfo{b597777 com.tencent.start.ui.HippyActivity} launchCookies=[] positionInParent=Point(0, 0) parentTaskId=-1 isFocused=true isVisible=true isVisibleRequested=true isSleeping=false topActivityInSizeCompat=false topActivityEligibleForLetterboxEducation= false isLetterboxDoubleTapEnabled= false topActivityEligibleForUserAspectRatioButton= false topActivityBoundsLetterboxed= false isFromLetterboxDoubleTap= false topActivityLetterboxVerticalPosition= -1 topActivityLetterboxHorizontalPosition= -1 topActivityLetterboxWidth=-1 topActivityLetterboxHeight=-1 isUserFullscreenOverrideEnabled=false isTopActivityTransparent=false locusId=null displayAreaFeatureId=1 cameraCompatControlState=hidden}, remoteTransition = null, displayChange = null, flags = 0 }
06-24 16:54:51.600 685 708 V WindowManager: startWCT=WindowContainerTransaction { changes = {} hops = [] errorCallbackToken=null taskFragmentOrganizer=null }
06-24 16:54:51.600 901 979 V WindowManagerShell: Playing animation for (#636)android.os.BinderProxy@82bd87b@0
06-24 16:54:51.600 685 708 V WindowManager: info={id=636 t=OPEN f=0x0 trk=0 r=[0@Point(0, 0)] c=[{null m=OPEN f=FILLS_TASK leash=Surface(name=ActivityRecord{7ef809e u0 com.tencent.start.tv/com.tencent.start.ui.HippyActivity)/@0x7c42011 sb=Rect(0, 0 - 0, 0) eb=Rect(0, 0 - 1920, 1080) d=-1->0 r=-1->0:-1},{null m=TO_BACK f=FILLS_TASK leash=Surface(name=ActivityRecord{980a637 u0 com.tencent.start.tv/com.tencent.start.ui.SplashActivity)/@0x90e838 sb=Rect(0, 0 - 1920, 1080) eb=Rect(0, 0 - 1920, 1080) d=0}]}
06-24 16:54:51.600 901 979 V WindowManagerShell: try handler com.android.wm.shell.keyguard.KeyguardTransitionHandler@24e2028
06-24 16:54:51.600 901 979 V WindowManagerShell: try handler com.android.wm.shell.pip.tv.TvPipTransition@1141
06-24 16:54:51.600 901 979 V WindowManagerShell: try handler com.android.wm.shell.activityembedding.ActivityEmbeddingController@e8f56e6
06-24 16:54:51.601 901 979 V WindowManagerShell: try handler com.android.wm.shell.transition.RemoteTransitionHandler@b664427
06-24 16:54:51.601 901 979 V WindowManagerShell: Transition doesn't have explicit remote, search filters for match for {id=636 t=OPEN f=0x0 trk=0 r=[0@Point(0, 0)] c=[{null m=OPEN f=FILLS_TASK leash=Surface(name=ActivityRecord{7ef809e u0 com.tencent.start.tv/com.tencent.start.ui.HippyActivity)/@0x50d8ad6 sb=Rect(0, 0 - 0, 0) eb=Rect(0, 0 - 1920, 1080) d=-1->0 r=-1->0:-1},{null m=TO_BACK f=FILLS_TASK leash=Surface(name=ActivityRecord{980a637 u0 com.tencent.start.tv/com.tencent.start.ui.SplashActivity)/@0xe958157 sb=Rect(0, 0 - 1920, 1080) eb=Rect(0, 0 - 1920, 1080) d=0}]}
06-24 16:54:51.601 901 979 V WindowManagerShell: Delegate animation for #636 to null
06-24 16:54:51.601 901 979 V WindowManagerShell: try handler com.android.wm.shell.transition.DefaultTransitionHandler@7916d4
06-24 16:54:51.601 901 979 V WindowManagerShell: start default transition animation, info = {id=636 t=OPEN f=0x0 trk=0 r=[0@Point(0, 0)] c=[{null m=OPEN f=FILLS_TASK leash=Surface(name=ActivityRecord{7ef809e u0 com.tencent.start.tv/com.tencent.start.ui.HippyActivity)/@0x50d8ad6 sb=Rect(0, 0 - 0, 0) eb=Rect(0, 0 - 1920, 1080) d=-1->0 r=-1->0:-1},{null m=TO_BACK f=FILLS_TASK leash=Surface(name=ActivityRecord{980a637 u0 com.tencent.start.tv/com.tencent.start.ui.SplashActivity)/@0xe958157 sb=Rect(0, 0 - 1920, 1080) eb=Rect(0, 0 - 1920, 1080) d=0}]}
06-24 16:54:51.602 901 979 V WindowManagerShell: loadAnimation: anim=android.view.animation.AlphaAnimation@60a792d animAttr=0x5 type=OPEN isEntrance=false
06-24 16:54:51.602 901 979 V WindowManagerShell: loadAnimation: anim=android.view.animation.AlphaAnimation@92f7e62 animAttr=0x4 type=OPEN isEntrance=true
06-24 16:54:51.609 901 979 V WindowManagerShell: animated by com.android.wm.shell.transition.DefaultTransitionHandler@7916d4
06-24 16:54:51.805 0 0 W [2 T10663 ..] audit: audit_lost=23098 audit_rate_limit=5 audit_backlog_limit=64
06-24 16:54:51.806 0 0 E [2 T10663 ..] audit: rate limit exceeded
06-24 16:54:52.020 901 979 V WindowManagerShell: Transition animation finished (aborted=false), notifying core (#636)android.os.BinderProxy@82bd87b@0
06-24 16:54:52.026 685 708 V WindowManager: Finish Transition #636: created at
06-24 16:54:51.263 collect-started=0.049ms request-sent=15.702ms started=20.999ms ready=33.832ms sent=334.558ms finished=757.796ms
06-24 16:54:52.027 901 979 V WindowManagerShell: Track 0 became idle
06-24 16:54:52.027 901 979 V WindowManagerShell: All active transition animations finished
06-24 16:54:52.197 0 0 W : [2 T1046 ..] [SP FRAME RX] DHCP[0 1], vif_idx:0
06-24 16:54:52.225 685 1076 D CompatibilityChangeReporter: Compat change id reported: 161145287; UID 10107; state: DISABLED
06-24 16:54:53.006 0 0 W : [3 T0 .s] [SP FRAME TX] arp req,vif_idx:0 sender:[1c:79:2d:20:62:cb 192.168.3.75]receiver:[00:00:00:00:00:00 192.168.3.254]
06-24 16:54:53.020 0 0 W : [1 T1046 ..] [SP FRAME RX] arp rsp,vif_idx:0 sender:[12:3c:2c:e1:84:9f 192.168.3.254]receiver:[1c:79:2d:20:62:cb 192.168.3.75]
06-24 16:54:53.738 0 0 W : [1 T1046 ..] [SP FRAME RX] DHCP[0 1], vif_idx:0
06-24 16:54:54.204 0 0 W : [1 T1046 ..] [SP FRAME RX] DHCP[0 1], vif_idx:0
06-24 16:54:54.283 685 1390 E TaskPersister: File error accessing recents directory (directory doesn't exist?).
06-24 16:54:54.868 0 0 W : [1 T1046 ..] [SP FRAME RX] DHCP[0 1], vif_idx:0
06-24 16:54:54.872 685 709 D AutofillManagerService: onBackKeyPressed()
06-24 16:54:54.879 901 979 V WindowManagerShell: Transition requested: android.os.BinderProxy@48b1eae TransitionRequestInfo { type = 2, triggerTask = null, remoteTransition = null, displayChange = null, flags = 0 }
06-24 16:54:54.882 685 1076 W ActivityTaskManager: Duplicate finish request for r=ActivityRecord{7ef809e u0 com.tencent.start.tv/com.tencent.start.ui.HippyActivity t198 f}}
06-24 16:54:54.888 685 1076 V WindowManager: app ------------- force_land :0
06-24 16:54:54.955 901 979 V WindowManagerShell: onTransitionReady android.os.BinderProxy@48b1eae: {id=637 t=CLOSE f=0x0 trk=0 r=[0@Point(0, 0)] c=[{null m=CLOSE f=FILLS_TASK leash=Surface(name=ActivityRecord{7ef809e u0 com.tencent.start.tv/com.tencent.start.ui.HippyActivity)/@0xb29444f sb=Rect(0, 0 - 1920, 1080) eb=Rect(0, 0 - 1920, 1080) d=0},{null m=TO_FRONT f=FILLS_TASK leash=Surface(name=ActivityRecord{980a637 u0 com.tencent.start.tv/com.tencent.start.ui.SplashActivity)/@0x77c57dc sb=Rect(0, 0 - 1920, 1080) eb=Rect(0, 0 - 1920, 1080) d=0}]}
06-24 16:54:54.956 901 979 V WindowManagerShell: Playing animation for (#637)android.os.BinderProxy@48b1eae@0
06-24 16:54:54.956 685 708 V WindowManager: Sent Transition #637 createdAt=06-24 16:54:54.879 via request=TransitionRequestInfo { type = 2, triggerTask = null, remoteTransition = null, displayChange = null, flags = 0 }
06-24 16:54:54.956 685 708 V WindowManager: startWCT=WindowContainerTransaction { changes = {} hops = [] errorCallbackToken=null taskFragmentOrganizer=null }
06-24 16:54:54.956 901 979 V WindowManagerShell: try handler com.android.wm.shell.keyguard.KeyguardTransitionHandler@24e2028
06-24 16:54:54.956 685 708 V WindowManager: info={id=637 t=CLOSE f=0x0 trk=0 r=[0@Point(0, 0)] c=[{null m=CLOSE f=FILLS_TASK leash=Surface(name=ActivityRecord{7ef809e u0 com.tencent.start.tv/com.tencent.start.ui.HippyActivity)/@0x7c42011 sb=Rect(0, 0 - 1920, 1080) eb=Rect(0, 0 - 1920, 1080) d=0},{null m=TO_FRONT f=FILLS_TASK leash=Surface(name=ActivityRecord{980a637 u0 com.tencent.start.tv/com.tencent.start.ui.SplashActivity)/@0x90e838 sb=Rect(0, 0 - 1920, 1080) eb=Rect(0, 0 - 1920, 1080) d=0}]}
06-24 16:54:54.956 901 979 V WindowManagerShell: try handler com.android.wm.shell.pip.tv.TvPipTransition@1141
06-24 16:54:54.956 901 979 V WindowManagerShell: try handler com.android.wm.shell.activityembedding.ActivityEmbeddingController@e8f56e6
06-24 16:54:54.956 901 979 V WindowManagerShell: try handler com.android.wm.shell.transition.RemoteTransitionHandler@b664427
06-24 16:54:54.956 901 979 V WindowManagerShell: Transition doesn't have explicit remote, search filters for match for {id=637 t=CLOSE f=0x0 trk=0 r=[0@Point(0, 0)] c=[{null m=CLOSE f=FILLS_TASK leash=Surface(name=ActivityRecord{7ef809e u0 com.tencent.start.tv/com.tencent.start.ui.HippyActivity)/@0xb29444f sb=Rect(0, 0 - 1920, 1080) eb=Rect(0, 0 - 1920, 1080) d=0},{null m=TO_FRONT f=FILLS_TASK leash=Surface(name=ActivityRecord{980a637 u0 com.tencent.start.tv/com.tencent.start.ui.SplashActivity)/@0x77c57dc sb=Rect(0, 0 - 1920, 1080) eb=Rect(0, 0 - 1920, 1080) d=0}]}
06-24 16:54:54.956 901 979 V WindowManagerShell: Delegate animation for #637 to null
06-24 16:54:54.956 901 979 V WindowManagerShell: try handler com.android.wm.shell.transition.DefaultTransitionHandler@7916d4
06-24 16:54:54.956 901 979 V WindowManagerShell: start default transition animation, info = {id=637 t=CLOSE f=0x0 trk=0 r=[0@Point(0, 0)] c=[{null m=CLOSE f=FILLS_TASK leash=Surface(name=ActivityRecord{7ef809e u0 com.tencent.start.tv/com.tencent.start.ui.HippyActivity)/@0xb29444f sb=Rect(0, 0 - 1920, 1080) eb=Rect(0, 0 - 1920, 1080) d=0},{null m=TO_FRONT f=FILLS_TASK leash=Surface(name=ActivityRecord{980a637 u0 com.tencent.start.tv/com.tencent.start.ui.SplashActivity)/@0x77c57dc sb=Rect(0, 0 - 1920, 1080) eb=Rect(0, 0 - 1920, 1080) d=0}]}
06-24 16:54:54.957 901 979 V WindowManagerShell: loadAnimation: anim=android.view.animation.AlphaAnimation@c6515c8 animAttr=0x6 type=CLOSE isEntrance=true
06-24 16:54:54.958 901 979 V WindowManagerShell: loadAnimation: anim=android.view.animation.AlphaAnimation@fc5586 animAttr=0x7 type=CLOSE isEntrance=false
06-24 16:54:54.962 901 979 V WindowManagerShell: animated by com.android.wm.shell.transition.DefaultTransitionHandler@7916d4
06-24 16:54:54.991 901 979 D WindowManagerShell: TvPipController: onTaskStackChanged()
06-24 16:54:55.012 685 709 W ContextImpl: Calling a method in the system process without a qualified user: android.app.ContextImpl.startService:1899 com.android.server.wm.DisplayPolicy.lambda$focusChangedLw$5:2126 com.android.server.wm.DisplayPolicy.$r8$lambda$Znxk63oh-WzVnzo_WQefN7uxV48:0 com.android.server.wm.DisplayPolicy$$ExternalSyntheticLambda13.run:0 android.os.Handler.handleCallback:958
06-24 16:54:55.206 0 0 W : [3 T1046 ..] [SP FRAME RX] arp req,vif_idx:0 sender:[10:b2:32:39:59:ba 192.168.3.57]receiver:[00:00:00:00:00:00 192.168.3.75]
06-24 16:54:55.207 0 0 W : [3 T1046 ..] [SP FRAME TX] arp rsp,vif_idx:0 sender:[1c:79:2d:20:62:cb 192.168.3.75]receiver:[10:b2:32:39:59:ba 192.168.3.57]
06-24 16:54:55.213 0 0 W : [3 T1046 ..] [SP FRAME RX] arp req,vif_idx:0 sender:[b6:86:f8:35:d4:28 192.168.3.36]receiver:[00:00:00:00:00:00 192.168.3.75]
06-24 16:54:55.214 0 0 W : [3 T1046 ..] [SP FRAME TX] arp rsp,vif_idx:0 sender:[1c:79:2d:20:62:cb 192.168.3.75]receiver:[b6:86:f8:35:d4:28 192.168.3.36]
06-24 16:54:55.306 0 0 W : [0 T0 .s] [SP FRAME TX] arp req,vif_idx:0 sender:[1c:79:2d:20:62:cb 192.168.3.75]receiver:[00:00:00:00:00:00 192.168.3.215]
06-24 16:54:55.307 0 0 W : [0 T0 .s] [SP FRAME TX] arp req,vif_idx:0 sender:[1c:79:2d:20:62:cb 192.168.3.75]receiver:[00:00:00:00:00:00 192.168.3.176]
06-24 16:54:55.309 0 0 W : [0 T0 .s] [SP FRAME TX] arp req,vif_idx:0 sender:[1c:79:2d:20:62:cb 192.168.3.75]receiver:[00:00:00:00:00:00 192.168.3.57]
06-24 16:54:55.310 0 0 W : [0 T0 .s] [SP FRAME TX] arp req,vif_idx:0 sender:[1c:79:2d:20:62:cb 192.168.3.75]receiver:[00:00:00:00:00:00 192.168.3.36]
06-24 16:54:55.314 0 0 W : [3 T1046 ..] [SP FRAME RX] arp rsp,vif_idx:0 sender:[16:8e:6e:17:dc:41 192.168.3.176]receiver:[1c:79:2d:20:62:cb 192.168.3.75]
06-24 16:54:55.315 0 0 W : [3 T1046 ..] [SP FRAME RX] arp rsp,vif_idx:0 sender:[e2:38:ab:ac:32:27 192.168.3.215]receiver:[1c:79:2d:20:62:cb 192.168.3.75]
06-24 16:54:55.320 0 0 W : [3 T1046 ..] [SP FRAME RX] arp rsp,vif_idx:0 sender:[b6:86:f8:35:d4:28 192.168.3.36]receiver:[1c:79:2d:20:62:cb 192.168.3.75]
06-24 16:54:55.373 901 979 V WindowManagerShell: Transition animation finished (aborted=false), notifying core (#637)android.os.BinderProxy@48b1eae@0
06-24 16:54:55.382 901 979 V WindowManagerShell: Track 0 became idle
06-24 16:54:55.382 901 979 V WindowManagerShell: All active transition animations finished
06-24 16:54:55.385 685 708 V WindowManager: Finish Transition #637: created at
06-24 16:54:54.879 collect-started=0.05ms request-sent=0.107ms started=3.374ms ready=10.923ms sent=74.505ms finished=498.209ms
06-24 16:54:55.406 0 0 W : [2 T1046 ..] [SP FRAME RX] arp rsp,vif_idx:0 sender:[10:b2:32:39:59:ba 192.168.3.57]receiver:[1c:79:2d:20:62:cb 192.168.3.75]
06-24 16:54:55.411 685 5885 D CoreBackPreview: Window{2f41f95 u0 com.tencent.start.tv/com.tencent.start.ui.HippyActivity}: Setting back callback null
06-24 16:54:56.805 0 0 W : [1 T1046 ..] [SP FRAME RX] DHCP[0 1], vif_idx:0
06-24 16:54:57.422 685 1083 E Transition: Trying to add a ready-group twice: Display{#0 state=ON size=1920x1080 ROTATION_0}
06-24 16:54:57.423 685 1083 I ActivityTaskManager: START u0 {cmp=com.tencent.start.tv/com.tencent.start.ui.LaunchActivity (has extras)} with LAUNCH_SINGLE_TOP from uid 10107 (BAL_ALLOW_VISIBLE_WINDOW) result code=0
06-24 16:54:57.425 901 979 V WindowManagerShell: Transition requested: android.os.BinderProxy@ab84412 TransitionRequestInfo { type = 1, triggerTask = TaskInfo{userId=0 taskId=198 displayId=0 isRunning=true baseIntent=Intent { act=android.intent.action.MAIN cat=[android.intent.category.LAUNCHER] flg=0x10000000 pkg=com.tencent.start.tv cmp=com.tencent.start.tv/com.tencent.start.ui.EntryActivity } baseActivity=ComponentInfo{com.tencent.start.tv/com.tencent.start.ui.SplashActivity} topActivity=ComponentInfo{com.tencent.start.tv/com.tencent.start.ui.LaunchActivity} origActivity=null realActivity=ComponentInfo{com.tencent.start.tv/com.tencent.start.ui.EntryActivity} numActivities=2 lastActiveTime=20705323 supportsMultiWindow=true resizeMode=1 isResizeable=true minWidth=-1 minHeight=-1 defaultMinSize=220 token=WCT{android.window.IWindowContainerToken$Stub$Proxy@d1ea7e3} topActivityType=1 pictureInPictureParams=null shouldDockBigOverlays=true launchIntoPipHostTaskId=-1 lastParentTaskIdBeforePip=-1 displayCutoutSafeInsets=null topActivityInfo=ActivityInfo{9c6d5e0 com.tencent.start.ui.LaunchActivity} launchCookies=[] positionInParent=Point(0, 0) parentTaskId=-1 isFocused=true isVisible=true isVisibleRequested=true isSleeping=false topActivityInSizeCompat=false topActivityEligibleForLetterboxEducation= false isLetterboxDoubleTapEnabled= false topActivityEligibleForUserAspectRatioButton= false topActivityBoundsLetterboxed= false isFromLetterboxDoubleTap= false topActivityLetterboxVerticalPosition= -1 topActivityLetterboxHorizontalPosition= -1 topActivityLetterboxWidth=-1 topActivityLetterboxHeight=-1 isUserFullscreenOverrideEnabled=false isTopActivityTransparent=false locusId=null displayAreaFeatureId=1 cameraCompatControlState=hidden}, remoteTransition = null, displayChange = null, flags = 0 }
06-24 16:54:57.433 685 5885 V WindowManager: app ------------- force_land :0
06-24 16:54:57.524 685 1083 W WindowManager: [addWindow] title:com.tencent.start.tv/com.tencent.start.ui.LaunchActivity
06-24 16:54:57.524 685 5885 W WindowManager: Failed looking up window session=Session{4e5e56d 10146:u0a10107} callers=com.android.server.wm.WindowManagerService.windowForClientLocked:6077 com.android.server.wm.Session.updateRequestedVisibleTypes:695 android.view.IWindowSession$Stub.onTransact:1034
06-24 16:54:57.537 901 979 D WindowManagerShell: TvPipController: onTaskStackChanged()
06-24 16:54:57.560 685 1083 D CoreBackPreview: Window{81afce5 u0 com.tencent.start.tv/com.tencent.start.ui.LaunchActivity}: Setting back callback OnBackInvokedCallbackInfo{mCallback=android.window.IOnBackInvokedCallback$Stub$Proxy@63e4186, mPriority=0, mIsAnimationCallback=false}
06-24 16:54:57.649 901 979 V WindowManagerShell: onTransitionReady android.os.BinderProxy@ab84412: {id=638 t=OPEN f=0x0 trk=0 r=[0@Point(0, 0)] c=[{null m=OPEN f=FILLS_TASK leash=Surface(name=ActivityRecord{8e12a62 u0 com.tencent.start.tv/com.tencent.start.ui.LaunchActivity)/@0xa138099 sb=Rect(0, 0 - 0, 0) eb=Rect(0, 0 - 1920, 1080) d=-1->0 r=-1->0:-1},{null m=TO_BACK f=FILLS_TASK leash=Surface(name=ActivityRecord{980a637 u0 com.tencent.start.tv/com.tencent.start.ui.SplashActivity)/@0xad28f5e sb=Rect(0, 0 - 1920, 1080) eb=Rect(0, 0 - 1920, 1080) d=0}]}
06-24 16:54:57.650 901 979 V WindowManagerShell: Playing animation for (#638)android.os.BinderProxy@ab84412@0
06-24 16:54:57.650 901 979 V WindowManagerShell: try handler com.android.wm.shell.keyguard.KeyguardTransitionHandler@24e2028
06-24 16:54:57.650 901 979 V WindowManagerShell: try handler com.android.wm.shell.pip.tv.TvPipTransition@1141
06-24 16:54:57.650 901 979 V WindowManagerShell: try handler com.android.wm.shell.activityembedding.ActivityEmbeddingController@e8f56e6
06-24 16:54:57.650 901 979 V WindowManagerShell: try handler com.android.wm.shell.transition.RemoteTransitionHandler@b664427
06-24 16:54:57.650 901 979 V WindowManagerShell: Transition doesn't have explicit remote, search filters for match for {id=638 t=OPEN f=0x0 trk=0 r=[0@Point(0, 0)] c=[{null m=OPEN f=FILLS_TASK leash=Surface(name=ActivityRecord{8e12a62 u0 com.tencent.start.tv/com.tencent.start.ui.LaunchActivity)/@0xa138099 sb=Rect(0, 0 - 0, 0) eb=Rect(0, 0 - 1920, 1080) d=-1->0 r=-1->0:-1},{null m=TO_BACK f=FILLS_TASK leash=Surface(name=ActivityRecord{980a637 u0 com.tencent.start.tv/com.tencent.start.ui.SplashActivity)/@0xad28f5e sb=Rect(0, 0 - 1920, 1080) eb=Rect(0, 0 - 1920, 1080) d=0}]}
06-24 16:54:57.650 685 708 V WindowManager: Sent Transition #638 createdAt=06-24 16:54:57.417 via request=TransitionRequestInfo { type = 1, triggerTask = TaskInfo{userId=0 taskId=198 displayId=0 isRunning=true baseIntent=Intent { act=android.intent.action.MAIN cat=[android.intent.category.LAUNCHER] flg=0x10000000 pkg=com.tencent.start.tv cmp=com.tencent.start.tv/com.tencent.start.ui.EntryActivity } baseActivity=ComponentInfo{com.tencent.start.tv/com.tencent.start.ui.SplashActivity} topActivity=ComponentInfo{com.tencent.start.tv/com.tencent.start.ui.LaunchActivity} origActivity=null realActivity=ComponentInfo{com.tencent.start.tv/com.tencent.start.ui.EntryActivity} numActivities=2 lastActiveTime=20705323 supportsMultiWindow=true resizeMode=1 isResizeable=true minWidth=-1 minHeight=-1 defaultMinSize=220 token=WCT{RemoteToken{720a029 Task{8ac7f47 #198 type=standard A=10107:com.tencent.start.tv}}} topActivityType=1 pictureInPictureParams=null shouldDockBigOverlays=true launchIntoPipHostTaskId=-1 lastParentTaskIdBeforePip=-1 displayCutoutSafeInsets=null topActivityInfo=ActivityInfo{2cf012 com.tencent.start.ui.LaunchActivity} launchCookies=[] positionInParent=Point(0, 0) parentTaskId=-1 isFocused=true isVisible=true isVisibleRequested=true isSleeping=false topActivityInSizeCompat=false topActivityEligibleForLetterboxEducation= false isLetterboxDoubleTapEnabled= false topActivityEligibleForUserAspectRatioButton= false topActivityBoundsLetterboxed= false isFromLetterboxDoubleTap= false topActivityLetterboxVerticalPosition= -1 topActivityLetterboxHorizontalPosition= -1 topActivityLetterboxWidth=-1 topActivityLetterboxHeight=-1 isUserFullscreenOverrideEnabled=false isTopActivityTransparent=false locusId=null displayAreaFeatureId=1 cameraCompatControlState=hidden}, remoteTransition = null, displayChange = null, flags = 0 }
06-24 16:54:57.650 901 979 V WindowManagerShell: Delegate animation for #638 to null
06-24 16:54:57.650 901 979 V WindowManagerShell: try handler com.android.wm.shell.transition.DefaultTransitionHandler@7916d4
06-24 16:54:57.650 685 708 V WindowManager: startWCT=WindowContainerTransaction { changes = {} hops = [] errorCallbackToken=null taskFragmentOrganizer=null }
06-24 16:54:57.650 901 979 V WindowManagerShell: start default transition animation, info = {id=638 t=OPEN f=0x0 trk=0 r=[0@Point(0, 0)] c=[{null m=OPEN f=FILLS_TASK leash=Surface(name=ActivityRecord{8e12a62 u0 com.tencent.start.tv/com.tencent.start.ui.LaunchActivity)/@0xa138099 sb=Rect(0, 0 - 0, 0) eb=Rect(0, 0 - 1920, 1080) d=-1->0 r=-1->0:-1},{null m=TO_BACK f=FILLS_TASK leash=Surface(name=ActivityRecord{980a637 u0 com.tencent.start.tv/com.tencent.start.ui.SplashActivity)/@0xad28f5e sb=Rect(0, 0 - 1920, 1080) eb=Rect(0, 0 - 1920, 1080) d=0}]}
06-24 16:54:57.650 685 708 V WindowManager: info={id=638 t=OPEN f=0x0 trk=0 r=[0@Point(0, 0)] c=[{null m=OPEN f=FILLS_TASK leash=Surface(name=ActivityRecord{8e12a62 u0 com.tencent.start.tv/com.tencent.start.ui.LaunchActivity)/@0x41cea47 sb=Rect(0, 0 - 0, 0) eb=Rect(0, 0 - 1920, 1080) d=-1->0 r=-1->0:-1},{null m=TO_BACK f=FILLS_TASK leash=Surface(name=ActivityRecord{980a637 u0 com.tencent.start.tv/com.tencent.start.ui.SplashActivity)/@0x90e838 sb=Rect(0, 0 - 1920, 1080) eb=Rect(0, 0 - 1920, 1080) d=0}]}
06-24 16:54:57.651 901 979 V WindowManagerShell: loadAnimation: anim=android.view.animation.AlphaAnimation@128d55 animAttr=0x5 type=OPEN isEntrance=false
06-24 16:54:57.651 901 979 V WindowManagerShell: loadAnimation: anim=android.view.animation.AlphaAnimation@e47305b animAttr=0x4 type=OPEN isEntrance=true
06-24 16:54:57.653 901 979 V WindowManagerShell: animated by com.android.wm.shell.transition.DefaultTransitionHandler@7916d4
06-24 16:54:57.674 685 709 W ContextImpl: Calling a method in the system process without a qualified user: android.app.ContextImpl.startService:1899 com.android.server.wm.DisplayPolicy.lambda$focusChangedLw$5:2126 com.android.server.wm.DisplayPolicy.$r8$lambda$Znxk63oh-WzVnzo_WQefN7uxV48:0 com.android.server.wm.DisplayPolicy$$ExternalSyntheticLambda13.run:0 android.os.Handler.handleCallback:958
06-24 16:54:57.756 0 0 W : [1 T1046 ..] [SP FRAME RX] arp req,vif_idx:0 sender:[fa:f0:09:28:64:31 192.168.3.73]receiver:[00:00:00:00:00:00 192.168.3.75]
06-24 16:54:57.757 0 0 W : [1 T1046 ..] [SP FRAME TX] arp rsp,vif_idx:0 sender:[1c:79:2d:20:62:cb 192.168.3.75]receiver:[fa:f0:09:28:64:31 192.168.3.73]
06-24 16:54:58.062 901 979 V WindowManagerShell: Transition animation finished (aborted=false), notifying core (#638)android.os.BinderProxy@ab84412@0
06-24 16:54:58.064 685 708 V WindowManager: Finish Transition #638: created at
06-24 16:54:57.417 collect-started=0.029ms request-sent=5.768ms started=10.496ms ready=19.719ms sent=226.163ms finished=647.031ms
06-24 16:54:58.066 901 979 V WindowManagerShell: Track 0 became idle
06-24 16:54:58.066 901 979 V WindowManagerShell: All active transition animations finished
06-24 16:54:58.152 0 0 W : [1 T1046 ..] [SP FRAME RX] DHCP[0 1], vif_idx:0
06-24 16:54:58.675 685 1076 W WindowManager: [addWindow] title:com.tencent.start.tv/com.tencent.start.ui.LaunchActivity
06-24 16:54:58.681 685 1076 D CoreBackPreview: Window{5926f6a u0 com.tencent.start.tv/com.tencent.start.ui.LaunchActivity}: Setting back callback OnBackInvokedCallbackInfo{mCallback=android.window.IOnBackInvokedCallback$Stub$Proxy@9058cf8, mPriority=0, mIsAnimationCallback=false}
06-24 16:54:58.778 685 709 W ContextImpl: Calling a method in the system process without a qualified user: android.app.ContextImpl.startService:1899 com.android.server.wm.DisplayPolicy.lambda$focusChangedLw$5:2126 com.android.server.wm.DisplayPolicy.$r8$lambda$Znxk63oh-WzVnzo_WQefN7uxV48:0 com.android.server.wm.DisplayPolicy$$ExternalSyntheticLambda13.run:0 android.os.Handler.handleCallback:958
06-24 16:54:58.923 685 1390 E TaskPersister: File error accessing recents directory (directory doesn't exist?).
06-24 16:54:59.438 0 0 W : [1 T1046 ..] [SP FRAME RX] arp req,vif_idx:0 sender:[9a:86:f7:27:5c:25 192.168.3.169]receiver:[00:00:00:00:00:00 192.168.3.75]
06-24 16:54:59.439 0 0 W : [1 T1046 ..] [SP FRAME TX] arp rsp,vif_idx:0 sender:[1c:79:2d:20:62:cb 192.168.3.75]receiver:[9a:86:f7:27:5c:25 192.168.3.169]
06-24 16:55:00.819 0 0 W : [1 T1046 ..] [SP FRAME RX] DHCP[0 1], vif_idx:0
06-24 16:55:00.842 0 0 W : [1 T1046 ..] [SP FRAME RX] arp req,vif_idx:0 sender:[d2:07:9a:6e:a7:36 192.168.3.27]receiver:[00:00:00:00:00:00 192.168.3.75]
06-24 16:55:00.843 0 0 W : [1 T1046 ..] [SP FRAME TX] arp rsp,vif_idx:0 sender:[1c:79:2d:20:62:cb 192.168.3.75]receiver:[d2:07:9a:6e:a7:36 192.168.3.27]
06-24 16:55:00.968 0 0 W : [1 T1046 ..] [SP FRAME RX] arp req,vif_idx:0 sender:[c6:ce:03:3d:c3:bd 192.168.3.118]receiver:[00:00:00:00:00:00 192.168.3.75]
06-24 16:55:00.969 0 0 W : [1 T1046 ..] [SP FRAME TX] arp rsp,vif_idx:0 sender:[1c:79:2d:20:62:cb 192.168.3.75]receiver:[c6:ce:03:3d:c3:bd 192.168.3.118]
06-24 16:55:01.032 0 0 W : [0 T1046 ..] [SP FRAME RX] arp req,vif_idx:0 sender:[28:7b:11:70:51:1f 192.168.3.44]receiver:[00:00:00:00:00:00 192.168.3.75]
06-24 16:55:01.033 0 0 W : [0 T1046 ..] [SP FRAME TX] arp rsp,vif_idx:0 sender:[1c:79:2d:20:62:cb 192.168.3.75]receiver:[28:7b:11:70:51:1f 192.168.3.44]
06-24 16:55:01.128 0 0 W [1 T24735 ..] audit: audit_lost=23100 audit_rate_limit=5 audit_backlog_limit=64
06-24 16:55:01.130 0 0 E [1 T24735 ..] audit: rate limit exceeded
06-24 16:55:03.018 0 0 W : [1 T1046 ..] [SP FRAME RX] arp req,vif_idx:0 sender:[3a:fd:3d:ee:5f:54 192.168.3.129]receiver:[00:00:00:00:00:00 192.168.3.75]
06-24 16:55:03.019 0 0 W : [1 T1046 ..] [SP FRAME TX] arp rsp,vif_idx:0 sender:[1c:79:2d:20:62:cb 192.168.3.75]receiver:[3a:fd:3d:ee:5f:54 192.168.3.129]
06-24 16:55:03.280 0 0 W : [1 T1046 ..] [SP FRAME RX] arp req,vif_idx:0 sender:[3a:fd:3d:ee:5f:54 192.168.3.129]receiver:[00:00:00:00:00:00 192.168.3.75]
06-24 16:55:03.281 0 0 W : [1 T1046 ..] [SP FRAME TX] arp rsp,vif_idx:0 sender:[1c:79:2d:20:62:cb 192.168.3.75]receiver:[3a:fd:3d:ee:5f:54 192.168.3.129]
06-24 16:55:03.479 0 0 W : [1 T1046 ..] [SP FRAME RX] DHCP[0 1], vif_idx:0
06-24 16:55:04.488 0 0 W : [1 T1046 ..] [SP FRAME RX] DHCP[0 1], vif_idx:0
06-24 16:55:05.691 0 0 W [1 T9436 ..] audit: audit_lost=23101 audit_rate_limit=5 audit_backlog_limit=64
06-24 16:55:05.692 0 0 E [1 T9436 ..] audit: rate limit exceeded
06-24 16:55:06.252 0 0 W : [0 T1046 ..] [SP FRAME RX] arp req,vif_idx:0 sender:[b6:9c:70:ec:40:e7 192.168.3.65]receiver:[00:00:00:00:00:00 192.168.3.75]
06-24 16:55:06.253 0 0 W : [0 T1046 ..] [SP FRAME TX] arp rsp,vif_idx:0 sender:[1c:79:2d:20:62:cb 192.168.3.75]receiver:[b6:9c:70:ec:40:e7 192.168.3.65]
06-24 16:55:06.263 0 0 W : [0 T1046 ..] [SP FRAME RX] arp req,vif_idx:0 sender:[da:b8:33:f6:93:fe 192.168.3.89]receiver:[00:00:00:00:00:00 192.168.3.75]
06-24 16:55:06.264 0 0 W : [0 T1046 ..] [SP FRAME TX] arp rsp,vif_idx:0 sender:[1c:79:2d:20:62:cb 192.168.3.75]receiver:[da:b8:33:f6:93:fe 192.168.3.89]
06-24 16:55:06.482 0 0 W : [0 T1046 ..] [SP FRAME RX] DHCP[0 1], vif_idx:0
06-24 16:55:06.922 0 0 W : [1 T1046 ..] [SP FRAME RX] arp req,vif_idx:0 sender:[28:7b:11:70:4f:a5 192.168.3.155]receiver:[00:00:00:00:00:00 192.168.3.75]
06-24 16:55:06.923 0 0 W : [1 T1046 ..] [SP FRAME TX] arp rsp,vif_idx:0 sender:[1c:79:2d:20:62:cb 192.168.3.75]receiver:[28:7b:11:70:4f:a5 192.168.3.155]
06-24 16:55:07.868 0 0 W : [2 T1046 ..] [SP FRAME RX] DHCP[0 1], vif_idx:0
06-24 16:55:08.208 0 0 W : [2 T1046 ..] [SP FRAME RX] arp req,vif_idx:0 sender:[de:90:cb:50:92:8f 192.168.3.145]receiver:[00:00:00:00:00:00 192.168.3.75]
06-24 16:55:08.209 0 0 W : [2 T1046 ..] [SP FRAME TX] arp rsp,vif_idx:0 sender:[1c:79:2d:20:62:cb 192.168.3.75]receiver:[de:90:cb:50:92:8f 192.168.3.145]
06-24 16:55:08.827 0 0 W : [3 T1046 ..] [SP FRAME RX] DHCP[0 1], vif_idx:0
06-24 16:55:09.130 0 0 W : [3 T1046 .s] [SP FRAME TX] arp req,vif_idx:0 sender:[1c:79:2d:20:62:cb 192.168.3.75]receiver:[00:00:00:00:00:00 192.168.3.250]
06-24 16:55:09.143 0 0 W : [3 T1046 ..] [SP FRAME RX] arp req,vif_idx:0 sender:[7a:8a:0f:56:00:ca 192.168.3.248]receiver:[00:00:00:00:00:00 192.168.3.75]
06-24 16:55:09.144 0 0 W : [3 T1046 ..] [SP FRAME TX] arp rsp,vif_idx:0 sender:[1c:79:2d:20:62:cb 192.168.3.75]receiver:[7a:8a:0f:56:00:ca 192.168.3.248]
06-24 16:55:09.165 0 0 W : [3 T1046 ..] [SP FRAME RX] arp req,vif_idx:0 sender:[a2:e3:8f:e4:ff:46 192.168.3.250]receiver:[00:00:00:00:00:00 192.168.3.75]
06-24 16:55:09.166 0 0 W : [3 T1046 ..] [SP FRAME TX] arp rsp,vif_idx:0 sender:[1c:79:2d:20:62:cb 192.168.3.75]receiver:[a2:e3:8f:e4:ff:46 192.168.3.250]
06-24 16:55:09.191 0 0 W : [3 T1046 ..] [SP FRAME RX] arp rsp,vif_idx:0 sender:[a2:e3:8f:e4:ff:46 192.168.3.250]receiver:[1c:79:2d:20:62:cb 192.168.3.75]
06-24 16:55:10.529 0 0 W : [3 T1046 ..] [SP FRAME RX] DHCP[0 1], vif_idx:0
06-24 16:55:10.840 0 0 W : [3 T1046 ..] [SP FRAME RX] DHCP[0 1], vif_idx:0
06-24 16:55:11.706 0 0 W : [3 T1046 ..] [SP FRAME RX] arp req,vif_idx:0 sender:[02:d1:be:fb:0a:d7 192.168.3.130]receiver:[00:00:00:00:00:00 192.168.3.75]
06-24 16:55:11.707 0 0 W : [3 T1046 ..] [SP FRAME TX] arp rsp,vif_idx:0 sender:[1c:79:2d:20:62:cb 192.168.3.75]receiver:[02:d1:be:fb:0a:d7 192.168.3.130]
06-24 16:55:12.000 0 0 W : [3 T1046 ..] [SP FRAME RX] arp req,vif_idx:0 sender:[e2:04:f6:d8:62:00 192.168.3.194]receiver:[00:00:00:00:00:00 192.168.3.75]
06-24 16:55:12.001 0 0 W : [3 T1046 ..] [SP FRAME TX] arp rsp,vif_idx:0 sender:[1c:79:2d:20:62:cb 192.168.3.75]receiver:[e2:04:f6:d8:62:00 192.168.3.194]
06-24 16:55:12.140 0 0 W : [0 T1046 ..] [SP FRAME RX] arp req,vif_idx:0 sender:[0c:91:60:12:cd:fc 192.168.3.171]receiver:[00:00:00:00:00:00 192.168.3.75]
06-24 16:55:12.141 0 0 W : [0 T1046 ..] [SP FRAME TX] arp rsp,vif_idx:0 sender:[1c:79:2d:20:62:cb 192.168.3.75]receiver:[0c:91:60:12:cd:fc 192.168.3.171]
06-24 16:55:13.357 0 0 W : [1 T1046 ..] [SP FRAME RX] arp req,vif_idx:0 sender:[e2:8e:12:0f:0b:47 192.168.3.123]receiver:[00:00:00:00:00:00 192.168.3.75]
06-24 16:55:13.358 0 0 W : [1 T1046 ..] [SP FRAME TX] arp rsp,vif_idx:0 sender:[1c:79:2d:20:62:cb 192.168.3.75]receiver:[e2:8e:12:0f:0b:47 192.168.3.123]
06-24 16:55:13.482 0 0 W : [2 T0 .s] [SP FRAME TX] arp req,vif_idx:0 sender:[1c:79:2d:20:62:cb 192.168.3.75]receiver:[00:00:00:00:00:00 192.168.3.123]
06-24 16:55:13.595 0 0 W : [1 T1046 ..] [SP FRAME RX] arp rsp,vif_idx:0 sender:[e2:8e:12:0f:0b:47 192.168.3.123]receiver:[1c:79:2d:20:62:cb 192.168.3.75]
06-24 16:55:14.762 0 0 W : [0 T11155 ..] [aml_send_sync_trace 4388] sync token[64066]
06-24 16:55:14.762 0 0 W : [0 T11155 ..] >>> aml_send_msg()
06-24 16:55:14.763 0 0 W : [2 T1041 ..] ipc_sdio_host_msgack_handler 00000000e5209447
06-24 16:55:14.764 0 0 W : [2 T1041 ..] [aml_msgackind 2039] msg ack hostid=0xffffff8099ace680
06-24 16:55:14.765 0 0 W : [2 T1041 ..] [cmd_mgr_llind 329] cmd tkn[499] flags:0008 result: -4 cmd: 105-MM_SYNC_TRACE - reqcfm( 0-none)
06-24 16:55:14.766 0 0 W : [2 T1041 ..] [cmd_complete 65] cmd tkn[499] flags:0000 result: -4 cmd: 105-MM_SYNC_TRACE - reqcfm( 0-none)
06-24 16:55:14.837 0 0 W : [3 T1046 ..] [SP FRAME RX] DHCP[0 1], vif_idx:0
06-24 16:55:18.104 0 0 W : [3 T17451 ..] [SP FRAME TX] arp req,vif_idx:0 sender:[1c:79:2d:20:62:cb 192.168.3.75]receiver:[00:00:00:00:00:00 192.168.3.92]
06-24 16:55:18.130 0 0 W : [1 T1046 ..] [SP FRAME RX] arp rsp,vif_idx:0 sender:[e6:6e:3e:02:16:7f 192.168.3.92]receiver:[1c:79:2d:20:62:cb 192.168.3.75]
06-24 16:55:18.417 0 0 W : [1 T1046 ..] [SP FRAME RX] DHCP[0 1], vif_idx:0
06-24 16:55:19.169 685 5885 W BatteryExternalStatsWorker: error reading Bluetooth stats: 11
06-24 16:55:19.975 0 0 W : [2 T1046 ..] [SP FRAME RX] arp req,vif_idx:0 sender:[28:7b:11:70:4f:bd 192.168.3.156]receiver:[00:00:00:00:00:00 192.168.3.75]
06-24 16:55:19.976 0 0 W : [2 T1046 ..] [SP FRAME TX] arp rsp,vif_idx:0 sender:[1c:79:2d:20:62:cb 192.168.3.75]receiver:[28:7b:11:70:4f:bd 192.168.3.156]
06-24 16:55:20.443 0 0 W : [2 T1046 ..] [SP FRAME RX] arp req,vif_idx:0 sender:[0c:91:60:12:cd:8c 192.168.3.70]receiver:[00:00:00:00:00:00 192.168.3.75]
06-24 16:55:20.444 0 0 W : [2 T1046 ..] [SP FRAME TX] arp rsp,vif_idx:0 sender:[1c:79:2d:20:62:cb 192.168.3.75]receiver:[0c:91:60:12:cd:8c 192.168.3.70]
06-24 16:55:22.834 0 0 W : [2 T1046 ..] [SP FRAME RX] DHCP[0 1], vif_idx:0
06-24 16:55:22.968 0 0 W : [2 T1046 ..] [SP FRAME RX] arp req,vif_idx:0 sender:[42:d1:10:74:de:ca 192.168.3.53]receiver:[00:00:00:00:00:00 192.168.3.75]
06-24 16:55:22.969 0 0 W : [2 T1046 ..] [SP FRAME TX] arp rsp,vif_idx:0 sender:[1c:79:2d:20:62:cb 192.168.3.75]receiver:[42:d1:10:74:de:ca 192.168.3.53]
06-24 16:55:23.503 0 0 W : [2 T1046 ..] [SP FRAME RX] arp req,vif_idx:0 sender:[ca:fd:12:4f:e3:96 192.168.3.13]receiver:[00:00:00:00:00:00 192.168.3.75]
06-24 16:55:23.504 0 0 W : [2 T1046 ..] [SP FRAME TX] arp rsp,vif_idx:0 sender:[1c:79:2d:20:62:cb 192.168.3.75]receiver:[ca:fd:12:4f:e3:96 192.168.3.13]
06-24 16:55:23.636 0 0 W : [2 T1046 ..] [SP FRAME RX] DHCP[0 1], vif_idx:0
06-24 16:55:24.658 0 0 W : [2 T1046 ..] [SP FRAME RX] DHCP[0 1], vif_idx:0
06-24 16:55:25.002 0 0 W : [2 T0 .s] [SP FRAME TX] arp req,vif_idx:0 sender:[1c:79:2d:20:62:cb 192.168.3.75]receiver:[00:00:00:00:00:00 192.168.3.254]
06-24 16:55:25.022 0 0 W : [0 T1046 ..] [SP FRAME RX] arp rsp,vif_idx:0 sender:[12:3c:2c:e1:84:9f 192.168.3.254]receiver:[1c:79:2d:20:62:cb 192.168.3.75]
06-24 16:55:25.209 0 0 W : [3 T1046 ..] [SP FRAME RX] arp req,vif_idx:0 sender:[12:3c:2c:e1:84:9f 192.168.3.254]receiver:[00:00:00:00:00:00 192.168.3.75]
06-24 16:55:25.210 0 0 W : [3 T1046 ..] [SP FRAME TX] arp rsp,vif_idx:0 sender:[1c:79:2d:20:62:cb 192.168.3.75]receiver:[12:3c:2c:e1:84:9f 192.168.3.254]
06-24 16:55:26.010 0 0 W : [3 T1046 ..] [SP FRAME RX] DHCP[0 1], vif_idx:0
06-24 16:55:26.606 0 0 W : [1 T1046 ..] [SP FRAME RX] DHCP[0 1], vif_idx:0
06-24 16:55:27.041 0 0 W : [0 T1046 ..] [SP FRAME RX] DHCP[0 1], vif_idx:0
06-24 16:55:27.213 0 0 W : [2 T1046 ..] [SP FRAME RX] arp req,vif_idx:0 sender:[10:b2:32:39:59:ba 192.168.3.57]receiver:[00:00:00:00:00:00 192.168.3.75]
06-24 16:55:27.214 0 0 W : [2 T1046 ..] [SP FRAME TX] arp rsp,vif_idx:0 sender:[1c:79:2d:20:62:cb 192.168.3.75]receiver:[10:b2:32:39:59:ba 192.168.3.57]
06-24 16:55:27.238 0 0 W : [2 T1046 ..] [SP FRAME RX] arp req,vif_idx:0 sender:[b6:86:f8:35:d4:28 192.168.3.36]receiver:[00:00:00:00:00:00 192.168.3.75]
06-24 16:55:27.239 0 0 W : [2 T1046 ..] [SP FRAME TX] arp rsp,vif_idx:0 sender:[1c:79:2d:20:62:cb 192.168.3.75]receiver:[b6:86:f8:35:d4:28 192.168.3.36]
06-24 16:55:27.241 0 0 W : [2 T1046 ..] [SP FRAME RX] arp req,vif_idx:0 sender:[e2:38:ab:ac:32:27 192.168.3.215]receiver:[00:00:00:00:00:00 192.168.3.75]
06-24 16:55:27.242 0 0 W : [2 T1046 ..] [SP FRAME TX] arp rsp,vif_idx:0 sender:[1c:79:2d:20:62:cb 192.168.3.75]receiver:[e2:38:ab:ac:32:27 192.168.3.215]
06-24 16:55:27.306 0 0 W : [3 T0 .s] [SP FRAME TX] arp req,vif_idx:0 sender:[1c:79:2d:20:62:cb 192.168.3.75]receiver:[00:00:00:00:00:00 192.168.3.243]
06-24 16:55:27.307 0 0 W : [3 T0 .s] [SP FRAME TX] arp req,vif_idx:0 sender:[1c:79:2d:20:62:cb 192.168.3.75]receiver:[00:00:00:00:00:00 192.168.3.215]
06-24 16:55:27.309 0 0 W : [3 T0 .s] [SP FRAME TX] arp req,vif_idx:0 sender:[1c:79:2d:20:62:cb 192.168.3.75]receiver:[00:00:00:00:00:00 192.168.3.176]
06-24 16:55:27.310 0 0 W : [3 T0 .s] [SP FRAME TX] arp req,vif_idx:0 sender:[1c:79:2d:20:62:cb 192.168.3.75]receiver:[00:00:00:00:00:00 192.168.3.68]
06-24 16:55:27.312 0 0 W : [3 T0 .s] [SP FRAME TX] arp req,vif_idx:0 sender:[1c:79:2d:20:62:cb 192.168.3.75]receiver:[00:00:00:00:00:00 192.168.3.57]
06-24 16:55:27.313 0 0 W : [3 T0 .s] [SP FRAME TX] arp req,vif_idx:0 sender:[1c:79:2d:20:62:cb 192.168.3.75]receiver:[00:00:00:00:00:00 192.168.3.36]
06-24 16:55:27.351 0 0 W : [2 T1046 ..] [SP FRAME RX] arp rsp,vif_idx:0 sender:[e2:38:ab:ac:32:27 192.168.3.215]receiver:[1c:79:2d:20:62:cb 192.168.3.75]
06-24 16:55:27.353 0 0 W : [2 T1046 ..] [SP FRAME RX] arp rsp,vif_idx:0 sender:[10:b2:32:39:59:ba 192.168.3.57]receiver:[1c:79:2d:20:62:cb 192.168.3.75]
06-24 16:55:27.354 0 0 W : [2 T1046 ..] [SP FRAME RX] arp rsp,vif_idx:0 sender:[b6:86:f8:35:d4:28 192.168.3.36]receiver:[1c:79:2d:20:62:cb 192.168.3.75]
06-24 16:55:27.355 0 0 W : [2 T1046 ..] [SP FRAME RX] arp rsp,vif_idx:0 sender:[16:8e:6e:17:dc:41 192.168.3.176]receiver:[1c:79:2d:20:62:cb 192.168.3.75]
06-24 16:55:27.357 0 0 W : [2 T1046 ..] [SP FRAME RX] arp req,vif_idx:0 sender:[16:8e:6e:17:dc:41 192.168.3.176]receiver:[00:00:00:00:00:00 192.168.3.75]
06-24 16:55:27.358 0 0 W : [2 T1046 ..] [SP FRAME TX] arp rsp,vif_idx:0 sender:[1c:79:2d:20:62:cb 192.168.3.75]receiver:[16:8e:6e:17:dc:41 192.168.3.176]
06-24 16:55:28.330 0 0 W : [3 T0 .s] [SP FRAME TX] arp req,vif_idx:0 sender:[1c:79:2d:20:62:cb 192.168.3.75]receiver:[00:00:00:00:00:00 192.168.3.68]
06-24 16:55:28.331 0 0 W : [3 T0 .s] [SP FRAME TX] arp req,vif_idx:0 sender:[1c:79:2d:20:62:cb 192.168.3.75]receiver:[00:00:00:00:00:00 192.168.3.243]
06-24 16:55:29.063 0 0 W : [1 T1046 ..] [SP FRAME RX] DHCP[0 1], vif_idx:0
06-24 16:55:29.146 1407 1731 W ContextImpl: Calling a method in the system process without a qualified user: android.app.ContextImpl.sendBroadcast:1220 android.content.ContextWrapper.sendBroadcast:504 com.dangbei.etna.setting.core.SettingHelper.sendCycleToProjector:257 com.dangbei.etna.setting.core.SettingHelper.sendCycleCheckBroadcast:226 com.dangbei.etna.setting.core.SettingHelper.startLoop$lambda-0:185
06-24 16:55:29.148 1407 1731 W ContextImpl: Calling a method in the system process without a qualified user: android.app.ContextImpl.sendBroadcast:1220 android.content.ContextWrapper.sendBroadcast:504 com.dangbei.etna.setting.core.SettingHelper.sendCycleToVoice:242 com.dangbei.etna.setting.core.SettingHelper.sendCycleCheckBroadcast:227 com.dangbei.etna.setting.core.SettingHelper.startLoop$lambda-0:185
06-24 16:55:29.354 0 0 W : [3 T0 .s] [SP FRAME TX] arp req,vif_idx:0 sender:[1c:79:2d:20:62:cb 192.168.3.75]receiver:[00:00:00:00:00:00 192.168.3.243]
06-24 16:55:29.355 0 0 W : [3 T0 .s] [SP FRAME TX] arp req,vif_idx:0 sender:[1c:79:2d:20:62:cb 192.168.3.75]receiver:[00:00:00:00:00:00 192.168.3.68]
06-24 16:55:29.872 0 0 W : [1 T1046 ..] [SP FRAME RX] arp req,vif_idx:0 sender:[fa:f0:09:28:64:31 192.168.3.73]receiver:[00:00:00:00:00:00 192.168.3.75]
06-24 16:55:29.873 0 0 W : [1 T1046 ..] [SP FRAME TX] arp rsp,vif_idx:0 sender:[1c:79:2d:20:62:cb 192.168.3.75]receiver:[fa:f0:09:28:64:31 192.168.3.73]
06-24 16:55:30.323 0 0 W [3 T10802 ..] audit: audit_lost=23109 audit_rate_limit=5 audit_backlog_limit=64
06-24 16:55:30.323 0 0 E [3 T10802 ..] audit: rate limit exceeded
06-24 16:55:30.378 0 0 W : [3 T27659 .s] [SP FRAME TX] arp req,vif_idx:0 sender:[1c:79:2d:20:62:cb 192.168.3.75]receiver:[00:00:00:00:00:00 192.168.3.68]
06-24 16:55:30.379 0 0 W : [3 T27659 .s] [SP FRAME TX] arp req,vif_idx:0 sender:[1c:79:2d:20:62:cb 192.168.3.75]receiver:[00:00:00:00:00:00 192.168.3.243]
06-24 16:55:30.629 0 0 W : [1 T1046 ..] [SP FRAME RX] DHCP[0 1], vif_idx:0
06-24 16:55:31.402 0 0 W : [3 T10146 .s] [SP FRAME TX] arp req,vif_idx:0 sender:[1c:79:2d:20:62:cb 192.168.3.75]receiver:[00:00:00:00:00:00 192.168.3.243]
06-24 16:55:31.403 0 0 W : [3 T10146 .s] [SP FRAME TX] arp req,vif_idx:0 sender:[1c:79:2d:20:62:cb 192.168.3.75]receiver:[00:00:00:00:00:00 192.168.3.68]
06-24 16:55:31.446 0 0 W : [1 T1046 ..] [SP FRAME RX] arp req,vif_idx:0 sender:[9a:86:f7:27:5c:25 192.168.3.169]receiver:[00:00:00:00:00:00 192.168.3.75]
06-24 16:55:31.447 0 0 W : [1 T1046 ..] [SP FRAME TX] arp rsp,vif_idx:0 sender:[1c:79:2d:20:62:cb 192.168.3.75]receiver:[9a:86:f7:27:5c:25 192.168.3.169]
06-24 16:55:32.426 0 0 W : [3 T0 .s] [SP FRAME TX] arp req,vif_idx:0 sender:[1c:79:2d:20:62:cb 192.168.3.75]receiver:[00:00:00:00:00:00 192.168.3.68]
06-24 16:55:32.427 0 0 W : [3 T0 .s] [SP FRAME TX] arp req,vif_idx:0 sender:[1c:79:2d:20:62:cb 192.168.3.75]receiver:[00:00:00:00:00:00 192.168.3.243]
06-24 16:55:32.506 0 0 W : [1 T1046 ..] [SP FRAME RX] arp req,vif_idx:0 sender:[0c:91:60:12:cd:6e 192.168.3.81]receiver:[00:00:00:00:00:00 192.168.3.75]
06-24 16:55:32.507 0 0 W : [1 T1046 ..] [SP FRAME TX] arp rsp,vif_idx:0 sender:[1c:79:2d:20:62:cb 192.168.3.75]receiver:[0c:91:60:12:cd:6e 192.168.3.81]
06-24 16:55:32.842 0 0 W : [1 T1046 ..] [SP FRAME RX] arp req,vif_idx:0 sender:[d2:07:9a:6e:a7:36 192.168.3.27]receiver:[00:00:00:00:00:00 192.168.3.75]
06-24 16:55:32.843 0 0 W : [1 T1046 ..] [SP FRAME TX] arp rsp,vif_idx:0 sender:[1c:79:2d:20:62:cb 192.168.3.75]receiver:[d2:07:9a:6e:a7:36 192.168.3.27]
06-24 16:55:33.038 0 0 W : [0 T1046 ..] [SP FRAME RX] arp req,vif_idx:0 sender:[c6:ce:03:3d:c3:bd 192.168.3.118]receiver:[00:00:00:00:00:00 192.168.3.75]
06-24 16:55:33.039 0 0 W : [0 T1046 ..] [SP FRAME TX] arp rsp,vif_idx:0 sender:[1c:79:2d:20:62:cb 192.168.3.75]receiver:[c6:ce:03:3d:c3:bd 192.168.3.118]
06-24 16:55:33.041 0 0 W : [0 T1046 ..] [SP FRAME RX] arp req,vif_idx:0 sender:[28:7b:11:70:51:1f 192.168.3.44]receiver:[00:00:00:00:00:00 192.168.3.75]
06-24 16:55:33.042 0 0 W : [0 T1046 ..] [SP FRAME TX] arp rsp,vif_idx:0 sender:[1c:79:2d:20:62:cb 192.168.3.75]receiver:[28:7b:11:70:51:1f 192.168.3.44]
06-24 16:55:33.169 0 0 W : [0 T1046 ..] [SP FRAME RX] DHCP[0 1], vif_idx:0
06-24 16:55:33.450 0 0 W : [3 T0 .s] [SP FRAME TX] arp req,vif_idx:0 sender:[1c:79:2d:20:62:cb 192.168.3.75]receiver:[00:00:00:00:00:00 192.168.3.243]
06-24 16:55:33.451 0 0 W : [3 T0 .s] [SP FRAME TX] arp req,vif_idx:0 sender:[1c:79:2d:20:62:cb 192.168.3.75]receiver:[00:00:00:00:00:00 192.168.3.68]
06-24 16:55:33.893 0 0 W : [3 T1046 ..] [SP FRAME RX] DHCP[0 1], vif_idx:0
06-24 16:55:34.215 0 0 W : [3 T1046 ..] [SP FRAME RX] arp req,vif_idx:0 sender:[3a:fd:3d:ee:5f:54 192.168.3.129]receiver:[00:00:00:00:00:00 192.168.3.75]
06-24 16:55:34.216 0 0 W : [3 T1046 ..] [SP FRAME TX] arp rsp,vif_idx:0 sender:[1c:79:2d:20:62:cb 192.168.3.75]receiver:[3a:fd:3d:ee:5f:54 192.168.3.129]
06-24 16:55:34.474 0 0 W : [3 T265 .s] [SP FRAME TX] arp req,vif_idx:0 sender:[1c:79:2d:20:62:cb 192.168.3.75]receiver:[00:00:00:00:00:00 192.168.3.68]
06-24 16:55:34.475 0 0 W : [3 T265 .s] [SP FRAME TX] arp req,vif_idx:0 sender:[1c:79:2d:20:62:cb 192.168.3.75]receiver:[00:00:00:00:00:00 192.168.3.243]
06-24 16:55:34.729 685 1083 D CoreBackPreview: Window{5926f6a u0 com.tencent.start.tv/com.tencent.start.ui.LaunchActivity}: Setting back callback null
06-24 16:55:34.780 685 711 V WindowManager: Unknown focus tokens, dropping reportFocusChanged
