06-24 16:46:53.772 0 0 I [3 T5162 ..] CMA: 0,RES:0,TVP:0,SYS:0,COHER:0,VMAPED:0 MB
06-24 16:46:53.773 0 0 I [3 T5162 ..] RES_EXT: 0 MB
06-24 16:46:53.773 0 0 I : [3 T5162 ..] [4]CMA size:364 MB:alloced: 0 MB,free:364 MB
06-24 16:46:53.775 0 0 I : [3 T5162 ..] codec mem info:
06-24 16:46:53.775 0 0 I : [3 T5162 ..] total codec mem size:364 MB
06-24 16:46:53.775 0 0 I : [3 T5162 ..] alloced size= 0 MB
06-24 16:46:53.776 0 0 I : [3 T5162 ..] max alloced: 119 MB
06-24 16:46:53.776 0 0 I [3 T5162 ..] CMA: 0,RES:0,TVP:0,SYS:0,COHER:0,VMAPED:0 MB
06-24 16:46:53.777 0 0 I [3 T5162 ..] RES_EXT: 0 MB
06-24 16:46:53.778 0 0 I : [3 T5162 ..] [4]CMA size:364 MB:alloced: 0 MB,free:364 MB
06-24 16:46:53.816 0 0 E : [2 T5170 ..] mediaproxy produce init [aml-vcodec-dec]
06-24 16:46:53.816 0 0 I : [2 T5170 ..] Mediaproxy is opened name[aml-vcodec-dec]\n
06-24 16:46:53.816 0 0 I : [2 T5170 ..] Mediaproxy is opened name[aml-vcodec-dec] end\n
06-24 16:46:53.817 0 0 E : [2 T5170 ..] mediaproxy produce start connect
06-24 16:46:53.822 0 0 I : [2 T5170 ..] find p kfifo size:[32][2]
06-24 16:46:53.822 0 0 I : [2 T5170 ..] mediaproxy_get_fifo get idx[2]
06-24 16:46:53.823 0 0 I : [2 T5170 ..] Session producer-2 is connected fifo idx [2]
06-24 16:46:53.824 0 0 E : [2 T5170 ..] mediaproxy produce connect [2]
06-24 16:46:53.825 0 0 I : [2 T5170 ..] mediaproxy produce msg type :0x40 module_name:aml-vcodec-dec
06-24 16:46:53.836 0 0 I : [2 T5170 ..] deinit session
06-24 16:46:53.836 0 0 I : [2 T5170 ..] deinit session producer-2
06-24 16:46:53.836 0 0 I : [2 T5170 ..] deinit has_unusing_fifo [1]
06-24 16:46:53.837 0 0 I : [3 T98 ..] p_fifo[2] name[aml-vcodec-dec] state[0] to MP_FIFO_UNUSED
06-24 16:46:53.839 0 0 E : [2 T5170 ..] mediaproxy produce init [aml-vcodec-dec]
06-24 16:46:53.839 0 0 I : [2 T5170 ..] Mediaproxy is opened name[aml-vcodec-dec]\n
06-24 16:46:53.839 0 0 I : [2 T5170 ..] Mediaproxy is opened name[aml-vcodec-dec] end\n
06-24 16:46:53.840 0 0 E : [2 T5170 ..] mediaproxy produce start connect
06-24 16:46:53.842 0 0 I : [2 T5170 ..] find p kfifo size:[32][2]
06-24 16:46:53.843 0 0 I : [2 T5170 ..] mediaproxy_get_fifo get idx[2]
06-24 16:46:53.843 0 0 I : [2 T5170 ..] Session producer-2 is connected fifo idx [2]
06-24 16:46:53.793 901 979 V WindowManagerShell: Transition animation finished (aborted=false), notifying core (#612)android.os.BinderProxy@b2db64e@0
06-24 16:46:53.796 685 708 V WindowManager: Finish Transition #612: created at
06-24 16:46:53.034 collect-started=0.079ms request-sent=6.238ms started=11.396ms ready=32.807ms sent=326.909ms finished=760.545ms
06-24 16:46:53.801 901 979 V WindowManagerShell: Track 0 became idle
06-24 16:46:53.801 901 979 V WindowManagerShell: All active transition animations finished
06-24 16:46:53.821 685 13187 D CoreBackPreview: Window{4b7bba3 u0 com.baosheng.ktv/com.activity.WelcomeActivity}: Setting back callback null
06-24 16:46:53.844 0 0 E : [2 T5170 ..] mediaproxy produce connect [2]
06-24 16:46:53.844 0 0 I : [2 T5170 ..] mediaproxy produce msg type :0x40 module_name:aml-vcodec-dec
06-24 16:46:53.851 0 0 I [1 T5170 ..] [amlv4l]: [555]: DW:10, TW:0, Margin:6
06-24 16:46:53.852 0 0 D [2 T5181 ..] [amlcom]: vdec_create instance 00000000b9a2fd5e, total 1, PM: power-domain
06-24 16:46:53.854 0 0 D [1 T5181 ..] [media_clock]: vdec mux clock is 799999988 Hz
06-24 16:46:53.855 0 0 I [1 T5181 ..] [amlcom]: dos_local_config end, id 0, is_on 1
06-24 16:46:53.855 0 0 I [1 T5181 ..] [amlcom]: vdec_init, dev_name:ammvdec_h264_v4l, vdec_type=VDEC_TYPE_FRAME_BLOCK, format: 2, total: 1
06-24 16:46:53.858 0 0 D [1 T5181 ..] [h264]: 0: pdata->config=parm_v4l_codec_enable:1;mh264_double_write_mode:16;parm_v4l_buffer_margin:6;parm_v4l_canvas_mem_mode:0;parm_v4l_canvas_mem_endian:0;parm_v4l_low_latency_mode:0;parm_v4l_metadata_config_flag:1050626;parm_v4l_duration:0;parm_v4l_error_handle_info:0;
06-24 16:46:53.858 0 0 D [1 T5181 ..] [h264]: 0: ammvdec_h264_probe error_proc_policy 0x813fcff7 mb_count_threshold 0
06-24 16:46:53.858 0 0 D [1 T5181 ..] [h264]: ammvdec_h264_bmmu_init tvp = 0x0
06-24 16:46:53.864 0 0 D [0 T5181 ..] [media_clock]: vdec mux clock is 799999988 Hz
06-24 16:46:53.864 0 0 D [1 T5181 ..] [h264]: vh264_init, phy_addr=cee29000 vaddr=000000008c458423
06-24 16:46:53.865 0 0 I [0 T5162 ..] [amlv4l]: [555]: set vf duration: f00
06-24 16:46:53.893 0 0 D [3 T18360 ..] [h264]: 0: vmh264_get_ps_info mmu_enable 0 double_write_mode 0x10
06-24 16:46:53.893 0 0 I [3 T18360 ..] [amlv4l]: [555]: Parse from ucode, visible(1920 x 1080), coded(1920 x 1088), scan:P, bitdepth(0), dw(10)
06-24 16:46:53.893 0 0 I [1 T5181 ..] [amlv4l]: [555]: Picture buffer count: dec:4, vpp:0, ge2d:0, margin:6, total:10
06-24 16:46:53.896 0 0 D [1 T5181 ..] [amlv4l]: [555]: Post event: res chg
06-24 16:46:53.932 0 0 D [3 T18360 ..] [h264]: 0: restriction_flag=0, max_dec_frame_buffering=3, dec_dpb_size=4 num_reorder_frames 2 used_reorder_dpb_size_margin 6
06-24 16:46:53.948 0 0 D [0 T239 ..] [h264]: 0: decoder duration change old: 0 new: 3840
06-24 16:46:54.356 0 0 I : [0 T360 ..] di_process_open iminor(inode) =0
06-24 16:46:54.356 0 0 I [0 T360 ..] dim: reg:use[0]ms
06-24 16:46:54.356 0 0 I [0 T360 ..] dim: ins:create:ch[2],tmode[3]
06-24 16:46:54.357 0 0 I [0 T360 ..] dim: out:0x80000000
06-24 16:46:54.362 0 0 E [0 T360 ..] dp: [0]no hdr10+ data.
06-24 16:46:54.362 0 0 E [0 T360 ..] dp: [0]no meta_data.
06-24 16:46:54.362 0 0 E [0 T360 ..] dp: [0]invalid ud param.
06-24 16:46:54.363 0 0 I [3 T108 ..] dim: value reg:ch[2]:fix_buf:0;ponly <0,0> post_nub=5
06-24 16:46:54.363 0 0 I [0 T360 ..] VID: VD1 off
06-24 16:46:54.364 0 0 I [3 T108 ..] dim: di_cnt_i_buf1:tvp:0
06-24 16:46:54.364 0 0 I [0 T360 ..] vc: [0]vc: set enable index=0, val=1
06-24 16:46:54.365 0 0 I [3 T108 ..] dim: di_reg_setting:ch[2]:for first ch reg:
06-24 16:46:54.366 0 0 I [0 T360 ..] VID: VD1 off
06-24 16:46:54.366 0 0 I [0 T360 ..] VID: VD1 set global output as 1
06-24 16:46:54.366 0 0 I [3 T108 ..] dim: ch[2]:reg:mem cfg[0][0][0]
06-24 16:46:54.367 0 0 I [0 T360 ..] VID: store VD0 path_id changed -1->2
06-24 16:46:54.367 0 0 I [3 T108 ..] dim: ch[2]:bypass change:i:0->1:0x60
06-24 16:46:54.368 0 0 I [0 T360 ..] vc: [0]sideband_type =-1
06-24 16:46:54.703 0 0 W [2 T25269 ..] audit: audit_lost=22801 audit_rate_limit=5 audit_backlog_limit=64
06-24 16:46:54.703 0 0 E [2 T25269 ..] audit: rate limit exceeded
06-24 16:46:55.050 0 0 W : [2 T5093 .s] [SP FRAME TX] arp req,vif_idx:0 sender:[1c:79:2d:20:62:cb 192.168.3.75]receiver:[00:00:00:00:00:00 192.168.3.243]
06-24 16:46:55.051 0 0 W : [2 T5093 .s] [SP FRAME TX] arp req,vif_idx:0 sender:[1c:79:2d:20:62:cb 192.168.3.75]receiver:[00:00:00:00:00:00 192.168.3.215]
06-24 16:46:55.053 0 0 W : [2 T5093 .s] [SP FRAME TX] arp req,vif_idx:0 sender:[1c:79:2d:20:62:cb 192.168.3.75]receiver:[00:00:00:00:00:00 192.168.3.176]
06-24 16:46:55.054 0 0 W : [2 T5093 .s] [SP FRAME TX] arp req,vif_idx:0 sender:[1c:79:2d:20:62:cb 192.168.3.75]receiver:[00:00:00:00:00:00 192.168.3.68]
06-24 16:46:55.056 0 0 W : [2 T5093 .s] [SP FRAME TX] arp req,vif_idx:0 sender:[1c:79:2d:20:62:cb 192.168.3.75]receiver:[00:00:00:00:00:00 192.168.3.57]
06-24 16:46:55.056 0 0 W : [3 T1046 ..] [SP FRAME RX] arp req,vif_idx:0 sender:[16:8e:6e:17:dc:41 192.168.3.176]receiver:[00:00:00:00:00:00 192.168.3.75]
06-24 16:46:55.057 0 0 W : [2 T5093 .s] [SP FRAME TX] arp req,vif_idx:0 sender:[1c:79:2d:20:62:cb 192.168.3.75]receiver:[00:00:00:00:00:00 192.168.3.36]
06-24 16:46:55.060 0 0 W : [2 T5093 .s] [SP FRAME TX] arp rsp,vif_idx:0 sender:[1c:79:2d:20:62:cb 192.168.3.75]receiver:[16:8e:6e:17:dc:41 192.168.3.176]
06-24 16:46:55.064 0 0 W : [3 T1046 ..] [SP FRAME RX] arp rsp,vif_idx:0 sender:[b6:86:f8:35:d4:28 192.168.3.36]receiver:[1c:79:2d:20:62:cb 192.168.3.75]
06-24 16:46:55.075 0 0 W : [3 T1046 ..] [SP FRAME RX] arp rsp,vif_idx:0 sender:[e2:38:ab:ac:32:27 192.168.3.215]receiver:[1c:79:2d:20:62:cb 192.168.3.75]
06-24 16:46:55.076 0 0 W : [3 T1046 ..] [SP FRAME RX] arp req,vif_idx:0 sender:[10:b2:32:39:59:ba 192.168.3.57]receiver:[00:00:00:00:00:00 192.168.3.75]
06-24 16:46:55.077 0 0 W : [3 T1046 ..] [SP FRAME TX] arp rsp,vif_idx:0 sender:[1c:79:2d:20:62:cb 192.168.3.75]receiver:[10:b2:32:39:59:ba 192.168.3.57]
06-24 16:46:55.146 0 0 W : [3 T1046 ..] [SP FRAME RX] arp rsp,vif_idx:0 sender:[10:b2:32:39:59:ba 192.168.3.57]receiver:[1c:79:2d:20:62:cb 192.168.3.75]
06-24 16:46:55.147 0 0 W : [2 T1046 ..] [SP FRAME RX] arp req,vif_idx:0 sender:[e2:8e:12:0f:0b:47 192.168.3.123]receiver:[00:00:00:00:00:00 192.168.3.75]
06-24 16:46:55.148 0 0 W : [2 T1046 ..] [SP FRAME TX] arp rsp,vif_idx:0 sender:[1c:79:2d:20:62:cb 192.168.3.75]receiver:[e2:8e:12:0f:0b:47 192.168.3.123]
06-24 16:46:55.150 0 0 W : [2 T1046 ..] [SP FRAME RX] arp rsp,vif_idx:0 sender:[16:8e:6e:17:dc:41 192.168.3.176]receiver:[1c:79:2d:20:62:cb 192.168.3.75]
06-24 16:46:55.262 0 0 W : [2 T1046 ..] [SP FRAME RX] arp req,vif_idx:0 sender:[b6:86:f8:35:d4:28 192.168.3.36]receiver:[00:00:00:00:00:00 192.168.3.75]
06-24 16:46:55.263 0 0 W : [2 T1046 ..] [SP FRAME TX] arp rsp,vif_idx:0 sender:[1c:79:2d:20:62:cb 192.168.3.75]receiver:[b6:86:f8:35:d4:28 192.168.3.36]
06-24 16:46:55.299 0 0 W : [2 T1046 ..] [SP FRAME RX] arp req,vif_idx:0 sender:[e2:38:ab:ac:32:27 192.168.3.215]receiver:[00:00:00:00:00:00 192.168.3.75]
06-24 16:46:55.300 0 0 W : [2 T1046 ..] [SP FRAME TX] arp rsp,vif_idx:0 sender:[1c:79:2d:20:62:cb 192.168.3.75]receiver:[e2:38:ab:ac:32:27 192.168.3.215]
06-24 16:46:55.341 0 0 W : [2 T1046 ..] [SP FRAME RX] arp req,vif_idx:0 sender:[f6:f5:2e:bc:8c:d5 192.168.3.68]receiver:[00:00:00:00:00:00 192.168.3.75]
06-24 16:46:55.342 0 0 W : [2 T1046 ..] [SP FRAME TX] arp rsp,vif_idx:0 sender:[1c:79:2d:20:62:cb 192.168.3.75]receiver:[f6:f5:2e:bc:8c:d5 192.168.3.68]
06-24 16:46:55.343 0 0 W : [2 T1046 ..] [SP FRAME RX] arp rsp,vif_idx:0 sender:[f6:f5:2e:bc:8c:d5 192.168.3.68]receiver:[1c:79:2d:20:62:cb 192.168.3.75]
06-24 16:46:55.931 685 3826 E Transition: Trying to add a ready-group twice: Display{#0 state=ON size=1920x1080 ROTATION_0}
06-24 16:46:55.932 685 3826 I ActivityTaskManager: START u0 {cmp=com.baosheng.ktv/com.github.isuperred.activity.MainActivity} with LAUNCH_SINGLE_TASK from uid 10106 (BAL_ALLOW_VISIBLE_WINDOW) result code=0
06-24 16:46:55.933 901 979 V WindowManagerShell: Transition requested: android.os.BinderProxy@12549b2 TransitionRequestInfo { type = 1, triggerTask = TaskInfo{userId=0 taskId=191 displayId=0 isRunning=true baseIntent=Intent { act=android.intent.action.MAIN cat=[android.intent.category.LAUNCHER] flg=0x10000000 pkg=com.baosheng.ktv cmp=com.baosheng.ktv/com.activity.WelcomeActivity } baseActivity=ComponentInfo{com.baosheng.ktv/com.activity.VideoPlayerYingActivity} topActivity=ComponentInfo{com.baosheng.ktv/com.github.isuperred.activity.MainActivity} origActivity=null realActivity=ComponentInfo{com.baosheng.ktv/com.activity.WelcomeActivity} numActivities=2 lastActiveTime=20223832 supportsMultiWindow=true resizeMode=1 isResizeable=true minWidth=-1 minHeight=-1 defaultMinSize=220 token=WCT{android.window.IWindowContainerToken$Stub$Proxy@b00cd03} topActivityType=1 pictureInPictureParams=null shouldDockBigOverlays=true launchIntoPipHostTaskId=-1 lastParentTaskIdBeforePip=-1 displayCutoutSafeInsets=null topActivityInfo=ActivityInfo{1206480 com.github.isuperred.activity.MainActivity} launchCookies=[] positionInParent=Point(0, 0) parentTaskId=-1 isFocused=true isVisible=true isVisibleRequested=true isSleeping=false topActivityInSizeCompat=false topActivityEligibleForLetterboxEducation= false isLetterboxDoubleTapEnabled= false topActivityEligibleForUserAspectRatioButton= false topActivityBoundsLetterboxed= false isFromLetterboxDoubleTap= false topActivityLetterboxVerticalPosition= -1 topActivityLetterboxHorizontalPosition= -1 topActivityLetterboxWidth=-1 topActivityLetterboxHeight=-1 isUserFullscreenOverrideEnabled=false isTopActivityTransparent=true locusId=null displayAreaFeatureId=1 cameraCompatControlState=hidden}, remoteTransition = null, displayChange = null, flags = 0 }
06-24 16:46:55.944 685 3826 V WindowManager: app ------------- force_land :0
06-24 16:46:56.048 685 709 D AutofillManagerService: onBackKeyPressed()
06-24 16:46:56.074 0 0 W : [2 T0 .s] [SP FRAME TX] arp req,vif_idx:0 sender:[1c:79:2d:20:62:cb 192.168.3.75]receiver:[00:00:00:00:00:00 192.168.3.243]
06-24 16:46:56.054 901 979 D WindowManagerShell: TvPipController: onTaskStackChanged()
06-24 16:46:56.167 685 12511 W WindowManager: [addWindow] title:com.baosheng.ktv/com.github.isuperred.activity.MainActivity
06-24 16:46:56.175 685 3826 D CoreBackPreview: Window{a3751cb u0 com.baosheng.ktv/com.github.isuperred.activity.MainActivity}: Setting back callback OnBackInvokedCallbackInfo{mCallback=android.window.IOnBackInvokedCallback$Stub$Proxy@436c0c1, mPriority=0, mIsAnimationCallback=false}
06-24 16:46:56.235 0 0 E [0 T247 ..] aml_cma_alloc: heap-gfx: alloc failed, req-size: 2072 pages, ret: -12
06-24 16:46:56.252 685 3826 I ActivityTaskManager: START u0 {cmp=com.baosheng.ktv/com.github.isuperred.activity.MainActivity} with LAUNCH_SINGLE_TASK from uid 10106 (BAL_ALLOW_VISIBLE_WINDOW) result code=3
06-24 16:46:56.256 685 3826 W ActivityTaskManager: Duplicate finish request for r=ActivityRecord{a9b6b7e u0 com.baosheng.ktv/com.activity.VideoPlayerYingActivity t191 f}}
06-24 16:46:56.276 685 708 V WindowManager: Sent Transition #613 createdAt=06-24 16:46:55.921 via request=TransitionRequestInfo { type = 1, triggerTask = TaskInfo{userId=0 taskId=191 displayId=0 isRunning=true baseIntent=Intent { act=android.intent.action.MAIN cat=[android.intent.category.LAUNCHER] flg=0x10000000 pkg=com.baosheng.ktv cmp=com.baosheng.ktv/com.activity.WelcomeActivity } baseActivity=ComponentInfo{com.baosheng.ktv/com.activity.VideoPlayerYingActivity} topActivity=ComponentInfo{com.baosheng.ktv/com.github.isuperred.activity.MainActivity} origActivity=null realActivity=ComponentInfo{com.baosheng.ktv/com.activity.WelcomeActivity} numActivities=2 lastActiveTime=20223832 supportsMultiWindow=true resizeMode=1 isResizeable=true minWidth=-1 minHeight=-1 defaultMinSize=220 token=WCT{RemoteToken{2ad0315 Task{2cf7fb3 #191 type=standard A=10106:com.baosheng.ktv}}} topActivityType=1 pictureInPictureParams=null shouldDockBigOverlays=true launchIntoPipHostTaskId=-1 lastParentTaskIdBeforePip=-1 displayCutoutSafeInsets=null topActivityInfo=ActivityInfo{94dccf2 com.github.isuperred.activity.MainActivity} launchCookies=[] positionInParent=Point(0, 0) parentTaskId=-1 isFocused=true isVisible=true isVisibleRequested=true isSleeping=false topActivityInSizeCompat=false topActivityEligibleForLetterboxEducation= false isLetterboxDoubleTapEnabled= false topActivityEligibleForUserAspectRatioButton= false topActivityBoundsLetterboxed= false isFromLetterboxDoubleTap= false topActivityLetterboxVerticalPosition= -1 topActivityLetterboxHorizontalPosition= -1 topActivityLetterboxWidth=-1 topActivityLetterboxHeight=-1 isUserFullscreenOverrideEnabled=false isTopActivityTransparent=true locusId=null displayAreaFeatureId=1 cameraCompatControlState=hidden}, remoteTransition = null, displayChange = null, flags = 0 }
06-24 16:46:56.276 685 708 V WindowManager: startWCT=WindowContainerTransaction { changes = {} hops = [] errorCallbackToken=null taskFragmentOrganizer=null }
06-24 16:46:56.276 685 708 V WindowManager: info={id=613 t=OPEN f=0x0 trk=0 r=[0@Point(0, 0)] c=[{null m=OPEN f=TRANSLUCENT|FILLS_TASK leash=Surface(name=ActivityRecord{d3cb2bf u0 com.baosheng.ktv/com.github.isuperred.activity.MainActivity)/@0x5852c54 sb=Rect(0, 0 - 0, 0) eb=Rect(0, 0 - 1920, 1080) d=-1->0 r=-1->0:-1},{null m=CLOSE f=TRANSLUCENT|FILLS_TASK leash=Surface(name=ActivityRecord{a9b6b7e u0 com.baosheng.ktv/com.activity.VideoPlayerYingActivity)/@0x2a65671 sb=Rect(0, 0 - 1920, 1080) eb=Rect(0, 0 - 1920, 1080) d=0}]}
06-24 16:46:56.281 901 979 V WindowManagerShell: onTransitionReady android.os.BinderProxy@12549b2: {id=613 t=OPEN f=0x0 trk=0 r=[0@Point(0, 0)] c=[{null m=OPEN f=TRANSLUCENT|FILLS_TASK leash=Surface(name=ActivityRecord{d3cb2bf u0 com.baosheng.ktv/com.github.isuperred.activity.MainActivity)/@0x469fab9 sb=Rect(0, 0 - 0, 0) eb=Rect(0, 0 - 1920, 1080) d=-1->0 r=-1->0:-1},{null m=CLOSE f=TRANSLUCENT|FILLS_TASK leash=Surface(name=ActivityRecord{a9b6b7e u0 com.baosheng.ktv/com.activity.VideoPlayerYingActivity)/@0xf9a4efe sb=Rect(0, 0 - 1920, 1080) eb=Rect(0, 0 - 1920, 1080) d=0}]}
06-24 16:46:56.281 901 979 V WindowManagerShell: Playing animation for (#613)android.os.BinderProxy@12549b2@0
06-24 16:46:56.282 901 979 V WindowManagerShell: try handler com.android.wm.shell.keyguard.KeyguardTransitionHandler@24e2028
06-24 16:46:56.282 901 979 V WindowManagerShell: try handler com.android.wm.shell.pip.tv.TvPipTransition@1141
06-24 16:46:56.282 901 979 V WindowManagerShell: try handler com.android.wm.shell.activityembedding.ActivityEmbeddingController@e8f56e6
06-24 16:46:56.282 901 979 V WindowManagerShell: try handler com.android.wm.shell.transition.RemoteTransitionHandler@b664427
06-24 16:46:56.284 901 979 V WindowManagerShell: Transition doesn't have explicit remote, search filters for match for {id=613 t=OPEN f=0x0 trk=0 r=[0@Point(0, 0)] c=[{null m=OPEN f=TRANSLUCENT|FILLS_TASK leash=Surface(name=ActivityRecord{d3cb2bf u0 com.baosheng.ktv/com.github.isuperred.activity.MainActivity)/@0x469fab9 sb=Rect(0, 0 - 0, 0) eb=Rect(0, 0 - 1920, 1080) d=-1->0 r=-1->0:-1},{null m=CLOSE f=TRANSLUCENT|FILLS_TASK leash=Surface(name=ActivityRecord{a9b6b7e u0 com.baosheng.ktv/com.activity.VideoPlayerYingActivity)/@0xf9a4efe sb=Rect(0, 0 - 1920, 1080) eb=Rect(0, 0 - 1920, 1080) d=0}]}
06-24 16:46:56.284 901 979 V WindowManagerShell: Delegate animation for #613 to null
06-24 16:46:56.284 901 979 V WindowManagerShell: try handler com.android.wm.shell.transition.DefaultTransitionHandler@7916d4
06-24 16:46:56.284 901 979 V WindowManagerShell: start default transition animation, info = {id=613 t=OPEN f=0x0 trk=0 r=[0@Point(0, 0)] c=[{null m=OPEN f=TRANSLUCENT|FILLS_TASK leash=Surface(name=ActivityRecord{d3cb2bf u0 com.baosheng.ktv/com.github.isuperred.activity.MainActivity)/@0x469fab9 sb=Rect(0, 0 - 0, 0) eb=Rect(0, 0 - 1920, 1080) d=-1->0 r=-1->0:-1},{null m=CLOSE f=TRANSLUCENT|FILLS_TASK leash=Surface(name=ActivityRecord{a9b6b7e u0 com.baosheng.ktv/com.activity.VideoPlayerYingActivity)/@0xf9a4efe sb=Rect(0, 0 - 1920, 1080) eb=Rect(0, 0 - 1920, 1080) d=0}]}
06-24 16:46:56.285 901 979 V WindowManagerShell: loadAnimation: anim=android.view.animation.AlphaAnimation@66748ac animAttr=0x5 type=OPEN isEntrance=false
06-24 16:46:56.286 901 979 V WindowManagerShell: loadAnimation: anim=android.view.animation.AlphaAnimation@3268975 animAttr=0x4 type=OPEN isEntrance=true
06-24 16:46:56.289 901 979 V WindowManagerShell: animated by com.android.wm.shell.transition.DefaultTransitionHandler@7916d4
06-24 16:46:56.303 685 709 W ContextImpl: Calling a method in the system process without a qualified user: android.app.ContextImpl.startService:1899 com.android.server.wm.DisplayPolicy.lambda$focusChangedLw$5:2126 com.android.server.wm.DisplayPolicy.$r8$lambda$Znxk63oh-WzVnzo_WQefN7uxV48:0 com.android.server.wm.DisplayPolicy$$ExternalSyntheticLambda13.run:0 android.os.Handler.handleCallback:958
06-24 16:46:56.543 685 1390 E TaskPersister: File error accessing recents directory (directory doesn't exist?).
06-24 16:46:56.652 0 0 W [0 T10663 ..] audit: audit_lost=22807 audit_rate_limit=5 audit_backlog_limit=64
06-24 16:46:56.652 0 0 E [0 T10663 ..] audit: rate limit exceeded
06-24 16:46:56.746 0 0 I [3 T108 ..] dim: unreg:2keep[1], msk:[0x0,0x0]
06-24 16:46:56.746 0 0 I [3 T108 ..] dim: hf:r:ch[2]:cnt[0]
06-24 16:46:56.747 0 0 I [3 T108 ..] dim: di_unreg_setting:
06-24 16:46:56.749 0 0 I [2 T360 ..] dim: unreg:use[18]ms
06-24 16:46:56.749 0 0 I [2 T360 ..] dim: ins:destroy:ch[2]:end
06-24 16:46:56.750 0 0 I : [3 T360 ..] di process release
06-24 16:46:56.755 0 0 I [0 T360 ..] vc: [0]vc: set enable index=0, val=0
06-24 16:46:56.755 0 0 I [0 T360 ..] VID: store VD0 path_id changed 2->-1
06-24 16:46:56.755 0 0 I [0 T360 ..] VID: VD1 off
06-24 16:46:56.697 901 979 V WindowManagerShell: Transition animation finished (aborted=false), notifying core (#613)android.os.BinderProxy@12549b2@0
06-24 16:46:56.704 685 708 V WindowManager: Finish Transition #613: created at
06-24 16:46:55.921 collect-started=0.044ms request-sent=10.1ms started=11.921ms ready=30.775ms sent=340.331ms finished=779.393ms
06-24 16:46:56.704 901 979 V WindowManagerShell: Track 0 became idle
06-24 16:46:56.704 901 979 V WindowManagerShell: All active transition animations finished
06-24 16:46:56.756 0 0 I [0 T360 ..] VID: VD1 set global output as 0
06-24 16:46:56.757 0 0 I : [0 T360 ..] common_vf_unreg_provider video_render.0: vd1 used:true, vd2 used:false, vd3 used:false, f_wait:true (0 0), b_out:0, cur_buf:00000000c149d856
06-24 16:46:56.788 0 0 I [3 T360 ..] dp_put_file_ext: put_file=ffffff80907028c0, file_count=20
06-24 16:46:57.098 0 0 W : [2 T13187 .s] [SP FRAME TX] arp req,vif_idx:0 sender:[1c:79:2d:20:62:cb 192.168.3.75]receiver:[00:00:00:00:00:00 192.168.3.243]
06-24 16:46:57.311 0 0 I [1 T5181 ..] [amlv4l]: [555]: reset mode: 1, es frames buffering: 2
06-24 16:46:57.314 0 0 I [2 T5181 ..] [amlv4l]: [555]: reset mode: 1, es frames buffering: 0
06-24 16:46:57.326 0 0 I [0 T5170 ..] [amlv4l]: [555]: reset mode: 1, es frames buffering: 0
06-24 16:46:57.330 0 0 D [2 T5170 ..] [amlcom]: vdec_release instance 00000000b9a2fd5e, total 1
06-24 16:46:57.331 0 0 I [3 T5170 ..] [amlcom]: dos_local_config end, id 0, is_on 0
06-24 16:46:57.331 0 0 D [3 T5170 ..] [media_clock]: the clk_vdec_mux clock off, ref cnt: 0
06-24 16:46:57.331 0 0 I : [3 T5170 ..] deinit session
06-24 16:46:57.332 0 0 I : [3 T5170 ..] deinit session producer-2
06-24 16:46:57.332 0 0 I : [3 T5170 ..] deinit has_unusing_fifo [1]
06-24 16:46:57.333 0 0 I : [0 T98 ..] p_fifo[2] name[aml-vcodec-dec] state[0] to MP_FIFO_UNUSED
06-24 16:46:57.356 685 13187 W ActivityTaskManager: Duplicate finish request for r=ActivityRecord{a9b6b7e u0 com.baosheng.ktv/com.activity.VideoPlayerYingActivity t191 f}}
06-24 16:46:57.365 685 13187 D CoreBackPreview: Window{65daff5 u0 com.baosheng.ktv/com.activity.VideoPlayerYingActivity}: Setting back callback null
06-24 16:46:57.495 0 0 I [1 T265 ..] dp_buf: [0:555]di buf_mgr free
06-24 16:46:57.509 685 711 I ActivityManager: PendingStartActivityUids startActivity to updateOomAdj delay:1560ms, uid:10106
06-24 16:46:57.760 0 0 W : [0 T1046 ..] [SP FRAME RX] arp req,vif_idx:0 sender:[fa:f0:09:28:64:31 192.168.3.73]receiver:[00:00:00:00:00:00 192.168.3.75]
06-24 16:46:57.761 0 0 W : [0 T1046 ..] [SP FRAME TX] arp rsp,vif_idx:0 sender:[1c:79:2d:20:62:cb 192.168.3.75]receiver:[fa:f0:09:28:64:31 192.168.3.73]
06-24 16:46:58.122 0 0 W : [2 T1523 .s] [SP FRAME TX] arp req,vif_idx:0 sender:[1c:79:2d:20:62:cb 192.168.3.75]receiver:[00:00:00:00:00:00 192.168.3.243]
06-24 16:46:58.952 685 709 D AutofillManagerService: onBackKeyPressed()
06-24 16:46:58.956 685 12511 W WindowManager: [addWindow] title:com.baosheng.ktv/com.github.isuperred.activity.MainActivity
06-24 16:46:58.972 685 12511 D CoreBackPreview: Window{2d9d87 u0 com.baosheng.ktv/com.github.isuperred.activity.MainActivity}: Setting back callback OnBackInvokedCallbackInfo{mCallback=android.window.IOnBackInvokedCallback$Stub$Proxy@4c2e8dd, mPriority=0, mIsAnimationCallback=false}
06-24 16:46:59.063 685 709 W ContextImpl: Calling a method in the system process without a qualified user: android.app.ContextImpl.startService:1899 com.android.server.wm.DisplayPolicy.lambda$focusChangedLw$5:2126 com.android.server.wm.DisplayPolicy.$r8$lambda$Znxk63oh-WzVnzo_WQefN7uxV48:0 com.android.server.wm.DisplayPolicy$$ExternalSyntheticLambda13.run:0 android.os.Handler.handleCallback:958
06-24 16:46:59.146 0 0 W : [2 T0 .s] [SP FRAME TX] arp req,vif_idx:0 sender:[1c:79:2d:20:62:cb 192.168.3.75]receiver:[00:00:00:00:00:00 192.168.3.243]
06-24 16:46:59.143 685 3826 W BatteryExternalStatsWorker: error reading Bluetooth stats: 11
06-24 16:46:59.507 0 0 W : [1 T1046 ..] [SP FRAME RX] arp req,vif_idx:0 sender:[9a:86:f7:27:5c:25 192.168.3.169]receiver:[00:00:00:00:00:00 192.168.3.75]
06-24 16:46:59.508 0 0 W : [1 T1046 ..] [SP FRAME TX] arp rsp,vif_idx:0 sender:[1c:79:2d:20:62:cb 192.168.3.75]receiver:[9a:86:f7:27:5c:25 192.168.3.169]
06-24 16:46:59.771 0 0 W [0 T5327 ..] audit: audit_lost=22810 audit_rate_limit=5 audit_backlog_limit=64
06-24 16:46:59.773 0 0 E [0 T5327 ..] audit: rate limit exceeded
06-24 16:47:00.170 0 0 W : [2 T5283 .s] [SP FRAME TX] arp req,vif_idx:0 sender:[1c:79:2d:20:62:cb 192.168.3.75]receiver:[00:00:00:00:00:00 192.168.3.243]
06-24 16:47:00.389 685 1390 E TaskPersister: File error accessing recents directory (directory doesn't exist?).
06-24 16:47:00.493 0 0 W : [3 T1046 ..] [SP FRAME RX] arp req,vif_idx:0 sender:[0c:91:60:12:cd:6e 192.168.3.81]receiver:[00:00:00:00:00:00 192.168.3.75]
06-24 16:47:00.494 0 0 W : [3 T1046 ..] [SP FRAME TX] arp rsp,vif_idx:0 sender:[1c:79:2d:20:62:cb 192.168.3.75]receiver:[0c:91:60:12:cd:6e 192.168.3.81]
06-24 16:47:00.574 0 0 W : [3 T1046 ..] [SP FRAME RX] arp req,vif_idx:0 sender:[d2:07:9a:6e:a7:36 192.168.3.27]receiver:[00:00:00:00:00:00 192.168.3.75]
06-24 16:47:00.575 0 0 W : [3 T1046 ..] [SP FRAME TX] arp rsp,vif_idx:0 sender:[1c:79:2d:20:62:cb 192.168.3.75]receiver:[d2:07:9a:6e:a7:36 192.168.3.27]
06-24 16:47:00.708 0 0 W : [3 T1046 ..] [SP FRAME RX] arp req,vif_idx:0 sender:[c6:ce:03:3d:c3:bd 192.168.3.118]receiver:[00:00:00:00:00:00 192.168.3.75]
06-24 16:47:00.709 0 0 W : [3 T1046 ..] [SP FRAME TX] arp rsp,vif_idx:0 sender:[1c:79:2d:20:62:cb 192.168.3.75]receiver:[c6:ce:03:3d:c3:bd 192.168.3.118]
06-24 16:47:00.751 0 0 W : [3 T1046 ..] [SP FRAME RX] arp req,vif_idx:0 sender:[28:7b:11:70:51:1f 192.168.3.44]receiver:[00:00:00:00:00:00 192.168.3.75]
06-24 16:47:00.752 0 0 W : [3 T1046 ..] [SP FRAME TX] arp rsp,vif_idx:0 sender:[1c:79:2d:20:62:cb 192.168.3.75]receiver:[28:7b:11:70:51:1f 192.168.3.44]
06-24 16:47:01.194 0 0 W : [2 T0 .s] [SP FRAME TX] arp req,vif_idx:0 sender:[1c:79:2d:20:62:cb 192.168.3.75]receiver:[00:00:00:00:00:00 192.168.3.243]
06-24 16:47:01.274 685 3826 D CoreBackPreview: Window{2d9d87 u0 com.baosheng.ktv/com.github.isuperred.activity.MainActivity}: Setting back callback null
06-24 16:47:01.292 901 979 V WindowManagerShell: Transition requested: android.os.BinderProxy@8e347f1 TransitionRequestInfo { type = 2, triggerTask = TaskInfo{userId=0 taskId=191 displayId=0 isRunning=false baseIntent=Intent { act=android.intent.action.MAIN cat=[android.intent.category.LAUNCHER] flg=0x10000000 pkg=com.baosheng.ktv cmp=com.baosheng.ktv/com.activity.WelcomeActivity } baseActivity=null topActivity=null origActivity=null realActivity=ComponentInfo{com.baosheng.ktv/com.activity.WelcomeActivity} numActivities=0 lastActiveTime=20223848 supportsMultiWindow=true resizeMode=1 isResizeable=true minWidth=-1 minHeight=-1 defaultMinSize=220 token=WCT{android.window.IWindowContainerToken$Stub$Proxy@e173fd6} topActivityType=1 pictureInPictureParams=null shouldDockBigOverlays=false launchIntoPipHostTaskId=-1 lastParentTaskIdBeforePip=-1 displayCutoutSafeInsets=null topActivityInfo=null launchCookies=[] positionInParent=Point(0, 0) parentTaskId=-1 isFocused=true isVisible=true isVisibleRequested=true isSleeping=false topActivityInSizeCompat=false topActivityEligibleForLetterboxEducation= false isLetterboxDoubleTapEnabled= false topActivityEligibleForUserAspectRatioButton= false topActivityBoundsLetterboxed= false isFromLetterboxDoubleTap= false topActivityLetterboxVerticalPosition= -1 topActivityLetterboxHorizontalPosition= -1 topActivityLetterboxWidth=-1 topActivityLetterboxHeight=-1 isUserFullscreenOverrideEnabled=false isTopActivityTransparent=false locusId=null displayAreaFeatureId=1 cameraCompatControlState=hidden}, remoteTransition = null, displayChange = null, flags = 0 }
06-24 16:47:01.301 685 711 V WindowManager: Unknown focus tokens, dropping reportFocusChanged
06-24 16:47:01.308 685 3826 W ActivityTaskManager: Finishing task with all activities already finished
06-24 16:47:01.308 685 3826 W ActivityTaskManager: Duplicate finish request for r=ActivityRecord{d3cb2bf u0 com.baosheng.ktv/com.github.isuperred.activity.MainActivity t191 f}}
06-24 16:47:01.380 685 709 W ContextImpl: Calling a method in the system process without a qualified user: android.app.ContextImpl.startService:1899 com.android.server.wm.DisplayPolicy.lambda$focusChangedLw$5:2126 com.android.server.wm.DisplayPolicy.$r8$lambda$Znxk63oh-WzVnzo_WQefN7uxV48:0 com.android.server.wm.DisplayPolicy$$ExternalSyntheticLambda13.run:0 android.os.Handler.handleCallback:958
06-24 16:47:01.445 685 2118 I ActivityManager: Process com.baosheng.ktv (pid 4892) has died: fg TOP
06-24 16:47:01.446 685 24239 I WindowManager: WIN DEATH: Window{a3751cb u0 com.baosheng.ktv/com.github.isuperred.activity.MainActivity}
06-24 16:47:01.452 685 12511 I WindowManager: WIN DEATH: Window{2d9d87 u0 com.baosheng.ktv/com.github.isuperred.activity.MainActivity EXITING}
06-24 16:47:01.452 685 2118 W ActivityManager: Scheduling restart of crashed service com.baosheng.ktv/com.github.isuperred.application.TCPServerService in 1000ms for start-requested
06-24 16:47:01.455 685 709 D DisplayManagerService: Drop pending events for gone uid 10106
06-24 16:47:01.461 685 2118 V WindowManager: app ------------- force_land :0
06-24 16:47:01.471 685 708 V WindowManager: Sent Transition #614 createdAt=06-24 16:47:01.291 via request=TransitionRequestInfo { type = 2, triggerTask = TaskInfo{userId=0 taskId=191 displayId=0 isRunning=false baseIntent=Intent { act=android.intent.action.MAIN cat=[android.intent.category.LAUNCHER] flg=0x10000000 pkg=com.baosheng.ktv cmp=com.baosheng.ktv/com.activity.WelcomeActivity } baseActivity=null topActivity=null origActivity=null realActivity=ComponentInfo{com.baosheng.ktv/com.activity.WelcomeActivity} numActivities=0 lastActiveTime=20223848 supportsMultiWindow=true resizeMode=1 isResizeable=true minWidth=-1 minHeight=-1 defaultMinSize=220 token=WCT{RemoteToken{2ad0315 Task{2cf7fb3 #191 type=standard A=10106:com.baosheng.ktv}}} topActivityType=1 pictureInPictureParams=null shouldDockBigOverlays=false launchIntoPipHostTaskId=-1 lastParentTaskIdBeforePip=-1 displayCutoutSafeInsets=null topActivityInfo=null launchCookies=[] positionInParent=Point(0, 0) parentTaskId=-1 isFocused=true isVisible=true isVisibleRequested=true isSleeping=false topActivityInSizeCompat=false topActivityEligibleForLetterboxEducation= false isLetterboxDoubleTapEnabled= false topActivityEligibleForUserAspectRatioButton= false topActivityBoundsLetterboxed= false isFromLetterboxDoubleTap= false topActivityLetterboxVerticalPosition= -1 topActivityLetterboxHorizontalPosition= -1 topActivityLetterboxWidth=-1 topActivityLetterboxHeight=-1 isUserFullscreenOverrideEnabled=false isTopActivityTransparent=false locusId=null displayAreaFeatureId=1 cameraCompatControlState=hidden}, remoteTransition = null, displayChange = null, flags = 0 }
06-24 16:47:01.471 685 708 V WindowManager: startWCT=WindowContainerTransaction { changes = {} hops = [] errorCallbackToken=null taskFragmentOrganizer=null }
06-24 16:47:01.472 685 708 V WindowManager: info={id=614 t=CLOSE f=0x0 trk=0 r=[0@Point(0, 0)] c=[{WCT{RemoteToken{2ad0315 Task{2cf7fb3 #191 type=standard A=10106:com.baosheng.ktv}}} m=CLOSE f=TRANSLUCENT leash=Surface(name=Task=191)/@0x94e861e sb=Rect(0, 0 - 1920, 1080) eb=Rect(0, 0 - 1920, 1080) d=0}]}
06-24 16:47:01.473 901 979 V WindowManagerShell: onTransitionReady android.os.BinderProxy@8e347f1: {id=614 t=CLOSE f=0x0 trk=0 r=[0@Point(0, 0)] c=[{WCT{android.window.IWindowContainerToken$Stub$Proxy@bd3722d} m=CLOSE f=TRANSLUCENT leash=Surface(name=Task=191)/@0xadd9257 sb=Rect(0, 0 - 1920, 1080) eb=Rect(0, 0 - 1920, 1080) d=0}]}
06-24 16:47:01.474 901 979 V WindowManagerShell: Playing animation for (#614)android.os.BinderProxy@8e347f1@0
06-24 16:47:01.474 901 979 V WindowManagerShell: try handler com.android.wm.shell.keyguard.KeyguardTransitionHandler@24e2028
06-24 16:47:01.474 901 979 V WindowManagerShell: try handler com.android.wm.shell.pip.tv.TvPipTransition@1141
06-24 16:47:01.474 901 979 V WindowManagerShell: try handler com.android.wm.shell.activityembedding.ActivityEmbeddingController@e8f56e6
06-24 16:47:01.474 901 979 V WindowManagerShell: try handler com.android.wm.shell.transition.RemoteTransitionHandler@b664427
06-24 16:47:01.474 901 979 V WindowManagerShell: Transition doesn't have explicit remote, search filters for match for {id=614 t=CLOSE f=0x0 trk=0 r=[0@Point(0, 0)] c=[{WCT{android.window.IWindowContainerToken$Stub$Proxy@bd3722d} m=CLOSE f=TRANSLUCENT leash=Surface(name=Task=191)/@0xadd9257 sb=Rect(0, 0 - 1920, 1080) eb=Rect(0, 0 - 1920, 1080) d=0}]}
06-24 16:47:01.475 901 979 V WindowManagerShell: Delegate animation for #614 to null
06-24 16:47:01.475 901 979 V WindowManagerShell: try handler com.android.wm.shell.transition.DefaultTransitionHandler@7916d4
06-24 16:47:01.475 901 979 V WindowManagerShell: start default transition animation, info = {id=614 t=CLOSE f=0x0 trk=0 r=[0@Point(0, 0)] c=[{WCT{android.window.IWindowContainerToken$Stub$Proxy@bd3722d} m=CLOSE f=TRANSLUCENT leash=Surface(name=Task=191)/@0xadd9257 sb=Rect(0, 0 - 1920, 1080) eb=Rect(0, 0 - 1920, 1080) d=0}]}
06-24 16:47:01.476 901 979 V WindowManagerShell: loadAnimation: anim=android.view.animation.AlphaAnimation@b55edb0 animAttr=0x7 type=CLOSE isEntrance=false
06-24 16:47:01.477 901 979 V WindowManagerShell: animated by com.android.wm.shell.transition.DefaultTransitionHandler@7916d4
06-24 16:47:01.501 685 712 W ActivityManager: pid 685 system sent binder code 3 with flags 1 to frozen apps and got error -32
06-24 16:47:01.502 685 712 W WindowManager: Failed to deliver inset control state change to w=Window{2d9d87 u0 com.baosheng.ktv/com.github.isuperred.activity.MainActivity EXITING}
06-24 16:47:01.502 685 712 W WindowManager: android.os.DeadObjectException
06-24 16:47:01.502 685 712 W WindowManager: at android.os.BinderProxy.transactNative(Native Method)
06-24 16:47:01.502 685 712 W WindowManager: at android.os.BinderProxy.transact(BinderProxy.java:584)
06-24 16:47:01.502 685 712 W WindowManager: at android.view.IWindow$Stub$Proxy.insetsControlChanged(IWindow.java:479)
06-24 16:47:01.502 685 712 W WindowManager: at com.android.server.wm.WindowState.notifyInsetsControlChanged(WindowState.java:3821)
06-24 16:47:01.502 685 712 W WindowManager: at com.android.server.wm.InsetsStateController.lambda$notifyPendingInsetsControlChanged$3(InsetsStateController.java:369)
06-24 16:47:01.502 685 712 W WindowManager: at com.android.server.wm.InsetsStateController.$r8$lambda$8yykPRG1GyNq_J17QvL9d5xANMc(InsetsStateController.java:0)
06-24 16:47:01.502 685 712 W WindowManager: at com.android.server.wm.InsetsStateController$$ExternalSyntheticLambda2.run(R8$$SyntheticClass:0)
06-24 16:47:01.502 685 712 W WindowManager: at com.android.server.wm.WindowAnimator.executeAfterPrepareSurfacesRunnables(WindowAnimator.java:294)
06-24 16:47:01.502 685 712 W WindowManager: at com.android.server.wm.RootWindowContainer.performSurfacePlacementNoTrace(RootWindowContainer.java:811)
06-24 16:47:01.502 685 712 W WindowManager: at com.android.server.wm.RootWindowContainer.performSurfacePlacement(RootWindowContainer.java:756)
06-24 16:47:01.502 685 712 W WindowManager: at com.android.server.wm.WindowSurfacePlacer.performSurfacePlacementLoop(WindowSurfacePlacer.java:177)
06-24 16:47:01.502 685 712 W WindowManager: at com.android.server.wm.WindowSurfacePlacer.performSurfacePlacement(WindowSurfacePlacer.java:126)
06-24 16:47:01.502 685 712 W WindowManager: at com.android.server.wm.WindowSurfacePlacer.performSurfacePlacement(WindowSurfacePlacer.java:115)
06-24 16:47:01.502 685 712 W WindowManager: at com.android.server.wm.WindowSurfacePlacer$Traverser.run(WindowSurfacePlacer.java:57)
06-24 16:47:01.502 685 712 W WindowManager: at android.os.Handler.handleCallback(Handler.java:958)
06-24 16:47:01.502 685 712 W WindowManager: at android.os.Handler.dispatchMessage(Handler.java:99)
06-24 16:47:01.502 685 712 W WindowManager: at android.os.Looper.loopOnce(Looper.java:205)
06-24 16:47:01.502 685 712 W WindowManager: at android.os.Looper.loop(Looper.java:294)
06-24 16:47:01.502 685 712 W WindowManager: at android.os.HandlerThread.run(HandlerThread.java:67)
06-24 16:47:01.502 685 712 W WindowManager: at com.android.server.ServiceThread.run(ServiceThread.java:46)
06-24 16:47:01.550 685 709 W ContextImpl: Calling a method in the system process without a qualified user: android.app.ContextImpl.startService:1899 com.android.server.wm.DisplayPolicy.lambda$focusChangedLw$5:2126 com.android.server.wm.DisplayPolicy.$r8$lambda$Znxk63oh-WzVnzo_WQefN7uxV48:0 com.android.server.wm.DisplayPolicy$$ExternalSyntheticLambda13.run:0 android.os.Handler.handleCallback:958
06-24 16:47:01.578 0 0 W [3 T10663 ..] audit: audit_lost=22823 audit_rate_limit=5 audit_backlog_limit=64
06-24 16:47:01.579 0 0 E [3 T10663 ..] audit: rate limit exceeded
06-24 16:47:01.791 685 711 W ActivityTaskManager: Activity top resumed state loss timeout for ActivityRecord{d3cb2bf u0 com.baosheng.ktv/com.github.isuperred.activity.MainActivity t191 f} isExiting}
06-24 16:47:01.849 0 0 W : [1 T1046 ..] [SP FRAME RX] arp req,vif_idx:0 sender:[3a:fd:3d:ee:5f:54 192.168.3.129]receiver:[00:00:00:00:00:00 192.168.3.75]
06-24 16:47:01.850 0 0 W : [1 T1046 ..] [SP FRAME TX] arp rsp,vif_idx:0 sender:[1c:79:2d:20:62:cb 192.168.3.75]receiver:[3a:fd:3d:ee:5f:54 192.168.3.129]
06-24 16:47:01.884 901 979 V WindowManagerShell: Transition animation finished (aborted=false), notifying core (#614)android.os.BinderProxy@8e347f1@0
06-24 16:47:01.885 685 708 V WindowManager: Finish Transition #614: created at
06-24 16:47:01.291 collect-started=0.047ms request-sent=0.233ms started=10.22ms ready=171.659ms sent=178.434ms finished=593.738ms
06-24 16:47:01.886 685 12511 W ActivityManager: pid 685 system sent binder code 7 with flags 1 to frozen apps and got error -32
06-24 16:47:01.886 685 12511 D ActivityManager: Too many transaction errors, throttling freezer binder callback.
06-24 16:47:01.887 685 12511 W WindowManager: Exception thrown during dispatchAppVisibility Window{a3751cb u0 com.baosheng.ktv/com.github.isuperred.activity.MainActivity EXITING}
06-24 16:47:01.887 685 12511 W WindowManager: android.os.DeadObjectException
06-24 16:47:01.887 685 12511 W WindowManager: at android.os.BinderProxy.transactNative(Native Method)
06-24 16:47:01.887 685 12511 W WindowManager: at android.os.BinderProxy.transact(BinderProxy.java:584)
06-24 16:47:01.887 685 12511 W WindowManager: at android.view.IWindow$Stub$Proxy.dispatchAppVisibility(IWindow.java:546)
06-24 16:47:01.887 685 12511 W WindowManager: at com.android.server.wm.WindowState.sendAppVisibilityToClients(WindowState.java:3290)
06-24 16:47:01.887 685 12511 W WindowManager: at com.android.server.wm.WindowContainer.sendAppVisibilityToClients(WindowContainer.java:1299)
06-24 16:47:01.887 685 12511 W WindowManager: at com.android.server.wm.WindowToken.setClientVisible(WindowToken.java:409)
06-24 16:47:01.887 685 12511 W WindowManager: at com.android.server.wm.ActivityRecord.setClientVisible(ActivityRecord.java:6982)
06-24 16:47:01.887 685 12511 W WindowManager: at com.android.server.wm.ActivityRecord.postApplyAnimation(ActivityRecord.java:5653)
06-24 16:47:01.887 685 12511 W WindowManager: at com.android.server.wm.ActivityRecord.commitVisibility(ActivityRecord.java:5595)
06-24 16:47:01.887 685 12511 W WindowManager: at com.android.server.wm.Transition.finishTransition(Transition.java:1198)
06-24 16:47:01.887 685 12511 W WindowManager: at com.android.server.wm.TransitionController.finishTransition(TransitionController.java:886)
06-24 16:47:01.887 685 12511 W WindowManager: at com.android.server.wm.WindowOrganizerController.finishTransition(WindowOrganizerController.java:419)
06-24 16:47:01.887 685 12511 W WindowManager: at android.window.IWindowOrganizerController$Stub.onTransact(IWindowOrganizerController.java:280)
06-24 16:47:01.887 685 12511 W WindowManager: at com.android.server.wm.WindowOrganizerController.onTransact(WindowOrganizerController.java:183)
06-24 16:47:01.887 685 12511 W WindowManager: at android.os.Binder.execTransactInternal(Binder.java:1363)
06-24 16:47:01.887 685 12511 W WindowManager: at android.os.Binder.execTransact(Binder.java:1304)
06-24 16:47:01.890 685 711 W ActivityManager: setHasOverlayUi called on unknown pid: 4892
06-24 16:47:01.895 901 979 V WindowManagerShell: Track 0 became idle
06-24 16:47:01.895 901 979 V WindowManagerShell: All active transition animations finished
06-24 16:47:02.218 0 0 W : [2 T0 .s] [SP FRAME TX] arp req,vif_idx:0 sender:[1c:79:2d:20:62:cb 192.168.3.75]receiver:[00:00:00:00:00:00 192.168.3.243]
06-24 16:47:02.454 685 718 D CompatibilityChangeReporter: Compat change id reported: 135634846; UID 10106; state: DISABLED
06-24 16:47:02.455 685 719 D CompatibilityChangeReporter: Compat change id reported: 143937733; UID 10106; state: DISABLED
06-24 16:47:02.468 685 719 I ActivityManager: Start proc 5372:com.baosheng.ktv/u0a106 for service {com.baosheng.ktv/com.github.isuperred.application.TCPServerService}
06-24 16:47:03.242 0 0 W : [0 T18360 ..] [aml_send_sync_trace 4388] sync token[64058]
06-24 16:47:03.242 0 0 W : [2 T0 .s] [SP FRAME TX] arp req,vif_idx:0 sender:[1c:79:2d:20:62:cb 192.168.3.75]receiver:[00:00:00:00:00:00 192.168.3.243]
06-24 16:47:03.244 0 0 W : [0 T18360 ..] >>> aml_send_msg()
06-24 16:47:03.245 0 0 W : [3 T1041 ..] ipc_sdio_host_msgack_handler 00000000aecb43dd
06-24 16:47:03.245 0 0 W : [3 T1041 ..] [aml_msgackind 2039] msg ack hostid=0xffffff80ba192200
06-24 16:47:03.246 0 0 W : [3 T1041 ..] [cmd_mgr_llind 329] cmd tkn[491] flags:0008 result: -4 cmd: 105-MM_SYNC_TRACE - reqcfm( 0-none)
06-24 16:47:03.248 0 0 W : [3 T1041 ..] [cmd_complete 65] cmd tkn[491] flags:0000 result: -4 cmd: 105-MM_SYNC_TRACE - reqcfm( 0-none)
06-24 16:47:03.364 0 0 W [1 T24735 ..] audit: audit_lost=22824 audit_rate_limit=5 audit_backlog_limit=64
06-24 16:47:03.364 0 0 E [1 T24735 ..] audit: rate limit exceeded
06-24 16:47:04.266 0 0 W : [2 T16291 .s] [SP FRAME TX] arp req,vif_idx:0 sender:[1c:79:2d:20:62:cb 192.168.3.75]receiver:[00:00:00:00:00:00 192.168.3.243]
06-24 16:47:04.804 685 1390 E TaskPersister: File error accessing recents directory (directory doesn't exist?).
06-24 16:47:05.294 0 0 W : [2 T0 .s] [SP FRAME TX] arp req,vif_idx:0 sender:[1c:79:2d:20:62:cb 192.168.3.75]receiver:[00:00:00:00:00:00 192.168.3.243]
06-24 16:47:05.970 0 0 W : [2 T1046 ..] [SP FRAME RX] arp req,vif_idx:0 sender:[b6:9c:70:ec:40:e7 192.168.3.65]receiver:[00:00:00:00:00:00 192.168.3.75]
06-24 16:47:05.971 0 0 W : [2 T1046 ..] [SP FRAME TX] arp rsp,vif_idx:0 sender:[1c:79:2d:20:62:cb 192.168.3.75]receiver:[b6:9c:70:ec:40:e7 192.168.3.65]
06-24 16:47:05.996 0 0 W : [2 T1046 ..] [SP FRAME RX] arp req,vif_idx:0 sender:[da:b8:33:f6:93:fe 192.168.3.89]receiver:[00:00:00:00:00:00 192.168.3.75]
06-24 16:47:05.997 0 0 W : [2 T1046 ..] [SP FRAME TX] arp rsp,vif_idx:0 sender:[1c:79:2d:20:62:cb 192.168.3.75]receiver:[da:b8:33:f6:93:fe 192.168.3.89]
06-24 16:47:06.058 0 0 W : [3 T0 .s] [SP FRAME TX] arp req,vif_idx:0 sender:[1c:79:2d:20:62:cb 192.168.3.75]receiver:[00:00:00:00:00:00 192.168.3.190]
06-24 16:47:06.080 0 0 W : [0 T1046 ..] [SP FRAME RX] arp rsp,vif_idx:0 sender:[12:2c:8d:45:1c:5f 192.168.3.190]receiver:[1c:79:2d:20:62:cb 192.168.3.75]
06-24 16:47:06.147 0 0 W : [0 T1046 ..] [SP FRAME RX] arp req,vif_idx:0 sender:[12:2c:8d:45:1c:5f 192.168.3.190]receiver:[00:00:00:00:00:00 192.168.3.75]
06-24 16:47:06.148 0 0 W : [0 T1046 ..] [SP FRAME TX] arp rsp,vif_idx:0 sender:[1c:79:2d:20:62:cb 192.168.3.75]receiver:[12:2c:8d:45:1c:5f 192.168.3.190]
06-24 16:47:06.314 0 0 W : [2 T0 .s] [SP FRAME TX] arp req,vif_idx:0 sender:[1c:79:2d:20:62:cb 192.168.3.75]receiver:[00:00:00:00:00:00 192.168.3.243]
06-24 16:47:06.904 0 0 W : [1 T1046 ..] [SP FRAME RX] arp req,vif_idx:0 sender:[28:7b:11:70:4f:a5 192.168.3.155]receiver:[00:00:00:00:00:00 192.168.3.75]
06-24 16:47:06.905 0 0 W : [1 T1046 ..] [SP FRAME TX] arp rsp,vif_idx:0 sender:[1c:79:2d:20:62:cb 192.168.3.75]receiver:[28:7b:11:70:4f:a5 192.168.3.155]
06-24 16:47:07.338 0 0 W : [2 T4401 .s] [SP FRAME TX] arp req,vif_idx:0 sender:[1c:79:2d:20:62:cb 192.168.3.75]receiver:[00:00:00:00:00:00 192.168.3.243]
06-24 16:47:07.360 0 0 W [3 T17271 ..] audit: audit_lost=22829 audit_rate_limit=5 audit_backlog_limit=64
06-24 16:47:07.360 0 0 E [3 T17271 ..] audit: rate limit exceeded
06-24 16:47:08.187 0 0 W : [1 T1046 ..] [SP FRAME RX] arp req,vif_idx:0 sender:[de:90:cb:50:92:8f 192.168.3.145]receiver:[00:00:00:00:00:00 192.168.3.75]
06-24 16:47:08.188 0 0 W : [1 T1046 ..] [SP FRAME TX] arp rsp,vif_idx:0 sender:[1c:79:2d:20:62:cb 192.168.3.75]receiver:[de:90:cb:50:92:8f 192.168.3.145]
06-24 16:47:08.366 0 0 W : [2 T0 .s] [SP FRAME TX] arp req,vif_idx:0 sender:[1c:79:2d:20:62:cb 192.168.3.75]receiver:[00:00:00:00:00:00 192.168.3.243]
06-24 16:47:08.559 0 0 W : [1 T1046 ..] [SP FRAME RX] arp req,vif_idx:0 sender:[7a:8a:0f:56:00:ca 192.168.3.248]receiver:[00:00:00:00:00:00 192.168.3.75]
06-24 16:47:08.560 0 0 W : [1 T1046 ..] [SP FRAME TX] arp rsp,vif_idx:0 sender:[1c:79:2d:20:62:cb 192.168.3.75]receiver:[7a:8a:0f:56:00:ca 192.168.3.248]
06-24 16:47:09.386 0 0 W : [2 T0 .s] [SP FRAME TX] arp req,vif_idx:0 sender:[1c:79:2d:20:62:cb 192.168.3.75]receiver:[00:00:00:00:00:00 192.168.3.243]
06-24 16:47:09.980 0 0 W [0 T14571 ..] audit: audit_lost=22833 audit_rate_limit=5 audit_backlog_limit=64
06-24 16:47:09.980 0 0 E [0 T14571 ..] audit: rate limit exceeded
06-24 16:47:10.410 0 0 W : [2 T0 .s] [SP FRAME TX] arp req,vif_idx:0 sender:[1c:79:2d:20:62:cb 192.168.3.75]receiver:[00:00:00:00:00:00 192.168.3.243]
06-24 16:47:10.415 0 0 W : [1 T1046 ..] [SP FRAME RX] arp rsp,vif_idx:0 sender:[ea:f3:28:46:91:6b 192.168.3.243]receiver:[1c:79:2d:20:62:cb 192.168.3.75]
06-24 16:47:11.807 0 0 W : [3 T1046 ..] [SP FRAME RX] arp req,vif_idx:0 sender:[02:d1:be:fb:0a:d7 192.168.3.130]receiver:[00:00:00:00:00:00 192.168.3.75]
06-24 16:47:11.808 0 0 W : [3 T1046 ..] [SP FRAME TX] arp rsp,vif_idx:0 sender:[1c:79:2d:20:62:cb 192.168.3.75]receiver:[02:d1:be:fb:0a:d7 192.168.3.130]
06-24 16:47:11.809 0 0 W : [3 T1046 ..] [SP FRAME RX] arp req,vif_idx:0 sender:[e2:04:f6:d8:62:00 192.168.3.194]receiver:[00:00:00:00:00:00 192.168.3.75]
06-24 16:47:11.811 0 0 W : [3 T1046 ..] [SP FRAME TX] arp rsp,vif_idx:0 sender:[1c:79:2d:20:62:cb 192.168.3.75]receiver:[e2:04:f6:d8:62:00 192.168.3.194]
06-24 16:47:12.126 0 0 W : [1 T1046 ..] [SP FRAME RX] arp req,vif_idx:0 sender:[0c:91:60:12:cd:fc 192.168.3.171]receiver:[00:00:00:00:00:00 192.168.3.75]
06-24 16:47:12.127 0 0 W : [1 T1046 ..] [SP FRAME TX] arp rsp,vif_idx:0 sender:[1c:79:2d:20:62:cb 192.168.3.75]receiver:[0c:91:60:12:cd:fc 192.168.3.171]
06-24 16:47:13.226 0 0 W : [2 T0 .s] [SP FRAME TX] arp req,vif_idx:0 sender:[1c:79:2d:20:62:cb 192.168.3.75]receiver:[00:00:00:00:00:00 192.168.3.123]
06-24 16:47:13.308 0 0 W : [1 T1046 ..] [SP FRAME RX] arp rsp,vif_idx:0 sender:[e2:8e:12:0f:0b:47 192.168.3.123]receiver:[1c:79:2d:20:62:cb 192.168.3.75]
06-24 16:47:16.554 0 0 W : [1 T0 .s] [SP FRAME TX] arp req,vif_idx:0 sender:[1c:79:2d:20:62:cb 192.168.3.75]receiver:[00:00:00:00:00:00 192.168.3.58]
06-24 16:47:16.596 0 0 W : [3 T1046 ..] [SP FRAME RX] arp req,vif_idx:0 sender:[ee:78:83:8f:63:7e 192.168.3.58]receiver:[00:00:00:00:00:00 192.168.3.75]
06-24 16:47:16.597 0 0 W : [3 T1046 ..] [SP FRAME TX] arp rsp,vif_idx:0 sender:[1c:79:2d:20:62:cb 192.168.3.75]receiver:[ee:78:83:8f:63:7e 192.168.3.58]
06-24 16:47:16.599 0 0 W : [3 T1046 ..] [SP FRAME RX] arp rsp,vif_idx:0 sender:[ee:78:83:8f:63:7e 192.168.3.58]receiver:[1c:79:2d:20:62:cb 192.168.3.75]
06-24 16:47:16.987 0 0 W : [3 T1046 ..] [SP FRAME RX] arp req,vif_idx:0 sender:[20:57:9e:67:7f:db 192.168.3.98]receiver:[00:00:00:00:00:00 192.168.3.75]
06-24 16:47:16.988 0 0 W : [3 T1046 ..] [SP FRAME TX] arp rsp,vif_idx:0 sender:[1c:79:2d:20:62:cb 192.168.3.75]receiver:[20:57:9e:67:7f:db 192.168.3.98]
06-24 16:47:17.167 0 0 W : [3 T1046 ..] [SP FRAME RX] arp req,vif_idx:0 sender:[28:7b:11:70:4f:bd 192.168.3.156]receiver:[00:00:00:00:00:00 192.168.3.75]
06-24 16:47:17.168 0 0 W : [3 T1046 ..] [SP FRAME TX] arp rsp,vif_idx:0 sender:[1c:79:2d:20:62:cb 192.168.3.75]receiver:[28:7b:11:70:4f:bd 192.168.3.156]
06-24 16:47:17.254 0 0 W : [3 T1046 ..] [SP FRAME RX] arp req,vif_idx:0 sender:[10:b2:32:39:59:ba 192.168.3.57]receiver:[00:00:00:00:00:00 192.168.3.75]
06-24 16:47:17.255 0 0 W : [3 T1046 ..] [SP FRAME TX] arp rsp,vif_idx:0 sender:[1c:79:2d:20:62:cb 192.168.3.75]receiver:[10:b2:32:39:59:ba 192.168.3.57]
06-24 16:47:17.551 0 0 W : [3 T1046 ..] [SP FRAME RX] arp req,vif_idx:0 sender:[14:ea:63:a0:ef:b6 192.168.3.199]receiver:[00:00:00:00:00:00 192.168.3.75]
06-24 16:47:17.552 0 0 W : [3 T1046 ..] [SP FRAME TX] arp rsp,vif_idx:0 sender:[1c:79:2d:20:62:cb 192.168.3.75]receiver:[14:ea:63:a0:ef:b6 192.168.3.199]
06-24 16:47:17.645 0 0 W : [3 T1046 ..] [SP FRAME RX] arp req,vif_idx:0 sender:[28:7b:11:70:51:1f 192.168.3.44]receiver:[00:00:00:00:00:00 192.168.3.75]
06-24 16:47:17.646 0 0 W : [3 T1046 ..] [SP FRAME TX] arp rsp,vif_idx:0 sender:[1c:79:2d:20:62:cb 192.168.3.75]receiver:[28:7b:11:70:51:1f 192.168.3.44]
06-24 16:47:17.789 0 0 W : [2 T1046 ..] [SP FRAME RX] arp req,vif_idx:0 sender:[0c:91:60:12:cd:8c 192.168.3.70]receiver:[00:00:00:00:00:00 192.168.3.75]
06-24 16:47:17.790 0 0 W : [2 T1046 ..] [SP FRAME TX] arp rsp,vif_idx:0 sender:[1c:79:2d:20:62:cb 192.168.3.75]receiver:[0c:91:60:12:cd:8c 192.168.3.70]
06-24 16:47:17.888 0 0 W : [2 T1046 ..] [SP FRAME RX] arp req,vif_idx:0 sender:[0c:91:60:12:cd:6e 192.168.3.81]receiver:[00:00:00:00:00:00 192.168.3.75]
06-24 16:47:17.889 0 0 W : [2 T1046 ..] [SP FRAME TX] arp rsp,vif_idx:0 sender:[1c:79:2d:20:62:cb 192.168.3.75]receiver:[0c:91:60:12:cd:6e 192.168.3.81]
