06-24 16:56:26.884 0 0 W [1 T17271 ..] audit: audit_lost=23142 audit_rate_limit=5 audit_backlog_limit=64
06-24 16:56:26.884 0 0 E [1 T17271 ..] audit: rate limit exceeded
06-24 16:56:27.003 0 0 D [3 T12123 ..] [h265]: [0]h265_recycle_dec_resource enable_fence, fence_vf[0]:00000000d0dc8c54, fence_vf[0]->fence:00000000cc0671d4, used_size:1, aml_buf_get_ref
06-24 16:56:27.004 0 0 D [0 T238 ..] [h265]: [0]prepare_display_buf enable_fence, fence_vf[0]:00000000d0dc8c54, fence_vf[0]->fence:00000000cc0671d4, used_size:1
06-24 16:56:27.004 0 0 D [0 T238 ..] [h265]: [0]prepare_display_buf enable_fence, aml_buf_put_ref, then h265_recycle_dec_resource
06-24 16:56:27.102 0 0 D [2 T12123 ..] [h265]: [0]h265_recycle_dec_resource enable_fence, fence_vf[0]:0000000015c6c9b9, fence_vf[0]->fence:00000000cc830149, used_size:1, aml_buf_get_ref
06-24 16:56:27.103 0 0 D [0 T238 ..] [h265]: [0]prepare_display_buf enable_fence, fence_vf[0]:0000000015c6c9b9, fence_vf[0]->fence:00000000cc830149, used_size:1
06-24 16:56:27.103 0 0 D [0 T238 ..] [h265]: [0]prepare_display_buf enable_fence, aml_buf_put_ref, then h265_recycle_dec_resource
06-24 16:56:27.193 0 0 D [2 T12123 ..] [h265]: [0]h265_recycle_dec_resource enable_fence, fence_vf[0]:0000000096979479, fence_vf[0]->fence:00000000697ea7ca, used_size:1, aml_buf_get_ref
06-24 16:56:27.194 0 0 D [0 T238 ..] [h265]: [0]prepare_display_buf enable_fence, fence_vf[0]:0000000096979479, fence_vf[0]->fence:00000000697ea7ca, used_size:1
06-24 16:56:27.194 0 0 D [0 T238 ..] [h265]: [0]prepare_display_buf enable_fence, aml_buf_put_ref, then h265_recycle_dec_resource
06-24 16:56:27.549 0 0 D [3 T12123 ..] [h265]: [0]h265_recycle_dec_resource enable_fence, fence_vf[0]:00000000d0dc8c54, fence_vf[0]->fence:00000000b24dce0f, used_size:1, aml_buf_get_ref
06-24 16:56:27.549 0 0 D [0 T238 ..] [h265]: [0]prepare_display_buf enable_fence, fence_vf[0]:00000000d0dc8c54, fence_vf[0]->fence:00000000b24dce0f, used_size:1
06-24 16:56:27.549 0 0 D [0 T238 ..] [h265]: [0]prepare_display_buf enable_fence, aml_buf_put_ref, then h265_recycle_dec_resource
06-24 16:56:27.684 0 0 D [2 T12123 ..] [h265]: [0]h265_recycle_dec_resource enable_fence, fence_vf[0]:00000000c7cb267e, fence_vf[0]->fence:0000000037b765d4, used_size:1, aml_buf_get_ref
06-24 16:56:27.685 0 0 D [0 T238 ..] [h265]: [0]prepare_display_buf enable_fence, fence_vf[0]:00000000c7cb267e, fence_vf[0]->fence:0000000037b765d4, used_size:1
06-24 16:56:27.685 0 0 D [0 T238 ..] [h265]: [0]prepare_display_buf enable_fence, aml_buf_put_ref, then h265_recycle_dec_resource
06-24 16:56:27.786 0 0 D [0 T12123 ..] [h265]: [0]h265_recycle_dec_resource enable_fence, fence_vf[0]:000000009b245599, fence_vf[0]->fence:0000000059d4368d, used_size:1, aml_buf_get_ref
06-24 16:56:27.787 0 0 D [0 T238 ..] [h265]: [0]prepare_display_buf enable_fence, fence_vf[0]:000000009b245599, fence_vf[0]->fence:0000000059d4368d, used_size:1
06-24 16:56:27.787 0 0 D [0 T238 ..] [h265]: [0]prepare_display_buf enable_fence, aml_buf_put_ref, then h265_recycle_dec_resource
06-24 16:56:28.416 0 0 D [1 T12123 ..] [h265]: [0]h265_recycle_dec_resource enable_fence, fence_vf[0]:00000000d0dc8c54, fence_vf[0]->fence:000000008eec2294, used_size:1, aml_buf_get_ref
06-24 16:56:28.417 0 0 D [0 T238 ..] [h265]: [0]prepare_display_buf enable_fence, fence_vf[0]:00000000d0dc8c54, fence_vf[0]->fence:000000008eec2294, used_size:1
06-24 16:56:28.417 0 0 D [0 T238 ..] [h265]: [0]prepare_display_buf enable_fence, aml_buf_put_ref, then h265_recycle_dec_resource
06-24 16:56:28.604 0 0 D [1 T12123 ..] [h265]: [0]h265_recycle_dec_resource enable_fence, fence_vf[0]:000000003202b7a0, fence_vf[0]->fence:0000000077370ad9, used_size:1, aml_buf_get_ref
06-24 16:56:28.605 0 0 D [0 T238 ..] [h265]: [0]prepare_display_buf enable_fence, fence_vf[0]:000000003202b7a0, fence_vf[0]->fence:0000000077370ad9, used_size:1
06-24 16:56:28.605 0 0 D [0 T238 ..] [h265]: [0]prepare_display_buf enable_fence, aml_buf_put_ref, then h265_recycle_dec_resource
06-24 16:56:28.717 0 0 W : [3 T1046 ..] [SP FRAME RX] DHCP[0 1], vif_idx:0
06-24 16:56:28.803 0 0 D [0 T12123 ..] [h265]: [0]h265_recycle_dec_resource enable_fence, fence_vf[0]:000000009b245599, fence_vf[0]->fence:0000000088a955c1, used_size:1, aml_buf_get_ref
06-24 16:56:28.804 0 0 D [0 T238 ..] [h265]: [0]prepare_display_buf enable_fence, fence_vf[0]:000000009b245599, fence_vf[0]->fence:0000000088a955c1, used_size:1
06-24 16:56:28.804 0 0 D [0 T238 ..] [h265]: [0]prepare_display_buf enable_fence, aml_buf_put_ref, then h265_recycle_dec_resource
06-24 16:56:29.192 0 0 W : [3 T1046 ..] [SP FRAME RX] DHCP[0 1], vif_idx:0
06-24 16:56:29.262 0 0 W : [1 T0 .s] [SP FRAME TX] arp req,vif_idx:0 sender:[1c:79:2d:20:62:cb 192.168.3.75]receiver:[00:00:00:00:00:00 192.168.3.254]
06-24 16:56:29.410 0 0 W : [3 T1046 ..] [SP FRAME RX] arp rsp,vif_idx:0 sender:[12:3c:2c:e1:84:9f 192.168.3.254]receiver:[1c:79:2d:20:62:cb 192.168.3.75]
06-24 16:56:30.884 0 0 D [3 T12123 ..] [h265]: [0]h265_recycle_dec_resource enable_fence, fence_vf[0]:0000000033c005f2, fence_vf[0]->fence:0000000092f4bd6c, used_size:1, aml_buf_get_ref
06-24 16:56:30.885 0 0 D [0 T238 ..] [h265]: [0]prepare_display_buf enable_fence, fence_vf[0]:0000000033c005f2, fence_vf[0]->fence:0000000092f4bd6c, used_size:1
06-24 16:56:30.885 0 0 D [0 T238 ..] [h265]: [0]prepare_display_buf enable_fence, aml_buf_put_ref, then h265_recycle_dec_resource
06-24 16:56:30.895 0 0 D [1 T12123 ..] [h265]: [0]h265_recycle_dec_resource enable_fence, fence_vf[0]:000000009b245599, fence_vf[0]->fence:0000000033ad1d40, used_size:1, aml_buf_get_ref
06-24 16:56:30.896 0 0 D [0 T238 ..] [h265]: [0]prepare_display_buf enable_fence, fence_vf[0]:000000009b245599, fence_vf[0]->fence:0000000033ad1d40, used_size:1
06-24 16:56:30.896 0 0 D [0 T238 ..] [h265]: [0]prepare_display_buf enable_fence, aml_buf_put_ref, then h265_recycle_dec_resource
06-24 16:56:30.984 0 0 D [3 T12123 ..] [h265]: [0]h265_recycle_dec_resource enable_fence, fence_vf[0]:0000000015c6c9b9, fence_vf[0]->fence:00000000cab671e0, used_size:1, aml_buf_get_ref
06-24 16:56:30.985 0 0 D [0 T238 ..] [h265]: [0]prepare_display_buf enable_fence, fence_vf[0]:0000000015c6c9b9, fence_vf[0]->fence:00000000cab671e0, used_size:1
06-24 16:56:30.985 0 0 D [0 T238 ..] [h265]: [0]prepare_display_buf enable_fence, aml_buf_put_ref, then h265_recycle_dec_resource
06-24 16:56:31.263 0 0 W : [2 T1046 ..] [SP FRAME RX] arp req,vif_idx:0 sender:[b6:86:f8:35:d4:28 192.168.3.36]receiver:[00:00:00:00:00:00 192.168.3.75]
06-24 16:56:31.264 0 0 W : [2 T1046 ..] [SP FRAME TX] arp rsp,vif_idx:0 sender:[1c:79:2d:20:62:cb 192.168.3.75]receiver:[b6:86:f8:35:d4:28 192.168.3.36]
06-24 16:56:31.265 0 0 W : [2 T1046 ..] [SP FRAME RX] arp req,vif_idx:0 sender:[e2:38:ab:ac:32:27 192.168.3.215]receiver:[00:00:00:00:00:00 192.168.3.75]
06-24 16:56:31.267 0 0 W : [2 T1046 ..] [SP FRAME TX] arp rsp,vif_idx:0 sender:[1c:79:2d:20:62:cb 192.168.3.75]receiver:[e2:38:ab:ac:32:27 192.168.3.215]
06-24 16:56:31.269 0 0 W : [2 T1046 ..] [SP FRAME RX] arp req,vif_idx:0 sender:[10:b2:32:39:59:ba 192.168.3.57]receiver:[00:00:00:00:00:00 192.168.3.75]
06-24 16:56:31.270 0 0 W : [2 T1046 ..] [SP FRAME TX] arp rsp,vif_idx:0 sender:[1c:79:2d:20:62:cb 192.168.3.75]receiver:[10:b2:32:39:59:ba 192.168.3.57]
06-24 16:56:31.279 0 0 D [2 T12123 ..] [h265]: [0]h265_recycle_dec_resource enable_fence, fence_vf[0]:00000000d0dc8c54, fence_vf[0]->fence:000000003d6dadd9, used_size:1, aml_buf_get_ref
06-24 16:56:31.281 0 0 D [0 T238 ..] [h265]: [0]prepare_display_buf enable_fence, fence_vf[0]:00000000d0dc8c54, fence_vf[0]->fence:000000003d6dadd9, used_size:1
06-24 16:56:31.281 0 0 D [0 T238 ..] [h265]: [0]prepare_display_buf enable_fence, aml_buf_put_ref, then h265_recycle_dec_resource
06-24 16:56:31.306 0 0 W : [3 T643 .s] [SP FRAME TX] arp req,vif_idx:0 sender:[1c:79:2d:20:62:cb 192.168.3.75]receiver:[00:00:00:00:00:00 192.168.3.243]
06-24 16:56:31.307 0 0 W : [3 T643 .s] [SP FRAME TX] arp req,vif_idx:0 sender:[1c:79:2d:20:62:cb 192.168.3.75]receiver:[00:00:00:00:00:00 192.168.3.215]
06-24 16:56:31.309 0 0 W : [3 T643 .s] [SP FRAME TX] arp req,vif_idx:0 sender:[1c:79:2d:20:62:cb 192.168.3.75]receiver:[00:00:00:00:00:00 192.168.3.176]
06-24 16:56:31.310 0 0 W : [3 T643 .s] [SP FRAME TX] arp req,vif_idx:0 sender:[1c:79:2d:20:62:cb 192.168.3.75]receiver:[00:00:00:00:00:00 192.168.3.68]
06-24 16:56:31.312 0 0 W : [3 T643 .s] [SP FRAME TX] arp req,vif_idx:0 sender:[1c:79:2d:20:62:cb 192.168.3.75]receiver:[00:00:00:00:00:00 192.168.3.57]
06-24 16:56:31.313 0 0 W : [3 T643 .s] [SP FRAME TX] arp req,vif_idx:0 sender:[1c:79:2d:20:62:cb 192.168.3.75]receiver:[00:00:00:00:00:00 192.168.3.36]
06-24 16:56:31.331 0 0 W : [0 T1046 ..] [SP FRAME RX] arp rsp,vif_idx:0 sender:[16:8e:6e:17:dc:41 192.168.3.176]receiver:[1c:79:2d:20:62:cb 192.168.3.75]
06-24 16:56:31.340 0 0 W : [0 T1046 ..] [SP FRAME RX] arp rsp,vif_idx:0 sender:[b6:86:f8:35:d4:28 192.168.3.36]receiver:[1c:79:2d:20:62:cb 192.168.3.75]
06-24 16:56:31.341 0 0 W : [0 T1046 ..] [SP FRAME RX] arp rsp,vif_idx:0 sender:[e2:38:ab:ac:32:27 192.168.3.215]receiver:[1c:79:2d:20:62:cb 192.168.3.75]
06-24 16:56:31.344 0 0 W : [0 T1046 ..] [SP FRAME RX] arp rsp,vif_idx:0 sender:[10:b2:32:39:59:ba 192.168.3.57]receiver:[1c:79:2d:20:62:cb 192.168.3.75]
06-24 16:56:31.482 0 0 D [3 T12123 ..] [h265]: [0]h265_recycle_dec_resource enable_fence, fence_vf[0]:000000004e23c396, fence_vf[0]->fence:00000000e83af155, used_size:1, aml_buf_get_ref
06-24 16:56:31.483 0 0 D [0 T238 ..] [h265]: [0]prepare_display_buf enable_fence, fence_vf[0]:000000004e23c396, fence_vf[0]->fence:00000000e83af155, used_size:1
06-24 16:56:31.483 0 0 D [0 T238 ..] [h265]: [0]prepare_display_buf enable_fence, aml_buf_put_ref, then h265_recycle_dec_resource
06-24 16:56:31.602 0 0 W : [3 T1046 ..] [SP FRAME RX] DHCP[0 1], vif_idx:0
06-24 16:56:31.759 0 0 D [0 T12123 ..] [h265]: [0]h265_recycle_dec_resource enable_fence, fence_vf[0]:00000000778948c6, fence_vf[0]->fence:00000000656bf8a4, used_size:1, aml_buf_get_ref
06-24 16:56:31.759 0 0 D [0 T238 ..] [h265]: [0]prepare_display_buf enable_fence, fence_vf[0]:00000000778948c6, fence_vf[0]->fence:00000000656bf8a4, used_size:1
06-24 16:56:31.759 0 0 D [0 T238 ..] [h265]: [0]prepare_display_buf enable_fence, aml_buf_put_ref, then h265_recycle_dec_resource
06-24 16:56:31.761 0 0 D [1 T12123 ..] [h265]: [0]h265_recycle_dec_resource enable_fence, fence_vf[0]:000000009b245599, fence_vf[0]->fence:00000000d9a10f58, used_size:1, aml_buf_get_ref
06-24 16:56:31.761 0 0 D [0 T238 ..] [h265]: [0]prepare_display_buf enable_fence, fence_vf[0]:000000009b245599, fence_vf[0]->fence:00000000d9a10f58, used_size:1
06-24 16:56:31.761 0 0 D [0 T238 ..] [h265]: [0]prepare_display_buf enable_fence, aml_buf_put_ref, then h265_recycle_dec_resource
06-24 16:56:32.088 0 0 D [3 T12123 ..] [h265]: [0]h265_recycle_dec_resource enable_fence, fence_vf[0]:00000000c7cb267e, fence_vf[0]->fence:00000000c33694b0, used_size:1, aml_buf_get_ref
06-24 16:56:32.088 0 0 D [0 T238 ..] [h265]: [0]prepare_display_buf enable_fence, fence_vf[0]:00000000c7cb267e, fence_vf[0]->fence:00000000c33694b0, used_size:1
06-24 16:56:32.088 0 0 D [0 T238 ..] [h265]: [0]prepare_display_buf enable_fence, aml_buf_put_ref, then h265_recycle_dec_resource
06-24 16:56:32.286 0 0 D [3 T12123 ..] [h265]: [0]h265_recycle_dec_resource enable_fence, fence_vf[0]:0000000015c6c9b9, fence_vf[0]->fence:00000000ee866e5d, used_size:1, aml_buf_get_ref
06-24 16:56:32.286 0 0 D [0 T238 ..] [h265]: [0]prepare_display_buf enable_fence, fence_vf[0]:0000000015c6c9b9, fence_vf[0]->fence:00000000ee866e5d, used_size:1
06-24 16:56:32.286 0 0 D [0 T238 ..] [h265]: [0]prepare_display_buf enable_fence, aml_buf_put_ref, then h265_recycle_dec_resource
06-24 16:56:32.330 0 0 W : [3 T643 .s] [SP FRAME TX] arp req,vif_idx:0 sender:[1c:79:2d:20:62:cb 192.168.3.75]receiver:[00:00:00:00:00:00 192.168.3.68]
06-24 16:56:32.331 0 0 W : [3 T643 .s] [SP FRAME TX] arp req,vif_idx:0 sender:[1c:79:2d:20:62:cb 192.168.3.75]receiver:[00:00:00:00:00:00 192.168.3.243]
06-24 16:56:32.383 0 0 D [0 T12123 ..] [h265]: [0]h265_recycle_dec_resource enable_fence, fence_vf[0]:000000004e23c396, fence_vf[0]->fence:000000009465405f, used_size:1, aml_buf_get_ref
06-24 16:56:32.383 0 0 D [0 T238 ..] [h265]: [0]prepare_display_buf enable_fence, fence_vf[0]:000000004e23c396, fence_vf[0]->fence:000000009465405f, used_size:1
06-24 16:56:32.383 0 0 D [0 T238 ..] [h265]: [0]prepare_display_buf enable_fence, aml_buf_put_ref, then h265_recycle_dec_resource
06-24 16:56:33.354 0 0 W : [3 T643 .s] [SP FRAME TX] arp req,vif_idx:0 sender:[1c:79:2d:20:62:cb 192.168.3.75]receiver:[00:00:00:00:00:00 192.168.3.243]
06-24 16:56:33.355 0 0 W : [3 T643 .s] [SP FRAME TX] arp req,vif_idx:0 sender:[1c:79:2d:20:62:cb 192.168.3.75]receiver:[00:00:00:00:00:00 192.168.3.68]
06-24 16:56:33.444 0 0 D [2 T12123 ..] [h265]: [0]h265_recycle_dec_resource enable_fence, fence_vf[0]:000000008b271a72, fence_vf[0]->fence:000000000d1f535c, used_size:1, aml_buf_get_ref
06-24 16:56:33.444 0 0 D [0 T238 ..] [h265]: [0]prepare_display_buf enable_fence, fence_vf[0]:000000008b271a72, fence_vf[0]->fence:000000000d1f535c, used_size:1
06-24 16:56:33.444 0 0 D [0 T238 ..] [h265]: [0]prepare_display_buf enable_fence, aml_buf_put_ref, then h265_recycle_dec_resource
06-24 16:56:34.167 0 0 D [1 T12123 ..] [h265]: [0]h265_recycle_dec_resource enable_fence, fence_vf[0]:000000008b271a72, fence_vf[0]->fence:00000000211cad25, used_size:1, aml_buf_get_ref
06-24 16:56:34.168 0 0 D [0 T238 ..] [h265]: [0]prepare_display_buf enable_fence, fence_vf[0]:000000008b271a72, fence_vf[0]->fence:00000000211cad25, used_size:1
06-24 16:56:34.168 0 0 D [0 T238 ..] [h265]: [0]prepare_display_buf enable_fence, aml_buf_put_ref, then h265_recycle_dec_resource
06-24 16:56:34.236 685 709 D AutofillManagerService: onBackKeyPressed()
06-24 16:56:34.276 685 13187 W WindowManager: [addWindow] title:com.tencent.start.tv/com.tencent.start.ui.PlayActivity
06-24 16:56:34.292 685 13187 D CoreBackPreview: Window{5290681 u0 com.tencent.start.tv/com.tencent.start.ui.PlayActivity}: Setting back callback OnBackInvokedCallbackInfo{mCallback=android.window.IOnBackInvokedCallback$Stub$Proxy@f3b5b67, mPriority=0, mIsAnimationCallback=false}
06-24 16:56:34.338 0 0 E [0 T247 ..] aml_cma_alloc: heap-gfx: alloc failed, req-size: 2072 pages, ret: -12
06-24 16:56:34.342 0 0 E [3 T247 ..] aml_cma_alloc: heap-gfx: alloc failed, req-size: 2072 pages, ret: -12
06-24 16:56:34.378 0 0 W : [3 T1046 .s] [SP FRAME TX] arp req,vif_idx:0 sender:[1c:79:2d:20:62:cb 192.168.3.75]receiver:[00:00:00:00:00:00 192.168.3.68]
06-24 16:56:34.379 0 0 W : [3 T1046 .s] [SP FRAME TX] arp req,vif_idx:0 sender:[1c:79:2d:20:62:cb 192.168.3.75]receiver:[00:00:00:00:00:00 192.168.3.243]
06-24 16:56:34.379 685 709 W ContextImpl: Calling a method in the system process without a qualified user: android.app.ContextImpl.startService:1899 com.android.server.wm.DisplayPolicy.lambda$focusChangedLw$5:2126 com.android.server.wm.DisplayPolicy.$r8$lambda$Znxk63oh-WzVnzo_WQefN7uxV48:0 com.android.server.wm.DisplayPolicy$$ExternalSyntheticLambda13.run:0 android.os.Handler.handleCallback:958
06-24 16:56:34.632 0 0 D [2 T12123 ..] [h265]: [0]h265_recycle_dec_resource enable_fence, fence_vf[0]:000000008b271a72, fence_vf[0]->fence:0000000024e22507, used_size:1, aml_buf_get_ref
06-24 16:56:34.632 0 0 D [0 T238 ..] [h265]: [0]prepare_display_buf enable_fence, fence_vf[0]:000000008b271a72, fence_vf[0]->fence:0000000024e22507, used_size:1
06-24 16:56:34.632 0 0 D [0 T238 ..] [h265]: [0]prepare_display_buf enable_fence, aml_buf_put_ref, then h265_recycle_dec_resource
06-24 16:56:34.645 0 0 D [0 T12123 ..] [h265]: [0]h265_recycle_dec_resource enable_fence, fence_vf[0]:000000004e23c396, fence_vf[0]->fence:00000000f6304dfa, used_size:1, aml_buf_get_ref
06-24 16:56:34.646 0 0 D [0 T238 ..] [h265]: [0]prepare_display_buf enable_fence, fence_vf[0]:000000004e23c396, fence_vf[0]->fence:00000000f6304dfa, used_size:1
06-24 16:56:34.646 0 0 D [0 T238 ..] [h265]: [0]prepare_display_buf enable_fence, aml_buf_put_ref, then h265_recycle_dec_resource
06-24 16:56:34.947 0 0 D [1 T12123 ..] [h265]: [0]h265_recycle_dec_resource enable_fence, fence_vf[0]:000000008b271a72, fence_vf[0]->fence:00000000d17af948, used_size:1, aml_buf_get_ref
06-24 16:56:34.948 0 0 D [0 T238 ..] [h265]: [0]prepare_display_buf enable_fence, fence_vf[0]:000000008b271a72, fence_vf[0]->fence:00000000d17af948, used_size:1
06-24 16:56:34.948 0 0 D [0 T238 ..] [h265]: [0]prepare_display_buf enable_fence, aml_buf_put_ref, then h265_recycle_dec_resource
06-24 16:56:35.230 0 0 D [1 T12123 ..] [h265]: [0]h265_recycle_dec_resource enable_fence, fence_vf[0]:0000000033c005f2, fence_vf[0]->fence:00000000b9721e9f, used_size:1, aml_buf_get_ref
06-24 16:56:35.230 0 0 D [0 T238 ..] [h265]: [0]prepare_display_buf enable_fence, fence_vf[0]:0000000033c005f2, fence_vf[0]->fence:00000000b9721e9f, used_size:1
06-24 16:56:35.230 0 0 D [0 T238 ..] [h265]: [0]prepare_display_buf enable_fence, aml_buf_put_ref, then h265_recycle_dec_resource
06-24 16:56:35.232 0 0 D [2 T12123 ..] [h265]: [0]h265_recycle_dec_resource enable_fence, fence_vf[0]:000000009b245599, fence_vf[0]->fence:000000009f6f58a5, used_size:1, aml_buf_get_ref
06-24 16:56:35.233 0 0 D [0 T238 ..] [h265]: [0]prepare_display_buf enable_fence, fence_vf[0]:000000009b245599, fence_vf[0]->fence:000000009f6f58a5, used_size:1
06-24 16:56:35.233 0 0 D [0 T238 ..] [h265]: [0]prepare_display_buf enable_fence, aml_buf_put_ref, then h265_recycle_dec_resource
06-24 16:56:35.386 0 0 D [3 T12123 ..] [h265]: [0]h265_recycle_dec_resource enable_fence, fence_vf[0]:0000000096979479, fence_vf[0]->fence:000000000d326f93, used_size:1, aml_buf_get_ref
06-24 16:56:35.387 0 0 D [0 T238 ..] [h265]: [0]prepare_display_buf enable_fence, fence_vf[0]:0000000096979479, fence_vf[0]->fence:000000000d326f93, used_size:1
06-24 16:56:35.387 0 0 D [0 T238 ..] [h265]: [0]prepare_display_buf enable_fence, aml_buf_put_ref, then h265_recycle_dec_resource
06-24 16:56:35.402 0 0 W : [3 T0 .s] [SP FRAME TX] arp req,vif_idx:0 sender:[1c:79:2d:20:62:cb 192.168.3.75]receiver:[00:00:00:00:00:00 192.168.3.243]
06-24 16:56:35.403 0 0 W : [3 T0 .s] [SP FRAME TX] arp req,vif_idx:0 sender:[1c:79:2d:20:62:cb 192.168.3.75]receiver:[00:00:00:00:00:00 192.168.3.68]
06-24 16:56:35.545 0 0 D [0 T12123 ..] [h265]: [0]h265_recycle_dec_resource enable_fence, fence_vf[0]:00000000778948c6, fence_vf[0]->fence:000000004ea7bdbe, used_size:1, aml_buf_get_ref
06-24 16:56:35.546 0 0 D [0 T238 ..] [h265]: [0]prepare_display_buf enable_fence, fence_vf[0]:00000000778948c6, fence_vf[0]->fence:000000004ea7bdbe, used_size:1
06-24 16:56:35.546 0 0 D [0 T238 ..] [h265]: [0]prepare_display_buf enable_fence, aml_buf_put_ref, then h265_recycle_dec_resource
06-24 16:56:35.548 0 0 D [2 T12123 ..] [h265]: [0]h265_recycle_dec_resource enable_fence, fence_vf[0]:000000003202b7a0, fence_vf[0]->fence:00000000d106f2d8, used_size:1, aml_buf_get_ref
06-24 16:56:35.549 0 0 D [0 T238 ..] [h265]: [0]prepare_display_buf enable_fence, fence_vf[0]:000000003202b7a0, fence_vf[0]->fence:00000000d106f2d8, used_size:1
06-24 16:56:35.549 0 0 D [0 T238 ..] [h265]: [0]prepare_display_buf enable_fence, aml_buf_put_ref, then h265_recycle_dec_resource
06-24 16:56:35.565 685 5885 D CoreBackPreview: Window{5290681 u0 com.tencent.start.tv/com.tencent.start.ui.PlayActivity}: Setting back callback null
06-24 16:56:35.580 685 711 V WindowManager: Unknown focus tokens, dropping reportFocusChanged
06-24 16:56:35.613 685 13187 D CoreBackPreview: Window{1ff2ab7 u0 com.tencent.start.tv/com.tencent.start.ui.PlayActivity}: Setting back callback null
06-24 16:56:35.613 901 979 V WindowManagerShell: Transition requested: android.os.BinderProxy@9f0e64b TransitionRequestInfo { type = 2, triggerTask = null, remoteTransition = null, displayChange = null, flags = 0 }
06-24 16:56:35.628 685 711 V WindowManager: Unknown focus tokens, dropping reportFocusChanged
06-24 16:56:35.649 685 11707 V WindowManager: app ------------- force_land :0
06-24 16:56:35.673 685 709 W ContextImpl: Calling a method in the system process without a qualified user: android.app.ContextImpl.startService:1899 com.android.server.wm.DisplayPolicy.lambda$focusChangedLw$5:2126 com.android.server.wm.DisplayPolicy.$r8$lambda$Znxk63oh-WzVnzo_WQefN7uxV48:0 com.android.server.wm.DisplayPolicy$$ExternalSyntheticLambda13.run:0 android.os.Handler.handleCallback:958
06-24 16:56:35.707 0 0 I [1 T12123 ..] [amlv4l]: [571]: reset mode: 1, es frames buffering: 0
06-24 16:56:35.707 0 0 D [1 T12123 ..] [h265]: [0]h265:pts_unstable=0
06-24 16:56:35.707 0 0 D [1 T12123 ..] [h265]: [0]h265: ver (201602101,0) decinfo: 0x0 rate=3600
06-24 16:56:35.728 0 0 I [3 T12123 ..] [amlv4l]: [571]: reset mode: 1, es frames buffering: 0
06-24 16:56:35.728 0 0 D [3 T12123 ..] [h265]: [0]h265:pts_unstable=0
06-24 16:56:35.728 0 0 D [3 T12123 ..] [h265]: [0]h265: ver (201602101,0) decinfo: 0x0 rate=3600
06-24 16:56:35.752 901 979 D WindowManagerShell: TvPipController: onTaskStackChanged()
06-24 16:56:35.766 0 0 I [0 T12117 ..] [amlv4l]: [571]: reset mode: 1, es frames buffering: 0
06-24 16:56:35.766 0 0 D [0 T12117 ..] [h265]: [0]h265:pts_unstable=0
06-24 16:56:35.766 0 0 D [0 T12117 ..] [h265]: [0]h265: ver (201602101,0) decinfo: 0x0 rate=3600
06-24 16:56:35.785 0 0 D [0 T12117 ..] [amlcom]: vdec_release instance 000000008139d193, total 1
06-24 16:56:35.785 0 0 I [3 T12117 ..] [amlcom]: dos_local_config end, id 3, is_on 0
06-24 16:56:35.785 0 0 D [3 T12117 ..] [media_clock]: the clk_hevcf_mux clock off, ref cnt: 0
06-24 16:56:35.785 0 0 I : [3 T12117 ..] deinit session
06-24 16:56:35.786 0 0 I : [3 T12117 ..] deinit session producer-2
06-24 16:56:35.787 0 0 I : [3 T12117 ..] deinit has_unusing_fifo [1]
06-24 16:56:35.841 685 709 W ContextImpl: Calling a method in the system process without a qualified user: android.app.ContextImpl.startService:1899 com.android.server.wm.DisplayPolicy.lambda$focusChangedLw$5:2126 com.android.server.wm.DisplayPolicy.$r8$lambda$Znxk63oh-WzVnzo_WQefN7uxV48:0 com.android.server.wm.DisplayPolicy$$ExternalSyntheticLambda13.run:0 android.os.Handler.handleCallback:958
06-24 16:56:35.787 0 0 I : [2 T98 ..] p_fifo[2] name[aml-vcodec-dec] state[0] to MP_FIFO_UNUSED
06-24 16:56:35.991 685 708 V WindowManager: Sent Transition #640 createdAt=06-24 16:56:35.606 via request=TransitionRequestInfo { type = 2, triggerTask = null, remoteTransition = null, displayChange = null, flags = 0 }
06-24 16:56:35.991 685 708 V WindowManager: startWCT=WindowContainerTransaction { changes = {} hops = [] errorCallbackToken=null taskFragmentOrganizer=null }
06-24 16:56:35.991 685 708 V WindowManager: info={id=640 t=CLOSE f=0x0 trk=0 r=[0@Point(0, 0)] c=[{null m=CLOSE f=FILLS_TASK leash=Surface(name=ActivityRecord{dae2de1 u0 com.tencent.start.tv/com.tencent.start.ui.PlayActivity)/@0xc70bcd5 sb=Rect(0, 0 - 1920, 1080) eb=Rect(0, 0 - 1920, 1080) d=0},{null m=TO_FRONT f=FILLS_TASK leash=Surface(name=ActivityRecord{980a637 u0 com.tencent.start.tv/com.tencent.start.ui.SplashActivity)/@0x90e838 sb=Rect(0, 0 - 1920, 1080) eb=Rect(0, 0 - 1920, 1080) d=0}]}
06-24 16:56:35.995 901 979 V WindowManagerShell: onTransitionReady android.os.BinderProxy@9f0e64b: {id=640 t=CLOSE f=0x0 trk=0 r=[0@Point(0, 0)] c=[{null m=CLOSE f=FILLS_TASK leash=Surface(name=ActivityRecord{dae2de1 u0 com.tencent.start.tv/com.tencent.start.ui.PlayActivity)/@0xabf1828 sb=Rect(0, 0 - 1920, 1080) eb=Rect(0, 0 - 1920, 1080) d=0},{null m=TO_FRONT f=FILLS_TASK leash=Surface(name=ActivityRecord{980a637 u0 com.tencent.start.tv/com.tencent.start.ui.SplashActivity)/@0x3a9a941 sb=Rect(0, 0 - 1920, 1080) eb=Rect(0, 0 - 1920, 1080) d=0}]}
06-24 16:56:35.996 901 979 V WindowManagerShell: Playing animation for (#640)android.os.BinderProxy@9f0e64b@0
06-24 16:56:35.996 901 979 V WindowManagerShell: try handler com.android.wm.shell.keyguard.KeyguardTransitionHandler@24e2028
06-24 16:56:35.996 901 979 V WindowManagerShell: try handler com.android.wm.shell.pip.tv.TvPipTransition@1141
06-24 16:56:35.996 901 979 V WindowManagerShell: try handler com.android.wm.shell.activityembedding.ActivityEmbeddingController@e8f56e6
06-24 16:56:35.996 901 979 V WindowManagerShell: try handler com.android.wm.shell.transition.RemoteTransitionHandler@b664427
06-24 16:56:35.996 901 979 V WindowManagerShell: Transition doesn't have explicit remote, search filters for match for {id=640 t=CLOSE f=0x0 trk=0 r=[0@Point(0, 0)] c=[{null m=CLOSE f=FILLS_TASK leash=Surface(name=ActivityRecord{dae2de1 u0 com.tencent.start.tv/com.tencent.start.ui.PlayActivity)/@0xabf1828 sb=Rect(0, 0 - 1920, 1080) eb=Rect(0, 0 - 1920, 1080) d=0},{null m=TO_FRONT f=FILLS_TASK leash=Surface(name=ActivityRecord{980a637 u0 com.tencent.start.tv/com.tencent.start.ui.SplashActivity)/@0x3a9a941 sb=Rect(0, 0 - 1920, 1080) eb=Rect(0, 0 - 1920, 1080) d=0}]}
06-24 16:56:35.996 901 979 V WindowManagerShell: Delegate animation for #640 to null
06-24 16:56:35.996 901 979 V WindowManagerShell: try handler com.android.wm.shell.transition.DefaultTransitionHandler@7916d4
06-24 16:56:35.996 901 979 V WindowManagerShell: start default transition animation, info = {id=640 t=CLOSE f=0x0 trk=0 r=[0@Point(0, 0)] c=[{null m=CLOSE f=FILLS_TASK leash=Surface(name=ActivityRecord{dae2de1 u0 com.tencent.start.tv/com.tencent.start.ui.PlayActivity)/@0xabf1828 sb=Rect(0, 0 - 1920, 1080) eb=Rect(0, 0 - 1920, 1080) d=0},{null m=TO_FRONT f=FILLS_TASK leash=Surface(name=ActivityRecord{980a637 u0 com.tencent.start.tv/com.tencent.start.ui.SplashActivity)/@0x3a9a941 sb=Rect(0, 0 - 1920, 1080) eb=Rect(0, 0 - 1920, 1080) d=0}]}
06-24 16:56:35.998 901 979 V WindowManagerShell: loadAnimation: anim=android.view.animation.AlphaAnimation@526987d animAttr=0x6 type=CLOSE isEntrance=true
06-24 16:56:35.999 901 979 V WindowManagerShell: loadAnimation: anim=android.view.animation.AlphaAnimation@185d3c3 animAttr=0x7 type=CLOSE isEntrance=false
06-24 16:56:36.001 901 979 V WindowManagerShell: animated by com.android.wm.shell.transition.DefaultTransitionHandler@7916d4
06-24 16:56:36.412 901 979 V WindowManagerShell: Transition animation finished (aborted=false), notifying core (#640)android.os.BinderProxy@9f0e64b@0
06-24 16:56:36.426 0 0 W : [3 T10465 .s] [SP FRAME TX] arp req,vif_idx:0 sender:[1c:79:2d:20:62:cb 192.168.3.75]receiver:[00:00:00:00:00:00 192.168.3.68]
06-24 16:56:36.427 0 0 W : [3 T10465 .s] [SP FRAME TX] arp req,vif_idx:0 sender:[1c:79:2d:20:62:cb 192.168.3.75]receiver:[00:00:00:00:00:00 192.168.3.243]
06-24 16:56:36.443 0 0 I [0 T360 ..] dim: unreg:use[0]ms
06-24 16:56:36.443 0 0 I [0 T360 ..] dim: ins:destroy:ch[2]:end
06-24 16:56:36.444 0 0 I : [0 T360 ..] di process release
06-24 16:56:36.449 0 0 I [3 T360 ..] vc: [0]vc: set enable index=0, val=0
06-24 16:56:36.449 0 0 I [3 T360 ..] VID: store VD0 path_id changed 2->-1
06-24 16:56:36.450 0 0 I [3 T360 ..] VID: VD1 off
06-24 16:56:36.451 0 0 I [2 T360 ..] VID: VD1 set global output as 0
06-24 16:56:36.451 0 0 I : [1 T360 ..] common_vf_unreg_provider video_render.0: vd1 used:true, vd2 used:false, vd3 used:false, f_wait:true (0 0), b_out:0, cur_buf:00000000c149d856
06-24 16:56:36.418 685 708 V WindowManager: Finish Transition #640: created at
06-24 16:56:35.606 collect-started=0.039ms request-sent=0.392ms started=10.932ms ready=44.959ms sent=379.219ms finished=809.727ms
06-24 16:56:36.421 901 979 V WindowManagerShell: Track 0 became idle
06-24 16:56:36.421 901 979 V WindowManagerShell: All active transition animations finished
06-24 16:56:36.491 685 13187 D CoreBackPreview: Window{29d30de u0 com.tencent.start.tv/com.tencent.start.ui.PlayActivity}: Setting back callback null
06-24 16:56:36.545 0 0 W : [2 T1046 ..] [SP FRAME RX] DHCP[0 1], vif_idx:0
06-24 16:56:36.770 0 0 E [3 T265 ..] [amlcom]: vdec_clean_all_fence ffffffc002b4edd8
06-24 16:56:36.770 0 0 I [3 T265 ..] [amlcom]: [VDEC-FENCE] free timeline: ffffff80c8d41980
06-24 16:56:36.771 0 0 I [2 T265 ..] dp_buf: [0:571]di buf_mgr free
06-24 16:56:37.450 0 0 W : [3 T0 .s] [SP FRAME TX] arp req,vif_idx:0 sender:[1c:79:2d:20:62:cb 192.168.3.75]receiver:[00:00:00:00:00:00 192.168.3.243]
06-24 16:56:37.451 0 0 W : [3 T0 .s] [SP FRAME TX] arp req,vif_idx:0 sender:[1c:79:2d:20:62:cb 192.168.3.75]receiver:[00:00:00:00:00:00 192.168.3.68]
06-24 16:56:37.812 685 709 D AutofillManagerService: onBackKeyPressed()
06-24 16:56:37.831 685 1076 W WindowManager: [addWindow] title:com.tencent.start.tv/com.tencent.start.ui.SplashActivity
06-24 16:56:37.844 685 1076 D CoreBackPreview: Window{9259f0c u0 com.tencent.start.tv/com.tencent.start.ui.SplashActivity}: Setting back callback OnBackInvokedCallbackInfo{mCallback=android.window.IOnBackInvokedCallback$Stub$Proxy@38f8a6a, mPriority=0, mIsAnimationCallback=false}
06-24 16:56:37.894 0 0 E [0 T247 ..] aml_cma_alloc: heap-gfx: alloc failed, req-size: 2072 pages, ret: -12
06-24 16:56:37.935 685 709 W ContextImpl: Calling a method in the system process without a qualified user: android.app.ContextImpl.startService:1899 com.android.server.wm.DisplayPolicy.lambda$focusChangedLw$5:2126 com.android.server.wm.DisplayPolicy.$r8$lambda$Znxk63oh-WzVnzo_WQefN7uxV48:0 com.android.server.wm.DisplayPolicy$$ExternalSyntheticLambda13.run:0 android.os.Handler.handleCallback:958
06-24 16:56:38.437 0 0 W [3 T10268 ..] audit: audit_lost=23148 audit_rate_limit=5 audit_backlog_limit=64
06-24 16:56:38.437 0 0 E [3 T10268 ..] audit: rate limit exceeded
06-24 16:56:38.474 0 0 W : [3 T643 .s] [SP FRAME TX] arp req,vif_idx:0 sender:[1c:79:2d:20:62:cb 192.168.3.75]receiver:[00:00:00:00:00:00 192.168.3.68]
06-24 16:56:38.475 0 0 W : [3 T643 .s] [SP FRAME TX] arp req,vif_idx:0 sender:[1c:79:2d:20:62:cb 192.168.3.75]receiver:[00:00:00:00:00:00 192.168.3.243]
06-24 16:56:39.187 685 11707 D CoreBackPreview: Window{9259f0c u0 com.tencent.start.tv/com.tencent.start.ui.SplashActivity}: Setting back callback null
06-24 16:56:39.200 901 979 V WindowManagerShell: Transition requested: android.os.BinderProxy@4e7e91f TransitionRequestInfo { type = 2, triggerTask = TaskInfo{userId=0 taskId=198 displayId=0 isRunning=false baseIntent=Intent { act=android.intent.action.MAIN cat=[android.intent.category.LAUNCHER] flg=0x10000000 pkg=com.tencent.start.tv cmp=com.tencent.start.tv/com.tencent.start.ui.EntryActivity } baseActivity=null topActivity=null origActivity=null realActivity=ComponentInfo{com.tencent.start.tv/com.tencent.start.ui.EntryActivity} numActivities=0 lastActiveTime=20803550 supportsMultiWindow=true resizeMode=1 isResizeable=true minWidth=-1 minHeight=-1 defaultMinSize=220 token=WCT{android.window.IWindowContainerToken$Stub$Proxy@cbfe46c} topActivityType=1 pictureInPictureParams=null shouldDockBigOverlays=false launchIntoPipHostTaskId=-1 lastParentTaskIdBeforePip=-1 displayCutoutSafeInsets=null topActivityInfo=null launchCookies=[] positionInParent=Point(0, 0) parentTaskId=-1 isFocused=true isVisible=true isVisibleRequested=true isSleeping=false topActivityInSizeCompat=false topActivityEligibleForLetterboxEducation= false isLetterboxDoubleTapEnabled= false topActivityEligibleForUserAspectRatioButton= false topActivityBoundsLetterboxed= false isFromLetterboxDoubleTap= false topActivityLetterboxVerticalPosition= -1 topActivityLetterboxHorizontalPosition= -1 topActivityLetterboxWidth=-1 topActivityLetterboxHeight=-1 isUserFullscreenOverrideEnabled=false isTopActivityTransparent=false locusId=null displayAreaFeatureId=1 cameraCompatControlState=hidden}, remoteTransition = null, displayChange = null, flags = 0 }
06-24 16:56:39.218 685 711 V WindowManager: Unknown focus tokens, dropping reportFocusChanged
06-24 16:56:39.221 685 5885 V WindowManager: app ------------- force_land :0
06-24 16:56:39.237 685 709 V GameManagerService: Game power mode OFF (process remomved or state changed to background)
06-24 16:56:39.238 685 763 D CompatibilityChangeReporter: Compat change id reported: 265195908; UID 10107; state: ENABLED
06-24 16:56:39.300 0 0 E [2 T247 ..] aml_cma_alloc: heap-gfx: alloc failed, req-size: 2072 pages, ret: -12
06-24 16:56:39.295 685 709 W ContextImpl: Calling a method in the system process without a qualified user: android.app.ContextImpl.startService:1899 com.android.server.wm.DisplayPolicy.lambda$focusChangedLw$5:2126 com.android.server.wm.DisplayPolicy.$r8$lambda$Znxk63oh-WzVnzo_WQefN7uxV48:0 com.android.server.wm.DisplayPolicy$$ExternalSyntheticLambda13.run:0 android.os.Handler.handleCallback:958
06-24 16:56:39.307 685 708 V WindowManager: Sent Transition #641 createdAt=06-24 16:56:39.199 via request=TransitionRequestInfo { type = 2, triggerTask = TaskInfo{userId=0 taskId=198 displayId=0 isRunning=false baseIntent=Intent { act=android.intent.action.MAIN cat=[android.intent.category.LAUNCHER] flg=0x10000000 pkg=com.tencent.start.tv cmp=com.tencent.start.tv/com.tencent.start.ui.EntryActivity } baseActivity=null topActivity=null origActivity=null realActivity=ComponentInfo{com.tencent.start.tv/com.tencent.start.ui.EntryActivity} numActivities=0 lastActiveTime=20803550 supportsMultiWindow=true resizeMode=1 isResizeable=true minWidth=-1 minHeight=-1 defaultMinSize=220 token=WCT{RemoteToken{720a029 Task{8ac7f47 #198 type=standard A=10107:com.tencent.start.tv}}} topActivityType=1 pictureInPictureParams=null shouldDockBigOverlays=false launchIntoPipHostTaskId=-1 lastParentTaskIdBeforePip=-1 displayCutoutSafeInsets=null topActivityInfo=null launchCookies=[] positionInParent=Point(0, 0) parentTaskId=-1 isFocused=true isVisible=true isVisibleRequested=true isSleeping=false topActivityInSizeCompat=false topActivityEligibleForLetterboxEducation= false isLetterboxDoubleTapEnabled= false topActivityEligibleForUserAspectRatioButton= false topActivityBoundsLetterboxed= false isFromLetterboxDoubleTap= false topActivityLetterboxVerticalPosition= -1 topActivityLetterboxHorizontalPosition= -1 topActivityLetterboxWidth=-1 topActivityLetterboxHeight=-1 isUserFullscreenOverrideEnabled=false isTopActivityTransparent=false locusId=null displayAreaFeatureId=1 cameraCompatControlState=hidden}, remoteTransition = null, displayChange = null, flags = 0 }
06-24 16:56:39.307 685 708 V WindowManager: startWCT=WindowContainerTransaction { changes = {} hops = [] errorCallbackToken=null taskFragmentOrganizer=null }
06-24 16:56:39.311 685 708 V WindowManager: info={id=641 t=CLOSE f=0x0 trk=0 r=[0@Point(0, 0)] c=[{WCT{RemoteToken{6ac6357 Task{fa2e75f #197 type=standard A=1000:search.app.task}}} m=TO_FRONT f=NONE leash=Surface(name=Task=197)/@0x6d770f1 sb=Rect(0, 0 - 1920, 1080) eb=Rect(0, 0 - 1920, 1080) d=0},{WCT{RemoteToken{720a029 Task{8ac7f47 #198 type=standard A=10107:com.tencent.start.tv}}} m=CLOSE f=NONE leash=Surface(name=Task=198)/@0xed00e57 sb=Rect(0, 0 - 1920, 1080) eb=Rect(0, 0 - 1920, 1080) d=0}]}
06-24 16:56:39.316 901 979 V WindowManagerShell: onTransitionReady android.os.BinderProxy@4e7e91f: {id=641 t=CLOSE f=0x0 trk=0 r=[0@Point(0, 0)] c=[{WCT{android.window.IWindowContainerToken$Stub$Proxy@3fcdb58} m=TO_FRONT f=NONE leash=Surface(name=Task=197)/@0xcd55a35 sb=Rect(0, 0 - 1920, 1080) eb=Rect(0, 0 - 1920, 1080) d=0},{WCT{android.window.IWindowContainerToken$Stub$Proxy@b8e64b1} m=CLOSE f=NONE leash=Surface(name=Task=198)/@0x251beca sb=Rect(0, 0 - 1920, 1080) eb=Rect(0, 0 - 1920, 1080) d=0}]}
06-24 16:56:39.317 901 979 V WindowManagerShell: Playing animation for (#641)android.os.BinderProxy@4e7e91f@0
06-24 16:56:39.317 901 979 V WindowManagerShell: try handler com.android.wm.shell.keyguard.KeyguardTransitionHandler@24e2028
06-24 16:56:39.318 901 979 V WindowManagerShell: try handler com.android.wm.shell.pip.tv.TvPipTransition@1141
06-24 16:56:39.318 901 979 V WindowManagerShell: try handler com.android.wm.shell.activityembedding.ActivityEmbeddingController@e8f56e6
06-24 16:56:39.318 901 979 V WindowManagerShell: try handler com.android.wm.shell.transition.RemoteTransitionHandler@b664427
06-24 16:56:39.318 901 979 V WindowManagerShell: Transition doesn't have explicit remote, search filters for match for {id=641 t=CLOSE f=0x0 trk=0 r=[0@Point(0, 0)] c=[{WCT{android.window.IWindowContainerToken$Stub$Proxy@3fcdb58} m=TO_FRONT f=NONE leash=Surface(name=Task=197)/@0xcd55a35 sb=Rect(0, 0 - 1920, 1080) eb=Rect(0, 0 - 1920, 1080) d=0},{WCT{android.window.IWindowContainerToken$Stub$Proxy@b8e64b1} m=CLOSE f=NONE leash=Surface(name=Task=198)/@0x251beca sb=Rect(0, 0 - 1920, 1080) eb=Rect(0, 0 - 1920, 1080) d=0}]}
06-24 16:56:39.318 901 979 V WindowManagerShell: Delegate animation for #641 to null
06-24 16:56:39.318 901 979 V WindowManagerShell: try handler com.android.wm.shell.transition.DefaultTransitionHandler@7916d4
06-24 16:56:39.319 901 979 V WindowManagerShell: start default transition animation, info = {id=641 t=CLOSE f=0x0 trk=0 r=[0@Point(0, 0)] c=[{WCT{android.window.IWindowContainerToken$Stub$Proxy@3fcdb58} m=TO_FRONT f=NONE leash=Surface(name=Task=197)/@0xcd55a35 sb=Rect(0, 0 - 1920, 1080) eb=Rect(0, 0 - 1920, 1080) d=0},{WCT{android.window.IWindowContainerToken$Stub$Proxy@b8e64b1} m=CLOSE f=NONE leash=Surface(name=Task=198)/@0x251beca sb=Rect(0, 0 - 1920, 1080) eb=Rect(0, 0 - 1920, 1080) d=0}]}
06-24 16:56:39.319 901 979 V WindowManagerShell: loadAnimation: anim=android.view.animation.AlphaAnimation@34fd96 animAttr=0xb type=CLOSE isEntrance=false
06-24 16:56:39.320 901 979 V WindowManagerShell: loadAnimation: anim=android.view.animation.AlphaAnimation@3d7dd17 animAttr=0xa type=CLOSE isEntrance=true
06-24 16:56:39.322 901 979 V WindowManagerShell: animated by com.android.wm.shell.transition.DefaultTransitionHandler@7916d4
06-24 16:56:39.325 901 979 D WindowManagerShell: TvPipController: onTaskStackChanged()
06-24 16:56:39.352 685 709 W ContextImpl: Calling a method in the system process without a qualified user: android.app.ContextImpl.startService:1899 com.android.server.wm.DisplayPolicy.lambda$focusChangedLw$5:2126 com.android.server.wm.DisplayPolicy.$r8$lambda$Znxk63oh-WzVnzo_WQefN7uxV48:0 com.android.server.wm.DisplayPolicy$$ExternalSyntheticLambda13.run:0 android.os.Handler.handleCallback:958
06-24 16:56:39.465 0 0 W [2 T1762 ..] audit: audit_lost=23150 audit_rate_limit=5 audit_backlog_limit=64
06-24 16:56:39.466 0 0 E [2 T1762 ..] audit: rate limit exceeded
06-24 16:56:39.498 0 0 W : [3 T10155 .s] [SP FRAME TX] arp req,vif_idx:0 sender:[1c:79:2d:20:62:cb 192.168.3.75]receiver:[00:00:00:00:00:00 192.168.3.243]
06-24 16:56:39.499 0 0 W : [3 T10155 .s] [SP FRAME TX] arp req,vif_idx:0 sender:[1c:79:2d:20:62:cb 192.168.3.75]receiver:[00:00:00:00:00:00 192.168.3.68]
06-24 16:56:39.517 685 1390 E TaskPersister: File error accessing recents directory (directory doesn't exist?).
06-24 16:56:39.727 901 979 V WindowManagerShell: Transition animation finished (aborted=false), notifying core (#641)android.os.BinderProxy@4e7e91f@0
06-24 16:56:39.729 685 708 V WindowManager: Finish Transition #641: created at
06-24 16:56:39.199 collect-started=0.044ms request-sent=0.236ms started=5.14ms ready=22.836ms sent=104.773ms finished=529.553ms
06-24 16:56:39.732 901 979 V WindowManagerShell: Track 0 became idle
06-24 16:56:39.732 901 979 V WindowManagerShell: All active transition animations finished
06-24 16:56:39.998 685 8210 I ActivityManager: Process com.tencent.start.tv (pid 10146) has died: cch CRE
06-24 16:56:39.999 685 8210 D CompatibilityChangeReporter: Compat change id reported: 261072174; UID 10107; state: DISABLED
06-24 16:56:40.002 685 8210 I ActivityManager: Killing 10416:com.android.webview:sandboxed_process0:org.chromium.content.app.SandboxedProcessService0:0/u0a107i19 (adj 0): isolated not needed
06-24 16:56:40.004 685 709 D DisplayManagerService: Drop pending events for gone uid 10107
06-24 16:56:40.018 685 9098 W WindowManager: Failed looking up window session=Session{4e5e56d 10146:u0a10107} callers=com.android.server.wm.WindowManagerService.windowForClientLocked:6077 com.android.server.wm.WindowState$DeathRecipient.binderDied:2938 android.os.IBinder$DeathRecipient.binderDied:319
06-24 16:56:40.018 685 9098 I WindowManager: WIN DEATH: null
06-24 16:56:40.038 685 711 W ActivityManager: setHasOverlayUi called on unknown pid: 10146
06-24 16:56:40.093 0 0 I [1 T7176 ..] binder: undelivered transaction 9864884, process died.
06-24 16:56:40.093 0 0 I [1 T7176 ..] binder: undelivered transaction 9864886, process died.
06-24 16:56:40.084 685 709 D DisplayManagerService: Drop pending events for gone uid 99019
06-24 16:56:40.522 0 0 W : [3 T248 .s] [SP FRAME TX] arp req,vif_idx:0 sender:[1c:79:2d:20:62:cb 192.168.3.75]receiver:[00:00:00:00:00:00 192.168.3.68]
06-24 16:56:40.523 0 0 W : [3 T248 .s] [SP FRAME TX] arp req,vif_idx:0 sender:[1c:79:2d:20:62:cb 192.168.3.75]receiver:[00:00:00:00:00:00 192.168.3.243]
06-24 16:56:41.424 685 709 D HdmiControlService: Process pid: 685 is calling oneTouchPlay.
06-24 16:56:41.424 685 685 D HdmiControlService: Local device is under address allocation. Save OTP callback for later process.
06-24 16:56:41.428 901 979 D WindowManagerShell: TvPipMenuController: closeMenu()
06-24 16:56:41.429 901 979 I WindowManagerShell: TvPipMenuController: switchToMenuMode: setting mCurrentMenuMode=MODE_NO_MENU, mPrevMenuMode=MODE_NO_MENU
06-24 16:56:41.433 685 708 D AutofillManagerService: Close system dialogs
06-24 16:56:41.448 685 709 I ActivityTaskManager: START u0 {act=android.intent.action.MAIN cat=[android.intent.category.HOME] flg=0x10000100 cmp=com.dangbei.leard.leradlauncher/com.dangbei.launcher.home.LauncherActivity (has extras)} with LAUNCH_SINGLE_TASK from uid 0 (BAL_ALLOW_ALLOWLISTED_UID) result code=2
06-24 16:56:41.449 901 979 V WindowManagerShell: Transition requested: android.os.BinderProxy@ffbf8e9 TransitionRequestInfo { type = 1, triggerTask = TaskInfo{userId=0 taskId=32 displayId=0 isRunning=true baseIntent=Intent { act=android.intent.action.MAIN cat=[android.intent.category.HOME] flg=0x10800100 cmp=com.dangbei.leard.leradlauncher/com.dangbei.launcher.home.LauncherActivity } baseActivity=ComponentInfo{com.dangbei.leard.leradlauncher/com.dangbei.launcher.home.LauncherActivity} topActivity=ComponentInfo{com.dangbei.leard.leradlauncher/com.dangbei.launcher.home.LauncherActivity} origActivity=null realActivity=ComponentInfo{com.dangbei.leard.leradlauncher/com.dangbei.launcher.home.LauncherActivity} numActivities=1 lastActiveTime=20654885 supportsMultiWindow=true resizeMode=0 isResizeable=false minWidth=-1 minHeight=-1 defaultMinSize=220 token=WCT{android.window.IWindowContainerToken$Stub$Proxy@156296e} topActivityType=2 pictureInPictureParams=null shouldDockBigOverlays=true launchIntoPipHostTaskId=-1 lastParentTaskIdBeforePip=-1 displayCutoutSafeInsets=null topActivityInfo=ActivityInfo{b63580f com.dangbei.launcher.home.LauncherActivity} launchCookies=[] positionInParent=Point(0, 0) parentTaskId=-1 isFocused=true isVisible=false isVisibleRequested=false isSleeping=false topActivityInSizeCompat=false topActivityEligibleForLetterboxEducation= false isLetterboxDoubleTapEnabled= false topActivityEligibleForUserAspectRatioButton= false topActivityBoundsLetterboxed= false isFromLetterboxDoubleTap= false topActivityLetterboxVerticalPosition= -1 topActivityLetterboxHorizontalPosition= -1 topActivityLetterboxWidth=-1 topActivityLetterboxHeight=-1 isUserFullscreenOverrideEnabled=false isTopActivityTransparent=false locusId=null displayAreaFeatureId=1 cameraCompatControlState=hidden}, remoteTransition = null, displayChange = null, flags = 0 }
06-24 16:56:41.450 685 959 W ActivityTaskManager: Duplicate finish request for r=ActivityRecord{68e2bd5 u0 com.dangbei.leard.leradlauncher/com.dangbei.launcher.secondary.app.AppSecondaryActivity t32 f}}
06-24 16:56:41.454 685 8210 W ActivityTaskManager: Duplicate finish request for r=ActivityRecord{8f2b445 u0 com.dangbei.leard.leradlauncher/.module.search.SearchActivity t32 f}}
06-24 16:56:41.460 685 8210 D CoreBackPreview: Window{cb148a8 u0 com.dangbei.leard.leradlauncher/com.dangbei.leard.leradlauncher.module.search.SearchActivity}: Setting back callback null
06-24 16:56:41.471 685 717 W UsageStatsService: Unexpected activity event reported! (com.dangbei.leard.leradlauncher/com.dangbei.leard.leradlauncher.module.search.SearchActivity event : 23 instanceId : 77723546)
06-24 16:56:41.477 685 5885 D CoreBackPreview: Window{8ba9178 u0 com.dangbei.leard.leradlauncher/com.dangbei.launcher.secondary.app.AppSecondaryActivity}: Setting back callback null
06-24 16:56:41.493 685 717 W UsageStatsService: Unexpected activity event reported! (com.dangbei.leard.leradlauncher/com.dangbei.launcher.secondary.app.AppSecondaryActivity event : 23 instanceId : 128040938)
06-24 16:56:41.502 685 5885 V WindowManager: app ------------- force_land :0
06-24 16:56:41.546 0 0 W : [3 T1762 .s] [SP FRAME TX] arp req,vif_idx:0 sender:[1c:79:2d:20:62:cb 192.168.3.75]receiver:[00:00:00:00:00:00 192.168.3.243]
06-24 16:56:41.547 0 0 W : [3 T1762 .s] [SP FRAME TX] arp req,vif_idx:0 sender:[1c:79:2d:20:62:cb 192.168.3.75]receiver:[00:00:00:00:00:00 192.168.3.68]
06-24 16:56:41.575 685 709 W ContextImpl: Calling a method in the system process without a qualified user: android.app.ContextImpl.startService:1899 com.android.server.wm.DisplayPolicy.lambda$focusChangedLw$5:2126 com.android.server.wm.DisplayPolicy.$r8$lambda$Znxk63oh-WzVnzo_WQefN7uxV48:0 com.android.server.wm.DisplayPolicy$$ExternalSyntheticLambda13.run:0 android.os.Handler.handleCallback:958
06-24 16:56:41.604 901 979 D WindowManagerShell: TvPipController: onTaskStackChanged()
06-24 16:56:41.650 685 709 W ContextImpl: Calling a method in the system process without a qualified user: android.app.ContextImpl.startService:1899 com.android.server.wm.DisplayPolicy.lambda$focusChangedLw$5:2126 com.android.server.wm.DisplayPolicy.$r8$lambda$Znxk63oh-WzVnzo_WQefN7uxV48:0 com.android.server.wm.DisplayPolicy$$ExternalSyntheticLambda13.run:0 android.os.Handler.handleCallback:958
06-24 16:56:41.759 685 708 V WindowManager: Sent Transition #642 createdAt=06-24 16:56:41.436 via request=TransitionRequestInfo { type = 1, triggerTask = TaskInfo{userId=0 taskId=32 displayId=0 isRunning=true baseIntent=Intent { act=android.intent.action.MAIN cat=[android.intent.category.HOME] flg=0x10800100 cmp=com.dangbei.leard.leradlauncher/com.dangbei.launcher.home.LauncherActivity } baseActivity=ComponentInfo{com.dangbei.leard.leradlauncher/com.dangbei.launcher.home.LauncherActivity} topActivity=ComponentInfo{com.dangbei.leard.leradlauncher/com.dangbei.launcher.home.LauncherActivity} origActivity=null realActivity=ComponentInfo{com.dangbei.leard.leradlauncher/com.dangbei.launcher.home.LauncherActivity} numActivities=1 lastActiveTime=20654885 supportsMultiWindow=true resizeMode=0 isResizeable=false minWidth=-1 minHeight=-1 defaultMinSize=220 token=WCT{RemoteToken{a5d9d8d Task{131419d #32 type=home A=1000:com.dangbei.leard.leradlauncher}}} topActivityType=2 pictureInPictureParams=null shouldDockBigOverlays=true launchIntoPipHostTaskId=-1 lastParentTaskIdBeforePip=-1 displayCutoutSafeInsets=null topActivityInfo=ActivityInfo{f394bcd com.dangbei.launcher.home.LauncherActivity} launchCookies=[] positionInParent=Point(0, 0) parentTaskId=-1 isFocused=true isVisible=false isVisibleRequested=false isSleeping=false topActivityInSizeCompat=false topActivityEligibleForLetterboxEducation= false isLetterboxDoubleTapEnabled= false topActivityEligibleForUserAspectRatioButton= false topActivityBoundsLetterboxed= false isFromLetterboxDoubleTap= false topActivityLetterboxVerticalPosition= -1 topActivityLetterboxHorizontalPosition= -1 topActivityLetterboxWidth=-1 topActivityLetterboxHeight=-1 isUserFullscreenOverrideEnabled=false isTopActivityTransparent=false locusId=null displayAreaFeatureId=1 cameraCompatControlState=hidden}, remoteTransition = null, displayChange = null, flags = 0 }
06-24 16:56:41.759 685 708 V WindowManager: startWCT=WindowContainerTransaction { changes = {} hops = [] errorCallbackToken=null taskFragmentOrganizer=null }
06-24 16:56:41.759 685 708 V WindowManager: info={id=642 t=OPEN f=0x0 trk=0 r=[0@Point(0, 0)] c=[{WCT{RemoteToken{30b1e82 Task{4d21fd0 #1 type=home}}} m=TO_FRONT f=MOVE_TO_TOP leash=Surface(name=Task=1)/@0x54f0375 sb=Rect(0, 0 - 1920, 1080) eb=Rect(0, 0 - 1920, 1080) d=0},{WCT{RemoteToken{6ac6357 Task{fa2e75f #197 type=standard A=1000:search.app.task}}} m=CLOSE f=NONE leash=Surface(name=Task=197)/@0x6d770f1 sb=Rect(0, 0 - 1920, 1080) eb=Rect(0, 0 - 1920, 1080) d=0}]}
06-24 16:56:41.760 901 979 V WindowManagerShell: onTransitionReady android.os.BinderProxy@ffbf8e9: {id=642 t=OPEN f=0x0 trk=0 r=[0@Point(0, 0)] c=[{WCT{android.window.IWindowContainerToken$Stub$Proxy@307662b} m=TO_FRONT f=MOVE_TO_TOP leash=Surface(name=Task=1)/@0x8bb409c sb=Rect(0, 0 - 1920, 1080) eb=Rect(0, 0 - 1920, 1080) d=0},{WCT{android.window.IWindowContainerToken$Stub$Proxy@b89ca88} m=CLOSE f=NONE leash=Surface(name=Task=197)/@0xa123aa5 sb=Rect(0, 0 - 1920, 1080) eb=Rect(0, 0 - 1920, 1080) d=0}]}
06-24 16:56:41.760 901 979 V WindowManagerShell: Playing animation for (#642)android.os.BinderProxy@ffbf8e9@0
06-24 16:56:41.760 901 979 V WindowManagerShell: try handler com.android.wm.shell.keyguard.KeyguardTransitionHandler@24e2028
06-24 16:56:41.760 901 979 V WindowManagerShell: try handler com.android.wm.shell.pip.tv.TvPipTransition@1141
06-24 16:56:41.760 901 979 V WindowManagerShell: try handler com.android.wm.shell.activityembedding.ActivityEmbeddingController@e8f56e6
06-24 16:56:41.760 901 979 V WindowManagerShell: try handler com.android.wm.shell.transition.RemoteTransitionHandler@b664427
