06-24 17:01:13.858 901 979 V WindowManagerShell: Track 0 became idle
06-24 17:01:13.858 901 979 V WindowManagerShell: All active transition animations finished
06-24 17:01:13.890 685 3826 D CoreBackPreview: Window{4e3dd07 u0 com.dangbei.leard.leradlauncher/com.dangbei.leard.leradlauncher.module.app.AppDetailActivity}: Setting back callback null
06-24 17:01:14.451 685 3826 W BatteryExternalStatsWorker: error reading Bluetooth stats: 11
06-24 17:01:14.466 685 1390 E TaskPersister: File error accessing recents directory (directory doesn't exist?).
06-24 17:01:14.954 0 0 W : [2 T0 .s] [SP FRAME TX] arp req,vif_idx:0 sender:[1c:79:2d:20:62:cb 192.168.3.75]receiver:[00:00:00:00:00:00 192.168.3.147]
06-24 17:01:14.961 0 0 W : [2 T1046 ..] [SP FRAME RX] arp rsp,vif_idx:0 sender:[a2:fe:ec:6e:f0:e5 192.168.3.147]receiver:[1c:79:2d:20:62:cb 192.168.3.75]
06-24 17:01:15.733 1423 1423 W ContextImpl: Calling a method in the system process without a qualified user: android.app.ContextImpl.startActivity:1102 android.content.ContextWrapper.startActivity:436 ie.b.f:119 ie.a.b:75 ge.a.c:71
06-24 17:01:15.734 1423 1423 W ContextImpl: Calling a method in the system process without a qualified user: android.app.ContextImpl.startActivity:1114 android.app.ContextImpl.startActivity:1103 android.content.ContextWrapper.startActivity:436 ie.b.f:119 ie.a.b:75
06-24 17:01:15.736 685 750 D CompatibilityChangeReporter: Compat change id reported: 265464455; UID 10109; state: DISABLED
06-24 17:01:15.737 685 750 D CompatibilityChangeReporter: Compat change id reported: 265452344; UID 10109; state: DISABLED
06-24 17:01:15.737 685 750 D CompatibilityChangeReporter: Compat change id reported: 266124927; UID 10109; state: DISABLED
06-24 17:01:15.737 685 750 D CompatibilityChangeReporter: Compat change id reported: 265451093; UID 10109; state: DISABLED
06-24 17:01:15.738 685 750 D CompatibilityChangeReporter: Compat change id reported: 265456536; UID 10109; state: DISABLED
06-24 17:01:15.738 685 750 D CompatibilityChangeReporter: Compat change id reported: 255940284; UID 10109; state: DISABLED
06-24 17:01:15.738 685 750 D CompatibilityChangeReporter: Compat change id reported: 236283604; UID 10109; state: DISABLED
06-24 17:01:15.739 685 750 D CompatibilityChangeReporter: Compat change id reported: 263959004; UID 10109; state: DISABLED
06-24 17:01:15.739 685 750 D CompatibilityChangeReporter: Compat change id reported: 264304459; UID 10109; state: DISABLED
06-24 17:01:15.739 685 750 D CompatibilityChangeReporter: Compat change id reported: 264301586; UID 10109; state: DISABLED
06-24 17:01:15.739 685 750 D CompatibilityChangeReporter: Compat change id reported: 254631730; UID 10109; state: DISABLED
06-24 17:01:15.740 685 750 D CompatibilityChangeReporter: Compat change id reported: 273509367; UID 10109; state: DISABLED
06-24 17:01:15.740 685 750 D CompatibilityChangeReporter: Compat change id reported: 263259275; UID 10109; state: DISABLED
06-24 17:01:15.740 685 750 D CompatibilityChangeReporter: Compat change id reported: 174042980; UID 10109; state: DISABLED
06-24 17:01:15.740 685 750 D CompatibilityChangeReporter: Compat change id reported: 174042936; UID 10109; state: DISABLED
06-24 17:01:15.740 685 750 D CompatibilityChangeReporter: Compat change id reported: 181136395; UID 10109; state: DISABLED
06-24 17:01:15.741 685 750 D CompatibilityChangeReporter: Compat change id reported: 194480991; UID 10109; state: ENABLED
06-24 17:01:15.745 685 750 D CompatibilityChangeReporter: Compat change id reported: 184838306; UID 10109; state: DISABLED
06-24 17:01:15.745 685 750 D CompatibilityChangeReporter: Compat change id reported: 185004937; UID 10109; state: DISABLED
06-24 17:01:15.748 685 750 V SplashScreenExceptionList: SplashScreen checking exception for package cn.jj.tv (target sdk:26) -> false
06-24 17:01:15.749 685 750 D CompatibilityChangeReporter: Compat change id reported: 205907456; UID 10109; state: DISABLED
06-24 17:01:15.756 685 750 D CompatibilityChangeReporter: Compat change id reported: 194833441; UID 10109; state: DISABLED
06-24 17:01:15.756 685 750 I ActivityTaskManager: START u0 {act=android.intent.action.MAIN cat=[android.intent.category.LAUNCHER] flg=0x10000000 pkg=cn.jj.tv cmp=cn.jj.tv/cn.jj.mobile.lobby.view.Main} with LAUNCH_SINGLE_TASK from uid 1000 (BAL_ALLOW_ALLOWLISTED_UID) result code=0
06-24 17:01:15.757 901 979 V WindowManagerShell: Transition requested: android.os.BinderProxy@5815685 TransitionRequestInfo { type = 1, triggerTask = TaskInfo{userId=0 taskId=205 displayId=0 isRunning=true baseIntent=Intent { act=android.intent.action.MAIN cat=[android.intent.category.LAUNCHER] flg=0x10000000 pkg=cn.jj.tv cmp=cn.jj.tv/cn.jj.mobile.lobby.view.Main } baseActivity=ComponentInfo{cn.jj.tv/cn.jj.mobile.lobby.view.Main} topActivity=ComponentInfo{cn.jj.tv/cn.jj.mobile.lobby.view.Main} origActivity=null realActivity=ComponentInfo{cn.jj.tv/cn.jj.mobile.lobby.view.Main} numActivities=1 lastActiveTime=21083657 supportsMultiWindow=true resizeMode=1 isResizeable=true minWidth=-1 minHeight=-1 defaultMinSize=220 token=WCT{android.window.IWindowContainerToken$Stub$Proxy@4c8cda} topActivityType=1 pictureInPictureParams=null shouldDockBigOverlays=true launchIntoPipHostTaskId=-1 lastParentTaskIdBeforePip=-1 displayCutoutSafeInsets=null topActivityInfo=ActivityInfo{e1e950b cn.jj.mobile.lobby.view.Main} launchCookies=[] positionInParent=Point(0, 0) parentTaskId=-1 isFocused=false isVisible=false isVisibleRequested=false isSleeping=false topActivityInSizeCompat=false topActivityEligibleForLetterboxEducation= false isLetterboxDoubleTapEnabled= false topActivityEligibleForUserAspectRatioButton= false topActivityBoundsLetterboxed= false isFromLetterboxDoubleTap= false topActivityLetterboxVerticalPosition= -1 topActivityLetterboxHorizontalPosition= -1 topActivityLetterboxWidth=-1 topActivityLetterboxHeight=-1 isUserFullscreenOverrideEnabled=false isTopActivityTransparent=false locusId=null displayAreaFeatureId=1 cameraCompatControlState=hidden}, remoteTransition = null, displayChange = null, flags = 0 }
06-24 17:01:15.760 685 711 D CompatibilityChangeReporter: Compat change id reported: 135634846; UID 10109; state: DISABLED
06-24 17:01:15.762 685 719 D CompatibilityChangeReporter: Compat change id reported: 143937733; UID 10109; state: DISABLED
06-24 17:01:15.780 685 763 D CompatibilityChangeReporter: Compat change id reported: 265195908; UID 10109; state: ENABLED
06-24 17:01:15.789 685 719 I ActivityManager: Start proc 16935:cn.jj.tv/u0a109 for next-top-activity {cn.jj.tv/cn.jj.mobile.lobby.view.Main}
06-24 17:01:15.834 685 750 D CompatibilityChangeReporter: Compat change id reported: 168419799; UID 10109; state: DISABLED
06-24 17:01:15.834 685 750 D CompatibilityChangeReporter: Compat change id reported: 273564678; UID 10109; state: DISABLED
06-24 17:01:15.845 685 3826 D CompatibilityChangeReporter: Compat change id reported: 170503758; UID 10109; state: DISABLED
06-24 17:01:15.874 901 979 D WindowManagerShell: TvPipController: onTaskStackChanged()
06-24 17:01:15.927 685 3826 V WindowManager: app ------------- force_land :0
06-24 17:01:16.073 685 3826 W WindowManager: [addWindow] title:cn.jj.tv/cn.jj.mobile.lobby.view.Main
06-24 17:01:16.073 685 750 W WindowManager: Failed looking up window session=Session{a7ff68 16935:u0a10109} callers=com.android.server.wm.WindowManagerService.windowForClientLocked:6077 com.android.server.wm.Session.updateRequestedVisibleTypes:695 android.view.IWindowSession$Stub.onTransact:1034
06-24 17:01:16.085 685 3826 D CoreBackPreview: Window{3241c67 u0 cn.jj.tv/cn.jj.mobile.lobby.view.Main}: Setting back callback OnBackInvokedCallbackInfo{mCallback=android.window.IOnBackInvokedCallback$Stub$Proxy@defb2bd, mPriority=0, mIsAnimationCallback=false}
06-24 17:01:16.172 0 0 I [3 T216 ..] servicemanager: Found android.hardware.graphics.allocator.IAllocator/default in device VINTF manifest.
06-24 17:01:16.174 0 0 I [2 T216 ..] servicemanager: Found android.hardware.graphics.allocator.IAllocator/default in device VINTF manifest.
06-24 17:01:16.190 685 709 W ContextImpl: Calling a method in the system process without a qualified user: android.app.ContextImpl.startService:1899 com.android.server.wm.DisplayPolicy.lambda$focusChangedLw$5:2126 com.android.server.wm.DisplayPolicy.$r8$lambda$Znxk63oh-WzVnzo_WQefN7uxV48:0 com.android.server.wm.DisplayPolicy$$ExternalSyntheticLambda13.run:0 android.os.Handler.handleCallback:958
06-24 17:01:16.707 0 0 W [0 T24735 ..] audit: audit_lost=23397 audit_rate_limit=5 audit_backlog_limit=64
06-24 17:01:16.707 0 0 E [0 T24735 ..] audit: rate limit exceeded
06-24 17:01:17.129 901 979 V WindowManagerShell: onTransitionReady android.os.BinderProxy@5815685: {id=665 t=OPEN f=0x0 trk=0 r=[0@Point(0, 0)] c=[{WCT{android.window.IWindowContainerToken$Stub$Proxy@a9f76e7} m=OPEN f=NONE leash=Surface(name=Task=205)/@0x5f0ffe8 sb=Rect(0, 0 - 1920, 1080) eb=Rect(0, 0 - 1920, 1080) d=0},{WCT{android.window.IWindowContainerToken$Stub$Proxy@9ca3294} m=TO_BACK f=NONE leash=Surface(name=Task=1)/@0xb05d601 sb=Rect(0, 0 - 1920, 1080) eb=Rect(0, 0 - 1920, 1080) d=0}]}
06-24 17:01:17.130 901 979 V WindowManagerShell: Playing animation for (#665)android.os.BinderProxy@5815685@0
06-24 17:01:17.130 901 979 V WindowManagerShell: try handler com.android.wm.shell.keyguard.KeyguardTransitionHandler@24e2028
06-24 17:01:17.131 901 979 V WindowManagerShell: try handler com.android.wm.shell.pip.tv.TvPipTransition@1141
06-24 17:01:17.131 901 979 V WindowManagerShell: try handler com.android.wm.shell.activityembedding.ActivityEmbeddingController@e8f56e6
06-24 17:01:17.131 901 979 V WindowManagerShell: try handler com.android.wm.shell.transition.RemoteTransitionHandler@b664427
06-24 17:01:17.131 901 979 V WindowManagerShell: Transition doesn't have explicit remote, search filters for match for {id=665 t=OPEN f=0x0 trk=0 r=[0@Point(0, 0)] c=[{WCT{android.window.IWindowContainerToken$Stub$Proxy@a9f76e7} m=OPEN f=NONE leash=Surface(name=Task=205)/@0x5f0ffe8 sb=Rect(0, 0 - 1920, 1080) eb=Rect(0, 0 - 1920, 1080) d=0},{WCT{android.window.IWindowContainerToken$Stub$Proxy@9ca3294} m=TO_BACK f=NONE leash=Surface(name=Task=1)/@0xb05d601 sb=Rect(0, 0 - 1920, 1080) eb=Rect(0, 0 - 1920, 1080) d=0}]}
06-24 17:01:17.131 901 979 V WindowManagerShell: Delegate animation for #665 to null
06-24 17:01:17.131 901 979 V WindowManagerShell: try handler com.android.wm.shell.transition.DefaultTransitionHandler@7916d4
06-24 17:01:17.131 901 979 V WindowManagerShell: start default transition animation, info = {id=665 t=OPEN f=0x0 trk=0 r=[0@Point(0, 0)] c=[{WCT{android.window.IWindowContainerToken$Stub$Proxy@a9f76e7} m=OPEN f=NONE leash=Surface(name=Task=205)/@0x5f0ffe8 sb=Rect(0, 0 - 1920, 1080) eb=Rect(0, 0 - 1920, 1080) d=0},{WCT{android.window.IWindowContainerToken$Stub$Proxy@9ca3294} m=TO_BACK f=NONE leash=Surface(name=Task=1)/@0xb05d601 sb=Rect(0, 0 - 1920, 1080) eb=Rect(0, 0 - 1920, 1080) d=0}]}
06-24 17:01:17.132 901 979 V WindowManagerShell: loadAnimation: anim=android.view.animation.AlphaAnimation@8f8d13d animAttr=0x9 type=OPEN isEntrance=false
06-24 17:01:17.132 901 979 V WindowManagerShell: loadAnimation: anim=android.view.animation.AlphaAnimation@3dfdd32 animAttr=0x8 type=OPEN isEntrance=true
06-24 17:01:17.135 901 979 V WindowManagerShell: animated by com.android.wm.shell.transition.DefaultTransitionHandler@7916d4
06-24 17:01:17.147 685 708 V WindowManager: Sent Transition #665 createdAt=06-24 17:01:15.741 via request=TransitionRequestInfo { type = 1, triggerTask = TaskInfo{userId=0 taskId=205 displayId=0 isRunning=true baseIntent=Intent { act=android.intent.action.MAIN cat=[android.intent.category.LAUNCHER] flg=0x10000000 pkg=cn.jj.tv cmp=cn.jj.tv/cn.jj.mobile.lobby.view.Main } baseActivity=ComponentInfo{cn.jj.tv/cn.jj.mobile.lobby.view.Main} topActivity=ComponentInfo{cn.jj.tv/cn.jj.mobile.lobby.view.Main} origActivity=null realActivity=ComponentInfo{cn.jj.tv/cn.jj.mobile.lobby.view.Main} numActivities=1 lastActiveTime=21083657 supportsMultiWindow=true resizeMode=1 isResizeable=true minWidth=-1 minHeight=-1 defaultMinSize=220 token=WCT{RemoteToken{f91d40a Task{d759011 #205 type=standard A=10109:cn.jj.tv}}} topActivityType=1 pictureInPictureParams=null shouldDockBigOverlays=true launchIntoPipHostTaskId=-1 lastParentTaskIdBeforePip=-1 displayCutoutSafeInsets=null topActivityInfo=ActivityInfo{96e847b cn.jj.mobile.lobby.view.Main} launchCookies=[] positionInParent=Point(0, 0) parentTaskId=-1 isFocused=false isVisible=false isVisibleRequested=false isSleeping=false topActivityInSizeCompat=false topActivityEligibleForLetterboxEducation= false isLetterboxDoubleTapEnabled= false topActivityEligibleForUserAspectRatioButton= false topActivityBoundsLetterboxed= false isFromLetterboxDoubleTap= false topActivityLetterboxVerticalPosition= -1 topActivityLetterboxHorizontalPosition= -1 topActivityLetterboxWidth=-1 topActivityLetterboxHeight=-1 isUserFullscreenOverrideEnabled=false isTopActivityTransparent=false locusId=null displayAreaFeatureId=1 cameraCompatControlState=hidden}, remoteTransition = null, displayChange = null, flags = 0 }
06-24 17:01:17.147 685 708 V WindowManager: startWCT=WindowContainerTransaction { changes = {} hops = [] errorCallbackToken=null taskFragmentOrganizer=null }
06-24 17:01:17.150 685 708 V WindowManager: info={id=665 t=OPEN f=0x0 trk=0 r=[0@Point(0, 0)] c=[{WCT{RemoteToken{f91d40a Task{d759011 #205 type=standard A=10109:cn.jj.tv}}} m=OPEN f=NONE leash=Surface(name=Task=205)/@0x76e315f sb=Rect(0, 0 - 1920, 1080) eb=Rect(0, 0 - 1920, 1080) d=0},{WCT{RemoteToken{30b1e82 Task{4d21fd0 #1 type=home}}} m=TO_BACK f=NONE leash=Surface(name=Task=1)/@0x54f0375 sb=Rect(0, 0 - 1920, 1080) eb=Rect(0, 0 - 1920, 1080) d=0}]}
06-24 17:01:17.177 685 750 D CompatibilityChangeReporter: Compat change id reported: 214016041; UID 10109; state: DISABLED
06-24 17:01:17.196 0 0 W : [2 T1046 ..] [SP FRAME RX] arp req,vif_idx:0 sender:[12:3c:2c:e1:84:9f 192.168.3.254]receiver:[00:00:00:00:00:00 192.168.3.75]
06-24 17:01:17.197 0 0 W : [2 T1046 ..] [SP FRAME TX] arp rsp,vif_idx:0 sender:[1c:79:2d:20:62:cb 192.168.3.75]receiver:[12:3c:2c:e1:84:9f 192.168.3.254]
06-24 17:01:17.258 0 0 W : [2 T0 .s] [SP FRAME TX] arp req,vif_idx:0 sender:[1c:79:2d:20:62:cb 192.168.3.75]receiver:[00:00:00:00:00:00 192.168.3.254]
06-24 17:01:17.266 0 0 W : [2 T1046 ..] [SP FRAME RX] arp rsp,vif_idx:0 sender:[12:3c:2c:e1:84:9f 192.168.3.254]receiver:[1c:79:2d:20:62:cb 192.168.3.75]
06-24 17:01:17.538 901 979 V WindowManagerShell: Transition animation finished (aborted=false), notifying core (#665)android.os.BinderProxy@5815685@0
06-24 17:01:17.539 685 708 V WindowManager: Finish Transition #665: created at
06-24 17:01:15.741 collect-started=0.053ms request-sent=13.97ms started=15.671ms ready=189.063ms sent=1383.889ms finished=1797.745ms
06-24 17:01:17.543 901 979 V WindowManagerShell: Track 0 became idle
06-24 17:01:17.543 901 979 V WindowManagerShell: All active transition animations finished
06-24 17:01:19.238 0 0 W : [1 T1046 ..] [SP FRAME RX] arp req,vif_idx:0 sender:[10:b2:32:39:59:ba 192.168.3.57]receiver:[00:00:00:00:00:00 192.168.3.75]
06-24 17:01:19.239 0 0 W : [1 T1046 ..] [SP FRAME TX] arp rsp,vif_idx:0 sender:[1c:79:2d:20:62:cb 192.168.3.75]receiver:[10:b2:32:39:59:ba 192.168.3.57]
06-24 17:01:19.306 0 0 W : [0 T0 .s] [SP FRAME TX] arp req,vif_idx:0 sender:[1c:79:2d:20:62:cb 192.168.3.75]receiver:[00:00:00:00:00:00 192.168.3.215]
06-24 17:01:19.307 0 0 W : [0 T0 .s] [SP FRAME TX] arp req,vif_idx:0 sender:[1c:79:2d:20:62:cb 192.168.3.75]receiver:[00:00:00:00:00:00 192.168.3.176]
06-24 17:01:19.309 0 0 W : [0 T0 .s] [SP FRAME TX] arp req,vif_idx:0 sender:[1c:79:2d:20:62:cb 192.168.3.75]receiver:[00:00:00:00:00:00 192.168.3.129]
06-24 17:01:19.310 0 0 W : [0 T0 .s] [SP FRAME TX] arp req,vif_idx:0 sender:[1c:79:2d:20:62:cb 192.168.3.75]receiver:[00:00:00:00:00:00 192.168.3.92]
06-24 17:01:19.312 0 0 W : [0 T0 .s] [SP FRAME TX] arp req,vif_idx:0 sender:[1c:79:2d:20:62:cb 192.168.3.75]receiver:[00:00:00:00:00:00 192.168.3.68]
06-24 17:01:19.313 0 0 W : [0 T0 .s] [SP FRAME TX] arp req,vif_idx:0 sender:[1c:79:2d:20:62:cb 192.168.3.75]receiver:[00:00:00:00:00:00 192.168.3.57]
06-24 17:01:19.315 0 0 W : [0 T0 .s] [SP FRAME TX] arp req,vif_idx:0 sender:[1c:79:2d:20:62:cb 192.168.3.75]receiver:[00:00:00:00:00:00 192.168.3.36]
06-24 17:01:19.323 0 0 W : [0 T1046 ..] [SP FRAME RX] arp req,vif_idx:0 sender:[e6:6e:3e:02:16:7f 192.168.3.92]receiver:[00:00:00:00:00:00 192.168.3.75]
06-24 17:01:19.324 0 0 W : [0 T1046 ..] [SP FRAME TX] arp rsp,vif_idx:0 sender:[1c:79:2d:20:62:cb 192.168.3.75]receiver:[e6:6e:3e:02:16:7f 192.168.3.92]
06-24 17:01:19.326 0 0 W : [0 T1046 ..] [SP FRAME RX] arp rsp,vif_idx:0 sender:[16:8e:6e:17:dc:41 192.168.3.176]receiver:[1c:79:2d:20:62:cb 192.168.3.75]
06-24 17:01:19.327 0 0 W : [0 T1046 ..] [SP FRAME RX] arp rsp,vif_idx:0 sender:[10:b2:32:39:59:ba 192.168.3.57]receiver:[1c:79:2d:20:62:cb 192.168.3.75]
06-24 17:01:19.329 0 0 W : [0 T1046 ..] [SP FRAME RX] arp rsp,vif_idx:0 sender:[e2:38:ab:ac:32:27 192.168.3.215]receiver:[1c:79:2d:20:62:cb 192.168.3.75]
06-24 17:01:19.355 0 0 W : [0 T1046 ..] [SP FRAME RX] arp rsp,vif_idx:0 sender:[e6:6e:3e:02:16:7f 192.168.3.92]receiver:[1c:79:2d:20:62:cb 192.168.3.75]
06-24 17:01:19.416 0 0 W : [2 T1046 ..] [SP FRAME RX] arp req,vif_idx:0 sender:[a2:fe:ec:6e:f0:e5 192.168.3.147]receiver:[00:00:00:00:00:00 192.168.3.75]
06-24 17:01:19.417 0 0 W : [2 T1046 ..] [SP FRAME TX] arp rsp,vif_idx:0 sender:[1c:79:2d:20:62:cb 192.168.3.75]receiver:[a2:fe:ec:6e:f0:e5 192.168.3.147]
06-24 17:01:19.419 0 0 W : [2 T1046 ..] [SP FRAME RX] arp rsp,vif_idx:0 sender:[b6:86:f8:35:d4:28 192.168.3.36]receiver:[1c:79:2d:20:62:cb 192.168.3.75]
06-24 17:01:19.420 0 0 W : [2 T1046 ..] [SP FRAME RX] arp req,vif_idx:0 sender:[16:8e:6e:17:dc:41 192.168.3.176]receiver:[00:00:00:00:00:00 192.168.3.75]
06-24 17:01:19.422 0 0 W : [2 T1046 ..] [SP FRAME TX] arp rsp,vif_idx:0 sender:[1c:79:2d:20:62:cb 192.168.3.75]receiver:[16:8e:6e:17:dc:41 192.168.3.176]
06-24 17:01:19.620 0 0 W : [2 T1046 ..] [SP FRAME RX] arp req,vif_idx:0 sender:[b6:86:f8:35:d4:28 192.168.3.36]receiver:[00:00:00:00:00:00 192.168.3.75]
06-24 17:01:19.621 0 0 W : [2 T1046 ..] [SP FRAME TX] arp rsp,vif_idx:0 sender:[1c:79:2d:20:62:cb 192.168.3.75]receiver:[b6:86:f8:35:d4:28 192.168.3.36]
06-24 17:01:19.623 0 0 W : [2 T1046 ..] [SP FRAME RX] arp req,vif_idx:0 sender:[e2:38:ab:ac:32:27 192.168.3.215]receiver:[00:00:00:00:00:00 192.168.3.75]
06-24 17:01:19.624 0 0 W : [2 T1046 ..] [SP FRAME TX] arp rsp,vif_idx:0 sender:[1c:79:2d:20:62:cb 192.168.3.75]receiver:[e2:38:ab:ac:32:27 192.168.3.215]
06-24 17:01:19.758 685 1390 E TaskPersister: File error accessing recents directory (directory doesn't exist?).
06-24 17:01:20.330 0 0 W : [0 T0 .s] [SP FRAME TX] arp req,vif_idx:0 sender:[1c:79:2d:20:62:cb 192.168.3.75]receiver:[00:00:00:00:00:00 192.168.3.68]
06-24 17:01:20.331 0 0 W : [0 T0 .s] [SP FRAME TX] arp req,vif_idx:0 sender:[1c:79:2d:20:62:cb 192.168.3.75]receiver:[00:00:00:00:00:00 192.168.3.129]
06-24 17:01:21.354 0 0 W : [0 T0 .s] [SP FRAME TX] arp req,vif_idx:0 sender:[1c:79:2d:20:62:cb 192.168.3.75]receiver:[00:00:00:00:00:00 192.168.3.129]
06-24 17:01:21.355 0 0 W : [0 T0 .s] [SP FRAME TX] arp req,vif_idx:0 sender:[1c:79:2d:20:62:cb 192.168.3.75]receiver:[00:00:00:00:00:00 192.168.3.68]
06-24 17:01:22.378 0 0 W : [0 T0 .s] [SP FRAME TX] arp req,vif_idx:0 sender:[1c:79:2d:20:62:cb 192.168.3.75]receiver:[00:00:00:00:00:00 192.168.3.68]
06-24 17:01:22.379 0 0 W : [0 T0 .s] [SP FRAME TX] arp req,vif_idx:0 sender:[1c:79:2d:20:62:cb 192.168.3.75]receiver:[00:00:00:00:00:00 192.168.3.129]
06-24 17:01:23.402 0 0 W : [2 T18360 ..] [aml_send_sync_trace 4388] sync token[64072]
06-24 17:01:23.402 0 0 W : [2 T18360 ..] >>> aml_send_msg()
06-24 17:01:23.402 0 0 W : [0 T5846 .s] [SP FRAME TX] arp req,vif_idx:0 sender:[1c:79:2d:20:62:cb 192.168.3.75]receiver:[00:00:00:00:00:00 192.168.3.129]
06-24 17:01:23.405 0 0 W : [0 T5846 .s] [SP FRAME TX] arp req,vif_idx:0 sender:[1c:79:2d:20:62:cb 192.168.3.75]receiver:[00:00:00:00:00:00 192.168.3.68]
06-24 17:01:23.406 0 0 W : [2 T1041 ..] ipc_sdio_host_msgack_handler 00000000597e373c
06-24 17:01:23.407 0 0 W : [2 T1041 ..] [aml_msgackind 2039] msg ack hostid=0xffffff808e1a2b00
06-24 17:01:23.408 0 0 W : [2 T1041 ..] [cmd_mgr_llind 329] cmd tkn[505] flags:0008 result: -4 cmd: 105-MM_SYNC_TRACE - reqcfm( 0-none)
06-24 17:01:23.409 0 0 W : [2 T1041 ..] [cmd_complete 65] cmd tkn[505] flags:0000 result: -4 cmd: 105-MM_SYNC_TRACE - reqcfm( 0-none)
06-24 17:01:23.658 0 0 W : [3 T0 .s] [SP FRAME TX] arp req,vif_idx:0 sender:[1c:79:2d:20:62:cb 192.168.3.75]receiver:[00:00:00:00:00:00 192.168.3.34]
06-24 17:01:23.693 0 0 W : [1 T1046 ..] [SP FRAME RX] arp req,vif_idx:0 sender:[92:c8:7a:73:1d:bb 192.168.3.34]receiver:[00:00:00:00:00:00 192.168.3.75]
06-24 17:01:23.694 0 0 W : [1 T1046 ..] [SP FRAME TX] arp rsp,vif_idx:0 sender:[1c:79:2d:20:62:cb 192.168.3.75]receiver:[92:c8:7a:73:1d:bb 192.168.3.34]
06-24 17:01:23.731 0 0 W : [1 T1046 ..] [SP FRAME RX] arp rsp,vif_idx:0 sender:[92:c8:7a:73:1d:bb 192.168.3.34]receiver:[1c:79:2d:20:62:cb 192.168.3.75]
06-24 17:01:24.426 0 0 W : [0 T21949 .s] [SP FRAME TX] arp req,vif_idx:0 sender:[1c:79:2d:20:62:cb 192.168.3.75]receiver:[00:00:00:00:00:00 192.168.3.68]
06-24 17:01:24.427 0 0 W : [0 T21949 .s] [SP FRAME TX] arp req,vif_idx:0 sender:[1c:79:2d:20:62:cb 192.168.3.75]receiver:[00:00:00:00:00:00 192.168.3.129]
06-24 17:01:25.450 0 0 W : [0 T0 .s] [SP FRAME TX] arp req,vif_idx:0 sender:[1c:79:2d:20:62:cb 192.168.3.75]receiver:[00:00:00:00:00:00 192.168.3.129]
06-24 17:01:25.451 0 0 W : [0 T0 .s] [SP FRAME TX] arp req,vif_idx:0 sender:[1c:79:2d:20:62:cb 192.168.3.75]receiver:[00:00:00:00:00:00 192.168.3.68]
06-24 17:01:26.474 0 0 W : [0 T0 .s] [SP FRAME TX] arp req,vif_idx:0 sender:[1c:79:2d:20:62:cb 192.168.3.75]receiver:[00:00:00:00:00:00 192.168.3.68]
06-24 17:01:26.475 0 0 W : [0 T0 .s] [SP FRAME TX] arp req,vif_idx:0 sender:[1c:79:2d:20:62:cb 192.168.3.75]receiver:[00:00:00:00:00:00 192.168.3.129]
06-24 17:01:27.498 0 0 W : [0 T0 .s] [SP FRAME TX] arp req,vif_idx:0 sender:[1c:79:2d:20:62:cb 192.168.3.75]receiver:[00:00:00:00:00:00 192.168.3.129]
06-24 17:01:27.499 0 0 W : [0 T0 .s] [SP FRAME TX] arp req,vif_idx:0 sender:[1c:79:2d:20:62:cb 192.168.3.75]receiver:[00:00:00:00:00:00 192.168.3.68]
06-24 17:01:28.522 0 0 W : [0 T0 .s] [SP FRAME TX] arp req,vif_idx:0 sender:[1c:79:2d:20:62:cb 192.168.3.75]receiver:[00:00:00:00:00:00 192.168.3.68]
06-24 17:01:28.523 0 0 W : [0 T0 .s] [SP FRAME TX] arp req,vif_idx:0 sender:[1c:79:2d:20:62:cb 192.168.3.75]receiver:[00:00:00:00:00:00 192.168.3.129]
06-24 17:01:29.184 685 709 D AutofillManagerService: onBackKeyPressed()
06-24 17:01:29.346 1407 1731 W ContextImpl: Calling a method in the system process without a qualified user: android.app.ContextImpl.sendBroadcast:1220 android.content.ContextWrapper.sendBroadcast:504 com.dangbei.etna.setting.core.SettingHelper.sendCycleToProjector:257 com.dangbei.etna.setting.core.SettingHelper.sendCycleCheckBroadcast:226 com.dangbei.etna.setting.core.SettingHelper.startLoop$lambda-0:185
06-24 17:01:29.348 1407 1731 W ContextImpl: Calling a method in the system process without a qualified user: android.app.ContextImpl.sendBroadcast:1220 android.content.ContextWrapper.sendBroadcast:504 com.dangbei.etna.setting.core.SettingHelper.sendCycleToVoice:242 com.dangbei.etna.setting.core.SettingHelper.sendCycleCheckBroadcast:227 com.dangbei.etna.setting.core.SettingHelper.startLoop$lambda-0:185
06-24 17:01:29.546 0 0 W : [0 T0 .s] [SP FRAME TX] arp req,vif_idx:0 sender:[1c:79:2d:20:62:cb 192.168.3.75]receiver:[00:00:00:00:00:00 192.168.3.129]
06-24 17:01:29.547 0 0 W : [0 T0 .s] [SP FRAME TX] arp req,vif_idx:0 sender:[1c:79:2d:20:62:cb 192.168.3.75]receiver:[00:00:00:00:00:00 192.168.3.68]
06-24 17:01:29.660 0 0 W [3 T16959 ..] audit: audit_lost=23402 audit_rate_limit=5 audit_backlog_limit=64
06-24 17:01:29.660 0 0 E [3 T16959 ..] audit: rate limit exceeded
06-24 17:01:30.440 0 0 W : [0 T1046 ..] [SP FRAME RX] DHCP[0 1], vif_idx:0
06-24 17:01:30.570 0 0 W : [0 T0 .s] [SP FRAME TX] arp req,vif_idx:0 sender:[1c:79:2d:20:62:cb 192.168.3.75]receiver:[00:00:00:00:00:00 192.168.3.68]
06-24 17:01:30.571 0 0 W : [0 T0 .s] [SP FRAME TX] arp req,vif_idx:0 sender:[1c:79:2d:20:62:cb 192.168.3.75]receiver:[00:00:00:00:00:00 192.168.3.129]
06-24 17:01:30.893 685 709 D AutofillManagerService: onBackKeyPressed()
06-24 17:01:31.594 0 0 W : [0 T0 .s] [SP FRAME TX] arp req,vif_idx:0 sender:[1c:79:2d:20:62:cb 192.168.3.75]receiver:[00:00:00:00:00:00 192.168.3.129]
06-24 17:01:31.595 0 0 W : [0 T0 .s] [SP FRAME TX] arp req,vif_idx:0 sender:[1c:79:2d:20:62:cb 192.168.3.75]receiver:[00:00:00:00:00:00 192.168.3.68]
06-24 17:01:31.899 901 979 V WindowManagerShell: Transition requested: android.os.BinderProxy@801402c TransitionRequestInfo { type = 2, triggerTask = TaskInfo{userId=0 taskId=205 displayId=0 isRunning=false baseIntent=Intent { act=android.intent.action.MAIN cat=[android.intent.category.LAUNCHER] flg=0x10000000 pkg=cn.jj.tv cmp=cn.jj.tv/cn.jj.mobile.lobby.view.Main } baseActivity=null topActivity=null origActivity=null realActivity=ComponentInfo{cn.jj.tv/cn.jj.mobile.lobby.view.Main} numActivities=0 lastActiveTime=21083830 supportsMultiWindow=true resizeMode=1 isResizeable=true minWidth=-1 minHeight=-1 defaultMinSize=220 token=WCT{android.window.IWindowContainerToken$Stub$Proxy@81deaf5} topActivityType=1 pictureInPictureParams=null shouldDockBigOverlays=false launchIntoPipHostTaskId=-1 lastParentTaskIdBeforePip=-1 displayCutoutSafeInsets=null topActivityInfo=null launchCookies=[] positionInParent=Point(0, 0) parentTaskId=-1 isFocused=false isVisible=true isVisibleRequested=true isSleeping=false topActivityInSizeCompat=false topActivityEligibleForLetterboxEducation= false isLetterboxDoubleTapEnabled= false topActivityEligibleForUserAspectRatioButton= false topActivityBoundsLetterboxed= false isFromLetterboxDoubleTap= false topActivityLetterboxVerticalPosition= -1 topActivityLetterboxHorizontalPosition= -1 topActivityLetterboxWidth=-1 topActivityLetterboxHeight=-1 isUserFullscreenOverrideEnabled=false isTopActivityTransparent=false locusId=null displayAreaFeatureId=1 cameraCompatControlState=hidden}, remoteTransition = null, displayChange = null, flags = 0 }
06-24 17:01:31.993 0 0 I [2 T14454 ..] binder: undelivered TRANSACTION_COMPLETE
06-24 17:01:31.993 0 0 I [2 T14454 ..] binder: undelivered transaction 10010833, process died.
06-24 17:01:31.994 0 0 I [3 T1195 ..] binder: 570:1195 transaction failed 29189/-22, size 68-0 line 3273
06-24 17:01:31.985 685 15113 I WindowManager: WIN DEATH: Window{3241c67 u0 cn.jj.tv/cn.jj.mobile.lobby.view.Main}
06-24 17:01:31.988 685 18903 I ActivityManager: Process cn.jj.tv (pid 16935) has died: fg TOP
06-24 17:01:31.991 685 709 D DisplayManagerService: Drop pending events for gone uid 10109
06-24 17:01:31.993 685 18903 V WindowManager: app ------------- force_land :0
06-24 17:01:32.074 685 708 V WindowManager: Sent Transition #666 createdAt=06-24 17:01:31.897 via request=TransitionRequestInfo { type = 2, triggerTask = TaskInfo{userId=0 taskId=205 displayId=0 isRunning=false baseIntent=Intent { act=android.intent.action.MAIN cat=[android.intent.category.LAUNCHER] flg=0x10000000 pkg=cn.jj.tv cmp=cn.jj.tv/cn.jj.mobile.lobby.view.Main } baseActivity=null topActivity=null origActivity=null realActivity=ComponentInfo{cn.jj.tv/cn.jj.mobile.lobby.view.Main} numActivities=0 lastActiveTime=21083830 supportsMultiWindow=true resizeMode=1 isResizeable=true minWidth=-1 minHeight=-1 defaultMinSize=220 token=WCT{RemoteToken{f91d40a Task{d759011 #205 type=standard A=10109:cn.jj.tv}}} topActivityType=1 pictureInPictureParams=null shouldDockBigOverlays=false launchIntoPipHostTaskId=-1 lastParentTaskIdBeforePip=-1 displayCutoutSafeInsets=null topActivityInfo=null launchCookies=[] positionInParent=Point(0, 0) parentTaskId=-1 isFocused=false isVisible=true isVisibleRequested=true isSleeping=false topActivityInSizeCompat=false topActivityEligibleForLetterboxEducation= false isLetterboxDoubleTapEnabled= false topActivityEligibleForUserAspectRatioButton= false topActivityBoundsLetterboxed= false isFromLetterboxDoubleTap= false topActivityLetterboxVerticalPosition= -1 topActivityLetterboxHorizontalPosition= -1 topActivityLetterboxWidth=-1 topActivityLetterboxHeight=-1 isUserFullscreenOverrideEnabled=false isTopActivityTransparent=false locusId=null displayAreaFeatureId=1 cameraCompatControlState=hidden}, remoteTransition = null, displayChange = null, flags = 0 }
06-24 17:01:32.075 685 708 V WindowManager: startWCT=WindowContainerTransaction { changes = {} hops = [] errorCallbackToken=null taskFragmentOrganizer=null }
06-24 17:01:32.076 685 708 V WindowManager: info={id=666 t=CLOSE f=0x0 trk=0 r=[0@Point(0, 0)] c=[{WCT{RemoteToken{30b1e82 Task{4d21fd0 #1 type=home}}} m=TO_FRONT f=NONE leash=Surface(name=Task=1)/@0x54f0375 sb=Rect(0, 0 - 1920, 1080) eb=Rect(0, 0 - 1920, 1080) d=0},{WCT{RemoteToken{f91d40a Task{d759011 #205 type=standard A=10109:cn.jj.tv}}} m=CLOSE f=NONE leash=Surface(name=Task=205)/@0x76e315f sb=Rect(0, 0 - 1920, 1080) eb=Rect(0, 0 - 1920, 1080) d=0}]}
06-24 17:01:32.077 901 979 V WindowManagerShell: onTransitionReady android.os.BinderProxy@801402c: {id=666 t=CLOSE f=0x0 trk=0 r=[0@Point(0, 0)] c=[{WCT{android.window.IWindowContainerToken$Stub$Proxy@faf4171} m=TO_FRONT f=NONE leash=Surface(name=Task=1)/@0xd1e08a sb=Rect(0, 0 - 1920, 1080) eb=Rect(0, 0 - 1920, 1080) d=0},{WCT{android.window.IWindowContainerToken$Stub$Proxy@1f57b56} m=CLOSE f=NONE leash=Surface(name=Task=205)/@0x82d6fb sb=Rect(0, 0 - 1920, 1080) eb=Rect(0, 0 - 1920, 1080) d=0}]}
06-24 17:01:32.077 901 979 V WindowManagerShell: Playing animation for (#666)android.os.BinderProxy@801402c@0
06-24 17:01:32.078 901 979 V WindowManagerShell: try handler com.android.wm.shell.keyguard.KeyguardTransitionHandler@24e2028
06-24 17:01:32.078 901 979 V WindowManagerShell: try handler com.android.wm.shell.pip.tv.TvPipTransition@1141
06-24 17:01:32.078 901 979 V WindowManagerShell: try handler com.android.wm.shell.activityembedding.ActivityEmbeddingController@e8f56e6
06-24 17:01:32.078 901 979 V WindowManagerShell: try handler com.android.wm.shell.transition.RemoteTransitionHandler@b664427
06-24 17:01:32.078 901 979 V WindowManagerShell: Transition doesn't have explicit remote, search filters for match for {id=666 t=CLOSE f=0x0 trk=0 r=[0@Point(0, 0)] c=[{WCT{android.window.IWindowContainerToken$Stub$Proxy@faf4171} m=TO_FRONT f=NONE leash=Surface(name=Task=1)/@0xd1e08a sb=Rect(0, 0 - 1920, 1080) eb=Rect(0, 0 - 1920, 1080) d=0},{WCT{android.window.IWindowContainerToken$Stub$Proxy@1f57b56} m=CLOSE f=NONE leash=Surface(name=Task=205)/@0x82d6fb sb=Rect(0, 0 - 1920, 1080) eb=Rect(0, 0 - 1920, 1080) d=0}]}
06-24 17:01:32.078 901 979 V WindowManagerShell: Delegate animation for #666 to null
06-24 17:01:32.078 901 979 V WindowManagerShell: try handler com.android.wm.shell.transition.DefaultTransitionHandler@7916d4
06-24 17:01:32.078 901 979 V WindowManagerShell: start default transition animation, info = {id=666 t=CLOSE f=0x0 trk=0 r=[0@Point(0, 0)] c=[{WCT{android.window.IWindowContainerToken$Stub$Proxy@faf4171} m=TO_FRONT f=NONE leash=Surface(name=Task=1)/@0xd1e08a sb=Rect(0, 0 - 1920, 1080) eb=Rect(0, 0 - 1920, 1080) d=0},{WCT{android.window.IWindowContainerToken$Stub$Proxy@1f57b56} m=CLOSE f=NONE leash=Surface(name=Task=205)/@0x82d6fb sb=Rect(0, 0 - 1920, 1080) eb=Rect(0, 0 - 1920, 1080) d=0}]}
06-24 17:01:32.080 901 979 V WindowManagerShell: loadAnimation: anim=android.view.animation.AlphaAnimation@92583ad animAttr=0xb type=CLOSE isEntrance=false
06-24 17:01:32.081 901 979 V WindowManagerShell: loadAnimation: anim=android.view.animation.AlphaAnimation@2ef2a73 animAttr=0xa type=CLOSE isEntrance=true
06-24 17:01:32.083 901 979 V WindowManagerShell: animated by com.android.wm.shell.transition.DefaultTransitionHandler@7916d4
06-24 17:01:32.109 685 712 W ActivityManager: pid 685 system sent binder code 3 with flags 1 to frozen apps and got error -32
06-24 17:01:32.110 685 712 W WindowManager: Failed to deliver inset control state change to w=Window{3241c67 u0 cn.jj.tv/cn.jj.mobile.lobby.view.Main EXITING}
06-24 17:01:32.110 685 712 W WindowManager: android.os.DeadObjectException
06-24 17:01:32.110 685 712 W WindowManager: at android.os.BinderProxy.transactNative(Native Method)
06-24 17:01:32.110 685 712 W WindowManager: at android.os.BinderProxy.transact(BinderProxy.java:584)
06-24 17:01:32.110 685 712 W WindowManager: at android.view.IWindow$Stub$Proxy.insetsControlChanged(IWindow.java:479)
06-24 17:01:32.110 685 712 W WindowManager: at com.android.server.wm.WindowState.notifyInsetsControlChanged(WindowState.java:3821)
06-24 17:01:32.110 685 712 W WindowManager: at com.android.server.wm.InsetsStateController.lambda$notifyPendingInsetsControlChanged$3(InsetsStateController.java:369)
06-24 17:01:32.110 685 712 W WindowManager: at com.android.server.wm.InsetsStateController.$r8$lambda$8yykPRG1GyNq_J17QvL9d5xANMc(InsetsStateController.java:0)
06-24 17:01:32.110 685 712 W WindowManager: at com.android.server.wm.InsetsStateController$$ExternalSyntheticLambda2.run(R8$$SyntheticClass:0)
06-24 17:01:32.110 685 712 W WindowManager: at com.android.server.wm.WindowAnimator.executeAfterPrepareSurfacesRunnables(WindowAnimator.java:294)
06-24 17:01:32.110 685 712 W WindowManager: at com.android.server.wm.RootWindowContainer.performSurfacePlacementNoTrace(RootWindowContainer.java:811)
06-24 17:01:32.110 685 712 W WindowManager: at com.android.server.wm.RootWindowContainer.performSurfacePlacement(RootWindowContainer.java:756)
06-24 17:01:32.110 685 712 W WindowManager: at com.android.server.wm.WindowSurfacePlacer.performSurfacePlacementLoop(WindowSurfacePlacer.java:177)
06-24 17:01:32.110 685 712 W WindowManager: at com.android.server.wm.WindowSurfacePlacer.performSurfacePlacement(WindowSurfacePlacer.java:126)
06-24 17:01:32.110 685 712 W WindowManager: at com.android.server.wm.WindowSurfacePlacer.performSurfacePlacement(WindowSurfacePlacer.java:115)
06-24 17:01:32.110 685 712 W WindowManager: at com.android.server.wm.WindowSurfacePlacer$Traverser.run(WindowSurfacePlacer.java:57)
06-24 17:01:32.110 685 712 W WindowManager: at android.os.Handler.handleCallback(Handler.java:958)
06-24 17:01:32.110 685 712 W WindowManager: at android.os.Handler.dispatchMessage(Handler.java:99)
06-24 17:01:32.110 685 712 W WindowManager: at android.os.Looper.loopOnce(Looper.java:205)
06-24 17:01:32.110 685 712 W WindowManager: at android.os.Looper.loop(Looper.java:294)
06-24 17:01:32.110 685 712 W WindowManager: at android.os.HandlerThread.run(HandlerThread.java:67)
06-24 17:01:32.110 685 712 W WindowManager: at com.android.server.ServiceThread.run(ServiceThread.java:46)
06-24 17:01:32.115 685 709 W ContextImpl: Calling a method in the system process without a qualified user: android.app.ContextImpl.startService:1899 com.android.server.wm.DisplayPolicy.lambda$focusChangedLw$5:2126 com.android.server.wm.DisplayPolicy.$r8$lambda$Znxk63oh-WzVnzo_WQefN7uxV48:0 com.android.server.wm.DisplayPolicy$$ExternalSyntheticLambda13.run:0 android.os.Handler.handleCallback:958
06-24 17:01:32.502 901 979 V WindowManagerShell: Transition animation finished (aborted=false), notifying core (#666)android.os.BinderProxy@801402c@0
06-24 17:01:32.504 685 708 V WindowManager: Finish Transition #666: created at
06-24 17:01:31.897 collect-started=0.047ms request-sent=0.18ms started=6.447ms ready=97.367ms sent=175.128ms finished=606.101ms
06-24 17:01:32.504 685 1929 W ActivityManager: pid 685 system sent binder code 7 with flags 1 to frozen apps and got error -32
06-24 17:01:32.504 685 1929 D ActivityManager: Too many transaction errors, throttling freezer binder callback.
06-24 17:01:32.505 685 1929 W WindowManager: Exception thrown during dispatchAppVisibility Window{3241c67 u0 cn.jj.tv/cn.jj.mobile.lobby.view.Main EXITING}
06-24 17:01:32.505 685 1929 W WindowManager: android.os.DeadObjectException
06-24 17:01:32.505 685 1929 W WindowManager: at android.os.BinderProxy.transactNative(Native Method)
06-24 17:01:32.505 685 1929 W WindowManager: at android.os.BinderProxy.transact(BinderProxy.java:584)
06-24 17:01:32.505 685 1929 W WindowManager: at android.view.IWindow$Stub$Proxy.dispatchAppVisibility(IWindow.java:546)
06-24 17:01:32.505 685 1929 W WindowManager: at com.android.server.wm.WindowState.sendAppVisibilityToClients(WindowState.java:3290)
06-24 17:01:32.505 685 1929 W WindowManager: at com.android.server.wm.WindowContainer.sendAppVisibilityToClients(WindowContainer.java:1299)
06-24 17:01:32.505 685 1929 W WindowManager: at com.android.server.wm.WindowToken.setClientVisible(WindowToken.java:409)
06-24 17:01:32.505 685 1929 W WindowManager: at com.android.server.wm.ActivityRecord.setClientVisible(ActivityRecord.java:6982)
06-24 17:01:32.505 685 1929 W WindowManager: at com.android.server.wm.ActivityRecord.postApplyAnimation(ActivityRecord.java:5653)
06-24 17:01:32.505 685 1929 W WindowManager: at com.android.server.wm.ActivityRecord.commitVisibility(ActivityRecord.java:5595)
06-24 17:01:32.505 685 1929 W WindowManager: at com.android.server.wm.Transition.finishTransition(Transition.java:1198)
06-24 17:01:32.505 685 1929 W WindowManager: at com.android.server.wm.TransitionController.finishTransition(TransitionController.java:886)
06-24 17:01:32.505 685 1929 W WindowManager: at com.android.server.wm.WindowOrganizerController.finishTransition(WindowOrganizerController.java:419)
06-24 17:01:32.505 685 1929 W WindowManager: at android.window.IWindowOrganizerController$Stub.onTransact(IWindowOrganizerController.java:280)
06-24 17:01:32.505 685 1929 W WindowManager: at com.android.server.wm.WindowOrganizerController.onTransact(WindowOrganizerController.java:183)
06-24 17:01:32.505 685 1929 W WindowManager: at android.os.Binder.execTransactInternal(Binder.java:1363)
06-24 17:01:32.505 685 1929 W WindowManager: at android.os.Binder.execTransact(Binder.java:1304)
06-24 17:01:32.510 685 711 W ActivityManager: setHasOverlayUi called on unknown pid: 16935
06-24 17:01:32.514 901 979 V WindowManagerShell: Track 0 became idle
06-24 17:01:32.514 901 979 V WindowManagerShell: All active transition animations finished
06-24 17:01:32.609 0 0 W [1 T17197 ..] audit: audit_lost=23418 audit_rate_limit=5 audit_backlog_limit=64
06-24 17:01:32.609 0 0 E [1 T17197 ..] audit: rate limit exceeded
06-24 17:01:32.618 0 0 W : [0 T0 .s] [SP FRAME TX] arp req,vif_idx:0 sender:[1c:79:2d:20:62:cb 192.168.3.75]receiver:[00:00:00:00:00:00 192.168.3.68]
06-24 17:01:32.619 0 0 W : [0 T0 .s] [SP FRAME TX] arp req,vif_idx:0 sender:[1c:79:2d:20:62:cb 192.168.3.75]receiver:[00:00:00:00:00:00 192.168.3.129]
06-24 17:01:33.642 0 0 W : [0 T0 .s] [SP FRAME TX] arp req,vif_idx:0 sender:[1c:79:2d:20:62:cb 192.168.3.75]receiver:[00:00:00:00:00:00 192.168.3.129]
06-24 17:01:33.643 0 0 W : [0 T0 .s] [SP FRAME TX] arp req,vif_idx:0 sender:[1c:79:2d:20:62:cb 192.168.3.75]receiver:[00:00:00:00:00:00 192.168.3.68]
06-24 17:01:34.666 0 0 W : [1 T360 .s] [SP FRAME TX] arp req,vif_idx:0 sender:[1c:79:2d:20:62:cb 192.168.3.75]receiver:[00:00:00:00:00:00 192.168.3.147]
06-24 17:01:34.667 0 0 W : [1 T360 .s] [SP FRAME TX] arp req,vif_idx:0 sender:[1c:79:2d:20:62:cb 192.168.3.75]receiver:[00:00:00:00:00:00 192.168.3.68]
06-24 17:01:34.669 0 0 W : [1 T360 .s] [SP FRAME TX] arp req,vif_idx:0 sender:[1c:79:2d:20:62:cb 192.168.3.75]receiver:[00:00:00:00:00:00 192.168.3.129]
06-24 17:01:34.670 0 0 W : [1 T1046 ..] [SP FRAME RX] arp rsp,vif_idx:0 sender:[f6:f5:2e:bc:8c:d5 192.168.3.68]receiver:[1c:79:2d:20:62:cb 192.168.3.75]
06-24 17:01:34.672 0 0 W : [1 T1046 ..] [SP FRAME RX] arp rsp,vif_idx:0 sender:[3a:fd:3d:ee:5f:54 192.168.3.129]receiver:[1c:79:2d:20:62:cb 192.168.3.75]
06-24 17:01:34.697 0 0 W : [1 T1046 ..] [SP FRAME RX] arp rsp,vif_idx:0 sender:[a2:fe:ec:6e:f0:e5 192.168.3.147]receiver:[1c:79:2d:20:62:cb 192.168.3.75]
06-24 17:01:35.522 685 1390 E TaskPersister: File error accessing recents directory (directory doesn't exist?).
06-24 17:01:36.568 0 0 W [3 T25266 ..] audit: audit_lost=23428 audit_rate_limit=5 audit_backlog_limit=64
06-24 17:01:36.569 0 0 E [3 T25266 ..] audit: rate limit exceeded
06-24 17:01:37.482 0 0 W : [1 T333 .s] [SP FRAME TX] arp req,vif_idx:0 sender:[1c:79:2d:20:62:cb 192.168.3.75]receiver:[00:00:00:00:00:00 192.168.3.123]
06-24 17:01:37.560 0 0 W : [1 T1046 ..] [SP FRAME RX] arp req,vif_idx:0 sender:[e2:8e:12:0f:0b:47 192.168.3.123]receiver:[00:00:00:00:00:00 192.168.3.75]
06-24 17:01:37.561 0 0 W : [1 T1046 ..] [SP FRAME TX] arp rsp,vif_idx:0 sender:[1c:79:2d:20:62:cb 192.168.3.75]receiver:[e2:8e:12:0f:0b:47 192.168.3.123]
06-24 17:01:37.683 0 0 W : [1 T1046 ..] [SP FRAME RX] arp rsp,vif_idx:0 sender:[e2:8e:12:0f:0b:47 192.168.3.123]receiver:[1c:79:2d:20:62:cb 192.168.3.75]
06-24 17:01:49.192 0 0 W : [1 T1046 ..] [SP FRAME RX] arp req,vif_idx:0 sender:[12:3c:2c:e1:84:9f 192.168.3.254]receiver:[00:00:00:00:00:00 192.168.3.75]
06-24 17:01:49.193 0 0 W : [1 T1046 ..] [SP FRAME TX] arp rsp,vif_idx:0 sender:[1c:79:2d:20:62:cb 192.168.3.75]receiver:[12:3c:2c:e1:84:9f 192.168.3.254]
06-24 17:01:49.258 0 0 W : [3 T0 .s] [SP FRAME TX] arp req,vif_idx:0 sender:[1c:79:2d:20:62:cb 192.168.3.75]receiver:[00:00:00:00:00:00 192.168.3.254]
06-24 17:01:49.266 0 0 W : [1 T1046 ..] [SP FRAME RX] arp rsp,vif_idx:0 sender:[12:3c:2c:e1:84:9f 192.168.3.254]receiver:[1c:79:2d:20:62:cb 192.168.3.75]
06-24 17:01:51.260 0 0 W : [3 T1046 ..] [SP FRAME RX] arp req,vif_idx:0 sender:[10:b2:32:39:59:ba 192.168.3.57]receiver:[00:00:00:00:00:00 192.168.3.75]
06-24 17:01:51.261 0 0 W : [3 T1046 ..] [SP FRAME TX] arp rsp,vif_idx:0 sender:[1c:79:2d:20:62:cb 192.168.3.75]receiver:[10:b2:32:39:59:ba 192.168.3.57]
06-24 17:01:51.301 0 0 W : [3 T1046 ..] [SP FRAME RX] arp req,vif_idx:0 sender:[e6:6e:3e:02:16:7f 192.168.3.92]receiver:[00:00:00:00:00:00 192.168.3.75]
06-24 17:01:51.302 0 0 W : [3 T1046 ..] [SP FRAME TX] arp rsp,vif_idx:0 sender:[1c:79:2d:20:62:cb 192.168.3.75]receiver:[e6:6e:3e:02:16:7f 192.168.3.92]
06-24 17:01:51.306 0 0 W : [3 T0 .s] [SP FRAME TX] arp req,vif_idx:0 sender:[1c:79:2d:20:62:cb 192.168.3.75]receiver:[00:00:00:00:00:00 192.168.3.215]
06-24 17:01:51.307 0 0 W : [3 T0 .s] [SP FRAME TX] arp req,vif_idx:0 sender:[1c:79:2d:20:62:cb 192.168.3.75]receiver:[00:00:00:00:00:00 192.168.3.176]
06-24 17:01:51.309 0 0 W : [3 T0 .s] [SP FRAME TX] arp req,vif_idx:0 sender:[1c:79:2d:20:62:cb 192.168.3.75]receiver:[00:00:00:00:00:00 192.168.3.147]
06-24 17:01:51.310 0 0 W : [3 T0 .s] [SP FRAME TX] arp req,vif_idx:0 sender:[1c:79:2d:20:62:cb 192.168.3.75]receiver:[00:00:00:00:00:00 192.168.3.129]
06-24 17:01:51.312 0 0 W : [3 T0 .s] [SP FRAME TX] arp req,vif_idx:0 sender:[1c:79:2d:20:62:cb 192.168.3.75]receiver:[00:00:00:00:00:00 192.168.3.92]
06-24 17:01:51.313 0 0 W : [3 T0 .s] [SP FRAME TX] arp req,vif_idx:0 sender:[1c:79:2d:20:62:cb 192.168.3.75]receiver:[00:00:00:00:00:00 192.168.3.68]
06-24 17:01:51.315 0 0 W : [3 T0 .s] [SP FRAME TX] arp req,vif_idx:0 sender:[1c:79:2d:20:62:cb 192.168.3.75]receiver:[00:00:00:00:00:00 192.168.3.57]
06-24 17:01:51.316 0 0 W : [3 T0 .s] [SP FRAME TX] arp req,vif_idx:0 sender:[1c:79:2d:20:62:cb 192.168.3.75]receiver:[00:00:00:00:00:00 192.168.3.36]
06-24 17:01:51.319 0 0 W : [3 T1046 ..] [SP FRAME RX] arp rsp,vif_idx:0 sender:[16:8e:6e:17:dc:41 192.168.3.176]receiver:[1c:79:2d:20:62:cb 192.168.3.75]
06-24 17:01:51.320 0 0 W : [3 T1046 ..] [SP FRAME RX] arp rsp,vif_idx:0 sender:[e6:6e:3e:02:16:7f 192.168.3.92]receiver:[1c:79:2d:20:62:cb 192.168.3.75]
06-24 17:01:51.321 0 0 W : [3 T1046 ..] [SP FRAME RX] arp rsp,vif_idx:0 sender:[e2:38:ab:ac:32:27 192.168.3.215]receiver:[1c:79:2d:20:62:cb 192.168.3.75]
06-24 17:01:51.323 0 0 W : [3 T1046 ..] [SP FRAME RX] arp rsp,vif_idx:0 sender:[10:b2:32:39:59:ba 192.168.3.57]receiver:[1c:79:2d:20:62:cb 192.168.3.75]
06-24 17:01:51.324 0 0 W : [3 T1046 ..] [SP FRAME RX] arp rsp,vif_idx:0 sender:[b6:86:f8:35:d4:28 192.168.3.36]receiver:[1c:79:2d:20:62:cb 192.168.3.75]
06-24 17:01:51.369 0 0 W : [3 T1046 ..] [SP FRAME RX] arp req,vif_idx:0 sender:[16:8e:6e:17:dc:41 192.168.3.176]receiver:[00:00:00:00:00:00 192.168.3.75]
06-24 17:01:51.370 0 0 W : [3 T1046 ..] [SP FRAME TX] arp rsp,vif_idx:0 sender:[1c:79:2d:20:62:cb 192.168.3.75]receiver:[16:8e:6e:17:dc:41 192.168.3.176]
06-24 17:01:51.476 0 0 W : [3 T1046 ..] [SP FRAME RX] arp req,vif_idx:0 sender:[b6:86:f8:35:d4:28 192.168.3.36]receiver:[00:00:00:00:00:00 192.168.3.75]
06-24 17:01:51.477 0 0 W : [3 T1046 ..] [SP FRAME TX] arp rsp,vif_idx:0 sender:[1c:79:2d:20:62:cb 192.168.3.75]receiver:[b6:86:f8:35:d4:28 192.168.3.36]
06-24 17:01:51.493 0 0 W : [3 T1046 ..] [SP FRAME RX] arp req,vif_idx:0 sender:[e2:38:ab:ac:32:27 192.168.3.215]receiver:[00:00:00:00:00:00 192.168.3.75]
06-24 17:01:51.494 0 0 W : [3 T1046 ..] [SP FRAME TX] arp rsp,vif_idx:0 sender:[1c:79:2d:20:62:cb 192.168.3.75]receiver:[e2:38:ab:ac:32:27 192.168.3.215]
06-24 17:01:52.330 0 0 W : [3 T12970 .s] [SP FRAME TX] arp req,vif_idx:0 sender:[1c:79:2d:20:62:cb 192.168.3.75]receiver:[00:00:00:00:00:00 192.168.3.68]
06-24 17:01:52.331 0 0 W : [3 T12970 .s] [SP FRAME TX] arp req,vif_idx:0 sender:[1c:79:2d:20:62:cb 192.168.3.75]receiver:[00:00:00:00:00:00 192.168.3.129]
06-24 17:01:52.333 0 0 W : [3 T12970 .s] [SP FRAME TX] arp req,vif_idx:0 sender:[1c:79:2d:20:62:cb 192.168.3.75]receiver:[00:00:00:00:00:00 192.168.3.147]
06-24 17:01:53.354 0 0 W : [3 T1201 .s] [SP FRAME TX] arp req,vif_idx:0 sender:[1c:79:2d:20:62:cb 192.168.3.75]receiver:[00:00:00:00:00:00 192.168.3.147]
06-24 17:01:53.355 0 0 W : [3 T1201 .s] [SP FRAME TX] arp req,vif_idx:0 sender:[1c:79:2d:20:62:cb 192.168.3.75]receiver:[00:00:00:00:00:00 192.168.3.129]
06-24 17:01:53.357 0 0 W : [3 T1201 .s] [SP FRAME TX] arp req,vif_idx:0 sender:[1c:79:2d:20:62:cb 192.168.3.75]receiver:[00:00:00:00:00:00 192.168.3.68]
06-24 17:01:54.378 0 0 W : [3 T0 .s] [SP FRAME TX] arp req,vif_idx:0 sender:[1c:79:2d:20:62:cb 192.168.3.75]receiver:[00:00:00:00:00:00 192.168.3.68]
06-24 17:01:54.379 0 0 W : [3 T0 .s] [SP FRAME TX] arp req,vif_idx:0 sender:[1c:79:2d:20:62:cb 192.168.3.75]receiver:[00:00:00:00:00:00 192.168.3.129]
06-24 17:01:54.381 0 0 W : [3 T0 .s] [SP FRAME TX] arp req,vif_idx:0 sender:[1c:79:2d:20:62:cb 192.168.3.75]receiver:[00:00:00:00:00:00 192.168.3.147]
06-24 17:01:55.402 0 0 W : [3 T0 .s] [SP FRAME TX] arp req,vif_idx:0 sender:[1c:79:2d:20:62:cb 192.168.3.75]receiver:[00:00:00:00:00:00 192.168.3.147]
06-24 17:01:55.403 0 0 W : [3 T0 .s] [SP FRAME TX] arp req,vif_idx:0 sender:[1c:79:2d:20:62:cb 192.168.3.75]receiver:[00:00:00:00:00:00 192.168.3.129]
06-24 17:01:55.405 0 0 W : [3 T0 .s] [SP FRAME TX] arp req,vif_idx:0 sender:[1c:79:2d:20:62:cb 192.168.3.75]receiver:[00:00:00:00:00:00 192.168.3.68]
06-24 17:01:56.426 0 0 W : [3 T0 .s] [SP FRAME TX] arp req,vif_idx:0 sender:[1c:79:2d:20:62:cb 192.168.3.75]receiver:[00:00:00:00:00:00 192.168.3.68]
06-24 17:01:56.427 0 0 W : [3 T0 .s] [SP FRAME TX] arp req,vif_idx:0 sender:[1c:79:2d:20:62:cb 192.168.3.75]receiver:[00:00:00:00:00:00 192.168.3.129]
06-24 17:01:56.429 0 0 W : [3 T0 .s] [SP FRAME TX] arp req,vif_idx:0 sender:[1c:79:2d:20:62:cb 192.168.3.75]receiver:[00:00:00:00:00:00 192.168.3.147]
06-24 17:01:57.450 0 0 W : [3 T25353 .s] [SP FRAME TX] arp req,vif_idx:0 sender:[1c:79:2d:20:62:cb 192.168.3.75]receiver:[00:00:00:00:00:00 192.168.3.147]
06-24 17:01:57.451 0 0 W : [3 T25353 .s] [SP FRAME TX] arp req,vif_idx:0 sender:[1c:79:2d:20:62:cb 192.168.3.75]receiver:[00:00:00:00:00:00 192.168.3.129]
06-24 17:01:57.453 0 0 W : [3 T25353 .s] [SP FRAME TX] arp req,vif_idx:0 sender:[1c:79:2d:20:62:cb 192.168.3.75]receiver:[00:00:00:00:00:00 192.168.3.68]
06-24 17:01:58.474 0 0 W : [3 T1711 .s] [SP FRAME TX] arp req,vif_idx:0 sender:[1c:79:2d:20:62:cb 192.168.3.75]receiver:[00:00:00:00:00:00 192.168.3.68]
06-24 17:01:58.475 0 0 W : [3 T1711 .s] [SP FRAME TX] arp req,vif_idx:0 sender:[1c:79:2d:20:62:cb 192.168.3.75]receiver:[00:00:00:00:00:00 192.168.3.129]
06-24 17:01:58.477 0 0 W : [3 T1711 .s] [SP FRAME TX] arp req,vif_idx:0 sender:[1c:79:2d:20:62:cb 192.168.3.75]receiver:[00:00:00:00:00:00 192.168.3.147]
06-24 17:01:59.498 0 0 W : [3 T0 .s] [SP FRAME TX] arp req,vif_idx:0 sender:[1c:79:2d:20:62:cb 192.168.3.75]receiver:[00:00:00:00:00:00 192.168.3.147]
06-24 17:01:59.499 0 0 W : [3 T0 .s] [SP FRAME TX] arp req,vif_idx:0 sender:[1c:79:2d:20:62:cb 192.168.3.75]receiver:[00:00:00:00:00:00 192.168.3.129]
06-24 17:01:59.501 0 0 W : [3 T0 .s] [SP FRAME TX] arp req,vif_idx:0 sender:[1c:79:2d:20:62:cb 192.168.3.75]receiver:[00:00:00:00:00:00 192.168.3.68]
06-24 17:01:59.659 0 0 W : [2 T1046 ..] [SP FRAME RX] arp req,vif_idx:0 sender:[b2:33:fc:c9:ef:d5 192.168.3.217]receiver:[00:00:00:00:00:00 192.168.3.75]
06-24 17:01:59.660 0 0 W : [2 T1046 ..] [SP FRAME TX] arp rsp,vif_idx:0 sender:[1c:79:2d:20:62:cb 192.168.3.75]receiver:[b2:33:fc:c9:ef:d5 192.168.3.217]
06-24 17:01:59.754 0 0 W : [0 T1149 .s] [SP FRAME TX] arp req,vif_idx:0 sender:[1c:79:2d:20:62:cb 192.168.3.75]receiver:[00:00:00:00:00:00 192.168.3.217]
06-24 17:01:59.762 0 0 W : [2 T1046 ..] [SP FRAME RX] arp rsp,vif_idx:0 sender:[b2:33:fc:c9:ef:d5 192.168.3.217]receiver:[1c:79:2d:20:62:cb 192.168.3.75]
06-24 17:02:00.522 0 0 W : [3 T0 .s] [SP FRAME TX] arp req,vif_idx:0 sender:[1c:79:2d:20:62:cb 192.168.3.75]receiver:[00:00:00:00:00:00 192.168.3.68]
06-24 17:02:00.523 0 0 W : [3 T0 .s] [SP FRAME TX] arp req,vif_idx:0 sender:[1c:79:2d:20:62:cb 192.168.3.75]receiver:[00:00:00:00:00:00 192.168.3.129]
06-24 17:02:00.525 0 0 W : [3 T0 .s] [SP FRAME TX] arp req,vif_idx:0 sender:[1c:79:2d:20:62:cb 192.168.3.75]receiver:[00:00:00:00:00:00 192.168.3.147]
06-24 17:02:01.546 0 0 W : [3 T0 .s] [SP FRAME TX] arp req,vif_idx:0 sender:[1c:79:2d:20:62:cb 192.168.3.75]receiver:[00:00:00:00:00:00 192.168.3.147]
