06-24 17:11:36.840 685 708 D CompatibilityChangeReporter: Compat change id reported: 263959004; UID 10043; state: DISABLED
06-24 17:11:36.840 685 708 D CompatibilityChangeReporter: Compat change id reported: 264304459; UID 10043; state: DISABLED
06-24 17:11:36.840 685 708 D CompatibilityChangeReporter: Compat change id reported: 264301586; UID 10043; state: DISABLED
06-24 17:11:36.840 685 708 D CompatibilityChangeReporter: Compat change id reported: 254631730; UID 10043; state: DISABLED
06-24 17:11:36.840 685 708 D CompatibilityChangeReporter: Compat change id reported: 273509367; UID 10043; state: DISABLED
06-24 17:11:36.840 685 708 D CompatibilityChangeReporter: Compat change id reported: 263259275; UID 10043; state: DISABLED
06-24 17:11:36.841 685 708 D CompatibilityChangeReporter: Compat change id reported: 174042980; UID 10043; state: DISABLED
06-24 17:11:36.841 685 708 D CompatibilityChangeReporter: Compat change id reported: 174042936; UID 10043; state: DISABLED
06-24 17:11:36.841 685 708 D CompatibilityChangeReporter: Compat change id reported: 181136395; UID 10043; state: DISABLED
06-24 17:11:36.842 685 708 D CompatibilityChangeReporter: Compat change id reported: 184838306; UID 10043; state: DISABLED
06-24 17:11:36.842 685 708 D CompatibilityChangeReporter: Compat change id reported: 185004937; UID 10043; state: DISABLED
06-24 17:11:36.843 685 708 D CompatibilityChangeReporter: Compat change id reported: 194480991; UID 10043; state: ENABLED
06-24 17:11:36.866 685 708 D CompatibilityChangeReporter: Compat change id reported: 197654537; UID 10043; state: ENABLED
06-24 17:11:36.870 685 708 V SplashScreenExceptionList: SplashScreen checking exception for package com.dangbei.lerad.screensaver (target sdk:34) -> false
06-24 17:11:36.870 685 708 D CompatibilityChangeReporter: Compat change id reported: 205907456; UID 10043; state: ENABLED
06-24 17:11:36.874 901 979 V WindowManagerShell: Transition requested: android.os.BinderProxy@475c4cb TransitionRequestInfo { type = 1, triggerTask = TaskInfo{userId=0 taskId=209 displayId=0 isRunning=true baseIntent=Intent { flg=0x10840000 pkg=com.dangbei.lerad.screensaver cmp=com.dangbei.lerad.screensaver/android.service.dreams.DreamActivity } baseActivity=ComponentInfo{com.dangbei.lerad.screensaver/android.service.dreams.DreamActivity} topActivity=ComponentInfo{com.dangbei.lerad.screensaver/android.service.dreams.DreamActivity} origActivity=null realActivity=ComponentInfo{com.dangbei.lerad.screensaver/android.service.dreams.DreamActivity} numActivities=1 lastActiveTime=21704773 supportsMultiWindow=true resizeMode=0 isResizeable=false minWidth=-1 minHeight=-1 defaultMinSize=220 token=WCT{android.window.IWindowContainerToken$Stub$Proxy@81cd4a8} topActivityType=5 pictureInPictureParams=null shouldDockBigOverlays=true launchIntoPipHostTaskId=-1 lastParentTaskIdBeforePip=-1 displayCutoutSafeInsets=null topActivityInfo=ActivityInfo{f01ebc1 android.service.dreams.DreamActivity} launchCookies=[] positionInParent=Point(0, 0) parentTaskId=-1 isFocused=false isVisible=false isVisibleRequested=false isSleeping=false topActivityInSizeCompat=false topActivityEligibleForLetterboxEducation= false isLetterboxDoubleTapEnabled= false topActivityEligibleForUserAspectRatioButton= false topActivityBoundsLetterboxed= false isFromLetterboxDoubleTap= false topActivityLetterboxVerticalPosition= -1 topActivityLetterboxHorizontalPosition= -1 topActivityLetterboxWidth=-1 topActivityLetterboxHeight=-1 isUserFullscreenOverrideEnabled=false isTopActivityTransparent=false locusId=null displayAreaFeatureId=1 cameraCompatControlState=hidden}, remoteTransition = null, displayChange = null, flags = 0 }
06-24 17:11:36.874 685 708 I ActivityTaskManager: START u0 {flg=0x10040000 pkg=com.dangbei.lerad.screensaver cmp=com.dangbei.lerad.screensaver/android.service.dreams.DreamActivity (has extras)} with LAUNCH_SINGLE_INSTANCE from uid 10043 (realCallingUid=1000) (BAL_ALLOW_PENDING_INTENT) result code=0
06-24 17:11:36.882 685 15113 V WindowManager: app ------------- force_land :0
06-24 17:11:36.882 685 15113 V WindowManager: app ------------- force_land :0
06-24 17:11:36.883 685 15113 V WindowManager: app ------------- force_land :0
06-24 17:11:36.970 685 15103 W WindowManager: Failed looking up window session=Session{c704823 21724:u0a10043} callers=com.android.server.wm.WindowManagerService.windowForClientLocked:6077 com.android.server.wm.Session.updateRequestedVisibleTypes:695 android.view.IWindowSession$Stub.onTransact:1034
06-24 17:11:36.970 685 5885 W WindowManager: [addWindow] title:com.dangbei.lerad.screensaver/android.service.dreams.DreamActivity
06-24 17:11:36.993 901 979 D WindowManagerShell: TvPipController: onTaskStackChanged()
06-24 17:11:37.015 685 15103 D CoreBackPreview: Window{7b89f4c u0 com.dangbei.lerad.screensaver/android.service.dreams.DreamActivity}: Setting back callback OnBackInvokedCallbackInfo{mCallback=android.window.IOnBackInvokedCallback$Stub$Proxy@441ec11, mPriority=0, mIsAnimationCallback=false}
06-24 17:11:37.102 0 0 I [3 T216 ..] servicemanager: Found android.hardware.graphics.allocator.IAllocator/default in device VINTF manifest.
06-24 17:11:37.106 0 0 I [1 T216 ..] servicemanager: Found android.hardware.graphics.allocator.IAllocator/default in device VINTF manifest.
06-24 17:11:37.121 685 709 W ContextImpl: Calling a method in the system process without a qualified user: android.app.ContextImpl.startService:1899 com.android.server.wm.DisplayPolicy.lambda$focusChangedLw$5:2126 com.android.server.wm.DisplayPolicy.$r8$lambda$Znxk63oh-WzVnzo_WQefN7uxV48:0 com.android.server.wm.DisplayPolicy$$ExternalSyntheticLambda13.run:0 android.os.Handler.handleCallback:958
06-24 17:11:37.161 685 735 V DisplayPowerController2[0]: Brightness [0.39763778] reason changing to: 'manual', previous reason: 'manual [ dim ]'.
06-24 17:11:37.161 685 735 I DisplayPowerController2[0]: BrightnessEvent: disp=0, physDisp=local:4625716335649126415, brt=0.39763778, initBrt=0.05, rcmdBrt=NaN, preBrt=NaN, lux=0.0, preLux=0.0, hbmMax=1.0, hbmMode=off, rbcStrength=0, thrmMax=1.0, powerFactor=1.0, wasShortTermModelActive=false, flags=, reason=manual, autoBrightness=false, strategy=InvalidBrightnessStrategy
06-24 17:11:37.162 901 979 V WindowManagerShell: onTransitionReady android.os.BinderProxy@475c4cb: {id=669 t=OPEN f=0x0 trk=0 r=[0@Point(0, 0)] c=[{WCT{android.window.IWindowContainerToken$Stub$Proxy@e0082fd} m=TO_FRONT f=NONE leash=Surface(name=Task=208)/@0x1ec5f66 sb=Rect(0, 0 - 1920, 1080) eb=Rect(0, 0 - 1920, 1080) d=0},{WCT{android.window.IWindowContainerToken$Stub$Proxy@acf0bf2} m=TO_BACK f=NONE leash=Surface(name=Task=1)/@0x599e2a7 sb=Rect(0, 0 - 1920, 1080) eb=Rect(0, 0 - 1920, 1080) d=0}]}
06-24 17:11:37.163 901 979 V WindowManagerShell: Playing animation for (#669)android.os.BinderProxy@475c4cb@0
06-24 17:11:37.163 901 979 V WindowManagerShell: try handler com.android.wm.shell.keyguard.KeyguardTransitionHandler@24e2028
06-24 17:11:37.163 901 979 V WindowManagerShell: try handler com.android.wm.shell.pip.tv.TvPipTransition@1141
06-24 17:11:37.163 901 979 V WindowManagerShell: try handler com.android.wm.shell.activityembedding.ActivityEmbeddingController@e8f56e6
06-24 17:11:37.163 901 979 V WindowManagerShell: try handler com.android.wm.shell.transition.RemoteTransitionHandler@b664427
06-24 17:11:37.163 901 979 V WindowManagerShell: Transition doesn't have explicit remote, search filters for match for {id=669 t=OPEN f=0x0 trk=0 r=[0@Point(0, 0)] c=[{WCT{android.window.IWindowContainerToken$Stub$Proxy@e0082fd} m=TO_FRONT f=NONE leash=Surface(name=Task=208)/@0x1ec5f66 sb=Rect(0, 0 - 1920, 1080) eb=Rect(0, 0 - 1920, 1080) d=0},{WCT{android.window.IWindowContainerToken$Stub$Proxy@acf0bf2} m=TO_BACK f=NONE leash=Surface(name=Task=1)/@0x599e2a7 sb=Rect(0, 0 - 1920, 1080) eb=Rect(0, 0 - 1920, 1080) d=0}]}
06-24 17:11:37.163 901 979 V WindowManagerShell: Delegate animation for #669 to null
06-24 17:11:37.163 901 979 V WindowManagerShell: try handler com.android.wm.shell.transition.DefaultTransitionHandler@7916d4
06-24 17:11:37.163 901 979 V WindowManagerShell: start default transition animation, info = {id=669 t=OPEN f=0x0 trk=0 r=[0@Point(0, 0)] c=[{WCT{android.window.IWindowContainerToken$Stub$Proxy@e0082fd} m=TO_FRONT f=NONE leash=Surface(name=Task=208)/@0x1ec5f66 sb=Rect(0, 0 - 1920, 1080) eb=Rect(0, 0 - 1920, 1080) d=0},{WCT{android.window.IWindowContainerToken$Stub$Proxy@acf0bf2} m=TO_BACK f=NONE leash=Surface(name=Task=1)/@0x599e2a7 sb=Rect(0, 0 - 1920, 1080) eb=Rect(0, 0 - 1920, 1080) d=0}]}
06-24 17:11:37.163 901 979 V WindowManagerShell: loadAnimation: anim=null animAttr=0x1d type=OPEN isEntrance=false
06-24 17:11:37.164 901 979 V WindowManagerShell: loadAnimation: anim=null animAttr=0x1c type=OPEN isEntrance=true
06-24 17:11:37.165 901 979 V WindowManagerShell: Transition animation finished (aborted=false), notifying core (#669)android.os.BinderProxy@475c4cb@0
06-24 17:11:37.165 685 708 V WindowManager: Sent Transition #669 createdAt=06-24 17:11:36.843 via request=TransitionRequestInfo { type = 1, triggerTask = TaskInfo{userId=0 taskId=209 displayId=0 isRunning=true baseIntent=Intent { flg=0x10840000 pkg=com.dangbei.lerad.screensaver cmp=com.dangbei.lerad.screensaver/android.service.dreams.DreamActivity } baseActivity=ComponentInfo{com.dangbei.lerad.screensaver/android.service.dreams.DreamActivity} topActivity=ComponentInfo{com.dangbei.lerad.screensaver/android.service.dreams.DreamActivity} origActivity=null realActivity=ComponentInfo{com.dangbei.lerad.screensaver/android.service.dreams.DreamActivity} numActivities=1 lastActiveTime=21704773 supportsMultiWindow=true resizeMode=0 isResizeable=false minWidth=-1 minHeight=-1 defaultMinSize=220 token=WCT{RemoteToken{948384d Task{8b69bee #209 type=dream A=10043:android:com.dangbei.lerad.screensaver/dream}}} topActivityType=5 pictureInPictureParams=null shouldDockBigOverlays=true launchIntoPipHostTaskId=-1 lastParentTaskIdBeforePip=-1 displayCutoutSafeInsets=null topActivityInfo=ActivityInfo{d759f02 android.service.dreams.DreamActivity} launchCookies=[] positionInParent=Point(0, 0) parentTaskId=-1 isFocused=false isVisible=false isVisibleRequested=false isSleeping=false topActivityInSizeCompat=false topActivityEligibleForLetterboxEducation= false isLetterboxDoubleTapEnabled= false topActivityEligibleForUserAspectRatioButton= false topActivityBoundsLetterboxed= false isFromLetterboxDoubleTap= false topActivityLetterboxVerticalPosition= -1 topActivityLetterboxHorizontalPosition= -1 topActivityLetterboxWidth=-1 topActivityLetterboxHeight=-1 isUserFullscreenOverrideEnabled=false isTopActivityTransparent=false locusId=null displayAreaFeatureId=1 cameraCompatControlState=hidden}, remoteTransition = null, displayChange = null, flags = 0 }
06-24 17:11:37.165 685 708 V WindowManager: startWCT=WindowContainerTransaction { changes = {} hops = [] errorCallbackToken=null taskFragmentOrganizer=null }
06-24 17:11:37.165 685 708 V WindowManager: info={id=669 t=OPEN f=0x0 trk=0 r=[0@Point(0, 0)] c=[{WCT{RemoteToken{f138013 Task{a4a569 #208 type=dream}}} m=TO_FRONT f=NONE leash=Surface(name=Task=208)/@0xc24e176 sb=Rect(0, 0 - 1920, 1080) eb=Rect(0, 0 - 1920, 1080) d=0},{WCT{RemoteToken{30b1e82 Task{4d21fd0 #1 type=home}}} m=TO_BACK f=NONE leash=Surface(name=Task=1)/@0x54f0375 sb=Rect(0, 0 - 1920, 1080) eb=Rect(0, 0 - 1920, 1080) d=0}]}
06-24 17:11:37.166 685 708 V WindowManager: Finish Transition #669: created at
06-24 17:11:36.843 collect-started=0.059ms request-sent=28.808ms started=33.927ms ready=48.179ms sent=312.015ms finished=322.729ms
06-24 17:11:37.169 901 979 V WindowManagerShell: Track 0 became idle
06-24 17:11:37.169 901 979 V WindowManagerShell: All active transition animations finished
06-24 17:11:37.169 901 979 V WindowManagerShell: animated by com.android.wm.shell.transition.DefaultTransitionHandler@7916d4
06-24 17:11:37.169 901 979 V WindowManagerShell: Track 0 became idle
06-24 17:11:37.169 901 979 V WindowManagerShell: All active transition animations finished
06-24 17:11:37.170 685 711 D DisplayManagerService: Ignore redundant display event 0/4 to 10085/2260
06-24 17:11:37.170 685 711 D DisplayManagerService: Ignore redundant display event 0/4 to 10023/4199
06-24 17:11:37.170 685 711 D DisplayManagerService: Ignore redundant display event 0/4 to 10041/7242
06-24 17:11:37.170 685 711 D DisplayManagerService: Ignore redundant display event 0/4 to 10104/9541
06-24 17:11:37.171 685 711 D DisplayManagerService: Ignore redundant display event 0/4 to 10075/17638
06-24 17:11:37.171 685 711 D DisplayManagerService: Ignore redundant display event 0/4 to 10101/24154
06-24 17:11:37.171 685 711 D DisplayManagerService: Ignore redundant display event 0/4 to 10077/30288
06-24 17:11:37.171 685 711 D DisplayManagerService: Ignore redundant display event 0/4 to 10042/30515
06-24 17:11:37.209 685 15103 D CompatibilityChangeReporter: Compat change id reported: 214016041; UID 10043; state: ENABLED
06-24 17:11:37.369 0 0 E : [2 T21868 ..] mediaproxy produce init [aml-vcodec-dec]
06-24 17:11:37.369 0 0 I : [2 T21868 ..] Mediaproxy is opened name[aml-vcodec-dec]\n
06-24 17:11:37.369 0 0 I : [2 T21868 ..] Mediaproxy is opened name[aml-vcodec-dec] end\n
06-24 17:11:37.369 0 0 E : [2 T21868 ..] mediaproxy produce start connect
06-24 17:11:37.371 0 0 I : [2 T21868 ..] find p kfifo size:[32][2]
06-24 17:11:37.372 0 0 I : [2 T21868 ..] mediaproxy_get_fifo get idx[2]
06-24 17:11:37.372 0 0 I : [2 T21868 ..] Session producer-2 is connected fifo idx [2]
06-24 17:11:37.373 0 0 E : [2 T21868 ..] mediaproxy produce connect [2]
06-24 17:11:37.374 0 0 I : [2 T21868 ..] mediaproxy produce msg type :0x40 module_name:aml-vcodec-dec
06-24 17:11:37.380 0 0 I : [0 T21868 ..] deinit session
06-24 17:11:37.380 0 0 I : [0 T21868 ..] deinit session producer-2
06-24 17:11:37.380 0 0 I : [0 T21868 ..] deinit has_unusing_fifo [1]
06-24 17:11:37.382 0 0 I : [1 T98 ..] p_fifo[2] name[aml-vcodec-dec] state[0] to MP_FIFO_UNUSED
06-24 17:11:37.382 0 0 E : [0 T21868 ..] mediaproxy produce init [aml-vcodec-dec]
06-24 17:11:37.383 0 0 I : [0 T21868 ..] Mediaproxy is opened name[aml-vcodec-dec]\n
06-24 17:11:37.383 0 0 I : [0 T21868 ..] Mediaproxy is opened name[aml-vcodec-dec] end\n
06-24 17:11:37.384 0 0 E : [0 T21868 ..] mediaproxy produce start connect
06-24 17:11:37.385 0 0 I : [0 T21868 ..] find p kfifo size:[32][2]
06-24 17:11:37.386 0 0 I : [0 T21868 ..] mediaproxy_get_fifo get idx[2]
06-24 17:11:37.386 0 0 I : [0 T21868 ..] Session producer-2 is connected fifo idx [2]
06-24 17:11:37.387 0 0 E : [0 T21868 ..] mediaproxy produce connect [2]
06-24 17:11:37.388 0 0 I : [0 T21868 ..] mediaproxy produce msg type :0x40 module_name:aml-vcodec-dec
06-24 17:11:37.392 0 0 I : [2 T21868 ..] deinit session
06-24 17:11:37.392 0 0 I : [2 T21868 ..] deinit session producer-2
06-24 17:11:37.393 0 0 I : [2 T21868 ..] deinit has_unusing_fifo [1]
06-24 17:11:37.393 0 0 I : [0 T98 ..] p_fifo[2] name[aml-vcodec-dec] state[0] to MP_FIFO_UNUSED
06-24 17:11:37.395 0 0 I : [1 T21868 ..] codec mem info:
06-24 17:11:37.395 0 0 I : [1 T21868 ..] total codec mem size:364 MB
06-24 17:11:37.395 0 0 I : [1 T21868 ..] alloced size= 0 MB
06-24 17:11:37.396 0 0 I : [1 T21868 ..] max alloced: 119 MB
06-24 17:11:37.396 0 0 I [1 T21868 ..] CMA: 0,RES:0,TVP:0,SYS:0,COHER:0,VMAPED:0 MB
06-24 17:11:37.397 0 0 I [1 T21868 ..] RES_EXT: 0 MB
06-24 17:11:37.398 0 0 I : [1 T21868 ..] [4]CMA size:364 MB:alloced: 0 MB,free:364 MB
06-24 17:11:37.399 0 0 I : [1 T21868 ..] codec mem info:
06-24 17:11:37.399 0 0 I : [1 T21868 ..] total codec mem size:364 MB
06-24 17:11:37.399 0 0 I : [1 T21868 ..] alloced size= 0 MB
06-24 17:11:37.400 0 0 I : [1 T21868 ..] max alloced: 119 MB
06-24 17:11:37.401 0 0 I [1 T21868 ..] CMA: 0,RES:0,TVP:0,SYS:0,COHER:0,VMAPED:0 MB
06-24 17:11:37.401 0 0 I [1 T21868 ..] RES_EXT: 0 MB
06-24 17:11:37.402 0 0 I : [1 T21868 ..] [4]CMA size:364 MB:alloced: 0 MB,free:364 MB
06-24 17:11:37.403 0 0 E : [2 T21878 ..] mediaproxy produce init [aml-vcodec-dec]
06-24 17:11:37.404 0 0 I : [2 T21878 ..] Mediaproxy is opened name[aml-vcodec-dec]\n
06-24 17:11:37.404 0 0 I : [2 T21878 ..] Mediaproxy is opened name[aml-vcodec-dec] end\n
06-24 17:11:37.404 0 0 E : [2 T21878 ..] mediaproxy produce start connect
06-24 17:11:37.406 0 0 I : [2 T21878 ..] find p kfifo size:[32][2]
06-24 17:11:37.407 0 0 I : [2 T21878 ..] mediaproxy_get_fifo get idx[2]
06-24 17:11:37.407 0 0 I : [2 T21878 ..] Session producer-2 is connected fifo idx [2]
06-24 17:11:37.408 0 0 E : [2 T21878 ..] mediaproxy produce connect [2]
06-24 17:11:37.409 0 0 I : [2 T21878 ..] mediaproxy produce msg type :0x40 module_name:aml-vcodec-dec
06-24 17:11:37.410 0 0 I : [0 T21878 ..] deinit session
06-24 17:11:37.410 0 0 I : [0 T21878 ..] deinit session producer-2
06-24 17:11:37.411 0 0 I : [0 T21878 ..] deinit has_unusing_fifo [1]
06-24 17:11:37.411 0 0 I : [1 T98 ..] p_fifo[2] name[aml-vcodec-dec] state[0] to MP_FIFO_UNUSED
06-24 17:11:37.412 0 0 E : [0 T21878 ..] mediaproxy produce init [aml-vcodec-dec]
06-24 17:11:37.413 0 0 I : [0 T21878 ..] Mediaproxy is opened name[aml-vcodec-dec]\n
06-24 17:11:37.413 0 0 I : [0 T21878 ..] Mediaproxy is opened name[aml-vcodec-dec] end\n
06-24 17:11:37.414 0 0 E : [0 T21878 ..] mediaproxy produce start connect
06-24 17:11:37.416 0 0 I : [0 T21878 ..] find p kfifo size:[32][2]
06-24 17:11:37.416 0 0 I : [0 T21878 ..] mediaproxy_get_fifo get idx[2]
06-24 17:11:37.417 0 0 I : [0 T21878 ..] Session producer-2 is connected fifo idx [2]
06-24 17:11:37.417 0 0 E : [0 T21878 ..] mediaproxy produce connect [2]
06-24 17:11:37.418 0 0 I : [0 T21878 ..] mediaproxy produce msg type :0x40 module_name:aml-vcodec-dec
06-24 17:11:37.420 0 0 I [0 T21878 ..] [amlv4l]: [581]: DW:3, TW:0, Margin:6
06-24 17:11:37.421 0 0 I [2 T21868 ..] [amlv4l]: [581]: set vf duration: c80
06-24 17:11:37.422 0 0 D [2 T21883 ..] [amlcom]: vdec_create instance 00000000cabdcae0, total 1, PM: power-domain
06-24 17:11:37.423 0 0 D [2 T21883 ..] [media_clock]: hevc mux clock is 799999988 Hz
06-24 17:11:37.424 0 0 I [2 T21883 ..] [amlcom]: dos_local_config end, id 3, is_on 1
06-24 17:11:37.424 0 0 I [2 T21883 ..] [amlcom]: vdec_init, dev_name:ammvdec_h265_v4l, vdec_type=VDEC_TYPE_FRAME_BLOCK, format: 11, total: 1
06-24 17:11:37.427 0 0 D [2 T21883 ..] [h265]: [0]pdata->config=parm_v4l_codec_enable:1;parm_v4l_buffer_margin:6;hevc_double_write_mode:3;hevc_triple_write_mode:0;hevc_buf_width:4096;hevc_buf_height:2304;save_buffer_mode:0;parm_v4l_canvas_mem_mode:0;parm_v4l_canvas_mem_endian:0;parm_v4l_low_latency_mode:0;parm_v4l_metadata_config_flag:1050626;parm_v4l_duration:0;dv_profile:0;parm_v4l_error_handle_info:0;
06-24 17:11:37.427 0 0 D [2 T21883 ..] [h265]: [0]discard dv data
06-24 17:11:37.427 0 0 D [2 T21883 ..] [h265]: [0]dv_profile: 0
06-24 17:11:37.427 0 0 D [2 T21883 ..] [h265]: [0]Correction: policy 0x2 mode 2 lcu_percentage_threshold 0
06-24 17:11:37.436 0 0 D [0 T21883 ..] [h265]: [0]dynamic_buf_num_margin=6
06-24 17:11:37.436 0 0 D [0 T21883 ..] [h265]: [0]double_write_mode=3
06-24 17:11:37.436 0 0 D [0 T21883 ..] [h265]: [0]nal_skip_policy=2
06-24 17:11:37.436 0 0 D [0 T21883 ..] [h265]: [0]h265:pts_unstable=0
06-24 17:11:37.436 0 0 D [0 T21883 ..] [h265]: [0]h265: ver (201602101,0) decinfo: 0x0 rate=3600
06-24 17:11:37.460 0 0 D [0 T21883 ..] [h265]: ucode version 4.184, swap enable 1
06-24 17:11:37.460 0 0 D [0 T21883 ..] [media_clock]: hevc mux clock is 799999988 Hz
06-24 17:11:37.460 0 0 D [0 T21883 ..] [amlcom]: hevc video changed to 3840 x 2160 60 fps clk->800MHZ
06-24 17:11:37.482 0 0 I [2 T21883 ..] [amlv4l]: [581]: reset mode: 1, es frames buffering: 0
06-24 17:11:37.483 0 0 D [2 T21883 ..] [h265]: [0]h265:pts_unstable=0
06-24 17:11:37.483 0 0 D [2 T21883 ..] [h265]: [0]h265: ver (201602101,0) decinfo: 0x0 rate=3600
06-24 17:11:37.496 0 0 D [0 T21878 ..] [amlcom]: vdec_release instance 00000000cabdcae0, total 1
06-24 17:11:37.497 0 0 I [3 T21878 ..] [amlcom]: dos_local_config end, id 3, is_on 0
06-24 17:11:37.497 0 0 D [3 T21878 ..] [media_clock]: the clk_hevcf_mux clock off, ref cnt: 0
06-24 17:11:37.497 0 0 I : [3 T21878 ..] deinit session
06-24 17:11:37.498 0 0 I : [3 T21878 ..] deinit session producer-2
06-24 17:11:37.498 0 0 I : [3 T21878 ..] deinit has_unusing_fifo [1]
06-24 17:11:37.499 0 0 I : [3 T98 ..] p_fifo[2] name[aml-vcodec-dec] state[0] to MP_FIFO_UNUSED
06-24 17:11:37.503 0 0 I : [3 T21868 ..] codec mem info:
06-24 17:11:37.503 0 0 I : [3 T21868 ..] total codec mem size:364 MB
06-24 17:11:37.503 0 0 I : [3 T21868 ..] alloced size= 0 MB
06-24 17:11:37.503 0 0 I : [3 T21868 ..] max alloced: 119 MB
06-24 17:11:37.504 0 0 I [3 T21868 ..] CMA: 0,RES:0,TVP:0,SYS:0,COHER:0,VMAPED:0 MB
06-24 17:11:37.505 0 0 I [3 T21868 ..] RES_EXT: 0 MB
06-24 17:11:37.505 0 0 I : [3 T21868 ..] [4]CMA size:364 MB:alloced: 0 MB,free:364 MB
06-24 17:11:37.507 0 0 I : [3 T21868 ..] codec mem info:
06-24 17:11:37.507 0 0 I : [3 T21868 ..] total codec mem size:364 MB
06-24 17:11:37.508 0 0 I : [3 T21868 ..] alloced size= 0 MB
06-24 17:11:37.508 0 0 I : [3 T21868 ..] max alloced: 119 MB
06-24 17:11:37.509 0 0 I [3 T21868 ..] CMA: 0,RES:0,TVP:0,SYS:0,COHER:0,VMAPED:0 MB
06-24 17:11:37.510 0 0 I [3 T21868 ..] RES_EXT: 0 MB
06-24 17:11:37.510 0 0 I : [3 T21868 ..] [4]CMA size:364 MB:alloced: 0 MB,free:364 MB
06-24 17:11:37.512 0 0 E : [0 T21895 ..] mediaproxy produce init [aml-vcodec-dec]
06-24 17:11:37.512 0 0 I : [0 T21895 ..] Mediaproxy is opened name[aml-vcodec-dec]\n
06-24 17:11:37.512 0 0 I : [0 T21895 ..] Mediaproxy is opened name[aml-vcodec-dec] end\n
06-24 17:11:37.513 0 0 E : [0 T21895 ..] mediaproxy produce start connect
06-24 17:11:37.515 0 0 I : [0 T21895 ..] find p kfifo size:[32][2]
06-24 17:11:37.515 0 0 I : [0 T21895 ..] mediaproxy_get_fifo get idx[2]
06-24 17:11:37.516 0 0 I : [0 T21895 ..] Session producer-2 is connected fifo idx [2]
06-24 17:11:37.517 0 0 E : [0 T21895 ..] mediaproxy produce connect [2]
06-24 17:11:37.517 0 0 I : [0 T21895 ..] mediaproxy produce msg type :0x40 module_name:aml-vcodec-dec
06-24 17:11:37.527 0 0 I : [0 T21895 ..] deinit session
06-24 17:11:37.527 0 0 I : [0 T21895 ..] deinit session producer-2
06-24 17:11:37.527 0 0 I : [0 T21895 ..] deinit has_unusing_fifo [1]
06-24 17:11:37.528 0 0 I : [2 T98 ..] p_fifo[2] name[aml-vcodec-dec] state[0] to MP_FIFO_UNUSED
06-24 17:11:37.528 0 0 E : [0 T21895 ..] mediaproxy produce init [aml-vcodec-dec]
06-24 17:11:37.530 0 0 I : [0 T21895 ..] Mediaproxy is opened name[aml-vcodec-dec]\n
06-24 17:11:37.530 0 0 I : [0 T21895 ..] Mediaproxy is opened name[aml-vcodec-dec] end\n
06-24 17:11:37.530 0 0 E : [0 T21895 ..] mediaproxy produce start connect
06-24 17:11:37.532 0 0 I : [0 T21895 ..] find p kfifo size:[32][2]
06-24 17:11:37.532 0 0 I : [0 T21895 ..] mediaproxy_get_fifo get idx[2]
06-24 17:11:37.533 0 0 I : [0 T21895 ..] Session producer-2 is connected fifo idx [2]
06-24 17:11:37.534 0 0 E : [0 T21895 ..] mediaproxy produce connect [2]
06-24 17:11:37.534 0 0 I : [0 T21895 ..] mediaproxy produce msg type :0x40 module_name:aml-vcodec-dec
06-24 17:11:37.538 0 0 I [0 T21895 ..] [amlv4l]: [583]: DW:1, TW:0, Margin:6
06-24 17:11:37.539 0 0 D [3 T21900 ..] [amlcom]: vdec_create instance 00000000ddbc7d29, total 1, PM: power-domain
06-24 17:11:37.539 0 0 D [3 T21900 ..] [media_clock]: hevc mux clock is 799999988 Hz
06-24 17:11:37.539 0 0 I [0 T21900 ..] [amlcom]: dos_local_config end, id 3, is_on 1
06-24 17:11:37.539 0 0 I [0 T21900 ..] [amlcom]: vdec_init, dev_name:ammvdec_h265_v4l, vdec_type=VDEC_TYPE_FRAME_BLOCK, format: 11, total: 1
06-24 17:11:37.542 0 0 D [0 T21900 ..] [h265]: [0]pdata->config=parm_v4l_codec_enable:1;parm_v4l_buffer_margin:6;hevc_double_write_mode:1;hevc_triple_write_mode:0;hevc_buf_width:4096;hevc_buf_height:2304;save_buffer_mode:0;parm_v4l_canvas_mem_mode:0;parm_v4l_canvas_mem_endian:0;parm_v4l_low_latency_mode:0;parm_v4l_metadata_config_flag:1574914;parm_v4l_duration:0;dv_profile:0;parm_v4l_error_handle_info:0;
06-24 17:11:37.542 0 0 D [0 T21900 ..] [h265]: [0]discard dv data
06-24 17:11:37.542 0 0 D [0 T21900 ..] [h265]: [0]dv_profile: 0
06-24 17:11:37.542 0 0 D [0 T21900 ..] [h265]: [0]Correction: policy 0x2 mode 2 lcu_percentage_threshold 0
06-24 17:11:37.546 0 0 D [2 T21900 ..] [h265]: [0]dynamic_buf_num_margin=6
06-24 17:11:37.546 0 0 D [2 T21900 ..] [h265]: [0]double_write_mode=1
06-24 17:11:37.546 0 0 D [2 T21900 ..] [h265]: [0]nal_skip_policy=2
06-24 17:11:37.546 0 0 D [2 T21900 ..] [h265]: [0]h265:pts_unstable=0
06-24 17:11:37.546 0 0 D [2 T21900 ..] [h265]: [0]h265: ver (201602101,0) decinfo: 0x0 rate=3600
06-24 17:11:37.555 0 0 D [2 T21900 ..] [h265]: ucode version 4.184, swap enable 1
06-24 17:11:37.555 0 0 D [2 T21900 ..] [media_clock]: hevc mux clock is 799999988 Hz
06-24 17:11:37.555 0 0 D [2 T21900 ..] [amlcom]: hevc video changed to 3840 x 2160 60 fps clk->800MHZ
06-24 17:11:37.556 0 0 I [2 T21868 ..] [amlv4l]: [583]: set vf duration: c80
06-24 17:11:37.567 0 0 D [1 T240 ..] [h265]: [0]vh265 cached=0 need_size=16384 speed= 24 ms
06-24 17:11:37.567 0 0 D [0 T238 ..] [h265]: set ucode parse
06-24 17:11:37.567 0 0 W : [0 T238 ..] hevc get comp info: 64 65536 797
06-24 17:11:37.567 0 0 D [0 T238 ..] [h265]: margin = 6, sps_max_dec_pic_buffering_minus1_0 = 5
06-24 17:11:37.567 0 0 I [0 T238 ..] [amlv4l]: [583]: Parse from ucode, visible(1920 x 1080), coded(1920 x 1088), scan:P, bitdepth(8), DW/TW(1, 0)
06-24 17:11:37.567 0 0 I [3 T21900 ..] [amlv4l]: [583]: Picture buffer count: dec:7, vpp:0, ge2d:0, margin:6, total:13
06-24 17:11:37.570 0 0 D [3 T21900 ..] [amlv4l]: [583]: Post event: res chg
06-24 17:11:37.642 0 0 D [0 T238 ..] [h265]: [0]hevc->performance_profile 0
06-24 17:11:37.642 0 0 D [0 T238 ..] [h265]: [0]set pic_list_init_flag 1
06-24 17:11:37.642 0 0 D [3 T20349 ..] [h265]: [0]init_buf_spec2 1920 1080
06-24 17:11:37.642 0 0 D [3 T20349 ..] [h265]: [0]set pic_list_init_flag to 2
06-24 17:11:37.642 0 0 D [0 T238 ..] [h265]: [0]set pic_list_init_flag to 3
06-24 17:11:37.642 0 0 D [0 T238 ..] [h265]: [vdec_kpi][vh265_isr_thread_fn] First I frame coming.
06-24 17:11:37.660 0 0 D [0 T238 ..] [h265]: [0]VH265: output first frame poc 0
06-24 17:11:37.660 0 0 D [0 T238 ..] [h265]: [0]decoder duration change old: 0 new: 3200
06-24 17:11:37.660 0 0 D [0 T238 ..] [h265]: [vdec_kpi][post_video_frame] First I frame decoded.
06-24 17:11:37.711 0 0 W [2 T10663 ..] audit: audit_lost=23544 audit_rate_limit=5 audit_backlog_limit=64
06-24 17:11:37.711 0 0 E [2 T10663 ..] audit: rate limit exceeded
06-24 17:11:37.802 0 0 W : [3 T20349 ..] [aml_send_sync_trace 4388] sync token[64082]
06-24 17:11:37.802 0 0 W : [3 T20349 ..] >>> aml_send_msg()
06-24 17:11:37.803 0 0 W : [2 T1041 ..] ipc_sdio_host_msgack_handler 00000000f6e79aa0
06-24 17:11:37.804 0 0 W : [2 T1041 ..] [aml_msgackind 2039] msg ack hostid=0xffffff80a961c900
06-24 17:11:37.805 0 0 W : [2 T1041 ..] [cmd_mgr_llind 329] cmd tkn[515] flags:0008 result: -4 cmd: 105-MM_SYNC_TRACE - reqcfm( 0-none)
06-24 17:11:37.806 0 0 W : [2 T1041 ..] [cmd_complete 65] cmd tkn[515] flags:0000 result: -4 cmd: 105-MM_SYNC_TRACE - reqcfm( 0-none)
06-24 17:11:45.568 0 0 W : [3 T1046 ..] [SP FRAME RX] arp req,vif_idx:0 sender:[46:97:91:2c:21:8b 192.168.3.204]receiver:[00:00:00:00:00:00 192.168.3.75]
06-24 17:11:45.569 0 0 W : [3 T1046 ..] [SP FRAME TX] arp rsp,vif_idx:0 sender:[1c:79:2d:20:62:cb 192.168.3.75]receiver:[46:97:91:2c:21:8b 192.168.3.204]
06-24 17:11:45.738 0 0 W : [1 T0 .s] [SP FRAME TX] arp req,vif_idx:0 sender:[1c:79:2d:20:62:cb 192.168.3.75]receiver:[00:00:00:00:00:00 192.168.3.123]
06-24 17:11:45.977 0 0 W : [3 T1046 ..] [SP FRAME RX] arp rsp,vif_idx:0 sender:[e2:8e:12:0f:0b:47 192.168.3.123]receiver:[1c:79:2d:20:62:cb 192.168.3.75]
06-24 17:11:45.978 0 0 W : [3 T1046 ..] [SP FRAME RX] arp req,vif_idx:0 sender:[e2:8e:12:0f:0b:47 192.168.3.123]receiver:[00:00:00:00:00:00 192.168.3.75]
06-24 17:11:45.979 0 0 W : [3 T1046 ..] [SP FRAME TX] arp rsp,vif_idx:0 sender:[1c:79:2d:20:62:cb 192.168.3.75]receiver:[e2:8e:12:0f:0b:47 192.168.3.123]
06-24 17:11:52.682 0 0 W : [2 T1046 ..] [SP FRAME RX] DHCP[0 1], vif_idx:0
06-24 17:11:55.977 0 0 W : [2 T1046 ..] [SP FRAME RX] arp req,vif_idx:0 sender:[b2:58:c1:bc:d7:cb 192.168.3.31]receiver:[00:00:00:00:00:00 192.168.3.75]
06-24 17:11:55.978 0 0 W : [2 T1046 ..] [SP FRAME TX] arp rsp,vif_idx:0 sender:[1c:79:2d:20:62:cb 192.168.3.75]receiver:[b2:58:c1:bc:d7:cb 192.168.3.31]
06-24 17:11:55.979 0 0 W : [2 T1046 ..] [SP FRAME TX] arp req,vif_idx:0 sender:[1c:79:2d:20:62:cb 192.168.3.75]receiver:[00:00:00:00:00:00 192.168.3.31]
06-24 17:11:55.992 0 0 W : [2 T1046 ..] [SP FRAME RX] arp rsp,vif_idx:0 sender:[b2:58:c1:bc:d7:cb 192.168.3.31]receiver:[1c:79:2d:20:62:cb 192.168.3.75]
06-24 17:11:57.514 0 0 W : [1 T0 .s] [SP FRAME TX] arp req,vif_idx:0 sender:[1c:79:2d:20:62:cb 192.168.3.75]receiver:[00:00:00:00:00:00 192.168.3.254]
06-24 17:11:57.520 0 0 W : [1 T1046 ..] [SP FRAME RX] arp req,vif_idx:0 sender:[12:3c:2c:e1:84:9f 192.168.3.254]receiver:[00:00:00:00:00:00 192.168.3.75]
06-24 17:11:57.521 0 0 W : [1 T1046 ..] [SP FRAME TX] arp rsp,vif_idx:0 sender:[1c:79:2d:20:62:cb 192.168.3.75]receiver:[12:3c:2c:e1:84:9f 192.168.3.254]
06-24 17:11:57.523 0 0 W : [1 T1046 ..] [SP FRAME RX] arp rsp,vif_idx:0 sender:[12:3c:2c:e1:84:9f 192.168.3.254]receiver:[1c:79:2d:20:62:cb 192.168.3.75]
06-24 17:11:59.354 0 0 W : [3 T1046 ..] [SP FRAME RX] arp req,vif_idx:0 sender:[10:b2:32:39:59:ba 192.168.3.57]receiver:[00:00:00:00:00:00 192.168.3.75]
06-24 17:11:59.355 0 0 W : [3 T1046 ..] [SP FRAME TX] arp rsp,vif_idx:0 sender:[1c:79:2d:20:62:cb 192.168.3.75]receiver:[10:b2:32:39:59:ba 192.168.3.57]
06-24 17:11:59.361 0 0 W : [3 T1046 ..] [SP FRAME RX] arp req,vif_idx:0 sender:[f6:f5:2e:bc:8c:d5 192.168.3.68]receiver:[00:00:00:00:00:00 192.168.3.75]
06-24 17:11:59.362 0 0 W : [3 T1046 ..] [SP FRAME TX] arp rsp,vif_idx:0 sender:[1c:79:2d:20:62:cb 192.168.3.75]receiver:[f6:f5:2e:bc:8c:d5 192.168.3.68]
06-24 17:11:59.562 0 0 W : [1 T0 .s] [SP FRAME TX] arp req,vif_idx:0 sender:[1c:79:2d:20:62:cb 192.168.3.75]receiver:[00:00:00:00:00:00 192.168.3.215]
06-24 17:11:59.563 0 0 W : [3 T1046 ..] [SP FRAME RX] arp req,vif_idx:0 sender:[b6:86:f8:35:d4:28 192.168.3.36]receiver:[00:00:00:00:00:00 192.168.3.75]
06-24 17:11:59.563 0 0 W : [1 T0 .s] [SP FRAME TX] arp req,vif_idx:0 sender:[1c:79:2d:20:62:cb 192.168.3.75]receiver:[00:00:00:00:00:00 192.168.3.204]
06-24 17:11:59.565 0 0 W : [3 T1046 ..] [SP FRAME RX] arp req,vif_idx:0 sender:[e6:6e:3e:02:16:7f 192.168.3.92]receiver:[00:00:00:00:00:00 192.168.3.75]
06-24 17:11:59.566 0 0 W : [1 T0 .s] [SP FRAME TX] arp rsp,vif_idx:0 sender:[1c:79:2d:20:62:cb 192.168.3.75]receiver:[b6:86:f8:35:d4:28 192.168.3.36]
06-24 17:11:59.569 0 0 W : [1 T0 .s] [SP FRAME TX] arp rsp,vif_idx:0 sender:[1c:79:2d:20:62:cb 192.168.3.75]receiver:[e6:6e:3e:02:16:7f 192.168.3.92]
06-24 17:11:59.571 0 0 W : [1 T0 .s] [SP FRAME TX] arp req,vif_idx:0 sender:[1c:79:2d:20:62:cb 192.168.3.75]receiver:[00:00:00:00:00:00 192.168.3.176]
06-24 17:11:59.572 0 0 W : [1 T0 .s] [SP FRAME TX] arp req,vif_idx:0 sender:[1c:79:2d:20:62:cb 192.168.3.75]receiver:[00:00:00:00:00:00 192.168.3.147]
06-24 17:11:59.574 0 0 W : [1 T0 .s] [SP FRAME TX] arp req,vif_idx:0 sender:[1c:79:2d:20:62:cb 192.168.3.75]receiver:[00:00:00:00:00:00 192.168.3.92]
06-24 17:11:59.575 0 0 W : [1 T0 .s] [SP FRAME TX] arp req,vif_idx:0 sender:[1c:79:2d:20:62:cb 192.168.3.75]receiver:[00:00:00:00:00:00 192.168.3.68]
06-24 17:11:59.577 0 0 W : [1 T0 .s] [SP FRAME TX] arp req,vif_idx:0 sender:[1c:79:2d:20:62:cb 192.168.3.75]receiver:[00:00:00:00:00:00 192.168.3.57]
06-24 17:11:59.579 0 0 W : [1 T0 .s] [SP FRAME TX] arp req,vif_idx:0 sender:[1c:79:2d:20:62:cb 192.168.3.75]receiver:[00:00:00:00:00:00 192.168.3.36]
06-24 17:11:59.585 0 0 W : [3 T1046 ..] [SP FRAME RX] arp rsp,vif_idx:0 sender:[e6:6e:3e:02:16:7f 192.168.3.92]receiver:[1c:79:2d:20:62:cb 192.168.3.75]
06-24 17:11:59.586 0 0 W : [3 T1046 ..] [SP FRAME RX] arp rsp,vif_idx:0 sender:[f6:f5:2e:bc:8c:d5 192.168.3.68]receiver:[1c:79:2d:20:62:cb 192.168.3.75]
06-24 17:11:59.589 0 0 W : [3 T1046 ..] [SP FRAME RX] arp req,vif_idx:0 sender:[e2:38:ab:ac:32:27 192.168.3.215]receiver:[00:00:00:00:00:00 192.168.3.75]
06-24 17:11:59.590 0 0 W : [3 T1046 ..] [SP FRAME TX] arp rsp,vif_idx:0 sender:[1c:79:2d:20:62:cb 192.168.3.75]receiver:[e2:38:ab:ac:32:27 192.168.3.215]
06-24 17:11:59.637 0 0 W : [3 T1046 ..] [SP FRAME RX] arp req,vif_idx:0 sender:[16:8e:6e:17:dc:41 192.168.3.176]receiver:[00:00:00:00:00:00 192.168.3.75]
06-24 17:11:59.638 0 0 W : [3 T1046 ..] [SP FRAME TX] arp rsp,vif_idx:0 sender:[1c:79:2d:20:62:cb 192.168.3.75]receiver:[16:8e:6e:17:dc:41 192.168.3.176]
06-24 17:11:59.639 0 0 W : [3 T1046 ..] [SP FRAME RX] arp rsp,vif_idx:0 sender:[16:8e:6e:17:dc:41 192.168.3.176]receiver:[1c:79:2d:20:62:cb 192.168.3.75]
06-24 17:11:59.641 0 0 W : [3 T1046 ..] [SP FRAME RX] arp rsp,vif_idx:0 sender:[46:97:91:2c:21:8b 192.168.3.204]receiver:[1c:79:2d:20:62:cb 192.168.3.75]
06-24 17:11:59.645 0 0 W : [3 T1046 ..] [SP FRAME RX] arp rsp,vif_idx:0 sender:[b6:86:f8:35:d4:28 192.168.3.36]receiver:[1c:79:2d:20:62:cb 192.168.3.75]
06-24 17:11:59.652 0 0 W : [3 T1046 ..] [SP FRAME RX] arp rsp,vif_idx:0 sender:[10:b2:32:39:59:ba 192.168.3.57]receiver:[1c:79:2d:20:62:cb 192.168.3.75]
06-24 17:11:59.653 0 0 W : [3 T1046 ..] [SP FRAME RX] arp rsp,vif_idx:0 sender:[a2:fe:ec:6e:f0:e5 192.168.3.147]receiver:[1c:79:2d:20:62:cb 192.168.3.75]
06-24 17:11:59.751 0 0 W : [3 T1046 ..] [SP FRAME RX] arp rsp,vif_idx:0 sender:[e2:38:ab:ac:32:27 192.168.3.215]receiver:[1c:79:2d:20:62:cb 192.168.3.75]
06-24 17:12:04.682 0 0 W : [3 T0 .s] [SP FRAME TX] arp req,vif_idx:0 sender:[1c:79:2d:20:62:cb 192.168.3.75]receiver:[00:00:00:00:00:00 192.168.3.199]
06-24 17:12:04.949 0 0 W : [1 T1046 ..] [SP FRAME RX] arp req,vif_idx:0 sender:[14:ea:63:a0:ef:b6 192.168.3.199]receiver:[00:00:00:00:00:00 192.168.3.75]
06-24 17:12:04.950 0 0 W : [1 T1046 ..] [SP FRAME TX] arp rsp,vif_idx:0 sender:[1c:79:2d:20:62:cb 192.168.3.75]receiver:[14:ea:63:a0:ef:b6 192.168.3.199]
06-24 17:12:04.954 0 0 W : [1 T1046 ..] [SP FRAME RX] arp rsp,vif_idx:0 sender:[14:ea:63:a0:ef:b6 192.168.3.199]receiver:[1c:79:2d:20:62:cb 192.168.3.75]
06-24 17:12:07.286 685 718 D CompatibilityChangeReporter: Compat change id reported: 135634846; UID 10017; state: DISABLED
06-24 17:12:07.287 685 718 D CompatibilityChangeReporter: Compat change id reported: 177438394; UID 10017; state: DISABLED
06-24 17:12:07.287 685 718 D CompatibilityChangeReporter: Compat change id reported: 135772972; UID 10017; state: DISABLED
06-24 17:12:07.287 685 718 D CompatibilityChangeReporter: Compat change id reported: 135754954; UID 10017; state: ENABLED
06-24 17:12:07.288 685 719 D CompatibilityChangeReporter: Compat change id reported: 143937733; UID 10017; state: ENABLED
06-24 17:12:07.306 685 719 I ActivityManager: Start proc 22157:com.android.providers.calendar/u0a17 for broadcast {com.android.providers.calendar/com.android.providers.calendar.CalendarProviderBroadcastReceiver}
06-24 17:12:07.346 685 15103 D CompatibilityChangeReporter: Compat change id reported: 168419799; UID 10017; state: DISABLED
06-24 17:12:07.346 685 15103 D CompatibilityChangeReporter: Compat change id reported: 273564678; UID 10017; state: DISABLED
06-24 17:12:07.349 685 763 D CompatibilityChangeReporter: Compat change id reported: 265195908; UID 10017; state: ENABLED
06-24 17:12:07.362 685 15103 D CompatibilityChangeReporter: Compat change id reported: 170503758; UID 10017; state: ENABLED
06-24 17:12:07.459 685 15103 D CompatibilityChangeReporter: Compat change id reported: 161145287; UID 10017; state: ENABLED
06-24 17:12:07.466 685 718 D CompatibilityChangeReporter: Compat change id reported: 135634846; UID 10107; state: DISABLED
06-24 17:12:07.467 685 719 D CompatibilityChangeReporter: Compat change id reported: 143937733; UID 10107; state: DISABLED
06-24 17:12:07.469 685 15103 D CompatibilityChangeReporter: Compat change id reported: 253665015; UID 10017; state: ENABLED
06-24 17:12:07.470 685 15103 D CompatibilityChangeReporter: Compat change id reported: 194532703; UID 10017; state: ENABLED
06-24 17:12:07.490 685 719 I ActivityManager: Start proc 22178:com.tencent.start.tv/u0a107 for broadcast {com.tencent.start.tv/com.sohu.inputmethod.internet.AutoUpgradeReceiver}
06-24 17:12:07.532 685 1076 D CompatibilityChangeReporter: Compat change id reported: 143231523; UID 10017; state: DISABLED
06-24 17:12:07.533 685 15103 D CompatibilityChangeReporter: Compat change id reported: 168419799; UID 10107; state: DISABLED
06-24 17:12:07.534 685 15103 D CompatibilityChangeReporter: Compat change id reported: 273564678; UID 10107; state: DISABLED
06-24 17:12:07.537 685 763 D CompatibilityChangeReporter: Compat change id reported: 265195908; UID 10107; state: ENABLED
06-24 17:12:07.543 685 1076 D CompatibilityChangeReporter: Compat change id reported: 170503758; UID 10107; state: DISABLED
06-24 17:12:08.489 0 0 W [2 T24735 ..] audit: audit_lost=23555 audit_rate_limit=5 audit_backlog_limit=64
06-24 17:12:08.492 0 0 E [2 T24735 ..] audit: rate limit exceeded
06-24 17:12:08.578 901 979 V WindowManagerShell: Transition requested: android.os.BinderProxy@31b90c0 TransitionRequestInfo { type = 3, triggerTask = null, remoteTransition = null, displayChange = null, flags = 0 }
06-24 17:12:08.589 685 15103 I DreamManagerService: Gently waking up from dream.
06-24 17:12:08.594 685 5885 V WindowManager: app ------------- force_land :0
06-24 17:12:08.645 21724 21724 W VRI[DreamActivity]: Cancelling event (no window focus):KeyEvent { action=ACTION_UP, keyCode=KEYCODE_BACK, scanCode=1, metaState=0, flags=0x28, repeatCount=0, eventTime=21736512306072, downTime=21736472319000, deviceId=10, source=0x301, displayId=-1 }
06-24 17:12:08.645 21724 21724 W VRI[DreamActivity]: Cancelling event (no window focus):KeyEvent { action=ACTION_UP, keyCode=KEYCODE_BACK, scanCode=1, metaState=0, flags=0x28, repeatCount=0, eventTime=21736512306072, downTime=21736472319000, deviceId=10, source=0x301, displayId=-1 }
06-24 17:12:08.645 21724 21724 W VRI[DreamActivity]: Cancelling event (no window focus):KeyEvent { action=ACTION_UP, keyCode=KEYCODE_BACK, scanCode=1, metaState=0, flags=0x28, repeatCount=0, eventTime=21736512306072, downTime=21736472319000, deviceId=10, source=0x301, displayId=-1 }
06-24 17:12:08.690 685 708 V WindowManager: Sent Transition #670 createdAt=06-24 17:12:08.574 via request=TransitionRequestInfo { type = 3, triggerTask = null, remoteTransition = null, displayChange = null, flags = 0 }
06-24 17:12:08.690 685 708 V WindowManager: startWCT=WindowContainerTransaction { changes = {} hops = [] errorCallbackToken=null taskFragmentOrganizer=null }
06-24 17:12:08.690 685 708 V WindowManager: info={id=670 t=TO_FRONT f=0x0 trk=0 r=[0@Point(0, 0)] c=[{WCT{RemoteToken{f138013 Task{a4a569 #208 type=dream}}} m=TO_BACK f=TRANSLUCENT leash=Surface(name=Task=208)/@0xc24e176 sb=Rect(0, 0 - 1920, 1080) eb=Rect(0, 0 - 1920, 1080) d=0},{WCT{RemoteToken{30b1e82 Task{4d21fd0 #1 type=home}}} m=TO_FRONT f=NONE leash=Surface(name=Task=1)/@0x54f0375 sb=Rect(0, 0 - 1920, 1080) eb=Rect(0, 0 - 1920, 1080) d=0}]}
06-24 17:12:08.694 901 979 V WindowManagerShell: onTransitionReady android.os.BinderProxy@31b90c0: {id=670 t=TO_FRONT f=0x0 trk=0 r=[0@Point(0, 0)] c=[{WCT{android.window.IWindowContainerToken$Stub$Proxy@c88f8ec} m=TO_BACK f=TRANSLUCENT leash=Surface(name=Task=208)/@0xd5751f9 sb=Rect(0, 0 - 1920, 1080) eb=Rect(0, 0 - 1920, 1080) d=0},{WCT{android.window.IWindowContainerToken$Stub$Proxy@4b214b5} m=TO_FRONT f=NONE leash=Surface(name=Task=1)/@0x8bdf53e sb=Rect(0, 0 - 1920, 1080) eb=Rect(0, 0 - 1920, 1080) d=0}]}
06-24 17:12:08.694 901 979 V WindowManagerShell: Playing animation for (#670)android.os.BinderProxy@31b90c0@0
06-24 17:12:08.694 901 979 V WindowManagerShell: try handler com.android.wm.shell.keyguard.KeyguardTransitionHandler@24e2028
06-24 17:12:08.694 901 979 V WindowManagerShell: try handler com.android.wm.shell.pip.tv.TvPipTransition@1141
06-24 17:12:08.694 901 979 V WindowManagerShell: try handler com.android.wm.shell.activityembedding.ActivityEmbeddingController@e8f56e6
06-24 17:12:08.694 901 979 V WindowManagerShell: try handler com.android.wm.shell.transition.RemoteTransitionHandler@b664427
06-24 17:12:08.694 901 979 V WindowManagerShell: Transition doesn't have explicit remote, search filters for match for {id=670 t=TO_FRONT f=0x0 trk=0 r=[0@Point(0, 0)] c=[{WCT{android.window.IWindowContainerToken$Stub$Proxy@c88f8ec} m=TO_BACK f=TRANSLUCENT leash=Surface(name=Task=208)/@0xd5751f9 sb=Rect(0, 0 - 1920, 1080) eb=Rect(0, 0 - 1920, 1080) d=0},{WCT{android.window.IWindowContainerToken$Stub$Proxy@4b214b5} m=TO_FRONT f=NONE leash=Surface(name=Task=1)/@0x8bdf53e sb=Rect(0, 0 - 1920, 1080) eb=Rect(0, 0 - 1920, 1080) d=0}]}
06-24 17:12:08.694 901 979 V WindowManagerShell: Delegate animation for #670 to null
06-24 17:12:08.694 901 979 V WindowManagerShell: try handler com.android.wm.shell.transition.DefaultTransitionHandler@7916d4
06-24 17:12:08.695 901 979 V WindowManagerShell: start default transition animation, info = {id=670 t=TO_FRONT f=0x0 trk=0 r=[0@Point(0, 0)] c=[{WCT{android.window.IWindowContainerToken$Stub$Proxy@c88f8ec} m=TO_BACK f=TRANSLUCENT leash=Surface(name=Task=208)/@0xd5751f9 sb=Rect(0, 0 - 1920, 1080) eb=Rect(0, 0 - 1920, 1080) d=0},{WCT{android.window.IWindowContainerToken$Stub$Proxy@4b214b5} m=TO_FRONT f=NONE leash=Surface(name=Task=1)/@0x8bdf53e sb=Rect(0, 0 - 1920, 1080) eb=Rect(0, 0 - 1920, 1080) d=0}]}
06-24 17:12:08.695 901 979 V WindowManagerShell: loadAnimation: anim=null animAttr=0x0 type=TO_FRONT isEntrance=true
06-24 17:12:08.695 901 979 V WindowManagerShell: loadAnimation: anim=null animAttr=0x0 type=TO_FRONT isEntrance=false
06-24 17:12:08.696 901 979 V WindowManagerShell: Transition animation finished (aborted=false), notifying core (#670)android.os.BinderProxy@31b90c0@0
06-24 17:12:08.699 685 708 V WindowManager: Finish Transition #670: created at
06-24 17:12:08.574 collect-started=0.059ms request-sent=3.232ms started=14.784ms ready=21.737ms sent=109.395ms finished=124.434ms
06-24 17:12:08.702 901 979 V WindowManagerShell: Track 0 became idle
06-24 17:12:08.702 901 979 V WindowManagerShell: All active transition animations finished
06-24 17:12:08.702 901 979 V WindowManagerShell: animated by com.android.wm.shell.transition.DefaultTransitionHandler@7916d4
06-24 17:12:08.702 901 979 V WindowManagerShell: Track 0 became idle
06-24 17:12:08.702 901 979 V WindowManagerShell: All active transition animations finished
06-24 17:12:08.703 901 979 D WindowManagerShell: TvPipController: onTaskStackChanged()
06-24 17:12:08.707 685 709 W ContextImpl: Calling a method in the system process without a qualified user: android.app.ContextImpl.startService:1899 com.android.server.wm.DisplayPolicy.lambda$focusChangedLw$5:2126 com.android.server.wm.DisplayPolicy.$r8$lambda$Znxk63oh-WzVnzo_WQefN7uxV48:0 com.android.server.wm.DisplayPolicy$$ExternalSyntheticLambda13.run:0 android.os.Handler.handleCallback:958
06-24 17:12:08.709 685 735 I PowerGroup: Waking up power group from Dreaming (groupId=0, uid=1000, reason=WAKE_REASON_DREAM_FINISHED, details=android.server.power:DREAM_FINISHED)...
06-24 17:12:08.710 685 735 I PowerManagerService: Waking up from Dreaming (uid=1000, reason=WAKE_REASON_DREAM_FINISHED, details=android.server.power:DREAM_FINISHED)...
06-24 17:12:08.713 685 685 E ActivityManager: Cancel pending or running compactions as system is awake
06-24 17:12:08.746 685 5885 I DreamManagerService: Leaving dreamland.
06-24 17:12:08.757 685 709 D AutofillManagerService: onBackKeyPressed()
06-24 17:12:08.758 685 708 I DreamController: Stopping dream: name=ComponentInfo{com.dangbei.lerad.screensaver/com.dangbei.lerad.screensaver.service.ScreenSaverService}, isPreviewMode=false, canDoze=false, userId=0, reason='finished self'(from 'finished self')
06-24 17:12:08.780 685 5885 D CoreBackPreview: Window{7b89f4c u0 com.dangbei.lerad.screensaver/android.service.dreams.DreamActivity}: Setting back callback null
06-24 17:12:08.870 0 0 I [3 T21900 ..] [amlv4l]: [583]: reset mode: 1, es frames buffering: 2
06-24 17:12:08.870 0 0 D [3 T21900 ..] [h265]: [0]h265:pts_unstable=0
06-24 17:12:08.870 0 0 D [3 T21900 ..] [h265]: [0]h265: ver (201602101,0) decinfo: 0x0 rate=3600
06-24 17:12:08.877 0 0 I [3 T21900 ..] [amlv4l]: [583]: reset mode: 1, es frames buffering: 0
06-24 17:12:08.877 0 0 D [3 T21900 ..] [h265]: [0]h265:pts_unstable=0
06-24 17:12:08.877 0 0 D [3 T21900 ..] [h265]: [0]h265: ver (201602101,0) decinfo: 0x0 rate=3600
06-24 17:12:08.909 0 0 I [0 T21895 ..] [amlv4l]: [583]: reset mode: 1, es frames buffering: 0
06-24 17:12:08.909 0 0 D [0 T21895 ..] [h265]: [0]h265:pts_unstable=0
06-24 17:12:08.909 0 0 D [0 T21895 ..] [h265]: [0]h265: ver (201602101,0) decinfo: 0x0 rate=3600
06-24 17:12:08.916 0 0 D [2 T21895 ..] [amlcom]: vdec_release instance 00000000ddbc7d29, total 1
06-24 17:12:08.916 0 0 I [1 T21895 ..] [amlcom]: dos_local_config end, id 3, is_on 0
06-24 17:12:08.916 0 0 D [1 T21895 ..] [media_clock]: the clk_hevcf_mux clock off, ref cnt: 0
06-24 17:12:08.917 0 0 I : [1 T21895 ..] deinit session
06-24 17:12:08.917 0 0 I : [1 T21895 ..] deinit session producer-2
06-24 17:12:08.918 0 0 I : [1 T21895 ..] deinit has_unusing_fifo [1]
06-24 17:12:08.920 0 0 I : [3 T98 ..] p_fifo[2] name[aml-vcodec-dec] state[0] to MP_FIFO_UNUSED
06-24 17:12:08.946 0 0 I [1 T21862 ..] dp_buf: [0:583]di buf_mgr free
06-24 17:12:09.344 685 2118 I ActivityManager: Process com.dangbei.lerad.screensaver (pid 21724) has died: fg SVC
06-24 17:12:09.345 685 709 D DisplayManagerService: Drop pending events for gone uid 10043
06-24 17:12:09.693 0 0 W [1 T23126 ..] audit: audit_lost=23581 audit_rate_limit=5 audit_backlog_limit=64
06-24 17:12:09.693 0 0 E [1 T23126 ..] audit: rate limit exceeded
06-24 17:12:13.927 685 791 W ContextImpl: Calling a method in the system process without a qualified user: android.app.ContextImpl.sendBroadcast:1220 com.android.server.policy.PhoneWindowManager.interceptSystemKeysAndShortcuts:3687 com.android.server.policy.PhoneWindowManager.interceptKeyBeforeDispatching:3212 com.android.server.wm.InputManagerCallback.interceptKeyBeforeDispatching:183 com.android.server.input.InputManagerService.interceptKeyBeforeDispatching:2507
06-24 17:12:13.952 685 2118 W WindowManager: [addWindow] title:
06-24 17:12:13.964 685 2118 D CoreBackPreview: Window{94c9ad2 u0 com.dangbei.lerad.etna.haqu}: Setting back callback OnBackInvokedCallbackInfo{mCallback=android.window.IOnBackInvokedCallback$Stub$Proxy@64deaa0, mPriority=0, mIsAnimationCallback=false}
06-24 17:12:14.059 685 709 W ContextImpl: Calling a method in the system process without a qualified user: android.app.ContextImpl.startService:1899 com.android.server.wm.DisplayPolicy.lambda$focusChangedLw$5:2126 com.android.server.wm.DisplayPolicy.$r8$lambda$Znxk63oh-WzVnzo_WQefN7uxV48:0 com.android.server.wm.DisplayPolicy$$ExternalSyntheticLambda13.run:0 android.os.Handler.handleCallback:958
06-24 17:12:17.598 685 780 D ActivityManager: freezing 22157 com.android.providers.calendar
06-24 17:12:17.648 0 0 W : [1 T1046 ..] [SP FRAME RX] arp req,vif_idx:0 sender:[46:97:91:2c:21:8b 192.168.3.204]receiver:[00:00:00:00:00:00 192.168.3.75]
06-24 17:12:17.649 0 0 W : [1 T1046 ..] [SP FRAME TX] arp rsp,vif_idx:0 sender:[1c:79:2d:20:62:cb 192.168.3.75]receiver:[46:97:91:2c:21:8b 192.168.3.204]
06-24 17:12:17.738 0 0 W : [1 T0 .s] [SP FRAME TX] arp req,vif_idx:0 sender:[1c:79:2d:20:62:cb 192.168.3.75]receiver:[00:00:00:00:00:00 192.168.3.123]
06-24 17:12:17.742 0 0 W : [1 T1046 ..] [SP FRAME RX] DHCP[0 1], vif_idx:0
06-24 17:12:17.850 0 0 W : [1 T1046 ..] [SP FRAME RX] arp req,vif_idx:0 sender:[e2:8e:12:0f:0b:47 192.168.3.123]receiver:[00:00:00:00:00:00 192.168.3.75]
06-24 17:12:17.851 0 0 W : [1 T1046 ..] [SP FRAME TX] arp rsp,vif_idx:0 sender:[1c:79:2d:20:62:cb 192.168.3.75]receiver:[e2:8e:12:0f:0b:47 192.168.3.123]
06-24 17:12:17.897 0 0 W : [1 T1046 ..] [SP FRAME RX] arp rsp,vif_idx:0 sender:[e2:8e:12:0f:0b:47 192.168.3.123]receiver:[1c:79:2d:20:62:cb 192.168.3.75]
06-24 17:12:18.007 685 780 D ActivityManager: freezing 22178 com.tencent.start.tv
06-24 17:12:18.750 0 0 W : [1 T1046 ..] [SP FRAME RX] DHCP[0 1], vif_idx:0
06-24 17:12:20.641 0 0 W : [2 T1046 ..] [SP FRAME RX] DHCP[0 1], vif_idx:0
06-24 17:12:22.000 0 0 W [0 T17271 ..] audit: audit_lost=23595 audit_rate_limit=5 audit_backlog_limit=64
06-24 17:12:22.000 0 0 E [0 T17271 ..] audit: rate limit exceeded
06-24 17:12:22.682 0 0 W : [2 T1046 ..] [SP FRAME RX] DHCP[1 0], vif_idx:0
06-24 17:12:24.616 0 0 W : [3 T1046 ..] [SP FRAME RX] DHCP[0 1], vif_idx:0
06-24 17:12:25.308 1407 3877 W ContextImpl: Calling a method in the system process without a qualified user: android.app.ContextImpl.startActivity:1102 android.content.ContextWrapper.startActivity:436 com.dangbei.etna.setting.function.side.SideHelper.openWifi:266 com.dangbei.etna.setting.function.side.SideHelper.onMessage:88 com.dangbei.etna.setting.ui.side.view.SideItemView$onClick$1$1.invokeSuspend:82
06-24 17:12:25.308 1407 3877 W ContextImpl: Calling a method in the system process without a qualified user: android.app.ContextImpl.startActivity:1114 android.app.ContextImpl.startActivity:1103 android.content.ContextWrapper.startActivity:436 com.dangbei.etna.setting.function.side.SideHelper.openWifi:266 com.dangbei.etna.setting.function.side.SideHelper.onMessage:88
06-24 17:12:25.322 685 2118 D CompatibilityChangeReporter: Compat change id reported: 197654537; UID 1000; state: ENABLED
06-24 17:12:25.323 685 2118 V SplashScreenExceptionList: SplashScreen checking exception for package com.dangbei.haqusetting (target sdk:31) -> false
