06-24 17:04:27.729 0 0 W : [3 T1041 ..] [aml_msgackind 2039] msg ack hostid=0xffffff800fff7f00
06-24 17:04:27.730 0 0 W : [3 T1041 ..] [cmd_mgr_llind 329] cmd tkn[508] flags:0008 result: -4 cmd: 105-MM_SYNC_TRACE - reqcfm( 0-none)
06-24 17:04:27.732 0 0 W : [3 T1041 ..] [cmd_complete 65] cmd tkn[508] flags:0000 result: -4 cmd: 105-MM_SYNC_TRACE - reqcfm( 0-none)
06-24 17:04:27.777 0 0 W : [2 T1046 ..] [SP FRAME RX] arp rsp,vif_idx:0 sender:[b2:58:c1:bc:d7:cb 192.168.3.31]receiver:[1c:79:2d:20:62:cb 192.168.3.75]
06-24 17:04:27.828 0 0 W : [2 T1046 ..] [SP FRAME RX] arp req,vif_idx:0 sender:[b2:58:c1:bc:d7:cb 192.168.3.31]receiver:[00:00:00:00:00:00 192.168.3.75]
06-24 17:04:27.829 0 0 W : [2 T1046 ..] [SP FRAME TX] arp rsp,vif_idx:0 sender:[1c:79:2d:20:62:cb 192.168.3.75]receiver:[b2:58:c1:bc:d7:cb 192.168.3.31]
06-24 17:04:29.210 0 0 W : [2 T1046 ..] [SP FRAME RX] arp req,vif_idx:0 sender:[12:3c:2c:e1:84:9f 192.168.3.254]receiver:[00:00:00:00:00:00 192.168.3.75]
06-24 17:04:29.211 0 0 W : [2 T1046 ..] [SP FRAME TX] arp rsp,vif_idx:0 sender:[1c:79:2d:20:62:cb 192.168.3.75]receiver:[12:3c:2c:e1:84:9f 192.168.3.254]
06-24 17:04:29.449 1407 1731 W ContextImpl: Calling a method in the system process without a qualified user: android.app.ContextImpl.sendBroadcast:1220 android.content.ContextWrapper.sendBroadcast:504 com.dangbei.etna.setting.core.SettingHelper.sendCycleToProjector:257 com.dangbei.etna.setting.core.SettingHelper.sendCycleCheckBroadcast:226 com.dangbei.etna.setting.core.SettingHelper.startLoop$lambda-0:185
06-24 17:04:29.450 1407 1731 W ContextImpl: Calling a method in the system process without a qualified user: android.app.ContextImpl.sendBroadcast:1220 android.content.ContextWrapper.sendBroadcast:504 com.dangbei.etna.setting.core.SettingHelper.sendCycleToVoice:242 com.dangbei.etna.setting.core.SettingHelper.sendCycleCheckBroadcast:227 com.dangbei.etna.setting.core.SettingHelper.startLoop$lambda-0:185
06-24 17:04:29.514 0 0 W : [0 T0 .s] [SP FRAME TX] arp req,vif_idx:0 sender:[1c:79:2d:20:62:cb 192.168.3.75]receiver:[00:00:00:00:00:00 192.168.3.254]
06-24 17:04:29.525 0 0 W : [2 T1046 ..] [SP FRAME RX] arp rsp,vif_idx:0 sender:[12:3c:2c:e1:84:9f 192.168.3.254]receiver:[1c:79:2d:20:62:cb 192.168.3.75]
06-24 17:04:29.976 0 0 W : [2 T1046 ..] [SP FRAME RX] DHCP[0 1], vif_idx:0
06-24 17:04:30.794 0 0 W : [1 T1711 .s] [SP FRAME TX] arp req,vif_idx:0 sender:[1c:79:2d:20:62:cb 192.168.3.75]receiver:[00:00:00:00:00:00 192.168.3.147]
06-24 17:04:30.814 0 0 W : [2 T1046 ..] [SP FRAME RX] arp rsp,vif_idx:0 sender:[a2:fe:ec:6e:f0:e5 192.168.3.147]receiver:[1c:79:2d:20:62:cb 192.168.3.75]
06-24 17:04:30.976 0 0 W : [2 T1046 ..] [SP FRAME RX] DHCP[0 1], vif_idx:0
06-24 17:04:31.267 0 0 W : [2 T1046 ..] [SP FRAME RX] arp req,vif_idx:0 sender:[10:b2:32:39:59:ba 192.168.3.57]receiver:[00:00:00:00:00:00 192.168.3.75]
06-24 17:04:31.267 0 0 W : [2 T1046 ..] [SP FRAME TX] arp rsp,vif_idx:0 sender:[1c:79:2d:20:62:cb 192.168.3.75]receiver:[10:b2:32:39:59:ba 192.168.3.57]
06-24 17:04:31.295 0 0 W : [2 T1046 ..] [SP FRAME RX] arp req,vif_idx:0 sender:[e6:6e:3e:02:16:7f 192.168.3.92]receiver:[00:00:00:00:00:00 192.168.3.75]
06-24 17:04:31.296 0 0 W : [2 T1046 ..] [SP FRAME TX] arp rsp,vif_idx:0 sender:[1c:79:2d:20:62:cb 192.168.3.75]receiver:[e6:6e:3e:02:16:7f 192.168.3.92]
06-24 17:04:31.306 0 0 W : [2 T0 .s] [SP FRAME TX] arp req,vif_idx:0 sender:[1c:79:2d:20:62:cb 192.168.3.75]receiver:[00:00:00:00:00:00 192.168.3.215]
06-24 17:04:31.307 0 0 W : [2 T0 .s] [SP FRAME TX] arp req,vif_idx:0 sender:[1c:79:2d:20:62:cb 192.168.3.75]receiver:[00:00:00:00:00:00 192.168.3.204]
06-24 17:04:31.309 0 0 W : [2 T0 .s] [SP FRAME TX] arp req,vif_idx:0 sender:[1c:79:2d:20:62:cb 192.168.3.75]receiver:[00:00:00:00:00:00 192.168.3.176]
06-24 17:04:31.310 0 0 W : [2 T0 .s] [SP FRAME TX] arp req,vif_idx:0 sender:[1c:79:2d:20:62:cb 192.168.3.75]receiver:[00:00:00:00:00:00 192.168.3.129]
06-24 17:04:31.312 0 0 W : [2 T0 .s] [SP FRAME TX] arp req,vif_idx:0 sender:[1c:79:2d:20:62:cb 192.168.3.75]receiver:[00:00:00:00:00:00 192.168.3.92]
06-24 17:04:31.313 0 0 W : [2 T0 .s] [SP FRAME TX] arp req,vif_idx:0 sender:[1c:79:2d:20:62:cb 192.168.3.75]receiver:[00:00:00:00:00:00 192.168.3.57]
06-24 17:04:31.315 0 0 W : [2 T0 .s] [SP FRAME TX] arp req,vif_idx:0 sender:[1c:79:2d:20:62:cb 192.168.3.75]receiver:[00:00:00:00:00:00 192.168.3.36]
06-24 17:04:31.322 0 0 W : [2 T1046 ..] [SP FRAME RX] arp rsp,vif_idx:0 sender:[e6:6e:3e:02:16:7f 192.168.3.92]receiver:[1c:79:2d:20:62:cb 192.168.3.75]
06-24 17:04:31.323 0 0 W : [2 T1046 ..] [SP FRAME RX] arp rsp,vif_idx:0 sender:[16:8e:6e:17:dc:41 192.168.3.176]receiver:[1c:79:2d:20:62:cb 192.168.3.75]
06-24 17:04:31.324 0 0 W : [2 T1046 ..] [SP FRAME RX] arp rsp,vif_idx:0 sender:[e2:38:ab:ac:32:27 192.168.3.215]receiver:[1c:79:2d:20:62:cb 192.168.3.75]
06-24 17:04:31.332 0 0 W : [2 T1046 ..] [SP FRAME RX] arp rsp,vif_idx:0 sender:[b6:86:f8:35:d4:28 192.168.3.36]receiver:[1c:79:2d:20:62:cb 192.168.3.75]
06-24 17:04:31.347 0 0 W : [2 T1046 ..] [SP FRAME RX] arp req,vif_idx:0 sender:[16:8e:6e:17:dc:41 192.168.3.176]receiver:[00:00:00:00:00:00 192.168.3.75]
06-24 17:04:31.348 0 0 W : [2 T1046 ..] [SP FRAME TX] arp rsp,vif_idx:0 sender:[1c:79:2d:20:62:cb 192.168.3.75]receiver:[16:8e:6e:17:dc:41 192.168.3.176]
06-24 17:04:31.350 0 0 W : [2 T1046 ..] [SP FRAME RX] arp rsp,vif_idx:0 sender:[10:b2:32:39:59:ba 192.168.3.57]receiver:[1c:79:2d:20:62:cb 192.168.3.75]
06-24 17:04:31.429 0 0 W : [2 T1046 ..] [SP FRAME RX] arp rsp,vif_idx:0 sender:[46:97:91:2c:21:8b 192.168.3.204]receiver:[1c:79:2d:20:62:cb 192.168.3.75]
06-24 17:04:31.482 0 0 W : [2 T1046 ..] [SP FRAME RX] arp req,vif_idx:0 sender:[b6:86:f8:35:d4:28 192.168.3.36]receiver:[00:00:00:00:00:00 192.168.3.75]
06-24 17:04:31.483 0 0 W : [2 T1046 ..] [SP FRAME TX] arp rsp,vif_idx:0 sender:[1c:79:2d:20:62:cb 192.168.3.75]receiver:[b6:86:f8:35:d4:28 192.168.3.36]
06-24 17:04:31.499 0 0 W : [2 T1046 ..] [SP FRAME RX] arp req,vif_idx:0 sender:[e2:38:ab:ac:32:27 192.168.3.215]receiver:[00:00:00:00:00:00 192.168.3.75]
06-24 17:04:31.500 0 0 W : [2 T1046 ..] [SP FRAME TX] arp rsp,vif_idx:0 sender:[1c:79:2d:20:62:cb 192.168.3.75]receiver:[e2:38:ab:ac:32:27 192.168.3.215]
06-24 17:04:32.330 0 0 W : [2 T0 .s] [SP FRAME TX] arp req,vif_idx:0 sender:[1c:79:2d:20:62:cb 192.168.3.75]receiver:[00:00:00:00:00:00 192.168.3.129]
06-24 17:04:32.931 0 0 W : [2 T1046 ..] [SP FRAME RX] DHCP[0 1], vif_idx:0
06-24 17:04:33.358 0 0 W : [2 T0 .s] [SP FRAME TX] arp req,vif_idx:0 sender:[1c:79:2d:20:62:cb 192.168.3.75]receiver:[00:00:00:00:00:00 192.168.3.129]
06-24 17:04:34.378 0 0 W : [2 T0 .s] [SP FRAME TX] arp req,vif_idx:0 sender:[1c:79:2d:20:62:cb 192.168.3.75]receiver:[00:00:00:00:00:00 192.168.3.129]
06-24 17:04:35.402 0 0 W : [2 T1711 .s] [SP FRAME TX] arp req,vif_idx:0 sender:[1c:79:2d:20:62:cb 192.168.3.75]receiver:[00:00:00:00:00:00 192.168.3.129]
06-24 17:04:36.426 0 0 W : [2 T0 .s] [SP FRAME TX] arp req,vif_idx:0 sender:[1c:79:2d:20:62:cb 192.168.3.75]receiver:[00:00:00:00:00:00 192.168.3.129]
06-24 17:04:36.525 0 0 W : [1 T1046 ..] [SP FRAME RX] DHCP[0 1], vif_idx:0
06-24 17:04:37.450 0 0 W : [2 T1711 .s] [SP FRAME TX] arp req,vif_idx:0 sender:[1c:79:2d:20:62:cb 192.168.3.75]receiver:[00:00:00:00:00:00 192.168.3.129]
06-24 17:04:38.474 0 0 W : [2 T0 .s] [SP FRAME TX] arp req,vif_idx:0 sender:[1c:79:2d:20:62:cb 192.168.3.75]receiver:[00:00:00:00:00:00 192.168.3.129]
06-24 17:04:39.498 0 0 W : [2 T0 .s] [SP FRAME TX] arp req,vif_idx:0 sender:[1c:79:2d:20:62:cb 192.168.3.75]receiver:[00:00:00:00:00:00 192.168.3.129]
06-24 17:04:40.522 0 0 W : [2 T0 .s] [SP FRAME TX] arp req,vif_idx:0 sender:[1c:79:2d:20:62:cb 192.168.3.75]receiver:[00:00:00:00:00:00 192.168.3.129]
06-24 17:04:41.235 685 718 D ActivityManager: sync unfroze 30169 com.qq.cleaning for 3
06-24 17:04:41.237 685 718 D ActivityManager: sync unfroze 11371 com.talkingdata.sdk.TDAntiCheatingService for 3
06-24 17:04:41.546 0 0 W : [2 T834 .s] [SP FRAME TX] arp req,vif_idx:0 sender:[1c:79:2d:20:62:cb 192.168.3.75]receiver:[00:00:00:00:00:00 192.168.3.129]
06-24 17:04:41.945 0 0 W : [3 T1046 ..] [SP FRAME RX] DHCP[0 1], vif_idx:0
06-24 17:04:42.570 0 0 W : [2 T248 .s] [SP FRAME TX] arp req,vif_idx:0 sender:[1c:79:2d:20:62:cb 192.168.3.75]receiver:[00:00:00:00:00:00 192.168.3.129]
06-24 17:04:43.594 0 0 W : [2 T1041 .s] [SP FRAME TX] arp req,vif_idx:0 sender:[1c:79:2d:20:62:cb 192.168.3.75]receiver:[00:00:00:00:00:00 192.168.3.129]
06-24 17:04:44.618 0 0 W : [2 T0 .s] [SP FRAME TX] arp req,vif_idx:0 sender:[1c:79:2d:20:62:cb 192.168.3.75]receiver:[00:00:00:00:00:00 192.168.3.129]
06-24 17:04:45.013 0 0 W : [1 T1046 ..] [SP FRAME RX] DHCP[0 1], vif_idx:0
06-24 17:04:45.642 0 0 W : [2 T620 .s] [SP FRAME TX] arp req,vif_idx:0 sender:[1c:79:2d:20:62:cb 192.168.3.75]receiver:[00:00:00:00:00:00 192.168.3.129]
06-24 17:04:46.666 0 0 W : [2 T0 .s] [SP FRAME TX] arp req,vif_idx:0 sender:[1c:79:2d:20:62:cb 192.168.3.75]receiver:[00:00:00:00:00:00 192.168.3.129]
06-24 17:04:46.809 0 0 W : [1 T1046 ..] [SP FRAME RX] arp rsp,vif_idx:0 sender:[3a:fd:3d:ee:5f:54 192.168.3.129]receiver:[1c:79:2d:20:62:cb 192.168.3.75]
06-24 17:04:49.226 0 0 W : [0 T1711 .s] [SP FRAME TX] arp req,vif_idx:0 sender:[1c:79:2d:20:62:cb 192.168.3.75]receiver:[00:00:00:00:00:00 192.168.3.3]
06-24 17:04:49.238 0 0 W : [2 T1046 ..] [SP FRAME RX] arp rsp,vif_idx:0 sender:[02:fe:15:17:79:f9 192.168.3.3]receiver:[1c:79:2d:20:62:cb 192.168.3.75]
06-24 17:04:49.482 0 0 W : [1 T0 .s] [SP FRAME TX] arp req,vif_idx:0 sender:[1c:79:2d:20:62:cb 192.168.3.75]receiver:[00:00:00:00:00:00 192.168.3.123]
06-24 17:04:49.487 0 0 W : [2 T1046 ..] [SP FRAME RX] arp req,vif_idx:0 sender:[02:fe:15:17:79:f9 192.168.3.3]receiver:[00:00:00:00:00:00 192.168.3.75]
06-24 17:04:49.488 0 0 W : [2 T1046 ..] [SP FRAME TX] arp rsp,vif_idx:0 sender:[1c:79:2d:20:62:cb 192.168.3.75]receiver:[02:fe:15:17:79:f9 192.168.3.3]
06-24 17:04:49.567 0 0 W : [2 T1046 ..] [SP FRAME RX] arp req,vif_idx:0 sender:[46:97:91:2c:21:8b 192.168.3.204]receiver:[00:00:00:00:00:00 192.168.3.75]
06-24 17:04:49.567 0 0 W : [2 T1046 ..] [SP FRAME TX] arp rsp,vif_idx:0 sender:[1c:79:2d:20:62:cb 192.168.3.75]receiver:[46:97:91:2c:21:8b 192.168.3.204]
06-24 17:04:49.569 0 0 W : [2 T1046 ..] [SP FRAME RX] arp req,vif_idx:0 sender:[e2:8e:12:0f:0b:47 192.168.3.123]receiver:[00:00:00:00:00:00 192.168.3.75]
06-24 17:04:49.571 0 0 W : [2 T1046 ..] [SP FRAME TX] arp rsp,vif_idx:0 sender:[1c:79:2d:20:62:cb 192.168.3.75]receiver:[e2:8e:12:0f:0b:47 192.168.3.123]
06-24 17:04:49.578 0 0 W : [2 T1046 ..] [SP FRAME RX] arp rsp,vif_idx:0 sender:[e2:8e:12:0f:0b:47 192.168.3.123]receiver:[1c:79:2d:20:62:cb 192.168.3.75]
06-24 17:04:51.286 685 780 D ActivityManager: freezing 30169 com.qq.cleaning
06-24 17:04:51.287 685 780 D ActivityManager: freezing 11371 com.talkingdata.sdk.TDAntiCheatingService
06-24 17:04:57.709 0 0 W : [2 T1046 ..] [SP FRAME RX] DHCP[1 0], vif_idx:0
06-24 17:04:59.722 0 0 W : [3 T0 .s] [SP FRAME TX] arp req,vif_idx:0 sender:[1c:79:2d:20:62:cb 192.168.3.75]receiver:[00:00:00:00:00:00 192.168.3.31]
06-24 17:04:59.728 0 0 W : [2 T1046 ..] [SP FRAME RX] arp rsp,vif_idx:0 sender:[b2:58:c1:bc:d7:cb 192.168.3.31]receiver:[1c:79:2d:20:62:cb 192.168.3.75]
06-24 17:04:59.816 0 0 W : [2 T1046 ..] [SP FRAME RX] arp req,vif_idx:0 sender:[b2:58:c1:bc:d7:cb 192.168.3.31]receiver:[00:00:00:00:00:00 192.168.3.75]
06-24 17:04:59.817 0 0 W : [2 T1046 ..] [SP FRAME TX] arp rsp,vif_idx:0 sender:[1c:79:2d:20:62:cb 192.168.3.75]receiver:[b2:58:c1:bc:d7:cb 192.168.3.31]
06-24 17:05:00.982 0 0 W : [2 T1046 ..] [SP FRAME RX] DHCP[0 1], vif_idx:0
06-24 17:05:01.229 0 0 W : [2 T1046 ..] [SP FRAME RX] arp req,vif_idx:0 sender:[12:3c:2c:e1:84:9f 192.168.3.254]receiver:[00:00:00:00:00:00 192.168.3.75]
06-24 17:05:01.230 0 0 W : [2 T1046 ..] [SP FRAME TX] arp rsp,vif_idx:0 sender:[1c:79:2d:20:62:cb 192.168.3.75]receiver:[12:3c:2c:e1:84:9f 192.168.3.254]
06-24 17:05:01.258 0 0 W : [2 T0 .s] [SP FRAME TX] arp req,vif_idx:0 sender:[1c:79:2d:20:62:cb 192.168.3.75]receiver:[00:00:00:00:00:00 192.168.3.254]
06-24 17:05:01.269 0 0 W : [2 T1046 ..] [SP FRAME RX] arp rsp,vif_idx:0 sender:[12:3c:2c:e1:84:9f 192.168.3.254]receiver:[1c:79:2d:20:62:cb 192.168.3.75]
06-24 17:05:02.538 0 0 W : [1 T0 .s] [SP FRAME TX] arp req,vif_idx:0 sender:[1c:79:2d:20:62:cb 192.168.3.75]receiver:[00:00:00:00:00:00 192.168.3.147]
06-24 17:05:02.546 0 0 W : [2 T1046 ..] [SP FRAME RX] arp rsp,vif_idx:0 sender:[a2:fe:ec:6e:f0:e5 192.168.3.147]receiver:[1c:79:2d:20:62:cb 192.168.3.75]
06-24 17:05:03.299 0 0 W : [2 T1046 ..] [SP FRAME RX] arp req,vif_idx:0 sender:[e6:6e:3e:02:16:7f 192.168.3.92]receiver:[00:00:00:00:00:00 192.168.3.75]
06-24 17:05:03.300 0 0 W : [2 T1046 ..] [SP FRAME TX] arp rsp,vif_idx:0 sender:[1c:79:2d:20:62:cb 192.168.3.75]receiver:[e6:6e:3e:02:16:7f 192.168.3.92]
06-24 17:05:03.306 0 0 W : [3 T0 .s] [SP FRAME TX] arp req,vif_idx:0 sender:[1c:79:2d:20:62:cb 192.168.3.75]receiver:[00:00:00:00:00:00 192.168.3.215]
06-24 17:05:03.307 0 0 W : [3 T0 .s] [SP FRAME TX] arp req,vif_idx:0 sender:[1c:79:2d:20:62:cb 192.168.3.75]receiver:[00:00:00:00:00:00 192.168.3.204]
06-24 17:05:03.309 0 0 W : [3 T0 .s] [SP FRAME TX] arp req,vif_idx:0 sender:[1c:79:2d:20:62:cb 192.168.3.75]receiver:[00:00:00:00:00:00 192.168.3.176]
06-24 17:05:03.310 0 0 W : [3 T0 .s] [SP FRAME TX] arp req,vif_idx:0 sender:[1c:79:2d:20:62:cb 192.168.3.75]receiver:[00:00:00:00:00:00 192.168.3.92]
06-24 17:05:03.312 0 0 W : [3 T0 .s] [SP FRAME TX] arp req,vif_idx:0 sender:[1c:79:2d:20:62:cb 192.168.3.75]receiver:[00:00:00:00:00:00 192.168.3.57]
06-24 17:05:03.313 0 0 W : [3 T0 .s] [SP FRAME TX] arp req,vif_idx:0 sender:[1c:79:2d:20:62:cb 192.168.3.75]receiver:[00:00:00:00:00:00 192.168.3.36]
06-24 17:05:03.315 0 0 W : [2 T1046 ..] [SP FRAME RX] arp rsp,vif_idx:0 sender:[16:8e:6e:17:dc:41 192.168.3.176]receiver:[1c:79:2d:20:62:cb 192.168.3.75]
06-24 17:05:03.316 0 0 W : [2 T1046 ..] [SP FRAME RX] arp req,vif_idx:0 sender:[a2:fe:ec:6e:f0:e5 192.168.3.147]receiver:[00:00:00:00:00:00 192.168.3.75]
06-24 17:05:03.318 0 0 W : [2 T1046 ..] [SP FRAME TX] arp rsp,vif_idx:0 sender:[1c:79:2d:20:62:cb 192.168.3.75]receiver:[a2:fe:ec:6e:f0:e5 192.168.3.147]
06-24 17:05:03.325 0 0 W : [2 T1046 ..] [SP FRAME RX] arp rsp,vif_idx:0 sender:[10:b2:32:39:59:ba 192.168.3.57]receiver:[1c:79:2d:20:62:cb 192.168.3.75]
06-24 17:05:03.332 0 0 W : [2 T1046 ..] [SP FRAME RX] arp rsp,vif_idx:0 sender:[e6:6e:3e:02:16:7f 192.168.3.92]receiver:[1c:79:2d:20:62:cb 192.168.3.75]
06-24 17:05:03.362 0 0 W : [2 T1046 ..] [SP FRAME RX] arp req,vif_idx:0 sender:[16:8e:6e:17:dc:41 192.168.3.176]receiver:[00:00:00:00:00:00 192.168.3.75]
06-24 17:05:03.363 0 0 W : [2 T1046 ..] [SP FRAME TX] arp rsp,vif_idx:0 sender:[1c:79:2d:20:62:cb 192.168.3.75]receiver:[16:8e:6e:17:dc:41 192.168.3.176]
06-24 17:05:03.366 0 0 W : [2 T1046 ..] [SP FRAME RX] arp rsp,vif_idx:0 sender:[e2:38:ab:ac:32:27 192.168.3.215]receiver:[1c:79:2d:20:62:cb 192.168.3.75]
06-24 17:05:03.368 0 0 W : [2 T1046 ..] [SP FRAME RX] arp rsp,vif_idx:0 sender:[b6:86:f8:35:d4:28 192.168.3.36]receiver:[1c:79:2d:20:62:cb 192.168.3.75]
06-24 17:05:03.482 0 0 W : [2 T1046 ..] [SP FRAME RX] arp req,vif_idx:0 sender:[b6:86:f8:35:d4:28 192.168.3.36]receiver:[00:00:00:00:00:00 192.168.3.75]
06-24 17:05:03.483 0 0 W : [2 T1046 ..] [SP FRAME TX] arp rsp,vif_idx:0 sender:[1c:79:2d:20:62:cb 192.168.3.75]receiver:[b6:86:f8:35:d4:28 192.168.3.36]
06-24 17:05:03.487 0 0 W : [2 T1046 ..] [SP FRAME RX] arp rsp,vif_idx:0 sender:[46:97:91:2c:21:8b 192.168.3.204]receiver:[1c:79:2d:20:62:cb 192.168.3.75]
06-24 17:05:03.502 0 0 W : [2 T1046 ..] [SP FRAME RX] arp req,vif_idx:0 sender:[e2:38:ab:ac:32:27 192.168.3.215]receiver:[00:00:00:00:00:00 192.168.3.75]
06-24 17:05:03.503 0 0 W : [2 T1046 ..] [SP FRAME TX] arp rsp,vif_idx:0 sender:[1c:79:2d:20:62:cb 192.168.3.75]receiver:[e2:38:ab:ac:32:27 192.168.3.215]
06-24 17:05:10.474 0 0 W : [0 T0 .s] [SP FRAME TX] arp req,vif_idx:0 sender:[1c:79:2d:20:62:cb 192.168.3.75]receiver:[00:00:00:00:00:00 192.168.3.217]
06-24 17:05:10.477 0 0 W : [1 T1046 ..] [SP FRAME RX] arp req,vif_idx:0 sender:[b2:33:fc:c9:ef:d5 192.168.3.217]receiver:[00:00:00:00:00:00 192.168.3.75]
06-24 17:05:10.478 0 0 W : [1 T1046 ..] [SP FRAME TX] arp rsp,vif_idx:0 sender:[1c:79:2d:20:62:cb 192.168.3.75]receiver:[b2:33:fc:c9:ef:d5 192.168.3.217]
06-24 17:05:10.533 0 0 W : [1 T1046 ..] [SP FRAME RX] arp rsp,vif_idx:0 sender:[b2:33:fc:c9:ef:d5 192.168.3.217]receiver:[1c:79:2d:20:62:cb 192.168.3.75]
06-24 17:05:17.652 0 0 W : [2 T1046 ..] [SP FRAME RX] arp req,vif_idx:0 sender:[20:57:9e:67:7f:db 192.168.3.98]receiver:[00:00:00:00:00:00 192.168.3.75]
06-24 17:05:17.653 0 0 W : [2 T1046 ..] [SP FRAME TX] arp rsp,vif_idx:0 sender:[1c:79:2d:20:62:cb 192.168.3.75]receiver:[20:57:9e:67:7f:db 192.168.3.98]
06-24 17:05:17.960 0 0 W : [2 T1046 ..] [SP FRAME RX] arp req,vif_idx:0 sender:[e2:04:f6:d8:62:00 192.168.3.194]receiver:[00:00:00:00:00:00 192.168.3.75]
06-24 17:05:17.961 0 0 W : [2 T1046 ..] [SP FRAME TX] arp rsp,vif_idx:0 sender:[1c:79:2d:20:62:cb 192.168.3.75]receiver:[e2:04:f6:d8:62:00 192.168.3.194]
06-24 17:05:17.990 0 0 W : [2 T1046 ..] [SP FRAME RX] arp req,vif_idx:0 sender:[28:7b:11:70:4f:a5 192.168.3.155]receiver:[00:00:00:00:00:00 192.168.3.75]
06-24 17:05:17.991 0 0 W : [2 T1046 ..] [SP FRAME TX] arp rsp,vif_idx:0 sender:[1c:79:2d:20:62:cb 192.168.3.75]receiver:[28:7b:11:70:4f:a5 192.168.3.155]
06-24 17:05:18.074 0 0 W : [2 T1046 ..] [SP FRAME RX] arp req,vif_idx:0 sender:[d2:07:9a:6e:a7:36 192.168.3.27]receiver:[00:00:00:00:00:00 192.168.3.75]
06-24 17:05:18.075 0 0 W : [2 T1046 ..] [SP FRAME TX] arp rsp,vif_idx:0 sender:[1c:79:2d:20:62:cb 192.168.3.75]receiver:[d2:07:9a:6e:a7:36 192.168.3.27]
06-24 17:05:18.132 0 0 W : [2 T1046 ..] [SP FRAME RX] arp req,vif_idx:0 sender:[12:3c:2c:e1:84:9f 192.168.3.254]receiver:[00:00:00:00:00:00 192.168.3.75]
06-24 17:05:18.133 0 0 W : [2 T1046 ..] [SP FRAME TX] arp rsp,vif_idx:0 sender:[1c:79:2d:20:62:cb 192.168.3.75]receiver:[12:3c:2c:e1:84:9f 192.168.3.254]
06-24 17:05:18.173 0 0 W : [2 T1046 ..] [SP FRAME RX] arp req,vif_idx:0 sender:[10:b2:32:39:59:ba 192.168.3.57]receiver:[00:00:00:00:00:00 192.168.3.75]
06-24 17:05:18.174 0 0 W : [2 T1046 ..] [SP FRAME TX] arp rsp,vif_idx:0 sender:[1c:79:2d:20:62:cb 192.168.3.75]receiver:[10:b2:32:39:59:ba 192.168.3.57]
06-24 17:05:18.233 0 0 W : [2 T1046 ..] [SP FRAME RX] arp req,vif_idx:0 sender:[e2:8e:12:0f:0b:47 192.168.3.123]receiver:[00:00:00:00:00:00 192.168.3.75]
06-24 17:05:18.234 0 0 W : [2 T1046 ..] [SP FRAME TX] arp rsp,vif_idx:0 sender:[1c:79:2d:20:62:cb 192.168.3.75]receiver:[e2:8e:12:0f:0b:47 192.168.3.123]
06-24 17:05:18.236 0 0 W : [2 T1046 ..] [SP FRAME RX] arp req,vif_idx:0 sender:[0c:91:60:12:cd:6e 192.168.3.81]receiver:[00:00:00:00:00:00 192.168.3.75]
06-24 17:05:18.237 0 0 W : [2 T1046 ..] [SP FRAME TX] arp rsp,vif_idx:0 sender:[1c:79:2d:20:62:cb 192.168.3.75]receiver:[0c:91:60:12:cd:6e 192.168.3.81]
06-24 17:05:18.410 0 0 W : [0 T0 .s] [SP FRAME TX] arp req,vif_idx:0 sender:[1c:79:2d:20:62:cb 192.168.3.75]receiver:[00:00:00:00:00:00 192.168.3.3]
06-24 17:05:18.416 0 0 W : [2 T1046 ..] [SP FRAME RX] arp rsp,vif_idx:0 sender:[02:fe:15:17:79:f9 192.168.3.3]receiver:[1c:79:2d:20:62:cb 192.168.3.75]
06-24 17:05:18.450 0 0 W : [2 T1046 ..] [SP FRAME RX] arp req,vif_idx:0 sender:[9a:86:f7:27:5c:25 192.168.3.169]receiver:[00:00:00:00:00:00 192.168.3.75]
06-24 17:05:18.451 0 0 W : [2 T1046 ..] [SP FRAME TX] arp rsp,vif_idx:0 sender:[1c:79:2d:20:62:cb 192.168.3.75]receiver:[9a:86:f7:27:5c:25 192.168.3.169]
06-24 17:05:18.464 0 0 W : [2 T1046 ..] [SP FRAME RX] arp req,vif_idx:0 sender:[02:d1:be:fb:0a:d7 192.168.3.130]receiver:[00:00:00:00:00:00 192.168.3.75]
06-24 17:05:18.465 0 0 W : [2 T1046 ..] [SP FRAME TX] arp rsp,vif_idx:0 sender:[1c:79:2d:20:62:cb 192.168.3.75]receiver:[02:d1:be:fb:0a:d7 192.168.3.130]
06-24 17:05:18.506 0 0 W : [2 T1046 ..] [SP FRAME RX] arp req,vif_idx:0 sender:[28:7b:11:70:4f:bd 192.168.3.156]receiver:[00:00:00:00:00:00 192.168.3.75]
06-24 17:05:18.507 0 0 W : [2 T1046 ..] [SP FRAME TX] arp rsp,vif_idx:0 sender:[1c:79:2d:20:62:cb 192.168.3.75]receiver:[28:7b:11:70:4f:bd 192.168.3.156]
06-24 17:05:18.508 0 0 W : [2 T1046 ..] [SP FRAME RX] arp req,vif_idx:0 sender:[28:7b:11:70:51:1f 192.168.3.44]receiver:[00:00:00:00:00:00 192.168.3.75]
06-24 17:05:18.510 0 0 W : [2 T1046 ..] [SP FRAME TX] arp rsp,vif_idx:0 sender:[1c:79:2d:20:62:cb 192.168.3.75]receiver:[28:7b:11:70:51:1f 192.168.3.44]
06-24 17:05:18.631 0 0 W : [2 T1046 ..] [SP FRAME RX] arp req,vif_idx:0 sender:[da:b8:33:f6:93:fe 192.168.3.89]receiver:[00:00:00:00:00:00 192.168.3.75]
06-24 17:05:18.632 0 0 W : [2 T1046 ..] [SP FRAME TX] arp rsp,vif_idx:0 sender:[1c:79:2d:20:62:cb 192.168.3.75]receiver:[da:b8:33:f6:93:fe 192.168.3.89]
06-24 17:05:18.649 0 0 W : [2 T1046 ..] [SP FRAME RX] arp req,vif_idx:0 sender:[0c:91:60:12:cd:8c 192.168.3.70]receiver:[00:00:00:00:00:00 192.168.3.75]
06-24 17:05:18.649 0 0 W : [2 T1046 ..] [SP FRAME TX] arp rsp,vif_idx:0 sender:[1c:79:2d:20:62:cb 192.168.3.75]receiver:[0c:91:60:12:cd:8c 192.168.3.70]
06-24 17:05:18.738 0 0 W : [2 T1046 ..] [SP FRAME RX] arp req,vif_idx:0 sender:[56:86:a9:ec:10:a8 192.168.3.19]receiver:[00:00:00:00:00:00 192.168.3.75]
06-24 17:05:18.739 0 0 W : [2 T1046 ..] [SP FRAME TX] arp rsp,vif_idx:0 sender:[1c:79:2d:20:62:cb 192.168.3.75]receiver:[56:86:a9:ec:10:a8 192.168.3.19]
06-24 17:05:18.807 0 0 W : [2 T1046 ..] [SP FRAME RX] arp req,vif_idx:0 sender:[fa:f0:09:28:64:31 192.168.3.73]receiver:[00:00:00:00:00:00 192.168.3.75]
06-24 17:05:18.808 0 0 W : [2 T1046 ..] [SP FRAME TX] arp rsp,vif_idx:0 sender:[1c:79:2d:20:62:cb 192.168.3.75]receiver:[fa:f0:09:28:64:31 192.168.3.73]
06-24 17:05:18.876 0 0 W : [2 T1046 ..] [SP FRAME RX] arp req,vif_idx:0 sender:[0c:91:60:12:cd:fc 192.168.3.171]receiver:[00:00:00:00:00:00 192.168.3.75]
06-24 17:05:18.877 0 0 W : [2 T1046 ..] [SP FRAME TX] arp rsp,vif_idx:0 sender:[1c:79:2d:20:62:cb 192.168.3.75]receiver:[0c:91:60:12:cd:fc 192.168.3.171]
06-24 17:05:19.574 0 0 W : [0 T1046 ..] [SP FRAME RX] arp req,vif_idx:0 sender:[14:ea:63:a0:ef:b6 192.168.3.199]receiver:[00:00:00:00:00:00 192.168.3.75]
06-24 17:05:19.575 0 0 W : [0 T1046 ..] [SP FRAME TX] arp rsp,vif_idx:0 sender:[1c:79:2d:20:62:cb 192.168.3.75]receiver:[14:ea:63:a0:ef:b6 192.168.3.199]
06-24 17:05:20.406 0 0 W : [2 T1046 ..] [SP FRAME RX] arp req,vif_idx:0 sender:[02:fe:15:17:79:f9 192.168.3.3]receiver:[00:00:00:00:00:00 192.168.3.75]
06-24 17:05:20.407 0 0 W : [2 T1046 ..] [SP FRAME TX] arp rsp,vif_idx:0 sender:[1c:79:2d:20:62:cb 192.168.3.75]receiver:[02:fe:15:17:79:f9 192.168.3.3]
06-24 17:05:21.482 0 0 W : [2 T1046 .s] [SP FRAME TX] arp req,vif_idx:0 sender:[1c:79:2d:20:62:cb 192.168.3.75]receiver:[00:00:00:00:00:00 192.168.3.123]
06-24 17:05:21.581 0 0 W : [2 T1046 ..] [SP FRAME RX] arp rsp,vif_idx:0 sender:[e2:8e:12:0f:0b:47 192.168.3.123]receiver:[1c:79:2d:20:62:cb 192.168.3.75]
06-24 17:05:21.723 0 0 W : [2 T1046 ..] [SP FRAME RX] arp req,vif_idx:0 sender:[46:97:91:2c:21:8b 192.168.3.204]receiver:[00:00:00:00:00:00 192.168.3.75]
06-24 17:05:21.724 0 0 W : [2 T1046 ..] [SP FRAME TX] arp rsp,vif_idx:0 sender:[1c:79:2d:20:62:cb 192.168.3.75]receiver:[46:97:91:2c:21:8b 192.168.3.204]
06-24 17:05:29.162 0 0 W : [0 T18360 ..] [aml_send_sync_trace 4388] sync token[64076]
06-24 17:05:29.162 0 0 W : [0 T18360 ..] >>> aml_send_msg()
06-24 17:05:29.163 0 0 W : [3 T1041 ..] ipc_sdio_host_msgack_handler 000000003b75a36c
06-24 17:05:29.164 0 0 W : [3 T1041 ..] [aml_msgackind 2039] msg ack hostid=0xffffff80c8f91880
06-24 17:05:29.165 0 0 W : [3 T1041 ..] [cmd_mgr_llind 329] cmd tkn[509] flags:0008 result: -4 cmd: 105-MM_SYNC_TRACE - reqcfm( 0-none)
06-24 17:05:29.166 0 0 W : [3 T1041 ..] [cmd_complete 65] cmd tkn[509] flags:0000 result: -4 cmd: 105-MM_SYNC_TRACE - reqcfm( 0-none)
06-24 17:05:31.726 0 0 W : [0 T0 .s] [SP FRAME TX] arp req,vif_idx:0 sender:[1c:79:2d:20:62:cb 192.168.3.75]receiver:[00:00:00:00:00:00 192.168.3.31]
06-24 17:05:31.732 0 0 W : [1 T1046 ..] [SP FRAME RX] arp rsp,vif_idx:0 sender:[b2:58:c1:bc:d7:cb 192.168.3.31]receiver:[1c:79:2d:20:62:cb 192.168.3.75]
06-24 17:05:31.824 0 0 W : [1 T1046 ..] [SP FRAME RX] arp req,vif_idx:0 sender:[b2:58:c1:bc:d7:cb 192.168.3.31]receiver:[00:00:00:00:00:00 192.168.3.75]
06-24 17:05:31.825 0 0 W : [1 T1046 ..] [SP FRAME TX] arp rsp,vif_idx:0 sender:[1c:79:2d:20:62:cb 192.168.3.75]receiver:[b2:58:c1:bc:d7:cb 192.168.3.31]
06-24 17:05:33.042 0 0 W : [1 T1046 ..] [SP FRAME RX] DHCP[0 1], vif_idx:0
06-24 17:05:33.198 0 0 W : [1 T1046 ..] [SP FRAME RX] arp req,vif_idx:0 sender:[12:3c:2c:e1:84:9f 192.168.3.254]receiver:[00:00:00:00:00:00 192.168.3.75]
06-24 17:05:33.199 0 0 W : [1 T1046 ..] [SP FRAME TX] arp rsp,vif_idx:0 sender:[1c:79:2d:20:62:cb 192.168.3.75]receiver:[12:3c:2c:e1:84:9f 192.168.3.254]
06-24 17:05:33.258 0 0 W : [3 T1711 .s] [SP FRAME TX] arp req,vif_idx:0 sender:[1c:79:2d:20:62:cb 192.168.3.75]receiver:[00:00:00:00:00:00 192.168.3.254]
06-24 17:05:33.280 0 0 W : [1 T1046 ..] [SP FRAME RX] arp rsp,vif_idx:0 sender:[12:3c:2c:e1:84:9f 192.168.3.254]receiver:[1c:79:2d:20:62:cb 192.168.3.75]
06-24 17:05:35.306 0 0 W : [3 T360 .s] [SP FRAME TX] arp req,vif_idx:0 sender:[1c:79:2d:20:62:cb 192.168.3.75]receiver:[00:00:00:00:00:00 192.168.3.215]
06-24 17:05:35.307 0 0 W : [3 T360 .s] [SP FRAME TX] arp req,vif_idx:0 sender:[1c:79:2d:20:62:cb 192.168.3.75]receiver:[00:00:00:00:00:00 192.168.3.204]
06-24 17:05:35.308 0 0 W : [2 T1046 ..] [SP FRAME RX] arp req,vif_idx:0 sender:[10:b2:32:39:59:ba 192.168.3.57]receiver:[00:00:00:00:00:00 192.168.3.75]
06-24 17:05:35.309 0 0 W : [3 T360 .s] [SP FRAME TX] arp req,vif_idx:0 sender:[1c:79:2d:20:62:cb 192.168.3.75]receiver:[00:00:00:00:00:00 192.168.3.176]
06-24 17:05:35.312 0 0 W : [2 T1046 ..] [SP FRAME RX] arp req,vif_idx:0 sender:[e6:6e:3e:02:16:7f 192.168.3.92]receiver:[00:00:00:00:00:00 192.168.3.75]
06-24 17:05:35.312 0 0 W : [3 T360 .s] [SP FRAME TX] arp rsp,vif_idx:0 sender:[1c:79:2d:20:62:cb 192.168.3.75]receiver:[10:b2:32:39:59:ba 192.168.3.57]
06-24 17:05:35.315 0 0 W : [3 T360 .s] [SP FRAME TX] arp rsp,vif_idx:0 sender:[1c:79:2d:20:62:cb 192.168.3.75]receiver:[e6:6e:3e:02:16:7f 192.168.3.92]
06-24 17:05:35.316 0 0 W : [3 T360 .s] [SP FRAME TX] arp req,vif_idx:0 sender:[1c:79:2d:20:62:cb 192.168.3.75]receiver:[00:00:00:00:00:00 192.168.3.147]
06-24 17:05:35.318 0 0 W : [3 T360 .s] [SP FRAME TX] arp req,vif_idx:0 sender:[1c:79:2d:20:62:cb 192.168.3.75]receiver:[00:00:00:00:00:00 192.168.3.129]
06-24 17:05:35.320 0 0 W : [3 T360 .s] [SP FRAME TX] arp req,vif_idx:0 sender:[1c:79:2d:20:62:cb 192.168.3.75]receiver:[00:00:00:00:00:00 192.168.3.92]
06-24 17:05:35.321 0 0 W : [3 T360 .s] [SP FRAME TX] arp req,vif_idx:0 sender:[1c:79:2d:20:62:cb 192.168.3.75]receiver:[00:00:00:00:00:00 192.168.3.57]
06-24 17:05:35.323 0 0 W : [3 T360 .s] [SP FRAME TX] arp req,vif_idx:0 sender:[1c:79:2d:20:62:cb 192.168.3.75]receiver:[00:00:00:00:00:00 192.168.3.36]
06-24 17:05:35.331 0 0 W : [2 T1046 ..] [SP FRAME RX] arp rsp,vif_idx:0 sender:[16:8e:6e:17:dc:41 192.168.3.176]receiver:[1c:79:2d:20:62:cb 192.168.3.75]
06-24 17:05:35.335 0 0 W : [2 T1046 ..] [SP FRAME RX] arp rsp,vif_idx:0 sender:[a2:fe:ec:6e:f0:e5 192.168.3.147]receiver:[1c:79:2d:20:62:cb 192.168.3.75]
06-24 17:05:35.340 0 0 W : [2 T1046 ..] [SP FRAME RX] arp req,vif_idx:0 sender:[16:8e:6e:17:dc:41 192.168.3.176]receiver:[00:00:00:00:00:00 192.168.3.75]
06-24 17:05:35.341 0 0 W : [2 T1046 ..] [SP FRAME TX] arp rsp,vif_idx:0 sender:[1c:79:2d:20:62:cb 192.168.3.75]receiver:[16:8e:6e:17:dc:41 192.168.3.176]
06-24 17:05:35.349 0 0 W : [2 T1046 ..] [SP FRAME RX] arp rsp,vif_idx:0 sender:[e6:6e:3e:02:16:7f 192.168.3.92]receiver:[1c:79:2d:20:62:cb 192.168.3.75]
06-24 17:05:35.370 0 0 W : [2 T1046 ..] [SP FRAME RX] arp rsp,vif_idx:0 sender:[10:b2:32:39:59:ba 192.168.3.57]receiver:[1c:79:2d:20:62:cb 192.168.3.75]
06-24 17:05:35.387 0 0 W : [2 T1046 ..] [SP FRAME RX] arp rsp,vif_idx:0 sender:[e2:38:ab:ac:32:27 192.168.3.215]receiver:[1c:79:2d:20:62:cb 192.168.3.75]
06-24 17:05:35.476 0 0 W : [2 T1046 ..] [SP FRAME RX] arp rsp,vif_idx:0 sender:[b6:86:f8:35:d4:28 192.168.3.36]receiver:[1c:79:2d:20:62:cb 192.168.3.75]
06-24 17:05:35.536 0 0 W : [2 T1046 ..] [SP FRAME RX] arp req,vif_idx:0 sender:[e2:38:ab:ac:32:27 192.168.3.215]receiver:[00:00:00:00:00:00 192.168.3.75]
06-24 17:05:35.537 0 0 W : [2 T1046 ..] [SP FRAME TX] arp rsp,vif_idx:0 sender:[1c:79:2d:20:62:cb 192.168.3.75]receiver:[e2:38:ab:ac:32:27 192.168.3.215]
06-24 17:05:35.539 0 0 W : [2 T1046 ..] [SP FRAME RX] arp req,vif_idx:0 sender:[b6:86:f8:35:d4:28 192.168.3.36]receiver:[00:00:00:00:00:00 192.168.3.75]
06-24 17:05:35.540 0 0 W : [2 T1046 ..] [SP FRAME TX] arp rsp,vif_idx:0 sender:[1c:79:2d:20:62:cb 192.168.3.75]receiver:[b6:86:f8:35:d4:28 192.168.3.36]
06-24 17:05:35.564 0 0 W : [2 T1046 ..] [SP FRAME RX] arp rsp,vif_idx:0 sender:[46:97:91:2c:21:8b 192.168.3.204]receiver:[1c:79:2d:20:62:cb 192.168.3.75]
06-24 17:05:36.330 0 0 W : [3 T1711 .s] [SP FRAME TX] arp req,vif_idx:0 sender:[1c:79:2d:20:62:cb 192.168.3.75]receiver:[00:00:00:00:00:00 192.168.3.129]
06-24 17:05:37.354 0 0 W : [3 T0 .s] [SP FRAME TX] arp req,vif_idx:0 sender:[1c:79:2d:20:62:cb 192.168.3.75]receiver:[00:00:00:00:00:00 192.168.3.129]
06-24 17:05:38.378 0 0 W : [3 T0 .s] [SP FRAME TX] arp req,vif_idx:0 sender:[1c:79:2d:20:62:cb 192.168.3.75]receiver:[00:00:00:00:00:00 192.168.3.129]
06-24 17:05:39.402 0 0 W : [3 T1046 .s] [SP FRAME TX] arp req,vif_idx:0 sender:[1c:79:2d:20:62:cb 192.168.3.75]receiver:[00:00:00:00:00:00 192.168.3.129]
06-24 17:05:39.988 0 0 W [1 T14124 ..] audit: audit_lost=23430 audit_rate_limit=5 audit_backlog_limit=64
06-24 17:05:39.988 0 0 E [1 T14124 ..] audit: rate limit exceeded
06-24 17:05:40.394 0 0 W : [3 T1046 ..] [SP FRAME RX] arp req,vif_idx:0 sender:[c2:04:5a:1e:8c:b3 192.168.3.47]receiver:[00:00:00:00:00:00 192.168.3.75]
06-24 17:05:40.395 0 0 W : [3 T1046 ..] [SP FRAME TX] arp rsp,vif_idx:0 sender:[1c:79:2d:20:62:cb 192.168.3.75]receiver:[c2:04:5a:1e:8c:b3 192.168.3.47]
06-24 17:05:40.426 0 0 W : [3 T264 .s] [SP FRAME TX] arp req,vif_idx:0 sender:[1c:79:2d:20:62:cb 192.168.3.75]receiver:[00:00:00:00:00:00 192.168.3.129]
06-24 17:05:40.427 0 0 W : [3 T264 .s] [SP FRAME TX] arp req,vif_idx:0 sender:[1c:79:2d:20:62:cb 192.168.3.75]receiver:[00:00:00:00:00:00 192.168.3.47]
06-24 17:05:40.496 0 0 W : [1 T1046 ..] [SP FRAME RX] arp rsp,vif_idx:0 sender:[c2:04:5a:1e:8c:b3 192.168.3.47]receiver:[1c:79:2d:20:62:cb 192.168.3.75]
06-24 17:05:41.450 0 0 W : [3 T0 .s] [SP FRAME TX] arp req,vif_idx:0 sender:[1c:79:2d:20:62:cb 192.168.3.75]receiver:[00:00:00:00:00:00 192.168.3.129]
06-24 17:05:41.596 0 0 W : [1 T1046 ..] [SP FRAME RX] arp req,vif_idx:0 sender:[c2:04:5a:1e:8c:b3 192.168.3.47]receiver:[00:00:00:00:00:00 192.168.3.75]
06-24 17:05:41.597 0 0 W : [1 T1046 ..] [SP FRAME TX] arp rsp,vif_idx:0 sender:[1c:79:2d:20:62:cb 192.168.3.75]receiver:[c2:04:5a:1e:8c:b3 192.168.3.47]
06-24 17:05:42.474 0 0 W : [3 T25922 .s] [SP FRAME TX] arp req,vif_idx:0 sender:[1c:79:2d:20:62:cb 192.168.3.75]receiver:[00:00:00:00:00:00 192.168.3.129]
06-24 17:05:43.498 0 0 W : [3 T0 .s] [SP FRAME TX] arp req,vif_idx:0 sender:[1c:79:2d:20:62:cb 192.168.3.75]receiver:[00:00:00:00:00:00 192.168.3.129]
06-24 17:05:44.522 0 0 W : [3 T0 .s] [SP FRAME TX] arp req,vif_idx:0 sender:[1c:79:2d:20:62:cb 192.168.3.75]receiver:[00:00:00:00:00:00 192.168.3.129]
06-24 17:05:45.546 0 0 W : [3 T356 .s] [SP FRAME TX] arp req,vif_idx:0 sender:[1c:79:2d:20:62:cb 192.168.3.75]receiver:[00:00:00:00:00:00 192.168.3.129]
06-24 17:05:46.570 0 0 W : [3 T0 .s] [SP FRAME TX] arp req,vif_idx:0 sender:[1c:79:2d:20:62:cb 192.168.3.75]receiver:[00:00:00:00:00:00 192.168.3.129]
06-24 17:05:47.594 0 0 W : [3 T0 .s] [SP FRAME TX] arp req,vif_idx:0 sender:[1c:79:2d:20:62:cb 192.168.3.75]receiver:[00:00:00:00:00:00 192.168.3.129]
06-24 17:05:48.618 0 0 W : [3 T0 .s] [SP FRAME TX] arp req,vif_idx:0 sender:[1c:79:2d:20:62:cb 192.168.3.75]receiver:[00:00:00:00:00:00 192.168.3.129]
06-24 17:05:49.642 0 0 W : [3 T0 .s] [SP FRAME TX] arp req,vif_idx:0 sender:[1c:79:2d:20:62:cb 192.168.3.75]receiver:[00:00:00:00:00:00 192.168.3.129]
06-24 17:05:50.666 0 0 W : [3 T0 .s] [SP FRAME TX] arp req,vif_idx:0 sender:[1c:79:2d:20:62:cb 192.168.3.75]receiver:[00:00:00:00:00:00 192.168.3.129]
06-24 17:05:50.703 0 0 W : [2 T1046 ..] [SP FRAME RX] arp rsp,vif_idx:0 sender:[3a:fd:3d:ee:5f:54 192.168.3.129]receiver:[1c:79:2d:20:62:cb 192.168.3.75]
06-24 17:05:53.482 0 0 W : [3 T0 .s] [SP FRAME TX] arp req,vif_idx:0 sender:[1c:79:2d:20:62:cb 192.168.3.75]receiver:[00:00:00:00:00:00 192.168.3.123]
06-24 17:05:53.490 0 0 W : [2 T1046 ..] [SP FRAME RX] arp rsp,vif_idx:0 sender:[e2:8e:12:0f:0b:47 192.168.3.123]receiver:[1c:79:2d:20:62:cb 192.168.3.75]
06-24 17:05:53.583 0 0 W : [2 T1046 ..] [SP FRAME RX] arp req,vif_idx:0 sender:[e2:8e:12:0f:0b:47 192.168.3.123]receiver:[00:00:00:00:00:00 192.168.3.75]
06-24 17:05:53.584 0 0 W : [2 T1046 ..] [SP FRAME TX] arp rsp,vif_idx:0 sender:[1c:79:2d:20:62:cb 192.168.3.75]receiver:[e2:8e:12:0f:0b:47 192.168.3.123]
06-24 17:05:53.736 0 0 W : [1 T1046 ..] [SP FRAME RX] arp req,vif_idx:0 sender:[46:97:91:2c:21:8b 192.168.3.204]receiver:[00:00:00:00:00:00 192.168.3.75]
06-24 17:05:53.737 0 0 W : [1 T1046 ..] [SP FRAME TX] arp rsp,vif_idx:0 sender:[1c:79:2d:20:62:cb 192.168.3.75]receiver:[46:97:91:2c:21:8b 192.168.3.204]
06-24 17:06:03.722 0 0 W : [2 T0 .s] [SP FRAME TX] arp req,vif_idx:0 sender:[1c:79:2d:20:62:cb 192.168.3.75]receiver:[00:00:00:00:00:00 192.168.3.31]
06-24 17:06:03.728 0 0 W : [1 T1046 ..] [SP FRAME RX] arp rsp,vif_idx:0 sender:[b2:58:c1:bc:d7:cb 192.168.3.31]receiver:[1c:79:2d:20:62:cb 192.168.3.75]
06-24 17:06:03.813 0 0 W : [2 T1046 ..] [SP FRAME RX] arp req,vif_idx:0 sender:[b2:58:c1:bc:d7:cb 192.168.3.31]receiver:[00:00:00:00:00:00 192.168.3.75]
06-24 17:06:03.814 0 0 W : [2 T1046 ..] [SP FRAME TX] arp rsp,vif_idx:0 sender:[1c:79:2d:20:62:cb 192.168.3.75]receiver:[b2:58:c1:bc:d7:cb 192.168.3.31]
06-24 17:06:05.204 0 0 W : [0 T1046 ..] [SP FRAME RX] arp req,vif_idx:0 sender:[12:3c:2c:e1:84:9f 192.168.3.254]receiver:[00:00:00:00:00:00 192.168.3.75]
06-24 17:06:05.205 0 0 W : [0 T1046 ..] [SP FRAME TX] arp rsp,vif_idx:0 sender:[1c:79:2d:20:62:cb 192.168.3.75]receiver:[12:3c:2c:e1:84:9f 192.168.3.254]
06-24 17:06:05.258 0 0 W : [3 T0 .s] [SP FRAME TX] arp req,vif_idx:0 sender:[1c:79:2d:20:62:cb 192.168.3.75]receiver:[00:00:00:00:00:00 192.168.3.254]
06-24 17:06:05.264 0 0 W : [0 T1046 ..] [SP FRAME RX] arp rsp,vif_idx:0 sender:[12:3c:2c:e1:84:9f 192.168.3.254]receiver:[1c:79:2d:20:62:cb 192.168.3.75]
06-24 17:06:07.306 0 0 W : [3 T1711 .s] [SP FRAME TX] arp req,vif_idx:0 sender:[1c:79:2d:20:62:cb 192.168.3.75]receiver:[00:00:00:00:00:00 192.168.3.215]
06-24 17:06:07.307 0 0 W : [1 T1046 ..] [SP FRAME RX] arp req,vif_idx:0 sender:[10:b2:32:39:59:ba 192.168.3.57]receiver:[00:00:00:00:00:00 192.168.3.75]
06-24 17:06:07.307 0 0 W : [3 T1711 .s] [SP FRAME TX] arp req,vif_idx:0 sender:[1c:79:2d:20:62:cb 192.168.3.75]receiver:[00:00:00:00:00:00 192.168.3.204]
06-24 17:06:07.310 0 0 W : [3 T1711 .s] [SP FRAME TX] arp rsp,vif_idx:0 sender:[1c:79:2d:20:62:cb 192.168.3.75]receiver:[10:b2:32:39:59:ba 192.168.3.57]
06-24 17:06:07.312 0 0 W : [3 T1711 .s] [SP FRAME TX] arp req,vif_idx:0 sender:[1c:79:2d:20:62:cb 192.168.3.75]receiver:[00:00:00:00:00:00 192.168.3.176]
06-24 17:06:07.312 0 0 W : [1 T1046 ..] [SP FRAME RX] arp req,vif_idx:0 sender:[e6:6e:3e:02:16:7f 192.168.3.92]receiver:[00:00:00:00:00:00 192.168.3.75]
06-24 17:06:07.313 0 0 W : [3 T1711 .s] [SP FRAME TX] arp req,vif_idx:0 sender:[1c:79:2d:20:62:cb 192.168.3.75]receiver:[00:00:00:00:00:00 192.168.3.147]
06-24 17:06:07.316 0 0 W : [1 T1046 ..] [SP FRAME RX] arp rsp,vif_idx:0 sender:[e2:38:ab:ac:32:27 192.168.3.215]receiver:[1c:79:2d:20:62:cb 192.168.3.75]
06-24 17:06:07.316 0 0 W : [3 T1711 .s] [SP FRAME TX] arp rsp,vif_idx:0 sender:[1c:79:2d:20:62:cb 192.168.3.75]receiver:[e6:6e:3e:02:16:7f 192.168.3.92]
06-24 17:06:07.318 0 0 W : [1 T1046 ..] [SP FRAME RX] arp rsp,vif_idx:0 sender:[46:97:91:2c:21:8b 192.168.3.204]receiver:[1c:79:2d:20:62:cb 192.168.3.75]
06-24 17:06:07.320 0 0 W : [3 T1711 .s] [SP FRAME TX] arp req,vif_idx:0 sender:[1c:79:2d:20:62:cb 192.168.3.75]receiver:[00:00:00:00:00:00 192.168.3.92]
06-24 17:06:07.323 0 0 W : [3 T1711 .s] [SP FRAME TX] arp req,vif_idx:0 sender:[1c:79:2d:20:62:cb 192.168.3.75]receiver:[00:00:00:00:00:00 192.168.3.57]
06-24 17:06:07.324 0 0 W : [1 T1046 ..] [SP FRAME RX] arp rsp,vif_idx:0 sender:[16:8e:6e:17:dc:41 192.168.3.176]receiver:[1c:79:2d:20:62:cb 192.168.3.75]
06-24 17:06:07.324 0 0 W : [3 T1711 .s] [SP FRAME TX] arp req,vif_idx:0 sender:[1c:79:2d:20:62:cb 192.168.3.75]receiver:[00:00:00:00:00:00 192.168.3.36]
06-24 17:06:07.326 0 0 W : [1 T1046 ..] [SP FRAME RX] arp rsp,vif_idx:0 sender:[a2:fe:ec:6e:f0:e5 192.168.3.147]receiver:[1c:79:2d:20:62:cb 192.168.3.75]
06-24 17:06:07.365 0 0 W : [1 T1046 ..] [SP FRAME RX] arp rsp,vif_idx:0 sender:[10:b2:32:39:59:ba 192.168.3.57]receiver:[1c:79:2d:20:62:cb 192.168.3.75]
06-24 17:06:07.366 0 0 W : [1 T1046 ..] [SP FRAME RX] arp req,vif_idx:0 sender:[16:8e:6e:17:dc:41 192.168.3.176]receiver:[00:00:00:00:00:00 192.168.3.75]
06-24 17:06:07.368 0 0 W : [1 T1046 ..] [SP FRAME TX] arp rsp,vif_idx:0 sender:[1c:79:2d:20:62:cb 192.168.3.75]receiver:[16:8e:6e:17:dc:41 192.168.3.176]
06-24 17:06:07.369 0 0 W : [1 T1046 ..] [SP FRAME RX] arp rsp,vif_idx:0 sender:[e6:6e:3e:02:16:7f 192.168.3.92]receiver:[1c:79:2d:20:62:cb 192.168.3.75]
06-24 17:06:07.384 0 0 W : [1 T1046 ..] [SP FRAME RX] arp rsp,vif_idx:0 sender:[b6:86:f8:35:d4:28 192.168.3.36]receiver:[1c:79:2d:20:62:cb 192.168.3.75]
06-24 17:06:07.490 0 0 W : [1 T1046 ..] [SP FRAME RX] arp req,vif_idx:0 sender:[b6:86:f8:35:d4:28 192.168.3.36]receiver:[00:00:00:00:00:00 192.168.3.75]
06-24 17:06:07.491 0 0 W : [1 T1046 ..] [SP FRAME TX] arp rsp,vif_idx:0 sender:[1c:79:2d:20:62:cb 192.168.3.75]receiver:[b6:86:f8:35:d4:28 192.168.3.36]
06-24 17:06:07.511 0 0 W : [1 T1046 ..] [SP FRAME RX] arp req,vif_idx:0 sender:[e2:38:ab:ac:32:27 192.168.3.215]receiver:[00:00:00:00:00:00 192.168.3.75]
06-24 17:06:07.512 0 0 W : [1 T1046 ..] [SP FRAME TX] arp rsp,vif_idx:0 sender:[1c:79:2d:20:62:cb 192.168.3.75]receiver:[e2:38:ab:ac:32:27 192.168.3.215]
06-24 17:06:16.522 0 0 W : [3 T0 .s] [SP FRAME TX] arp req,vif_idx:0 sender:[1c:79:2d:20:62:cb 192.168.3.75]receiver:[00:00:00:00:00:00 192.168.3.217]
06-24 17:06:16.532 0 0 W : [2 T1046 ..] [SP FRAME RX] arp rsp,vif_idx:0 sender:[b2:33:fc:c9:ef:d5 192.168.3.217]receiver:[1c:79:2d:20:62:cb 192.168.3.75]
06-24 17:06:20.992 0 0 W : [1 T1046 ..] [SP FRAME RX] arp req,vif_idx:0 sender:[b2:33:fc:c9:ef:d5 192.168.3.217]receiver:[00:00:00:00:00:00 192.168.3.75]
06-24 17:06:20.993 0 0 W : [1 T1046 ..] [SP FRAME TX] arp rsp,vif_idx:0 sender:[1c:79:2d:20:62:cb 192.168.3.75]receiver:[b2:33:fc:c9:ef:d5 192.168.3.217]
06-24 17:06:25.017 685 735 V DisplayPowerController2[0]: Brightness [0.05] reason changing to: 'manual [ dim ]', previous reason: 'manual'.
06-24 17:06:25.017 685 735 I DisplayPowerController2[0]: BrightnessEvent: disp=0, physDisp=local:4625716335649126415, brt=0.05, initBrt=0.39763778, rcmdBrt=NaN, preBrt=NaN, lux=0.0, preLux=0.0, hbmMax=1.0, hbmMode=off, rbcStrength=0, thrmMax=1.0, powerFactor=1.0, wasShortTermModelActive=false, flags=, reason=manual [ dim ], autoBrightness=false, strategy=InvalidBrightnessStrategy
06-24 17:06:25.018 685 735 W PowerManagerService: Screen on took 4358200 ms
06-24 17:06:25.676 0 0 W : [2 T1046 ..] [SP FRAME RX] arp req,vif_idx:0 sender:[e2:8e:12:0f:0b:47 192.168.3.123]receiver:[00:00:00:00:00:00 192.168.3.75]
06-24 17:06:25.677 0 0 W : [2 T1046 ..] [SP FRAME TX] arp rsp,vif_idx:0 sender:[1c:79:2d:20:62:cb 192.168.3.75]receiver:[e2:8e:12:0f:0b:47 192.168.3.123]
06-24 17:06:25.679 0 0 W : [2 T1046 ..] [SP FRAME RX] arp req,vif_idx:0 sender:[46:97:91:2c:21:8b 192.168.3.204]receiver:[00:00:00:00:00:00 192.168.3.75]
06-24 17:06:25.680 0 0 W : [2 T1046 ..] [SP FRAME TX] arp rsp,vif_idx:0 sender:[1c:79:2d:20:62:cb 192.168.3.75]receiver:[46:97:91:2c:21:8b 192.168.3.204]
06-24 17:06:25.738 0 0 W : [1 T248 .s] [SP FRAME TX] arp req,vif_idx:0 sender:[1c:79:2d:20:62:cb 192.168.3.75]receiver:[00:00:00:00:00:00 192.168.3.123]
06-24 17:06:25.764 0 0 W : [2 T1046 ..] [SP FRAME RX] arp rsp,vif_idx:0 sender:[e2:8e:12:0f:0b:47 192.168.3.123]receiver:[1c:79:2d:20:62:cb 192.168.3.75]
06-24 17:06:30.602 0 0 W : [0 T21344 ..] [aml_send_sync_trace 4388] sync token[64077]
06-24 17:06:30.602 0 0 W : [0 T21344 ..] >>> aml_send_msg()
06-24 17:06:30.603 0 0 W : [2 T1041 ..] ipc_sdio_host_msgack_handler 00000000298bb6f1
06-24 17:06:30.604 0 0 W : [2 T1041 ..] [aml_msgackind 2039] msg ack hostid=0xffffff809132dc80
06-24 17:06:30.605 0 0 W : [2 T1041 ..] [cmd_mgr_llind 329] cmd tkn[510] flags:0008 result: -4 cmd: 105-MM_SYNC_TRACE - reqcfm( 0-none)
06-24 17:06:30.606 0 0 W : [2 T1041 ..] [cmd_complete 65] cmd tkn[510] flags:0000 result: -4 cmd: 105-MM_SYNC_TRACE - reqcfm( 0-none)
06-24 17:06:31.824 0 0 W : [3 T1046 ..] [SP FRAME RX] DHCP[1 0], vif_idx:0
06-24 17:06:32.081 685 735 I PowerGroup: Napping power group (groupId=0, uid=1000)...
06-24 17:06:32.081 685 735 I PowerManagerService: Nap time (uid 1000)...
06-24 17:06:32.082 685 735 W DreamManagerService: Falling back to default dream ComponentInfo{com.dangbei.lerad.screensaver/com.dangbei.lerad.screensaver.service.ScreenSaverService}
06-24 17:06:32.082 685 735 I DreamManagerService: Entering dreamland.
06-24 17:06:32.083 685 735 I PowerManagerService: Dreaming...
06-24 17:06:32.088 685 708 I DreamController: Starting dream: name=ComponentInfo{com.dangbei.lerad.screensaver/com.dangbei.lerad.screensaver.service.ScreenSaverService}, isPreviewMode=false, canDoze=false, userId=0, reason='power manager request'
06-24 17:06:32.091 901 979 D WindowManagerShell: TvPipMenuController: closeMenu()
06-24 17:06:32.091 901 979 I WindowManagerShell: TvPipMenuController: switchToMenuMode: setting mCurrentMenuMode=MODE_NO_MENU, mPrevMenuMode=MODE_NO_MENU
06-24 17:06:32.093 685 708 D CompatibilityChangeReporter: Compat change id reported: 135634846; UID 10043; state: DISABLED
06-24 17:06:32.095 685 719 D CompatibilityChangeReporter: Compat change id reported: 143937733; UID 10043; state: ENABLED
06-24 17:06:32.095 685 708 D AutofillManagerService: Close system dialogs
06-24 17:06:32.110 685 719 I ActivityManager: Start proc 19478:com.dangbei.lerad.screensaver/u0a43 for service {com.dangbei.lerad.screensaver/com.dangbei.lerad.screensaver.service.ScreenSaverService}
06-24 17:06:32.150 685 1076 D CompatibilityChangeReporter: Compat change id reported: 168419799; UID 10043; state: DISABLED
06-24 17:06:32.150 685 1076 D CompatibilityChangeReporter: Compat change id reported: 273564678; UID 10043; state: DISABLED
06-24 17:06:32.153 685 763 D CompatibilityChangeReporter: Compat change id reported: 265195908; UID 10043; state: ENABLED
06-24 17:06:32.163 685 1076 D CompatibilityChangeReporter: Compat change id reported: 170503758; UID 10043; state: ENABLED
06-24 17:06:32.429 685 1076 D CompatibilityChangeReporter: Compat change id reported: 161145287; UID 10043; state: ENABLED
06-24 17:06:32.597 0 0 W [3 T19531 ..] audit: audit_lost=23431 audit_rate_limit=5 audit_backlog_limit=64
06-24 17:06:32.598 0 0 E [3 T19531 ..] audit: rate limit exceeded
06-24 17:06:32.657 685 708 W ActivityTaskManager: callingPackage for (uid=1000, pid=0) has no WPC
06-24 17:06:32.659 685 708 D CompatibilityChangeReporter: Compat change id reported: 265464455; UID 10043; state: DISABLED
06-24 17:06:32.659 685 708 D CompatibilityChangeReporter: Compat change id reported: 265452344; UID 10043; state: DISABLED
06-24 17:06:32.659 685 708 D CompatibilityChangeReporter: Compat change id reported: 266124927; UID 10043; state: DISABLED
06-24 17:06:32.660 685 708 D CompatibilityChangeReporter: Compat change id reported: 265451093; UID 10043; state: DISABLED
06-24 17:06:32.660 685 708 D CompatibilityChangeReporter: Compat change id reported: 265456536; UID 10043; state: DISABLED
06-24 17:06:32.660 685 708 D CompatibilityChangeReporter: Compat change id reported: 255940284; UID 10043; state: DISABLED
06-24 17:06:32.660 685 708 D CompatibilityChangeReporter: Compat change id reported: 236283604; UID 10043; state: DISABLED
06-24 17:06:32.660 685 708 D CompatibilityChangeReporter: Compat change id reported: 263959004; UID 10043; state: DISABLED
06-24 17:06:32.661 685 708 D CompatibilityChangeReporter: Compat change id reported: 264304459; UID 10043; state: DISABLED
06-24 17:06:32.661 685 708 D CompatibilityChangeReporter: Compat change id reported: 264301586; UID 10043; state: DISABLED
06-24 17:06:32.661 685 708 D CompatibilityChangeReporter: Compat change id reported: 254631730; UID 10043; state: DISABLED
06-24 17:06:32.661 685 708 D CompatibilityChangeReporter: Compat change id reported: 273509367; UID 10043; state: DISABLED
06-24 17:06:32.661 685 708 D CompatibilityChangeReporter: Compat change id reported: 263259275; UID 10043; state: DISABLED
06-24 17:06:32.661 685 708 D CompatibilityChangeReporter: Compat change id reported: 174042980; UID 10043; state: DISABLED
06-24 17:06:32.661 685 708 D CompatibilityChangeReporter: Compat change id reported: 174042936; UID 10043; state: DISABLED
06-24 17:06:32.662 685 708 D CompatibilityChangeReporter: Compat change id reported: 181136395; UID 10043; state: DISABLED
06-24 17:06:32.676 685 708 D CompatibilityChangeReporter: Compat change id reported: 184838306; UID 10043; state: DISABLED
06-24 17:06:32.677 685 708 D CompatibilityChangeReporter: Compat change id reported: 185004937; UID 10043; state: DISABLED
06-24 17:06:32.678 685 708 D CompatibilityChangeReporter: Compat change id reported: 194480991; UID 10043; state: ENABLED
06-24 17:06:32.696 685 708 D CompatibilityChangeReporter: Compat change id reported: 197654537; UID 10043; state: ENABLED
06-24 17:06:32.699 685 708 V SplashScreenExceptionList: SplashScreen checking exception for package com.dangbei.lerad.screensaver (target sdk:34) -> false
06-24 17:06:32.699 685 708 D CompatibilityChangeReporter: Compat change id reported: 205907456; UID 10043; state: ENABLED
06-24 17:06:32.706 901 979 V WindowManagerShell: Transition requested: android.os.BinderProxy@8007b65 TransitionRequestInfo { type = 1, triggerTask = TaskInfo{userId=0 taskId=207 displayId=0 isRunning=true baseIntent=Intent { flg=0x10840000 pkg=com.dangbei.lerad.screensaver cmp=com.dangbei.lerad.screensaver/android.service.dreams.DreamActivity } baseActivity=ComponentInfo{com.dangbei.lerad.screensaver/android.service.dreams.DreamActivity} topActivity=ComponentInfo{com.dangbei.lerad.screensaver/android.service.dreams.DreamActivity} origActivity=null realActivity=ComponentInfo{com.dangbei.lerad.screensaver/android.service.dreams.DreamActivity} numActivities=1 lastActiveTime=21400606 supportsMultiWindow=true resizeMode=0 isResizeable=false minWidth=-1 minHeight=-1 defaultMinSize=220 token=WCT{android.window.IWindowContainerToken$Stub$Proxy@2eb803a} topActivityType=5 pictureInPictureParams=null shouldDockBigOverlays=true launchIntoPipHostTaskId=-1 lastParentTaskIdBeforePip=-1 displayCutoutSafeInsets=null topActivityInfo=ActivityInfo{63374eb android.service.dreams.DreamActivity} launchCookies=[] positionInParent=Point(0, 0) parentTaskId=-1 isFocused=false isVisible=false isVisibleRequested=false isSleeping=false topActivityInSizeCompat=false topActivityEligibleForLetterboxEducation= false isLetterboxDoubleTapEnabled= false topActivityEligibleForUserAspectRatioButton= false topActivityBoundsLetterboxed= false isFromLetterboxDoubleTap= false topActivityLetterboxVerticalPosition= -1 topActivityLetterboxHorizontalPosition= -1 topActivityLetterboxWidth=-1 topActivityLetterboxHeight=-1 isUserFullscreenOverrideEnabled=false isTopActivityTransparent=false locusId=null displayAreaFeatureId=1 cameraCompatControlState=hidden}, remoteTransition = null, displayChange = null, flags = 0 }
06-24 17:06:32.706 685 708 I ActivityTaskManager: START u0 {flg=0x10040000 pkg=com.dangbei.lerad.screensaver cmp=com.dangbei.lerad.screensaver/android.service.dreams.DreamActivity (has extras)} with LAUNCH_SINGLE_INSTANCE from uid 10043 (realCallingUid=1000) (BAL_ALLOW_PENDING_INTENT) result code=0
06-24 17:06:32.715 685 1076 V WindowManager: app ------------- force_land :0
06-24 17:06:32.716 685 1076 V WindowManager: app ------------- force_land :0
06-24 17:06:32.716 685 1076 V WindowManager: app ------------- force_land :0
06-24 17:06:32.798 685 1929 W JobScheduler: Job didn't exist in JobStore: 5dd4856 #u0a90/1 com.ktcp.video/com.tencent.qqlivetv.keeplive.schedulerjob.DaemonJobService
06-24 17:06:32.807 685 15103 W WindowManager: [addWindow] title:com.dangbei.lerad.screensaver/android.service.dreams.DreamActivity
06-24 17:06:32.807 685 1929 W WindowManager: Failed looking up window session=Session{25da88d 19478:u0a10043} callers=com.android.server.wm.WindowManagerService.windowForClientLocked:6077 com.android.server.wm.Session.updateRequestedVisibleTypes:695 android.view.IWindowSession$Stub.onTransact:1034
06-24 17:06:32.824 901 979 D WindowManagerShell: TvPipController: onTaskStackChanged()
06-24 17:06:32.834 685 1929 D CoreBackPreview: Window{e894089 u0 com.dangbei.lerad.screensaver/android.service.dreams.DreamActivity}: Setting back callback OnBackInvokedCallbackInfo{mCallback=android.window.IOnBackInvokedCallback$Stub$Proxy@3abf8af, mPriority=0, mIsAnimationCallback=false}
06-24 17:06:32.916 0 0 I [1 T216 ..] servicemanager: Found android.hardware.graphics.allocator.IAllocator/default in device VINTF manifest.
06-24 17:06:32.919 0 0 I [3 T216 ..] servicemanager: Found android.hardware.graphics.allocator.IAllocator/default in device VINTF manifest.
