06-24 16:48:02.465 901 979 V WindowManagerShell: onTransitionReady android.os.BinderProxy@2cc8d0c: {id=616 t=OPEN f=0x0 trk=0 r=[0@Point(0, 0)] c=[{null m=OPEN f=FILLS_TASK leash=Surface(name=ActivityRecord{d810091 u0 com.dangbei.leard.leradlauncher/com.dangbei.launcher.secondary.app.AppSecondaryActivity)/@0x814b15b sb=Rect(0, 0 - 0, 0) eb=Rect(0, 0 - 1920, 1080) d=-1->0 r=-1->0:-1},{null m=TO_BACK f=FILLS_TASK leash=Surface(name=ActivityRecord{c96a874 u0 com.dangbei.leard.leradlauncher/com.dangbei.launcher.home.LauncherActivity)/@0x63b6df8 sb=Rect(0, 0 - 1920, 1080) eb=Rect(0, 0 - 1920, 1080) d=0}]}
06-24 16:48:02.466 901 979 V WindowManagerShell: Playing animation for (#616)android.os.BinderProxy@2cc8d0c@0
06-24 16:48:02.466 901 979 V WindowManagerShell: try handler com.android.wm.shell.keyguard.KeyguardTransitionHandler@24e2028
06-24 16:48:02.466 901 979 V WindowManagerShell: try handler com.android.wm.shell.pip.tv.TvPipTransition@1141
06-24 16:48:02.466 901 979 V WindowManagerShell: try handler com.android.wm.shell.activityembedding.ActivityEmbeddingController@e8f56e6
06-24 16:48:02.466 901 979 V WindowManagerShell: try handler com.android.wm.shell.transition.RemoteTransitionHandler@b664427
06-24 16:48:02.466 901 979 V WindowManagerShell: Transition doesn't have explicit remote, search filters for match for {id=616 t=OPEN f=0x0 trk=0 r=[0@Point(0, 0)] c=[{null m=OPEN f=FILLS_TASK leash=Surface(name=ActivityRecord{d810091 u0 com.dangbei.leard.leradlauncher/com.dangbei.launcher.secondary.app.AppSecondaryActivity)/@0x814b15b sb=Rect(0, 0 - 0, 0) eb=Rect(0, 0 - 1920, 1080) d=-1->0 r=-1->0:-1},{null m=TO_BACK f=FILLS_TASK leash=Surface(name=ActivityRecord{c96a874 u0 com.dangbei.leard.leradlauncher/com.dangbei.launcher.home.LauncherActivity)/@0x63b6df8 sb=Rect(0, 0 - 1920, 1080) eb=Rect(0, 0 - 1920, 1080) d=0}]}
06-24 16:48:02.466 901 979 V WindowManagerShell: Delegate animation for #616 to null
06-24 16:48:02.466 901 979 V WindowManagerShell: try handler com.android.wm.shell.transition.DefaultTransitionHandler@7916d4
06-24 16:48:02.466 901 979 V WindowManagerShell: start default transition animation, info = {id=616 t=OPEN f=0x0 trk=0 r=[0@Point(0, 0)] c=[{null m=OPEN f=FILLS_TASK leash=Surface(name=ActivityRecord{d810091 u0 com.dangbei.leard.leradlauncher/com.dangbei.launcher.secondary.app.AppSecondaryActivity)/@0x814b15b sb=Rect(0, 0 - 0, 0) eb=Rect(0, 0 - 1920, 1080) d=-1->0 r=-1->0:-1},{null m=TO_BACK f=FILLS_TASK leash=Surface(name=ActivityRecord{c96a874 u0 com.dangbei.leard.leradlauncher/com.dangbei.launcher.home.LauncherActivity)/@0x63b6df8 sb=Rect(0, 0 - 1920, 1080) eb=Rect(0, 0 - 1920, 1080) d=0}]}
06-24 16:48:02.468 901 979 V WindowManagerShell: Transition animation finished (aborted=false), notifying core (#616)android.os.BinderProxy@2cc8d0c@0
06-24 16:48:02.469 685 708 V WindowManager: Finish Transition #616: created at
06-24 16:48:02.335 collect-started=0.076ms request-sent=5.205ms started=10.234ms ready=17.628ms sent=126.972ms finished=133.32ms
06-24 16:48:02.471 901 979 V WindowManagerShell: Track 0 became idle
06-24 16:48:02.471 901 979 V WindowManagerShell: All active transition animations finished
06-24 16:48:02.471 901 979 V WindowManagerShell: animated by com.android.wm.shell.transition.DefaultTransitionHandler@7916d4
06-24 16:48:02.471 901 979 V WindowManagerShell: Track 0 became idle
06-24 16:48:02.472 901 979 V WindowManagerShell: All active transition animations finished
06-24 16:48:02.535 685 709 W ContextImpl: Calling a method in the system process without a qualified user: android.app.ContextImpl.startService:1899 com.android.server.wm.DisplayPolicy.lambda$focusChangedLw$5:2126 com.android.server.wm.DisplayPolicy.$r8$lambda$Znxk63oh-WzVnzo_WQefN7uxV48:0 com.android.server.wm.DisplayPolicy$$ExternalSyntheticLambda13.run:0 android.os.Handler.handleCallback:958
06-24 16:48:03.146 0 0 W : [3 T5988 .s] [SP FRAME TX] arp req,vif_idx:0 sender:[1c:79:2d:20:62:cb 192.168.3.75]receiver:[00:00:00:00:00:00 192.168.3.243]
06-24 16:48:03.442 0 0 W : [2 T1046 ..] [SP FRAME RX] arp req,vif_idx:0 sender:[9a:86:f7:27:5c:25 192.168.3.169]receiver:[00:00:00:00:00:00 192.168.3.75]
06-24 16:48:03.443 0 0 W : [2 T1046 ..] [SP FRAME TX] arp rsp,vif_idx:0 sender:[1c:79:2d:20:62:cb 192.168.3.75]receiver:[9a:86:f7:27:5c:25 192.168.3.169]
06-24 16:48:04.170 0 0 W : [3 T0 .s] [SP FRAME TX] arp req,vif_idx:0 sender:[1c:79:2d:20:62:cb 192.168.3.75]receiver:[00:00:00:00:00:00 192.168.3.243]
06-24 16:48:04.493 0 0 W : [2 T1046 ..] [SP FRAME RX] arp req,vif_idx:0 sender:[0c:91:60:12:cd:6e 192.168.3.81]receiver:[00:00:00:00:00:00 192.168.3.75]
06-24 16:48:04.494 0 0 W : [2 T1046 ..] [SP FRAME TX] arp rsp,vif_idx:0 sender:[1c:79:2d:20:62:cb 192.168.3.75]receiver:[0c:91:60:12:cd:6e 192.168.3.81]
06-24 16:48:04.572 0 0 W : [2 T1046 ..] [SP FRAME RX] arp req,vif_idx:0 sender:[d2:07:9a:6e:a7:36 192.168.3.27]receiver:[00:00:00:00:00:00 192.168.3.75]
06-24 16:48:04.573 0 0 W : [2 T1046 ..] [SP FRAME TX] arp rsp,vif_idx:0 sender:[1c:79:2d:20:62:cb 192.168.3.75]receiver:[d2:07:9a:6e:a7:36 192.168.3.27]
06-24 16:48:04.682 0 0 W : [0 T21344 ..] [aml_send_sync_trace 4388] sync token[64059]
06-24 16:48:04.682 0 0 W : [0 T21344 ..] >>> aml_send_msg()
06-24 16:48:04.683 0 0 W : [1 T1041 ..] ipc_sdio_host_msgack_handler 0000000036eb4393
06-24 16:48:04.684 0 0 W : [1 T1041 ..] [aml_msgackind 2039] msg ack hostid=0xffffff807779f800
06-24 16:48:04.685 0 0 W : [1 T1041 ..] [cmd_mgr_llind 329] cmd tkn[492] flags:0008 result: -4 cmd: 105-MM_SYNC_TRACE - reqcfm( 0-none)
06-24 16:48:04.686 0 0 W : [1 T1041 ..] [cmd_complete 65] cmd tkn[492] flags:0000 result: -4 cmd: 105-MM_SYNC_TRACE - reqcfm( 0-none)
06-24 16:48:04.698 0 0 W : [2 T1046 ..] [SP FRAME RX] arp req,vif_idx:0 sender:[c6:ce:03:3d:c3:bd 192.168.3.118]receiver:[00:00:00:00:00:00 192.168.3.75]
06-24 16:48:04.699 0 0 W : [2 T1046 ..] [SP FRAME TX] arp rsp,vif_idx:0 sender:[1c:79:2d:20:62:cb 192.168.3.75]receiver:[c6:ce:03:3d:c3:bd 192.168.3.118]
06-24 16:48:04.764 0 0 W : [2 T1046 ..] [SP FRAME RX] arp req,vif_idx:0 sender:[28:7b:11:70:51:1f 192.168.3.44]receiver:[00:00:00:00:00:00 192.168.3.75]
06-24 16:48:04.765 0 0 W : [2 T1046 ..] [SP FRAME TX] arp rsp,vif_idx:0 sender:[1c:79:2d:20:62:cb 192.168.3.75]receiver:[28:7b:11:70:51:1f 192.168.3.44]
06-24 16:48:04.998 0 0 W [2 T6019 ..] audit: audit_lost=22869 audit_rate_limit=5 audit_backlog_limit=64
06-24 16:48:04.999 0 0 E [2 T6019 ..] audit: rate limit exceeded
06-24 16:48:05.009 685 13187 E Transition: Trying to add a ready-group twice: Display{#0 state=ON size=1920x1080 ROTATION_0}
06-24 16:48:05.010 685 13187 I ActivityTaskManager: START u0 {cmp=com.dangbei.leard.leradlauncher/.module.search.SearchActivity (has extras)} with LAUNCH_MULTIPLE from uid 1000 (BAL_ALLOW_ALLOWLISTED_UID) result code=0
06-24 16:48:05.010 901 979 V WindowManagerShell: Transition requested: android.os.BinderProxy@5e30837 TransitionRequestInfo { type = 1, triggerTask = TaskInfo{userId=0 taskId=32 displayId=0 isRunning=true baseIntent=Intent { act=android.intent.action.MAIN cat=[android.intent.category.HOME] flg=0x10800100 cmp=com.dangbei.leard.leradlauncher/com.dangbei.launcher.home.LauncherActivity } baseActivity=ComponentInfo{com.dangbei.leard.leradlauncher/com.dangbei.launcher.home.LauncherActivity} topActivity=ComponentInfo{com.dangbei.leard.leradlauncher/com.dangbei.leard.leradlauncher.module.search.SearchActivity} origActivity=null realActivity=ComponentInfo{com.dangbei.leard.leradlauncher/com.dangbei.launcher.home.LauncherActivity} numActivities=3 lastActiveTime=20292909 supportsMultiWindow=true resizeMode=0 isResizeable=false minWidth=-1 minHeight=-1 defaultMinSize=220 token=WCT{android.window.IWindowContainerToken$Stub$Proxy@fb571a4} topActivityType=2 pictureInPictureParams=null shouldDockBigOverlays=true launchIntoPipHostTaskId=-1 lastParentTaskIdBeforePip=-1 displayCutoutSafeInsets=null topActivityInfo=ActivityInfo{1b98b0d com.dangbei.leard.leradlauncher.module.search.SearchActivity} launchCookies=[] positionInParent=Point(0, 0) parentTaskId=-1 isFocused=true isVisible=true isVisibleRequested=true isSleeping=false topActivityInSizeCompat=false topActivityEligibleForLetterboxEducation= false isLetterboxDoubleTapEnabled= false topActivityEligibleForUserAspectRatioButton= false topActivityBoundsLetterboxed= false isFromLetterboxDoubleTap= false topActivityLetterboxVerticalPosition= -1 topActivityLetterboxHorizontalPosition= -1 topActivityLetterboxWidth=-1 topActivityLetterboxHeight=-1 isUserFullscreenOverrideEnabled=false isTopActivityTransparent=false locusId=null displayAreaFeatureId=1 cameraCompatControlState=hidden}, remoteTransition = null, displayChange = null, flags = 0 }
06-24 16:48:05.018 685 24239 V WindowManager: app ------------- force_land :0
06-24 16:48:05.095 685 24239 W WindowManager: Failed looking up window session=Session{e396e2b 1423:1000} callers=com.android.server.wm.WindowManagerService.windowForClientLocked:6077 com.android.server.wm.Session.updateRequestedVisibleTypes:695 android.view.IWindowSession$Stub.onTransact:1034
06-24 16:48:05.096 685 13187 W WindowManager: [addWindow] title:com.dangbei.leard.leradlauncher/com.dangbei.leard.leradlauncher.module.search.SearchActivity
06-24 16:48:05.108 685 13187 D CoreBackPreview: Window{29bc7a9 u0 com.dangbei.leard.leradlauncher/com.dangbei.leard.leradlauncher.module.search.SearchActivity}: Setting back callback OnBackInvokedCallbackInfo{mCallback=android.window.IOnBackInvokedCallback$Stub$Proxy@6cea4cf, mPriority=0, mIsAnimationCallback=false}
06-24 16:48:05.124 901 979 D WindowManagerShell: TvPipController: onTaskStackChanged()
06-24 16:48:05.159 685 708 V WindowManager: Sent Transition #617 createdAt=06-24 16:48:05.000 via request=TransitionRequestInfo { type = 1, triggerTask = TaskInfo{userId=0 taskId=32 displayId=0 isRunning=true baseIntent=Intent { act=android.intent.action.MAIN cat=[android.intent.category.HOME] flg=0x10800100 cmp=com.dangbei.leard.leradlauncher/com.dangbei.launcher.home.LauncherActivity } baseActivity=ComponentInfo{com.dangbei.leard.leradlauncher/com.dangbei.launcher.home.LauncherActivity} topActivity=ComponentInfo{com.dangbei.leard.leradlauncher/com.dangbei.leard.leradlauncher.module.search.SearchActivity} origActivity=null realActivity=ComponentInfo{com.dangbei.leard.leradlauncher/com.dangbei.launcher.home.LauncherActivity} numActivities=3 lastActiveTime=20292909 supportsMultiWindow=true resizeMode=0 isResizeable=false minWidth=-1 minHeight=-1 defaultMinSize=220 token=WCT{RemoteToken{a5d9d8d Task{131419d #32 type=home A=1000:com.dangbei.leard.leradlauncher}}} topActivityType=2 pictureInPictureParams=null shouldDockBigOverlays=true launchIntoPipHostTaskId=-1 lastParentTaskIdBeforePip=-1 displayCutoutSafeInsets=null topActivityInfo=ActivityInfo{139b23a com.dangbei.leard.leradlauncher.module.search.SearchActivity} launchCookies=[] positionInParent=Point(0, 0) parentTaskId=-1 isFocused=true isVisible=true isVisibleRequested=true isSleeping=false topActivityInSizeCompat=false topActivityEligibleForLetterboxEducation= false isLetterboxDoubleTapEnabled= false topActivityEligibleForUserAspectRatioButton= false topActivityBoundsLetterboxed= false isFromLetterboxDoubleTap= false topActivityLetterboxVerticalPosition= -1 topActivityLetterboxHorizontalPosition= -1 topActivityLetterboxWidth=-1 topActivityLetterboxHeight=-1 isUserFullscreenOverrideEnabled=false isTopActivityTransparent=false locusId=null displayAreaFeatureId=1 cameraCompatControlState=hidden}, remoteTransition = null, displayChange = null, flags = 0 }
06-24 16:48:05.159 685 708 V WindowManager: startWCT=WindowContainerTransaction { changes = {} hops = [] errorCallbackToken=null taskFragmentOrganizer=null }
06-24 16:48:05.159 685 708 V WindowManager: info={id=617 t=OPEN f=0x0 trk=0 r=[0@Point(0, 0)] c=[{null m=OPEN f=FILLS_TASK leash=Surface(name=ActivityRecord{227e8e2 u0 com.dangbei.leard.leradlauncher/.module.search.SearchActivity)/@0x34d6e5c sb=Rect(0, 0 - 0, 0) eb=Rect(0, 0 - 1920, 1080) d=-1->0 r=-1->0:-1},{null m=TO_BACK f=FILLS_TASK leash=Surface(name=ActivityRecord{d810091 u0 com.dangbei.leard.leradlauncher/com.dangbei.launcher.secondary.app.AppSecondaryActivity)/@0xe6668d0 sb=Rect(0, 0 - 1920, 1080) eb=Rect(0, 0 - 1920, 1080) d=0}]}
06-24 16:48:05.160 901 979 V WindowManagerShell: onTransitionReady android.os.BinderProxy@5e30837: {id=617 t=OPEN f=0x0 trk=0 r=[0@Point(0, 0)] c=[{null m=OPEN f=FILLS_TASK leash=Surface(name=ActivityRecord{227e8e2 u0 com.dangbei.leard.leradlauncher/.module.search.SearchActivity)/@0xd6c5ac2 sb=Rect(0, 0 - 0, 0) eb=Rect(0, 0 - 1920, 1080) d=-1->0 r=-1->0:-1},{null m=TO_BACK f=FILLS_TASK leash=Surface(name=ActivityRecord{d810091 u0 com.dangbei.leard.leradlauncher/com.dangbei.launcher.secondary.app.AppSecondaryActivity)/@0xed5f0d3 sb=Rect(0, 0 - 1920, 1080) eb=Rect(0, 0 - 1920, 1080) d=0}]}
06-24 16:48:05.162 901 979 V WindowManagerShell: Playing animation for (#617)android.os.BinderProxy@5e30837@0
06-24 16:48:05.162 901 979 V WindowManagerShell: try handler com.android.wm.shell.keyguard.KeyguardTransitionHandler@24e2028
06-24 16:48:05.162 901 979 V WindowManagerShell: try handler com.android.wm.shell.pip.tv.TvPipTransition@1141
06-24 16:48:05.162 901 979 V WindowManagerShell: try handler com.android.wm.shell.activityembedding.ActivityEmbeddingController@e8f56e6
06-24 16:48:05.162 901 979 V WindowManagerShell: try handler com.android.wm.shell.transition.RemoteTransitionHandler@b664427
06-24 16:48:05.163 901 979 V WindowManagerShell: Transition doesn't have explicit remote, search filters for match for {id=617 t=OPEN f=0x0 trk=0 r=[0@Point(0, 0)] c=[{null m=OPEN f=FILLS_TASK leash=Surface(name=ActivityRecord{227e8e2 u0 com.dangbei.leard.leradlauncher/.module.search.SearchActivity)/@0xd6c5ac2 sb=Rect(0, 0 - 0, 0) eb=Rect(0, 0 - 1920, 1080) d=-1->0 r=-1->0:-1},{null m=TO_BACK f=FILLS_TASK leash=Surface(name=ActivityRecord{d810091 u0 com.dangbei.leard.leradlauncher/com.dangbei.launcher.secondary.app.AppSecondaryActivity)/@0xed5f0d3 sb=Rect(0, 0 - 1920, 1080) eb=Rect(0, 0 - 1920, 1080) d=0}]}
06-24 16:48:05.163 901 979 V WindowManagerShell: Delegate animation for #617 to null
06-24 16:48:05.163 901 979 V WindowManagerShell: try handler com.android.wm.shell.transition.DefaultTransitionHandler@7916d4
06-24 16:48:05.163 901 979 V WindowManagerShell: start default transition animation, info = {id=617 t=OPEN f=0x0 trk=0 r=[0@Point(0, 0)] c=[{null m=OPEN f=FILLS_TASK leash=Surface(name=ActivityRecord{227e8e2 u0 com.dangbei.leard.leradlauncher/.module.search.SearchActivity)/@0xd6c5ac2 sb=Rect(0, 0 - 0, 0) eb=Rect(0, 0 - 1920, 1080) d=-1->0 r=-1->0:-1},{null m=TO_BACK f=FILLS_TASK leash=Surface(name=ActivityRecord{d810091 u0 com.dangbei.leard.leradlauncher/com.dangbei.launcher.secondary.app.AppSecondaryActivity)/@0xed5f0d3 sb=Rect(0, 0 - 1920, 1080) eb=Rect(0, 0 - 1920, 1080) d=0}]}
06-24 16:48:05.164 901 979 V WindowManagerShell: Transition animation finished (aborted=false), notifying core (#617)android.os.BinderProxy@5e30837@0
06-24 16:48:05.171 685 708 V WindowManager: Finish Transition #617: created at
06-24 16:48:05.000 collect-started=0.062ms request-sent=8.835ms started=10.637ms ready=20.488ms sent=157.354ms finished=170.248ms
06-24 16:48:05.173 901 979 V WindowManagerShell: Track 0 became idle
06-24 16:48:05.173 901 979 V WindowManagerShell: All active transition animations finished
06-24 16:48:05.173 901 979 V WindowManagerShell: animated by com.android.wm.shell.transition.DefaultTransitionHandler@7916d4
06-24 16:48:05.173 901 979 V WindowManagerShell: Track 0 became idle
06-24 16:48:05.173 901 979 V WindowManagerShell: All active transition animations finished
06-24 16:48:05.194 0 0 W : [3 T248 .s] [SP FRAME TX] arp req,vif_idx:0 sender:[1c:79:2d:20:62:cb 192.168.3.75]receiver:[00:00:00:00:00:00 192.168.3.243]
06-24 16:48:05.215 685 709 W ContextImpl: Calling a method in the system process without a qualified user: android.app.ContextImpl.startService:1899 com.android.server.wm.DisplayPolicy.lambda$focusChangedLw$5:2126 com.android.server.wm.DisplayPolicy.$r8$lambda$Znxk63oh-WzVnzo_WQefN7uxV48:0 com.android.server.wm.DisplayPolicy$$ExternalSyntheticLambda13.run:0 android.os.Handler.handleCallback:958
06-24 16:48:06.096 0 0 W : [2 T1046 ..] [SP FRAME RX] arp req,vif_idx:0 sender:[3a:fd:3d:ee:5f:54 192.168.3.129]receiver:[00:00:00:00:00:00 192.168.3.75]
06-24 16:48:06.097 0 0 W : [2 T1046 ..] [SP FRAME TX] arp rsp,vif_idx:0 sender:[1c:79:2d:20:62:cb 192.168.3.75]receiver:[3a:fd:3d:ee:5f:54 192.168.3.129]
06-24 16:48:06.218 0 0 W : [3 T0 .s] [SP FRAME TX] arp req,vif_idx:0 sender:[1c:79:2d:20:62:cb 192.168.3.75]receiver:[00:00:00:00:00:00 192.168.3.243]
06-24 16:48:07.242 0 0 W : [3 T0 .s] [SP FRAME TX] arp req,vif_idx:0 sender:[1c:79:2d:20:62:cb 192.168.3.75]receiver:[00:00:00:00:00:00 192.168.3.243]
06-24 16:48:08.266 0 0 W : [3 T0 .s] [SP FRAME TX] arp req,vif_idx:0 sender:[1c:79:2d:20:62:cb 192.168.3.75]receiver:[00:00:00:00:00:00 192.168.3.243]
06-24 16:48:09.290 0 0 W : [3 T0 .s] [SP FRAME TX] arp req,vif_idx:0 sender:[1c:79:2d:20:62:cb 192.168.3.75]receiver:[00:00:00:00:00:00 192.168.3.243]
06-24 16:48:09.996 0 0 W : [2 T1046 ..] [SP FRAME RX] arp req,vif_idx:0 sender:[da:b8:33:f6:93:fe 192.168.3.89]receiver:[00:00:00:00:00:00 192.168.3.75]
06-24 16:48:09.997 0 0 W : [2 T1046 ..] [SP FRAME TX] arp rsp,vif_idx:0 sender:[1c:79:2d:20:62:cb 192.168.3.75]receiver:[da:b8:33:f6:93:fe 192.168.3.89]
06-24 16:48:10.043 0 0 W : [2 T1046 ..] [SP FRAME RX] arp req,vif_idx:0 sender:[b6:9c:70:ec:40:e7 192.168.3.65]receiver:[00:00:00:00:00:00 192.168.3.75]
06-24 16:48:10.044 0 0 W : [2 T1046 ..] [SP FRAME TX] arp rsp,vif_idx:0 sender:[1c:79:2d:20:62:cb 192.168.3.75]receiver:[b6:9c:70:ec:40:e7 192.168.3.65]
06-24 16:48:10.318 0 0 W : [3 T1711 .s] [SP FRAME TX] arp req,vif_idx:0 sender:[1c:79:2d:20:62:cb 192.168.3.75]receiver:[00:00:00:00:00:00 192.168.3.243]
06-24 16:48:10.914 0 0 W : [1 T1046 ..] [SP FRAME RX] arp req,vif_idx:0 sender:[28:7b:11:70:4f:a5 192.168.3.155]receiver:[00:00:00:00:00:00 192.168.3.75]
06-24 16:48:10.915 0 0 W : [1 T1046 ..] [SP FRAME TX] arp rsp,vif_idx:0 sender:[1c:79:2d:20:62:cb 192.168.3.75]receiver:[28:7b:11:70:4f:a5 192.168.3.155]
06-24 16:48:11.338 0 0 W : [3 T1711 .s] [SP FRAME TX] arp req,vif_idx:0 sender:[1c:79:2d:20:62:cb 192.168.3.75]receiver:[00:00:00:00:00:00 192.168.3.243]
06-24 16:48:12.202 0 0 W : [0 T1046 ..] [SP FRAME RX] arp req,vif_idx:0 sender:[de:90:cb:50:92:8f 192.168.3.145]receiver:[00:00:00:00:00:00 192.168.3.75]
06-24 16:48:12.203 0 0 W : [0 T1046 ..] [SP FRAME TX] arp rsp,vif_idx:0 sender:[1c:79:2d:20:62:cb 192.168.3.75]receiver:[de:90:cb:50:92:8f 192.168.3.145]
06-24 16:48:12.366 0 0 W : [3 T0 .s] [SP FRAME TX] arp req,vif_idx:0 sender:[1c:79:2d:20:62:cb 192.168.3.75]receiver:[00:00:00:00:00:00 192.168.3.243]
06-24 16:48:12.859 0 0 W : [0 T1046 ..] [SP FRAME RX] arp req,vif_idx:0 sender:[7a:8a:0f:56:00:ca 192.168.3.248]receiver:[00:00:00:00:00:00 192.168.3.75]
06-24 16:48:12.860 0 0 W : [0 T1046 ..] [SP FRAME TX] arp rsp,vif_idx:0 sender:[1c:79:2d:20:62:cb 192.168.3.75]receiver:[7a:8a:0f:56:00:ca 192.168.3.248]
06-24 16:48:13.386 0 0 W : [3 T0 .s] [SP FRAME TX] arp req,vif_idx:0 sender:[1c:79:2d:20:62:cb 192.168.3.75]receiver:[00:00:00:00:00:00 192.168.3.243]
06-24 16:48:14.410 0 0 W : [3 T0 .s] [SP FRAME TX] arp req,vif_idx:0 sender:[1c:79:2d:20:62:cb 192.168.3.75]receiver:[00:00:00:00:00:00 192.168.3.243]
06-24 16:48:14.414 0 0 W : [1 T1046 ..] [SP FRAME RX] arp rsp,vif_idx:0 sender:[ea:f3:28:46:91:6b 192.168.3.243]receiver:[1c:79:2d:20:62:cb 192.168.3.75]
06-24 16:48:15.469 0 0 W : [1 T1046 ..] [SP FRAME RX] arp req,vif_idx:0 sender:[02:d1:be:fb:0a:d7 192.168.3.130]receiver:[00:00:00:00:00:00 192.168.3.75]
06-24 16:48:15.470 0 0 W : [1 T1046 ..] [SP FRAME TX] arp rsp,vif_idx:0 sender:[1c:79:2d:20:62:cb 192.168.3.75]receiver:[02:d1:be:fb:0a:d7 192.168.3.130]
06-24 16:48:15.729 0 0 W : [1 T1046 ..] [SP FRAME RX] arp req,vif_idx:0 sender:[e2:04:f6:d8:62:00 192.168.3.194]receiver:[00:00:00:00:00:00 192.168.3.75]
06-24 16:48:15.730 0 0 W : [1 T1046 ..] [SP FRAME TX] arp rsp,vif_idx:0 sender:[1c:79:2d:20:62:cb 192.168.3.75]receiver:[e2:04:f6:d8:62:00 192.168.3.194]
06-24 16:48:16.161 0 0 W : [1 T1046 ..] [SP FRAME RX] arp req,vif_idx:0 sender:[0c:91:60:12:cd:fc 192.168.3.171]receiver:[00:00:00:00:00:00 192.168.3.75]
06-24 16:48:16.162 0 0 W : [1 T1046 ..] [SP FRAME TX] arp rsp,vif_idx:0 sender:[1c:79:2d:20:62:cb 192.168.3.75]receiver:[0c:91:60:12:cd:fc 192.168.3.171]
06-24 16:48:17.230 0 0 W : [2 T0 .s] [SP FRAME TX] arp req,vif_idx:0 sender:[1c:79:2d:20:62:cb 192.168.3.75]receiver:[00:00:00:00:00:00 192.168.3.123]
06-24 16:48:17.509 0 0 W : [1 T1046 ..] [SP FRAME RX] arp rsp,vif_idx:0 sender:[e2:8e:12:0f:0b:47 192.168.3.123]receiver:[1c:79:2d:20:62:cb 192.168.3.75]
06-24 16:48:23.940 0 0 W : [1 T1046 ..] [SP FRAME RX] arp req,vif_idx:0 sender:[28:7b:11:70:4f:bd 192.168.3.156]receiver:[00:00:00:00:00:00 192.168.3.75]
06-24 16:48:23.941 0 0 W : [1 T1046 ..] [SP FRAME TX] arp rsp,vif_idx:0 sender:[1c:79:2d:20:62:cb 192.168.3.75]receiver:[28:7b:11:70:4f:bd 192.168.3.156]
06-24 16:48:24.131 0 0 W : [1 T1046 ..] [SP FRAME RX] arp req,vif_idx:0 sender:[0c:91:60:12:cd:8c 192.168.3.70]receiver:[00:00:00:00:00:00 192.168.3.75]
06-24 16:48:24.132 0 0 W : [1 T1046 ..] [SP FRAME TX] arp rsp,vif_idx:0 sender:[1c:79:2d:20:62:cb 192.168.3.75]receiver:[0c:91:60:12:cd:8c 192.168.3.70]
06-24 16:48:25.376 0 0 W : [3 T1046 ..] [SP FRAME RX] arp req,vif_idx:0 sender:[92:c8:7a:73:1d:bb 192.168.3.34]receiver:[00:00:00:00:00:00 192.168.3.75]
06-24 16:48:25.377 0 0 W : [3 T1046 ..] [SP FRAME TX] arp rsp,vif_idx:0 sender:[1c:79:2d:20:62:cb 192.168.3.75]receiver:[92:c8:7a:73:1d:bb 192.168.3.34]
06-24 16:48:25.422 0 0 W : [2 T0 .s] [SP FRAME TX] arp req,vif_idx:0 sender:[1c:79:2d:20:62:cb 192.168.3.75]receiver:[00:00:00:00:00:00 192.168.3.34]
06-24 16:48:26.001 0 0 W : [1 T1046 ..] [SP FRAME RX] arp rsp,vif_idx:0 sender:[92:c8:7a:73:1d:bb 192.168.3.34]receiver:[1c:79:2d:20:62:cb 192.168.3.75]
06-24 16:48:26.010 0 0 W : [1 T1046 ..] [SP FRAME RX] arp rsp,vif_idx:0 sender:[92:c8:7a:73:1d:bb 192.168.3.34]receiver:[1c:79:2d:20:62:cb 192.168.3.75]
06-24 16:48:26.948 0 0 W : [1 T1046 ..] [SP FRAME RX] arp req,vif_idx:0 sender:[42:d1:10:74:de:ca 192.168.3.53]receiver:[00:00:00:00:00:00 192.168.3.75]
06-24 16:48:26.949 0 0 W : [1 T1046 ..] [SP FRAME TX] arp rsp,vif_idx:0 sender:[1c:79:2d:20:62:cb 192.168.3.75]receiver:[42:d1:10:74:de:ca 192.168.3.53]
06-24 16:48:27.217 0 0 W : [1 T1046 ..] [SP FRAME RX] arp req,vif_idx:0 sender:[ca:fd:12:4f:e3:96 192.168.3.13]receiver:[00:00:00:00:00:00 192.168.3.75]
06-24 16:48:27.218 0 0 W : [1 T1046 ..] [SP FRAME TX] arp rsp,vif_idx:0 sender:[1c:79:2d:20:62:cb 192.168.3.75]receiver:[ca:fd:12:4f:e3:96 192.168.3.13]
06-24 16:48:28.939 0 0 W : [1 T1046 ..] [SP FRAME RX] arp req,vif_idx:0 sender:[12:3c:2c:e1:84:9f 192.168.3.254]receiver:[00:00:00:00:00:00 192.168.3.75]
06-24 16:48:28.940 0 0 W : [1 T1046 ..] [SP FRAME TX] arp rsp,vif_idx:0 sender:[1c:79:2d:20:62:cb 192.168.3.75]receiver:[12:3c:2c:e1:84:9f 192.168.3.254]
06-24 16:48:29.002 0 0 W : [0 T0 .s] [SP FRAME TX] arp req,vif_idx:0 sender:[1c:79:2d:20:62:cb 192.168.3.75]receiver:[00:00:00:00:00:00 192.168.3.254]
06-24 16:48:29.019 0 0 W : [1 T1046 ..] [SP FRAME RX] arp rsp,vif_idx:0 sender:[12:3c:2c:e1:84:9f 192.168.3.254]receiver:[1c:79:2d:20:62:cb 192.168.3.75]
06-24 16:48:31.050 0 0 W : [0 T248 .s] [SP FRAME TX] arp req,vif_idx:0 sender:[1c:79:2d:20:62:cb 192.168.3.75]receiver:[00:00:00:00:00:00 192.168.3.215]
06-24 16:48:31.051 0 0 W : [0 T248 .s] [SP FRAME TX] arp req,vif_idx:0 sender:[1c:79:2d:20:62:cb 192.168.3.75]receiver:[00:00:00:00:00:00 192.168.3.176]
06-24 16:48:31.053 0 0 W : [0 T248 .s] [SP FRAME TX] arp req,vif_idx:0 sender:[1c:79:2d:20:62:cb 192.168.3.75]receiver:[00:00:00:00:00:00 192.168.3.68]
06-24 16:48:31.054 0 0 W : [0 T248 .s] [SP FRAME TX] arp req,vif_idx:0 sender:[1c:79:2d:20:62:cb 192.168.3.75]receiver:[00:00:00:00:00:00 192.168.3.57]
06-24 16:48:31.056 0 0 W : [0 T248 .s] [SP FRAME TX] arp req,vif_idx:0 sender:[1c:79:2d:20:62:cb 192.168.3.75]receiver:[00:00:00:00:00:00 192.168.3.36]
06-24 16:48:31.086 0 0 W : [2 T1046 ..] [SP FRAME RX] arp rsp,vif_idx:0 sender:[f6:f5:2e:bc:8c:d5 192.168.3.68]receiver:[1c:79:2d:20:62:cb 192.168.3.75]
06-24 16:48:31.087 0 0 W : [2 T1046 ..] [SP FRAME RX] arp rsp,vif_idx:0 sender:[10:b2:32:39:59:ba 192.168.3.57]receiver:[1c:79:2d:20:62:cb 192.168.3.75]
06-24 16:48:31.088 0 0 W : [2 T1046 ..] [SP FRAME RX] arp rsp,vif_idx:0 sender:[e2:38:ab:ac:32:27 192.168.3.215]receiver:[1c:79:2d:20:62:cb 192.168.3.75]
06-24 16:48:31.090 0 0 W : [2 T1046 ..] [SP FRAME RX] arp req,vif_idx:0 sender:[16:8e:6e:17:dc:41 192.168.3.176]receiver:[00:00:00:00:00:00 192.168.3.75]
06-24 16:48:31.091 0 0 W : [2 T1046 ..] [SP FRAME TX] arp rsp,vif_idx:0 sender:[1c:79:2d:20:62:cb 192.168.3.75]receiver:[16:8e:6e:17:dc:41 192.168.3.176]
06-24 16:48:31.093 0 0 W : [2 T1046 ..] [SP FRAME RX] arp rsp,vif_idx:0 sender:[16:8e:6e:17:dc:41 192.168.3.176]receiver:[1c:79:2d:20:62:cb 192.168.3.75]
06-24 16:48:31.094 0 0 W : [2 T1046 ..] [SP FRAME RX] arp rsp,vif_idx:0 sender:[b6:86:f8:35:d4:28 192.168.3.36]receiver:[1c:79:2d:20:62:cb 192.168.3.75]
06-24 16:48:31.104 0 0 W : [2 T1046 ..] [SP FRAME RX] arp req,vif_idx:0 sender:[e2:8e:12:0f:0b:47 192.168.3.123]receiver:[00:00:00:00:00:00 192.168.3.75]
06-24 16:48:31.105 0 0 W : [2 T1046 ..] [SP FRAME TX] arp rsp,vif_idx:0 sender:[1c:79:2d:20:62:cb 192.168.3.75]receiver:[e2:8e:12:0f:0b:47 192.168.3.123]
06-24 16:48:31.200 0 0 W : [2 T1046 ..] [SP FRAME RX] arp req,vif_idx:0 sender:[b6:86:f8:35:d4:28 192.168.3.36]receiver:[00:00:00:00:00:00 192.168.3.75]
06-24 16:48:31.201 0 0 W : [2 T1046 ..] [SP FRAME TX] arp rsp,vif_idx:0 sender:[1c:79:2d:20:62:cb 192.168.3.75]receiver:[b6:86:f8:35:d4:28 192.168.3.36]
06-24 16:48:31.216 0 0 W : [2 T1046 ..] [SP FRAME RX] arp req,vif_idx:0 sender:[e2:38:ab:ac:32:27 192.168.3.215]receiver:[00:00:00:00:00:00 192.168.3.75]
06-24 16:48:31.217 0 0 W : [2 T1046 ..] [SP FRAME TX] arp rsp,vif_idx:0 sender:[1c:79:2d:20:62:cb 192.168.3.75]receiver:[e2:38:ab:ac:32:27 192.168.3.215]
06-24 16:48:31.258 0 0 W : [2 T1046 ..] [SP FRAME RX] arp req,vif_idx:0 sender:[f6:f5:2e:bc:8c:d5 192.168.3.68]receiver:[00:00:00:00:00:00 192.168.3.75]
06-24 16:48:31.259 0 0 W : [2 T1046 ..] [SP FRAME TX] arp rsp,vif_idx:0 sender:[1c:79:2d:20:62:cb 192.168.3.75]receiver:[f6:f5:2e:bc:8c:d5 192.168.3.68]
06-24 16:48:33.852 0 0 W : [3 T1046 ..] [SP FRAME RX] arp req,vif_idx:0 sender:[fa:f0:09:28:64:31 192.168.3.73]receiver:[00:00:00:00:00:00 192.168.3.75]
06-24 16:48:33.853 0 0 W : [3 T1046 ..] [SP FRAME TX] arp rsp,vif_idx:0 sender:[1c:79:2d:20:62:cb 192.168.3.75]receiver:[fa:f0:09:28:64:31 192.168.3.73]
06-24 16:48:35.407 0 0 W : [3 T1046 ..] [SP FRAME RX] arp req,vif_idx:0 sender:[9a:86:f7:27:5c:25 192.168.3.169]receiver:[00:00:00:00:00:00 192.168.3.75]
06-24 16:48:35.407 0 0 W : [3 T1046 ..] [SP FRAME TX] arp rsp,vif_idx:0 sender:[1c:79:2d:20:62:cb 192.168.3.75]receiver:[9a:86:f7:27:5c:25 192.168.3.169]
06-24 16:48:36.501 0 0 W : [3 T1046 ..] [SP FRAME RX] arp req,vif_idx:0 sender:[0c:91:60:12:cd:6e 192.168.3.81]receiver:[00:00:00:00:00:00 192.168.3.75]
06-24 16:48:36.502 0 0 W : [3 T1046 ..] [SP FRAME TX] arp rsp,vif_idx:0 sender:[1c:79:2d:20:62:cb 192.168.3.75]receiver:[0c:91:60:12:cd:6e 192.168.3.81]
06-24 16:48:36.578 0 0 W : [3 T1046 ..] [SP FRAME RX] arp req,vif_idx:0 sender:[d2:07:9a:6e:a7:36 192.168.3.27]receiver:[00:00:00:00:00:00 192.168.3.75]
06-24 16:48:36.579 0 0 W : [3 T1046 ..] [SP FRAME TX] arp rsp,vif_idx:0 sender:[1c:79:2d:20:62:cb 192.168.3.75]receiver:[d2:07:9a:6e:a7:36 192.168.3.27]
06-24 16:48:36.745 0 0 W : [3 T1046 ..] [SP FRAME RX] arp req,vif_idx:0 sender:[c6:ce:03:3d:c3:bd 192.168.3.118]receiver:[00:00:00:00:00:00 192.168.3.75]
06-24 16:48:36.746 0 0 W : [3 T1046 ..] [SP FRAME TX] arp rsp,vif_idx:0 sender:[1c:79:2d:20:62:cb 192.168.3.75]receiver:[c6:ce:03:3d:c3:bd 192.168.3.118]
06-24 16:48:36.753 0 0 W : [3 T1046 ..] [SP FRAME RX] arp req,vif_idx:0 sender:[28:7b:11:70:51:1f 192.168.3.44]receiver:[00:00:00:00:00:00 192.168.3.75]
06-24 16:48:36.754 0 0 W : [3 T1046 ..] [SP FRAME TX] arp rsp,vif_idx:0 sender:[1c:79:2d:20:62:cb 192.168.3.75]receiver:[28:7b:11:70:51:1f 192.168.3.44]
06-24 16:48:38.286 0 0 W : [3 T1046 ..] [SP FRAME RX] arp req,vif_idx:0 sender:[3a:fd:3d:ee:5f:54 192.168.3.129]receiver:[00:00:00:00:00:00 192.168.3.75]
06-24 16:48:38.287 0 0 W : [3 T1046 ..] [SP FRAME TX] arp rsp,vif_idx:0 sender:[1c:79:2d:20:62:cb 192.168.3.75]receiver:[3a:fd:3d:ee:5f:54 192.168.3.129]
06-24 16:48:41.975 0 0 W : [3 T1046 ..] [SP FRAME RX] arp req,vif_idx:0 sender:[b6:9c:70:ec:40:e7 192.168.3.65]receiver:[00:00:00:00:00:00 192.168.3.75]
06-24 16:48:41.976 0 0 W : [3 T1046 ..] [SP FRAME TX] arp rsp,vif_idx:0 sender:[1c:79:2d:20:62:cb 192.168.3.75]receiver:[b6:9c:70:ec:40:e7 192.168.3.65]
06-24 16:48:42.009 0 0 W : [3 T1046 ..] [SP FRAME RX] arp req,vif_idx:0 sender:[da:b8:33:f6:93:fe 192.168.3.89]receiver:[00:00:00:00:00:00 192.168.3.75]
06-24 16:48:42.010 0 0 W : [3 T1046 ..] [SP FRAME TX] arp rsp,vif_idx:0 sender:[1c:79:2d:20:62:cb 192.168.3.75]receiver:[da:b8:33:f6:93:fe 192.168.3.89]
06-24 16:48:42.905 0 0 W : [3 T1046 ..] [SP FRAME RX] arp req,vif_idx:0 sender:[28:7b:11:70:4f:a5 192.168.3.155]receiver:[00:00:00:00:00:00 192.168.3.75]
06-24 16:48:42.906 0 0 W : [3 T1046 ..] [SP FRAME TX] arp rsp,vif_idx:0 sender:[1c:79:2d:20:62:cb 192.168.3.75]receiver:[28:7b:11:70:4f:a5 192.168.3.155]
06-24 16:48:44.231 0 0 W : [3 T1046 ..] [SP FRAME RX] arp req,vif_idx:0 sender:[de:90:cb:50:92:8f 192.168.3.145]receiver:[00:00:00:00:00:00 192.168.3.75]
06-24 16:48:44.232 0 0 W : [3 T1046 ..] [SP FRAME TX] arp rsp,vif_idx:0 sender:[1c:79:2d:20:62:cb 192.168.3.75]receiver:[de:90:cb:50:92:8f 192.168.3.145]
06-24 16:48:44.827 0 0 W : [3 T1046 ..] [SP FRAME RX] arp req,vif_idx:0 sender:[7a:8a:0f:56:00:ca 192.168.3.248]receiver:[00:00:00:00:00:00 192.168.3.75]
06-24 16:48:44.828 0 0 W : [3 T1046 ..] [SP FRAME TX] arp rsp,vif_idx:0 sender:[1c:79:2d:20:62:cb 192.168.3.75]receiver:[7a:8a:0f:56:00:ca 192.168.3.248]
06-24 16:48:47.015 0 0 W : [1 T1046 ..] [SP FRAME RX] arp req,vif_idx:0 sender:[20:57:9e:67:7f:db 192.168.3.98]receiver:[00:00:00:00:00:00 192.168.3.75]
06-24 16:48:47.016 0 0 W : [1 T1046 ..] [SP FRAME TX] arp rsp,vif_idx:0 sender:[1c:79:2d:20:62:cb 192.168.3.75]receiver:[20:57:9e:67:7f:db 192.168.3.98]
06-24 16:48:47.209 0 0 W : [1 T1046 ..] [SP FRAME RX] arp req,vif_idx:0 sender:[02:d1:be:fb:0a:d7 192.168.3.130]receiver:[00:00:00:00:00:00 192.168.3.75]
06-24 16:48:47.210 0 0 W : [1 T1046 ..] [SP FRAME TX] arp rsp,vif_idx:0 sender:[1c:79:2d:20:62:cb 192.168.3.75]receiver:[02:d1:be:fb:0a:d7 192.168.3.130]
06-24 16:48:47.229 0 0 W : [1 T1046 ..] [SP FRAME RX] arp req,vif_idx:0 sender:[56:86:a9:ec:10:a8 192.168.3.19]receiver:[00:00:00:00:00:00 192.168.3.75]
06-24 16:48:47.230 0 0 W : [1 T1046 ..] [SP FRAME TX] arp rsp,vif_idx:0 sender:[1c:79:2d:20:62:cb 192.168.3.75]receiver:[56:86:a9:ec:10:a8 192.168.3.19]
06-24 16:48:47.617 0 0 W : [1 T1046 ..] [SP FRAME RX] arp req,vif_idx:0 sender:[0c:91:60:12:cd:fc 192.168.3.171]receiver:[00:00:00:00:00:00 192.168.3.75]
06-24 16:48:47.618 0 0 W : [1 T1046 ..] [SP FRAME TX] arp rsp,vif_idx:0 sender:[1c:79:2d:20:62:cb 192.168.3.75]receiver:[0c:91:60:12:cd:fc 192.168.3.171]
06-24 16:48:47.726 0 0 W : [1 T1046 ..] [SP FRAME RX] arp req,vif_idx:0 sender:[e2:04:f6:d8:62:00 192.168.3.194]receiver:[00:00:00:00:00:00 192.168.3.75]
06-24 16:48:47.727 0 0 W : [1 T1046 ..] [SP FRAME TX] arp rsp,vif_idx:0 sender:[1c:79:2d:20:62:cb 192.168.3.75]receiver:[e2:04:f6:d8:62:00 192.168.3.194]
06-24 16:48:47.812 0 0 W : [1 T1046 ..] [SP FRAME RX] arp req,vif_idx:0 sender:[28:7b:11:70:4f:bd 192.168.3.156]receiver:[00:00:00:00:00:00 192.168.3.75]
06-24 16:48:47.813 0 0 W : [1 T1046 ..] [SP FRAME TX] arp rsp,vif_idx:0 sender:[1c:79:2d:20:62:cb 192.168.3.75]receiver:[28:7b:11:70:4f:bd 192.168.3.156]
06-24 16:48:47.904 0 0 W : [1 T1046 ..] [SP FRAME RX] arp req,vif_idx:0 sender:[0c:91:60:12:cd:8c 192.168.3.70]receiver:[00:00:00:00:00:00 192.168.3.75]
06-24 16:48:47.905 0 0 W : [1 T1046 ..] [SP FRAME TX] arp rsp,vif_idx:0 sender:[1c:79:2d:20:62:cb 192.168.3.75]receiver:[0c:91:60:12:cd:8c 192.168.3.70]
06-24 16:48:47.899 685 709 D HdmiControlService: Process pid: 685 is calling oneTouchPlay.
06-24 16:48:47.899 685 685 D HdmiControlService: Local device is under address allocation. Save OTP callback for later process.
06-24 16:48:47.902 901 979 D WindowManagerShell: TvPipMenuController: closeMenu()
06-24 16:48:47.903 901 979 I WindowManagerShell: TvPipMenuController: switchToMenuMode: setting mCurrentMenuMode=MODE_NO_MENU, mPrevMenuMode=MODE_NO_MENU
06-24 16:48:47.904 685 708 D AutofillManagerService: Close system dialogs
06-24 16:48:47.917 0 0 W : [1 T1046 ..] [SP FRAME RX] arp req,vif_idx:0 sender:[14:ea:63:a0:ef:b6 192.168.3.199]receiver:[00:00:00:00:00:00 192.168.3.75]
06-24 16:48:47.918 0 0 W : [1 T1046 ..] [SP FRAME TX] arp rsp,vif_idx:0 sender:[1c:79:2d:20:62:cb 192.168.3.75]receiver:[14:ea:63:a0:ef:b6 192.168.3.199]
06-24 16:48:47.913 901 979 V WindowManagerShell: Transition requested: android.os.BinderProxy@404c72f TransitionRequestInfo { type = 1, triggerTask = TaskInfo{userId=0 taskId=32 displayId=0 isRunning=true baseIntent=Intent { act=android.intent.action.MAIN cat=[android.intent.category.HOME] flg=0x10800100 cmp=com.dangbei.leard.leradlauncher/com.dangbei.launcher.home.LauncherActivity } baseActivity=ComponentInfo{com.dangbei.leard.leradlauncher/com.dangbei.launcher.home.LauncherActivity} topActivity=ComponentInfo{com.dangbei.leard.leradlauncher/com.dangbei.launcher.home.LauncherActivity} origActivity=null realActivity=ComponentInfo{com.dangbei.leard.leradlauncher/com.dangbei.launcher.home.LauncherActivity} numActivities=1 lastActiveTime=20335810 supportsMultiWindow=true resizeMode=0 isResizeable=false minWidth=-1 minHeight=-1 defaultMinSize=220 token=WCT{android.window.IWindowContainerToken$Stub$Proxy@813513c} topActivityType=2 pictureInPictureParams=null shouldDockBigOverlays=true launchIntoPipHostTaskId=-1 lastParentTaskIdBeforePip=-1 displayCutoutSafeInsets=null topActivityInfo=ActivityInfo{3620ec5 com.dangbei.launcher.home.LauncherActivity} launchCookies=[] positionInParent=Point(0, 0) parentTaskId=-1 isFocused=true isVisible=true isVisibleRequested=false isSleeping=false topActivityInSizeCompat=false topActivityEligibleForLetterboxEducation= false isLetterboxDoubleTapEnabled= false topActivityEligibleForUserAspectRatioButton= false topActivityBoundsLetterboxed= false isFromLetterboxDoubleTap= false topActivityLetterboxVerticalPosition= -1 topActivityLetterboxHorizontalPosition= -1 topActivityLetterboxWidth=-1 topActivityLetterboxHeight=-1 isUserFullscreenOverrideEnabled=false isTopActivityTransparent=false locusId=null displayAreaFeatureId=1 cameraCompatControlState=hidden}, remoteTransition = null, displayChange = null, flags = 0 }
06-24 16:48:47.914 685 709 I ActivityTaskManager: START u0 {act=android.intent.action.MAIN cat=[android.intent.category.HOME] flg=0x10000100 cmp=com.dangbei.leard.leradlauncher/com.dangbei.launcher.home.LauncherActivity (has extras)} with LAUNCH_SINGLE_TASK from uid 0 (BAL_ALLOW_ALLOWLISTED_UID) result code=3
06-24 16:48:47.915 685 13187 W ActivityTaskManager: Duplicate finish request for r=ActivityRecord{d810091 u0 com.dangbei.leard.leradlauncher/com.dangbei.launcher.secondary.app.AppSecondaryActivity t32 f}}
06-24 16:48:47.916 685 24239 W ActivityTaskManager: Duplicate finish request for r=ActivityRecord{227e8e2 u0 com.dangbei.leard.leradlauncher/.module.search.SearchActivity t32 f}}
06-24 16:48:47.922 685 24239 V WindowManager: app ------------- force_land :0
06-24 16:48:47.931 685 13187 D CoreBackPreview: Window{ca414cd u0 com.dangbei.leard.leradlauncher/com.dangbei.launcher.secondary.app.AppSecondaryActivity}: Setting back callback null
06-24 16:48:47.943 685 717 W UsageStatsService: Unexpected activity event reported! (com.dangbei.leard.leradlauncher/com.dangbei.launcher.secondary.app.AppSecondaryActivity event : 23 instanceId : 255826934)
06-24 16:48:47.986 0 0 W : [1 T1046 ..] [SP FRAME RX] arp req,vif_idx:0 sender:[10:b2:32:39:59:ba 192.168.3.57]receiver:[00:00:00:00:00:00 192.168.3.75]
06-24 16:48:47.987 0 0 W : [1 T1046 ..] [SP FRAME TX] arp rsp,vif_idx:0 sender:[1c:79:2d:20:62:cb 192.168.3.75]receiver:[10:b2:32:39:59:ba 192.168.3.57]
06-24 16:48:48.024 901 979 D WindowManagerShell: TvPipController: onTaskStackChanged()
06-24 16:48:48.056 685 708 V WindowManager: Sent Transition #618 createdAt=06-24 16:48:47.906 via request=TransitionRequestInfo { type = 1, triggerTask = TaskInfo{userId=0 taskId=32 displayId=0 isRunning=true baseIntent=Intent { act=android.intent.action.MAIN cat=[android.intent.category.HOME] flg=0x10800100 cmp=com.dangbei.leard.leradlauncher/com.dangbei.launcher.home.LauncherActivity } baseActivity=ComponentInfo{com.dangbei.leard.leradlauncher/com.dangbei.launcher.home.LauncherActivity} topActivity=ComponentInfo{com.dangbei.leard.leradlauncher/com.dangbei.launcher.home.LauncherActivity} origActivity=null realActivity=ComponentInfo{com.dangbei.leard.leradlauncher/com.dangbei.launcher.home.LauncherActivity} numActivities=1 lastActiveTime=20335810 supportsMultiWindow=true resizeMode=0 isResizeable=false minWidth=-1 minHeight=-1 defaultMinSize=220 token=WCT{RemoteToken{a5d9d8d Task{131419d #32 type=home A=1000:com.dangbei.leard.leradlauncher}}} topActivityType=2 pictureInPictureParams=null shouldDockBigOverlays=true launchIntoPipHostTaskId=-1 lastParentTaskIdBeforePip=-1 displayCutoutSafeInsets=null topActivityInfo=ActivityInfo{f394bcd com.dangbei.launcher.home.LauncherActivity} launchCookies=[] positionInParent=Point(0, 0) parentTaskId=-1 isFocused=true isVisible=true isVisibleRequested=false isSleeping=false topActivityInSizeCompat=false topActivityEligibleForLetterboxEducation= false isLetterboxDoubleTapEnabled= false topActivityEligibleForUserAspectRatioButton= false topActivityBoundsLetterboxed= false isFromLetterboxDoubleTap= false topActivityLetterboxVerticalPosition= -1 topActivityLetterboxHorizontalPosition= -1 topActivityLetterboxWidth=-1 topActivityLetterboxHeight=-1 isUserFullscreenOverrideEnabled=false isTopActivityTransparent=false locusId=null displayAreaFeatureId=1 cameraCompatControlState=hidden}, remoteTransition = null, displayChange = null, flags = 0 }
06-24 16:48:48.057 685 708 V WindowManager: startWCT=WindowContainerTransaction { changes = {} hops = [] errorCallbackToken=null taskFragmentOrganizer=null }
06-24 16:48:48.057 685 708 V WindowManager: info={id=618 t=OPEN f=0x0 trk=0 r=[0@Point(0, 0)] c=[{null m=CLOSE f=FILLS_TASK leash=Surface(name=ActivityRecord{227e8e2 u0 com.dangbei.leard.leradlauncher/.module.search.SearchActivity)/@0x34d6e5c sb=Rect(0, 0 - 1920, 1080) eb=Rect(0, 0 - 1920, 1080) d=0},{null m=TO_FRONT f=FILLS_TASK leash=Surface(name=ActivityRecord{c96a874 u0 com.dangbei.leard.leradlauncher/com.dangbei.launcher.home.LauncherActivity)/@0xdafeeb1 sb=Rect(0, 0 - 1920, 1080) eb=Rect(0, 0 - 1920, 1080) d=0}]}
06-24 16:48:48.063 685 709 W ContextImpl: Calling a method in the system process without a qualified user: android.app.ContextImpl.startService:1899 com.android.server.wm.DisplayPolicy.lambda$focusChangedLw$5:2126 com.android.server.wm.DisplayPolicy.$r8$lambda$Znxk63oh-WzVnzo_WQefN7uxV48:0 com.android.server.wm.DisplayPolicy$$ExternalSyntheticLambda13.run:0 android.os.Handler.handleCallback:958
06-24 16:48:48.063 901 979 V WindowManagerShell: onTransitionReady android.os.BinderProxy@404c72f: {id=618 t=OPEN f=0x0 trk=0 r=[0@Point(0, 0)] c=[{null m=CLOSE f=FILLS_TASK leash=Surface(name=ActivityRecord{227e8e2 u0 com.dangbei.leard.leradlauncher/.module.search.SearchActivity)/@0x29e801a sb=Rect(0, 0 - 1920, 1080) eb=Rect(0, 0 - 1920, 1080) d=0},{null m=TO_FRONT f=FILLS_TASK leash=Surface(name=ActivityRecord{c96a874 u0 com.dangbei.leard.leradlauncher/com.dangbei.launcher.home.LauncherActivity)/@0x6a0a74b sb=Rect(0, 0 - 1920, 1080) eb=Rect(0, 0 - 1920, 1080) d=0}]}
06-24 16:48:48.063 901 979 V WindowManagerShell: Playing animation for (#618)android.os.BinderProxy@404c72f@0
06-24 16:48:48.063 901 979 V WindowManagerShell: try handler com.android.wm.shell.keyguard.KeyguardTransitionHandler@24e2028
06-24 16:48:48.063 901 979 V WindowManagerShell: try handler com.android.wm.shell.pip.tv.TvPipTransition@1141
06-24 16:48:48.063 901 979 V WindowManagerShell: try handler com.android.wm.shell.activityembedding.ActivityEmbeddingController@e8f56e6
06-24 16:48:48.064 901 979 V WindowManagerShell: try handler com.android.wm.shell.transition.RemoteTransitionHandler@b664427
06-24 16:48:48.064 901 979 V WindowManagerShell: Transition doesn't have explicit remote, search filters for match for {id=618 t=OPEN f=0x0 trk=0 r=[0@Point(0, 0)] c=[{null m=CLOSE f=FILLS_TASK leash=Surface(name=ActivityRecord{227e8e2 u0 com.dangbei.leard.leradlauncher/.module.search.SearchActivity)/@0x29e801a sb=Rect(0, 0 - 1920, 1080) eb=Rect(0, 0 - 1920, 1080) d=0},{null m=TO_FRONT f=FILLS_TASK leash=Surface(name=ActivityRecord{c96a874 u0 com.dangbei.leard.leradlauncher/com.dangbei.launcher.home.LauncherActivity)/@0x6a0a74b sb=Rect(0, 0 - 1920, 1080) eb=Rect(0, 0 - 1920, 1080) d=0}]}
06-24 16:48:48.064 901 979 V WindowManagerShell: Delegate animation for #618 to null
06-24 16:48:48.064 901 979 V WindowManagerShell: try handler com.android.wm.shell.transition.DefaultTransitionHandler@7916d4
06-24 16:48:48.064 901 979 V WindowManagerShell: start default transition animation, info = {id=618 t=OPEN f=0x0 trk=0 r=[0@Point(0, 0)] c=[{null m=CLOSE f=FILLS_TASK leash=Surface(name=ActivityRecord{227e8e2 u0 com.dangbei.leard.leradlauncher/.module.search.SearchActivity)/@0x29e801a sb=Rect(0, 0 - 1920, 1080) eb=Rect(0, 0 - 1920, 1080) d=0},{null m=TO_FRONT f=FILLS_TASK leash=Surface(name=ActivityRecord{c96a874 u0 com.dangbei.leard.leradlauncher/com.dangbei.launcher.home.LauncherActivity)/@0x6a0a74b sb=Rect(0, 0 - 1920, 1080) eb=Rect(0, 0 - 1920, 1080) d=0}]}
06-24 16:48:48.066 901 979 V WindowManagerShell: Transition animation finished (aborted=false), notifying core (#618)android.os.BinderProxy@404c72f@0
06-24 16:48:48.067 685 708 V WindowManager: Finish Transition #618: created at
06-24 16:48:47.906 collect-started=0.041ms request-sent=5.765ms started=9.011ms ready=16.81ms sent=148.354ms finished=160.453ms
06-24 16:48:48.069 901 979 V WindowManagerShell: Track 0 became idle
06-24 16:48:48.070 901 979 V WindowManagerShell: All active transition animations finished
06-24 16:48:48.070 901 979 V WindowManagerShell: animated by com.android.wm.shell.transition.DefaultTransitionHandler@7916d4
06-24 16:48:48.070 901 979 V WindowManagerShell: Track 0 became idle
06-24 16:48:48.070 901 979 V WindowManagerShell: All active transition animations finished
06-24 16:48:48.109 685 751 D CoreBackPreview: Window{29bc7a9 u0 com.dangbei.leard.leradlauncher/com.dangbei.leard.leradlauncher.module.search.SearchActivity}: Setting back callback null
06-24 16:48:49.226 0 0 W : [1 T6598 .s] [SP FRAME TX] arp req,vif_idx:0 sender:[1c:79:2d:20:62:cb 192.168.3.75]receiver:[00:00:00:00:00:00 192.168.3.123]
06-24 16:48:49.305 0 0 W : [1 T1046 ..] [SP FRAME RX] arp rsp,vif_idx:0 sender:[e2:8e:12:0f:0b:47 192.168.3.123]receiver:[1c:79:2d:20:62:cb 192.168.3.75]
06-24 16:48:57.986 0 0 I : [0 T716 ..] xhci-hcd-meson xhci-hcd-meson.1.auto: aml_xhci_alloc_dev, slot=1
06-24 16:48:58.118 0 0 I : [0 T716 ..] usb 3-1: new high-speed USB device number 3 using xhci-hcd-meson
06-24 16:48:58.267 0 0 I : [0 T716 ..] usb 3-1: New USB device found, idVendor=0781, idProduct=5597, bcdDevice= 1.00
06-24 16:48:58.268 0 0 I : [0 T716 ..] usb 3-1: New USB device strings: Mfr=1, Product=2, SerialNumber=3
06-24 16:48:58.269 0 0 I : [0 T716 ..] usb 3-1: Product: SanDisk 3.2Gen1
06-24 16:48:58.269 0 0 I : [0 T716 ..] usb 3-1: Manufacturer: USB
06-24 16:48:58.270 0 0 I : [0 T716 ..] usb 3-1: SerialNumber: 0901ce1ed833d6cb71cb731f51fc9f3b7f355bb8eb804b7a5214f9f9d454dca2f3a200000000000000000000cdd8935e0096512097558107bab08095
06-24 16:48:58.279 0 0 I : [0 T716 ..] usb-storage 3-1:1.0: USB Mass Storage device detected
06-24 16:48:58.296 0 0 I : [0 T716 ..] scsi host0: usb-storage 3-1:1.0
06-24 16:48:58.372 685 900 D UsbHostManager: USB device attached: vidpid 0781:5597 mfg/product/ver/serial USB/ SanDisk 3.2Gen1/1.00/0901ce1ed833d6cb71cb731f51fc9f3b7f355bb8eb804b7a5214f9f9d454dca2f3a200000000000000000000cdd8935e0096512097558107bab08095 hasAudio/HID/Storage: false/false/true
06-24 16:48:58.374 685 900 D UsbHostManager: Added device UsbDevice[mName=/dev/bus/usb/003/003,mVendorId=1921,mProductId=21911,mClass=0,mSubclass=0,mProtocol=0,mManufacturerName= USB,mProductName= SanDisk 3.2Gen1,mVersion=1.00,mSerialNumberReader=com.android.server.usb.UsbSerialReader@3eceab, mHasAudioPlayback=false, mHasAudioCapture=false, mHasMidi=false, mHasVideoCapture=false, mHasVideoPlayback=false, mConfigurations=[
06-24 16:48:58.374 685 900 D UsbHostManager: UsbConfiguration[mId=1,mName=null,mAttributes=128,mMaxPower=112,mInterfaces=[
06-24 16:48:58.374 685 900 D UsbHostManager: UsbInterface[mId=0,mAlternateSetting=0,mName=null,mClass=8,mSubclass=6,mProtocol=80,mEndpoints=[
06-24 16:48:58.374 685 900 D UsbHostManager: UsbEndpoint[mAddress=129,mAttributes=2,mMaxPacketSize=512,mInterval=0]
06-24 16:48:58.374 685 900 D UsbHostManager: UsbEndpoint[mAddress=2,mAttributes=2,mMaxPacketSize=512,mInterval=0]]]]
06-24 16:48:58.376 685 718 D ActivityManager: sync unfroze 24208 com.dangbei.health.fitness for 3
06-24 16:48:58.381 685 718 D ActivityManager: sync unfroze 9906 com.tencent.karaoketv:lan for 3
06-24 16:48:58.382 685 718 D ActivityManager: sync unfroze 9541 com.tencent.karaoketv for 3
06-24 16:48:58.383 685 900 E UsbAlsaManager: usbDeviceAdded(): cannot find sound card for /dev/bus/usb/003/003
06-24 16:48:58.389 685 718 D ActivityManager: sync unfroze 30169 com.qq.cleaning for 3
06-24 16:48:58.402 685 718 D ActivityManager: sync unfroze 2305 android.process.media for 3
06-24 16:48:58.403 2305 2305 W Looper : Slow delivery took 45490ms main h=android.database.sqlite.SQLiteConnectionPool$IdleConnectionHandler c=null m=1
06-24 16:48:58.406 2305 2305 W Looper : Drained
06-24 16:48:58.453 685 9054 W ActivityManager: Unable to start service Intent { act=com.audiocn.karaoke.KaraokeService pkg=com.audiocn.karaoke.micmanager } U=0: not found
06-24 16:48:58.455 685 9054 W ActivityManager: Unable to start service Intent { act=com.audiocn.karaoke.KaraokeService pkg=com.audiocn.karaoke.micmanager } U=0: not found
06-24 16:48:58.455 9541 9541 W Looper : Slow delivery took 732120ms main h=com.audiocn.karaoke.micmanager.ManagerHandle$1 c=com.audiocn.karaoke.micmanager.KaraokeManager$4@788564e m=0
06-24 16:48:58.456 685 9054 W ActivityManager: Unable to start service Intent { act=com.audiocn.karaoke.KaraokeService pkg=com.audiocn.karaoke.micmanager } U=0: not found
06-24 16:48:58.457 685 9054 W ActivityManager: Unable to start service Intent { act=com.audiocn.karaoke.KaraokeService pkg=com.audiocn.karaoke.micmanager } U=0: not found
06-24 16:48:58.460 685 9054 W ActivityManager: Unable to start service Intent { act=com.audiocn.karaoke.KaraokeService pkg=com.audiocn.karaoke.micmanager } U=0: not found
06-24 16:48:58.461 685 9054 W ActivityManager: Unable to start service Intent { act=com.audiocn.karaoke.KaraokeService pkg=com.audiocn.karaoke.micmanager } U=0: not found
06-24 16:48:58.461 685 9054 W ActivityManager: Unable to start service Intent { act=com.audiocn.karaoke.KaraokeService pkg=com.audiocn.karaoke.micmanager } U=0: not found
06-24 16:48:58.462 685 9054 W ActivityManager: Unable to start service Intent { act=com.audiocn.karaoke.KaraokeService pkg=com.audiocn.karaoke.micmanager } U=0: not found
06-24 16:48:58.644 0 0 W [1 T6685 ..] audit: audit_lost=22876 audit_rate_limit=5 audit_backlog_limit=64
06-24 16:48:58.644 0 0 E [1 T6685 ..] audit: rate limit exceeded
06-24 16:48:58.967 0 0 W : [2 T1046 ..] [SP FRAME RX] arp req,vif_idx:0 sender:[42:d1:10:74:de:ca 192.168.3.53]receiver:[00:00:00:00:00:00 192.168.3.75]
06-24 16:48:58.967 0 0 W : [2 T1046 ..] [SP FRAME TX] arp rsp,vif_idx:0 sender:[1c:79:2d:20:62:cb 192.168.3.75]receiver:[42:d1:10:74:de:ca 192.168.3.53]
06-24 16:48:59.189 0 0 W : [2 T1046 ..] [SP FRAME RX] arp req,vif_idx:0 sender:[ca:fd:12:4f:e3:96 192.168.3.13]receiver:[00:00:00:00:00:00 192.168.3.75]
06-24 16:48:59.190 0 0 W : [2 T1046 ..] [SP FRAME TX] arp rsp,vif_idx:0 sender:[1c:79:2d:20:62:cb 192.168.3.75]receiver:[ca:fd:12:4f:e3:96 192.168.3.13]
06-24 16:48:59.307 0 0 I : [0 T716 ..] scsi 0:0:0:0: Direct-Access USB SanDisk 3.2Gen1 1.00 PQ: 0 ANSI: 6
06-24 16:48:59.322 0 0 I : [2 T11809 ..] sd 0:0:0:0: [sda] 120164352 512-byte logical blocks: (61.5 GB/57.3 GiB)
06-24 16:48:59.323 0 0 I : [0 T11809 ..] sd 0:0:0:0: [sda] Write Protect is off
06-24 16:48:59.323 0 0 D : [0 T11809 ..] sd 0:0:0:0: [sda] Mode Sense: 43 00 00 00
06-24 16:48:59.324 0 0 I : [2 T11809 ..] sd 0:0:0:0: [sda] Write cache: disabled, read cache: enabled, doesn't support DPO or FUA
06-24 16:48:59.346 0 0 I [2 T11809 ..] sda: sda1
06-24 16:48:59.344 231 245 D vold : /system/bin/sgdisk
06-24 16:48:59.344 231 245 D vold : --android-dump
06-24 16:48:59.344 231 245 D vold : /dev/block/vold/disk:8,0
06-24 16:48:59.366 0 0 I : [1 T11809 ..] sd 0:0:0:0: [sda] Attached SCSI removable disk
06-24 16:48:59.396 231 245 D vold : DISK mbr
06-24 16:48:59.396 231 245 D vold : PART 1 c
06-24 16:48:59.397 231 245 I vold : fail to access physical dev:/dev/block/sda
06-24 16:48:59.448 231 245 I vold : now can access :/dev/block/sda1
06-24 16:48:59.449 231 245 W vold : table kMbr part type 12
06-24 16:48:59.450 685 800 I StorageManagerService: Mounting volume VolumeInfo{public:8,1}:
