06-24 16:57:01.311 0 0 W : [2 T1046 ..] [SP FRAME RX] arp rsp,vif_idx:0 sender:[12:3c:2c:e1:84:9f 192.168.3.254]receiver:[1c:79:2d:20:62:cb 192.168.3.75]
06-24 16:57:03.216 0 0 W : [2 T1046 ..] [SP FRAME RX] arp req,vif_idx:0 sender:[b6:86:f8:35:d4:28 192.168.3.36]receiver:[00:00:00:00:00:00 192.168.3.75]
06-24 16:57:03.217 0 0 W : [2 T1046 ..] [SP FRAME TX] arp rsp,vif_idx:0 sender:[1c:79:2d:20:62:cb 192.168.3.75]receiver:[b6:86:f8:35:d4:28 192.168.3.36]
06-24 16:57:03.284 0 0 W : [2 T1046 ..] [SP FRAME RX] arp req,vif_idx:0 sender:[e6:6e:3e:02:16:7f 192.168.3.92]receiver:[00:00:00:00:00:00 192.168.3.75]
06-24 16:57:03.285 0 0 W : [2 T1046 ..] [SP FRAME TX] arp rsp,vif_idx:0 sender:[1c:79:2d:20:62:cb 192.168.3.75]receiver:[e6:6e:3e:02:16:7f 192.168.3.92]
06-24 16:57:03.306 0 0 W : [0 T0 .s] [SP FRAME TX] arp req,vif_idx:0 sender:[1c:79:2d:20:62:cb 192.168.3.75]receiver:[00:00:00:00:00:00 192.168.3.215]
06-24 16:57:03.307 0 0 W : [0 T0 .s] [SP FRAME TX] arp req,vif_idx:0 sender:[1c:79:2d:20:62:cb 192.168.3.75]receiver:[00:00:00:00:00:00 192.168.3.176]
06-24 16:57:03.309 0 0 W : [0 T0 .s] [SP FRAME TX] arp req,vif_idx:0 sender:[1c:79:2d:20:62:cb 192.168.3.75]receiver:[00:00:00:00:00:00 192.168.3.92]
06-24 16:57:03.310 0 0 W : [0 T0 .s] [SP FRAME TX] arp req,vif_idx:0 sender:[1c:79:2d:20:62:cb 192.168.3.75]receiver:[00:00:00:00:00:00 192.168.3.57]
06-24 16:57:03.312 0 0 W : [0 T0 .s] [SP FRAME TX] arp req,vif_idx:0 sender:[1c:79:2d:20:62:cb 192.168.3.75]receiver:[00:00:00:00:00:00 192.168.3.36]
06-24 16:57:03.321 0 0 W : [2 T1046 ..] [SP FRAME RX] arp rsp,vif_idx:0 sender:[e6:6e:3e:02:16:7f 192.168.3.92]receiver:[1c:79:2d:20:62:cb 192.168.3.75]
06-24 16:57:03.325 0 0 W : [2 T1046 ..] [SP FRAME RX] arp rsp,vif_idx:0 sender:[b6:86:f8:35:d4:28 192.168.3.36]receiver:[1c:79:2d:20:62:cb 192.168.3.75]
06-24 16:57:03.334 0 0 W : [2 T1046 ..] [SP FRAME RX] arp req,vif_idx:0 sender:[16:8e:6e:17:dc:41 192.168.3.176]receiver:[00:00:00:00:00:00 192.168.3.75]
06-24 16:57:03.335 0 0 W : [2 T1046 ..] [SP FRAME TX] arp rsp,vif_idx:0 sender:[1c:79:2d:20:62:cb 192.168.3.75]receiver:[16:8e:6e:17:dc:41 192.168.3.176]
06-24 16:57:03.337 0 0 W : [2 T1046 ..] [SP FRAME RX] arp rsp,vif_idx:0 sender:[16:8e:6e:17:dc:41 192.168.3.176]receiver:[1c:79:2d:20:62:cb 192.168.3.75]
06-24 16:57:03.339 0 0 W : [2 T1046 ..] [SP FRAME RX] arp rsp,vif_idx:0 sender:[e2:38:ab:ac:32:27 192.168.3.215]receiver:[1c:79:2d:20:62:cb 192.168.3.75]
06-24 16:57:03.367 0 0 W : [2 T1046 ..] [SP FRAME RX] arp rsp,vif_idx:0 sender:[10:b2:32:39:59:ba 192.168.3.57]receiver:[1c:79:2d:20:62:cb 192.168.3.75]
06-24 16:57:03.477 0 0 W [1 T13625 ..] audit: audit_lost=23228 audit_rate_limit=5 audit_backlog_limit=64
06-24 16:57:03.477 0 0 E [1 T13625 ..] audit: rate limit exceeded
06-24 16:57:03.515 0 0 W : [2 T1046 ..] [SP FRAME RX] arp req,vif_idx:0 sender:[e2:38:ab:ac:32:27 192.168.3.215]receiver:[00:00:00:00:00:00 192.168.3.75]
06-24 16:57:03.516 0 0 W : [2 T1046 ..] [SP FRAME TX] arp rsp,vif_idx:0 sender:[1c:79:2d:20:62:cb 192.168.3.75]receiver:[e2:38:ab:ac:32:27 192.168.3.215]
06-24 16:57:07.658 0 0 W : [0 T0 .s] [SP FRAME TX] arp req,vif_idx:0 sender:[1c:79:2d:20:62:cb 192.168.3.75]receiver:[00:00:00:00:00:00 192.168.3.45]
06-24 16:57:07.672 0 0 W : [3 T1046 ..] [SP FRAME RX] arp rsp,vif_idx:0 sender:[82:d8:26:78:cd:e3 192.168.3.45]receiver:[1c:79:2d:20:62:cb 192.168.3.75]
06-24 16:57:07.811 0 0 W : [3 T1046 ..] [SP FRAME RX] arp req,vif_idx:0 sender:[82:d8:26:78:cd:e3 192.168.3.45]receiver:[00:00:00:00:00:00 192.168.3.75]
06-24 16:57:07.812 0 0 W : [3 T1046 ..] [SP FRAME TX] arp rsp,vif_idx:0 sender:[1c:79:2d:20:62:cb 192.168.3.75]receiver:[82:d8:26:78:cd:e3 192.168.3.45]
06-24 16:57:15.850 0 0 W : [2 T0 .s] [SP FRAME TX] arp req,vif_idx:0 sender:[1c:79:2d:20:62:cb 192.168.3.75]receiver:[00:00:00:00:00:00 192.168.3.148]
06-24 16:57:15.877 0 0 W : [2 T1046 ..] [SP FRAME RX] arp rsp,vif_idx:0 sender:[a6:b5:32:b5:93:dc 192.168.3.148]receiver:[1c:79:2d:20:62:cb 192.168.3.75]
06-24 16:57:17.645 0 0 W : [0 T11155 ..] [aml_send_sync_trace 4388] sync token[64068]
06-24 16:57:17.645 0 0 W : [0 T11155 ..] >>> aml_send_msg()
06-24 16:57:17.646 0 0 W : [3 T1041 ..] ipc_sdio_host_msgack_handler 000000003e975296
06-24 16:57:17.646 0 0 W : [3 T1041 ..] [aml_msgackind 2039] msg ack hostid=0xffffff80a698c900
06-24 16:57:17.647 0 0 W : [3 T1041 ..] [cmd_mgr_llind 329] cmd tkn[501] flags:0008 result: -4 cmd: 105-MM_SYNC_TRACE - reqcfm( 0-none)
06-24 16:57:17.649 0 0 W : [3 T1041 ..] [cmd_complete 65] cmd tkn[501] flags:0000 result: -4 cmd: 105-MM_SYNC_TRACE - reqcfm( 0-none)
06-24 16:57:19.125 685 12511 V SplashScreenExceptionList: SplashScreen checking exception for package com.dangbei.leard.leradlauncher (target sdk:28) -> false
06-24 16:57:19.129 685 12511 I ActivityTaskManager: START u0 {cmp=com.dangbei.leard.leradlauncher/.module.app.AppDetailActivity (has extras)} with LAUNCH_SINGLE_TASK from uid 1000 (BAL_ALLOW_ALLOWLISTED_UID) result code=0
06-24 16:57:19.129 901 979 V WindowManagerShell: Transition requested: android.os.BinderProxy@7a3fbe2 TransitionRequestInfo { type = 1, triggerTask = TaskInfo{userId=0 taskId=200 displayId=0 isRunning=true baseIntent=Intent { flg=0x10800000 cmp=com.dangbei.leard.leradlauncher/.module.app.AppDetailActivity } baseActivity=ComponentInfo{com.dangbei.leard.leradlauncher/com.dangbei.leard.leradlauncher.module.app.AppDetailActivity} topActivity=ComponentInfo{com.dangbei.leard.leradlauncher/com.dangbei.leard.leradlauncher.module.app.AppDetailActivity} origActivity=null realActivity=ComponentInfo{com.dangbei.leard.leradlauncher/com.dangbei.leard.leradlauncher.module.app.AppDetailActivity} numActivities=1 lastActiveTime=20847029 supportsMultiWindow=true resizeMode=1 isResizeable=true minWidth=-1 minHeight=-1 defaultMinSize=220 token=WCT{android.window.IWindowContainerToken$Stub$Proxy@a5d4b73} topActivityType=1 pictureInPictureParams=null shouldDockBigOverlays=true launchIntoPipHostTaskId=-1 lastParentTaskIdBeforePip=-1 displayCutoutSafeInsets=null topActivityInfo=ActivityInfo{4a85a30 com.dangbei.leard.leradlauncher.module.app.AppDetailActivity} launchCookies=[] positionInParent=Point(0, 0) parentTaskId=-1 isFocused=false isVisible=false isVisibleRequested=false isSleeping=false topActivityInSizeCompat=false topActivityEligibleForLetterboxEducation= false isLetterboxDoubleTapEnabled= false topActivityEligibleForUserAspectRatioButton= false topActivityBoundsLetterboxed= false isFromLetterboxDoubleTap= false topActivityLetterboxVerticalPosition= -1 topActivityLetterboxHorizontalPosition= -1 topActivityLetterboxWidth=-1 topActivityLetterboxHeight=-1 isUserFullscreenOverrideEnabled=false isTopActivityTransparent=false locusId=null displayAreaFeatureId=1 cameraCompatControlState=hidden}, remoteTransition = null, displayChange = null, flags = 0 }
06-24 16:57:19.138 685 6903 V WindowManager: app ------------- force_land :0
06-24 16:57:19.197 685 6903 W WindowManager: [addWindow] title:com.dangbei.leard.leradlauncher/com.dangbei.leard.leradlauncher.module.app.AppDetailActivity
06-24 16:57:19.197 685 11707 W WindowManager: Failed looking up window session=Session{e396e2b 1423:1000} callers=com.android.server.wm.WindowManagerService.windowForClientLocked:6077 com.android.server.wm.Session.updateRequestedVisibleTypes:695 android.view.IWindowSession$Stub.onTransact:1034
06-24 16:57:19.203 685 6903 D CoreBackPreview: Window{d552f70 u0 com.dangbei.leard.leradlauncher/com.dangbei.leard.leradlauncher.module.app.AppDetailActivity}: Setting back callback OnBackInvokedCallbackInfo{mCallback=android.window.IOnBackInvokedCallback$Stub$Proxy@f35eb6e, mPriority=0, mIsAnimationCallback=false}
06-24 16:57:19.243 901 979 D WindowManagerShell: TvPipController: onTaskStackChanged()
06-24 16:57:19.251 685 708 V WindowManager: Sent Transition #647 createdAt=06-24 16:57:19.119 via request=TransitionRequestInfo { type = 1, triggerTask = TaskInfo{userId=0 taskId=200 displayId=0 isRunning=true baseIntent=Intent { flg=0x10800000 cmp=com.dangbei.leard.leradlauncher/.module.app.AppDetailActivity } baseActivity=ComponentInfo{com.dangbei.leard.leradlauncher/com.dangbei.leard.leradlauncher.module.app.AppDetailActivity} topActivity=ComponentInfo{com.dangbei.leard.leradlauncher/com.dangbei.leard.leradlauncher.module.app.AppDetailActivity} origActivity=null realActivity=ComponentInfo{com.dangbei.leard.leradlauncher/com.dangbei.leard.leradlauncher.module.app.AppDetailActivity} numActivities=1 lastActiveTime=20847029 supportsMultiWindow=true resizeMode=1 isResizeable=true minWidth=-1 minHeight=-1 defaultMinSize=220 token=WCT{RemoteToken{5be64a5 Task{7ac84ed #200 type=standard A=1000:search.app.task}}} topActivityType=1 pictureInPictureParams=null shouldDockBigOverlays=true launchIntoPipHostTaskId=-1 lastParentTaskIdBeforePip=-1 displayCutoutSafeInsets=null topActivityInfo=ActivityInfo{159507a com.dangbei.leard.leradlauncher.module.app.AppDetailActivity} launchCookies=[] positionInParent=Point(0, 0) parentTaskId=-1 isFocused=false isVisible=false isVisibleRequested=false isSleeping=false topActivityInSizeCompat=false topActivityEligibleForLetterboxEducation= false isLetterboxDoubleTapEnabled= false topActivityEligibleForUserAspectRatioButton= false topActivityBoundsLetterboxed= false isFromLetterboxDoubleTap= false topActivityLetterboxVerticalPosition= -1 topActivityLetterboxHorizontalPosition= -1 topActivityLetterboxWidth=-1 topActivityLetterboxHeight=-1 isUserFullscreenOverrideEnabled=false isTopActivityTransparent=false locusId=null displayAreaFeatureId=1 cameraCompatControlState=hidden}, remoteTransition = null, displayChange = null, flags = 0 }
06-24 16:57:19.251 685 708 V WindowManager: startWCT=WindowContainerTransaction { changes = {} hops = [] errorCallbackToken=null taskFragmentOrganizer=null }
06-24 16:57:19.255 685 708 V WindowManager: info={id=647 t=OPEN f=0x0 trk=0 r=[0@Point(0, 0)] c=[{WCT{RemoteToken{5be64a5 Task{7ac84ed #200 type=standard A=1000:search.app.task}}} m=OPEN f=NONE leash=Surface(name=Task=200)/@0xcc4f20f sb=Rect(0, 0 - 1920, 1080) eb=Rect(0, 0 - 1920, 1080) d=0},{WCT{RemoteToken{30b1e82 Task{4d21fd0 #1 type=home}}} m=TO_BACK f=NONE leash=Surface(name=Task=1)/@0x54f0375 sb=Rect(0, 0 - 1920, 1080) eb=Rect(0, 0 - 1920, 1080) d=0}]}
06-24 16:57:19.257 901 979 V WindowManagerShell: onTransitionReady android.os.BinderProxy@7a3fbe2: {id=647 t=OPEN f=0x0 trk=0 r=[0@Point(0, 0)] c=[{WCT{android.window.IWindowContainerToken$Stub$Proxy@b559465} m=OPEN f=NONE leash=Surface(name=Task=200)/@0x84936a9 sb=Rect(0, 0 - 1920, 1080) eb=Rect(0, 0 - 1920, 1080) d=0},{WCT{android.window.IWindowContainerToken$Stub$Proxy@1c5253a} m=TO_BACK f=NONE leash=Surface(name=Task=1)/@0x589f42e sb=Rect(0, 0 - 1920, 1080) eb=Rect(0, 0 - 1920, 1080) d=0}]}
06-24 16:57:19.257 901 979 V WindowManagerShell: Playing animation for (#647)android.os.BinderProxy@7a3fbe2@0
06-24 16:57:19.257 901 979 V WindowManagerShell: try handler com.android.wm.shell.keyguard.KeyguardTransitionHandler@24e2028
06-24 16:57:19.257 901 979 V WindowManagerShell: try handler com.android.wm.shell.pip.tv.TvPipTransition@1141
06-24 16:57:19.258 901 979 V WindowManagerShell: try handler com.android.wm.shell.activityembedding.ActivityEmbeddingController@e8f56e6
06-24 16:57:19.258 901 979 V WindowManagerShell: try handler com.android.wm.shell.transition.RemoteTransitionHandler@b664427
06-24 16:57:19.258 901 979 V WindowManagerShell: Transition doesn't have explicit remote, search filters for match for {id=647 t=OPEN f=0x0 trk=0 r=[0@Point(0, 0)] c=[{WCT{android.window.IWindowContainerToken$Stub$Proxy@b559465} m=OPEN f=NONE leash=Surface(name=Task=200)/@0x84936a9 sb=Rect(0, 0 - 1920, 1080) eb=Rect(0, 0 - 1920, 1080) d=0},{WCT{android.window.IWindowContainerToken$Stub$Proxy@1c5253a} m=TO_BACK f=NONE leash=Surface(name=Task=1)/@0x589f42e sb=Rect(0, 0 - 1920, 1080) eb=Rect(0, 0 - 1920, 1080) d=0}]}
06-24 16:57:19.258 901 979 V WindowManagerShell: Delegate animation for #647 to null
06-24 16:57:19.258 901 979 V WindowManagerShell: try handler com.android.wm.shell.transition.DefaultTransitionHandler@7916d4
06-24 16:57:19.258 901 979 V WindowManagerShell: start default transition animation, info = {id=647 t=OPEN f=0x0 trk=0 r=[0@Point(0, 0)] c=[{WCT{android.window.IWindowContainerToken$Stub$Proxy@b559465} m=OPEN f=NONE leash=Surface(name=Task=200)/@0x84936a9 sb=Rect(0, 0 - 1920, 1080) eb=Rect(0, 0 - 1920, 1080) d=0},{WCT{android.window.IWindowContainerToken$Stub$Proxy@1c5253a} m=TO_BACK f=NONE leash=Surface(name=Task=1)/@0x589f42e sb=Rect(0, 0 - 1920, 1080) eb=Rect(0, 0 - 1920, 1080) d=0}]}
06-24 16:57:19.259 901 979 V WindowManagerShell: loadAnimation: anim=android.view.animation.AlphaAnimation@8d13f48 animAttr=0x9 type=OPEN isEntrance=false
06-24 16:57:19.259 901 979 V WindowManagerShell: loadAnimation: anim=android.view.animation.AlphaAnimation@d505b06 animAttr=0x8 type=OPEN isEntrance=true
06-24 16:57:19.262 901 979 V WindowManagerShell: animated by com.android.wm.shell.transition.DefaultTransitionHandler@7916d4
06-24 16:57:19.309 685 709 W ContextImpl: Calling a method in the system process without a qualified user: android.app.ContextImpl.startService:1899 com.android.server.wm.DisplayPolicy.lambda$focusChangedLw$5:2126 com.android.server.wm.DisplayPolicy.$r8$lambda$Znxk63oh-WzVnzo_WQefN7uxV48:0 com.android.server.wm.DisplayPolicy$$ExternalSyntheticLambda13.run:0 android.os.Handler.handleCallback:958
06-24 16:57:19.577 0 0 W : [0 T1046 ..] [SP FRAME RX] DHCP[0 1], vif_idx:0
06-24 16:57:19.668 901 979 V WindowManagerShell: Transition animation finished (aborted=false), notifying core (#647)android.os.BinderProxy@7a3fbe2@0
06-24 16:57:19.676 685 708 V WindowManager: Finish Transition #647: created at
06-24 16:57:19.119 collect-started=0.047ms request-sent=8.625ms started=10.793ms ready=22.561ms sent=126.948ms finished=553.312ms
06-24 16:57:19.676 901 979 V WindowManagerShell: Track 0 became idle
06-24 16:57:19.676 901 979 V WindowManagerShell: All active transition animations finished
06-24 16:57:21.556 0 0 W : [1 T1046 ..] [SP FRAME RX] arp req,vif_idx:0 sender:[e2:8e:12:0f:0b:47 192.168.3.123]receiver:[00:00:00:00:00:00 192.168.3.75]
06-24 16:57:21.557 0 0 W : [1 T1046 ..] [SP FRAME TX] arp rsp,vif_idx:0 sender:[1c:79:2d:20:62:cb 192.168.3.75]receiver:[e2:8e:12:0f:0b:47 192.168.3.123]
06-24 16:57:21.738 0 0 W : [0 T0 .s] [SP FRAME TX] arp req,vif_idx:0 sender:[1c:79:2d:20:62:cb 192.168.3.75]receiver:[00:00:00:00:00:00 192.168.3.123]
06-24 16:57:21.778 0 0 W : [1 T1046 ..] [SP FRAME RX] arp rsp,vif_idx:0 sender:[e2:8e:12:0f:0b:47 192.168.3.123]receiver:[1c:79:2d:20:62:cb 192.168.3.75]
06-24 16:57:24.572 0 0 W : [1 T1046 ..] [SP FRAME RX] DHCP[0 1], vif_idx:0
06-24 16:57:33.215 0 0 W : [1 T1046 ..] [SP FRAME RX] arp req,vif_idx:0 sender:[12:3c:2c:e1:84:9f 192.168.3.254]receiver:[00:00:00:00:00:00 192.168.3.75]
06-24 16:57:33.216 0 0 W : [1 T1046 ..] [SP FRAME TX] arp rsp,vif_idx:0 sender:[1c:79:2d:20:62:cb 192.168.3.75]receiver:[12:3c:2c:e1:84:9f 192.168.3.254]
06-24 16:57:33.258 0 0 W : [3 T360 .s] [SP FRAME TX] arp req,vif_idx:0 sender:[1c:79:2d:20:62:cb 192.168.3.75]receiver:[00:00:00:00:00:00 192.168.3.254]
06-24 16:57:33.266 0 0 W : [1 T1046 ..] [SP FRAME RX] arp rsp,vif_idx:0 sender:[12:3c:2c:e1:84:9f 192.168.3.254]receiver:[1c:79:2d:20:62:cb 192.168.3.75]
06-24 16:57:34.282 0 0 W : [3 T0 .s] [SP FRAME TX] arp req,vif_idx:0 sender:[1c:79:2d:20:62:cb 192.168.3.75]receiver:[00:00:00:00:00:00 192.168.3.45]
06-24 16:57:34.291 0 0 W : [3 T1046 ..] [SP FRAME RX] arp rsp,vif_idx:0 sender:[82:d8:26:78:cd:e3 192.168.3.45]receiver:[1c:79:2d:20:62:cb 192.168.3.75]
06-24 16:57:35.252 0 0 W : [1 T1046 ..] [SP FRAME RX] arp req,vif_idx:0 sender:[10:b2:32:39:59:ba 192.168.3.57]receiver:[00:00:00:00:00:00 192.168.3.75]
06-24 16:57:35.253 0 0 W : [1 T1046 ..] [SP FRAME TX] arp rsp,vif_idx:0 sender:[1c:79:2d:20:62:cb 192.168.3.75]receiver:[10:b2:32:39:59:ba 192.168.3.57]
06-24 16:57:35.255 0 0 W : [1 T1046 ..] [SP FRAME RX] arp req,vif_idx:0 sender:[b6:86:f8:35:d4:28 192.168.3.36]receiver:[00:00:00:00:00:00 192.168.3.75]
06-24 16:57:35.256 0 0 W : [1 T1046 ..] [SP FRAME TX] arp rsp,vif_idx:0 sender:[1c:79:2d:20:62:cb 192.168.3.75]receiver:[b6:86:f8:35:d4:28 192.168.3.36]
06-24 16:57:35.258 0 0 W : [1 T1046 ..] [SP FRAME RX] arp req,vif_idx:0 sender:[e2:38:ab:ac:32:27 192.168.3.215]receiver:[00:00:00:00:00:00 192.168.3.75]
06-24 16:57:35.260 0 0 W : [1 T1046 ..] [SP FRAME TX] arp rsp,vif_idx:0 sender:[1c:79:2d:20:62:cb 192.168.3.75]receiver:[e2:38:ab:ac:32:27 192.168.3.215]
06-24 16:57:35.283 0 0 W : [1 T1046 ..] [SP FRAME RX] arp req,vif_idx:0 sender:[e6:6e:3e:02:16:7f 192.168.3.92]receiver:[00:00:00:00:00:00 192.168.3.75]
06-24 16:57:35.284 0 0 W : [1 T1046 ..] [SP FRAME TX] arp rsp,vif_idx:0 sender:[1c:79:2d:20:62:cb 192.168.3.75]receiver:[e6:6e:3e:02:16:7f 192.168.3.92]
06-24 16:57:35.306 0 0 W : [2 T0 .s] [SP FRAME TX] arp req,vif_idx:0 sender:[1c:79:2d:20:62:cb 192.168.3.75]receiver:[00:00:00:00:00:00 192.168.3.215]
06-24 16:57:35.307 0 0 W : [2 T0 .s] [SP FRAME TX] arp req,vif_idx:0 sender:[1c:79:2d:20:62:cb 192.168.3.75]receiver:[00:00:00:00:00:00 192.168.3.176]
06-24 16:57:35.309 0 0 W : [2 T0 .s] [SP FRAME TX] arp req,vif_idx:0 sender:[1c:79:2d:20:62:cb 192.168.3.75]receiver:[00:00:00:00:00:00 192.168.3.92]
06-24 16:57:35.310 0 0 W : [2 T0 .s] [SP FRAME TX] arp req,vif_idx:0 sender:[1c:79:2d:20:62:cb 192.168.3.75]receiver:[00:00:00:00:00:00 192.168.3.68]
06-24 16:57:35.312 0 0 W : [2 T0 .s] [SP FRAME TX] arp req,vif_idx:0 sender:[1c:79:2d:20:62:cb 192.168.3.75]receiver:[00:00:00:00:00:00 192.168.3.57]
06-24 16:57:35.313 0 0 W : [2 T0 .s] [SP FRAME TX] arp req,vif_idx:0 sender:[1c:79:2d:20:62:cb 192.168.3.75]receiver:[00:00:00:00:00:00 192.168.3.36]
06-24 16:57:35.372 0 0 W : [1 T1046 ..] [SP FRAME RX] arp rsp,vif_idx:0 sender:[16:8e:6e:17:dc:41 192.168.3.176]receiver:[1c:79:2d:20:62:cb 192.168.3.75]
06-24 16:57:35.373 0 0 W : [1 T1046 ..] [SP FRAME RX] arp rsp,vif_idx:0 sender:[e2:38:ab:ac:32:27 192.168.3.215]receiver:[1c:79:2d:20:62:cb 192.168.3.75]
06-24 16:57:35.375 0 0 W : [1 T1046 ..] [SP FRAME RX] arp rsp,vif_idx:0 sender:[e6:6e:3e:02:16:7f 192.168.3.92]receiver:[1c:79:2d:20:62:cb 192.168.3.75]
06-24 16:57:35.376 0 0 W : [1 T1046 ..] [SP FRAME RX] arp req,vif_idx:0 sender:[16:8e:6e:17:dc:41 192.168.3.176]receiver:[00:00:00:00:00:00 192.168.3.75]
06-24 16:57:35.378 0 0 W : [1 T1046 ..] [SP FRAME TX] arp rsp,vif_idx:0 sender:[1c:79:2d:20:62:cb 192.168.3.75]receiver:[16:8e:6e:17:dc:41 192.168.3.176]
06-24 16:57:35.379 0 0 W : [1 T1046 ..] [SP FRAME RX] arp rsp,vif_idx:0 sender:[10:b2:32:39:59:ba 192.168.3.57]receiver:[1c:79:2d:20:62:cb 192.168.3.75]
06-24 16:57:35.399 0 0 W : [1 T1046 ..] [SP FRAME RX] arp rsp,vif_idx:0 sender:[b6:86:f8:35:d4:28 192.168.3.36]receiver:[1c:79:2d:20:62:cb 192.168.3.75]
06-24 16:57:36.330 0 0 W : [2 T0 .s] [SP FRAME TX] arp req,vif_idx:0 sender:[1c:79:2d:20:62:cb 192.168.3.75]receiver:[00:00:00:00:00:00 192.168.3.68]
06-24 16:57:36.586 0 0 W : [3 T0 .s] [SP FRAME TX] arp req,vif_idx:0 sender:[1c:79:2d:20:62:cb 192.168.3.75]receiver:[00:00:00:00:00:00 192.168.3.129]
06-24 16:57:36.750 0 0 W : [3 T1046 ..] [SP FRAME RX] arp rsp,vif_idx:0 sender:[3a:fd:3d:ee:5f:54 192.168.3.129]receiver:[1c:79:2d:20:62:cb 192.168.3.75]
06-24 16:57:37.358 0 0 W : [2 T0 .s] [SP FRAME TX] arp req,vif_idx:0 sender:[1c:79:2d:20:62:cb 192.168.3.75]receiver:[00:00:00:00:00:00 192.168.3.68]
06-24 16:57:38.378 0 0 W : [2 T1423 .s] [SP FRAME TX] arp req,vif_idx:0 sender:[1c:79:2d:20:62:cb 192.168.3.75]receiver:[00:00:00:00:00:00 192.168.3.68]
06-24 16:57:39.402 0 0 W : [2 T0 .s] [SP FRAME TX] arp req,vif_idx:0 sender:[1c:79:2d:20:62:cb 192.168.3.75]receiver:[00:00:00:00:00:00 192.168.3.68]
06-24 16:57:40.426 0 0 W : [2 T0 .s] [SP FRAME TX] arp req,vif_idx:0 sender:[1c:79:2d:20:62:cb 192.168.3.75]receiver:[00:00:00:00:00:00 192.168.3.68]
06-24 16:57:41.450 0 0 W : [2 T1711 .s] [SP FRAME TX] arp req,vif_idx:0 sender:[1c:79:2d:20:62:cb 192.168.3.75]receiver:[00:00:00:00:00:00 192.168.3.68]
06-24 16:57:42.474 0 0 W : [2 T0 .s] [SP FRAME TX] arp req,vif_idx:0 sender:[1c:79:2d:20:62:cb 192.168.3.75]receiver:[00:00:00:00:00:00 192.168.3.68]
06-24 16:57:43.502 0 0 W : [2 T0 .s] [SP FRAME TX] arp req,vif_idx:0 sender:[1c:79:2d:20:62:cb 192.168.3.75]receiver:[00:00:00:00:00:00 192.168.3.68]
06-24 16:57:44.522 0 0 W : [2 T0 .s] [SP FRAME TX] arp req,vif_idx:0 sender:[1c:79:2d:20:62:cb 192.168.3.75]receiver:[00:00:00:00:00:00 192.168.3.68]
06-24 16:57:45.546 0 0 W : [2 T0 .s] [SP FRAME TX] arp req,vif_idx:0 sender:[1c:79:2d:20:62:cb 192.168.3.75]receiver:[00:00:00:00:00:00 192.168.3.68]
06-24 16:57:46.574 0 0 W : [2 T0 .s] [SP FRAME TX] arp req,vif_idx:0 sender:[1c:79:2d:20:62:cb 192.168.3.75]receiver:[00:00:00:00:00:00 192.168.3.68]
06-24 16:57:47.188 0 0 W : [3 T1046 ..] [SP FRAME RX] arp req,vif_idx:0 sender:[20:57:9e:67:7f:db 192.168.3.98]receiver:[00:00:00:00:00:00 192.168.3.75]
06-24 16:57:47.189 0 0 W : [3 T1046 ..] [SP FRAME TX] arp rsp,vif_idx:0 sender:[1c:79:2d:20:62:cb 192.168.3.75]receiver:[20:57:9e:67:7f:db 192.168.3.98]
06-24 16:57:47.424 0 0 W : [3 T1046 ..] [SP FRAME RX] arp req,vif_idx:0 sender:[28:7b:11:70:4f:a5 192.168.3.155]receiver:[00:00:00:00:00:00 192.168.3.75]
06-24 16:57:47.425 0 0 W : [3 T1046 ..] [SP FRAME TX] arp rsp,vif_idx:0 sender:[1c:79:2d:20:62:cb 192.168.3.75]receiver:[28:7b:11:70:4f:a5 192.168.3.155]
06-24 16:57:47.568 0 0 W : [3 T1046 ..] [SP FRAME RX] arp req,vif_idx:0 sender:[12:3c:2c:e1:84:9f 192.168.3.254]receiver:[00:00:00:00:00:00 192.168.3.75]
06-24 16:57:47.569 0 0 W : [3 T1046 ..] [SP FRAME TX] arp rsp,vif_idx:0 sender:[1c:79:2d:20:62:cb 192.168.3.75]receiver:[12:3c:2c:e1:84:9f 192.168.3.254]
06-24 16:57:47.570 0 0 W : [3 T1046 ..] [SP FRAME RX] arp req,vif_idx:0 sender:[0c:91:60:12:cd:fc 192.168.3.171]receiver:[00:00:00:00:00:00 192.168.3.75]
06-24 16:57:47.572 0 0 W : [3 T1046 ..] [SP FRAME TX] arp rsp,vif_idx:0 sender:[1c:79:2d:20:62:cb 192.168.3.75]receiver:[0c:91:60:12:cd:fc 192.168.3.171]
06-24 16:57:47.594 0 0 W : [2 T0 .s] [SP FRAME TX] arp req,vif_idx:0 sender:[1c:79:2d:20:62:cb 192.168.3.75]receiver:[00:00:00:00:00:00 192.168.3.68]
06-24 16:57:47.804 0 0 W : [3 T1046 ..] [SP FRAME RX] arp req,vif_idx:0 sender:[9a:86:f7:27:5c:25 192.168.3.169]receiver:[00:00:00:00:00:00 192.168.3.75]
06-24 16:57:47.805 0 0 W : [3 T1046 ..] [SP FRAME TX] arp rsp,vif_idx:0 sender:[1c:79:2d:20:62:cb 192.168.3.75]receiver:[9a:86:f7:27:5c:25 192.168.3.169]
06-24 16:57:47.807 0 0 W : [3 T1046 ..] [SP FRAME RX] arp req,vif_idx:0 sender:[e2:04:f6:d8:62:00 192.168.3.194]receiver:[00:00:00:00:00:00 192.168.3.75]
06-24 16:57:47.808 0 0 W : [3 T1046 ..] [SP FRAME TX] arp rsp,vif_idx:0 sender:[1c:79:2d:20:62:cb 192.168.3.75]receiver:[e2:04:f6:d8:62:00 192.168.3.194]
06-24 16:57:47.810 0 0 W : [3 T1046 ..] [SP FRAME RX] arp req,vif_idx:0 sender:[fa:f0:09:28:64:31 192.168.3.73]receiver:[00:00:00:00:00:00 192.168.3.75]
06-24 16:57:47.812 0 0 W : [3 T1046 ..] [SP FRAME TX] arp rsp,vif_idx:0 sender:[1c:79:2d:20:62:cb 192.168.3.75]receiver:[fa:f0:09:28:64:31 192.168.3.73]
06-24 16:57:47.813 0 0 W : [3 T1046 ..] [SP FRAME RX] arp req,vif_idx:0 sender:[a2:fe:ec:6e:f0:e5 192.168.3.147]receiver:[00:00:00:00:00:00 192.168.3.75]
06-24 16:57:47.815 0 0 W : [3 T1046 ..] [SP FRAME TX] arp rsp,vif_idx:0 sender:[1c:79:2d:20:62:cb 192.168.3.75]receiver:[a2:fe:ec:6e:f0:e5 192.168.3.147]
06-24 16:57:47.865 0 0 W : [3 T1046 ..] [SP FRAME RX] arp req,vif_idx:0 sender:[0c:91:60:12:cd:8c 192.168.3.70]receiver:[00:00:00:00:00:00 192.168.3.75]
06-24 16:57:47.866 0 0 W : [3 T1046 ..] [SP FRAME TX] arp rsp,vif_idx:0 sender:[1c:79:2d:20:62:cb 192.168.3.75]receiver:[0c:91:60:12:cd:8c 192.168.3.70]
06-24 16:57:47.892 0 0 W : [3 T1046 ..] [SP FRAME RX] arp req,vif_idx:0 sender:[02:d1:be:fb:0a:d7 192.168.3.130]receiver:[00:00:00:00:00:00 192.168.3.75]
06-24 16:57:47.893 0 0 W : [3 T1046 ..] [SP FRAME TX] arp rsp,vif_idx:0 sender:[1c:79:2d:20:62:cb 192.168.3.75]receiver:[02:d1:be:fb:0a:d7 192.168.3.130]
06-24 16:57:48.066 0 0 W : [1 T1046 ..] [SP FRAME RX] arp req,vif_idx:0 sender:[28:7b:11:70:51:1f 192.168.3.44]receiver:[00:00:00:00:00:00 192.168.3.75]
06-24 16:57:48.067 0 0 W : [1 T1046 ..] [SP FRAME TX] arp rsp,vif_idx:0 sender:[1c:79:2d:20:62:cb 192.168.3.75]receiver:[28:7b:11:70:51:1f 192.168.3.44]
06-24 16:57:48.068 0 0 W : [1 T1046 ..] [SP FRAME RX] arp req,vif_idx:0 sender:[56:86:a9:ec:10:a8 192.168.3.19]receiver:[00:00:00:00:00:00 192.168.3.75]
06-24 16:57:48.070 0 0 W : [1 T1046 ..] [SP FRAME TX] arp rsp,vif_idx:0 sender:[1c:79:2d:20:62:cb 192.168.3.75]receiver:[56:86:a9:ec:10:a8 192.168.3.19]
06-24 16:57:48.071 0 0 W : [1 T1046 ..] [SP FRAME RX] arp req,vif_idx:0 sender:[de:90:cb:50:92:8f 192.168.3.145]receiver:[00:00:00:00:00:00 192.168.3.75]
06-24 16:57:48.073 0 0 W : [1 T1046 ..] [SP FRAME TX] arp rsp,vif_idx:0 sender:[1c:79:2d:20:62:cb 192.168.3.75]receiver:[de:90:cb:50:92:8f 192.168.3.145]
06-24 16:57:48.074 0 0 W : [1 T1046 ..] [SP FRAME RX] arp req,vif_idx:0 sender:[d2:07:9a:6e:a7:36 192.168.3.27]receiver:[00:00:00:00:00:00 192.168.3.75]
06-24 16:57:48.076 0 0 W : [1 T1046 ..] [SP FRAME TX] arp rsp,vif_idx:0 sender:[1c:79:2d:20:62:cb 192.168.3.75]receiver:[d2:07:9a:6e:a7:36 192.168.3.27]
06-24 16:57:48.078 0 0 W : [1 T1046 ..] [SP FRAME RX] arp req,vif_idx:0 sender:[b6:9c:70:ec:40:e7 192.168.3.65]receiver:[00:00:00:00:00:00 192.168.3.75]
06-24 16:57:48.079 0 0 W : [1 T1046 ..] [SP FRAME TX] arp rsp,vif_idx:0 sender:[1c:79:2d:20:62:cb 192.168.3.75]receiver:[b6:9c:70:ec:40:e7 192.168.3.65]
06-24 16:57:48.080 0 0 W : [1 T1046 ..] [SP FRAME RX] arp req,vif_idx:0 sender:[da:b8:33:f6:93:fe 192.168.3.89]receiver:[00:00:00:00:00:00 192.168.3.75]
06-24 16:57:48.082 0 0 W : [1 T1046 ..] [SP FRAME TX] arp rsp,vif_idx:0 sender:[1c:79:2d:20:62:cb 192.168.3.75]receiver:[da:b8:33:f6:93:fe 192.168.3.89]
06-24 16:57:48.190 0 0 W : [2 T1046 ..] [SP FRAME RX] arp req,vif_idx:0 sender:[e2:8e:12:0f:0b:47 192.168.3.123]receiver:[00:00:00:00:00:00 192.168.3.75]
06-24 16:57:48.191 0 0 W : [2 T1046 ..] [SP FRAME TX] arp rsp,vif_idx:0 sender:[1c:79:2d:20:62:cb 192.168.3.75]receiver:[e2:8e:12:0f:0b:47 192.168.3.123]
06-24 16:57:48.372 0 0 W : [2 T1046 ..] [SP FRAME RX] arp req,vif_idx:0 sender:[14:ea:63:a0:ef:b6 192.168.3.199]receiver:[00:00:00:00:00:00 192.168.3.75]
06-24 16:57:48.373 0 0 W : [2 T1046 ..] [SP FRAME TX] arp rsp,vif_idx:0 sender:[1c:79:2d:20:62:cb 192.168.3.75]receiver:[14:ea:63:a0:ef:b6 192.168.3.199]
06-24 16:57:48.552 0 0 W : [3 T1046 ..] [SP FRAME RX] arp req,vif_idx:0 sender:[e2:38:ab:ac:32:27 192.168.3.215]receiver:[00:00:00:00:00:00 192.168.3.75]
06-24 16:57:48.553 0 0 W : [3 T1046 ..] [SP FRAME TX] arp rsp,vif_idx:0 sender:[1c:79:2d:20:62:cb 192.168.3.75]receiver:[e2:38:ab:ac:32:27 192.168.3.215]
06-24 16:57:48.618 0 0 W : [2 T0 .s] [SP FRAME TX] arp req,vif_idx:0 sender:[1c:79:2d:20:62:cb 192.168.3.75]receiver:[00:00:00:00:00:00 192.168.3.68]
06-24 16:57:49.642 0 0 W : [2 T820 .s] [SP FRAME TX] arp req,vif_idx:0 sender:[1c:79:2d:20:62:cb 192.168.3.75]receiver:[00:00:00:00:00:00 192.168.3.68]
06-24 16:57:50.666 0 0 W : [2 T14147 .s] [SP FRAME TX] arp req,vif_idx:0 sender:[1c:79:2d:20:62:cb 192.168.3.75]receiver:[00:00:00:00:00:00 192.168.3.68]
06-24 16:57:50.671 0 0 W : [0 T1046 ..] [SP FRAME RX] arp rsp,vif_idx:0 sender:[f6:f5:2e:bc:8c:d5 192.168.3.68]receiver:[1c:79:2d:20:62:cb 192.168.3.75]
06-24 16:57:53.482 0 0 W : [1 T0 .s] [SP FRAME TX] arp req,vif_idx:0 sender:[1c:79:2d:20:62:cb 192.168.3.75]receiver:[00:00:00:00:00:00 192.168.3.123]
06-24 16:57:53.725 0 0 W : [2 T1046 ..] [SP FRAME RX] arp rsp,vif_idx:0 sender:[e2:8e:12:0f:0b:47 192.168.3.123]receiver:[1c:79:2d:20:62:cb 192.168.3.75]
06-24 16:57:55.786 0 0 W : [2 T1711 .s] [SP FRAME TX] arp req,vif_idx:0 sender:[1c:79:2d:20:62:cb 192.168.3.75]receiver:[00:00:00:00:00:00 192.168.3.147]
06-24 16:57:55.795 0 0 W : [2 T1046 ..] [SP FRAME RX] arp rsp,vif_idx:0 sender:[a2:fe:ec:6e:f0:e5 192.168.3.147]receiver:[1c:79:2d:20:62:cb 192.168.3.75]
06-24 16:58:05.120 685 749 E PackageInstallerSession: com.dangbei.leard.leradlauncher drops manifest attribute android:installLocation in base.apk for com.youjoy.strugglelandlord
06-24 16:58:05.258 0 0 W : [3 T749 .s] [SP FRAME TX] arp req,vif_idx:0 sender:[1c:79:2d:20:62:cb 192.168.3.75]receiver:[00:00:00:00:00:00 192.168.3.254]
06-24 16:58:05.270 0 0 W : [1 T1046 ..] [SP FRAME RX] arp req,vif_idx:0 sender:[12:3c:2c:e1:84:9f 192.168.3.254]receiver:[00:00:00:00:00:00 192.168.3.75]
06-24 16:58:05.271 0 0 W : [1 T1046 ..] [SP FRAME TX] arp rsp,vif_idx:0 sender:[1c:79:2d:20:62:cb 192.168.3.75]receiver:[12:3c:2c:e1:84:9f 192.168.3.254]
06-24 16:58:05.272 0 0 W : [1 T1046 ..] [SP FRAME RX] arp rsp,vif_idx:0 sender:[12:3c:2c:e1:84:9f 192.168.3.254]receiver:[1c:79:2d:20:62:cb 192.168.3.75]
06-24 16:58:05.627 685 795 W RuleEvaluation: Integrity rule files are not available.
06-24 16:58:05.628 685 741 I PackageManager: Integrity check passed for file:///data/app/vmdl426065559.tmp
06-24 16:58:05.756 685 741 D PackageManager: Instant App installer not found with android.intent.action.INSTALL_INSTANT_APP_PACKAGE
06-24 16:58:05.756 685 741 D PackageManager: Clear ephemeral installer activity
06-24 16:58:05.767 0 0 I [0 T2406 ..] logd: start watching /data/system/packages.list ...
06-24 16:58:05.769 0 0 I [2 T2406 ..] logd: ReadPackageList, total packages: 112
06-24 16:58:05.794 0 0 I [1 T216 ..] servicemanager: Since 'artd' could not be found, trying to start it as a lazy AIDL service. (if it's not configured to be a lazy service, it may be stuck starting or still starting).
06-24 16:58:05.848 0 0 I [0 T216 ..] BpBinder: onLastStrongRef automatically unlinking death recipients:
06-24 16:58:05.850 0 0 I [0 T216 ..] servicemanager: Notifying artd they do (previously: don't) have clients when service is guaranteed to be in use
06-24 16:58:07.080 685 741 V BackupManagerService: [UserID:0] restoreAtInstall pkg=com.youjoy.strugglelandlord token=20 restoreSet=0
06-24 16:58:07.081 685 741 V BackupManagerService: [UserID:0] Finishing install immediately
06-24 16:58:07.083 685 741 I AppsFilter: interaction: PackageSetting{271cf61 com.dangbei.hqguide/10029} -> PackageSetting{59be41c com.youjoy.strugglelandlord/10108} BLOCKED
06-24 16:58:07.093 685 741 D PackageInstallerSession: Marking session 426065559 as applied
06-24 16:58:07.103 685 741 D CompatibilityChangeReporter: Compat change id reported: 168419799; UID 10108; state: DISABLED
06-24 16:58:07.104 685 741 D CompatibilityChangeReporter: Compat change id reported: 273564678; UID 10108; state: DISABLED
06-24 16:58:07.238 0 0 W : [3 T1046 ..] [SP FRAME RX] arp req,vif_idx:0 sender:[b6:86:f8:35:d4:28 192.168.3.36]receiver:[00:00:00:00:00:00 192.168.3.75]
06-24 16:58:07.239 0 0 W : [3 T1046 ..] [SP FRAME TX] arp rsp,vif_idx:0 sender:[1c:79:2d:20:62:cb 192.168.3.75]receiver:[b6:86:f8:35:d4:28 192.168.3.36]
06-24 16:58:07.241 0 0 W : [3 T1046 ..] [SP FRAME RX] arp req,vif_idx:0 sender:[10:b2:32:39:59:ba 192.168.3.57]receiver:[00:00:00:00:00:00 192.168.3.75]
06-24 16:58:07.242 0 0 W : [3 T1046 ..] [SP FRAME TX] arp rsp,vif_idx:0 sender:[1c:79:2d:20:62:cb 192.168.3.75]receiver:[10:b2:32:39:59:ba 192.168.3.57]
06-24 16:58:07.244 0 0 W : [3 T1046 ..] [SP FRAME RX] arp req,vif_idx:0 sender:[e2:38:ab:ac:32:27 192.168.3.215]receiver:[00:00:00:00:00:00 192.168.3.75]
06-24 16:58:07.245 0 0 W : [3 T1046 ..] [SP FRAME TX] arp rsp,vif_idx:0 sender:[1c:79:2d:20:62:cb 192.168.3.75]receiver:[e2:38:ab:ac:32:27 192.168.3.215]
06-24 16:58:07.306 0 0 W : [2 T1686 .s] [SP FRAME TX] arp req,vif_idx:0 sender:[1c:79:2d:20:62:cb 192.168.3.75]receiver:[00:00:00:00:00:00 192.168.3.215]
06-24 16:58:07.307 0 0 W : [2 T1686 .s] [SP FRAME TX] arp req,vif_idx:0 sender:[1c:79:2d:20:62:cb 192.168.3.75]receiver:[00:00:00:00:00:00 192.168.3.176]
06-24 16:58:07.309 0 0 W : [2 T1686 .s] [SP FRAME TX] arp req,vif_idx:0 sender:[1c:79:2d:20:62:cb 192.168.3.75]receiver:[00:00:00:00:00:00 192.168.3.92]
06-24 16:58:07.310 0 0 W : [2 T1686 .s] [SP FRAME TX] arp req,vif_idx:0 sender:[1c:79:2d:20:62:cb 192.168.3.75]receiver:[00:00:00:00:00:00 192.168.3.68]
06-24 16:58:07.312 0 0 W : [2 T1686 .s] [SP FRAME TX] arp req,vif_idx:0 sender:[1c:79:2d:20:62:cb 192.168.3.75]receiver:[00:00:00:00:00:00 192.168.3.57]
06-24 16:58:07.313 0 0 W : [2 T1686 .s] [SP FRAME TX] arp req,vif_idx:0 sender:[1c:79:2d:20:62:cb 192.168.3.75]receiver:[00:00:00:00:00:00 192.168.3.36]
06-24 16:58:07.317 0 0 W : [0 T1046 ..] [SP FRAME RX] arp req,vif_idx:0 sender:[e6:6e:3e:02:16:7f 192.168.3.92]receiver:[00:00:00:00:00:00 192.168.3.75]
06-24 16:58:07.318 0 0 W : [0 T1046 ..] [SP FRAME TX] arp rsp,vif_idx:0 sender:[1c:79:2d:20:62:cb 192.168.3.75]receiver:[e6:6e:3e:02:16:7f 192.168.3.92]
06-24 16:58:07.133 685 685 D TransparencyService: Not an update. Skipping...
06-24 16:58:07.170 1423 1423 W ContextImpl: Calling a method in the system process without a qualified user: android.app.ContextImpl.startActivity:1102 android.content.ContextWrapper.startActivity:436 ie.b.f:119 ie.a.b:75 ge.a.c:71
06-24 16:58:07.171 1423 1423 W ContextImpl: Calling a method in the system process without a qualified user: android.app.ContextImpl.startActivity:1114 android.app.ContextImpl.startActivity:1103 android.content.ContextWrapper.startActivity:436 ie.b.f:119 ie.a.b:75
06-24 16:58:07.138 685 685 V BackupManagerConstants: getFullBackupIntervalMilliseconds(...) returns 86400000
06-24 16:58:07.208 685 717 W TextServicesManagerService: no available spell checker services found
06-24 16:58:07.208 685 959 D CompatibilityChangeReporter: Compat change id reported: 265464455; UID 10108; state: DISABLED
06-24 16:58:07.208 685 15103 W WindowManager: [addWindow] title:Toast
06-24 16:58:07.210 685 685 V BackupManagerConstants: getFullBackupRequiredNetworkType(...) returns 2
06-24 16:58:07.210 685 685 V BackupManagerConstants: getFullBackupRequireCharging(...) returns true
06-24 16:58:07.211 685 685 D CompatibilityChangeReporter: Compat change id reported: 271850009; UID 1000; state: ENABLED
06-24 16:58:07.212 685 685 D CompatibilityChangeReporter: Compat change id reported: 271850009; UID 1000; state: DISABLED
06-24 16:58:07.213 685 685 D CompatibilityChangeReporter: Compat change id reported: 253665015; UID 1000; state: ENABLED
06-24 16:58:07.213 685 685 D CompatibilityChangeReporter: Compat change id reported: 253665015; UID 1000; state: DISABLED
06-24 16:58:07.215 685 685 D CompatibilityChangeReporter: Compat change id reported: 194532703; UID 1000; state: ENABLED
06-24 16:58:07.215 685 685 D CompatibilityChangeReporter: Compat change id reported: 194532703; UID 1000; state: DISABLED
06-24 16:58:07.215 685 959 D CompatibilityChangeReporter: Compat change id reported: 265452344; UID 10108; state: DISABLED
06-24 16:58:07.215 685 959 D CompatibilityChangeReporter: Compat change id reported: 266124927; UID 10108; state: DISABLED
06-24 16:58:07.216 685 959 D CompatibilityChangeReporter: Compat change id reported: 265451093; UID 10108; state: DISABLED
06-24 16:58:07.216 685 959 D CompatibilityChangeReporter: Compat change id reported: 265456536; UID 10108; state: DISABLED
06-24 16:58:07.216 685 959 D CompatibilityChangeReporter: Compat change id reported: 255940284; UID 10108; state: DISABLED
06-24 16:58:07.216 685 959 D CompatibilityChangeReporter: Compat change id reported: 236283604; UID 10108; state: DISABLED
06-24 16:58:07.216 685 959 D CompatibilityChangeReporter: Compat change id reported: 263959004; UID 10108; state: DISABLED
06-24 16:58:07.216 685 959 D CompatibilityChangeReporter: Compat change id reported: 264304459; UID 10108; state: DISABLED
06-24 16:58:07.216 685 959 D CompatibilityChangeReporter: Compat change id reported: 264301586; UID 10108; state: DISABLED
06-24 16:58:07.217 685 959 D CompatibilityChangeReporter: Compat change id reported: 254631730; UID 10108; state: DISABLED
06-24 16:58:07.217 685 959 D CompatibilityChangeReporter: Compat change id reported: 273509367; UID 10108; state: DISABLED
06-24 16:58:07.217 685 959 D CompatibilityChangeReporter: Compat change id reported: 263259275; UID 10108; state: DISABLED
06-24 16:58:07.217 685 959 D CompatibilityChangeReporter: Compat change id reported: 174042980; UID 10108; state: DISABLED
06-24 16:58:07.217 685 959 D CompatibilityChangeReporter: Compat change id reported: 174042936; UID 10108; state: DISABLED
06-24 16:58:07.217 685 959 D CompatibilityChangeReporter: Compat change id reported: 181136395; UID 10108; state: DISABLED
06-24 16:58:07.221 685 959 D CompatibilityChangeReporter: Compat change id reported: 194480991; UID 10108; state: ENABLED
06-24 16:58:07.236 685 959 D CompatibilityChangeReporter: Compat change id reported: 184838306; UID 10108; state: DISABLED
06-24 16:58:07.236 685 959 D CompatibilityChangeReporter: Compat change id reported: 185004937; UID 10108; state: DISABLED
06-24 16:58:07.238 685 959 D CompatibilityChangeReporter: Compat change id reported: 197654537; UID 10108; state: DISABLED
06-24 16:58:07.240 685 959 V SplashScreenExceptionList: SplashScreen checking exception for package com.youjoy.strugglelandlord (target sdk:23) -> false
06-24 16:58:07.240 685 959 D CompatibilityChangeReporter: Compat change id reported: 205907456; UID 10108; state: DISABLED
06-24 16:58:07.245 901 979 V WindowManagerShell: Transition requested: android.os.BinderProxy@42ff763 TransitionRequestInfo { type = 1, triggerTask = TaskInfo{userId=0 taskId=201 displayId=0 isRunning=true baseIntent=Intent { act=android.intent.action.MAIN cat=[android.intent.category.LAUNCHER] flg=0x10000000 pkg=com.youjoy.strugglelandlord cmp=com.youjoy.strugglelandlord/.Strugglelandlord } baseActivity=ComponentInfo{com.youjoy.strugglelandlord/com.youjoy.strugglelandlord.Strugglelandlord} topActivity=ComponentInfo{com.youjoy.strugglelandlord/com.youjoy.strugglelandlord.Strugglelandlord} origActivity=null realActivity=ComponentInfo{com.youjoy.strugglelandlord/com.youjoy.strugglelandlord.Strugglelandlord} numActivities=1 lastActiveTime=20895145 supportsMultiWindow=true resizeMode=5 isResizeable=true minWidth=-1 minHeight=-1 defaultMinSize=220 token=WCT{android.window.IWindowContainerToken$Stub$Proxy@f5eaf60} topActivityType=1 pictureInPictureParams=null shouldDockBigOverlays=true launchIntoPipHostTaskId=-1 lastParentTaskIdBeforePip=-1 displayCutoutSafeInsets=null topActivityInfo=ActivityInfo{9001c19 com.youjoy.strugglelandlord.Strugglelandlord} launchCookies=[] positionInParent=Point(0, 0) parentTaskId=-1 isFocused=false isVisible=false isVisibleRequested=false isSleeping=false topActivityInSizeCompat=false topActivityEligibleForLetterboxEducation= false isLetterboxDoubleTapEnabled= false topActivityEligibleForUserAspectRatioButton= false topActivityBoundsLetterboxed= false isFromLetterboxDoubleTap= false topActivityLetterboxVerticalPosition= -1 topActivityLetterboxHorizontalPosition= -1 topActivityLetterboxWidth=-1 topActivityLetterboxHeight=-1 isUserFullscreenOverrideEnabled=false isTopActivityTransparent=false locusId=null displayAreaFeatureId=1 cameraCompatControlState=hidden}, remoteTransition = null, displayChange = null, flags = 0 }
06-24 16:58:07.248 685 959 D CompatibilityChangeReporter: Compat change id reported: 194833441; UID 10108; state: DISABLED
06-24 16:58:07.248 685 959 I ActivityTaskManager: START u0 {act=android.intent.action.MAIN cat=[android.intent.category.LAUNCHER] flg=0x10000000 pkg=com.youjoy.strugglelandlord cmp=com.youjoy.strugglelandlord/.Strugglelandlord} with LAUNCH_SINGLE_TASK from uid 1000 (BAL_ALLOW_ALLOWLISTED_UID) result code=0
06-24 16:58:07.251 685 685 W Looper : Slow dispatch took 118ms main h=android.app.ActivityThread$H c=android.app.LoadedApk$ReceiverDispatcher$Args$$ExternalSyntheticLambda0@4d71570 m=0
06-24 16:58:07.255 685 711 D CompatibilityChangeReporter: Compat change id reported: 135634846; UID 10108; state: DISABLED
06-24 16:58:07.258 685 719 D CompatibilityChangeReporter: Compat change id reported: 143937733; UID 10108; state: DISABLED
06-24 16:58:07.279 685 685 I AppsFilter: interaction: PackageSetting{555115d com.dangbei.hqguide/10029} -> PackageSetting{b70ead2 com.youjoy.strugglelandlord/10108} BLOCKED
06-24 16:58:07.285 685 717 W VoiceInteractionManager: no available voice recognition services found for user 0
06-24 16:58:07.295 685 718 D ActivityManager: sync unfroze 4273 com.android.providers.tv for 3
06-24 16:58:07.299 685 959 D CoreBackPreview: Window{5e22d04 u0 Toast}: Setting back callback OnBackInvokedCallbackInfo{mCallback=android.window.IOnBackInvokedCallback$Stub$Proxy@f52baa0, mPriority=0, mIsAnimationCallback=false}
06-24 16:58:07.343 685 763 D CompatibilityChangeReporter: Compat change id reported: 265195908; UID 10108; state: ENABLED
06-24 16:58:07.359 685 719 W ActivityManager: Slow operation: 104ms so far, now at startProcess: returned from zygote!
06-24 16:58:07.359 685 719 W ActivityManager: Slow operation: 105ms so far, now at startProcess: done updating battery stats
06-24 16:58:07.359 685 719 W ActivityManager: Slow operation: 105ms so far, now at startProcess: building log message
06-24 16:58:07.359 685 719 I ActivityManager: Start proc 14388:com.youjoy.strugglelandlord/u0a108 for next-top-activity {com.youjoy.strugglelandlord/com.youjoy.strugglelandlord.Strugglelandlord}
06-24 16:58:07.359 685 719 W ActivityManager: Slow operation: 105ms so far, now at startProcess: starting to update pids map
06-24 16:58:07.359 685 719 W ActivityManager: Slow operation: 105ms so far, now at startProcess: done updating pids map
06-24 16:58:07.370 901 979 D WindowManagerShell: TvPipController: onTaskStackChanged()
06-24 16:58:07.320 0 0 W : [0 T1046 ..] [SP FRAME RX] arp rsp,vif_idx:0 sender:[16:8e:6e:17:dc:41 192.168.3.176]receiver:[1c:79:2d:20:62:cb 192.168.3.75]
06-24 16:58:07.321 0 0 W : [0 T1046 ..] [SP FRAME RX] arp rsp,vif_idx:0 sender:[e6:6e:3e:02:16:7f 192.168.3.92]receiver:[1c:79:2d:20:62:cb 192.168.3.75]
06-24 16:58:07.329 0 0 W : [0 T1046 ..] [SP FRAME RX] arp rsp,vif_idx:0 sender:[e2:38:ab:ac:32:27 192.168.3.215]receiver:[1c:79:2d:20:62:cb 192.168.3.75]
06-24 16:58:07.330 0 0 W : [0 T1046 ..] [SP FRAME RX] arp rsp,vif_idx:0 sender:[b6:86:f8:35:d4:28 192.168.3.36]receiver:[1c:79:2d:20:62:cb 192.168.3.75]
06-24 16:58:07.341 0 0 W : [0 T1046 ..] [SP FRAME RX] arp req,vif_idx:0 sender:[16:8e:6e:17:dc:41 192.168.3.176]receiver:[00:00:00:00:00:00 192.168.3.75]
06-24 16:58:07.342 0 0 W : [0 T1046 ..] [SP FRAME TX] arp rsp,vif_idx:0 sender:[1c:79:2d:20:62:cb 192.168.3.75]receiver:[16:8e:6e:17:dc:41 192.168.3.176]
06-24 16:58:07.353 0 0 W : [0 T1046 ..] [SP FRAME RX] arp rsp,vif_idx:0 sender:[10:b2:32:39:59:ba 192.168.3.57]receiver:[1c:79:2d:20:62:cb 192.168.3.75]
06-24 16:58:07.397 685 763 D CompatibilityChangeReporter: Compat change id reported: 218533173; UID 10108; state: DISABLED
06-24 16:58:07.398 685 763 D CompatibilityChangeReporter: Compat change id reported: 262645982; UID 10108; state: DISABLED
06-24 16:58:07.408 685 4709 W JobScheduler: Job didn't exist in JobStore: 12c4c76 #u0a90/1 com.ktcp.video/com.tencent.qqlivetv.keeplive.schedulerjob.DaemonJobService
06-24 16:58:07.421 685 12511 D CompatibilityChangeReporter: Compat change id reported: 170503758; UID 10108; state: DISABLED
06-24 16:58:07.436 0 0 W : [0 T1046 ..] [SP FRAME RX] arp req,vif_idx:0 sender:[e2:8e:12:0f:0b:47 192.168.3.123]receiver:[00:00:00:00:00:00 192.168.3.75]
06-24 16:58:07.437 0 0 W [1 T7924 ..] audit: audit_lost=23232 audit_rate_limit=5 audit_backlog_limit=64
06-24 16:58:07.437 0 0 E [1 T7924 ..] audit: rate limit exceeded
06-24 16:58:07.439 0 0 W : [0 T1046 ..] [SP FRAME TX] arp rsp,vif_idx:0 sender:[1c:79:2d:20:62:cb 192.168.3.75]receiver:[e2:8e:12:0f:0b:47 192.168.3.123]
06-24 16:58:07.543 685 12511 V WindowManager: app ------------- force_land :0
06-24 16:58:07.559 685 717 W TextServicesManagerService: no available spell checker services found
06-24 16:58:07.596 685 717 W VoiceInteractionManager: no available voice recognition services found for user 0
06-24 16:58:07.609 685 718 D ActivityManager: sync unfroze 30169 com.qq.cleaning for 3
06-24 16:58:07.714 685 5885 W ActivityManager: Unable to start service Intent { act=com.enhance.gameservice.IGameTuningService pkg=com.enhance.gameservice } U=0: not found
06-24 16:58:07.796 685 12511 D CompatibilityChangeReporter: Compat change id reported: 261072174; UID 10108; state: DISABLED
06-24 16:58:07.827 685 5885 D CompatibilityChangeReporter: Compat change id reported: 149924527; UID 10108; state: ENABLED
06-24 16:58:07.830 685 4709 D CompatibilityChangeReporter: Compat change id reported: 132649864; UID 10108; state: DISABLED
06-24 16:58:07.984 685 6903 W WindowManager: Failed looking up window session=Session{fc31d2a 14388:u0a10108} callers=com.android.server.wm.WindowManagerService.windowForClientLocked:6077 com.android.server.wm.Session.updateRequestedVisibleTypes:695 android.view.IWindowSession$Stub.onTransact:1034
06-24 16:58:07.985 685 12511 W WindowManager: [addWindow] title:com.youjoy.strugglelandlord/com.youjoy.strugglelandlord.Strugglelandlord
06-24 16:58:07.995 14388 14388 V ActivityThread: getPackageInfo() caused update to cached ApplicationInfo for package com.youjoy.strugglelandlord
06-24 16:58:08.017 685 8210 W ActivityManager: Permission Denial: get/set setting for user asks to run as user -2 but is calling from uid u0a108; this requires android.permission.INTERACT_ACROSS_USERS_FULL
06-24 16:58:08.026 685 959 D CompatibilityChangeReporter: Compat change id reported: 170668199; UID 10108; state: DISABLED
06-24 16:58:08.029 685 959 I ActivityManager: Background started FGS: Allowed [callingPackage: com.youjoy.strugglelandlord; callingUid: 10108; uidState: TOP ; uidBFSL: [BFSL]; intent: Intent { cmp=com.youjoy.strugglelandlord/com.android.common.download.DownloadService }; code:PROC_STATE_TOP; tempAllowListReason:; targetSdkVersion:23; callerTargetSdkVersion:23; startForegroundCount:0; bindFromPackage:null: isBindService:false]
06-24 16:58:08.029 685 959 D CompatibilityChangeReporter: Compat change id reported: 255038118; UID 10108; state: DISABLED
06-24 16:58:08.030 685 959 D CompatibilityChangeReporter: Compat change id reported: 255042465; UID 10108; state: DISABLED
06-24 16:58:08.032 685 959 W ForegroundServiceTypeLoggerModule: Foreground service start for UID: 10108 does not have any types
06-24 16:58:08.034 685 718 I ActivityManager: Deferring FGS notification in legacy app com.youjoy.strugglelandlord/u0a108 : Notification(channel=downloadservice shortcut=null contentView=com.youjoy.strugglelandlord/0x10900b9 vibrate=null sound=null defaults=0x0 flags=0x40 color=0x00000000 vis=PRIVATE)
06-24 16:58:08.046 685 8210 D CoreBackPreview: Window{8cde1f6 u0 com.youjoy.strugglelandlord/com.youjoy.strugglelandlord.Strugglelandlord}: Setting back callback OnBackInvokedCallbackInfo{mCallback=android.window.IOnBackInvokedCallback$Stub$Proxy@20baee7, mPriority=0, mIsAnimationCallback=false}
06-24 16:58:08.165 0 0 I [1 T216 ..] servicemanager: Found android.hardware.graphics.allocator.IAllocator/default in device VINTF manifest.
06-24 16:58:08.168 0 0 I [0 T216 ..] servicemanager: Found android.hardware.graphics.allocator.IAllocator/default in device VINTF manifest.
06-24 16:58:08.334 0 0 W : [2 T1049 .s] [SP FRAME TX] arp req,vif_idx:0 sender:[1c:79:2d:20:62:cb 192.168.3.75]receiver:[00:00:00:00:00:00 192.168.3.68]
06-24 16:58:08.071 685 4709 W ForegroundServiceTypeLoggerModule: FGS stop call for: 10108 has no types!
06-24 16:58:08.161 685 709 W ContextImpl: Calling a method in the system process without a qualified user: android.app.ContextImpl.startService:1899 com.android.server.wm.DisplayPolicy.lambda$focusChangedLw$5:2126 com.android.server.wm.DisplayPolicy.$r8$lambda$Znxk63oh-WzVnzo_WQefN7uxV48:0 com.android.server.wm.DisplayPolicy$$ExternalSyntheticLambda13.run:0 android.os.Handler.handleCallback:958
06-24 16:58:09.110 901 979 V WindowManagerShell: onTransitionReady android.os.BinderProxy@42ff763: {id=648 t=OPEN f=0x0 trk=0 r=[0@Point(0, 0)] c=[{WCT{android.window.IWindowContainerToken$Stub$Proxy@3ed60d5} m=OPEN f=NONE leash=Surface(name=Task=201)/@0x1f1c4de sb=Rect(0, 0 - 1920, 1080) eb=Rect(0, 0 - 1920, 1080) d=0},{WCT{android.window.IWindowContainerToken$Stub$Proxy@95150ea} m=TO_BACK f=NONE leash=Surface(name=Task=200)/@0xfa0a6bf sb=Rect(0, 0 - 1920, 1080) eb=Rect(0, 0 - 1920, 1080) d=0}]}
06-24 16:58:09.111 901 979 V WindowManagerShell: Playing animation for (#648)android.os.BinderProxy@42ff763@0
06-24 16:58:09.111 901 979 V WindowManagerShell: try handler com.android.wm.shell.keyguard.KeyguardTransitionHandler@24e2028
06-24 16:58:09.111 901 979 V WindowManagerShell: try handler com.android.wm.shell.pip.tv.TvPipTransition@1141
06-24 16:58:09.111 901 979 V WindowManagerShell: try handler com.android.wm.shell.activityembedding.ActivityEmbeddingController@e8f56e6
06-24 16:58:09.111 901 979 V WindowManagerShell: try handler com.android.wm.shell.transition.RemoteTransitionHandler@b664427
06-24 16:58:09.111 901 979 V WindowManagerShell: Transition doesn't have explicit remote, search filters for match for {id=648 t=OPEN f=0x0 trk=0 r=[0@Point(0, 0)] c=[{WCT{android.window.IWindowContainerToken$Stub$Proxy@3ed60d5} m=OPEN f=NONE leash=Surface(name=Task=201)/@0x1f1c4de sb=Rect(0, 0 - 1920, 1080) eb=Rect(0, 0 - 1920, 1080) d=0},{WCT{android.window.IWindowContainerToken$Stub$Proxy@95150ea} m=TO_BACK f=NONE leash=Surface(name=Task=200)/@0xfa0a6bf sb=Rect(0, 0 - 1920, 1080) eb=Rect(0, 0 - 1920, 1080) d=0}]}
06-24 16:58:09.111 901 979 V WindowManagerShell: Delegate animation for #648 to null
06-24 16:58:09.111 901 979 V WindowManagerShell: try handler com.android.wm.shell.transition.DefaultTransitionHandler@7916d4
