06-24 16:47:17.891 0 0 W : [2 T1046 ..] [SP FRAME RX] arp req,vif_idx:0 sender:[56:86:a9:ec:10:a8 192.168.3.19]receiver:[00:00:00:00:00:00 192.168.3.75]
06-24 16:47:17.892 0 0 W : [2 T1046 ..] [SP FRAME TX] arp rsp,vif_idx:0 sender:[1c:79:2d:20:62:cb 192.168.3.75]receiver:[56:86:a9:ec:10:a8 192.168.3.19]
06-24 16:47:17.998 0 0 W : [2 T1046 ..] [SP FRAME RX] arp req,vif_idx:0 sender:[12:3c:2c:e1:84:9f 192.168.3.254]receiver:[00:00:00:00:00:00 192.168.3.75]
06-24 16:47:17.999 0 0 W : [2 T1046 ..] [SP FRAME TX] arp rsp,vif_idx:0 sender:[1c:79:2d:20:62:cb 192.168.3.75]receiver:[12:3c:2c:e1:84:9f 192.168.3.254]
06-24 16:47:22.933 0 0 W : [1 T1046 ..] [SP FRAME RX] arp req,vif_idx:0 sender:[42:d1:10:74:de:ca 192.168.3.53]receiver:[00:00:00:00:00:00 192.168.3.75]
06-24 16:47:22.934 0 0 W : [1 T1046 ..] [SP FRAME TX] arp rsp,vif_idx:0 sender:[1c:79:2d:20:62:cb 192.168.3.75]receiver:[42:d1:10:74:de:ca 192.168.3.53]
06-24 16:47:23.233 0 0 W : [1 T1046 ..] [SP FRAME RX] arp req,vif_idx:0 sender:[ca:fd:12:4f:e3:96 192.168.3.13]receiver:[00:00:00:00:00:00 192.168.3.75]
06-24 16:47:23.234 0 0 W : [1 T1046 ..] [SP FRAME TX] arp rsp,vif_idx:0 sender:[1c:79:2d:20:62:cb 192.168.3.75]receiver:[ca:fd:12:4f:e3:96 192.168.3.13]
06-24 16:47:25.002 0 0 W : [3 T0 .s] [SP FRAME TX] arp req,vif_idx:0 sender:[1c:79:2d:20:62:cb 192.168.3.75]receiver:[00:00:00:00:00:00 192.168.3.254]
06-24 16:47:25.021 0 0 W : [1 T1046 ..] [SP FRAME RX] arp rsp,vif_idx:0 sender:[12:3c:2c:e1:84:9f 192.168.3.254]receiver:[1c:79:2d:20:62:cb 192.168.3.75]
06-24 16:47:27.050 0 0 W : [0 T0 .s] [SP FRAME TX] arp req,vif_idx:0 sender:[1c:79:2d:20:62:cb 192.168.3.75]receiver:[00:00:00:00:00:00 192.168.3.215]
06-24 16:47:27.051 0 0 W : [0 T0 .s] [SP FRAME TX] arp req,vif_idx:0 sender:[1c:79:2d:20:62:cb 192.168.3.75]receiver:[00:00:00:00:00:00 192.168.3.176]
06-24 16:47:27.053 0 0 W : [0 T0 .s] [SP FRAME TX] arp req,vif_idx:0 sender:[1c:79:2d:20:62:cb 192.168.3.75]receiver:[00:00:00:00:00:00 192.168.3.68]
06-24 16:47:27.054 0 0 W : [0 T0 .s] [SP FRAME TX] arp req,vif_idx:0 sender:[1c:79:2d:20:62:cb 192.168.3.75]receiver:[00:00:00:00:00:00 192.168.3.57]
06-24 16:47:27.056 0 0 W : [0 T0 .s] [SP FRAME TX] arp req,vif_idx:0 sender:[1c:79:2d:20:62:cb 192.168.3.75]receiver:[00:00:00:00:00:00 192.168.3.36]
06-24 16:47:27.068 0 0 W : [1 T1046 ..] [SP FRAME RX] arp rsp,vif_idx:0 sender:[f6:f5:2e:bc:8c:d5 192.168.3.68]receiver:[1c:79:2d:20:62:cb 192.168.3.75]
06-24 16:47:27.069 0 0 W : [1 T1046 ..] [SP FRAME RX] arp rsp,vif_idx:0 sender:[10:b2:32:39:59:ba 192.168.3.57]receiver:[1c:79:2d:20:62:cb 192.168.3.75]
06-24 16:47:27.070 0 0 W : [1 T1046 ..] [SP FRAME RX] arp rsp,vif_idx:0 sender:[e2:38:ab:ac:32:27 192.168.3.215]receiver:[1c:79:2d:20:62:cb 192.168.3.75]
06-24 16:47:27.095 0 0 W : [1 T1046 ..] [SP FRAME RX] arp req,vif_idx:0 sender:[16:8e:6e:17:dc:41 192.168.3.176]receiver:[00:00:00:00:00:00 192.168.3.75]
06-24 16:47:27.096 0 0 W : [1 T1046 ..] [SP FRAME TX] arp rsp,vif_idx:0 sender:[1c:79:2d:20:62:cb 192.168.3.75]receiver:[16:8e:6e:17:dc:41 192.168.3.176]
06-24 16:47:27.105 0 0 W : [1 T1046 ..] [SP FRAME RX] arp rsp,vif_idx:0 sender:[16:8e:6e:17:dc:41 192.168.3.176]receiver:[1c:79:2d:20:62:cb 192.168.3.75]
06-24 16:47:27.106 0 0 W : [1 T1046 ..] [SP FRAME RX] arp req,vif_idx:0 sender:[e2:8e:12:0f:0b:47 192.168.3.123]receiver:[00:00:00:00:00:00 192.168.3.75]
06-24 16:47:27.108 0 0 W : [1 T1046 ..] [SP FRAME TX] arp rsp,vif_idx:0 sender:[1c:79:2d:20:62:cb 192.168.3.75]receiver:[e2:8e:12:0f:0b:47 192.168.3.123]
06-24 16:47:27.115 0 0 W : [1 T1046 ..] [SP FRAME RX] arp rsp,vif_idx:0 sender:[b6:86:f8:35:d4:28 192.168.3.36]receiver:[1c:79:2d:20:62:cb 192.168.3.75]
06-24 16:47:27.195 0 0 W : [1 T1046 ..] [SP FRAME RX] arp req,vif_idx:0 sender:[b6:86:f8:35:d4:28 192.168.3.36]receiver:[00:00:00:00:00:00 192.168.3.75]
06-24 16:47:27.196 0 0 W : [1 T1046 ..] [SP FRAME TX] arp rsp,vif_idx:0 sender:[1c:79:2d:20:62:cb 192.168.3.75]receiver:[b6:86:f8:35:d4:28 192.168.3.36]
06-24 16:47:27.219 0 0 W : [1 T1046 ..] [SP FRAME RX] arp req,vif_idx:0 sender:[e2:38:ab:ac:32:27 192.168.3.215]receiver:[00:00:00:00:00:00 192.168.3.75]
06-24 16:47:27.220 0 0 W : [1 T1046 ..] [SP FRAME TX] arp rsp,vif_idx:0 sender:[1c:79:2d:20:62:cb 192.168.3.75]receiver:[e2:38:ab:ac:32:27 192.168.3.215]
06-24 16:47:27.256 0 0 W : [1 T1046 ..] [SP FRAME RX] arp req,vif_idx:0 sender:[f6:f5:2e:bc:8c:d5 192.168.3.68]receiver:[00:00:00:00:00:00 192.168.3.75]
06-24 16:47:27.257 0 0 W : [1 T1046 ..] [SP FRAME TX] arp rsp,vif_idx:0 sender:[1c:79:2d:20:62:cb 192.168.3.75]receiver:[f6:f5:2e:bc:8c:d5 192.168.3.68]
06-24 16:47:30.154 0 0 W : [1 T1046 ..] [SP FRAME RX] arp req,vif_idx:0 sender:[fa:f0:09:28:64:31 192.168.3.73]receiver:[00:00:00:00:00:00 192.168.3.75]
06-24 16:47:30.155 0 0 W : [1 T1046 ..] [SP FRAME TX] arp rsp,vif_idx:0 sender:[1c:79:2d:20:62:cb 192.168.3.75]receiver:[fa:f0:09:28:64:31 192.168.3.73]
06-24 16:47:31.414 0 0 W : [1 T1046 ..] [SP FRAME RX] arp req,vif_idx:0 sender:[9a:86:f7:27:5c:25 192.168.3.169]receiver:[00:00:00:00:00:00 192.168.3.75]
06-24 16:47:31.415 0 0 W : [1 T1046 ..] [SP FRAME TX] arp rsp,vif_idx:0 sender:[1c:79:2d:20:62:cb 192.168.3.75]receiver:[9a:86:f7:27:5c:25 192.168.3.169]
06-24 16:47:32.573 0 0 W : [2 T1046 ..] [SP FRAME RX] arp req,vif_idx:0 sender:[d2:07:9a:6e:a7:36 192.168.3.27]receiver:[00:00:00:00:00:00 192.168.3.75]
06-24 16:47:32.574 0 0 W : [2 T1046 ..] [SP FRAME TX] arp rsp,vif_idx:0 sender:[1c:79:2d:20:62:cb 192.168.3.75]receiver:[d2:07:9a:6e:a7:36 192.168.3.27]
06-24 16:47:32.697 0 0 W : [2 T1046 ..] [SP FRAME RX] arp req,vif_idx:0 sender:[c6:ce:03:3d:c3:bd 192.168.3.118]receiver:[00:00:00:00:00:00 192.168.3.75]
06-24 16:47:32.698 0 0 W : [2 T1046 ..] [SP FRAME TX] arp rsp,vif_idx:0 sender:[1c:79:2d:20:62:cb 192.168.3.75]receiver:[c6:ce:03:3d:c3:bd 192.168.3.118]
06-24 16:47:33.760 685 709 D HdmiControlService: Process pid: 685 is calling oneTouchPlay.
06-24 16:47:33.760 685 685 D HdmiControlService: Local device is under address allocation. Save OTP callback for later process.
06-24 16:47:33.762 685 708 D AutofillManagerService: Close system dialogs
06-24 16:47:33.765 901 979 D WindowManagerShell: TvPipMenuController: closeMenu()
06-24 16:47:33.765 901 979 I WindowManagerShell: TvPipMenuController: switchToMenuMode: setting mCurrentMenuMode=MODE_NO_MENU, mPrevMenuMode=MODE_NO_MENU
06-24 16:47:33.775 685 709 I ActivityTaskManager: START u0 {act=android.intent.action.MAIN cat=[android.intent.category.HOME] flg=0x10000100 cmp=com.dangbei.leard.leradlauncher/com.dangbei.launcher.home.LauncherActivity (has extras)} with LAUNCH_SINGLE_TASK from uid 0 (BAL_ALLOW_ALLOWLISTED_UID) result code=2
06-24 16:47:33.775 901 979 V WindowManagerShell: Transition requested: android.os.BinderProxy@a2434dc TransitionRequestInfo { type = 1, triggerTask = TaskInfo{userId=0 taskId=32 displayId=0 isRunning=true baseIntent=Intent { act=android.intent.action.MAIN cat=[android.intent.category.HOME] flg=0x10800100 cmp=com.dangbei.leard.leradlauncher/com.dangbei.launcher.home.LauncherActivity } baseActivity=ComponentInfo{com.dangbei.leard.leradlauncher/com.dangbei.launcher.home.LauncherActivity} topActivity=ComponentInfo{com.dangbei.leard.leradlauncher/com.dangbei.launcher.home.LauncherActivity} origActivity=null realActivity=ComponentInfo{com.dangbei.leard.leradlauncher/com.dangbei.launcher.home.LauncherActivity} numActivities=1 lastActiveTime=20215474 supportsMultiWindow=true resizeMode=0 isResizeable=false minWidth=-1 minHeight=-1 defaultMinSize=220 token=WCT{android.window.IWindowContainerToken$Stub$Proxy@7adb9e5} topActivityType=2 pictureInPictureParams=null shouldDockBigOverlays=true launchIntoPipHostTaskId=-1 lastParentTaskIdBeforePip=-1 displayCutoutSafeInsets=null topActivityInfo=ActivityInfo{fba1cba com.dangbei.launcher.home.LauncherActivity} launchCookies=[] positionInParent=Point(0, 0) parentTaskId=-1 isFocused=true isVisible=false isVisibleRequested=false isSleeping=false topActivityInSizeCompat=false topActivityEligibleForLetterboxEducation= false isLetterboxDoubleTapEnabled= false topActivityEligibleForUserAspectRatioButton= false topActivityBoundsLetterboxed= false isFromLetterboxDoubleTap= false topActivityLetterboxVerticalPosition= -1 topActivityLetterboxHorizontalPosition= -1 topActivityLetterboxWidth=-1 topActivityLetterboxHeight=-1 isUserFullscreenOverrideEnabled=false isTopActivityTransparent=false locusId=null displayAreaFeatureId=1 cameraCompatControlState=hidden}, remoteTransition = null, displayChange = null, flags = 0 }
06-24 16:47:33.780 685 12511 E Transition: Trying to add a ready-group twice: Display{#0 state=ON size=1920x1080 ROTATION_0}
06-24 16:47:33.782 685 12511 V WindowManager: app ------------- force_land :0
06-24 16:47:33.790 685 711 I ActivityManager: PendingStartActivityUids startActivity to updateOomAdj delay:31999ms, uid:10096
06-24 16:47:33.861 901 979 V WindowManagerShell: onTransitionReady android.os.BinderProxy@a2434dc: {id=615 t=OPEN f=0x0 trk=0 r=[0@Point(0, 0)] c=[{WCT{android.window.IWindowContainerToken$Stub$Proxy@e5d4a86} m=TO_FRONT f=MOVE_TO_TOP leash=Surface(name=Task=1)/@0x8db176b sb=Rect(0, 0 - 1920, 1080) eb=Rect(0, 0 - 1920, 1080) d=0},{WCT{android.window.IWindowContainerToken$Stub$Proxy@411bf47} m=TO_BACK f=NONE leash=Surface(name=Task=187)/@0xe2dc2c8 sb=Rect(0, 0 - 1920, 1080) eb=Rect(0, 0 - 1920, 1080) d=0}]}
06-24 16:47:33.861 901 979 V WindowManagerShell: Playing animation for (#615)android.os.BinderProxy@a2434dc@0
06-24 16:47:33.861 901 979 V WindowManagerShell: try handler com.android.wm.shell.keyguard.KeyguardTransitionHandler@24e2028
06-24 16:47:33.861 901 979 V WindowManagerShell: try handler com.android.wm.shell.pip.tv.TvPipTransition@1141
06-24 16:47:33.861 901 979 V WindowManagerShell: try handler com.android.wm.shell.activityembedding.ActivityEmbeddingController@e8f56e6
06-24 16:47:33.861 901 979 V WindowManagerShell: try handler com.android.wm.shell.transition.RemoteTransitionHandler@b664427
06-24 16:47:33.862 901 979 V WindowManagerShell: Transition doesn't have explicit remote, search filters for match for {id=615 t=OPEN f=0x0 trk=0 r=[0@Point(0, 0)] c=[{WCT{android.window.IWindowContainerToken$Stub$Proxy@e5d4a86} m=TO_FRONT f=MOVE_TO_TOP leash=Surface(name=Task=1)/@0x8db176b sb=Rect(0, 0 - 1920, 1080) eb=Rect(0, 0 - 1920, 1080) d=0},{WCT{android.window.IWindowContainerToken$Stub$Proxy@411bf47} m=TO_BACK f=NONE leash=Surface(name=Task=187)/@0xe2dc2c8 sb=Rect(0, 0 - 1920, 1080) eb=Rect(0, 0 - 1920, 1080) d=0}]}
06-24 16:47:33.862 901 979 V WindowManagerShell: Delegate animation for #615 to null
06-24 16:47:33.862 901 979 V WindowManagerShell: try handler com.android.wm.shell.transition.DefaultTransitionHandler@7916d4
06-24 16:47:33.862 901 979 V WindowManagerShell: start default transition animation, info = {id=615 t=OPEN f=0x0 trk=0 r=[0@Point(0, 0)] c=[{WCT{android.window.IWindowContainerToken$Stub$Proxy@e5d4a86} m=TO_FRONT f=MOVE_TO_TOP leash=Surface(name=Task=1)/@0x8db176b sb=Rect(0, 0 - 1920, 1080) eb=Rect(0, 0 - 1920, 1080) d=0},{WCT{android.window.IWindowContainerToken$Stub$Proxy@411bf47} m=TO_BACK f=NONE leash=Surface(name=Task=187)/@0xe2dc2c8 sb=Rect(0, 0 - 1920, 1080) eb=Rect(0, 0 - 1920, 1080) d=0}]}
06-24 16:47:33.863 901 979 V WindowManagerShell: loadAnimation: anim=android.view.animation.AlphaAnimation@522409d animAttr=0x9 type=OPEN isEntrance=false
06-24 16:47:33.863 901 979 V WindowManagerShell: loadAnimation: anim=android.view.animation.AlphaAnimation@72108e3 animAttr=0x8 type=OPEN isEntrance=true
06-24 16:47:33.869 901 979 V WindowManagerShell: animated by com.android.wm.shell.transition.DefaultTransitionHandler@7916d4
06-24 16:47:33.871 685 708 V WindowManager: Sent Transition #615 createdAt=06-24 16:47:33.770 via request=TransitionRequestInfo { type = 1, triggerTask = TaskInfo{userId=0 taskId=32 displayId=0 isRunning=true baseIntent=Intent { act=android.intent.action.MAIN cat=[android.intent.category.HOME] flg=0x10800100 cmp=com.dangbei.leard.leradlauncher/com.dangbei.launcher.home.LauncherActivity } baseActivity=ComponentInfo{com.dangbei.leard.leradlauncher/com.dangbei.launcher.home.LauncherActivity} topActivity=ComponentInfo{com.dangbei.leard.leradlauncher/com.dangbei.launcher.home.LauncherActivity} origActivity=null realActivity=ComponentInfo{com.dangbei.leard.leradlauncher/com.dangbei.launcher.home.LauncherActivity} numActivities=1 lastActiveTime=20215474 supportsMultiWindow=true resizeMode=0 isResizeable=false minWidth=-1 minHeight=-1 defaultMinSize=220 token=WCT{RemoteToken{a5d9d8d Task{131419d #32 type=home A=1000:com.dangbei.leard.leradlauncher}}} topActivityType=2 pictureInPictureParams=null shouldDockBigOverlays=true launchIntoPipHostTaskId=-1 lastParentTaskIdBeforePip=-1 displayCutoutSafeInsets=null topActivityInfo=ActivityInfo{f394bcd com.dangbei.launcher.home.LauncherActivity} launchCookies=[] positionInParent=Point(0, 0) parentTaskId=-1 isFocused=true isVisible=false isVisibleRequested=false isSleeping=false topActivityInSizeCompat=false topActivityEligibleForLetterboxEducation= false isLetterboxDoubleTapEnabled= false topActivityEligibleForUserAspectRatioButton= false topActivityBoundsLetterboxed= false isFromLetterboxDoubleTap= false topActivityLetterboxVerticalPosition= -1 topActivityLetterboxHorizontalPosition= -1 topActivityLetterboxWidth=-1 topActivityLetterboxHeight=-1 isUserFullscreenOverrideEnabled=false isTopActivityTransparent=false locusId=null displayAreaFeatureId=1 cameraCompatControlState=hidden}, remoteTransition = null, displayChange = null, flags = 0 }
06-24 16:47:33.872 685 708 V WindowManager: startWCT=WindowContainerTransaction { changes = {} hops = [] errorCallbackToken=null taskFragmentOrganizer=null }
06-24 16:47:33.872 685 708 V WindowManager: info={id=615 t=OPEN f=0x0 trk=0 r=[0@Point(0, 0)] c=[{WCT{RemoteToken{30b1e82 Task{4d21fd0 #1 type=home}}} m=TO_FRONT f=MOVE_TO_TOP leash=Surface(name=Task=1)/@0x54f0375 sb=Rect(0, 0 - 1920, 1080) eb=Rect(0, 0 - 1920, 1080) d=0},{WCT{RemoteToken{484482f Task{6becef #187 type=standard A=10096:com.dangbeimarket}}} m=TO_BACK f=NONE leash=Surface(name=Task=187)/@0xcaf61d3 sb=Rect(0, 0 - 1920, 1080) eb=Rect(0, 0 - 1920, 1080) d=0}]}
06-24 16:47:33.888 901 979 D WindowManagerShell: TvPipController: onTaskStackChanged()
06-24 16:47:33.908 685 709 W ContextImpl: Calling a method in the system process without a qualified user: android.app.ContextImpl.startService:1899 com.android.server.wm.DisplayPolicy.lambda$focusChangedLw$5:2126 com.android.server.wm.DisplayPolicy.$r8$lambda$Znxk63oh-WzVnzo_WQefN7uxV48:0 com.android.server.wm.DisplayPolicy$$ExternalSyntheticLambda13.run:0 android.os.Handler.handleCallback:958
06-24 16:47:34.053 0 0 W : [1 T1046 ..] [SP FRAME RX] arp req,vif_idx:0 sender:[3a:fd:3d:ee:5f:54 192.168.3.129]receiver:[00:00:00:00:00:00 192.168.3.75]
06-24 16:47:34.054 0 0 W : [1 T1046 ..] [SP FRAME TX] arp rsp,vif_idx:0 sender:[1c:79:2d:20:62:cb 192.168.3.75]receiver:[3a:fd:3d:ee:5f:54 192.168.3.129]
06-24 16:47:34.089 0 0 W [1 T5598 ..] audit: audit_lost=22837 audit_rate_limit=5 audit_backlog_limit=64
06-24 16:47:34.089 0 0 E [1 T5598 ..] audit: rate limit exceeded
06-24 16:47:34.284 901 979 V WindowManagerShell: Transition animation finished (aborted=false), notifying core (#615)android.os.BinderProxy@a2434dc@0
06-24 16:47:34.288 685 708 V WindowManager: Finish Transition #615: created at
06-24 16:47:33.770 collect-started=0.036ms request-sent=4.712ms started=6.388ms ready=13.76ms sent=78.358ms finished=517.76ms
06-24 16:47:34.292 901 979 V WindowManagerShell: Track 0 became idle
06-24 16:47:34.292 901 979 V WindowManagerShell: All active transition animations finished
06-24 16:47:35.658 0 0 W [0 T10663 ..] audit: audit_lost=22857 audit_rate_limit=5 audit_backlog_limit=64
06-24 16:47:35.658 0 0 E [0 T10663 ..] audit: rate limit exceeded
06-24 16:47:37.139 685 2118 W WindowManager: [addWindow] title:com.dangbei.leard.leradlauncher/com.dangbei.launcher.home.LauncherActivity
06-24 16:47:37.139 685 24239 W WindowManager: Failed looking up window session=Session{e396e2b 1423:1000} callers=com.android.server.wm.WindowManagerService.windowForClientLocked:6077 com.android.server.wm.Session.updateRequestedVisibleTypes:695 android.view.IWindowSession$Stub.onTransact:1034
06-24 16:47:37.152 685 2118 D CoreBackPreview: Window{a9a5eb3 u0 com.dangbei.leard.leradlauncher/com.dangbei.launcher.home.LauncherActivity}: Setting back callback OnBackInvokedCallbackInfo{mCallback=android.window.IOnBackInvokedCallback$Stub$Proxy@d6a9be9, mPriority=0, mIsAnimationCallback=false}
06-24 16:47:37.208 1423 1423 W VRI[LauncherActivity]: Cancelling event (no window focus):KeyEvent { action=ACTION_UP, keyCode=KEYCODE_MENU, scanCode=139, metaState=0, flags=0x28, repeatCount=0, eventTime=20265087146788, downTime=20265024328000, deviceId=10, source=0x301, displayId=-1 }
06-24 16:47:37.208 1423 1423 W VRI[LauncherActivity]: Cancelling event (no window focus):KeyEvent { action=ACTION_UP, keyCode=KEYCODE_MENU, scanCode=139, metaState=0, flags=0x28, repeatCount=0, eventTime=20265087146788, downTime=20265024328000, deviceId=10, source=0x301, displayId=-1 }
06-24 16:47:37.208 1423 1423 W VRI[LauncherActivity]: Cancelling event (no window focus):KeyEvent { action=ACTION_UP, keyCode=KEYCODE_MENU, scanCode=139, metaState=0, flags=0x28, repeatCount=0, eventTime=20265087146788, downTime=20265024328000, deviceId=10, source=0x301, displayId=-1 }
06-24 16:47:37.243 685 709 W ContextImpl: Calling a method in the system process without a qualified user: android.app.ContextImpl.startService:1899 com.android.server.wm.DisplayPolicy.lambda$focusChangedLw$5:2126 com.android.server.wm.DisplayPolicy.$r8$lambda$Znxk63oh-WzVnzo_WQefN7uxV48:0 com.android.server.wm.DisplayPolicy$$ExternalSyntheticLambda13.run:0 android.os.Handler.handleCallback:958
06-24 16:47:37.739 0 0 W : [1 T1046 ..] [SP FRAME RX] arp req,vif_idx:0 sender:[92:c8:7a:73:1d:bb 192.168.3.34]receiver:[00:00:00:00:00:00 192.168.3.75]
06-24 16:47:37.740 0 0 W : [1 T1046 ..] [SP FRAME TX] arp rsp,vif_idx:0 sender:[1c:79:2d:20:62:cb 192.168.3.75]receiver:[92:c8:7a:73:1d:bb 192.168.3.34]
06-24 16:47:37.802 0 0 W : [1 T0 .s] [SP FRAME TX] arp req,vif_idx:0 sender:[1c:79:2d:20:62:cb 192.168.3.75]receiver:[00:00:00:00:00:00 192.168.3.34]
06-24 16:47:37.821 0 0 W : [1 T1046 ..] [SP FRAME RX] arp rsp,vif_idx:0 sender:[92:c8:7a:73:1d:bb 192.168.3.34]receiver:[1c:79:2d:20:62:cb 192.168.3.75]
06-24 16:47:37.986 0 0 W : [1 T1046 ..] [SP FRAME RX] arp req,vif_idx:0 sender:[b6:9c:70:ec:40:e7 192.168.3.65]receiver:[00:00:00:00:00:00 192.168.3.75]
06-24 16:47:37.987 0 0 W : [1 T1046 ..] [SP FRAME TX] arp rsp,vif_idx:0 sender:[1c:79:2d:20:62:cb 192.168.3.75]receiver:[b6:9c:70:ec:40:e7 192.168.3.65]
06-24 16:47:38.003 0 0 W : [1 T1046 ..] [SP FRAME RX] arp req,vif_idx:0 sender:[da:b8:33:f6:93:fe 192.168.3.89]receiver:[00:00:00:00:00:00 192.168.3.75]
06-24 16:47:38.004 0 0 W : [1 T1046 ..] [SP FRAME TX] arp rsp,vif_idx:0 sender:[1c:79:2d:20:62:cb 192.168.3.75]receiver:[da:b8:33:f6:93:fe 192.168.3.89]
06-24 16:47:38.058 0 0 W : [3 T0 .s] [SP FRAME TX] arp req,vif_idx:0 sender:[1c:79:2d:20:62:cb 192.168.3.75]receiver:[00:00:00:00:00:00 192.168.3.3]
06-24 16:47:38.071 0 0 W : [1 T1046 ..] [SP FRAME RX] arp rsp,vif_idx:0 sender:[02:fe:15:17:79:f9 192.168.3.3]receiver:[1c:79:2d:20:62:cb 192.168.3.75]
06-24 16:47:38.254 0 0 W : [1 T1046 ..] [SP FRAME RX] arp req,vif_idx:0 sender:[02:fe:15:17:79:f9 192.168.3.3]receiver:[00:00:00:00:00:00 192.168.3.75]
06-24 16:47:38.255 0 0 W : [1 T1046 ..] [SP FRAME TX] arp rsp,vif_idx:0 sender:[1c:79:2d:20:62:cb 192.168.3.75]receiver:[02:fe:15:17:79:f9 192.168.3.3]
06-24 16:47:38.900 0 0 W : [1 T1046 ..] [SP FRAME RX] arp req,vif_idx:0 sender:[28:7b:11:70:4f:a5 192.168.3.155]receiver:[00:00:00:00:00:00 192.168.3.75]
06-24 16:47:38.901 0 0 W : [1 T1046 ..] [SP FRAME TX] arp rsp,vif_idx:0 sender:[1c:79:2d:20:62:cb 192.168.3.75]receiver:[28:7b:11:70:4f:a5 192.168.3.155]
06-24 16:47:40.187 0 0 W : [0 T1046 ..] [SP FRAME RX] arp req,vif_idx:0 sender:[de:90:cb:50:92:8f 192.168.3.145]receiver:[00:00:00:00:00:00 192.168.3.75]
06-24 16:47:40.188 0 0 W : [0 T1046 ..] [SP FRAME TX] arp rsp,vif_idx:0 sender:[1c:79:2d:20:62:cb 192.168.3.75]receiver:[de:90:cb:50:92:8f 192.168.3.145]
06-24 16:47:40.816 0 0 W : [0 T1046 ..] [SP FRAME RX] arp req,vif_idx:0 sender:[7a:8a:0f:56:00:ca 192.168.3.248]receiver:[00:00:00:00:00:00 192.168.3.75]
06-24 16:47:40.817 0 0 W : [0 T1046 ..] [SP FRAME TX] arp rsp,vif_idx:0 sender:[1c:79:2d:20:62:cb 192.168.3.75]receiver:[7a:8a:0f:56:00:ca 192.168.3.248]
06-24 16:47:42.044 685 718 I ActivityManager: Force stopping com.baosheng.ktv appid=10106 user=0: deletePackageX
06-24 16:47:42.045 685 741 I AppsFilter: interaction: PackageSetting{27e1a27 com.dangbei.hqguide/10029} -> PackageSetting{186b9b7 com.baosheng.ktv/10106} BLOCKED
06-24 16:47:42.046 685 718 I ActivityManager: Killing 5372:com.baosheng.ktv/u0a106 (adj 500): stop com.baosheng.ktv due to deletePackageX
06-24 16:47:42.049 685 2118 D CoreBackPreview: Window{a9a5eb3 u0 com.dangbei.leard.leradlauncher/com.dangbei.launcher.home.LauncherActivity}: Setting back callback null
06-24 16:47:42.064 685 711 V WindowManager: Unknown focus tokens, dropping reportFocusChanged
06-24 16:47:42.067 685 709 D DisplayManagerService: Drop pending events for gone uid 10106
06-24 16:47:42.114 685 741 W PackageManager: java.lang.IllegalArgumentException: Unable to get package com.baosheng.ktv
06-24 16:47:42.114 685 741 W PackageManager: at com.android.server.art.Utils.getPackageOrThrow(Utils.java:271)
06-24 16:47:42.114 685 741 W PackageManager: at com.android.server.art.ArtManagerLocal.clearAppProfiles(ArtManagerLocal.java:326)
06-24 16:47:42.114 685 741 W PackageManager: at com.android.server.pm.AppDataHelper.destroyAppProfilesWithArtService(AppDataHelper.java:665)
06-24 16:47:42.114 685 741 W PackageManager: at com.android.server.pm.AppDataHelper.destroyAppProfilesLeafLIF(AppDataHelper.java:640)
06-24 16:47:42.114 685 741 W PackageManager: at com.android.server.pm.AppDataHelper.destroyAppProfilesLIF(AppDataHelper.java:635)
06-24 16:47:42.114 685 741 W PackageManager: at com.android.server.pm.RemovePackageHelper.removePackageDataLIF(RemovePackageHelper.java:300)
06-24 16:47:42.114 685 741 W PackageManager: at com.android.server.pm.DeletePackageHelper.deleteInstalledPackageLIF(DeletePackageHelper.java:575)
06-24 16:47:42.114 685 741 W PackageManager: at com.android.server.pm.DeletePackageHelper.executeDeletePackageLIF(DeletePackageHelper.java:487)
06-24 16:47:42.114 685 741 W PackageManager: at com.android.server.pm.DeletePackageHelper.deletePackageLIF(DeletePackageHelper.java:366)
06-24 16:47:42.114 685 741 W PackageManager: at com.android.server.pm.DeletePackageHelper.deletePackageX(DeletePackageHelper.java:243)
06-24 16:47:42.114 685 741 W PackageManager: at com.android.server.pm.DeletePackageHelper.lambda$deletePackageVersionedInternal$4(DeletePackageHelper.java:780)
06-24 16:47:42.114 685 741 W PackageManager: at com.android.server.pm.DeletePackageHelper.$r8$lambda$4Fq6dOQzMurWEtr04t07o3_ePAI(DeletePackageHelper.java:0)
06-24 16:47:42.114 685 741 W PackageManager: at com.android.server.pm.DeletePackageHelper$$ExternalSyntheticLambda4.run(R8$$SyntheticClass:0)
06-24 16:47:42.114 685 741 W PackageManager: at android.os.Handler.handleCallback(Handler.java:958)
06-24 16:47:42.114 685 741 W PackageManager: at android.os.Handler.dispatchMessage(Handler.java:99)
06-24 16:47:42.114 685 741 W PackageManager: at android.os.Looper.loopOnce(Looper.java:205)
06-24 16:47:42.114 685 741 W PackageManager: at android.os.Looper.loop(Looper.java:294)
06-24 16:47:42.114 685 741 W PackageManager: at android.os.HandlerThread.run(HandlerThread.java:67)
06-24 16:47:42.114 685 741 W PackageManager: at com.android.server.ServiceThread.run(ServiceThread.java:46)
06-24 16:47:42.118 685 2118 V ActivityManager: Got obituary of 5372:com.baosheng.ktv
06-24 16:47:42.122 685 741 W PermissionManager: Package com.android.adservices.api is an APK in APEX, but has permission allowlist on the system image. Please bundle the allowlist in the com.android.adservices APEX instead.
06-24 16:47:42.160 685 709 W ContextImpl: Calling a method in the system process without a qualified user: android.app.ContextImpl.startService:1899 com.android.server.wm.DisplayPolicy.lambda$focusChangedLw$5:2126 com.android.server.wm.DisplayPolicy.$r8$lambda$Znxk63oh-WzVnzo_WQefN7uxV48:0 com.android.server.wm.DisplayPolicy$$ExternalSyntheticLambda13.run:0 android.os.Handler.handleCallback:958
06-24 16:47:42.183 685 741 W PermissionManager: Package com.android.providers.media.module is an APK in APEX, but has permission allowlist on the system image. Please bundle the allowlist in the com.android.mediaprovider APEX instead.
06-24 16:47:42.183 685 741 W PermissionManager: Package com.android.providers.media.module is an APK in APEX, but has permission allowlist on the system image. Please bundle the allowlist in the com.android.mediaprovider APEX instead.
06-24 16:47:42.183 685 741 W PermissionManager: Package com.android.providers.media.module is an APK in APEX, but has permission allowlist on the system image. Please bundle the allowlist in the com.android.mediaprovider APEX instead.
06-24 16:47:42.183 685 741 W PermissionManager: Package com.android.providers.media.module is an APK in APEX, but has permission allowlist on the system image. Please bundle the allowlist in the com.android.mediaprovider APEX instead.
06-24 16:47:42.183 685 741 W PermissionManager: Package com.android.providers.media.module is an APK in APEX, but has permission allowlist on the system image. Please bundle the allowlist in the com.android.mediaprovider APEX instead.
06-24 16:47:42.183 685 741 W PermissionManager: Package com.android.providers.media.module is an APK in APEX, but has permission allowlist on the system image. Please bundle the allowlist in the com.android.mediaprovider APEX instead.
06-24 16:47:42.183 685 741 W PermissionManager: Package com.android.providers.media.module is an APK in APEX, but has permission allowlist on the system image. Please bundle the allowlist in the com.android.mediaprovider APEX instead.
06-24 16:47:42.183 685 741 W PermissionManager: Package com.android.providers.media.module is an APK in APEX, but has permission allowlist on the system image. Please bundle the allowlist in the com.android.mediaprovider APEX instead.
06-24 16:47:42.183 685 741 W PermissionManager: Package com.android.providers.media.module is an APK in APEX, but has permission allowlist on the system image. Please bundle the allowlist in the com.android.mediaprovider APEX instead.
06-24 16:47:42.184 685 741 W PermissionManager: Package com.android.providers.media.module is an APK in APEX, but has permission allowlist on the system image. Please bundle the allowlist in the com.android.mediaprovider APEX instead.
06-24 16:47:42.184 685 741 W PermissionManager: Package com.android.providers.media.module is an APK in APEX, but has permission allowlist on the system image. Please bundle the allowlist in the com.android.mediaprovider APEX instead.
06-24 16:47:42.184 685 741 W PermissionManager: Package com.android.providers.media.module is an APK in APEX, but has permission allowlist on the system image. Please bundle the allowlist in the com.android.mediaprovider APEX instead.
06-24 16:47:42.184 685 741 W PermissionManager: Package com.android.providers.media.module is an APK in APEX, but has permission allowlist on the system image. Please bundle the allowlist in the com.android.mediaprovider APEX instead.
06-24 16:47:42.233 685 741 D PackageManager: Instant App installer not found with android.intent.action.INSTALL_INSTANT_APP_PACKAGE
06-24 16:47:42.233 685 741 D PackageManager: Clear ephemeral installer activity
06-24 16:47:42.243 0 0 I [0 T2406 ..] logd: start watching /data/system/packages.list ...
06-24 16:47:42.238 685 1390 E TaskPersister: File error accessing recents directory (directory doesn't exist?).
06-24 16:47:42.248 0 0 I [0 T2406 ..] logd: ReadPackageList, total packages: 110
06-24 16:47:42.272 685 741 I ActivityManager: Force stopping com.baosheng.ktv appid=10106 user=0: pkg removed
06-24 16:47:42.284 685 741 I ActivityManager: Force stopping com.baosheng.ktv appid=10106 user=0: pkg removed
06-24 16:47:42.295 685 1390 E TaskPersister: File error accessing recents directory (directory doesn't exist?).
06-24 16:47:42.383 901 979 D WindowManagerShell: TvPipController: onTaskStackChanged()
06-24 16:47:42.394 685 767 I RollbackManager: broadcast=ACTION_PACKAGE_FULLY_REMOVED pkg=com.baosheng.ktv
06-24 16:47:42.396 685 800 V StorageManagerService: Package com.baosheng.ktv does not have legacy storage
06-24 16:47:42.414 685 685 I ActivityManager: com.android.keychain is exempt from freezer
06-24 16:47:42.414 685 685 D CompatibilityChangeReporter: Compat change id reported: 135634846; UID 1000; state: DISABLED
06-24 16:47:42.476 685 718 D ActivityManager: sync unfroze 4273 com.android.providers.tv for 3
06-24 16:47:42.479 685 719 W ActivityManager: Slow operation: 65ms so far, now at startProcess: returned from zygote!
06-24 16:47:42.482 685 718 D ActivityManager: sync unfroze 2305 android.process.media for 3
06-24 16:47:42.499 685 685 I ConditionProviders: Disallowing condition provider com.baosheng.ktv (userSet: true)
06-24 16:47:42.570 0 0 W [2 T10663 ..] audit: audit_lost=22858 audit_rate_limit=5 audit_backlog_limit=64
06-24 16:47:42.571 0 0 E [2 T10663 ..] audit: rate limit exceeded
06-24 16:47:42.564 685 719 W ActivityManager: Slow operation: 150ms so far, now at startProcess: done updating battery stats
06-24 16:47:42.564 685 719 W ActivityManager: Slow operation: 151ms so far, now at startProcess: building log message
06-24 16:47:42.564 685 719 I ActivityManager: Start proc 5794:com.android.keychain/1000 for service {com.android.keychain/com.android.keychain.KeyChainService}
06-24 16:47:42.564 685 719 W ActivityManager: Slow operation: 151ms so far, now at startProcess: starting to update pids map
06-24 16:47:42.564 685 719 W ActivityManager: Slow operation: 151ms so far, now at startProcess: done updating pids map
06-24 16:47:42.583 685 717 W TextServicesManagerService: no available spell checker services found
06-24 16:47:42.590 2305 2305 W Looper : Slow delivery took 2379660ms main h=android.database.sqlite.SQLiteConnectionPool$IdleConnectionHandler c=null m=0
06-24 16:47:42.598 685 3826 D CompatibilityChangeReporter: Compat change id reported: 214016041; UID 1000; state: ENABLED
06-24 16:47:42.599 685 3826 D CompatibilityChangeReporter: Compat change id reported: 214016041; UID 1000; state: DISABLED
06-24 16:47:42.634 685 8210 W WindowManager: [addWindow] title:Toast
06-24 16:47:42.701 685 3826 D CoreBackPreview: Window{7407603 u0 Toast}: Setting back callback OnBackInvokedCallbackInfo{mCallback=android.window.IOnBackInvokedCallback$Stub$Proxy@2d2aee8, mPriority=0, mIsAnimationCallback=false}
06-24 16:47:42.702 2305 2305 W Looper : Drained
06-24 16:47:42.892 685 3826 D CompatibilityChangeReporter: Compat change id reported: 171306433; UID 1000; state: ENABLED
06-24 16:47:42.893 685 3826 D CompatibilityChangeReporter: Compat change id reported: 218533173; UID 1000; state: ENABLED
06-24 16:47:43.473 0 0 W : [1 T1046 ..] [SP FRAME RX] arp req,vif_idx:0 sender:[02:d1:be:fb:0a:d7 192.168.3.130]receiver:[00:00:00:00:00:00 192.168.3.75]
06-24 16:47:43.474 0 0 W : [1 T1046 ..] [SP FRAME TX] arp rsp,vif_idx:0 sender:[1c:79:2d:20:62:cb 192.168.3.75]receiver:[02:d1:be:fb:0a:d7 192.168.3.130]
06-24 16:47:43.721 0 0 W : [1 T1046 ..] [SP FRAME RX] arp req,vif_idx:0 sender:[e2:04:f6:d8:62:00 192.168.3.194]receiver:[00:00:00:00:00:00 192.168.3.75]
06-24 16:47:43.722 0 0 W : [1 T1046 ..] [SP FRAME TX] arp rsp,vif_idx:0 sender:[1c:79:2d:20:62:cb 192.168.3.75]receiver:[e2:04:f6:d8:62:00 192.168.3.194]
06-24 16:47:43.795 685 780 D ActivityManager: freezing 11371 com.talkingdata.sdk.TDAntiCheatingService
06-24 16:47:44.007 685 751 D CompatibilityChangeReporter: Compat change id reported: 128611929; UID 10096; state: DISABLED
06-24 16:47:44.127 0 0 W : [1 T1046 ..] [SP FRAME RX] arp req,vif_idx:0 sender:[0c:91:60:12:cd:fc 192.168.3.171]receiver:[00:00:00:00:00:00 192.168.3.75]
06-24 16:47:44.128 0 0 W : [1 T1046 ..] [SP FRAME TX] arp rsp,vif_idx:0 sender:[1c:79:2d:20:62:cb 192.168.3.75]receiver:[0c:91:60:12:cd:fc 192.168.3.171]
06-24 16:47:45.226 0 0 W : [0 T0 .s] [SP FRAME TX] arp req,vif_idx:0 sender:[1c:79:2d:20:62:cb 192.168.3.75]receiver:[00:00:00:00:00:00 192.168.3.123]
06-24 16:47:45.240 0 0 W : [1 T1046 ..] [SP FRAME RX] arp rsp,vif_idx:0 sender:[e2:8e:12:0f:0b:47 192.168.3.123]receiver:[1c:79:2d:20:62:cb 192.168.3.75]
06-24 16:47:45.548 0 0 W [2 T24735 ..] audit: audit_lost=22863 audit_rate_limit=5 audit_backlog_limit=64
06-24 16:47:45.551 0 0 E [2 T24735 ..] audit: rate limit exceeded
06-24 16:47:46.075 685 751 D CoreBackPreview: Window{7407603 u0 Toast}: Setting back callback null
06-24 16:47:46.078 685 751 W WindowManager: [addWindow] title:Toast
06-24 16:47:46.079 685 751 D CompatibilityChangeReporter: Compat change id reported: 168419799; UID 10096; state: DISABLED
06-24 16:47:46.079 685 751 D CompatibilityChangeReporter: Compat change id reported: 273564678; UID 10096; state: DISABLED
06-24 16:47:46.085 685 751 W NotificationService: Toast already killed. pkg=com.dangbei.zhushou token=android.os.BinderProxy@51e2c10
06-24 16:47:46.095 685 3826 D CoreBackPreview: Window{d82c936 u0 Toast}: Setting back callback OnBackInvokedCallbackInfo{mCallback=android.window.IOnBackInvokedCallback$Stub$Proxy@3a5d309, mPriority=0, mIsAnimationCallback=false}
06-24 16:47:46.636 685 711 W WindowManager: Unable to start animation, surface is null or no children.
06-24 16:47:48.077 685 3826 D CoreBackPreview: Window{d82c936 u0 Toast}: Setting back callback null
06-24 16:47:48.083 685 3826 W NotificationService: Toast already killed. pkg=com.dangbeimarket token=android.os.BinderProxy@3e633d4
06-24 16:47:50.081 685 711 W WindowManager: Unable to start animation, surface is null or no children.
06-24 16:47:51.938 0 0 W : [3 T1046 ..] [SP FRAME RX] arp req,vif_idx:0 sender:[28:7b:11:70:4f:bd 192.168.3.156]receiver:[00:00:00:00:00:00 192.168.3.75]
06-24 16:47:51.939 0 0 W : [3 T1046 ..] [SP FRAME TX] arp rsp,vif_idx:0 sender:[1c:79:2d:20:62:cb 192.168.3.75]receiver:[28:7b:11:70:4f:bd 192.168.3.156]
06-24 16:47:52.092 0 0 W : [3 T1046 ..] [SP FRAME RX] arp req,vif_idx:0 sender:[0c:91:60:12:cd:8c 192.168.3.70]receiver:[00:00:00:00:00:00 192.168.3.75]
06-24 16:47:52.092 0 0 W : [3 T1046 ..] [SP FRAME TX] arp rsp,vif_idx:0 sender:[1c:79:2d:20:62:cb 192.168.3.75]receiver:[0c:91:60:12:cd:8c 192.168.3.70]
06-24 16:47:52.164 0 0 I [1 T2406 ..] logd: start watching /data/system/packages.list ...
06-24 16:47:52.166 0 0 I [1 T2406 ..] logd: ReadPackageList, total packages: 110
06-24 16:47:52.480 685 888 W FileUtils: Failed to chmod(AtomicFile[/data/system_de/0/system/game-manager-service.xml]): android.system.ErrnoException: chmod failed: ENOENT (No such file or directory)
06-24 16:47:52.828 272 5784 I keystore2: system/security/keystore2/src/watchdog.rs:319 - Watchdog thread idle -> terminating. Have a great day.
06-24 16:47:52.915 685 780 D ActivityManager: freezing 4273 com.android.providers.tv
06-24 16:47:52.917 685 780 D ActivityManager: freezing 2305 android.process.media
06-24 16:47:54.974 0 0 W : [3 T1046 ..] [SP FRAME RX] arp req,vif_idx:0 sender:[42:d1:10:74:de:ca 192.168.3.53]receiver:[00:00:00:00:00:00 192.168.3.75]
06-24 16:47:54.975 0 0 W : [3 T1046 ..] [SP FRAME TX] arp rsp,vif_idx:0 sender:[1c:79:2d:20:62:cb 192.168.3.75]receiver:[42:d1:10:74:de:ca 192.168.3.53]
06-24 16:47:55.195 0 0 W : [3 T1046 ..] [SP FRAME RX] arp req,vif_idx:0 sender:[ca:fd:12:4f:e3:96 192.168.3.13]receiver:[00:00:00:00:00:00 192.168.3.75]
06-24 16:47:55.196 0 0 W : [3 T1046 ..] [SP FRAME TX] arp rsp,vif_idx:0 sender:[1c:79:2d:20:62:cb 192.168.3.75]receiver:[ca:fd:12:4f:e3:96 192.168.3.13]
06-24 16:47:56.917 0 0 W : [3 T1046 ..] [SP FRAME RX] arp req,vif_idx:0 sender:[12:3c:2c:e1:84:9f 192.168.3.254]receiver:[00:00:00:00:00:00 192.168.3.75]
06-24 16:47:56.918 0 0 W : [3 T1046 ..] [SP FRAME TX] arp rsp,vif_idx:0 sender:[1c:79:2d:20:62:cb 192.168.3.75]receiver:[12:3c:2c:e1:84:9f 192.168.3.254]
06-24 16:47:57.002 0 0 W : [0 T0 .s] [SP FRAME TX] arp req,vif_idx:0 sender:[1c:79:2d:20:62:cb 192.168.3.75]receiver:[00:00:00:00:00:00 192.168.3.254]
06-24 16:47:57.012 0 0 W : [3 T1046 ..] [SP FRAME RX] arp rsp,vif_idx:0 sender:[12:3c:2c:e1:84:9f 192.168.3.254]receiver:[1c:79:2d:20:62:cb 192.168.3.75]
06-24 16:47:58.101 685 781 D CompatibilityChangeReporter: Compat change id reported: 261072174; UID 1000; state: ENABLED
06-24 16:47:59.054 0 0 W : [3 T0 .s] [SP FRAME TX] arp req,vif_idx:0 sender:[1c:79:2d:20:62:cb 192.168.3.75]receiver:[00:00:00:00:00:00 192.168.3.243]
06-24 16:47:59.055 0 0 W : [3 T0 .s] [SP FRAME TX] arp req,vif_idx:0 sender:[1c:79:2d:20:62:cb 192.168.3.75]receiver:[00:00:00:00:00:00 192.168.3.215]
06-24 16:47:59.057 0 0 W : [3 T0 .s] [SP FRAME TX] arp req,vif_idx:0 sender:[1c:79:2d:20:62:cb 192.168.3.75]receiver:[00:00:00:00:00:00 192.168.3.176]
06-24 16:47:59.058 0 0 W : [3 T0 .s] [SP FRAME TX] arp req,vif_idx:0 sender:[1c:79:2d:20:62:cb 192.168.3.75]receiver:[00:00:00:00:00:00 192.168.3.68]
06-24 16:47:59.060 0 0 W : [3 T0 .s] [SP FRAME TX] arp req,vif_idx:0 sender:[1c:79:2d:20:62:cb 192.168.3.75]receiver:[00:00:00:00:00:00 192.168.3.57]
06-24 16:47:59.061 0 0 W : [3 T0 .s] [SP FRAME TX] arp req,vif_idx:0 sender:[1c:79:2d:20:62:cb 192.168.3.75]receiver:[00:00:00:00:00:00 192.168.3.36]
06-24 16:47:59.072 0 0 W : [3 T1046 ..] [SP FRAME RX] arp rsp,vif_idx:0 sender:[b6:86:f8:35:d4:28 192.168.3.36]receiver:[1c:79:2d:20:62:cb 192.168.3.75]
06-24 16:47:59.083 0 0 W : [3 T1046 ..] [SP FRAME RX] arp req,vif_idx:0 sender:[16:8e:6e:17:dc:41 192.168.3.176]receiver:[00:00:00:00:00:00 192.168.3.75]
06-24 16:47:59.084 0 0 W : [3 T1046 ..] [SP FRAME TX] arp rsp,vif_idx:0 sender:[1c:79:2d:20:62:cb 192.168.3.75]receiver:[16:8e:6e:17:dc:41 192.168.3.176]
06-24 16:47:59.085 0 0 W : [3 T1046 ..] [SP FRAME RX] arp rsp,vif_idx:0 sender:[f6:f5:2e:bc:8c:d5 192.168.3.68]receiver:[1c:79:2d:20:62:cb 192.168.3.75]
06-24 16:47:59.190 0 0 W : [3 T1046 ..] [SP FRAME RX] arp rsp,vif_idx:0 sender:[e2:38:ab:ac:32:27 192.168.3.215]receiver:[1c:79:2d:20:62:cb 192.168.3.75]
06-24 16:47:59.191 0 0 W : [3 T1046 ..] [SP FRAME RX] arp rsp,vif_idx:0 sender:[16:8e:6e:17:dc:41 192.168.3.176]receiver:[1c:79:2d:20:62:cb 192.168.3.75]
06-24 16:47:59.238 0 0 W : [3 T1046 ..] [SP FRAME RX] arp req,vif_idx:0 sender:[10:b2:32:39:59:ba 192.168.3.57]receiver:[00:00:00:00:00:00 192.168.3.75]
06-24 16:47:59.239 0 0 W : [3 T1046 ..] [SP FRAME TX] arp rsp,vif_idx:0 sender:[1c:79:2d:20:62:cb 192.168.3.75]receiver:[10:b2:32:39:59:ba 192.168.3.57]
06-24 16:47:59.241 0 0 W : [3 T1046 ..] [SP FRAME RX] arp req,vif_idx:0 sender:[e2:8e:12:0f:0b:47 192.168.3.123]receiver:[00:00:00:00:00:00 192.168.3.75]
06-24 16:47:59.242 0 0 W : [3 T1046 ..] [SP FRAME TX] arp rsp,vif_idx:0 sender:[1c:79:2d:20:62:cb 192.168.3.75]receiver:[e2:8e:12:0f:0b:47 192.168.3.123]
06-24 16:47:59.244 0 0 W : [3 T1046 ..] [SP FRAME RX] arp rsp,vif_idx:0 sender:[10:b2:32:39:59:ba 192.168.3.57]receiver:[1c:79:2d:20:62:cb 192.168.3.75]
06-24 16:47:59.245 0 0 W : [3 T1046 ..] [SP FRAME RX] arp req,vif_idx:0 sender:[b6:86:f8:35:d4:28 192.168.3.36]receiver:[00:00:00:00:00:00 192.168.3.75]
06-24 16:47:59.247 0 0 W : [3 T1046 ..] [SP FRAME TX] arp rsp,vif_idx:0 sender:[1c:79:2d:20:62:cb 192.168.3.75]receiver:[b6:86:f8:35:d4:28 192.168.3.36]
06-24 16:47:59.249 0 0 W : [3 T1046 ..] [SP FRAME RX] arp req,vif_idx:0 sender:[e2:38:ab:ac:32:27 192.168.3.215]receiver:[00:00:00:00:00:00 192.168.3.75]
06-24 16:47:59.250 0 0 W : [3 T1046 ..] [SP FRAME TX] arp rsp,vif_idx:0 sender:[1c:79:2d:20:62:cb 192.168.3.75]receiver:[e2:38:ab:ac:32:27 192.168.3.215]
06-24 16:47:59.253 0 0 W : [3 T1046 ..] [SP FRAME RX] arp req,vif_idx:0 sender:[f6:f5:2e:bc:8c:d5 192.168.3.68]receiver:[00:00:00:00:00:00 192.168.3.75]
06-24 16:47:59.254 0 0 W : [3 T1046 ..] [SP FRAME TX] arp rsp,vif_idx:0 sender:[1c:79:2d:20:62:cb 192.168.3.75]receiver:[f6:f5:2e:bc:8c:d5 192.168.3.68]
06-24 16:48:00.074 0 0 W : [3 T0 .s] [SP FRAME TX] arp req,vif_idx:0 sender:[1c:79:2d:20:62:cb 192.168.3.75]receiver:[00:00:00:00:00:00 192.168.3.243]
06-24 16:48:00.842 0 0 W : [0 T0 .s] [SP FRAME TX] arp req,vif_idx:0 sender:[1c:79:2d:20:62:cb 192.168.3.75]receiver:[00:00:00:00:00:00 192.168.3.3]
06-24 16:48:01.023 0 0 W : [3 T1046 ..] [SP FRAME RX] arp rsp,vif_idx:0 sender:[02:fe:15:17:79:f9 192.168.3.3]receiver:[1c:79:2d:20:62:cb 192.168.3.75]
06-24 16:48:01.098 0 0 W : [3 T0 .s] [SP FRAME TX] arp req,vif_idx:0 sender:[1c:79:2d:20:62:cb 192.168.3.75]receiver:[00:00:00:00:00:00 192.168.3.243]
06-24 16:48:01.799 0 0 W : [3 T1046 ..] [SP FRAME RX] arp req,vif_idx:0 sender:[fa:f0:09:28:64:31 192.168.3.73]receiver:[00:00:00:00:00:00 192.168.3.75]
06-24 16:48:01.800 0 0 W : [3 T1046 ..] [SP FRAME TX] arp rsp,vif_idx:0 sender:[1c:79:2d:20:62:cb 192.168.3.75]receiver:[fa:f0:09:28:64:31 192.168.3.73]
06-24 16:48:02.122 0 0 W : [3 T0 .s] [SP FRAME TX] arp req,vif_idx:0 sender:[1c:79:2d:20:62:cb 192.168.3.75]receiver:[00:00:00:00:00:00 192.168.3.243]
06-24 16:48:02.330 685 24239 D CompatibilityChangeReporter: Compat change id reported: 265464455; UID 1000; state: DISABLED
06-24 16:48:02.331 685 24239 D CompatibilityChangeReporter: Compat change id reported: 265452344; UID 1000; state: DISABLED
06-24 16:48:02.331 685 24239 D CompatibilityChangeReporter: Compat change id reported: 266124927; UID 1000; state: DISABLED
06-24 16:48:02.331 685 24239 D CompatibilityChangeReporter: Compat change id reported: 265451093; UID 1000; state: DISABLED
06-24 16:48:02.331 685 24239 D CompatibilityChangeReporter: Compat change id reported: 265456536; UID 1000; state: DISABLED
06-24 16:48:02.332 685 24239 D CompatibilityChangeReporter: Compat change id reported: 255940284; UID 1000; state: DISABLED
06-24 16:48:02.332 685 24239 D CompatibilityChangeReporter: Compat change id reported: 236283604; UID 1000; state: DISABLED
06-24 16:48:02.332 685 24239 D CompatibilityChangeReporter: Compat change id reported: 263959004; UID 1000; state: DISABLED
06-24 16:48:02.332 685 24239 D CompatibilityChangeReporter: Compat change id reported: 264304459; UID 1000; state: DISABLED
06-24 16:48:02.332 685 24239 D CompatibilityChangeReporter: Compat change id reported: 264301586; UID 1000; state: DISABLED
06-24 16:48:02.332 685 24239 D CompatibilityChangeReporter: Compat change id reported: 254631730; UID 1000; state: DISABLED
06-24 16:48:02.332 685 24239 D CompatibilityChangeReporter: Compat change id reported: 273509367; UID 1000; state: DISABLED
06-24 16:48:02.333 685 24239 D CompatibilityChangeReporter: Compat change id reported: 263259275; UID 1000; state: DISABLED
06-24 16:48:02.333 685 24239 D CompatibilityChangeReporter: Compat change id reported: 174042980; UID 1000; state: DISABLED
06-24 16:48:02.333 685 24239 D CompatibilityChangeReporter: Compat change id reported: 174042936; UID 1000; state: DISABLED
06-24 16:48:02.333 685 24239 D CompatibilityChangeReporter: Compat change id reported: 181136395; UID 1000; state: DISABLED
06-24 16:48:02.334 685 24239 D CompatibilityChangeReporter: Compat change id reported: 194480991; UID 1000; state: ENABLED
06-24 16:48:02.336 685 24239 D CompatibilityChangeReporter: Compat change id reported: 197654537; UID 1000; state: DISABLED
06-24 16:48:02.340 685 24239 E Transition: Trying to add a ready-group twice: Display{#0 state=ON size=1920x1080 ROTATION_0}
06-24 16:48:02.341 685 24239 I ActivityTaskManager: START u0 {cmp=com.dangbei.leard.leradlauncher/com.dangbei.launcher.secondary.app.AppSecondaryActivity (has extras)} with LAUNCH_MULTIPLE from uid 1000 (BAL_ALLOW_ALLOWLISTED_UID) result code=0
06-24 16:48:02.345 901 979 V WindowManagerShell: Transition requested: android.os.BinderProxy@2cc8d0c TransitionRequestInfo { type = 1, triggerTask = TaskInfo{userId=0 taskId=32 displayId=0 isRunning=true baseIntent=Intent { act=android.intent.action.MAIN cat=[android.intent.category.HOME] flg=0x10800100 cmp=com.dangbei.leard.leradlauncher/com.dangbei.launcher.home.LauncherActivity } baseActivity=ComponentInfo{com.dangbei.leard.leradlauncher/com.dangbei.launcher.home.LauncherActivity} topActivity=ComponentInfo{com.dangbei.leard.leradlauncher/com.dangbei.launcher.secondary.app.AppSecondaryActivity} origActivity=null realActivity=ComponentInfo{com.dangbei.leard.leradlauncher/com.dangbei.launcher.home.LauncherActivity} numActivities=2 lastActiveTime=20290241 supportsMultiWindow=true resizeMode=0 isResizeable=false minWidth=-1 minHeight=-1 defaultMinSize=220 token=WCT{android.window.IWindowContainerToken$Stub$Proxy@759e655} topActivityType=2 pictureInPictureParams=null shouldDockBigOverlays=true launchIntoPipHostTaskId=-1 lastParentTaskIdBeforePip=-1 displayCutoutSafeInsets=null topActivityInfo=ActivityInfo{33286a com.dangbei.launcher.secondary.app.AppSecondaryActivity} launchCookies=[] positionInParent=Point(0, 0) parentTaskId=-1 isFocused=true isVisible=true isVisibleRequested=true isSleeping=false topActivityInSizeCompat=false topActivityEligibleForLetterboxEducation= false isLetterboxDoubleTapEnabled= false topActivityEligibleForUserAspectRatioButton= false topActivityBoundsLetterboxed= false isFromLetterboxDoubleTap= false topActivityLetterboxVerticalPosition= -1 topActivityLetterboxHorizontalPosition= -1 topActivityLetterboxWidth=-1 topActivityLetterboxHeight=-1 isUserFullscreenOverrideEnabled=false isTopActivityTransparent=false locusId=null displayAreaFeatureId=1 cameraCompatControlState=hidden}, remoteTransition = null, displayChange = null, flags = 0 }
06-24 16:48:02.350 685 24239 V WindowManager: app ------------- force_land :0
06-24 16:48:02.419 685 24239 W WindowManager: Failed looking up window session=Session{e396e2b 1423:1000} callers=com.android.server.wm.WindowManagerService.windowForClientLocked:6077 com.android.server.wm.Session.updateRequestedVisibleTypes:695 android.view.IWindowSession$Stub.onTransact:1034
06-24 16:48:02.419 685 9054 W WindowManager: [addWindow] title:com.dangbei.leard.leradlauncher/com.dangbei.launcher.secondary.app.AppSecondaryActivity
06-24 16:48:02.420 685 9054 D CompatibilityChangeReporter: Compat change id reported: 168419799; UID 1000; state: DISABLED
06-24 16:48:02.420 685 9054 D CompatibilityChangeReporter: Compat change id reported: 273564678; UID 1000; state: DISABLED
06-24 16:48:02.428 685 9054 D CoreBackPreview: Window{ca414cd u0 com.dangbei.leard.leradlauncher/com.dangbei.launcher.secondary.app.AppSecondaryActivity}: Setting back callback OnBackInvokedCallbackInfo{mCallback=android.window.IOnBackInvokedCallback$Stub$Proxy@b65f093, mPriority=0, mIsAnimationCallback=false}
06-24 16:48:02.455 901 979 D WindowManagerShell: TvPipController: onTaskStackChanged()
06-24 16:48:02.465 685 708 V WindowManager: Sent Transition #616 createdAt=06-24 16:48:02.335 via request=TransitionRequestInfo { type = 1, triggerTask = TaskInfo{userId=0 taskId=32 displayId=0 isRunning=true baseIntent=Intent { act=android.intent.action.MAIN cat=[android.intent.category.HOME] flg=0x10800100 cmp=com.dangbei.leard.leradlauncher/com.dangbei.launcher.home.LauncherActivity } baseActivity=ComponentInfo{com.dangbei.leard.leradlauncher/com.dangbei.launcher.home.LauncherActivity} topActivity=ComponentInfo{com.dangbei.leard.leradlauncher/com.dangbei.launcher.secondary.app.AppSecondaryActivity} origActivity=null realActivity=ComponentInfo{com.dangbei.leard.leradlauncher/com.dangbei.launcher.home.LauncherActivity} numActivities=2 lastActiveTime=20290241 supportsMultiWindow=true resizeMode=0 isResizeable=false minWidth=-1 minHeight=-1 defaultMinSize=220 token=WCT{RemoteToken{a5d9d8d Task{131419d #32 type=home A=1000:com.dangbei.leard.leradlauncher}}} topActivityType=2 pictureInPictureParams=null shouldDockBigOverlays=true launchIntoPipHostTaskId=-1 lastParentTaskIdBeforePip=-1 displayCutoutSafeInsets=null topActivityInfo=ActivityInfo{a8a33ce com.dangbei.launcher.secondary.app.AppSecondaryActivity} launchCookies=[] positionInParent=Point(0, 0) parentTaskId=-1 isFocused=true isVisible=true isVisibleRequested=true isSleeping=false topActivityInSizeCompat=false topActivityEligibleForLetterboxEducation= false isLetterboxDoubleTapEnabled= false topActivityEligibleForUserAspectRatioButton= false topActivityBoundsLetterboxed= false isFromLetterboxDoubleTap= false topActivityLetterboxVerticalPosition= -1 topActivityLetterboxHorizontalPosition= -1 topActivityLetterboxWidth=-1 topActivityLetterboxHeight=-1 isUserFullscreenOverrideEnabled=false isTopActivityTransparent=false locusId=null displayAreaFeatureId=1 cameraCompatControlState=hidden}, remoteTransition = null, displayChange = null, flags = 0 }
06-24 16:48:02.465 685 708 V WindowManager: startWCT=WindowContainerTransaction { changes = {} hops = [] errorCallbackToken=null taskFragmentOrganizer=null }
06-24 16:48:02.465 685 708 V WindowManager: info={id=616 t=OPEN f=0x0 trk=0 r=[0@Point(0, 0)] c=[{null m=OPEN f=FILLS_TASK leash=Surface(name=ActivityRecord{d810091 u0 com.dangbei.leard.leradlauncher/com.dangbei.launcher.secondary.app.AppSecondaryActivity)/@0xe6668d0 sb=Rect(0, 0 - 0, 0) eb=Rect(0, 0 - 1920, 1080) d=-1->0 r=-1->0:-1},{null m=TO_BACK f=FILLS_TASK leash=Surface(name=ActivityRecord{c96a874 u0 com.dangbei.leard.leradlauncher/com.dangbei.launcher.home.LauncherActivity)/@0xdafeeb1 sb=Rect(0, 0 - 1920, 1080) eb=Rect(0, 0 - 1920, 1080) d=0}]}
