06-24 17:00:25.299 685 708 V WindowManager: Sent Transition #662 createdAt=06-24 17:00:25.265 via request=TransitionRequestInfo { type = 2, triggerTask = null, remoteTransition = null, displayChange = null, flags = 0 }
06-24 17:00:25.299 685 708 V WindowManager: startWCT=WindowContainerTransaction { changes = {} hops = [] errorCallbackToken=null taskFragmentOrganizer=null }
06-24 17:00:25.299 685 708 V WindowManager: info={id=662 t=CLOSE f=0x0 trk=0 r=[0@Point(0, 0)] c=[{null m=CLOSE f=TRANSLUCENT|FILLS_TASK|IS_OCCLUDED leash=Surface(name=ActivityRecord{d187911 u0 com.android.permissioncontroller/.permission.ui.GrantPermissionsActivity)/@0x6a5a714 sb=Rect(0, 0 - 1920, 1080) eb=Rect(0, 0 - 1920, 1080) d=0}]}
06-24 17:00:25.301 901 979 V WindowManagerShell: Playing animation for (#662)android.os.BinderProxy@285a1ed@0
06-24 17:00:25.301 901 979 V WindowManagerShell: try handler com.android.wm.shell.keyguard.KeyguardTransitionHandler@24e2028
06-24 17:00:25.301 901 979 V WindowManagerShell: try handler com.android.wm.shell.pip.tv.TvPipTransition@1141
06-24 17:00:25.301 901 979 V WindowManagerShell: try handler com.android.wm.shell.activityembedding.ActivityEmbeddingController@e8f56e6
06-24 17:00:25.301 901 979 V WindowManagerShell: try handler com.android.wm.shell.transition.RemoteTransitionHandler@b664427
06-24 17:00:25.301 901 979 V WindowManagerShell: Transition doesn't have explicit remote, search filters for match for {id=662 t=CLOSE f=0x0 trk=0 r=[0@Point(0, 0)] c=[{null m=CLOSE f=TRANSLUCENT|FILLS_TASK|IS_OCCLUDED leash=Surface(name=ActivityRecord{d187911 u0 com.android.permissioncontroller/.permission.ui.GrantPermissionsActivity)/@0x20e12b3 sb=Rect(0, 0 - 1920, 1080) eb=Rect(0, 0 - 1920, 1080) d=0}]}
06-24 17:00:25.301 901 979 V WindowManagerShell: Delegate animation for #662 to null
06-24 17:00:25.301 901 979 V WindowManagerShell: try handler com.android.wm.shell.transition.DefaultTransitionHandler@7916d4
06-24 17:00:25.301 901 979 V WindowManagerShell: start default transition animation, info = {id=662 t=CLOSE f=0x0 trk=0 r=[0@Point(0, 0)] c=[{null m=CLOSE f=TRANSLUCENT|FILLS_TASK|IS_OCCLUDED leash=Surface(name=ActivityRecord{d187911 u0 com.android.permissioncontroller/.permission.ui.GrantPermissionsActivity)/@0x20e12b3 sb=Rect(0, 0 - 1920, 1080) eb=Rect(0, 0 - 1920, 1080) d=0}]}
06-24 17:00:25.301 901 979 V WindowManagerShell: loadAnimation: anim=null animAttr=0x7 type=CLOSE isEntrance=false
06-24 17:00:25.303 901 979 V WindowManagerShell: Transition animation finished (aborted=false), notifying core (#662)android.os.BinderProxy@285a1ed@0
06-24 17:00:25.307 685 708 V WindowManager: Finish Transition #661: created at
06-24 17:00:25.094 collect-started=0.056ms request-sent=9.125ms started=13.236ms ready=43.764ms sent=148.076ms finished=204.129ms
06-24 17:00:25.308 685 708 V WindowManager: Finish Transition #662: created at
06-24 17:00:25.265 collect-started=0.04ms request-sent=0.115ms started=5.244ms ready=24.773ms sent=28.787ms finished=39.298ms
06-24 17:00:25.310 685 709 W ContextImpl: Calling a method in the system process without a qualified user: android.app.ContextImpl.startService:1899 com.android.server.wm.DisplayPolicy.lambda$focusChangedLw$5:2126 com.android.server.wm.DisplayPolicy.$r8$lambda$Znxk63oh-WzVnzo_WQefN7uxV48:0 com.android.server.wm.DisplayPolicy$$ExternalSyntheticLambda13.run:0 android.os.Handler.handleCallback:958
06-24 17:00:25.312 901 979 V WindowManagerShell: Track 0 became idle
06-24 17:00:25.312 901 979 V WindowManagerShell: All active transition animations finished
06-24 17:00:25.312 901 979 V WindowManagerShell: animated by com.android.wm.shell.transition.DefaultTransitionHandler@7916d4
06-24 17:00:25.312 901 979 V WindowManagerShell: Track 0 became idle
06-24 17:00:25.312 901 979 V WindowManagerShell: All active transition animations finished
06-24 17:00:25.314 685 751 D CoreBackPreview: Window{f662c68 u0 com.android.permissioncontroller/com.android.permissioncontroller.permission.ui.GrantPermissionsActivity}: Setting back callback null
06-24 17:00:25.383 685 709 W ContextImpl: Calling a method in the system process without a qualified user: android.app.ContextImpl.startService:1899 com.android.server.wm.DisplayPolicy.lambda$focusChangedLw$5:2126 com.android.server.wm.DisplayPolicy.$r8$lambda$Znxk63oh-WzVnzo_WQefN7uxV48:0 com.android.server.wm.DisplayPolicy$$ExternalSyntheticLambda13.run:0 android.os.Handler.handleCallback:958
06-24 17:00:25.391 901 979 D WindowManagerShell: TvPipController: onTaskStackChanged()
06-24 17:00:25.522 0 0 W [0 T10663 ..] audit: audit_lost=23347 audit_rate_limit=5 audit_backlog_limit=64
06-24 17:00:25.523 0 0 E [0 T10663 ..] audit: rate limit exceeded
06-24 17:00:25.546 0 0 W : [2 T16272 .s] [SP FRAME TX] arp req,vif_idx:0 sender:[1c:79:2d:20:62:cb 192.168.3.75]receiver:[00:00:00:00:00:00 192.168.3.129]
06-24 17:00:25.547 0 0 W : [2 T16272 .s] [SP FRAME TX] arp req,vif_idx:0 sender:[1c:79:2d:20:62:cb 192.168.3.75]receiver:[00:00:00:00:00:00 192.168.3.68]
06-24 17:00:25.564 685 685 W NotificationHistory: Attempted to add notif for locked/gone/disabled user 0
06-24 17:00:26.570 0 0 W : [2 T16304 .s] [SP FRAME TX] arp req,vif_idx:0 sender:[1c:79:2d:20:62:cb 192.168.3.75]receiver:[00:00:00:00:00:00 192.168.3.68]
06-24 17:00:26.571 0 0 W : [2 T16304 .s] [SP FRAME TX] arp req,vif_idx:0 sender:[1c:79:2d:20:62:cb 192.168.3.75]receiver:[00:00:00:00:00:00 192.168.3.129]
06-24 17:00:27.336 0 0 W [1 T7924 ..] audit: audit_lost=23354 audit_rate_limit=5 audit_backlog_limit=64
06-24 17:00:27.340 0 0 E [1 T7924 ..] audit: rate limit exceeded
06-24 17:00:27.363 0 0 W : [2 T1046 ..] [SP FRAME RX] DHCP[0 1], vif_idx:0
06-24 17:00:27.594 0 0 W : [2 T1046 .s] [SP FRAME TX] arp req,vif_idx:0 sender:[1c:79:2d:20:62:cb 192.168.3.75]receiver:[00:00:00:00:00:00 192.168.3.129]
06-24 17:00:27.595 0 0 W : [2 T1046 .s] [SP FRAME TX] arp req,vif_idx:0 sender:[1c:79:2d:20:62:cb 192.168.3.75]receiver:[00:00:00:00:00:00 192.168.3.68]
06-24 17:00:28.510 0 0 W : [1 T1046 ..] [SP FRAME RX] DHCP[0 1], vif_idx:0
06-24 17:00:28.618 0 0 W : [1 T1046 ..] [SP FRAME TX] arp req,vif_idx:0 sender:[1c:79:2d:20:62:cb 192.168.3.75]receiver:[00:00:00:00:00:00 192.168.3.68]
06-24 17:00:28.619 0 0 W : [1 T1046 ..] [SP FRAME TX] arp req,vif_idx:0 sender:[1c:79:2d:20:62:cb 192.168.3.75]receiver:[00:00:00:00:00:00 192.168.3.129]
06-24 17:00:29.642 0 0 W : [2 T16325 .s] [SP FRAME TX] arp req,vif_idx:0 sender:[1c:79:2d:20:62:cb 192.168.3.75]receiver:[00:00:00:00:00:00 192.168.3.129]
06-24 17:00:29.643 0 0 W : [2 T16325 .s] [SP FRAME TX] arp req,vif_idx:0 sender:[1c:79:2d:20:62:cb 192.168.3.75]receiver:[00:00:00:00:00:00 192.168.3.68]
06-24 17:00:30.160 685 718 I ActivityManager: Waited long enough for: ServiceRecord{d9b456b u0 com.youjoy.strugglelandlord/com.ant.downloader.core.DownloadService}
06-24 17:00:30.433 0 0 W : [1 T1046 ..] [SP FRAME RX] DHCP[0 1], vif_idx:0
06-24 17:00:30.666 0 0 W : [2 T16291 .s] [SP FRAME TX] arp req,vif_idx:0 sender:[1c:79:2d:20:62:cb 192.168.3.75]receiver:[00:00:00:00:00:00 192.168.3.68]
06-24 17:00:30.667 0 0 W : [2 T16291 .s] [SP FRAME TX] arp req,vif_idx:0 sender:[1c:79:2d:20:62:cb 192.168.3.75]receiver:[00:00:00:00:00:00 192.168.3.129]
06-24 17:00:30.674 0 0 W : [1 T1046 ..] [SP FRAME RX] arp rsp,vif_idx:0 sender:[f6:f5:2e:bc:8c:d5 192.168.3.68]receiver:[1c:79:2d:20:62:cb 192.168.3.75]
06-24 17:00:30.675 0 0 W : [1 T1046 ..] [SP FRAME RX] arp rsp,vif_idx:0 sender:[3a:fd:3d:ee:5f:54 192.168.3.129]receiver:[1c:79:2d:20:62:cb 192.168.3.75]
06-24 17:00:33.482 0 0 W : [3 T834 .s] [SP FRAME TX] arp req,vif_idx:0 sender:[1c:79:2d:20:62:cb 192.168.3.75]receiver:[00:00:00:00:00:00 192.168.3.123]
06-24 17:00:33.502 0 0 W : [1 T1046 ..] [SP FRAME RX] arp rsp,vif_idx:0 sender:[e2:8e:12:0f:0b:47 192.168.3.123]receiver:[1c:79:2d:20:62:cb 192.168.3.75]
06-24 17:00:33.771 0 0 W : [1 T1046 ..] [SP FRAME RX] arp req,vif_idx:0 sender:[e2:8e:12:0f:0b:47 192.168.3.123]receiver:[00:00:00:00:00:00 192.168.3.75]
06-24 17:00:33.772 0 0 W : [1 T1046 ..] [SP FRAME TX] arp rsp,vif_idx:0 sender:[1c:79:2d:20:62:cb 192.168.3.75]receiver:[e2:8e:12:0f:0b:47 192.168.3.123]
06-24 17:00:34.120 0 0 W : [1 T1046 ..] [SP FRAME RX] DHCP[0 1], vif_idx:0
06-24 17:00:34.452 0 0 W : [1 T1046 ..] [SP FRAME RX] DHCP[0 1], vif_idx:0
06-24 17:00:36.654 0 0 W : [2 T1046 ..] [SP FRAME RX] arp req,vif_idx:0 sender:[a2:fe:ec:6e:f0:e5 192.168.3.147]receiver:[00:00:00:00:00:00 192.168.3.75]
06-24 17:00:36.655 0 0 W : [2 T1046 ..] [SP FRAME TX] arp rsp,vif_idx:0 sender:[1c:79:2d:20:62:cb 192.168.3.75]receiver:[a2:fe:ec:6e:f0:e5 192.168.3.147]
06-24 17:00:36.656 0 0 W : [2 T1046 ..] [SP FRAME RX] arp req,vif_idx:0 sender:[a2:fe:ec:6e:f0:e5 192.168.3.147]receiver:[00:00:00:00:00:00 192.168.3.75]
06-24 17:00:36.658 0 0 W : [2 T1046 ..] [SP FRAME TX] arp rsp,vif_idx:0 sender:[1c:79:2d:20:62:cb 192.168.3.75]receiver:[a2:fe:ec:6e:f0:e5 192.168.3.147]
06-24 17:00:36.659 0 0 W : [2 T1046 ..] [SP FRAME RX] arp req,vif_idx:0 sender:[a2:fe:ec:6e:f0:e5 192.168.3.147]receiver:[00:00:00:00:00:00 192.168.3.75]
06-24 17:00:36.661 0 0 W : [2 T1046 ..] [SP FRAME TX] arp rsp,vif_idx:0 sender:[1c:79:2d:20:62:cb 192.168.3.75]receiver:[a2:fe:ec:6e:f0:e5 192.168.3.147]
06-24 17:00:37.544 685 1929 D CompatibilityChangeReporter: Compat change id reported: 161145287; UID 10109; state: DISABLED
06-24 17:00:40.659 0 0 W [3 T24735 ..] audit: audit_lost=23355 audit_rate_limit=5 audit_backlog_limit=64
06-24 17:00:40.661 0 0 E [3 T24735 ..] audit: rate limit exceeded
06-24 17:00:42.377 0 0 W [3 T15374 ..] audit: audit_lost=23358 audit_rate_limit=5 audit_backlog_limit=64
06-24 17:00:42.377 0 0 E [3 T15374 ..] audit: rate limit exceeded
06-24 17:00:42.531 0 0 W : [3 T1046 ..] [SP FRAME RX] DHCP[0 1], vif_idx:0
06-24 17:00:45.190 0 0 W : [3 T1046 ..] [SP FRAME RX] arp req,vif_idx:0 sender:[12:3c:2c:e1:84:9f 192.168.3.254]receiver:[00:00:00:00:00:00 192.168.3.75]
06-24 17:00:45.191 0 0 W : [3 T1046 ..] [SP FRAME TX] arp rsp,vif_idx:0 sender:[1c:79:2d:20:62:cb 192.168.3.75]receiver:[12:3c:2c:e1:84:9f 192.168.3.254]
06-24 17:00:45.258 0 0 W : [1 T0 .s] [SP FRAME TX] arp req,vif_idx:0 sender:[1c:79:2d:20:62:cb 192.168.3.75]receiver:[00:00:00:00:00:00 192.168.3.254]
06-24 17:00:45.275 0 0 W : [3 T1046 ..] [SP FRAME RX] arp rsp,vif_idx:0 sender:[12:3c:2c:e1:84:9f 192.168.3.254]receiver:[1c:79:2d:20:62:cb 192.168.3.75]
06-24 17:00:47.290 0 0 W : [3 T1046 ..] [SP FRAME RX] arp req,vif_idx:0 sender:[e6:6e:3e:02:16:7f 192.168.3.92]receiver:[00:00:00:00:00:00 192.168.3.75]
06-24 17:00:47.291 0 0 W : [3 T1046 ..] [SP FRAME TX] arp rsp,vif_idx:0 sender:[1c:79:2d:20:62:cb 192.168.3.75]receiver:[e6:6e:3e:02:16:7f 192.168.3.92]
06-24 17:00:47.306 0 0 W : [1 T0 .s] [SP FRAME TX] arp req,vif_idx:0 sender:[1c:79:2d:20:62:cb 192.168.3.75]receiver:[00:00:00:00:00:00 192.168.3.215]
06-24 17:00:47.307 0 0 W : [1 T0 .s] [SP FRAME TX] arp req,vif_idx:0 sender:[1c:79:2d:20:62:cb 192.168.3.75]receiver:[00:00:00:00:00:00 192.168.3.176]
06-24 17:00:47.309 0 0 W : [1 T0 .s] [SP FRAME TX] arp req,vif_idx:0 sender:[1c:79:2d:20:62:cb 192.168.3.75]receiver:[00:00:00:00:00:00 192.168.3.147]
06-24 17:00:47.310 0 0 W : [1 T0 .s] [SP FRAME TX] arp req,vif_idx:0 sender:[1c:79:2d:20:62:cb 192.168.3.75]receiver:[00:00:00:00:00:00 192.168.3.129]
06-24 17:00:47.312 0 0 W : [1 T0 .s] [SP FRAME TX] arp req,vif_idx:0 sender:[1c:79:2d:20:62:cb 192.168.3.75]receiver:[00:00:00:00:00:00 192.168.3.92]
06-24 17:00:47.313 0 0 W : [1 T0 .s] [SP FRAME TX] arp req,vif_idx:0 sender:[1c:79:2d:20:62:cb 192.168.3.75]receiver:[00:00:00:00:00:00 192.168.3.68]
06-24 17:00:47.315 0 0 W : [3 T1046 ..] [SP FRAME RX] arp req,vif_idx:0 sender:[20:57:9e:67:7f:db 192.168.3.98]receiver:[00:00:00:00:00:00 192.168.3.75]
06-24 17:00:47.315 0 0 W : [1 T0 .s] [SP FRAME TX] arp req,vif_idx:0 sender:[1c:79:2d:20:62:cb 192.168.3.75]receiver:[00:00:00:00:00:00 192.168.3.57]
06-24 17:00:47.318 0 0 W : [1 T0 .s] [SP FRAME TX] arp rsp,vif_idx:0 sender:[1c:79:2d:20:62:cb 192.168.3.75]receiver:[20:57:9e:67:7f:db 192.168.3.98]
06-24 17:00:47.320 0 0 W : [1 T0 .s] [SP FRAME TX] arp req,vif_idx:0 sender:[1c:79:2d:20:62:cb 192.168.3.75]receiver:[00:00:00:00:00:00 192.168.3.36]
06-24 17:00:47.377 0 0 W : [3 T1046 ..] [SP FRAME RX] arp rsp,vif_idx:0 sender:[b6:86:f8:35:d4:28 192.168.3.36]receiver:[1c:79:2d:20:62:cb 192.168.3.75]
06-24 17:00:47.377 0 0 W : [3 T1046 ..] [SP FRAME RX] arp rsp,vif_idx:0 sender:[a2:fe:ec:6e:f0:e5 192.168.3.147]receiver:[1c:79:2d:20:62:cb 192.168.3.75]
06-24 17:00:47.379 0 0 W : [3 T1046 ..] [SP FRAME RX] arp rsp,vif_idx:0 sender:[16:8e:6e:17:dc:41 192.168.3.176]receiver:[1c:79:2d:20:62:cb 192.168.3.75]
06-24 17:00:47.381 0 0 W : [3 T1046 ..] [SP FRAME RX] arp req,vif_idx:0 sender:[16:8e:6e:17:dc:41 192.168.3.176]receiver:[00:00:00:00:00:00 192.168.3.75]
06-24 17:00:47.382 0 0 W : [3 T1046 ..] [SP FRAME TX] arp rsp,vif_idx:0 sender:[1c:79:2d:20:62:cb 192.168.3.75]receiver:[16:8e:6e:17:dc:41 192.168.3.176]
06-24 17:00:47.384 0 0 W : [3 T1046 ..] [SP FRAME RX] arp rsp,vif_idx:0 sender:[e6:6e:3e:02:16:7f 192.168.3.92]receiver:[1c:79:2d:20:62:cb 192.168.3.75]
06-24 17:00:47.529 0 0 W : [3 T1046 ..] [SP FRAME RX] arp req,vif_idx:0 sender:[d2:07:9a:6e:a7:36 192.168.3.27]receiver:[00:00:00:00:00:00 192.168.3.75]
06-24 17:00:47.530 0 0 W : [3 T1046 ..] [SP FRAME TX] arp rsp,vif_idx:0 sender:[1c:79:2d:20:62:cb 192.168.3.75]receiver:[d2:07:9a:6e:a7:36 192.168.3.27]
06-24 17:00:47.635 0 0 W : [3 T1046 ..] [SP FRAME RX] arp req,vif_idx:0 sender:[b6:86:f8:35:d4:28 192.168.3.36]receiver:[00:00:00:00:00:00 192.168.3.75]
06-24 17:00:47.636 0 0 W : [3 T1046 ..] [SP FRAME TX] arp rsp,vif_idx:0 sender:[1c:79:2d:20:62:cb 192.168.3.75]receiver:[b6:86:f8:35:d4:28 192.168.3.36]
06-24 17:00:47.637 0 0 W : [3 T1046 ..] [SP FRAME RX] arp rsp,vif_idx:0 sender:[e2:38:ab:ac:32:27 192.168.3.215]receiver:[1c:79:2d:20:62:cb 192.168.3.75]
06-24 17:00:47.639 0 0 W : [3 T1046 ..] [SP FRAME RX] arp rsp,vif_idx:0 sender:[10:b2:32:39:59:ba 192.168.3.57]receiver:[1c:79:2d:20:62:cb 192.168.3.75]
06-24 17:00:47.640 0 0 W : [3 T1046 ..] [SP FRAME RX] arp req,vif_idx:0 sender:[0c:91:60:12:cd:8c 192.168.3.70]receiver:[00:00:00:00:00:00 192.168.3.75]
06-24 17:00:47.642 0 0 W : [3 T1046 ..] [SP FRAME TX] arp rsp,vif_idx:0 sender:[1c:79:2d:20:62:cb 192.168.3.75]receiver:[0c:91:60:12:cd:8c 192.168.3.70]
06-24 17:00:47.643 0 0 W : [3 T1046 ..] [SP FRAME RX] arp req,vif_idx:0 sender:[14:ea:63:a0:ef:b6 192.168.3.199]receiver:[00:00:00:00:00:00 192.168.3.75]
06-24 17:00:47.645 0 0 W : [3 T1046 ..] [SP FRAME TX] arp rsp,vif_idx:0 sender:[1c:79:2d:20:62:cb 192.168.3.75]receiver:[14:ea:63:a0:ef:b6 192.168.3.199]
06-24 17:00:47.646 0 0 W : [3 T1046 ..] [SP FRAME RX] arp req,vif_idx:0 sender:[9a:86:f7:27:5c:25 192.168.3.169]receiver:[00:00:00:00:00:00 192.168.3.75]
06-24 17:00:47.648 0 0 W : [3 T1046 ..] [SP FRAME TX] arp rsp,vif_idx:0 sender:[1c:79:2d:20:62:cb 192.168.3.75]receiver:[9a:86:f7:27:5c:25 192.168.3.169]
06-24 17:00:47.677 0 0 W : [3 T1046 ..] [SP FRAME RX] arp req,vif_idx:0 sender:[56:86:a9:ec:10:a8 192.168.3.19]receiver:[00:00:00:00:00:00 192.168.3.75]
06-24 17:00:47.678 0 0 W : [3 T1046 ..] [SP FRAME TX] arp rsp,vif_idx:0 sender:[1c:79:2d:20:62:cb 192.168.3.75]receiver:[56:86:a9:ec:10:a8 192.168.3.19]
06-24 17:00:47.679 0 0 W : [3 T1046 ..] [SP FRAME RX] arp req,vif_idx:0 sender:[0c:91:60:12:cd:6e 192.168.3.81]receiver:[00:00:00:00:00:00 192.168.3.75]
06-24 17:00:47.681 0 0 W : [3 T1046 ..] [SP FRAME TX] arp rsp,vif_idx:0 sender:[1c:79:2d:20:62:cb 192.168.3.75]receiver:[0c:91:60:12:cd:6e 192.168.3.81]
06-24 17:00:47.799 0 0 W : [3 T1046 ..] [SP FRAME RX] arp req,vif_idx:0 sender:[da:b8:33:f6:93:fe 192.168.3.89]receiver:[00:00:00:00:00:00 192.168.3.75]
06-24 17:00:47.800 0 0 W : [3 T1046 ..] [SP FRAME TX] arp rsp,vif_idx:0 sender:[1c:79:2d:20:62:cb 192.168.3.75]receiver:[da:b8:33:f6:93:fe 192.168.3.89]
06-24 17:00:47.802 0 0 W : [3 T1046 ..] [SP FRAME RX] arp req,vif_idx:0 sender:[e2:38:ab:ac:32:27 192.168.3.215]receiver:[00:00:00:00:00:00 192.168.3.75]
06-24 17:00:47.804 0 0 W : [3 T1046 ..] [SP FRAME TX] arp rsp,vif_idx:0 sender:[1c:79:2d:20:62:cb 192.168.3.75]receiver:[e2:38:ab:ac:32:27 192.168.3.215]
06-24 17:00:47.893 0 0 W : [3 T1046 ..] [SP FRAME RX] arp req,vif_idx:0 sender:[e2:04:f6:d8:62:00 192.168.3.194]receiver:[00:00:00:00:00:00 192.168.3.75]
06-24 17:00:47.894 0 0 W : [3 T1046 ..] [SP FRAME TX] arp rsp,vif_idx:0 sender:[1c:79:2d:20:62:cb 192.168.3.75]receiver:[e2:04:f6:d8:62:00 192.168.3.194]
06-24 17:00:47.895 0 0 W : [3 T1046 ..] [SP FRAME RX] arp req,vif_idx:0 sender:[28:7b:11:70:4f:bd 192.168.3.156]receiver:[00:00:00:00:00:00 192.168.3.75]
06-24 17:00:47.897 0 0 W : [3 T1046 ..] [SP FRAME TX] arp rsp,vif_idx:0 sender:[1c:79:2d:20:62:cb 192.168.3.75]receiver:[28:7b:11:70:4f:bd 192.168.3.156]
06-24 17:00:48.140 0 0 W : [3 T1046 ..] [SP FRAME RX] arp req,vif_idx:0 sender:[02:d1:be:fb:0a:d7 192.168.3.130]receiver:[00:00:00:00:00:00 192.168.3.75]
06-24 17:00:48.141 0 0 W : [3 T1046 ..] [SP FRAME TX] arp rsp,vif_idx:0 sender:[1c:79:2d:20:62:cb 192.168.3.75]receiver:[02:d1:be:fb:0a:d7 192.168.3.130]
06-24 17:00:48.257 0 0 W : [3 T1046 ..] [SP FRAME RX] arp req,vif_idx:0 sender:[28:7b:11:70:51:1f 192.168.3.44]receiver:[00:00:00:00:00:00 192.168.3.75]
06-24 17:00:48.258 0 0 W : [3 T1046 ..] [SP FRAME TX] arp rsp,vif_idx:0 sender:[1c:79:2d:20:62:cb 192.168.3.75]receiver:[28:7b:11:70:51:1f 192.168.3.44]
06-24 17:00:48.259 0 0 W : [3 T1046 ..] [SP FRAME RX] arp req,vif_idx:0 sender:[fa:f0:09:28:64:31 192.168.3.73]receiver:[00:00:00:00:00:00 192.168.3.75]
06-24 17:00:48.261 0 0 W : [3 T1046 ..] [SP FRAME TX] arp rsp,vif_idx:0 sender:[1c:79:2d:20:62:cb 192.168.3.75]receiver:[fa:f0:09:28:64:31 192.168.3.73]
06-24 17:00:48.262 0 0 W : [3 T1046 ..] [SP FRAME RX] arp req,vif_idx:0 sender:[b6:9c:70:ec:40:e7 192.168.3.65]receiver:[00:00:00:00:00:00 192.168.3.75]
06-24 17:00:48.264 0 0 W : [3 T1046 ..] [SP FRAME TX] arp rsp,vif_idx:0 sender:[1c:79:2d:20:62:cb 192.168.3.75]receiver:[b6:9c:70:ec:40:e7 192.168.3.65]
06-24 17:00:48.273 0 0 W : [3 T1046 ..] [SP FRAME RX] arp req,vif_idx:0 sender:[0c:91:60:12:cd:fc 192.168.3.171]receiver:[00:00:00:00:00:00 192.168.3.75]
06-24 17:00:48.274 0 0 W : [3 T1046 ..] [SP FRAME TX] arp rsp,vif_idx:0 sender:[1c:79:2d:20:62:cb 192.168.3.75]receiver:[0c:91:60:12:cd:fc 192.168.3.171]
06-24 17:00:48.330 0 0 W : [1 T16197 .s] [SP FRAME TX] arp req,vif_idx:0 sender:[1c:79:2d:20:62:cb 192.168.3.75]receiver:[00:00:00:00:00:00 192.168.3.68]
06-24 17:00:48.331 0 0 W : [1 T16197 .s] [SP FRAME TX] arp req,vif_idx:0 sender:[1c:79:2d:20:62:cb 192.168.3.75]receiver:[00:00:00:00:00:00 192.168.3.129]
06-24 17:00:48.469 0 0 W : [3 T1046 ..] [SP FRAME RX] arp req,vif_idx:0 sender:[de:90:cb:50:92:8f 192.168.3.145]receiver:[00:00:00:00:00:00 192.168.3.75]
06-24 17:00:48.470 0 0 W : [3 T1046 ..] [SP FRAME TX] arp rsp,vif_idx:0 sender:[1c:79:2d:20:62:cb 192.168.3.75]receiver:[de:90:cb:50:92:8f 192.168.3.145]
06-24 17:00:49.354 0 0 W : [1 T0 .s] [SP FRAME TX] arp req,vif_idx:0 sender:[1c:79:2d:20:62:cb 192.168.3.75]receiver:[00:00:00:00:00:00 192.168.3.129]
06-24 17:00:49.355 0 0 W : [1 T0 .s] [SP FRAME TX] arp req,vif_idx:0 sender:[1c:79:2d:20:62:cb 192.168.3.75]receiver:[00:00:00:00:00:00 192.168.3.68]
06-24 17:00:50.378 0 0 W : [1 T0 .s] [SP FRAME TX] arp req,vif_idx:0 sender:[1c:79:2d:20:62:cb 192.168.3.75]receiver:[00:00:00:00:00:00 192.168.3.68]
06-24 17:00:50.379 0 0 W : [1 T0 .s] [SP FRAME TX] arp req,vif_idx:0 sender:[1c:79:2d:20:62:cb 192.168.3.75]receiver:[00:00:00:00:00:00 192.168.3.129]
06-24 17:00:51.402 0 0 W : [1 T0 .s] [SP FRAME TX] arp req,vif_idx:0 sender:[1c:79:2d:20:62:cb 192.168.3.75]receiver:[00:00:00:00:00:00 192.168.3.129]
06-24 17:00:51.403 0 0 W : [1 T0 .s] [SP FRAME TX] arp req,vif_idx:0 sender:[1c:79:2d:20:62:cb 192.168.3.75]receiver:[00:00:00:00:00:00 192.168.3.68]
06-24 17:00:52.170 0 0 W : [0 T0 .s] [SP FRAME TX] arp req,vif_idx:0 sender:[1c:79:2d:20:62:cb 192.168.3.75]receiver:[00:00:00:00:00:00 192.168.3.34]
06-24 17:00:52.223 0 0 W : [0 T1046 ..] [SP FRAME RX] arp rsp,vif_idx:0 sender:[92:c8:7a:73:1d:bb 192.168.3.34]receiver:[1c:79:2d:20:62:cb 192.168.3.75]
06-24 17:00:52.224 0 0 W : [0 T1046 ..] [SP FRAME RX] arp req,vif_idx:0 sender:[92:c8:7a:73:1d:bb 192.168.3.34]receiver:[00:00:00:00:00:00 192.168.3.75]
06-24 17:00:52.226 0 0 W : [0 T1046 ..] [SP FRAME TX] arp rsp,vif_idx:0 sender:[1c:79:2d:20:62:cb 192.168.3.75]receiver:[92:c8:7a:73:1d:bb 192.168.3.34]
06-24 17:00:52.426 0 0 W : [1 T0 .s] [SP FRAME TX] arp req,vif_idx:0 sender:[1c:79:2d:20:62:cb 192.168.3.75]receiver:[00:00:00:00:00:00 192.168.3.68]
06-24 17:00:52.427 0 0 W : [1 T0 .s] [SP FRAME TX] arp req,vif_idx:0 sender:[1c:79:2d:20:62:cb 192.168.3.75]receiver:[00:00:00:00:00:00 192.168.3.129]
06-24 17:00:53.450 0 0 W : [1 T0 .s] [SP FRAME TX] arp req,vif_idx:0 sender:[1c:79:2d:20:62:cb 192.168.3.75]receiver:[00:00:00:00:00:00 192.168.3.129]
06-24 17:00:53.451 0 0 W : [1 T0 .s] [SP FRAME TX] arp req,vif_idx:0 sender:[1c:79:2d:20:62:cb 192.168.3.75]receiver:[00:00:00:00:00:00 192.168.3.68]
06-24 17:00:54.474 0 0 W : [1 T10618 .s] [SP FRAME TX] arp req,vif_idx:0 sender:[1c:79:2d:20:62:cb 192.168.3.75]receiver:[00:00:00:00:00:00 192.168.3.68]
06-24 17:00:54.475 0 0 W : [1 T10618 .s] [SP FRAME TX] arp req,vif_idx:0 sender:[1c:79:2d:20:62:cb 192.168.3.75]receiver:[00:00:00:00:00:00 192.168.3.129]
06-24 17:00:55.498 0 0 W : [1 T0 .s] [SP FRAME TX] arp req,vif_idx:0 sender:[1c:79:2d:20:62:cb 192.168.3.75]receiver:[00:00:00:00:00:00 192.168.3.129]
06-24 17:00:55.499 0 0 W : [1 T0 .s] [SP FRAME TX] arp req,vif_idx:0 sender:[1c:79:2d:20:62:cb 192.168.3.75]receiver:[00:00:00:00:00:00 192.168.3.68]
06-24 17:00:56.522 0 0 W : [1 T0 .s] [SP FRAME TX] arp req,vif_idx:0 sender:[1c:79:2d:20:62:cb 192.168.3.75]receiver:[00:00:00:00:00:00 192.168.3.68]
06-24 17:00:56.523 0 0 W : [1 T0 .s] [SP FRAME TX] arp req,vif_idx:0 sender:[1c:79:2d:20:62:cb 192.168.3.75]receiver:[00:00:00:00:00:00 192.168.3.129]
06-24 17:00:57.546 0 0 W : [1 T380 .s] [SP FRAME TX] arp req,vif_idx:0 sender:[1c:79:2d:20:62:cb 192.168.3.75]receiver:[00:00:00:00:00:00 192.168.3.129]
06-24 17:00:57.547 0 0 W : [1 T380 .s] [SP FRAME TX] arp req,vif_idx:0 sender:[1c:79:2d:20:62:cb 192.168.3.75]receiver:[00:00:00:00:00:00 192.168.3.68]
06-24 17:00:58.405 0 0 W : [1 T1046 ..] [SP FRAME RX] DHCP[0 1], vif_idx:0
06-24 17:00:58.570 0 0 W : [1 T0 .s] [SP FRAME TX] arp req,vif_idx:0 sender:[1c:79:2d:20:62:cb 192.168.3.75]receiver:[00:00:00:00:00:00 192.168.3.68]
06-24 17:00:58.571 0 0 W : [1 T0 .s] [SP FRAME TX] arp req,vif_idx:0 sender:[1c:79:2d:20:62:cb 192.168.3.75]receiver:[00:00:00:00:00:00 192.168.3.129]
06-24 17:00:59.394 685 709 D AutofillManagerService: onBackKeyPressed()
06-24 17:00:59.594 0 0 W : [1 T16138 .s] [SP FRAME TX] arp req,vif_idx:0 sender:[1c:79:2d:20:62:cb 192.168.3.75]receiver:[00:00:00:00:00:00 192.168.3.129]
06-24 17:00:59.595 0 0 W : [1 T16138 .s] [SP FRAME TX] arp req,vif_idx:0 sender:[1c:79:2d:20:62:cb 192.168.3.75]receiver:[00:00:00:00:00:00 192.168.3.68]
06-24 17:01:00.219 0 0 W [1 T16712 ..] audit: audit_lost=23363 audit_rate_limit=5 audit_backlog_limit=64
06-24 17:01:00.220 0 0 E [1 T16712 ..] audit: rate limit exceeded
06-24 17:01:00.618 0 0 W : [1 T0 .s] [SP FRAME TX] arp req,vif_idx:0 sender:[1c:79:2d:20:62:cb 192.168.3.75]receiver:[00:00:00:00:00:00 192.168.3.68]
06-24 17:01:00.619 0 0 W : [1 T0 .s] [SP FRAME TX] arp req,vif_idx:0 sender:[1c:79:2d:20:62:cb 192.168.3.75]receiver:[00:00:00:00:00:00 192.168.3.129]
06-24 17:01:01.432 0 0 W [2 T23126 ..] audit: audit_lost=23373 audit_rate_limit=5 audit_backlog_limit=64
06-24 17:01:01.432 0 0 E [2 T23126 ..] audit: rate limit exceeded
06-24 17:01:01.642 0 0 W : [1 T0 .s] [SP FRAME TX] arp req,vif_idx:0 sender:[1c:79:2d:20:62:cb 192.168.3.75]receiver:[00:00:00:00:00:00 192.168.3.129]
06-24 17:01:01.643 0 0 W : [1 T0 .s] [SP FRAME TX] arp req,vif_idx:0 sender:[1c:79:2d:20:62:cb 192.168.3.75]receiver:[00:00:00:00:00:00 192.168.3.68]
06-24 17:01:02.666 0 0 W : [1 T670 .s] [SP FRAME TX] arp req,vif_idx:0 sender:[1c:79:2d:20:62:cb 192.168.3.75]receiver:[00:00:00:00:00:00 192.168.3.68]
06-24 17:01:02.667 0 0 W : [1 T670 .s] [SP FRAME TX] arp req,vif_idx:0 sender:[1c:79:2d:20:62:cb 192.168.3.75]receiver:[00:00:00:00:00:00 192.168.3.129]
06-24 17:01:02.670 0 0 W : [1 T1046 ..] [SP FRAME RX] arp rsp,vif_idx:0 sender:[f6:f5:2e:bc:8c:d5 192.168.3.68]receiver:[1c:79:2d:20:62:cb 192.168.3.75]
06-24 17:01:02.671 0 0 W : [1 T1046 ..] [SP FRAME RX] arp rsp,vif_idx:0 sender:[3a:fd:3d:ee:5f:54 192.168.3.129]receiver:[1c:79:2d:20:62:cb 192.168.3.75]
06-24 17:01:03.418 0 0 W [1 T10663 ..] audit: audit_lost=23379 audit_rate_limit=5 audit_backlog_limit=64
06-24 17:01:03.418 0 0 E [1 T10663 ..] audit: rate limit exceeded
06-24 17:01:03.544 685 709 D AutofillManagerService: onBackKeyPressed()
06-24 17:01:05.482 0 0 W : [3 T0 .s] [SP FRAME TX] arp req,vif_idx:0 sender:[1c:79:2d:20:62:cb 192.168.3.75]receiver:[00:00:00:00:00:00 192.168.3.123]
06-24 17:01:05.603 0 0 W : [2 T1046 ..] [SP FRAME RX] arp req,vif_idx:0 sender:[e2:8e:12:0f:0b:47 192.168.3.123]receiver:[00:00:00:00:00:00 192.168.3.75]
06-24 17:01:05.604 0 0 W : [2 T1046 ..] [SP FRAME TX] arp rsp,vif_idx:0 sender:[1c:79:2d:20:62:cb 192.168.3.75]receiver:[e2:8e:12:0f:0b:47 192.168.3.123]
06-24 17:01:05.606 0 0 W : [2 T1046 ..] [SP FRAME RX] arp rsp,vif_idx:0 sender:[e2:8e:12:0f:0b:47 192.168.3.123]receiver:[1c:79:2d:20:62:cb 192.168.3.75]
06-24 17:01:09.834 685 709 D AutofillManagerService: onBackKeyPressed()
06-24 17:01:10.835 901 979 V WindowManagerShell: Transition requested: android.os.BinderProxy@ecd270f TransitionRequestInfo { type = 2, triggerTask = TaskInfo{userId=0 taskId=204 displayId=0 isRunning=false baseIntent=Intent { act=android.intent.action.MAIN cat=[android.intent.category.LAUNCHER] flg=0x10000000 pkg=cn.jj.tv cmp=cn.jj.tv/cn.jj.mobile.lobby.view.Main } baseActivity=null topActivity=null origActivity=null realActivity=ComponentInfo{cn.jj.tv/cn.jj.mobile.lobby.view.Main} numActivities=0 lastActiveTime=21033184 supportsMultiWindow=true resizeMode=1 isResizeable=true minWidth=-1 minHeight=-1 defaultMinSize=220 token=WCT{android.window.IWindowContainerToken$Stub$Proxy@3da639c} topActivityType=1 pictureInPictureParams=null shouldDockBigOverlays=false launchIntoPipHostTaskId=-1 lastParentTaskIdBeforePip=-1 displayCutoutSafeInsets=null topActivityInfo=null launchCookies=[] positionInParent=Point(0, 0) parentTaskId=-1 isFocused=true isVisible=true isVisibleRequested=true isSleeping=false topActivityInSizeCompat=false topActivityEligibleForLetterboxEducation= false isLetterboxDoubleTapEnabled= false topActivityEligibleForUserAspectRatioButton= false topActivityBoundsLetterboxed= false isFromLetterboxDoubleTap= false topActivityLetterboxVerticalPosition= -1 topActivityLetterboxHorizontalPosition= -1 topActivityLetterboxWidth=-1 topActivityLetterboxHeight=-1 isUserFullscreenOverrideEnabled=false isTopActivityTransparent=false locusId=null displayAreaFeatureId=1 cameraCompatControlState=hidden}, remoteTransition = null, displayChange = null, flags = 0 }
06-24 17:01:10.942 685 3826 I WindowManager: WIN DEATH: Window{b04f7e7 u0 cn.jj.tv/cn.jj.mobile.lobby.view.Main}
06-24 17:01:10.943 685 12511 I ActivityManager: Process cn.jj.tv (pid 16052) has died: fg TOP
06-24 17:01:10.952 685 709 D DisplayManagerService: Drop pending events for gone uid 10109
06-24 17:01:10.957 685 12511 V WindowManager: app ------------- force_land :0
06-24 17:01:11.038 685 708 V WindowManager: Sent Transition #663 createdAt=06-24 17:01:10.833 via request=TransitionRequestInfo { type = 2, triggerTask = TaskInfo{userId=0 taskId=204 displayId=0 isRunning=false baseIntent=Intent { act=android.intent.action.MAIN cat=[android.intent.category.LAUNCHER] flg=0x10000000 pkg=cn.jj.tv cmp=cn.jj.tv/cn.jj.mobile.lobby.view.Main } baseActivity=null topActivity=null origActivity=null realActivity=ComponentInfo{cn.jj.tv/cn.jj.mobile.lobby.view.Main} numActivities=0 lastActiveTime=21033184 supportsMultiWindow=true resizeMode=1 isResizeable=true minWidth=-1 minHeight=-1 defaultMinSize=220 token=WCT{RemoteToken{673b618 Task{e5e0179 #204 type=standard A=10109:cn.jj.tv}}} topActivityType=1 pictureInPictureParams=null shouldDockBigOverlays=false launchIntoPipHostTaskId=-1 lastParentTaskIdBeforePip=-1 displayCutoutSafeInsets=null topActivityInfo=null launchCookies=[] positionInParent=Point(0, 0) parentTaskId=-1 isFocused=true isVisible=true isVisibleRequested=true isSleeping=false topActivityInSizeCompat=false topActivityEligibleForLetterboxEducation= false isLetterboxDoubleTapEnabled= false topActivityEligibleForUserAspectRatioButton= false topActivityBoundsLetterboxed= false isFromLetterboxDoubleTap= false topActivityLetterboxVerticalPosition= -1 topActivityLetterboxHorizontalPosition= -1 topActivityLetterboxWidth=-1 topActivityLetterboxHeight=-1 isUserFullscreenOverrideEnabled=false isTopActivityTransparent=false locusId=null displayAreaFeatureId=1 cameraCompatControlState=hidden}, remoteTransition = null, displayChange = null, flags = 0 }
06-24 17:01:11.039 685 708 V WindowManager: startWCT=WindowContainerTransaction { changes = {} hops = [] errorCallbackToken=null taskFragmentOrganizer=null }
06-24 17:01:11.039 901 979 V WindowManagerShell: onTransitionReady android.os.BinderProxy@ecd270f: {id=663 t=CLOSE f=0x0 trk=0 r=[0@Point(0, 0)] c=[{WCT{android.window.IWindowContainerToken$Stub$Proxy@cf81d88} m=TO_FRONT f=NONE leash=Surface(name=Task=203)/@0x4fe21a5 sb=Rect(0, 0 - 1920, 1080) eb=Rect(0, 0 - 1920, 1080) d=0},{WCT{android.window.IWindowContainerToken$Stub$Proxy@dd43321} m=CLOSE f=NONE leash=Surface(name=Task=204)/@0x912c97a sb=Rect(0, 0 - 1920, 1080) eb=Rect(0, 0 - 1920, 1080) d=0}]}
06-24 17:01:11.039 901 979 V WindowManagerShell: Playing animation for (#663)android.os.BinderProxy@ecd270f@0
06-24 17:01:11.039 901 979 V WindowManagerShell: try handler com.android.wm.shell.keyguard.KeyguardTransitionHandler@24e2028
06-24 17:01:11.040 901 979 V WindowManagerShell: try handler com.android.wm.shell.pip.tv.TvPipTransition@1141
06-24 17:01:11.040 901 979 V WindowManagerShell: try handler com.android.wm.shell.activityembedding.ActivityEmbeddingController@e8f56e6
06-24 17:01:11.040 901 979 V WindowManagerShell: try handler com.android.wm.shell.transition.RemoteTransitionHandler@b664427
06-24 17:01:11.040 901 979 V WindowManagerShell: Transition doesn't have explicit remote, search filters for match for {id=663 t=CLOSE f=0x0 trk=0 r=[0@Point(0, 0)] c=[{WCT{android.window.IWindowContainerToken$Stub$Proxy@cf81d88} m=TO_FRONT f=NONE leash=Surface(name=Task=203)/@0x4fe21a5 sb=Rect(0, 0 - 1920, 1080) eb=Rect(0, 0 - 1920, 1080) d=0},{WCT{android.window.IWindowContainerToken$Stub$Proxy@dd43321} m=CLOSE f=NONE leash=Surface(name=Task=204)/@0x912c97a sb=Rect(0, 0 - 1920, 1080) eb=Rect(0, 0 - 1920, 1080) d=0}]}
06-24 17:01:11.040 901 979 V WindowManagerShell: Delegate animation for #663 to null
06-24 17:01:11.040 901 979 V WindowManagerShell: try handler com.android.wm.shell.transition.DefaultTransitionHandler@7916d4
06-24 17:01:11.040 901 979 V WindowManagerShell: start default transition animation, info = {id=663 t=CLOSE f=0x0 trk=0 r=[0@Point(0, 0)] c=[{WCT{android.window.IWindowContainerToken$Stub$Proxy@cf81d88} m=TO_FRONT f=NONE leash=Surface(name=Task=203)/@0x4fe21a5 sb=Rect(0, 0 - 1920, 1080) eb=Rect(0, 0 - 1920, 1080) d=0},{WCT{android.window.IWindowContainerToken$Stub$Proxy@dd43321} m=CLOSE f=NONE leash=Surface(name=Task=204)/@0x912c97a sb=Rect(0, 0 - 1920, 1080) eb=Rect(0, 0 - 1920, 1080) d=0}]}
06-24 17:01:11.041 901 979 V WindowManagerShell: loadAnimation: anim=android.view.animation.AlphaAnimation@ab58a34 animAttr=0xb type=CLOSE isEntrance=false
06-24 17:01:11.041 901 979 V WindowManagerShell: loadAnimation: anim=android.view.animation.AlphaAnimation@a5d0dd2 animAttr=0xa type=CLOSE isEntrance=true
06-24 17:01:11.044 901 979 V WindowManagerShell: animated by com.android.wm.shell.transition.DefaultTransitionHandler@7916d4
06-24 17:01:11.051 685 708 V WindowManager: info={id=663 t=CLOSE f=0x0 trk=0 r=[0@Point(0, 0)] c=[{WCT{RemoteToken{c8739a0 Task{f3c188 #203 type=standard A=1000:search.app.task}}} m=TO_FRONT f=NONE leash=Surface(name=Task=203)/@0xedb91d2 sb=Rect(0, 0 - 1920, 1080) eb=Rect(0, 0 - 1920, 1080) d=0},{WCT{RemoteToken{673b618 Task{e5e0179 #204 type=standard A=10109:cn.jj.tv}}} m=CLOSE f=NONE leash=Surface(name=Task=204)/@0xf7041f5 sb=Rect(0, 0 - 1920, 1080) eb=Rect(0, 0 - 1920, 1080) d=0}]}
06-24 17:01:11.084 685 712 W ActivityManager: pid 685 system sent binder code 3 with flags 1 to frozen apps and got error -32
06-24 17:01:11.088 685 709 W ContextImpl: Calling a method in the system process without a qualified user: android.app.ContextImpl.startService:1899 com.android.server.wm.DisplayPolicy.lambda$focusChangedLw$5:2126 com.android.server.wm.DisplayPolicy.$r8$lambda$Znxk63oh-WzVnzo_WQefN7uxV48:0 com.android.server.wm.DisplayPolicy$$ExternalSyntheticLambda13.run:0 android.os.Handler.handleCallback:958
06-24 17:01:11.089 685 712 W WindowManager: Failed to deliver inset control state change to w=Window{b04f7e7 u0 cn.jj.tv/cn.jj.mobile.lobby.view.Main EXITING}
06-24 17:01:11.089 685 712 W WindowManager: android.os.DeadObjectException
06-24 17:01:11.089 685 712 W WindowManager: at android.os.BinderProxy.transactNative(Native Method)
06-24 17:01:11.089 685 712 W WindowManager: at android.os.BinderProxy.transact(BinderProxy.java:584)
06-24 17:01:11.089 685 712 W WindowManager: at android.view.IWindow$Stub$Proxy.insetsControlChanged(IWindow.java:479)
06-24 17:01:11.089 685 712 W WindowManager: at com.android.server.wm.WindowState.notifyInsetsControlChanged(WindowState.java:3821)
06-24 17:01:11.089 685 712 W WindowManager: at com.android.server.wm.InsetsStateController.lambda$notifyPendingInsetsControlChanged$3(InsetsStateController.java:369)
06-24 17:01:11.089 685 712 W WindowManager: at com.android.server.wm.InsetsStateController.$r8$lambda$8yykPRG1GyNq_J17QvL9d5xANMc(InsetsStateController.java:0)
06-24 17:01:11.089 685 712 W WindowManager: at com.android.server.wm.InsetsStateController$$ExternalSyntheticLambda2.run(R8$$SyntheticClass:0)
06-24 17:01:11.089 685 712 W WindowManager: at com.android.server.wm.WindowAnimator.executeAfterPrepareSurfacesRunnables(WindowAnimator.java:294)
06-24 17:01:11.089 685 712 W WindowManager: at com.android.server.wm.RootWindowContainer.performSurfacePlacementNoTrace(RootWindowContainer.java:811)
06-24 17:01:11.089 685 712 W WindowManager: at com.android.server.wm.RootWindowContainer.performSurfacePlacement(RootWindowContainer.java:756)
06-24 17:01:11.089 685 712 W WindowManager: at com.android.server.wm.WindowSurfacePlacer.performSurfacePlacementLoop(WindowSurfacePlacer.java:177)
06-24 17:01:11.089 685 712 W WindowManager: at com.android.server.wm.WindowSurfacePlacer.performSurfacePlacement(WindowSurfacePlacer.java:126)
06-24 17:01:11.089 685 712 W WindowManager: at com.android.server.wm.WindowSurfacePlacer.performSurfacePlacement(WindowSurfacePlacer.java:115)
06-24 17:01:11.089 685 712 W WindowManager: at com.android.server.wm.WindowSurfacePlacer$Traverser.run(WindowSurfacePlacer.java:57)
06-24 17:01:11.089 685 712 W WindowManager: at android.os.Handler.handleCallback(Handler.java:958)
06-24 17:01:11.089 685 712 W WindowManager: at android.os.Handler.dispatchMessage(Handler.java:99)
06-24 17:01:11.089 685 712 W WindowManager: at android.os.Looper.loopOnce(Looper.java:205)
06-24 17:01:11.089 685 712 W WindowManager: at android.os.Looper.loop(Looper.java:294)
06-24 17:01:11.089 685 712 W WindowManager: at android.os.HandlerThread.run(HandlerThread.java:67)
06-24 17:01:11.089 685 712 W WindowManager: at com.android.server.ServiceThread.run(ServiceThread.java:46)
06-24 17:01:11.417 0 0 W [1 T27378 ..] audit: audit_lost=23386 audit_rate_limit=5 audit_backlog_limit=64
06-24 17:01:11.418 0 0 E [1 T27378 ..] audit: rate limit exceeded
06-24 17:01:11.447 901 979 V WindowManagerShell: Transition animation finished (aborted=false), notifying core (#663)android.os.BinderProxy@ecd270f@0
06-24 17:01:11.449 685 708 V WindowManager: Finish Transition #663: created at
06-24 17:01:10.833 collect-started=0.043ms request-sent=0.196ms started=5.237ms ready=125.312ms sent=203.313ms finished=615.163ms
06-24 17:01:11.450 685 3826 W ActivityManager: pid 685 system sent binder code 7 with flags 1 to frozen apps and got error -32
06-24 17:01:11.450 685 3826 D ActivityManager: Too many transaction errors, throttling freezer binder callback.
06-24 17:01:11.451 685 3826 W WindowManager: Exception thrown during dispatchAppVisibility Window{b04f7e7 u0 cn.jj.tv/cn.jj.mobile.lobby.view.Main EXITING}
06-24 17:01:11.451 685 3826 W WindowManager: android.os.DeadObjectException
06-24 17:01:11.451 685 3826 W WindowManager: at android.os.BinderProxy.transactNative(Native Method)
06-24 17:01:11.451 685 3826 W WindowManager: at android.os.BinderProxy.transact(BinderProxy.java:584)
06-24 17:01:11.451 685 3826 W WindowManager: at android.view.IWindow$Stub$Proxy.dispatchAppVisibility(IWindow.java:546)
06-24 17:01:11.451 685 3826 W WindowManager: at com.android.server.wm.WindowState.sendAppVisibilityToClients(WindowState.java:3290)
06-24 17:01:11.451 685 3826 W WindowManager: at com.android.server.wm.WindowContainer.sendAppVisibilityToClients(WindowContainer.java:1299)
06-24 17:01:11.451 685 3826 W WindowManager: at com.android.server.wm.WindowToken.setClientVisible(WindowToken.java:409)
06-24 17:01:11.451 685 3826 W WindowManager: at com.android.server.wm.ActivityRecord.setClientVisible(ActivityRecord.java:6982)
06-24 17:01:11.451 685 3826 W WindowManager: at com.android.server.wm.ActivityRecord.postApplyAnimation(ActivityRecord.java:5653)
06-24 17:01:11.451 685 3826 W WindowManager: at com.android.server.wm.ActivityRecord.commitVisibility(ActivityRecord.java:5595)
06-24 17:01:11.451 685 3826 W WindowManager: at com.android.server.wm.Transition.finishTransition(Transition.java:1198)
06-24 17:01:11.451 685 3826 W WindowManager: at com.android.server.wm.TransitionController.finishTransition(TransitionController.java:886)
06-24 17:01:11.451 685 3826 W WindowManager: at com.android.server.wm.WindowOrganizerController.finishTransition(WindowOrganizerController.java:419)
06-24 17:01:11.451 685 3826 W WindowManager: at android.window.IWindowOrganizerController$Stub.onTransact(IWindowOrganizerController.java:280)
06-24 17:01:11.451 685 3826 W WindowManager: at com.android.server.wm.WindowOrganizerController.onTransact(WindowOrganizerController.java:183)
06-24 17:01:11.451 685 3826 W WindowManager: at android.os.Binder.execTransactInternal(Binder.java:1363)
06-24 17:01:11.451 685 3826 W WindowManager: at android.os.Binder.execTransact(Binder.java:1304)
06-24 17:01:11.457 685 711 W ActivityManager: setHasOverlayUi called on unknown pid: 16052
06-24 17:01:11.461 901 979 V WindowManagerShell: Track 0 became idle
06-24 17:01:11.461 901 979 V WindowManagerShell: All active transition animations finished
06-24 17:01:12.979 0 0 W [0 T16719 ..] audit: audit_lost=23393 audit_rate_limit=5 audit_backlog_limit=64
06-24 17:01:12.980 0 0 E [0 T16719 ..] audit: rate limit exceeded
06-24 17:01:13.118 685 709 D HdmiControlService: Process pid: 685 is calling oneTouchPlay.
06-24 17:01:13.121 685 685 D HdmiControlService: Local device is under address allocation. Save OTP callback for later process.
06-24 17:01:13.123 901 979 D WindowManagerShell: TvPipMenuController: closeMenu()
06-24 17:01:13.123 901 979 I WindowManagerShell: TvPipMenuController: switchToMenuMode: setting mCurrentMenuMode=MODE_NO_MENU, mPrevMenuMode=MODE_NO_MENU
06-24 17:01:13.125 685 708 D AutofillManagerService: Close system dialogs
06-24 17:01:13.139 685 709 I ActivityTaskManager: START u0 {act=android.intent.action.MAIN cat=[android.intent.category.HOME] flg=0x10000100 cmp=com.dangbei.leard.leradlauncher/com.dangbei.launcher.home.LauncherActivity (has extras)} with LAUNCH_SINGLE_TASK from uid 0 (BAL_ALLOW_ALLOWLISTED_UID) result code=2
06-24 17:01:13.140 685 15113 W ActivityTaskManager: Duplicate finish request for r=ActivityRecord{2623b36 u0 com.dangbei.leard.leradlauncher/com.dangbei.launcher.secondary.app.AppSecondaryActivity t32 f}}
06-24 17:01:13.140 901 979 V WindowManagerShell: Transition requested: android.os.BinderProxy@ccbebcc TransitionRequestInfo { type = 1, triggerTask = TaskInfo{userId=0 taskId=32 displayId=0 isRunning=true baseIntent=Intent { act=android.intent.action.MAIN cat=[android.intent.category.HOME] flg=0x10800100 cmp=com.dangbei.leard.leradlauncher/com.dangbei.launcher.home.LauncherActivity } baseActivity=ComponentInfo{com.dangbei.leard.leradlauncher/com.dangbei.launcher.home.LauncherActivity} topActivity=ComponentInfo{com.dangbei.leard.leradlauncher/com.dangbei.launcher.home.LauncherActivity} origActivity=null realActivity=ComponentInfo{com.dangbei.leard.leradlauncher/com.dangbei.launcher.home.LauncherActivity} numActivities=1 lastActiveTime=21012194 supportsMultiWindow=true resizeMode=0 isResizeable=false minWidth=-1 minHeight=-1 defaultMinSize=220 token=WCT{android.window.IWindowContainerToken$Stub$Proxy@73be15} topActivityType=2 pictureInPictureParams=null shouldDockBigOverlays=true launchIntoPipHostTaskId=-1 lastParentTaskIdBeforePip=-1 displayCutoutSafeInsets=null topActivityInfo=ActivityInfo{e70852a com.dangbei.launcher.home.LauncherActivity} launchCookies=[] positionInParent=Point(0, 0) parentTaskId=-1 isFocused=true isVisible=false isVisibleRequested=false isSleeping=false topActivityInSizeCompat=false topActivityEligibleForLetterboxEducation= false isLetterboxDoubleTapEnabled= false topActivityEligibleForUserAspectRatioButton= false topActivityBoundsLetterboxed= false isFromLetterboxDoubleTap= false topActivityLetterboxVerticalPosition= -1 topActivityLetterboxHorizontalPosition= -1 topActivityLetterboxWidth=-1 topActivityLetterboxHeight=-1 isUserFullscreenOverrideEnabled=false isTopActivityTransparent=false locusId=null displayAreaFeatureId=1 cameraCompatControlState=hidden}, remoteTransition = null, displayChange = null, flags = 0 }
06-24 17:01:13.143 685 750 W ActivityTaskManager: Duplicate finish request for r=ActivityRecord{be7bf27 u0 com.dangbei.leard.leradlauncher/.module.search.SearchActivity t32 f}}
06-24 17:01:13.153 685 3826 D CoreBackPreview: Window{849f272 u0 com.dangbei.leard.leradlauncher/com.dangbei.leard.leradlauncher.module.search.SearchActivity}: Setting back callback null
06-24 17:01:13.164 685 717 W UsageStatsService: Unexpected activity event reported! (com.dangbei.leard.leradlauncher/com.dangbei.leard.leradlauncher.module.search.SearchActivity event : 23 instanceId : 219444692)
06-24 17:01:13.176 685 3826 W WindowManager: Failed looking up window session=Session{e396e2b 1423:1000} callers=com.android.server.wm.WindowManagerService.windowForClientLocked:6077 com.android.server.wm.Session.setOnBackInvokedCallbackInfo:949 android.view.IWindowSession$Stub.onTransact:1145
06-24 17:01:13.176 685 3826 I WindowManager: setOnBackInvokedCallback(): No window state for package:com.dangbei.leard.leradlauncher
06-24 17:01:13.178 685 717 W UsageStatsService: Unexpected activity event reported! (com.dangbei.leard.leradlauncher/com.dangbei.launcher.secondary.app.AppSecondaryActivity event : 23 instanceId : 60938807)
06-24 17:01:13.182 685 15113 V WindowManager: app ------------- force_land :0
06-24 17:01:13.266 685 709 W ContextImpl: Calling a method in the system process without a qualified user: android.app.ContextImpl.startService:1899 com.android.server.wm.DisplayPolicy.lambda$focusChangedLw$5:2126 com.android.server.wm.DisplayPolicy.$r8$lambda$Znxk63oh-WzVnzo_WQefN7uxV48:0 com.android.server.wm.DisplayPolicy$$ExternalSyntheticLambda13.run:0 android.os.Handler.handleCallback:958
06-24 17:01:13.285 901 979 D WindowManagerShell: TvPipController: onTaskStackChanged()
06-24 17:01:13.316 685 709 W ContextImpl: Calling a method in the system process without a qualified user: android.app.ContextImpl.startService:1899 com.android.server.wm.DisplayPolicy.lambda$focusChangedLw$5:2126 com.android.server.wm.DisplayPolicy.$r8$lambda$Znxk63oh-WzVnzo_WQefN7uxV48:0 com.android.server.wm.DisplayPolicy$$ExternalSyntheticLambda13.run:0 android.os.Handler.handleCallback:958
06-24 17:01:13.426 901 979 V WindowManagerShell: onTransitionReady android.os.BinderProxy@ccbebcc: {id=664 t=OPEN f=0x0 trk=0 r=[0@Point(0, 0)] c=[{WCT{android.window.IWindowContainerToken$Stub$Proxy@8e9c9f6} m=TO_FRONT f=MOVE_TO_TOP leash=Surface(name=Task=1)/@0x6f7af1b sb=Rect(0, 0 - 1920, 1080) eb=Rect(0, 0 - 1920, 1080) d=0},{WCT{android.window.IWindowContainerToken$Stub$Proxy@15821f7} m=CLOSE f=NONE leash=Surface(name=Task=203)/@0x8b1f8b8 sb=Rect(0, 0 - 1920, 1080) eb=Rect(0, 0 - 1920, 1080) d=0}]}
06-24 17:01:13.426 901 979 V WindowManagerShell: Playing animation for (#664)android.os.BinderProxy@ccbebcc@0
06-24 17:01:13.426 685 708 V WindowManager: Sent Transition #664 createdAt=06-24 17:01:13.132 via request=TransitionRequestInfo { type = 1, triggerTask = TaskInfo{userId=0 taskId=32 displayId=0 isRunning=true baseIntent=Intent { act=android.intent.action.MAIN cat=[android.intent.category.HOME] flg=0x10800100 cmp=com.dangbei.leard.leradlauncher/com.dangbei.launcher.home.LauncherActivity } baseActivity=ComponentInfo{com.dangbei.leard.leradlauncher/com.dangbei.launcher.home.LauncherActivity} topActivity=ComponentInfo{com.dangbei.leard.leradlauncher/com.dangbei.launcher.home.LauncherActivity} origActivity=null realActivity=ComponentInfo{com.dangbei.leard.leradlauncher/com.dangbei.launcher.home.LauncherActivity} numActivities=1 lastActiveTime=21012194 supportsMultiWindow=true resizeMode=0 isResizeable=false minWidth=-1 minHeight=-1 defaultMinSize=220 token=WCT{RemoteToken{a5d9d8d Task{131419d #32 type=home A=1000:com.dangbei.leard.leradlauncher}}} topActivityType=2 pictureInPictureParams=null shouldDockBigOverlays=true launchIntoPipHostTaskId=-1 lastParentTaskIdBeforePip=-1 displayCutoutSafeInsets=null topActivityInfo=ActivityInfo{f394bcd com.dangbei.launcher.home.LauncherActivity} launchCookies=[] positionInParent=Point(0, 0) parentTaskId=-1 isFocused=true isVisible=false isVisibleRequested=false isSleeping=false topActivityInSizeCompat=false topActivityEligibleForLetterboxEducation= false isLetterboxDoubleTapEnabled= false topActivityEligibleForUserAspectRatioButton= false topActivityBoundsLetterboxed= false isFromLetterboxDoubleTap= false topActivityLetterboxVerticalPosition= -1 topActivityLetterboxHorizontalPosition= -1 topActivityLetterboxWidth=-1 topActivityLetterboxHeight=-1 isUserFullscreenOverrideEnabled=false isTopActivityTransparent=false locusId=null displayAreaFeatureId=1 cameraCompatControlState=hidden}, remoteTransition = null, displayChange = null, flags = 0 }
06-24 17:01:13.426 685 708 V WindowManager: startWCT=WindowContainerTransaction { changes = {} hops = [] errorCallbackToken=null taskFragmentOrganizer=null }
06-24 17:01:13.426 901 979 V WindowManagerShell: try handler com.android.wm.shell.keyguard.KeyguardTransitionHandler@24e2028
06-24 17:01:13.426 901 979 V WindowManagerShell: try handler com.android.wm.shell.pip.tv.TvPipTransition@1141
06-24 17:01:13.427 685 708 V WindowManager: info={id=664 t=OPEN f=0x0 trk=0 r=[0@Point(0, 0)] c=[{WCT{RemoteToken{30b1e82 Task{4d21fd0 #1 type=home}}} m=TO_FRONT f=MOVE_TO_TOP leash=Surface(name=Task=1)/@0x54f0375 sb=Rect(0, 0 - 1920, 1080) eb=Rect(0, 0 - 1920, 1080) d=0},{WCT{RemoteToken{c8739a0 Task{f3c188 #203 type=standard A=1000:search.app.task}}} m=CLOSE f=NONE leash=Surface(name=Task=203)/@0xedb91d2 sb=Rect(0, 0 - 1920, 1080) eb=Rect(0, 0 - 1920, 1080) d=0}]}
06-24 17:01:13.427 901 979 V WindowManagerShell: try handler com.android.wm.shell.activityembedding.ActivityEmbeddingController@e8f56e6
06-24 17:01:13.427 901 979 V WindowManagerShell: try handler com.android.wm.shell.transition.RemoteTransitionHandler@b664427
06-24 17:01:13.427 901 979 V WindowManagerShell: Transition doesn't have explicit remote, search filters for match for {id=664 t=OPEN f=0x0 trk=0 r=[0@Point(0, 0)] c=[{WCT{android.window.IWindowContainerToken$Stub$Proxy@8e9c9f6} m=TO_FRONT f=MOVE_TO_TOP leash=Surface(name=Task=1)/@0x6f7af1b sb=Rect(0, 0 - 1920, 1080) eb=Rect(0, 0 - 1920, 1080) d=0},{WCT{android.window.IWindowContainerToken$Stub$Proxy@15821f7} m=CLOSE f=NONE leash=Surface(name=Task=203)/@0x8b1f8b8 sb=Rect(0, 0 - 1920, 1080) eb=Rect(0, 0 - 1920, 1080) d=0}]}
06-24 17:01:13.427 901 979 V WindowManagerShell: Delegate animation for #664 to null
06-24 17:01:13.427 901 979 V WindowManagerShell: try handler com.android.wm.shell.transition.DefaultTransitionHandler@7916d4
06-24 17:01:13.427 901 979 V WindowManagerShell: start default transition animation, info = {id=664 t=OPEN f=0x0 trk=0 r=[0@Point(0, 0)] c=[{WCT{android.window.IWindowContainerToken$Stub$Proxy@8e9c9f6} m=TO_FRONT f=MOVE_TO_TOP leash=Surface(name=Task=1)/@0x6f7af1b sb=Rect(0, 0 - 1920, 1080) eb=Rect(0, 0 - 1920, 1080) d=0},{WCT{android.window.IWindowContainerToken$Stub$Proxy@15821f7} m=CLOSE f=NONE leash=Surface(name=Task=203)/@0x8b1f8b8 sb=Rect(0, 0 - 1920, 1080) eb=Rect(0, 0 - 1920, 1080) d=0}]}
06-24 17:01:13.428 901 979 V WindowManagerShell: loadAnimation: anim=android.view.animation.AlphaAnimation@8e08f82 animAttr=0x9 type=OPEN isEntrance=false
06-24 17:01:13.429 901 979 V WindowManagerShell: loadAnimation: anim=android.view.animation.AlphaAnimation@28f26d0 animAttr=0x8 type=OPEN isEntrance=true
06-24 17:01:13.435 901 979 V WindowManagerShell: animated by com.android.wm.shell.transition.DefaultTransitionHandler@7916d4
06-24 17:01:13.851 901 979 V WindowManagerShell: Transition animation finished (aborted=false), notifying core (#664)android.os.BinderProxy@ccbebcc@0
06-24 17:01:13.857 685 708 V WindowManager: Finish Transition #664: created at
06-24 17:01:13.132 collect-started=0.039ms request-sent=6.547ms started=10.432ms ready=52.136ms sent=290.391ms finished=720.981ms
