06-24 16:51:16.495 0 0 W : [3 T1046 ..] [SP FRAME TX] arp rsp,vif_idx:0 sender:[1c:79:2d:20:62:cb 192.168.3.75]receiver:[0c:91:60:12:cd:6e 192.168.3.81]
06-24 16:51:16.577 0 0 W : [3 T1046 ..] [SP FRAME RX] arp req,vif_idx:0 sender:[d2:07:9a:6e:a7:36 192.168.3.27]receiver:[00:00:00:00:00:00 192.168.3.75]
06-24 16:51:16.578 0 0 W : [3 T1046 ..] [SP FRAME TX] arp rsp,vif_idx:0 sender:[1c:79:2d:20:62:cb 192.168.3.75]receiver:[d2:07:9a:6e:a7:36 192.168.3.27]
06-24 16:51:16.758 0 0 W : [3 T1046 ..] [SP FRAME RX] arp req,vif_idx:0 sender:[28:7b:11:70:51:1f 192.168.3.44]receiver:[00:00:00:00:00:00 192.168.3.75]
06-24 16:51:16.759 0 0 W : [3 T1046 ..] [SP FRAME TX] arp rsp,vif_idx:0 sender:[1c:79:2d:20:62:cb 192.168.3.75]receiver:[28:7b:11:70:51:1f 192.168.3.44]
06-24 16:51:16.973 0 0 W : [3 T1046 ..] [SP FRAME RX] arp req,vif_idx:0 sender:[c6:ce:03:3d:c3:bd 192.168.3.118]receiver:[00:00:00:00:00:00 192.168.3.75]
06-24 16:51:16.974 0 0 W : [3 T1046 ..] [SP FRAME TX] arp rsp,vif_idx:0 sender:[1c:79:2d:20:62:cb 192.168.3.75]receiver:[c6:ce:03:3d:c3:bd 192.168.3.118]
06-24 16:51:17.450 0 0 W : [1 T0 .s] [SP FRAME TX] arp req,vif_idx:0 sender:[1c:79:2d:20:62:cb 192.168.3.75]receiver:[00:00:00:00:00:00 192.168.3.243]
06-24 16:51:18.061 0 0 W : [3 T1046 ..] [SP FRAME RX] arp req,vif_idx:0 sender:[3a:fd:3d:ee:5f:54 192.168.3.129]receiver:[00:00:00:00:00:00 192.168.3.75]
06-24 16:51:18.062 0 0 W : [3 T1046 ..] [SP FRAME TX] arp rsp,vif_idx:0 sender:[1c:79:2d:20:62:cb 192.168.3.75]receiver:[3a:fd:3d:ee:5f:54 192.168.3.129]
06-24 16:51:18.474 0 0 W : [1 T0 .s] [SP FRAME TX] arp req,vif_idx:0 sender:[1c:79:2d:20:62:cb 192.168.3.75]receiver:[00:00:00:00:00:00 192.168.3.243]
06-24 16:51:19.502 0 0 W : [1 T0 .s] [SP FRAME TX] arp req,vif_idx:0 sender:[1c:79:2d:20:62:cb 192.168.3.75]receiver:[00:00:00:00:00:00 192.168.3.243]
06-24 16:51:20.522 0 0 W : [1 T0 .s] [SP FRAME TX] arp req,vif_idx:0 sender:[1c:79:2d:20:62:cb 192.168.3.75]receiver:[00:00:00:00:00:00 192.168.3.243]
06-24 16:51:21.546 0 0 W : [1 T0 .s] [SP FRAME TX] arp req,vif_idx:0 sender:[1c:79:2d:20:62:cb 192.168.3.75]receiver:[00:00:00:00:00:00 192.168.3.243]
06-24 16:51:22.259 0 0 W : [1 T1046 ..] [SP FRAME RX] arp req,vif_idx:0 sender:[da:b8:33:f6:93:fe 192.168.3.89]receiver:[00:00:00:00:00:00 192.168.3.75]
06-24 16:51:22.260 0 0 W : [1 T1046 ..] [SP FRAME TX] arp rsp,vif_idx:0 sender:[1c:79:2d:20:62:cb 192.168.3.75]receiver:[da:b8:33:f6:93:fe 192.168.3.89]
06-24 16:51:22.294 0 0 W : [1 T1046 ..] [SP FRAME RX] arp req,vif_idx:0 sender:[b6:9c:70:ec:40:e7 192.168.3.65]receiver:[00:00:00:00:00:00 192.168.3.75]
06-24 16:51:22.295 0 0 W : [1 T1046 ..] [SP FRAME TX] arp rsp,vif_idx:0 sender:[1c:79:2d:20:62:cb 192.168.3.75]receiver:[b6:9c:70:ec:40:e7 192.168.3.65]
06-24 16:51:22.570 0 0 W : [1 T371 .s] [SP FRAME TX] arp req,vif_idx:0 sender:[1c:79:2d:20:62:cb 192.168.3.75]receiver:[00:00:00:00:00:00 192.168.3.243]
06-24 16:51:22.904 0 0 W : [1 T1046 ..] [SP FRAME RX] arp req,vif_idx:0 sender:[28:7b:11:70:4f:a5 192.168.3.155]receiver:[00:00:00:00:00:00 192.168.3.75]
06-24 16:51:22.905 0 0 W : [1 T1046 ..] [SP FRAME TX] arp rsp,vif_idx:0 sender:[1c:79:2d:20:62:cb 192.168.3.75]receiver:[28:7b:11:70:4f:a5 192.168.3.155]
06-24 16:51:23.594 0 0 W : [1 T0 .s] [SP FRAME TX] arp req,vif_idx:0 sender:[1c:79:2d:20:62:cb 192.168.3.75]receiver:[00:00:00:00:00:00 192.168.3.243]
06-24 16:51:24.204 0 0 W : [3 T1046 ..] [SP FRAME RX] arp req,vif_idx:0 sender:[de:90:cb:50:92:8f 192.168.3.145]receiver:[00:00:00:00:00:00 192.168.3.75]
06-24 16:51:24.204 0 0 W : [3 T1046 ..] [SP FRAME TX] arp rsp,vif_idx:0 sender:[1c:79:2d:20:62:cb 192.168.3.75]receiver:[de:90:cb:50:92:8f 192.168.3.145]
06-24 16:51:24.362 0 0 W : [0 T0 .s] [SP FRAME TX] arp req,vif_idx:0 sender:[1c:79:2d:20:62:cb 192.168.3.75]receiver:[00:00:00:00:00:00 192.168.3.34]
06-24 16:51:24.622 0 0 W : [1 T22832 .s] [SP FRAME TX] arp req,vif_idx:0 sender:[1c:79:2d:20:62:cb 192.168.3.75]receiver:[00:00:00:00:00:00 192.168.3.243]
06-24 16:51:24.698 0 0 W : [3 T1046 ..] [SP FRAME RX] arp req,vif_idx:0 sender:[92:c8:7a:73:1d:bb 192.168.3.34]receiver:[00:00:00:00:00:00 192.168.3.75]
06-24 16:51:24.699 0 0 W : [3 T1046 ..] [SP FRAME TX] arp rsp,vif_idx:0 sender:[1c:79:2d:20:62:cb 192.168.3.75]receiver:[92:c8:7a:73:1d:bb 192.168.3.34]
06-24 16:51:24.771 0 0 W : [3 T1046 ..] [SP FRAME RX] arp rsp,vif_idx:0 sender:[92:c8:7a:73:1d:bb 192.168.3.34]receiver:[1c:79:2d:20:62:cb 192.168.3.75]
06-24 16:51:24.854 0 0 W : [3 T1046 ..] [SP FRAME RX] arp req,vif_idx:0 sender:[7a:8a:0f:56:00:ca 192.168.3.248]receiver:[00:00:00:00:00:00 192.168.3.75]
06-24 16:51:24.855 0 0 W : [3 T1046 ..] [SP FRAME TX] arp rsp,vif_idx:0 sender:[1c:79:2d:20:62:cb 192.168.3.75]receiver:[7a:8a:0f:56:00:ca 192.168.3.248]
06-24 16:51:25.642 0 0 W : [1 T0 .s] [SP FRAME TX] arp req,vif_idx:0 sender:[1c:79:2d:20:62:cb 192.168.3.75]receiver:[00:00:00:00:00:00 192.168.3.243]
06-24 16:51:26.666 0 0 W : [1 T8335 .s] [SP FRAME TX] arp req,vif_idx:0 sender:[1c:79:2d:20:62:cb 192.168.3.75]receiver:[00:00:00:00:00:00 192.168.3.243]
06-24 16:51:26.671 0 0 W : [1 T1046 ..] [SP FRAME RX] arp rsp,vif_idx:0 sender:[ea:f3:28:46:91:6b 192.168.3.243]receiver:[1c:79:2d:20:62:cb 192.168.3.75]
06-24 16:51:27.469 0 0 W : [1 T1046 ..] [SP FRAME RX] arp req,vif_idx:0 sender:[02:d1:be:fb:0a:d7 192.168.3.130]receiver:[00:00:00:00:00:00 192.168.3.75]
06-24 16:51:27.470 0 0 W : [1 T1046 ..] [SP FRAME TX] arp rsp,vif_idx:0 sender:[1c:79:2d:20:62:cb 192.168.3.75]receiver:[02:d1:be:fb:0a:d7 192.168.3.130]
06-24 16:51:27.984 0 0 W : [1 T1046 ..] [SP FRAME RX] arp req,vif_idx:0 sender:[e2:04:f6:d8:62:00 192.168.3.194]receiver:[00:00:00:00:00:00 192.168.3.75]
06-24 16:51:27.985 0 0 W : [1 T1046 ..] [SP FRAME TX] arp rsp,vif_idx:0 sender:[1c:79:2d:20:62:cb 192.168.3.75]receiver:[e2:04:f6:d8:62:00 192.168.3.194]
06-24 16:51:28.132 0 0 W : [1 T1046 ..] [SP FRAME RX] arp req,vif_idx:0 sender:[0c:91:60:12:cd:fc 192.168.3.171]receiver:[00:00:00:00:00:00 192.168.3.75]
06-24 16:51:28.133 0 0 W : [1 T1046 ..] [SP FRAME TX] arp rsp,vif_idx:0 sender:[1c:79:2d:20:62:cb 192.168.3.75]receiver:[0c:91:60:12:cd:fc 192.168.3.171]
06-24 16:51:29.226 0 0 W : [1 T0 .s] [SP FRAME TX] arp req,vif_idx:0 sender:[1c:79:2d:20:62:cb 192.168.3.75]receiver:[00:00:00:00:00:00 192.168.3.123]
06-24 16:51:29.311 0 0 W : [1 T1046 ..] [SP FRAME RX] arp rsp,vif_idx:0 sender:[e2:8e:12:0f:0b:47 192.168.3.123]receiver:[1c:79:2d:20:62:cb 192.168.3.75]
06-24 16:51:35.947 0 0 W : [1 T1046 ..] [SP FRAME RX] arp req,vif_idx:0 sender:[28:7b:11:70:4f:bd 192.168.3.156]receiver:[00:00:00:00:00:00 192.168.3.75]
06-24 16:51:35.948 0 0 W : [1 T1046 ..] [SP FRAME TX] arp rsp,vif_idx:0 sender:[1c:79:2d:20:62:cb 192.168.3.75]receiver:[28:7b:11:70:4f:bd 192.168.3.156]
06-24 16:51:36.136 0 0 W : [1 T1046 ..] [SP FRAME RX] arp req,vif_idx:0 sender:[0c:91:60:12:cd:8c 192.168.3.70]receiver:[00:00:00:00:00:00 192.168.3.75]
06-24 16:51:36.137 0 0 W : [1 T1046 ..] [SP FRAME TX] arp rsp,vif_idx:0 sender:[1c:79:2d:20:62:cb 192.168.3.75]receiver:[0c:91:60:12:cd:8c 192.168.3.70]
06-24 16:51:38.981 0 0 W : [1 T1046 ..] [SP FRAME RX] arp req,vif_idx:0 sender:[42:d1:10:74:de:ca 192.168.3.53]receiver:[00:00:00:00:00:00 192.168.3.75]
06-24 16:51:38.982 0 0 W : [1 T1046 ..] [SP FRAME TX] arp rsp,vif_idx:0 sender:[1c:79:2d:20:62:cb 192.168.3.75]receiver:[42:d1:10:74:de:ca 192.168.3.53]
06-24 16:51:39.457 0 0 W : [1 T1046 ..] [SP FRAME RX] arp req,vif_idx:0 sender:[ca:fd:12:4f:e3:96 192.168.3.13]receiver:[00:00:00:00:00:00 192.168.3.75]
06-24 16:51:39.458 0 0 W : [1 T1046 ..] [SP FRAME TX] arp rsp,vif_idx:0 sender:[1c:79:2d:20:62:cb 192.168.3.75]receiver:[ca:fd:12:4f:e3:96 192.168.3.13]
06-24 16:51:41.002 0 0 W : [2 T0 .s] [SP FRAME TX] arp req,vif_idx:0 sender:[1c:79:2d:20:62:cb 192.168.3.75]receiver:[00:00:00:00:00:00 192.168.3.254]
06-24 16:51:41.030 0 0 W : [1 T1046 ..] [SP FRAME RX] arp rsp,vif_idx:0 sender:[12:3c:2c:e1:84:9f 192.168.3.254]receiver:[1c:79:2d:20:62:cb 192.168.3.75]
06-24 16:51:41.197 0 0 W : [1 T1046 ..] [SP FRAME RX] arp req,vif_idx:0 sender:[12:3c:2c:e1:84:9f 192.168.3.254]receiver:[00:00:00:00:00:00 192.168.3.75]
06-24 16:51:41.198 0 0 W : [1 T1046 ..] [SP FRAME TX] arp rsp,vif_idx:0 sender:[1c:79:2d:20:62:cb 192.168.3.75]receiver:[12:3c:2c:e1:84:9f 192.168.3.254]
06-24 16:51:43.189 0 0 W : [1 T1046 ..] [SP FRAME RX] arp req,vif_idx:0 sender:[10:b2:32:39:59:ba 192.168.3.57]receiver:[00:00:00:00:00:00 192.168.3.75]
06-24 16:51:43.190 0 0 W : [1 T1046 ..] [SP FRAME TX] arp rsp,vif_idx:0 sender:[1c:79:2d:20:62:cb 192.168.3.75]receiver:[10:b2:32:39:59:ba 192.168.3.57]
06-24 16:51:43.221 0 0 W : [1 T1046 ..] [SP FRAME RX] arp req,vif_idx:0 sender:[e2:38:ab:ac:32:27 192.168.3.215]receiver:[00:00:00:00:00:00 192.168.3.75]
06-24 16:51:43.222 0 0 W : [1 T1046 ..] [SP FRAME TX] arp rsp,vif_idx:0 sender:[1c:79:2d:20:62:cb 192.168.3.75]receiver:[e2:38:ab:ac:32:27 192.168.3.215]
06-24 16:51:43.279 0 0 W : [1 T1046 ..] [SP FRAME RX] arp req,vif_idx:0 sender:[f6:f5:2e:bc:8c:d5 192.168.3.68]receiver:[00:00:00:00:00:00 192.168.3.75]
06-24 16:51:43.280 0 0 W : [1 T1046 ..] [SP FRAME TX] arp rsp,vif_idx:0 sender:[1c:79:2d:20:62:cb 192.168.3.75]receiver:[f6:f5:2e:bc:8c:d5 192.168.3.68]
06-24 16:51:43.306 0 0 W : [2 T0 .s] [SP FRAME TX] arp req,vif_idx:0 sender:[1c:79:2d:20:62:cb 192.168.3.75]receiver:[00:00:00:00:00:00 192.168.3.215]
06-24 16:51:43.307 0 0 W : [2 T0 .s] [SP FRAME TX] arp req,vif_idx:0 sender:[1c:79:2d:20:62:cb 192.168.3.75]receiver:[00:00:00:00:00:00 192.168.3.176]
06-24 16:51:43.309 0 0 W : [2 T0 .s] [SP FRAME TX] arp req,vif_idx:0 sender:[1c:79:2d:20:62:cb 192.168.3.75]receiver:[00:00:00:00:00:00 192.168.3.68]
06-24 16:51:43.310 0 0 W : [2 T0 .s] [SP FRAME TX] arp req,vif_idx:0 sender:[1c:79:2d:20:62:cb 192.168.3.75]receiver:[00:00:00:00:00:00 192.168.3.57]
06-24 16:51:43.312 0 0 W : [2 T0 .s] [SP FRAME TX] arp req,vif_idx:0 sender:[1c:79:2d:20:62:cb 192.168.3.75]receiver:[00:00:00:00:00:00 192.168.3.36]
06-24 16:51:43.325 0 0 W : [1 T1046 ..] [SP FRAME RX] arp rsp,vif_idx:0 sender:[b6:86:f8:35:d4:28 192.168.3.36]receiver:[1c:79:2d:20:62:cb 192.168.3.75]
06-24 16:51:43.328 0 0 W : [1 T1046 ..] [SP FRAME RX] arp req,vif_idx:0 sender:[16:8e:6e:17:dc:41 192.168.3.176]receiver:[00:00:00:00:00:00 192.168.3.75]
06-24 16:51:43.329 0 0 W : [1 T1046 ..] [SP FRAME TX] arp rsp,vif_idx:0 sender:[1c:79:2d:20:62:cb 192.168.3.75]receiver:[16:8e:6e:17:dc:41 192.168.3.176]
06-24 16:51:43.339 0 0 W : [1 T1046 ..] [SP FRAME RX] arp rsp,vif_idx:0 sender:[10:b2:32:39:59:ba 192.168.3.57]receiver:[1c:79:2d:20:62:cb 192.168.3.75]
06-24 16:51:43.373 0 0 W : [1 T1046 ..] [SP FRAME RX] arp rsp,vif_idx:0 sender:[16:8e:6e:17:dc:41 192.168.3.176]receiver:[1c:79:2d:20:62:cb 192.168.3.75]
06-24 16:51:43.399 0 0 W : [1 T1046 ..] [SP FRAME RX] arp req,vif_idx:0 sender:[e2:8e:12:0f:0b:47 192.168.3.123]receiver:[00:00:00:00:00:00 192.168.3.75]
06-24 16:51:43.400 0 0 W : [1 T1046 ..] [SP FRAME TX] arp rsp,vif_idx:0 sender:[1c:79:2d:20:62:cb 192.168.3.75]receiver:[e2:8e:12:0f:0b:47 192.168.3.123]
06-24 16:51:43.503 0 0 W : [1 T1046 ..] [SP FRAME RX] arp rsp,vif_idx:0 sender:[e2:38:ab:ac:32:27 192.168.3.215]receiver:[1c:79:2d:20:62:cb 192.168.3.75]
06-24 16:51:43.505 0 0 W : [1 T1046 ..] [SP FRAME RX] arp req,vif_idx:0 sender:[b6:86:f8:35:d4:28 192.168.3.36]receiver:[00:00:00:00:00:00 192.168.3.75]
06-24 16:51:43.506 0 0 W : [1 T1046 ..] [SP FRAME TX] arp rsp,vif_idx:0 sender:[1c:79:2d:20:62:cb 192.168.3.75]receiver:[b6:86:f8:35:d4:28 192.168.3.36]
06-24 16:51:43.572 0 0 W : [1 T1046 ..] [SP FRAME RX] arp rsp,vif_idx:0 sender:[f6:f5:2e:bc:8c:d5 192.168.3.68]receiver:[1c:79:2d:20:62:cb 192.168.3.75]
06-24 16:51:45.788 0 0 W : [1 T1046 ..] [SP FRAME RX] arp req,vif_idx:0 sender:[fa:f0:09:28:64:31 192.168.3.73]receiver:[00:00:00:00:00:00 192.168.3.75]
06-24 16:51:45.789 0 0 W : [1 T1046 ..] [SP FRAME TX] arp rsp,vif_idx:0 sender:[1c:79:2d:20:62:cb 192.168.3.75]receiver:[fa:f0:09:28:64:31 192.168.3.73]
06-24 16:51:46.782 0 0 W : [1 T1046 ..] [SP FRAME RX] arp req,vif_idx:0 sender:[d2:07:9a:6e:a7:36 192.168.3.27]receiver:[00:00:00:00:00:00 192.168.3.75]
06-24 16:51:46.783 0 0 W : [1 T1046 ..] [SP FRAME TX] arp rsp,vif_idx:0 sender:[1c:79:2d:20:62:cb 192.168.3.75]receiver:[d2:07:9a:6e:a7:36 192.168.3.27]
06-24 16:51:46.911 0 0 W : [1 T1046 ..] [SP FRAME RX] arp req,vif_idx:0 sender:[da:b8:33:f6:93:fe 192.168.3.89]receiver:[00:00:00:00:00:00 192.168.3.75]
06-24 16:51:46.912 0 0 W : [1 T1046 ..] [SP FRAME TX] arp rsp,vif_idx:0 sender:[1c:79:2d:20:62:cb 192.168.3.75]receiver:[da:b8:33:f6:93:fe 192.168.3.89]
06-24 16:51:46.981 0 0 W : [1 T1046 ..] [SP FRAME RX] arp req,vif_idx:0 sender:[0c:91:60:12:cd:6e 192.168.3.81]receiver:[00:00:00:00:00:00 192.168.3.75]
06-24 16:51:46.982 0 0 W : [1 T1046 ..] [SP FRAME TX] arp rsp,vif_idx:0 sender:[1c:79:2d:20:62:cb 192.168.3.75]receiver:[0c:91:60:12:cd:6e 192.168.3.81]
06-24 16:51:47.080 0 0 W : [1 T1046 ..] [SP FRAME RX] arp req,vif_idx:0 sender:[b6:9c:70:ec:40:e7 192.168.3.65]receiver:[00:00:00:00:00:00 192.168.3.75]
06-24 16:51:47.081 0 0 W : [1 T1046 ..] [SP FRAME TX] arp rsp,vif_idx:0 sender:[1c:79:2d:20:62:cb 192.168.3.75]receiver:[b6:9c:70:ec:40:e7 192.168.3.65]
06-24 16:51:47.178 0 0 W : [1 T1046 ..] [SP FRAME RX] arp req,vif_idx:0 sender:[9a:86:f7:27:5c:25 192.168.3.169]receiver:[00:00:00:00:00:00 192.168.3.75]
06-24 16:51:47.179 0 0 W : [1 T1046 ..] [SP FRAME TX] arp rsp,vif_idx:0 sender:[1c:79:2d:20:62:cb 192.168.3.75]receiver:[9a:86:f7:27:5c:25 192.168.3.169]
06-24 16:51:47.220 0 0 W : [1 T1046 ..] [SP FRAME RX] arp req,vif_idx:0 sender:[56:86:a9:ec:10:a8 192.168.3.19]receiver:[00:00:00:00:00:00 192.168.3.75]
06-24 16:51:47.221 0 0 W : [1 T1046 ..] [SP FRAME TX] arp rsp,vif_idx:0 sender:[1c:79:2d:20:62:cb 192.168.3.75]receiver:[56:86:a9:ec:10:a8 192.168.3.19]
06-24 16:51:47.228 0 0 W : [1 T1046 ..] [SP FRAME RX] arp req,vif_idx:0 sender:[28:7b:11:70:4f:a5 192.168.3.155]receiver:[00:00:00:00:00:00 192.168.3.75]
06-24 16:51:47.229 0 0 W : [1 T1046 ..] [SP FRAME TX] arp rsp,vif_idx:0 sender:[1c:79:2d:20:62:cb 192.168.3.75]receiver:[28:7b:11:70:4f:a5 192.168.3.155]
06-24 16:51:47.401 0 0 W : [1 T1046 ..] [SP FRAME RX] arp req,vif_idx:0 sender:[3a:fd:3d:ee:5f:54 192.168.3.129]receiver:[00:00:00:00:00:00 192.168.3.75]
06-24 16:51:47.402 0 0 W : [1 T1046 ..] [SP FRAME TX] arp rsp,vif_idx:0 sender:[1c:79:2d:20:62:cb 192.168.3.75]receiver:[3a:fd:3d:ee:5f:54 192.168.3.129]
06-24 16:51:47.732 0 0 W : [1 T1046 ..] [SP FRAME RX] arp req,vif_idx:0 sender:[28:7b:11:70:51:1f 192.168.3.44]receiver:[00:00:00:00:00:00 192.168.3.75]
06-24 16:51:47.733 0 0 W : [1 T1046 ..] [SP FRAME TX] arp rsp,vif_idx:0 sender:[1c:79:2d:20:62:cb 192.168.3.75]receiver:[28:7b:11:70:51:1f 192.168.3.44]
06-24 16:51:47.918 0 0 W : [0 T1046 ..] [SP FRAME RX] arp req,vif_idx:0 sender:[14:ea:63:a0:ef:b6 192.168.3.199]receiver:[00:00:00:00:00:00 192.168.3.75]
06-24 16:51:47.919 0 0 W : [0 T1046 ..] [SP FRAME TX] arp rsp,vif_idx:0 sender:[1c:79:2d:20:62:cb 192.168.3.75]receiver:[14:ea:63:a0:ef:b6 192.168.3.199]
06-24 16:51:48.993 0 0 W : [1 T1046 ..] [SP FRAME RX] arp req,vif_idx:0 sender:[c6:ce:03:3d:c3:bd 192.168.3.118]receiver:[00:00:00:00:00:00 192.168.3.75]
06-24 16:51:48.994 0 0 W : [1 T1046 ..] [SP FRAME TX] arp rsp,vif_idx:0 sender:[1c:79:2d:20:62:cb 192.168.3.75]receiver:[c6:ce:03:3d:c3:bd 192.168.3.118]
06-24 16:51:56.201 0 0 W : [1 T1046 ..] [SP FRAME RX] arp req,vif_idx:0 sender:[de:90:cb:50:92:8f 192.168.3.145]receiver:[00:00:00:00:00:00 192.168.3.75]
06-24 16:51:56.201 0 0 W : [1 T1046 ..] [SP FRAME TX] arp rsp,vif_idx:0 sender:[1c:79:2d:20:62:cb 192.168.3.75]receiver:[de:90:cb:50:92:8f 192.168.3.145]
06-24 16:51:56.843 0 0 W : [1 T1046 ..] [SP FRAME RX] arp req,vif_idx:0 sender:[7a:8a:0f:56:00:ca 192.168.3.248]receiver:[00:00:00:00:00:00 192.168.3.75]
06-24 16:51:56.844 0 0 W : [1 T1046 ..] [SP FRAME TX] arp rsp,vif_idx:0 sender:[1c:79:2d:20:62:cb 192.168.3.75]receiver:[7a:8a:0f:56:00:ca 192.168.3.248]
06-24 16:51:59.645 0 0 W : [3 T1046 ..] [SP FRAME RX] arp req,vif_idx:0 sender:[02:d1:be:fb:0a:d7 192.168.3.130]receiver:[00:00:00:00:00:00 192.168.3.75]
06-24 16:51:59.646 0 0 W : [3 T1046 ..] [SP FRAME TX] arp rsp,vif_idx:0 sender:[1c:79:2d:20:62:cb 192.168.3.75]receiver:[02:d1:be:fb:0a:d7 192.168.3.130]
06-24 16:51:59.993 0 0 W : [3 T1046 ..] [SP FRAME RX] arp req,vif_idx:0 sender:[e2:04:f6:d8:62:00 192.168.3.194]receiver:[00:00:00:00:00:00 192.168.3.75]
06-24 16:51:59.994 0 0 W : [3 T1046 ..] [SP FRAME TX] arp rsp,vif_idx:0 sender:[1c:79:2d:20:62:cb 192.168.3.75]receiver:[e2:04:f6:d8:62:00 192.168.3.194]
06-24 16:52:00.133 0 0 W : [3 T1046 ..] [SP FRAME RX] arp req,vif_idx:0 sender:[0c:91:60:12:cd:fc 192.168.3.171]receiver:[00:00:00:00:00:00 192.168.3.75]
06-24 16:52:00.134 0 0 W : [3 T1046 ..] [SP FRAME TX] arp rsp,vif_idx:0 sender:[1c:79:2d:20:62:cb 192.168.3.75]receiver:[0c:91:60:12:cd:fc 192.168.3.171]
06-24 16:52:01.226 0 0 W : [3 T0 .s] [SP FRAME TX] arp req,vif_idx:0 sender:[1c:79:2d:20:62:cb 192.168.3.75]receiver:[00:00:00:00:00:00 192.168.3.123]
06-24 16:52:01.259 0 0 W : [3 T1046 ..] [SP FRAME RX] arp rsp,vif_idx:0 sender:[e2:8e:12:0f:0b:47 192.168.3.123]receiver:[1c:79:2d:20:62:cb 192.168.3.75]
06-24 16:52:07.370 0 0 W : [1 T0 .s] [SP FRAME TX] arp req,vif_idx:0 sender:[1c:79:2d:20:62:cb 192.168.3.75]receiver:[00:00:00:00:00:00 192.168.3.45]
06-24 16:52:07.571 0 0 W : [1 T1046 ..] [SP FRAME RX] arp req,vif_idx:0 sender:[82:d8:26:78:cd:e3 192.168.3.45]receiver:[00:00:00:00:00:00 192.168.3.75]
06-24 16:52:07.572 0 0 W : [1 T1046 ..] [SP FRAME TX] arp rsp,vif_idx:0 sender:[1c:79:2d:20:62:cb 192.168.3.75]receiver:[82:d8:26:78:cd:e3 192.168.3.45]
06-24 16:52:07.711 0 0 W : [1 T1046 ..] [SP FRAME RX] arp rsp,vif_idx:0 sender:[82:d8:26:78:cd:e3 192.168.3.45]receiver:[1c:79:2d:20:62:cb 192.168.3.75]
06-24 16:52:07.940 0 0 W : [1 T1046 ..] [SP FRAME RX] arp req,vif_idx:0 sender:[28:7b:11:70:4f:bd 192.168.3.156]receiver:[00:00:00:00:00:00 192.168.3.75]
06-24 16:52:07.941 0 0 W : [1 T1046 ..] [SP FRAME TX] arp rsp,vif_idx:0 sender:[1c:79:2d:20:62:cb 192.168.3.75]receiver:[28:7b:11:70:4f:bd 192.168.3.156]
06-24 16:52:08.365 0 0 W : [1 T1046 ..] [SP FRAME RX] arp req,vif_idx:0 sender:[0c:91:60:12:cd:8c 192.168.3.70]receiver:[00:00:00:00:00:00 192.168.3.75]
06-24 16:52:08.366 0 0 W : [1 T1046 ..] [SP FRAME TX] arp rsp,vif_idx:0 sender:[1c:79:2d:20:62:cb 192.168.3.75]receiver:[0c:91:60:12:cd:8c 192.168.3.70]
06-24 16:52:10.442 0 0 W : [0 T21344 ..] [aml_send_sync_trace 4388] sync token[64063]
06-24 16:52:10.442 0 0 W : [0 T21344 ..] >>> aml_send_msg()
06-24 16:52:10.442 0 0 W : [1 T0 .s] [SP FRAME TX] arp req,vif_idx:0 sender:[1c:79:2d:20:62:cb 192.168.3.75]receiver:[00:00:00:00:00:00 192.168.3.32]
06-24 16:52:10.445 0 0 W : [1 T1041 ..] ipc_sdio_host_msgack_handler 000000005c137820
06-24 16:52:10.445 0 0 W : [1 T1041 ..] [aml_msgackind 2039] msg ack hostid=0xffffff8065333380
06-24 16:52:10.446 0 0 W : [1 T1041 ..] [cmd_mgr_llind 329] cmd tkn[496] flags:0008 result: -4 cmd: 105-MM_SYNC_TRACE - reqcfm( 0-none)
06-24 16:52:10.448 0 0 W : [1 T1041 ..] [cmd_complete 65] cmd tkn[496] flags:0000 result: -4 cmd: 105-MM_SYNC_TRACE - reqcfm( 0-none)
06-24 16:52:10.601 0 0 W : [3 T1046 ..] [SP FRAME RX] arp req,vif_idx:0 sender:[ee:08:6c:a8:67:93 192.168.3.32]receiver:[00:00:00:00:00:00 192.168.3.75]
06-24 16:52:10.602 0 0 W : [3 T1046 ..] [SP FRAME TX] arp rsp,vif_idx:0 sender:[1c:79:2d:20:62:cb 192.168.3.75]receiver:[ee:08:6c:a8:67:93 192.168.3.32]
06-24 16:52:10.616 0 0 W : [3 T1046 ..] [SP FRAME RX] arp rsp,vif_idx:0 sender:[ee:08:6c:a8:67:93 192.168.3.32]receiver:[1c:79:2d:20:62:cb 192.168.3.75]
06-24 16:52:10.951 0 0 W : [3 T1046 ..] [SP FRAME RX] arp req,vif_idx:0 sender:[42:d1:10:74:de:ca 192.168.3.53]receiver:[00:00:00:00:00:00 192.168.3.75]
06-24 16:52:10.952 0 0 W : [3 T1046 ..] [SP FRAME TX] arp rsp,vif_idx:0 sender:[1c:79:2d:20:62:cb 192.168.3.75]receiver:[42:d1:10:74:de:ca 192.168.3.53]
06-24 16:52:11.471 0 0 W : [3 T1046 ..] [SP FRAME RX] arp req,vif_idx:0 sender:[ca:fd:12:4f:e3:96 192.168.3.13]receiver:[00:00:00:00:00:00 192.168.3.75]
06-24 16:52:11.472 0 0 W : [3 T1046 ..] [SP FRAME TX] arp rsp,vif_idx:0 sender:[1c:79:2d:20:62:cb 192.168.3.75]receiver:[ca:fd:12:4f:e3:96 192.168.3.13]
06-24 16:52:13.006 0 0 W : [0 T0 .s] [SP FRAME TX] arp req,vif_idx:0 sender:[1c:79:2d:20:62:cb 192.168.3.75]receiver:[00:00:00:00:00:00 192.168.3.254]
06-24 16:52:13.012 0 0 W : [1 T1046 ..] [SP FRAME RX] arp rsp,vif_idx:0 sender:[12:3c:2c:e1:84:9f 192.168.3.254]receiver:[1c:79:2d:20:62:cb 192.168.3.75]
06-24 16:52:13.185 0 0 W : [1 T1046 ..] [SP FRAME RX] arp req,vif_idx:0 sender:[12:3c:2c:e1:84:9f 192.168.3.254]receiver:[00:00:00:00:00:00 192.168.3.75]
06-24 16:52:13.186 0 0 W : [1 T1046 ..] [SP FRAME TX] arp rsp,vif_idx:0 sender:[1c:79:2d:20:62:cb 192.168.3.75]receiver:[12:3c:2c:e1:84:9f 192.168.3.254]
06-24 16:52:15.106 0 0 W : [3 T1046 ..] [SP FRAME RX] arp req,vif_idx:0 sender:[e2:8e:12:0f:0b:47 192.168.3.123]receiver:[00:00:00:00:00:00 192.168.3.75]
06-24 16:52:15.107 0 0 W : [3 T1046 ..] [SP FRAME TX] arp rsp,vif_idx:0 sender:[1c:79:2d:20:62:cb 192.168.3.75]receiver:[e2:8e:12:0f:0b:47 192.168.3.123]
06-24 16:52:15.156 0 0 W : [3 T1046 ..] [SP FRAME RX] arp req,vif_idx:0 sender:[10:b2:32:39:59:ba 192.168.3.57]receiver:[00:00:00:00:00:00 192.168.3.75]
06-24 16:52:15.157 0 0 W : [3 T1046 ..] [SP FRAME TX] arp rsp,vif_idx:0 sender:[1c:79:2d:20:62:cb 192.168.3.75]receiver:[10:b2:32:39:59:ba 192.168.3.57]
06-24 16:52:15.249 0 0 W : [3 T1046 ..] [SP FRAME RX] arp req,vif_idx:0 sender:[b6:86:f8:35:d4:28 192.168.3.36]receiver:[00:00:00:00:00:00 192.168.3.75]
06-24 16:52:15.250 0 0 W : [3 T1046 ..] [SP FRAME TX] arp rsp,vif_idx:0 sender:[1c:79:2d:20:62:cb 192.168.3.75]receiver:[b6:86:f8:35:d4:28 192.168.3.36]
06-24 16:52:15.251 0 0 W : [3 T1046 ..] [SP FRAME RX] arp req,vif_idx:0 sender:[e2:38:ab:ac:32:27 192.168.3.215]receiver:[00:00:00:00:00:00 192.168.3.75]
06-24 16:52:15.253 0 0 W : [3 T1046 ..] [SP FRAME TX] arp rsp,vif_idx:0 sender:[1c:79:2d:20:62:cb 192.168.3.75]receiver:[e2:38:ab:ac:32:27 192.168.3.215]
06-24 16:52:15.306 0 0 W : [2 T0 .s] [SP FRAME TX] arp req,vif_idx:0 sender:[1c:79:2d:20:62:cb 192.168.3.75]receiver:[00:00:00:00:00:00 192.168.3.243]
06-24 16:52:15.307 0 0 W : [2 T0 .s] [SP FRAME TX] arp req,vif_idx:0 sender:[1c:79:2d:20:62:cb 192.168.3.75]receiver:[00:00:00:00:00:00 192.168.3.215]
06-24 16:52:15.309 0 0 W : [2 T0 .s] [SP FRAME TX] arp req,vif_idx:0 sender:[1c:79:2d:20:62:cb 192.168.3.75]receiver:[00:00:00:00:00:00 192.168.3.176]
06-24 16:52:15.310 0 0 W : [2 T0 .s] [SP FRAME TX] arp req,vif_idx:0 sender:[1c:79:2d:20:62:cb 192.168.3.75]receiver:[00:00:00:00:00:00 192.168.3.68]
06-24 16:52:15.312 0 0 W : [2 T0 .s] [SP FRAME TX] arp req,vif_idx:0 sender:[1c:79:2d:20:62:cb 192.168.3.75]receiver:[00:00:00:00:00:00 192.168.3.57]
06-24 16:52:15.313 0 0 W : [2 T0 .s] [SP FRAME TX] arp req,vif_idx:0 sender:[1c:79:2d:20:62:cb 192.168.3.75]receiver:[00:00:00:00:00:00 192.168.3.36]
06-24 16:52:15.329 0 0 W : [3 T1046 ..] [SP FRAME RX] arp rsp,vif_idx:0 sender:[16:8e:6e:17:dc:41 192.168.3.176]receiver:[1c:79:2d:20:62:cb 192.168.3.75]
06-24 16:52:15.330 0 0 W : [3 T1046 ..] [SP FRAME RX] arp req,vif_idx:0 sender:[16:8e:6e:17:dc:41 192.168.3.176]receiver:[00:00:00:00:00:00 192.168.3.75]
06-24 16:52:15.332 0 0 W : [3 T1046 ..] [SP FRAME TX] arp rsp,vif_idx:0 sender:[1c:79:2d:20:62:cb 192.168.3.75]receiver:[16:8e:6e:17:dc:41 192.168.3.176]
06-24 16:52:15.333 0 0 W : [3 T1046 ..] [SP FRAME RX] arp rsp,vif_idx:0 sender:[e2:38:ab:ac:32:27 192.168.3.215]receiver:[1c:79:2d:20:62:cb 192.168.3.75]
06-24 16:52:15.353 0 0 W : [3 T1046 ..] [SP FRAME RX] arp rsp,vif_idx:0 sender:[b6:86:f8:35:d4:28 192.168.3.36]receiver:[1c:79:2d:20:62:cb 192.168.3.75]
06-24 16:52:15.382 0 0 W : [3 T1046 ..] [SP FRAME RX] arp rsp,vif_idx:0 sender:[10:b2:32:39:59:ba 192.168.3.57]receiver:[1c:79:2d:20:62:cb 192.168.3.75]
06-24 16:52:16.330 0 0 W : [2 T0 .s] [SP FRAME TX] arp req,vif_idx:0 sender:[1c:79:2d:20:62:cb 192.168.3.75]receiver:[00:00:00:00:00:00 192.168.3.68]
06-24 16:52:16.331 0 0 W : [2 T0 .s] [SP FRAME TX] arp req,vif_idx:0 sender:[1c:79:2d:20:62:cb 192.168.3.75]receiver:[00:00:00:00:00:00 192.168.3.243]
06-24 16:52:17.354 0 0 W : [2 T1041 .s] [SP FRAME TX] arp req,vif_idx:0 sender:[1c:79:2d:20:62:cb 192.168.3.75]receiver:[00:00:00:00:00:00 192.168.3.243]
06-24 16:52:17.355 0 0 W : [2 T1041 .s] [SP FRAME TX] arp req,vif_idx:0 sender:[1c:79:2d:20:62:cb 192.168.3.75]receiver:[00:00:00:00:00:00 192.168.3.68]
06-24 16:52:17.740 0 0 W : [1 T1046 ..] [SP FRAME RX] arp req,vif_idx:0 sender:[fa:f0:09:28:64:31 192.168.3.73]receiver:[00:00:00:00:00:00 192.168.3.75]
06-24 16:52:17.741 0 0 W : [1 T1046 ..] [SP FRAME TX] arp rsp,vif_idx:0 sender:[1c:79:2d:20:62:cb 192.168.3.75]receiver:[fa:f0:09:28:64:31 192.168.3.73]
06-24 16:52:18.378 0 0 W : [2 T0 .s] [SP FRAME TX] arp req,vif_idx:0 sender:[1c:79:2d:20:62:cb 192.168.3.75]receiver:[00:00:00:00:00:00 192.168.3.68]
06-24 16:52:18.379 0 0 W : [2 T0 .s] [SP FRAME TX] arp req,vif_idx:0 sender:[1c:79:2d:20:62:cb 192.168.3.75]receiver:[00:00:00:00:00:00 192.168.3.243]
06-24 16:52:19.402 0 0 W : [2 T0 .s] [SP FRAME TX] arp req,vif_idx:0 sender:[1c:79:2d:20:62:cb 192.168.3.75]receiver:[00:00:00:00:00:00 192.168.3.243]
06-24 16:52:19.403 0 0 W : [2 T0 .s] [SP FRAME TX] arp req,vif_idx:0 sender:[1c:79:2d:20:62:cb 192.168.3.75]receiver:[00:00:00:00:00:00 192.168.3.68]
06-24 16:52:19.443 0 0 W : [1 T1046 ..] [SP FRAME RX] arp req,vif_idx:0 sender:[9a:86:f7:27:5c:25 192.168.3.169]receiver:[00:00:00:00:00:00 192.168.3.75]
06-24 16:52:19.444 0 0 W : [1 T1046 ..] [SP FRAME TX] arp rsp,vif_idx:0 sender:[1c:79:2d:20:62:cb 192.168.3.75]receiver:[9a:86:f7:27:5c:25 192.168.3.169]
06-24 16:52:20.426 0 0 W : [2 T0 .s] [SP FRAME TX] arp req,vif_idx:0 sender:[1c:79:2d:20:62:cb 192.168.3.75]receiver:[00:00:00:00:00:00 192.168.3.68]
06-24 16:52:20.427 0 0 W : [2 T0 .s] [SP FRAME TX] arp req,vif_idx:0 sender:[1c:79:2d:20:62:cb 192.168.3.75]receiver:[00:00:00:00:00:00 192.168.3.243]
06-24 16:52:20.501 0 0 W : [1 T1046 ..] [SP FRAME RX] arp req,vif_idx:0 sender:[0c:91:60:12:cd:6e 192.168.3.81]receiver:[00:00:00:00:00:00 192.168.3.75]
06-24 16:52:20.502 0 0 W : [1 T1046 ..] [SP FRAME TX] arp rsp,vif_idx:0 sender:[1c:79:2d:20:62:cb 192.168.3.75]receiver:[0c:91:60:12:cd:6e 192.168.3.81]
06-24 16:52:20.765 0 0 W : [1 T1046 ..] [SP FRAME RX] arp req,vif_idx:0 sender:[28:7b:11:70:51:1f 192.168.3.44]receiver:[00:00:00:00:00:00 192.168.3.75]
06-24 16:52:20.766 0 0 W : [1 T1046 ..] [SP FRAME TX] arp rsp,vif_idx:0 sender:[1c:79:2d:20:62:cb 192.168.3.75]receiver:[28:7b:11:70:51:1f 192.168.3.44]
06-24 16:52:20.838 0 0 W : [1 T1046 ..] [SP FRAME RX] arp req,vif_idx:0 sender:[d2:07:9a:6e:a7:36 192.168.3.27]receiver:[00:00:00:00:00:00 192.168.3.75]
06-24 16:52:20.839 0 0 W : [1 T1046 ..] [SP FRAME TX] arp rsp,vif_idx:0 sender:[1c:79:2d:20:62:cb 192.168.3.75]receiver:[d2:07:9a:6e:a7:36 192.168.3.27]
06-24 16:52:20.998 0 0 W : [1 T1046 ..] [SP FRAME RX] arp req,vif_idx:0 sender:[c6:ce:03:3d:c3:bd 192.168.3.118]receiver:[00:00:00:00:00:00 192.168.3.75]
06-24 16:52:20.999 0 0 W : [1 T1046 ..] [SP FRAME TX] arp rsp,vif_idx:0 sender:[1c:79:2d:20:62:cb 192.168.3.75]receiver:[c6:ce:03:3d:c3:bd 192.168.3.118]
06-24 16:52:21.450 0 0 W : [2 T0 .s] [SP FRAME TX] arp req,vif_idx:0 sender:[1c:79:2d:20:62:cb 192.168.3.75]receiver:[00:00:00:00:00:00 192.168.3.243]
06-24 16:52:21.451 0 0 W : [2 T0 .s] [SP FRAME TX] arp req,vif_idx:0 sender:[1c:79:2d:20:62:cb 192.168.3.75]receiver:[00:00:00:00:00:00 192.168.3.68]
06-24 16:52:22.141 0 0 W : [1 T1046 ..] [SP FRAME RX] arp req,vif_idx:0 sender:[3a:fd:3d:ee:5f:54 192.168.3.129]receiver:[00:00:00:00:00:00 192.168.3.75]
06-24 16:52:22.142 0 0 W : [1 T1046 ..] [SP FRAME TX] arp rsp,vif_idx:0 sender:[1c:79:2d:20:62:cb 192.168.3.75]receiver:[3a:fd:3d:ee:5f:54 192.168.3.129]
06-24 16:52:22.474 0 0 W : [2 T0 .s] [SP FRAME TX] arp req,vif_idx:0 sender:[1c:79:2d:20:62:cb 192.168.3.75]receiver:[00:00:00:00:00:00 192.168.3.68]
06-24 16:52:22.475 0 0 W : [2 T0 .s] [SP FRAME TX] arp req,vif_idx:0 sender:[1c:79:2d:20:62:cb 192.168.3.75]receiver:[00:00:00:00:00:00 192.168.3.243]
06-24 16:52:23.498 0 0 W : [2 T0 .s] [SP FRAME TX] arp req,vif_idx:0 sender:[1c:79:2d:20:62:cb 192.168.3.75]receiver:[00:00:00:00:00:00 192.168.3.243]
06-24 16:52:23.499 0 0 W : [2 T0 .s] [SP FRAME TX] arp req,vif_idx:0 sender:[1c:79:2d:20:62:cb 192.168.3.75]receiver:[00:00:00:00:00:00 192.168.3.68]
06-24 16:52:24.522 0 0 W : [2 T0 .s] [SP FRAME TX] arp req,vif_idx:0 sender:[1c:79:2d:20:62:cb 192.168.3.75]receiver:[00:00:00:00:00:00 192.168.3.68]
06-24 16:52:24.523 0 0 W : [2 T0 .s] [SP FRAME TX] arp req,vif_idx:0 sender:[1c:79:2d:20:62:cb 192.168.3.75]receiver:[00:00:00:00:00:00 192.168.3.243]
06-24 16:52:25.546 0 0 W : [2 T0 .s] [SP FRAME TX] arp req,vif_idx:0 sender:[1c:79:2d:20:62:cb 192.168.3.75]receiver:[00:00:00:00:00:00 192.168.3.243]
06-24 16:52:25.547 0 0 W : [2 T0 .s] [SP FRAME TX] arp req,vif_idx:0 sender:[1c:79:2d:20:62:cb 192.168.3.75]receiver:[00:00:00:00:00:00 192.168.3.68]
06-24 16:52:26.239 0 0 W : [1 T1046 ..] [SP FRAME RX] arp req,vif_idx:0 sender:[b6:9c:70:ec:40:e7 192.168.3.65]receiver:[00:00:00:00:00:00 192.168.3.75]
06-24 16:52:26.240 0 0 W : [1 T1046 ..] [SP FRAME TX] arp rsp,vif_idx:0 sender:[1c:79:2d:20:62:cb 192.168.3.75]receiver:[b6:9c:70:ec:40:e7 192.168.3.65]
06-24 16:52:26.357 0 0 W : [1 T1046 ..] [SP FRAME RX] arp req,vif_idx:0 sender:[da:b8:33:f6:93:fe 192.168.3.89]receiver:[00:00:00:00:00:00 192.168.3.75]
06-24 16:52:26.358 0 0 W : [1 T1046 ..] [SP FRAME TX] arp rsp,vif_idx:0 sender:[1c:79:2d:20:62:cb 192.168.3.75]receiver:[da:b8:33:f6:93:fe 192.168.3.89]
06-24 16:52:26.570 0 0 W : [2 T0 .s] [SP FRAME TX] arp req,vif_idx:0 sender:[1c:79:2d:20:62:cb 192.168.3.75]receiver:[00:00:00:00:00:00 192.168.3.68]
06-24 16:52:26.571 0 0 W : [2 T0 .s] [SP FRAME TX] arp req,vif_idx:0 sender:[1c:79:2d:20:62:cb 192.168.3.75]receiver:[00:00:00:00:00:00 192.168.3.243]
06-24 16:52:26.910 0 0 W : [1 T1046 ..] [SP FRAME RX] arp req,vif_idx:0 sender:[28:7b:11:70:4f:a5 192.168.3.155]receiver:[00:00:00:00:00:00 192.168.3.75]
06-24 16:52:26.911 0 0 W : [1 T1046 ..] [SP FRAME TX] arp rsp,vif_idx:0 sender:[1c:79:2d:20:62:cb 192.168.3.75]receiver:[28:7b:11:70:4f:a5 192.168.3.155]
06-24 16:52:27.594 0 0 W : [2 T0 .s] [SP FRAME TX] arp req,vif_idx:0 sender:[1c:79:2d:20:62:cb 192.168.3.75]receiver:[00:00:00:00:00:00 192.168.3.243]
06-24 16:52:27.595 0 0 W : [2 T0 .s] [SP FRAME TX] arp req,vif_idx:0 sender:[1c:79:2d:20:62:cb 192.168.3.75]receiver:[00:00:00:00:00:00 192.168.3.68]
06-24 16:52:28.209 0 0 W : [1 T1046 ..] [SP FRAME RX] arp req,vif_idx:0 sender:[de:90:cb:50:92:8f 192.168.3.145]receiver:[00:00:00:00:00:00 192.168.3.75]
06-24 16:52:28.210 0 0 W : [1 T1046 ..] [SP FRAME TX] arp rsp,vif_idx:0 sender:[1c:79:2d:20:62:cb 192.168.3.75]receiver:[de:90:cb:50:92:8f 192.168.3.145]
06-24 16:52:28.618 0 0 W : [2 T0 .s] [SP FRAME TX] arp req,vif_idx:0 sender:[1c:79:2d:20:62:cb 192.168.3.75]receiver:[00:00:00:00:00:00 192.168.3.68]
06-24 16:52:28.619 0 0 W : [2 T0 .s] [SP FRAME TX] arp req,vif_idx:0 sender:[1c:79:2d:20:62:cb 192.168.3.75]receiver:[00:00:00:00:00:00 192.168.3.243]
06-24 16:52:28.828 0 0 W : [1 T1046 ..] [SP FRAME RX] arp req,vif_idx:0 sender:[7a:8a:0f:56:00:ca 192.168.3.248]receiver:[00:00:00:00:00:00 192.168.3.75]
06-24 16:52:28.829 0 0 W : [1 T1046 ..] [SP FRAME TX] arp rsp,vif_idx:0 sender:[1c:79:2d:20:62:cb 192.168.3.75]receiver:[7a:8a:0f:56:00:ca 192.168.3.248]
06-24 16:52:29.045 1407 1731 W ContextImpl: Calling a method in the system process without a qualified user: android.app.ContextImpl.sendBroadcast:1220 android.content.ContextWrapper.sendBroadcast:504 com.dangbei.etna.setting.core.SettingHelper.sendCycleToProjector:257 com.dangbei.etna.setting.core.SettingHelper.sendCycleCheckBroadcast:226 com.dangbei.etna.setting.core.SettingHelper.startLoop$lambda-0:185
06-24 16:52:29.046 1407 1731 W ContextImpl: Calling a method in the system process without a qualified user: android.app.ContextImpl.sendBroadcast:1220 android.content.ContextWrapper.sendBroadcast:504 com.dangbei.etna.setting.core.SettingHelper.sendCycleToVoice:242 com.dangbei.etna.setting.core.SettingHelper.sendCycleCheckBroadcast:227 com.dangbei.etna.setting.core.SettingHelper.startLoop$lambda-0:185
06-24 16:52:29.642 0 0 W : [2 T0 .s] [SP FRAME TX] arp req,vif_idx:0 sender:[1c:79:2d:20:62:cb 192.168.3.75]receiver:[00:00:00:00:00:00 192.168.3.243]
06-24 16:52:29.643 0 0 W : [2 T0 .s] [SP FRAME TX] arp req,vif_idx:0 sender:[1c:79:2d:20:62:cb 192.168.3.75]receiver:[00:00:00:00:00:00 192.168.3.68]
06-24 16:52:30.666 0 0 W : [2 T0 .s] [SP FRAME TX] arp req,vif_idx:0 sender:[1c:79:2d:20:62:cb 192.168.3.75]receiver:[00:00:00:00:00:00 192.168.3.68]
06-24 16:52:30.667 0 0 W : [2 T0 .s] [SP FRAME TX] arp req,vif_idx:0 sender:[1c:79:2d:20:62:cb 192.168.3.75]receiver:[00:00:00:00:00:00 192.168.3.243]
06-24 16:52:30.669 0 0 W : [1 T1046 ..] [SP FRAME RX] arp rsp,vif_idx:0 sender:[f6:f5:2e:bc:8c:d5 192.168.3.68]receiver:[1c:79:2d:20:62:cb 192.168.3.75]
06-24 16:52:30.670 0 0 W : [1 T1046 ..] [SP FRAME RX] arp rsp,vif_idx:0 sender:[ea:f3:28:46:91:6b 192.168.3.243]receiver:[1c:79:2d:20:62:cb 192.168.3.75]
06-24 16:52:31.753 0 0 W : [1 T1046 ..] [SP FRAME RX] arp req,vif_idx:0 sender:[02:d1:be:fb:0a:d7 192.168.3.130]receiver:[00:00:00:00:00:00 192.168.3.75]
06-24 16:52:31.754 0 0 W : [1 T1046 ..] [SP FRAME TX] arp rsp,vif_idx:0 sender:[1c:79:2d:20:62:cb 192.168.3.75]receiver:[02:d1:be:fb:0a:d7 192.168.3.130]
06-24 16:52:31.997 0 0 W : [1 T1046 ..] [SP FRAME RX] arp req,vif_idx:0 sender:[e2:04:f6:d8:62:00 192.168.3.194]receiver:[00:00:00:00:00:00 192.168.3.75]
06-24 16:52:31.998 0 0 W : [1 T1046 ..] [SP FRAME TX] arp rsp,vif_idx:0 sender:[1c:79:2d:20:62:cb 192.168.3.75]receiver:[e2:04:f6:d8:62:00 192.168.3.194]
06-24 16:52:32.151 0 0 W : [1 T1046 ..] [SP FRAME RX] arp req,vif_idx:0 sender:[0c:91:60:12:cd:fc 192.168.3.171]receiver:[00:00:00:00:00:00 192.168.3.75]
06-24 16:52:32.152 0 0 W : [1 T1046 ..] [SP FRAME TX] arp rsp,vif_idx:0 sender:[1c:79:2d:20:62:cb 192.168.3.75]receiver:[0c:91:60:12:cd:fc 192.168.3.171]
06-24 16:52:33.482 0 0 W : [1 T0 .s] [SP FRAME TX] arp req,vif_idx:0 sender:[1c:79:2d:20:62:cb 192.168.3.75]receiver:[00:00:00:00:00:00 192.168.3.123]
06-24 16:52:33.522 0 0 W : [1 T1046 ..] [SP FRAME RX] arp rsp,vif_idx:0 sender:[e2:8e:12:0f:0b:47 192.168.3.123]receiver:[1c:79:2d:20:62:cb 192.168.3.75]
06-24 16:52:39.944 0 0 W : [1 T1046 ..] [SP FRAME RX] arp req,vif_idx:0 sender:[28:7b:11:70:4f:bd 192.168.3.156]receiver:[00:00:00:00:00:00 192.168.3.75]
06-24 16:52:39.945 0 0 W : [1 T1046 ..] [SP FRAME TX] arp rsp,vif_idx:0 sender:[1c:79:2d:20:62:cb 192.168.3.75]receiver:[28:7b:11:70:4f:bd 192.168.3.156]
06-24 16:52:40.355 0 0 W : [1 T1046 ..] [SP FRAME RX] arp req,vif_idx:0 sender:[0c:91:60:12:cd:8c 192.168.3.70]receiver:[00:00:00:00:00:00 192.168.3.75]
06-24 16:52:40.356 0 0 W : [1 T1046 ..] [SP FRAME TX] arp rsp,vif_idx:0 sender:[1c:79:2d:20:62:cb 192.168.3.75]receiver:[0c:91:60:12:cd:8c 192.168.3.70]
06-24 16:52:40.376 0 0 W [3 T27672 ..] audit: audit_lost=23016 audit_rate_limit=5 audit_backlog_limit=64
06-24 16:52:40.377 0 0 E [3 T27672 ..] audit: rate limit exceeded
06-24 16:52:40.779 0 0 I : [0 T28804 ..] usb 3-1: USB disconnect, device number 3
06-24 16:52:40.801 685 800 I StorageSessionController: Notifying volume state changed for session with id: public:8,1
06-24 16:52:40.812 685 718 D ActivityManager: sync unfroze 2225 com.android.externalstorage for 3
06-24 16:52:40.815 685 800 D StorageManagerService: Volume public:8,1 broadcasting ejecting to UserHandle{0}
06-24 16:52:40.819 685 718 D ActivityManager: sync unfroze 6802 com.android.webview:sandboxed_process0:org.chromium.content.app.SandboxedProcessService0:0 for 3
06-24 16:52:40.820 685 718 D ActivityManager: sync unfroze 2260 net.myvst.v2 for 3
06-24 16:52:40.824 685 763 D CompatibilityChangeReporter: Compat change id reported: 265195908; UID 10085; state: ENABLED
06-24 16:52:40.831 6802 6802 W Looper : Slow delivery took 158133ms main h=android.os.Handler c=WV.oU@ceb7f68 m=0
06-24 16:52:40.833 6802 6802 W Looper : Drained
06-24 16:52:40.847 685 900 D UsbHostManager: Removed device at /dev/bus/usb/003/003: SanDisk 3.2Gen1
06-24 16:52:40.847 685 900 I UsbAlsaManager: USB Audio Device Removed: null
06-24 16:52:40.849 685 718 D ActivityManager: sync unfroze 24208 com.dangbei.health.fitness for 3
06-24 16:52:40.854 685 718 D ActivityManager: sync unfroze 2305 android.process.media for 3
06-24 16:52:40.858 2305 2305 W Looper : Slow delivery took 188959ms main h=android.database.sqlite.SQLiteConnectionPool$IdleConnectionHandler c=null m=2
06-24 16:52:40.863 2305 2305 W Looper : Drained
06-24 16:52:41.468 0 0 W [2 T10663 ..] audit: audit_lost=23023 audit_rate_limit=5 audit_backlog_limit=64
06-24 16:52:41.468 0 0 E [2 T10663 ..] audit: rate limit exceeded
06-24 16:52:41.868 231 245 I vold : Unmounting fuse path /mnt/user/0/DD42-0C16
06-24 16:52:41.870 231 245 I vold : Unmounting pass_through_path /mnt/pass_through/0/DD42-0C16
06-24 16:52:41.899 685 13323 I StorageSessionController: On volume remove VolumeInfo{public:8,1}:
06-24 16:52:41.899 685 13323 I StorageSessionController: type=PUBLIC diskId=disk:8,0 partGuid= mountFlags=VISIBLE_FOR_WRITE
06-24 16:52:41.899 685 13323 I StorageSessionController: mountUserId=0 state=BAD_REMOVAL
06-24 16:52:41.899 685 13323 I StorageSessionController: fsType=vfat fsUuid=DD42-0C16 fsLabel=PSF2
06-24 16:52:41.899 685 13323 I StorageSessionController: path=/storage/DD42-0C16 internalPath=/mnt/media_rw/DD42-0C16
06-24 16:52:41.899 685 800 I StorageSessionController: Notifying volume state changed for session with id: public:8,1
06-24 16:52:41.904 685 13323 I StorageSessionController: Removed session for vol with id: public:8,1
06-24 16:52:41.908 685 800 I StorageSessionController: Notifying volume state changed for session with id: public:8,1
06-24 16:52:41.908 685 800 I StorageUserConnection: No session found for sessionId: public:8,1
06-24 16:52:41.911 685 800 D StorageManagerService: Volume public:8,1 broadcasting unmounted to UserHandle{0}
06-24 16:52:41.919 685 800 D StorageManagerService: Volume public:8,1 broadcasting bad_removal to UserHandle{0}
06-24 16:52:42.186 0 0 W : [1 T0 .s] [SP FRAME TX] arp req,vif_idx:0 sender:[1c:79:2d:20:62:cb 192.168.3.75]receiver:[00:00:00:00:00:00 192.168.3.132]
06-24 16:52:42.193 0 0 W : [1 T1046 ..] [SP FRAME RX] arp rsp,vif_idx:0 sender:[2e:aa:cb:73:c9:7d 192.168.3.132]receiver:[1c:79:2d:20:62:cb 192.168.3.75]
06-24 16:52:42.938 0 0 W [1 T24735 ..] audit: audit_lost=23038 audit_rate_limit=5 audit_backlog_limit=64
06-24 16:52:42.939 0 0 E [1 T24735 ..] audit: rate limit exceeded
06-24 16:52:42.943 0 0 W : [1 T1046 ..] [SP FRAME RX] arp req,vif_idx:0 sender:[42:d1:10:74:de:ca 192.168.3.53]receiver:[00:00:00:00:00:00 192.168.3.75]
06-24 16:52:42.944 0 0 W : [1 T1046 ..] [SP FRAME TX] arp rsp,vif_idx:0 sender:[1c:79:2d:20:62:cb 192.168.3.75]receiver:[42:d1:10:74:de:ca 192.168.3.53]
06-24 16:52:43.475 0 0 W : [1 T1046 ..] [SP FRAME RX] arp req,vif_idx:0 sender:[ca:fd:12:4f:e3:96 192.168.3.13]receiver:[00:00:00:00:00:00 192.168.3.75]
06-24 16:52:43.476 0 0 W : [1 T1046 ..] [SP FRAME TX] arp rsp,vif_idx:0 sender:[1c:79:2d:20:62:cb 192.168.3.75]receiver:[ca:fd:12:4f:e3:96 192.168.3.13]
06-24 16:52:45.002 0 0 W : [0 T0 .s] [SP FRAME TX] arp req,vif_idx:0 sender:[1c:79:2d:20:62:cb 192.168.3.75]receiver:[00:00:00:00:00:00 192.168.3.254]
06-24 16:52:45.048 0 0 W : [2 T1046 ..] [SP FRAME RX] arp rsp,vif_idx:0 sender:[12:3c:2c:e1:84:9f 192.168.3.254]receiver:[1c:79:2d:20:62:cb 192.168.3.75]
06-24 16:52:45.182 0 0 W : [2 T1046 ..] [SP FRAME RX] arp req,vif_idx:0 sender:[12:3c:2c:e1:84:9f 192.168.3.254]receiver:[00:00:00:00:00:00 192.168.3.75]
06-24 16:52:45.183 0 0 W : [2 T1046 ..] [SP FRAME TX] arp rsp,vif_idx:0 sender:[1c:79:2d:20:62:cb 192.168.3.75]receiver:[12:3c:2c:e1:84:9f 192.168.3.254]
06-24 16:52:47.194 685 1135 E Transition: Trying to add a ready-group twice: Display{#0 state=ON size=1920x1080 ROTATION_0}
06-24 16:52:47.195 685 1135 I ActivityTaskManager: START u0 {cmp=com.dangbei.leard.leradlauncher/com.dangbei.launcher.secondary.app.AppSecondaryActivity (has extras)} with LAUNCH_MULTIPLE from uid 1000 (BAL_ALLOW_ALLOWLISTED_UID) result code=0
06-24 16:52:47.196 901 979 V WindowManagerShell: Transition requested: android.os.BinderProxy@9846287 TransitionRequestInfo { type = 1, triggerTask = TaskInfo{userId=0 taskId=32 displayId=0 isRunning=true baseIntent=Intent { act=android.intent.action.MAIN cat=[android.intent.category.HOME] flg=0x10800100 cmp=com.dangbei.leard.leradlauncher/com.dangbei.launcher.home.LauncherActivity } baseActivity=ComponentInfo{com.dangbei.leard.leradlauncher/com.dangbei.launcher.home.LauncherActivity} topActivity=ComponentInfo{com.dangbei.leard.leradlauncher/com.dangbei.launcher.secondary.app.AppSecondaryActivity} origActivity=null realActivity=ComponentInfo{com.dangbei.leard.leradlauncher/com.dangbei.launcher.home.LauncherActivity} numActivities=2 lastActiveTime=20575095 supportsMultiWindow=true resizeMode=0 isResizeable=false minWidth=-1 minHeight=-1 defaultMinSize=220 token=WCT{android.window.IWindowContainerToken$Stub$Proxy@ecd45b4} topActivityType=2 pictureInPictureParams=null shouldDockBigOverlays=true launchIntoPipHostTaskId=-1 lastParentTaskIdBeforePip=-1 displayCutoutSafeInsets=null topActivityInfo=ActivityInfo{5dbb5dd com.dangbei.launcher.secondary.app.AppSecondaryActivity} launchCookies=[] positionInParent=Point(0, 0) parentTaskId=-1 isFocused=true isVisible=true isVisibleRequested=true isSleeping=false topActivityInSizeCompat=false topActivityEligibleForLetterboxEducation= false isLetterboxDoubleTapEnabled= false topActivityEligibleForUserAspectRatioButton= false topActivityBoundsLetterboxed= false isFromLetterboxDoubleTap= false topActivityLetterboxVerticalPosition= -1 topActivityLetterboxHorizontalPosition= -1 topActivityLetterboxWidth=-1 topActivityLetterboxHeight=-1 isUserFullscreenOverrideEnabled=false isTopActivityTransparent=false locusId=null displayAreaFeatureId=1 cameraCompatControlState=hidden}, remoteTransition = null, displayChange = null, flags = 0 }
06-24 16:52:47.204 685 1135 V WindowManager: app ------------- force_land :0
06-24 16:52:47.232 0 0 W : [2 T1046 ..] [SP FRAME RX] arp req,vif_idx:0 sender:[10:b2:32:39:59:ba 192.168.3.57]receiver:[00:00:00:00:00:00 192.168.3.75]
06-24 16:52:47.233 0 0 W : [2 T1046 ..] [SP FRAME TX] arp rsp,vif_idx:0 sender:[1c:79:2d:20:62:cb 192.168.3.75]receiver:[10:b2:32:39:59:ba 192.168.3.57]
06-24 16:52:47.235 0 0 W : [2 T1046 ..] [SP FRAME RX] arp req,vif_idx:0 sender:[b6:86:f8:35:d4:28 192.168.3.36]receiver:[00:00:00:00:00:00 192.168.3.75]
06-24 16:52:47.236 0 0 W : [2 T1046 ..] [SP FRAME TX] arp rsp,vif_idx:0 sender:[1c:79:2d:20:62:cb 192.168.3.75]receiver:[b6:86:f8:35:d4:28 192.168.3.36]
06-24 16:52:47.278 685 1135 W WindowManager: [addWindow] title:com.dangbei.leard.leradlauncher/com.dangbei.launcher.secondary.app.AppSecondaryActivity
06-24 16:52:47.278 685 3826 W WindowManager: Failed looking up window session=Session{e396e2b 1423:1000} callers=com.android.server.wm.WindowManagerService.windowForClientLocked:6077 com.android.server.wm.Session.updateRequestedVisibleTypes:695 android.view.IWindowSession$Stub.onTransact:1034
06-24 16:52:47.279 685 1135 D CompatibilityChangeReporter: Compat change id reported: 168419799; UID 1000; state: DISABLED
06-24 16:52:47.279 685 1135 D CompatibilityChangeReporter: Compat change id reported: 273564678; UID 1000; state: DISABLED
06-24 16:52:47.306 0 0 W : [0 T0 .s] [SP FRAME TX] arp req,vif_idx:0 sender:[1c:79:2d:20:62:cb 192.168.3.75]receiver:[00:00:00:00:00:00 192.168.3.215]
06-24 16:52:47.307 0 0 W : [0 T0 .s] [SP FRAME TX] arp req,vif_idx:0 sender:[1c:79:2d:20:62:cb 192.168.3.75]receiver:[00:00:00:00:00:00 192.168.3.176]
06-24 16:52:47.309 0 0 W : [0 T0 .s] [SP FRAME TX] arp req,vif_idx:0 sender:[1c:79:2d:20:62:cb 192.168.3.75]receiver:[00:00:00:00:00:00 192.168.3.57]
06-24 16:52:47.295 685 1135 D CoreBackPreview: Window{8ba9178 u0 com.dangbei.leard.leradlauncher/com.dangbei.launcher.secondary.app.AppSecondaryActivity}: Setting back callback OnBackInvokedCallbackInfo{mCallback=android.window.IOnBackInvokedCallback$Stub$Proxy@1d3f0b6, mPriority=0, mIsAnimationCallback=false}
06-24 16:52:47.310 0 0 W : [0 T0 .s] [SP FRAME TX] arp req,vif_idx:0 sender:[1c:79:2d:20:62:cb 192.168.3.75]receiver:[00:00:00:00:00:00 192.168.3.36]
06-24 16:52:47.310 901 979 D WindowManagerShell: TvPipController: onTaskStackChanged()
06-24 16:52:47.318 0 0 W : [2 T1046 ..] [SP FRAME RX] arp req,vif_idx:0 sender:[e2:38:ab:ac:32:27 192.168.3.215]receiver:[00:00:00:00:00:00 192.168.3.75]
06-24 16:52:47.319 0 0 W : [2 T1046 ..] [SP FRAME TX] arp rsp,vif_idx:0 sender:[1c:79:2d:20:62:cb 192.168.3.75]receiver:[e2:38:ab:ac:32:27 192.168.3.215]
06-24 16:52:47.326 0 0 W : [2 T1046 ..] [SP FRAME RX] arp rsp,vif_idx:0 sender:[b6:86:f8:35:d4:28 192.168.3.36]receiver:[1c:79:2d:20:62:cb 192.168.3.75]
06-24 16:52:47.327 0 0 W : [2 T1046 ..] [SP FRAME RX] arp rsp,vif_idx:0 sender:[16:8e:6e:17:dc:41 192.168.3.176]receiver:[1c:79:2d:20:62:cb 192.168.3.75]
06-24 16:52:47.329 0 0 W : [2 T1046 ..] [SP FRAME RX] arp req,vif_idx:0 sender:[16:8e:6e:17:dc:41 192.168.3.176]receiver:[00:00:00:00:00:00 192.168.3.75]
06-24 16:52:47.331 0 0 W : [2 T1046 ..] [SP FRAME TX] arp rsp,vif_idx:0 sender:[1c:79:2d:20:62:cb 192.168.3.75]receiver:[16:8e:6e:17:dc:41 192.168.3.176]
06-24 16:52:47.345 0 0 W : [2 T1046 ..] [SP FRAME RX] arp rsp,vif_idx:0 sender:[10:b2:32:39:59:ba 192.168.3.57]receiver:[1c:79:2d:20:62:cb 192.168.3.75]
06-24 16:52:47.387 0 0 W : [2 T1046 ..] [SP FRAME RX] arp req,vif_idx:0 sender:[e2:8e:12:0f:0b:47 192.168.3.123]receiver:[00:00:00:00:00:00 192.168.3.75]
06-24 16:52:47.388 0 0 W : [2 T1046 ..] [SP FRAME TX] arp rsp,vif_idx:0 sender:[1c:79:2d:20:62:cb 192.168.3.75]receiver:[e2:8e:12:0f:0b:47 192.168.3.123]
06-24 16:52:47.372 685 708 V WindowManager: Sent Transition #632 createdAt=06-24 16:52:47.189 via request=TransitionRequestInfo { type = 1, triggerTask = TaskInfo{userId=0 taskId=32 displayId=0 isRunning=true baseIntent=Intent { act=android.intent.action.MAIN cat=[android.intent.category.HOME] flg=0x10800100 cmp=com.dangbei.leard.leradlauncher/com.dangbei.launcher.home.LauncherActivity } baseActivity=ComponentInfo{com.dangbei.leard.leradlauncher/com.dangbei.launcher.home.LauncherActivity} topActivity=ComponentInfo{com.dangbei.leard.leradlauncher/com.dangbei.launcher.secondary.app.AppSecondaryActivity} origActivity=null realActivity=ComponentInfo{com.dangbei.leard.leradlauncher/com.dangbei.launcher.home.LauncherActivity} numActivities=2 lastActiveTime=20575095 supportsMultiWindow=true resizeMode=0 isResizeable=false minWidth=-1 minHeight=-1 defaultMinSize=220 token=WCT{RemoteToken{a5d9d8d Task{131419d #32 type=home A=1000:com.dangbei.leard.leradlauncher}}} topActivityType=2 pictureInPictureParams=null shouldDockBigOverlays=true launchIntoPipHostTaskId=-1 lastParentTaskIdBeforePip=-1 displayCutoutSafeInsets=null topActivityInfo=ActivityInfo{f81008d com.dangbei.launcher.secondary.app.AppSecondaryActivity} launchCookies=[] positionInParent=Point(0, 0) parentTaskId=-1 isFocused=true isVisible=true isVisibleRequested=true isSleeping=false topActivityInSizeCompat=false topActivityEligibleForLetterboxEducation= false isLetterboxDoubleTapEnabled= false topActivityEligibleForUserAspectRatioButton= false topActivityBoundsLetterboxed= false isFromLetterboxDoubleTap= false topActivityLetterboxVerticalPosition= -1 topActivityLetterboxHorizontalPosition= -1 topActivityLetterboxWidth=-1 topActivityLetterboxHeight=-1 isUserFullscreenOverrideEnabled=false isTopActivityTransparent=false locusId=null displayAreaFeatureId=1 cameraCompatControlState=hidden}, remoteTransition = null, displayChange = null, flags = 0 }
06-24 16:52:47.372 685 708 V WindowManager: startWCT=WindowContainerTransaction { changes = {} hops = [] errorCallbackToken=null taskFragmentOrganizer=null }
06-24 16:52:47.372 685 708 V WindowManager: info={id=632 t=OPEN f=0x0 trk=0 r=[0@Point(0, 0)] c=[{null m=OPEN f=FILLS_TASK leash=Surface(name=ActivityRecord{68e2bd5 u0 com.dangbei.leard.leradlauncher/com.dangbei.launcher.secondary.app.AppSecondaryActivity)/@0xd5921b7 sb=Rect(0, 0 - 0, 0) eb=Rect(0, 0 - 1920, 1080) d=-1->0 r=-1->0:-1},{null m=TO_BACK f=FILLS_TASK leash=Surface(name=ActivityRecord{c96a874 u0 com.dangbei.leard.leradlauncher/com.dangbei.launcher.home.LauncherActivity)/@0xdafeeb1 sb=Rect(0, 0 - 1920, 1080) eb=Rect(0, 0 - 1920, 1080) d=0}]}
06-24 16:52:47.373 901 979 V WindowManagerShell: onTransitionReady android.os.BinderProxy@9846287: {id=632 t=OPEN f=0x0 trk=0 r=[0@Point(0, 0)] c=[{null m=OPEN f=FILLS_TASK leash=Surface(name=ActivityRecord{68e2bd5 u0 com.dangbei.leard.leradlauncher/com.dangbei.launcher.secondary.app.AppSecondaryActivity)/@0x5e3f552 sb=Rect(0, 0 - 0, 0) eb=Rect(0, 0 - 1920, 1080) d=-1->0 r=-1->0:-1},{null m=TO_BACK f=FILLS_TASK leash=Surface(name=ActivityRecord{c96a874 u0 com.dangbei.leard.leradlauncher/com.dangbei.launcher.home.LauncherActivity)/@0x63aa023 sb=Rect(0, 0 - 1920, 1080) eb=Rect(0, 0 - 1920, 1080) d=0}]}
06-24 16:52:47.373 901 979 V WindowManagerShell: Playing animation for (#632)android.os.BinderProxy@9846287@0
06-24 16:52:47.373 901 979 V WindowManagerShell: try handler com.android.wm.shell.keyguard.KeyguardTransitionHandler@24e2028
06-24 16:52:47.373 901 979 V WindowManagerShell: try handler com.android.wm.shell.pip.tv.TvPipTransition@1141
06-24 16:52:47.373 901 979 V WindowManagerShell: try handler com.android.wm.shell.activityembedding.ActivityEmbeddingController@e8f56e6
06-24 16:52:47.404 0 0 W : [2 T1046 ..] [SP FRAME RX] arp rsp,vif_idx:0 sender:[e2:38:ab:ac:32:27 192.168.3.215]receiver:[1c:79:2d:20:62:cb 192.168.3.75]
06-24 16:52:47.373 901 979 V WindowManagerShell: try handler com.android.wm.shell.transition.RemoteTransitionHandler@b664427
