06-24 16:49:25.025 685 709 W ContextImpl: Calling a method in the system process without a qualified user: android.app.ContextImpl.startService:1899 com.android.server.wm.DisplayPolicy.lambda$focusChangedLw$5:2126 com.android.server.wm.DisplayPolicy.$r8$lambda$Znxk63oh-WzVnzo_WQefN7uxV48:0 com.android.server.wm.DisplayPolicy$$ExternalSyntheticLambda13.run:0 android.os.Handler.handleCallback:958
06-24 16:49:25.123 685 709 W ContextImpl: Calling a method in the system process without a qualified user: android.app.ContextImpl.startService:1899 com.android.server.wm.DisplayPolicy.lambda$focusChangedLw$5:2126 com.android.server.wm.DisplayPolicy.$r8$lambda$Znxk63oh-WzVnzo_WQefN7uxV48:0 com.android.server.wm.DisplayPolicy$$ExternalSyntheticLambda13.run:0 android.os.Handler.handleCallback:958
06-24 16:49:25.131 685 709 W ContextImpl: Calling a method in the system process without a qualified user: android.app.ContextImpl.startService:1899 com.android.server.wm.DisplayPolicy.lambda$focusChangedLw$5:2126 com.android.server.wm.DisplayPolicy.$r8$lambda$Znxk63oh-WzVnzo_WQefN7uxV48:0 com.android.server.wm.DisplayPolicy$$ExternalSyntheticLambda13.run:0 android.os.Handler.handleCallback:958
06-24 16:49:25.394 901 979 V WindowManagerShell: Transition animation finished (aborted=false), notifying core (#628)android.os.BinderProxy@feaca3a@0
06-24 16:49:25.395 685 708 V WindowManager: Finish Transition #628: created at
06-24 16:49:24.821 collect-started=0.047ms request-sent=7.116ms started=10.284ms ready=20.072ms sent=149.173ms finished=573.236ms
06-24 16:49:25.400 901 979 V WindowManagerShell: Track 0 became idle
06-24 16:49:25.400 901 979 V WindowManagerShell: All active transition animations finished
06-24 16:49:26.570 685 1076 W WindowManager: [addWindow] title:com.tv.filemanager.os/com.dangbei.localpicture.LocalViewerActivity
06-24 16:49:26.587 685 1076 D CoreBackPreview: Window{b1cf8c u0 com.tv.filemanager.os/com.dangbei.localpicture.LocalViewerActivity}: Setting back callback OnBackInvokedCallbackInfo{mCallback=android.window.IOnBackInvokedCallback$Stub$Proxy@23c6eea, mPriority=0, mIsAnimationCallback=false}
06-24 16:49:26.660 0 0 W [0 T17271 ..] audit: audit_lost=23001 audit_rate_limit=5 audit_backlog_limit=64
06-24 16:49:26.661 0 0 E [0 T17271 ..] audit: rate limit exceeded
06-24 16:49:26.664 7242 7242 W VRI[LocalViewerActivity]: Cancelling event (no window focus):KeyEvent { action=ACTION_UP, keyCode=KEYCODE_DPAD_RIGHT, scanCode=106, metaState=0, flags=0x28, repeatCount=0, eventTime=20374530783631, downTime=20374455964000, deviceId=10, source=0x301, displayId=-1 }
06-24 16:49:26.664 7242 7242 W VRI[LocalViewerActivity]: Cancelling event (no window focus):KeyEvent { action=ACTION_UP, keyCode=KEYCODE_DPAD_RIGHT, scanCode=106, metaState=0, flags=0x28, repeatCount=0, eventTime=20374530783631, downTime=20374455964000, deviceId=10, source=0x301, displayId=-1 }
06-24 16:49:26.664 7242 7242 W VRI[LocalViewerActivity]: Cancelling event (no window focus):KeyEvent { action=ACTION_UP, keyCode=KEYCODE_DPAD_RIGHT, scanCode=106, metaState=0, flags=0x28, repeatCount=0, eventTime=20374530783631, downTime=20374455964000, deviceId=10, source=0x301, displayId=-1 }
06-24 16:49:26.664 7242 7242 W VRI[LocalViewerActivity]: Cancelling event (no window focus):KeyEvent { action=ACTION_UP, keyCode=KEYCODE_DPAD_RIGHT, scanCode=106, metaState=0, flags=0x28, repeatCount=0, eventTime=20374530783631, downTime=20374455964000, deviceId=10, source=0x301, displayId=-1 }
06-24 16:49:26.664 7242 7242 W VRI[LocalViewerActivity]: Cancelling event (no window focus):KeyEvent { action=ACTION_UP, keyCode=KEYCODE_DPAD_RIGHT, scanCode=106, metaState=0, flags=0x28, repeatCount=0, eventTime=20374530783631, downTime=20374455964000, deviceId=10, source=0x301, displayId=-1 }
06-24 16:49:26.664 7242 7242 W VRI[LocalViewerActivity]: Cancelling event (no window focus):KeyEvent { action=ACTION_UP, keyCode=KEYCODE_DPAD_RIGHT, scanCode=106, metaState=0, flags=0x28, repeatCount=0, eventTime=20374530783631, downTime=20374455964000, deviceId=10, source=0x301, displayId=-1 }
06-24 16:49:26.674 685 709 W ContextImpl: Calling a method in the system process without a qualified user: android.app.ContextImpl.startService:1899 com.android.server.wm.DisplayPolicy.lambda$focusChangedLw$5:2126 com.android.server.wm.DisplayPolicy.$r8$lambda$Znxk63oh-WzVnzo_WQefN7uxV48:0 com.android.server.wm.DisplayPolicy$$ExternalSyntheticLambda13.run:0 android.os.Handler.handleCallback:958
06-24 16:49:26.780 685 1076 D CoreBackPreview: Window{b1cf8c u0 com.tv.filemanager.os/com.dangbei.localpicture.LocalViewerActivity}: Setting back callback null
06-24 16:49:26.806 685 711 V WindowManager: Unknown focus tokens, dropping reportFocusChanged
06-24 16:49:26.833 685 1390 E TaskPersister: File error accessing recents directory (directory doesn't exist?).
06-24 16:49:26.902 685 709 W ContextImpl: Calling a method in the system process without a qualified user: android.app.ContextImpl.startService:1899 com.android.server.wm.DisplayPolicy.lambda$focusChangedLw$5:2126 com.android.server.wm.DisplayPolicy.$r8$lambda$Znxk63oh-WzVnzo_WQefN7uxV48:0 com.android.server.wm.DisplayPolicy$$ExternalSyntheticLambda13.run:0 android.os.Handler.handleCallback:958
06-24 16:49:27.741 685 1076 W WindowManager: [addWindow] title:com.tv.filemanager.os/com.dangbei.localpicture.LocalViewerActivity
06-24 16:49:27.756 685 1076 D CoreBackPreview: Window{a0fc3b5 u0 com.tv.filemanager.os/com.dangbei.localpicture.LocalViewerActivity}: Setting back callback OnBackInvokedCallbackInfo{mCallback=android.window.IOnBackInvokedCallback$Stub$Proxy@2983dbb, mPriority=0, mIsAnimationCallback=false}
06-24 16:49:27.846 685 709 W ContextImpl: Calling a method in the system process without a qualified user: android.app.ContextImpl.startService:1899 com.android.server.wm.DisplayPolicy.lambda$focusChangedLw$5:2126 com.android.server.wm.DisplayPolicy.$r8$lambda$Znxk63oh-WzVnzo_WQefN7uxV48:0 com.android.server.wm.DisplayPolicy$$ExternalSyntheticLambda13.run:0 android.os.Handler.handleCallback:958
06-24 16:49:27.940 0 0 W : [3 T1046 ..] [SP FRAME RX] arp req,vif_idx:0 sender:[28:7b:11:70:4f:bd 192.168.3.156]receiver:[00:00:00:00:00:00 192.168.3.75]
06-24 16:49:27.941 0 0 W : [3 T1046 ..] [SP FRAME TX] arp rsp,vif_idx:0 sender:[1c:79:2d:20:62:cb 192.168.3.75]receiver:[28:7b:11:70:4f:bd 192.168.3.156]
06-24 16:49:28.092 0 0 W : [3 T1046 ..] [SP FRAME RX] arp req,vif_idx:0 sender:[0c:91:60:12:cd:8c 192.168.3.70]receiver:[00:00:00:00:00:00 192.168.3.75]
06-24 16:49:28.093 0 0 W : [3 T1046 ..] [SP FRAME TX] arp rsp,vif_idx:0 sender:[1c:79:2d:20:62:cb 192.168.3.75]receiver:[0c:91:60:12:cd:8c 192.168.3.70]
06-24 16:49:28.108 0 0 W [2 T10663 ..] audit: audit_lost=23004 audit_rate_limit=5 audit_backlog_limit=64
06-24 16:49:28.108 0 0 E [2 T10663 ..] audit: rate limit exceeded
06-24 16:49:28.664 685 13323 D CoreBackPreview: Window{a0fc3b5 u0 com.tv.filemanager.os/com.dangbei.localpicture.LocalViewerActivity}: Setting back callback null
06-24 16:49:28.681 685 711 V WindowManager: Unknown focus tokens, dropping reportFocusChanged
06-24 16:49:28.773 685 709 W ContextImpl: Calling a method in the system process without a qualified user: android.app.ContextImpl.startService:1899 com.android.server.wm.DisplayPolicy.lambda$focusChangedLw$5:2126 com.android.server.wm.DisplayPolicy.$r8$lambda$Znxk63oh-WzVnzo_WQefN7uxV48:0 com.android.server.wm.DisplayPolicy$$ExternalSyntheticLambda13.run:0 android.os.Handler.handleCallback:958
06-24 16:49:28.945 1407 1731 W ContextImpl: Calling a method in the system process without a qualified user: android.app.ContextImpl.sendBroadcast:1220 android.content.ContextWrapper.sendBroadcast:504 com.dangbei.etna.setting.core.SettingHelper.sendCycleToProjector:257 com.dangbei.etna.setting.core.SettingHelper.sendCycleCheckBroadcast:226 com.dangbei.etna.setting.core.SettingHelper.startLoop$lambda-0:185
06-24 16:49:28.946 1407 1731 W ContextImpl: Calling a method in the system process without a qualified user: android.app.ContextImpl.sendBroadcast:1220 android.content.ContextWrapper.sendBroadcast:504 com.dangbei.etna.setting.core.SettingHelper.sendCycleToVoice:242 com.dangbei.etna.setting.core.SettingHelper.sendCycleCheckBroadcast:227 com.dangbei.etna.setting.core.SettingHelper.startLoop$lambda-0:185
06-24 16:49:30.522 685 1076 W WindowManager: [addWindow] title:com.tv.filemanager.os/com.dangbei.localpicture.LocalViewerActivity
06-24 16:49:30.542 685 1076 D CoreBackPreview: Window{8c0107f u0 com.tv.filemanager.os/com.dangbei.localpicture.LocalViewerActivity}: Setting back callback OnBackInvokedCallbackInfo{mCallback=android.window.IOnBackInvokedCallback$Stub$Proxy@2ed4095, mPriority=0, mIsAnimationCallback=false}
06-24 16:49:30.599 685 1076 D CoreBackPreview: Window{8c0107f u0 com.tv.filemanager.os/com.dangbei.localpicture.LocalViewerActivity}: Setting back callback null
06-24 16:49:30.626 685 709 W ContextImpl: Calling a method in the system process without a qualified user: android.app.ContextImpl.startService:1899 com.android.server.wm.DisplayPolicy.lambda$focusChangedLw$5:2126 com.android.server.wm.DisplayPolicy.$r8$lambda$Znxk63oh-WzVnzo_WQefN7uxV48:0 com.android.server.wm.DisplayPolicy$$ExternalSyntheticLambda13.run:0 android.os.Handler.handleCallback:958
06-24 16:49:30.707 685 709 W ContextImpl: Calling a method in the system process without a qualified user: android.app.ContextImpl.startService:1899 com.android.server.wm.DisplayPolicy.lambda$focusChangedLw$5:2126 com.android.server.wm.DisplayPolicy.$r8$lambda$Znxk63oh-WzVnzo_WQefN7uxV48:0 com.android.server.wm.DisplayPolicy$$ExternalSyntheticLambda13.run:0 android.os.Handler.handleCallback:958
06-24 16:49:30.955 0 0 W : [1 T1046 ..] [SP FRAME RX] arp req,vif_idx:0 sender:[42:d1:10:74:de:ca 192.168.3.53]receiver:[00:00:00:00:00:00 192.168.3.75]
06-24 16:49:30.956 0 0 W : [1 T1046 ..] [SP FRAME TX] arp rsp,vif_idx:0 sender:[1c:79:2d:20:62:cb 192.168.3.75]receiver:[42:d1:10:74:de:ca 192.168.3.53]
06-24 16:49:31.467 0 0 W : [1 T1046 ..] [SP FRAME RX] arp req,vif_idx:0 sender:[ca:fd:12:4f:e3:96 192.168.3.13]receiver:[00:00:00:00:00:00 192.168.3.75]
06-24 16:49:31.468 0 0 W : [1 T1046 ..] [SP FRAME TX] arp rsp,vif_idx:0 sender:[1c:79:2d:20:62:cb 192.168.3.75]receiver:[ca:fd:12:4f:e3:96 192.168.3.13]
06-24 16:49:31.632 685 1076 W WindowManager: [addWindow] title:com.tv.filemanager.os/com.dangbei.localpicture.LocalViewerActivity
06-24 16:49:31.640 685 1076 D CoreBackPreview: Window{47a1db2 u0 com.tv.filemanager.os/com.dangbei.localpicture.LocalViewerActivity}: Setting back callback OnBackInvokedCallbackInfo{mCallback=android.window.IOnBackInvokedCallback$Stub$Proxy@e735880, mPriority=0, mIsAnimationCallback=false}
06-24 16:49:31.722 0 0 W : [0 T0 .s] [SP FRAME TX] arp req,vif_idx:0 sender:[1c:79:2d:20:62:cb 192.168.3.75]receiver:[00:00:00:00:00:00 192.168.3.65]
06-24 16:49:31.726 685 1076 D CoreBackPreview: Window{47a1db2 u0 com.tv.filemanager.os/com.dangbei.localpicture.LocalViewerActivity}: Setting back callback null
06-24 16:49:31.736 685 709 W ContextImpl: Calling a method in the system process without a qualified user: android.app.ContextImpl.startService:1899 com.android.server.wm.DisplayPolicy.lambda$focusChangedLw$5:2126 com.android.server.wm.DisplayPolicy.$r8$lambda$Znxk63oh-WzVnzo_WQefN7uxV48:0 com.android.server.wm.DisplayPolicy$$ExternalSyntheticLambda13.run:0 android.os.Handler.handleCallback:958
06-24 16:49:31.742 685 711 V WindowManager: Unknown focus tokens, dropping reportFocusChanged
06-24 16:49:31.829 685 709 W ContextImpl: Calling a method in the system process without a qualified user: android.app.ContextImpl.startService:1899 com.android.server.wm.DisplayPolicy.lambda$focusChangedLw$5:2126 com.android.server.wm.DisplayPolicy.$r8$lambda$Znxk63oh-WzVnzo_WQefN7uxV48:0 com.android.server.wm.DisplayPolicy$$ExternalSyntheticLambda13.run:0 android.os.Handler.handleCallback:958
06-24 16:49:31.848 0 0 W : [0 T1046 ..] [SP FRAME RX] arp rsp,vif_idx:0 sender:[b6:9c:70:ec:40:e7 192.168.3.65]receiver:[1c:79:2d:20:62:cb 192.168.3.75]
06-24 16:49:32.531 685 1076 W WindowManager: [addWindow] title:com.tv.filemanager.os/com.dangbei.localpicture.LocalViewerActivity
06-24 16:49:32.541 685 1076 D CoreBackPreview: Window{2687361 u0 com.tv.filemanager.os/com.dangbei.localpicture.LocalViewerActivity}: Setting back callback OnBackInvokedCallbackInfo{mCallback=android.window.IOnBackInvokedCallback$Stub$Proxy@b7dc347, mPriority=0, mIsAnimationCallback=false}
06-24 16:49:32.600 685 701 D CoreBackPreview: Window{2687361 u0 com.tv.filemanager.os/com.dangbei.localpicture.LocalViewerActivity}: Setting back callback null
06-24 16:49:32.618 685 711 V WindowManager: Unknown focus tokens, dropping reportFocusChanged
06-24 16:49:32.636 685 709 W ContextImpl: Calling a method in the system process without a qualified user: android.app.ContextImpl.startService:1899 com.android.server.wm.DisplayPolicy.lambda$focusChangedLw$5:2126 com.android.server.wm.DisplayPolicy.$r8$lambda$Znxk63oh-WzVnzo_WQefN7uxV48:0 com.android.server.wm.DisplayPolicy$$ExternalSyntheticLambda13.run:0 android.os.Handler.handleCallback:958
06-24 16:49:32.707 685 709 W ContextImpl: Calling a method in the system process without a qualified user: android.app.ContextImpl.startService:1899 com.android.server.wm.DisplayPolicy.lambda$focusChangedLw$5:2126 com.android.server.wm.DisplayPolicy.$r8$lambda$Znxk63oh-WzVnzo_WQefN7uxV48:0 com.android.server.wm.DisplayPolicy$$ExternalSyntheticLambda13.run:0 android.os.Handler.handleCallback:958
06-24 16:49:33.006 0 0 W : [1 T0 .s] [SP FRAME TX] arp req,vif_idx:0 sender:[1c:79:2d:20:62:cb 192.168.3.75]receiver:[00:00:00:00:00:00 192.168.3.254]
06-24 16:49:33.021 0 0 W : [1 T1046 ..] [SP FRAME RX] arp rsp,vif_idx:0 sender:[12:3c:2c:e1:84:9f 192.168.3.254]receiver:[1c:79:2d:20:62:cb 192.168.3.75]
06-24 16:49:33.174 0 0 W : [1 T1046 ..] [SP FRAME RX] arp req,vif_idx:0 sender:[12:3c:2c:e1:84:9f 192.168.3.254]receiver:[00:00:00:00:00:00 192.168.3.75]
06-24 16:49:33.175 0 0 W : [1 T1046 ..] [SP FRAME TX] arp rsp,vif_idx:0 sender:[1c:79:2d:20:62:cb 192.168.3.75]receiver:[12:3c:2c:e1:84:9f 192.168.3.254]
06-24 16:49:33.363 685 1076 W WindowManager: [addWindow] title:com.tv.filemanager.os/com.dangbei.localpicture.LocalViewerActivity
06-24 16:49:33.372 685 1076 D CoreBackPreview: Window{79734d3 u0 com.tv.filemanager.os/com.dangbei.localpicture.LocalViewerActivity}: Setting back callback OnBackInvokedCallbackInfo{mCallback=android.window.IOnBackInvokedCallback$Stub$Proxy@a2daf09, mPriority=0, mIsAnimationCallback=false}
06-24 16:49:33.409 7242 7242 W VRI[LocalViewerActivity]: Cancelling event (no window focus):KeyEvent { action=ACTION_UP, keyCode=KEYCODE_DPAD_RIGHT, scanCode=106, metaState=0, flags=0x28, repeatCount=0, eventTime=20381304914218, downTime=20381251089000, deviceId=10, source=0x301, displayId=-1 }
06-24 16:49:33.409 7242 7242 W VRI[LocalViewerActivity]: Cancelling event (no window focus):KeyEvent { action=ACTION_UP, keyCode=KEYCODE_DPAD_RIGHT, scanCode=106, metaState=0, flags=0x28, repeatCount=0, eventTime=20381304914218, downTime=20381251089000, deviceId=10, source=0x301, displayId=-1 }
06-24 16:49:33.409 7242 7242 W VRI[LocalViewerActivity]: Cancelling event (no window focus):KeyEvent { action=ACTION_UP, keyCode=KEYCODE_DPAD_RIGHT, scanCode=106, metaState=0, flags=0x28, repeatCount=0, eventTime=20381304914218, downTime=20381251089000, deviceId=10, source=0x301, displayId=-1 }
06-24 16:49:33.409 7242 7242 W VRI[LocalViewerActivity]: Cancelling event (no window focus):KeyEvent { action=ACTION_UP, keyCode=KEYCODE_DPAD_RIGHT, scanCode=106, metaState=0, flags=0x28, repeatCount=0, eventTime=20381304914218, downTime=20381251089000, deviceId=10, source=0x301, displayId=-1 }
06-24 16:49:33.409 7242 7242 W VRI[LocalViewerActivity]: Cancelling event (no window focus):KeyEvent { action=ACTION_UP, keyCode=KEYCODE_DPAD_RIGHT, scanCode=106, metaState=0, flags=0x28, repeatCount=0, eventTime=20381304914218, downTime=20381251089000, deviceId=10, source=0x301, displayId=-1 }
06-24 16:49:33.409 7242 7242 W VRI[LocalViewerActivity]: Cancelling event (no window focus):KeyEvent { action=ACTION_UP, keyCode=KEYCODE_DPAD_RIGHT, scanCode=106, metaState=0, flags=0x28, repeatCount=0, eventTime=20381304914218, downTime=20381251089000, deviceId=10, source=0x301, displayId=-1 }
06-24 16:49:33.467 685 709 W ContextImpl: Calling a method in the system process without a qualified user: android.app.ContextImpl.startService:1899 com.android.server.wm.DisplayPolicy.lambda$focusChangedLw$5:2126 com.android.server.wm.DisplayPolicy.$r8$lambda$Znxk63oh-WzVnzo_WQefN7uxV48:0 com.android.server.wm.DisplayPolicy$$ExternalSyntheticLambda13.run:0 android.os.Handler.handleCallback:958
06-24 16:49:33.472 685 701 D CoreBackPreview: Window{79734d3 u0 com.tv.filemanager.os/com.dangbei.localpicture.LocalViewerActivity}: Setting back callback null
06-24 16:49:33.493 685 711 V WindowManager: Unknown focus tokens, dropping reportFocusChanged
06-24 16:49:33.590 685 709 W ContextImpl: Calling a method in the system process without a qualified user: android.app.ContextImpl.startService:1899 com.android.server.wm.DisplayPolicy.lambda$focusChangedLw$5:2126 com.android.server.wm.DisplayPolicy.$r8$lambda$Znxk63oh-WzVnzo_WQefN7uxV48:0 com.android.server.wm.DisplayPolicy$$ExternalSyntheticLambda13.run:0 android.os.Handler.handleCallback:958
06-24 16:49:35.050 0 0 W : [0 T0 .s] [SP FRAME TX] arp req,vif_idx:0 sender:[1c:79:2d:20:62:cb 192.168.3.75]receiver:[00:00:00:00:00:00 192.168.3.215]
06-24 16:49:35.051 0 0 W : [0 T0 .s] [SP FRAME TX] arp req,vif_idx:0 sender:[1c:79:2d:20:62:cb 192.168.3.75]receiver:[00:00:00:00:00:00 192.168.3.176]
06-24 16:49:35.053 0 0 W : [0 T0 .s] [SP FRAME TX] arp req,vif_idx:0 sender:[1c:79:2d:20:62:cb 192.168.3.75]receiver:[00:00:00:00:00:00 192.168.3.68]
06-24 16:49:35.054 0 0 W : [0 T0 .s] [SP FRAME TX] arp req,vif_idx:0 sender:[1c:79:2d:20:62:cb 192.168.3.75]receiver:[00:00:00:00:00:00 192.168.3.57]
06-24 16:49:35.056 0 0 W : [0 T0 .s] [SP FRAME TX] arp req,vif_idx:0 sender:[1c:79:2d:20:62:cb 192.168.3.75]receiver:[00:00:00:00:00:00 192.168.3.36]
06-24 16:49:35.092 0 0 W : [1 T1046 ..] [SP FRAME RX] arp rsp,vif_idx:0 sender:[16:8e:6e:17:dc:41 192.168.3.176]receiver:[1c:79:2d:20:62:cb 192.168.3.75]
06-24 16:49:35.093 0 0 W : [1 T1046 ..] [SP FRAME RX] arp rsp,vif_idx:0 sender:[f6:f5:2e:bc:8c:d5 192.168.3.68]receiver:[1c:79:2d:20:62:cb 192.168.3.75]
06-24 16:49:35.094 0 0 W : [1 T1046 ..] [SP FRAME RX] arp req,vif_idx:0 sender:[10:b2:32:39:59:ba 192.168.3.57]receiver:[00:00:00:00:00:00 192.168.3.75]
06-24 16:49:35.096 0 0 W : [1 T1046 ..] [SP FRAME TX] arp rsp,vif_idx:0 sender:[1c:79:2d:20:62:cb 192.168.3.75]receiver:[10:b2:32:39:59:ba 192.168.3.57]
06-24 16:49:35.097 0 0 W : [1 T1046 ..] [SP FRAME RX] arp rsp,vif_idx:0 sender:[b6:86:f8:35:d4:28 192.168.3.36]receiver:[1c:79:2d:20:62:cb 192.168.3.75]
06-24 16:49:35.104 0 0 W : [1 T1046 ..] [SP FRAME RX] arp req,vif_idx:0 sender:[e2:8e:12:0f:0b:47 192.168.3.123]receiver:[00:00:00:00:00:00 192.168.3.75]
06-24 16:49:35.105 0 0 W : [1 T1046 ..] [SP FRAME TX] arp rsp,vif_idx:0 sender:[1c:79:2d:20:62:cb 192.168.3.75]receiver:[e2:8e:12:0f:0b:47 192.168.3.123]
06-24 16:49:35.134 0 0 W : [1 T1046 ..] [SP FRAME RX] arp rsp,vif_idx:0 sender:[10:b2:32:39:59:ba 192.168.3.57]receiver:[1c:79:2d:20:62:cb 192.168.3.75]
06-24 16:49:35.149 0 0 W : [1 T1046 ..] [SP FRAME RX] arp rsp,vif_idx:0 sender:[e2:38:ab:ac:32:27 192.168.3.215]receiver:[1c:79:2d:20:62:cb 192.168.3.75]
06-24 16:49:35.204 0 0 W : [1 T1046 ..] [SP FRAME RX] arp req,vif_idx:0 sender:[b6:86:f8:35:d4:28 192.168.3.36]receiver:[00:00:00:00:00:00 192.168.3.75]
06-24 16:49:35.205 0 0 W : [1 T1046 ..] [SP FRAME TX] arp rsp,vif_idx:0 sender:[1c:79:2d:20:62:cb 192.168.3.75]receiver:[b6:86:f8:35:d4:28 192.168.3.36]
06-24 16:49:35.221 0 0 W : [1 T1046 ..] [SP FRAME RX] arp req,vif_idx:0 sender:[e2:38:ab:ac:32:27 192.168.3.215]receiver:[00:00:00:00:00:00 192.168.3.75]
06-24 16:49:35.222 0 0 W : [1 T1046 ..] [SP FRAME TX] arp rsp,vif_idx:0 sender:[1c:79:2d:20:62:cb 192.168.3.75]receiver:[e2:38:ab:ac:32:27 192.168.3.215]
06-24 16:49:35.351 0 0 W : [1 T1046 ..] [SP FRAME RX] arp req,vif_idx:0 sender:[16:8e:6e:17:dc:41 192.168.3.176]receiver:[00:00:00:00:00:00 192.168.3.75]
06-24 16:49:35.352 0 0 W : [1 T1046 ..] [SP FRAME TX] arp rsp,vif_idx:0 sender:[1c:79:2d:20:62:cb 192.168.3.75]receiver:[16:8e:6e:17:dc:41 192.168.3.176]
06-24 16:49:35.524 0 0 W : [1 T1046 ..] [SP FRAME RX] arp req,vif_idx:0 sender:[f6:f5:2e:bc:8c:d5 192.168.3.68]receiver:[00:00:00:00:00:00 192.168.3.75]
06-24 16:49:35.525 0 0 W : [1 T1046 ..] [SP FRAME TX] arp rsp,vif_idx:0 sender:[1c:79:2d:20:62:cb 192.168.3.75]receiver:[f6:f5:2e:bc:8c:d5 192.168.3.68]
06-24 16:49:36.421 685 709 D AutofillManagerService: onBackKeyPressed()
06-24 16:49:36.425 901 979 V WindowManagerShell: Transition requested: android.os.BinderProxy@835e519 TransitionRequestInfo { type = 2, triggerTask = null, remoteTransition = null, displayChange = null, flags = 0 }
06-24 16:49:36.433 685 701 V WindowManager: app ------------- force_land :0
06-24 16:49:36.497 685 708 V WindowManager: Sent Transition #629 createdAt=06-24 16:49:36.425 via request=TransitionRequestInfo { type = 2, triggerTask = null, remoteTransition = null, displayChange = null, flags = 0 }
06-24 16:49:36.498 685 708 V WindowManager: startWCT=WindowContainerTransaction { changes = {} hops = [] errorCallbackToken=null taskFragmentOrganizer=null }
06-24 16:49:36.498 685 708 V WindowManager: info={id=629 t=CLOSE f=0x0 trk=0 r=[0@Point(0, 0)] c=[{null m=CLOSE f=FILLS_TASK leash=Surface(name=ActivityRecord{1d7d3c4 u0 com.tv.filemanager.os/com.dangbei.localpicture.LocalViewerActivity)/@0xe73b22e sb=Rect(0, 0 - 1920, 1080) eb=Rect(0, 0 - 1920, 1080) d=0},{null m=TO_FRONT f=FILLS_TASK leash=Surface(name=ActivityRecord{bf73502 u0 com.tv.filemanager.os/com.dangbei.lerad.filemanager.ui.info.ManagerFileListActivity)/@0xc4d597c sb=Rect(0, 0 - 1920, 1080) eb=Rect(0, 0 - 1920, 1080) d=0}]}
06-24 16:49:36.499 901 979 V WindowManagerShell: onTransitionReady android.os.BinderProxy@835e519: {id=629 t=CLOSE f=0x0 trk=0 r=[0@Point(0, 0)] c=[{null m=CLOSE f=FILLS_TASK leash=Surface(name=ActivityRecord{1d7d3c4 u0 com.tv.filemanager.os/com.dangbei.localpicture.LocalViewerActivity)/@0x51659de sb=Rect(0, 0 - 1920, 1080) eb=Rect(0, 0 - 1920, 1080) d=0},{null m=TO_FRONT f=FILLS_TASK leash=Surface(name=ActivityRecord{bf73502 u0 com.tv.filemanager.os/com.dangbei.lerad.filemanager.ui.info.ManagerFileListActivity)/@0x99a17bf sb=Rect(0, 0 - 1920, 1080) eb=Rect(0, 0 - 1920, 1080) d=0}]}
06-24 16:49:36.499 901 979 V WindowManagerShell: Playing animation for (#629)android.os.BinderProxy@835e519@0
06-24 16:49:36.499 901 979 V WindowManagerShell: try handler com.android.wm.shell.keyguard.KeyguardTransitionHandler@24e2028
06-24 16:49:36.499 901 979 V WindowManagerShell: try handler com.android.wm.shell.pip.tv.TvPipTransition@1141
06-24 16:49:36.499 901 979 V WindowManagerShell: try handler com.android.wm.shell.activityembedding.ActivityEmbeddingController@e8f56e6
06-24 16:49:36.499 901 979 V WindowManagerShell: try handler com.android.wm.shell.transition.RemoteTransitionHandler@b664427
06-24 16:49:36.499 901 979 V WindowManagerShell: Transition doesn't have explicit remote, search filters for match for {id=629 t=CLOSE f=0x0 trk=0 r=[0@Point(0, 0)] c=[{null m=CLOSE f=FILLS_TASK leash=Surface(name=ActivityRecord{1d7d3c4 u0 com.tv.filemanager.os/com.dangbei.localpicture.LocalViewerActivity)/@0x51659de sb=Rect(0, 0 - 1920, 1080) eb=Rect(0, 0 - 1920, 1080) d=0},{null m=TO_FRONT f=FILLS_TASK leash=Surface(name=ActivityRecord{bf73502 u0 com.tv.filemanager.os/com.dangbei.lerad.filemanager.ui.info.ManagerFileListActivity)/@0x99a17bf sb=Rect(0, 0 - 1920, 1080) eb=Rect(0, 0 - 1920, 1080) d=0}]}
06-24 16:49:36.499 901 979 V WindowManagerShell: Delegate animation for #629 to null
06-24 16:49:36.499 901 979 V WindowManagerShell: try handler com.android.wm.shell.transition.DefaultTransitionHandler@7916d4
06-24 16:49:36.500 901 979 V WindowManagerShell: start default transition animation, info = {id=629 t=CLOSE f=0x0 trk=0 r=[0@Point(0, 0)] c=[{null m=CLOSE f=FILLS_TASK leash=Surface(name=ActivityRecord{1d7d3c4 u0 com.tv.filemanager.os/com.dangbei.localpicture.LocalViewerActivity)/@0x51659de sb=Rect(0, 0 - 1920, 1080) eb=Rect(0, 0 - 1920, 1080) d=0},{null m=TO_FRONT f=FILLS_TASK leash=Surface(name=ActivityRecord{bf73502 u0 com.tv.filemanager.os/com.dangbei.lerad.filemanager.ui.info.ManagerFileListActivity)/@0x99a17bf sb=Rect(0, 0 - 1920, 1080) eb=Rect(0, 0 - 1920, 1080) d=0}]}
06-24 16:49:36.500 901 979 V WindowManagerShell: loadAnimation: anim=android.view.animation.AlphaAnimation@be270db animAttr=0x6 type=CLOSE isEntrance=true
06-24 16:49:36.501 901 979 V WindowManagerShell: loadAnimation: anim=android.view.animation.AlphaAnimation@c361e51 animAttr=0x7 type=CLOSE isEntrance=false
06-24 16:49:36.503 901 979 V WindowManagerShell: animated by com.android.wm.shell.transition.DefaultTransitionHandler@7916d4
06-24 16:49:36.535 901 979 D WindowManagerShell: TvPipController: onTaskStackChanged()
06-24 16:49:36.560 685 709 W ContextImpl: Calling a method in the system process without a qualified user: android.app.ContextImpl.startService:1899 com.android.server.wm.DisplayPolicy.lambda$focusChangedLw$5:2126 com.android.server.wm.DisplayPolicy.$r8$lambda$Znxk63oh-WzVnzo_WQefN7uxV48:0 com.android.server.wm.DisplayPolicy$$ExternalSyntheticLambda13.run:0 android.os.Handler.handleCallback:958
06-24 16:49:36.615 0 0 W : [2 T23668 ..] [SP FRAME TX] arp req,vif_idx:0 sender:[1c:79:2d:20:62:cb 192.168.3.75]receiver:[00:00:00:00:00:00 192.168.3.178]
06-24 16:49:36.620 0 0 W : [3 T1046 ..] [SP FRAME RX] arp rsp,vif_idx:0 sender:[42:b8:8f:60:49:b1 192.168.3.178]receiver:[1c:79:2d:20:62:cb 192.168.3.75]
06-24 16:49:36.905 901 979 V WindowManagerShell: Transition animation finished (aborted=false), notifying core (#629)android.os.BinderProxy@835e519@0
06-24 16:49:36.907 685 708 V WindowManager: Finish Transition #629: created at
06-24 16:49:36.425 collect-started=0.051ms request-sent=0.127ms started=3.67ms ready=9.519ms sent=70.379ms finished=481.592ms
06-24 16:49:36.909 901 979 V WindowManagerShell: Track 0 became idle
06-24 16:49:36.909 901 979 V WindowManagerShell: All active transition animations finished
06-24 16:49:36.945 685 952 D CoreBackPreview: Window{ad4d173 u0 com.tv.filemanager.os/com.dangbei.localpicture.LocalViewerActivity}: Setting back callback null
06-24 16:49:37.720 685 952 E Transition: Trying to add a ready-group twice: Display{#0 state=ON size=1920x1080 ROTATION_0}
06-24 16:49:37.721 685 952 I ActivityTaskManager: START u0 {act=android.intent.action.VIEW dat=file:///... typ=image/* flg=0x10000001 cmp=com.tv.filemanager.os/com.dangbei.localpicture.LocalViewerActivity} with LAUNCH_MULTIPLE from uid 10041 (BAL_ALLOW_VISIBLE_WINDOW) result code=0
06-24 16:49:37.722 901 979 V WindowManagerShell: Transition requested: android.os.BinderProxy@2ed4e8d TransitionRequestInfo { type = 1, triggerTask = TaskInfo{userId=0 taskId=196 displayId=0 isRunning=true baseIntent=Intent { act=android.intent.action.MAIN cat=[android.intent.category.LAUNCHER] flg=0x10000000 pkg=com.tv.filemanager.os cmp=com.tv.filemanager.os/com.dangbei.lerad.filemanager.ui.home.ManagerHomeActivity } baseActivity=ComponentInfo{com.tv.filemanager.os/com.dangbei.lerad.filemanager.ui.home.ManagerHomeActivity} topActivity=ComponentInfo{com.tv.filemanager.os/com.dangbei.localpicture.LocalViewerActivity} origActivity=null realActivity=ComponentInfo{com.tv.filemanager.os/com.dangbei.lerad.filemanager.ui.home.ManagerHomeActivity} numActivities=4 lastActiveTime=20385620 supportsMultiWindow=true resizeMode=1 isResizeable=true minWidth=-1 minHeight=-1 defaultMinSize=220 token=WCT{android.window.IWindowContainerToken$Stub$Proxy@b079842} topActivityType=1 pictureInPictureParams=null shouldDockBigOverlays=true launchIntoPipHostTaskId=-1 lastParentTaskIdBeforePip=-1 displayCutoutSafeInsets=null topActivityInfo=ActivityInfo{7ac2053 com.dangbei.localpicture.LocalViewerActivity} launchCookies=[] positionInParent=Point(0, 0) parentTaskId=-1 isFocused=true isVisible=true isVisibleRequested=true isSleeping=false topActivityInSizeCompat=false topActivityEligibleForLetterboxEducation= false isLetterboxDoubleTapEnabled= false topActivityEligibleForUserAspectRatioButton= false topActivityBoundsLetterboxed= false isFromLetterboxDoubleTap= false topActivityLetterboxVerticalPosition= -1 topActivityLetterboxHorizontalPosition= -1 topActivityLetterboxWidth=-1 topActivityLetterboxHeight=-1 isUserFullscreenOverrideEnabled=false isTopActivityTransparent=false locusId=null displayAreaFeatureId=1 cameraCompatControlState=hidden}, remoteTransition = null, displayChange = null, flags = 0 }
06-24 16:49:37.728 685 952 V WindowManager: app ------------- force_land :0
06-24 16:49:37.728 685 952 V WindowManager: app ------------- force_land :0
06-24 16:49:37.728 685 952 V WindowManager: app ------------- force_land :0
06-24 16:49:37.766 685 952 W WindowManager: [addWindow] title:com.tv.filemanager.os/com.dangbei.localpicture.LocalViewerActivity
06-24 16:49:37.772 685 952 D CoreBackPreview: Window{7619f7f u0 com.tv.filemanager.os/com.dangbei.localpicture.LocalViewerActivity}: Setting back callback OnBackInvokedCallbackInfo{mCallback=android.window.IOnBackInvokedCallback$Stub$Proxy@136e795, mPriority=0, mIsAnimationCallback=false}
06-24 16:49:37.810 0 0 W : [3 T1046 ..] [SP FRAME RX] arp req,vif_idx:0 sender:[fa:f0:09:28:64:31 192.168.3.73]receiver:[00:00:00:00:00:00 192.168.3.75]
06-24 16:49:37.811 0 0 W : [3 T1046 ..] [SP FRAME TX] arp rsp,vif_idx:0 sender:[1c:79:2d:20:62:cb 192.168.3.75]receiver:[fa:f0:09:28:64:31 192.168.3.73]
06-24 16:49:37.804 901 979 V WindowManagerShell: onTransitionReady android.os.BinderProxy@2ed4e8d: {id=630 t=OPEN f=0x0 trk=0 r=[0@Point(0, 0)] c=[{null m=OPEN f=FILLS_TASK leash=Surface(name=ActivityRecord{7ebfd20 u0 com.tv.filemanager.os/com.dangbei.localpicture.LocalViewerActivity)/@0x9553d90 sb=Rect(0, 0 - 0, 0) eb=Rect(0, 0 - 1920, 1080) d=-1->0 r=-1->0:-1},{null m=TO_BACK f=FILLS_TASK leash=Surface(name=ActivityRecord{bf73502 u0 com.tv.filemanager.os/com.dangbei.lerad.filemanager.ui.info.ManagerFileListActivity)/@0xf6d4689 sb=Rect(0, 0 - 1920, 1080) eb=Rect(0, 0 - 1920, 1080) d=0}]}
06-24 16:49:37.805 901 979 V WindowManagerShell: Playing animation for (#630)android.os.BinderProxy@2ed4e8d@0
06-24 16:49:37.805 901 979 V WindowManagerShell: try handler com.android.wm.shell.keyguard.KeyguardTransitionHandler@24e2028
06-24 16:49:37.805 901 979 V WindowManagerShell: try handler com.android.wm.shell.pip.tv.TvPipTransition@1141
06-24 16:49:37.805 901 979 V WindowManagerShell: try handler com.android.wm.shell.activityembedding.ActivityEmbeddingController@e8f56e6
06-24 16:49:37.805 901 979 V WindowManagerShell: try handler com.android.wm.shell.transition.RemoteTransitionHandler@b664427
06-24 16:49:37.805 901 979 V WindowManagerShell: Transition doesn't have explicit remote, search filters for match for {id=630 t=OPEN f=0x0 trk=0 r=[0@Point(0, 0)] c=[{null m=OPEN f=FILLS_TASK leash=Surface(name=ActivityRecord{7ebfd20 u0 com.tv.filemanager.os/com.dangbei.localpicture.LocalViewerActivity)/@0x9553d90 sb=Rect(0, 0 - 0, 0) eb=Rect(0, 0 - 1920, 1080) d=-1->0 r=-1->0:-1},{null m=TO_BACK f=FILLS_TASK leash=Surface(name=ActivityRecord{bf73502 u0 com.tv.filemanager.os/com.dangbei.lerad.filemanager.ui.info.ManagerFileListActivity)/@0xf6d4689 sb=Rect(0, 0 - 1920, 1080) eb=Rect(0, 0 - 1920, 1080) d=0}]}
06-24 16:49:37.805 901 979 V WindowManagerShell: Delegate animation for #630 to null
06-24 16:49:37.805 901 979 V WindowManagerShell: try handler com.android.wm.shell.transition.DefaultTransitionHandler@7916d4
06-24 16:49:37.805 901 979 V WindowManagerShell: start default transition animation, info = {id=630 t=OPEN f=0x0 trk=0 r=[0@Point(0, 0)] c=[{null m=OPEN f=FILLS_TASK leash=Surface(name=ActivityRecord{7ebfd20 u0 com.tv.filemanager.os/com.dangbei.localpicture.LocalViewerActivity)/@0x9553d90 sb=Rect(0, 0 - 0, 0) eb=Rect(0, 0 - 1920, 1080) d=-1->0 r=-1->0:-1},{null m=TO_BACK f=FILLS_TASK leash=Surface(name=ActivityRecord{bf73502 u0 com.tv.filemanager.os/com.dangbei.lerad.filemanager.ui.info.ManagerFileListActivity)/@0xf6d4689 sb=Rect(0, 0 - 1920, 1080) eb=Rect(0, 0 - 1920, 1080) d=0}]}
06-24 16:49:37.806 901 979 V WindowManagerShell: loadAnimation: anim=android.view.animation.AlphaAnimation@ff8a2bc animAttr=0x5 type=OPEN isEntrance=false
06-24 16:49:37.806 685 708 V WindowManager: Sent Transition #630 createdAt=06-24 16:49:37.714 via request=TransitionRequestInfo { type = 1, triggerTask = TaskInfo{userId=0 taskId=196 displayId=0 isRunning=true baseIntent=Intent { act=android.intent.action.MAIN cat=[android.intent.category.LAUNCHER] flg=0x10000000 pkg=com.tv.filemanager.os cmp=com.tv.filemanager.os/com.dangbei.lerad.filemanager.ui.home.ManagerHomeActivity } baseActivity=ComponentInfo{com.tv.filemanager.os/com.dangbei.lerad.filemanager.ui.home.ManagerHomeActivity} topActivity=ComponentInfo{com.tv.filemanager.os/com.dangbei.localpicture.LocalViewerActivity} origActivity=null realActivity=ComponentInfo{com.tv.filemanager.os/com.dangbei.lerad.filemanager.ui.home.ManagerHomeActivity} numActivities=4 lastActiveTime=20385620 supportsMultiWindow=true resizeMode=1 isResizeable=true minWidth=-1 minHeight=-1 defaultMinSize=220 token=WCT{RemoteToken{2f9b8c0 Task{a5d53ea #196 type=standard A=10041:com.tv.filemanager.os}}} topActivityType=1 pictureInPictureParams=null shouldDockBigOverlays=true launchIntoPipHostTaskId=-1 lastParentTaskIdBeforePip=-1 displayCutoutSafeInsets=null topActivityInfo=ActivityInfo{8a85038 com.dangbei.localpicture.LocalViewerActivity} launchCookies=[] positionInParent=Point(0, 0) parentTaskId=-1 isFocused=true isVisible=true isVisibleRequested=true isSleeping=false topActivityInSizeCompat=false topActivityEligibleForLetterboxEducation= false isLetterboxDoubleTapEnabled= false topActivityEligibleForUserAspectRatioButton= false topActivityBoundsLetterboxed= false isFromLetterboxDoubleTap= false topActivityLetterboxVerticalPosition= -1 topActivityLetterboxHorizontalPosition= -1 topActivityLetterboxWidth=-1 topActivityLetterboxHeight=-1 isUserFullscreenOverrideEnabled=false isTopActivityTransparent=false locusId=null displayAreaFeatureId=1 cameraCompatControlState=hidden}, remoteTransition = null, displayChange = null, flags = 0 }
06-24 16:49:37.806 685 708 V WindowManager: startWCT=WindowContainerTransaction { changes = {} hops = [] errorCallbackToken=null taskFragmentOrganizer=null }
06-24 16:49:37.807 685 708 V WindowManager: info={id=630 t=OPEN f=0x0 trk=0 r=[0@Point(0, 0)] c=[{null m=OPEN f=FILLS_TASK leash=Surface(name=ActivityRecord{7ebfd20 u0 com.tv.filemanager.os/com.dangbei.localpicture.LocalViewerActivity)/@0x12e30aa sb=Rect(0, 0 - 0, 0) eb=Rect(0, 0 - 1920, 1080) d=-1->0 r=-1->0:-1},{null m=TO_BACK f=FILLS_TASK leash=Surface(name=ActivityRecord{bf73502 u0 com.tv.filemanager.os/com.dangbei.lerad.filemanager.ui.info.ManagerFileListActivity)/@0xc4d597c sb=Rect(0, 0 - 1920, 1080) eb=Rect(0, 0 - 1920, 1080) d=0}]}
06-24 16:49:37.809 901 979 V WindowManagerShell: loadAnimation: anim=android.view.animation.AlphaAnimation@5b3ed9a animAttr=0x4 type=OPEN isEntrance=true
06-24 16:49:37.811 901 979 V WindowManagerShell: animated by com.android.wm.shell.transition.DefaultTransitionHandler@7916d4
06-24 16:49:37.831 901 979 D WindowManagerShell: TvPipController: onTaskStackChanged()
06-24 16:49:37.834 685 1076 W WindowManager: [addWindow] title:com.tv.filemanager.os/com.dangbei.localpicture.LocalViewerActivity
06-24 16:49:37.879 685 709 W ContextImpl: Calling a method in the system process without a qualified user: android.app.ContextImpl.startService:1899 com.android.server.wm.DisplayPolicy.lambda$focusChangedLw$5:2126 com.android.server.wm.DisplayPolicy.$r8$lambda$Znxk63oh-WzVnzo_WQefN7uxV48:0 com.android.server.wm.DisplayPolicy$$ExternalSyntheticLambda13.run:0 android.os.Handler.handleCallback:958
06-24 16:49:37.936 685 709 W ContextImpl: Calling a method in the system process without a qualified user: android.app.ContextImpl.startService:1899 com.android.server.wm.DisplayPolicy.lambda$focusChangedLw$5:2126 com.android.server.wm.DisplayPolicy.$r8$lambda$Znxk63oh-WzVnzo_WQefN7uxV48:0 com.android.server.wm.DisplayPolicy$$ExternalSyntheticLambda13.run:0 android.os.Handler.handleCallback:958
06-24 16:49:37.945 685 709 W ContextImpl: Calling a method in the system process without a qualified user: android.app.ContextImpl.startService:1899 com.android.server.wm.DisplayPolicy.lambda$focusChangedLw$5:2126 com.android.server.wm.DisplayPolicy.$r8$lambda$Znxk63oh-WzVnzo_WQefN7uxV48:0 com.android.server.wm.DisplayPolicy$$ExternalSyntheticLambda13.run:0 android.os.Handler.handleCallback:958
06-24 16:49:38.224 901 979 V WindowManagerShell: Transition animation finished (aborted=false), notifying core (#630)android.os.BinderProxy@2ed4e8d@0
06-24 16:49:38.226 685 708 V WindowManager: Finish Transition #630: created at
06-24 16:49:37.714 collect-started=0.045ms request-sent=5.839ms started=9.935ms ready=15.672ms sent=87.664ms finished=510.535ms
06-24 16:49:38.230 901 979 V WindowManagerShell: Track 0 became idle
06-24 16:49:38.230 901 979 V WindowManagerShell: All active transition animations finished
06-24 16:49:38.812 685 1076 W WindowManager: [addWindow] title:com.tv.filemanager.os/com.dangbei.localpicture.LocalViewerActivity
06-24 16:49:38.827 685 1076 D CoreBackPreview: Window{fadfa8b u0 com.tv.filemanager.os/com.dangbei.localpicture.LocalViewerActivity}: Setting back callback OnBackInvokedCallbackInfo{mCallback=android.window.IOnBackInvokedCallback$Stub$Proxy@ce57781, mPriority=0, mIsAnimationCallback=false}
06-24 16:49:38.916 685 709 W ContextImpl: Calling a method in the system process without a qualified user: android.app.ContextImpl.startService:1899 com.android.server.wm.DisplayPolicy.lambda$focusChangedLw$5:2126 com.android.server.wm.DisplayPolicy.$r8$lambda$Znxk63oh-WzVnzo_WQefN7uxV48:0 com.android.server.wm.DisplayPolicy$$ExternalSyntheticLambda13.run:0 android.os.Handler.handleCallback:958
06-24 16:49:39.010 685 701 D CoreBackPreview: Window{fadfa8b u0 com.tv.filemanager.os/com.dangbei.localpicture.LocalViewerActivity}: Setting back callback null
06-24 16:49:39.025 685 711 V WindowManager: Unknown focus tokens, dropping reportFocusChanged
06-24 16:49:39.116 685 709 W ContextImpl: Calling a method in the system process without a qualified user: android.app.ContextImpl.startService:1899 com.android.server.wm.DisplayPolicy.lambda$focusChangedLw$5:2126 com.android.server.wm.DisplayPolicy.$r8$lambda$Znxk63oh-WzVnzo_WQefN7uxV48:0 com.android.server.wm.DisplayPolicy$$ExternalSyntheticLambda13.run:0 android.os.Handler.handleCallback:958
06-24 16:49:39.295 685 701 W WindowManager: [addWindow] title:com.tv.filemanager.os/com.dangbei.localpicture.LocalViewerActivity
06-24 16:49:39.313 685 701 D CoreBackPreview: Window{738c84f u0 com.tv.filemanager.os/com.dangbei.localpicture.LocalViewerActivity}: Setting back callback OnBackInvokedCallbackInfo{mCallback=android.window.IOnBackInvokedCallback$Stub$Proxy@2a3c4e5, mPriority=0, mIsAnimationCallback=false}
06-24 16:49:39.398 685 709 W ContextImpl: Calling a method in the system process without a qualified user: android.app.ContextImpl.startService:1899 com.android.server.wm.DisplayPolicy.lambda$focusChangedLw$5:2126 com.android.server.wm.DisplayPolicy.$r8$lambda$Znxk63oh-WzVnzo_WQefN7uxV48:0 com.android.server.wm.DisplayPolicy$$ExternalSyntheticLambda13.run:0 android.os.Handler.handleCallback:958
06-24 16:49:39.507 0 0 W : [2 T1046 ..] [SP FRAME RX] arp req,vif_idx:0 sender:[9a:86:f7:27:5c:25 192.168.3.169]receiver:[00:00:00:00:00:00 192.168.3.75]
06-24 16:49:39.508 0 0 W : [2 T1046 ..] [SP FRAME TX] arp rsp,vif_idx:0 sender:[1c:79:2d:20:62:cb 192.168.3.75]receiver:[9a:86:f7:27:5c:25 192.168.3.169]
06-24 16:49:40.194 685 952 D CoreBackPreview: Window{738c84f u0 com.tv.filemanager.os/com.dangbei.localpicture.LocalViewerActivity}: Setting back callback null
06-24 16:49:40.213 685 711 V WindowManager: Unknown focus tokens, dropping reportFocusChanged
06-24 16:49:40.301 685 709 W ContextImpl: Calling a method in the system process without a qualified user: android.app.ContextImpl.startService:1899 com.android.server.wm.DisplayPolicy.lambda$focusChangedLw$5:2126 com.android.server.wm.DisplayPolicy.$r8$lambda$Znxk63oh-WzVnzo_WQefN7uxV48:0 com.android.server.wm.DisplayPolicy$$ExternalSyntheticLambda13.run:0 android.os.Handler.handleCallback:958
06-24 16:49:40.369 685 952 W WindowManager: [addWindow] title:com.tv.filemanager.os/com.dangbei.localpicture.LocalViewerActivity
06-24 16:49:40.391 685 952 D CoreBackPreview: Window{3fd6b10 u0 com.tv.filemanager.os/com.dangbei.localpicture.LocalViewerActivity}: Setting back callback OnBackInvokedCallbackInfo{mCallback=android.window.IOnBackInvokedCallback$Stub$Proxy@954a00e, mPriority=0, mIsAnimationCallback=false}
06-24 16:49:40.453 685 1390 E TaskPersister: File error accessing recents directory (directory doesn't exist?).
06-24 16:49:40.474 685 709 W ContextImpl: Calling a method in the system process without a qualified user: android.app.ContextImpl.startService:1899 com.android.server.wm.DisplayPolicy.lambda$focusChangedLw$5:2126 com.android.server.wm.DisplayPolicy.$r8$lambda$Znxk63oh-WzVnzo_WQefN7uxV48:0 com.android.server.wm.DisplayPolicy$$ExternalSyntheticLambda13.run:0 android.os.Handler.handleCallback:958
06-24 16:49:40.480 685 952 D CoreBackPreview: Window{3fd6b10 u0 com.tv.filemanager.os/com.dangbei.localpicture.LocalViewerActivity}: Setting back callback null
06-24 16:49:40.502 0 0 W : [0 T1046 ..] [SP FRAME RX] arp req,vif_idx:0 sender:[0c:91:60:12:cd:6e 192.168.3.81]receiver:[00:00:00:00:00:00 192.168.3.75]
06-24 16:49:40.503 0 0 W : [0 T1046 ..] [SP FRAME TX] arp rsp,vif_idx:0 sender:[1c:79:2d:20:62:cb 192.168.3.75]receiver:[0c:91:60:12:cd:6e 192.168.3.81]
06-24 16:49:40.510 685 711 V WindowManager: Unknown focus tokens, dropping reportFocusChanged
06-24 16:49:40.575 0 0 W : [1 T1046 ..] [SP FRAME RX] arp req,vif_idx:0 sender:[d2:07:9a:6e:a7:36 192.168.3.27]receiver:[00:00:00:00:00:00 192.168.3.75]
06-24 16:49:40.576 0 0 W : [1 T1046 ..] [SP FRAME TX] arp rsp,vif_idx:0 sender:[1c:79:2d:20:62:cb 192.168.3.75]receiver:[d2:07:9a:6e:a7:36 192.168.3.27]
06-24 16:49:40.598 685 709 W ContextImpl: Calling a method in the system process without a qualified user: android.app.ContextImpl.startService:1899 com.android.server.wm.DisplayPolicy.lambda$focusChangedLw$5:2126 com.android.server.wm.DisplayPolicy.$r8$lambda$Znxk63oh-WzVnzo_WQefN7uxV48:0 com.android.server.wm.DisplayPolicy$$ExternalSyntheticLambda13.run:0 android.os.Handler.handleCallback:958
06-24 16:49:40.603 685 952 W WindowManager: [addWindow] title:com.tv.filemanager.os/com.dangbei.localpicture.LocalViewerActivity
06-24 16:49:40.612 685 701 D CoreBackPreview: Window{4726d1f u0 com.tv.filemanager.os/com.dangbei.localpicture.LocalViewerActivity}: Setting back callback OnBackInvokedCallbackInfo{mCallback=android.window.IOnBackInvokedCallback$Stub$Proxy@80d7e35, mPriority=0, mIsAnimationCallback=false}
06-24 16:49:40.698 685 701 D CoreBackPreview: Window{4726d1f u0 com.tv.filemanager.os/com.dangbei.localpicture.LocalViewerActivity}: Setting back callback null
06-24 16:49:40.706 685 709 W ContextImpl: Calling a method in the system process without a qualified user: android.app.ContextImpl.startService:1899 com.android.server.wm.DisplayPolicy.lambda$focusChangedLw$5:2126 com.android.server.wm.DisplayPolicy.$r8$lambda$Znxk63oh-WzVnzo_WQefN7uxV48:0 com.android.server.wm.DisplayPolicy$$ExternalSyntheticLambda13.run:0 android.os.Handler.handleCallback:958
06-24 16:49:40.721 685 711 V WindowManager: Unknown focus tokens, dropping reportFocusChanged
06-24 16:49:40.756 0 0 W : [1 T1046 ..] [SP FRAME RX] arp req,vif_idx:0 sender:[28:7b:11:70:51:1f 192.168.3.44]receiver:[00:00:00:00:00:00 192.168.3.75]
06-24 16:49:40.757 0 0 W : [1 T1046 ..] [SP FRAME TX] arp rsp,vif_idx:0 sender:[1c:79:2d:20:62:cb 192.168.3.75]receiver:[28:7b:11:70:51:1f 192.168.3.44]
06-24 16:49:40.813 685 1076 W WindowManager: [addWindow] title:com.tv.filemanager.os/com.dangbei.localpicture.LocalViewerActivity
06-24 16:49:40.815 685 709 W ContextImpl: Calling a method in the system process without a qualified user: android.app.ContextImpl.startService:1899 com.android.server.wm.DisplayPolicy.lambda$focusChangedLw$5:2126 com.android.server.wm.DisplayPolicy.$r8$lambda$Znxk63oh-WzVnzo_WQefN7uxV48:0 com.android.server.wm.DisplayPolicy$$ExternalSyntheticLambda13.run:0 android.os.Handler.handleCallback:958
06-24 16:49:40.832 685 1076 D CoreBackPreview: Window{57a3ccc u0 com.tv.filemanager.os/com.dangbei.localpicture.LocalViewerActivity}: Setting back callback OnBackInvokedCallbackInfo{mCallback=android.window.IOnBackInvokedCallback$Stub$Proxy@ca9be2a, mPriority=0, mIsAnimationCallback=false}
06-24 16:49:40.878 685 1076 D CoreBackPreview: Window{57a3ccc u0 com.tv.filemanager.os/com.dangbei.localpicture.LocalViewerActivity}: Setting back callback null
06-24 16:49:40.894 685 711 V WindowManager: Unknown focus tokens, dropping reportFocusChanged
06-24 16:49:40.918 685 709 W ContextImpl: Calling a method in the system process without a qualified user: android.app.ContextImpl.startService:1899 com.android.server.wm.DisplayPolicy.lambda$focusChangedLw$5:2126 com.android.server.wm.DisplayPolicy.$r8$lambda$Znxk63oh-WzVnzo_WQefN7uxV48:0 com.android.server.wm.DisplayPolicy$$ExternalSyntheticLambda13.run:0 android.os.Handler.handleCallback:958
06-24 16:49:40.965 0 0 W : [1 T1046 ..] [SP FRAME RX] arp req,vif_idx:0 sender:[c6:ce:03:3d:c3:bd 192.168.3.118]receiver:[00:00:00:00:00:00 192.168.3.75]
06-24 16:49:40.966 0 0 W : [1 T1046 ..] [SP FRAME TX] arp rsp,vif_idx:0 sender:[1c:79:2d:20:62:cb 192.168.3.75]receiver:[c6:ce:03:3d:c3:bd 192.168.3.118]
06-24 16:49:40.988 685 709 W ContextImpl: Calling a method in the system process without a qualified user: android.app.ContextImpl.startService:1899 com.android.server.wm.DisplayPolicy.lambda$focusChangedLw$5:2126 com.android.server.wm.DisplayPolicy.$r8$lambda$Znxk63oh-WzVnzo_WQefN7uxV48:0 com.android.server.wm.DisplayPolicy$$ExternalSyntheticLambda13.run:0 android.os.Handler.handleCallback:958
06-24 16:49:41.715 685 1076 W WindowManager: [addWindow] title:com.tv.filemanager.os/com.dangbei.localpicture.LocalViewerActivity
06-24 16:49:41.732 685 1076 D CoreBackPreview: Window{b0fe394 u0 com.tv.filemanager.os/com.dangbei.localpicture.LocalViewerActivity}: Setting back callback OnBackInvokedCallbackInfo{mCallback=android.window.IOnBackInvokedCallback$Stub$Proxy@7ef7632, mPriority=0, mIsAnimationCallback=false}
06-24 16:49:41.814 685 952 D CoreBackPreview: Window{b0fe394 u0 com.tv.filemanager.os/com.dangbei.localpicture.LocalViewerActivity}: Setting back callback null
06-24 16:49:41.818 685 709 W ContextImpl: Calling a method in the system process without a qualified user: android.app.ContextImpl.startService:1899 com.android.server.wm.DisplayPolicy.lambda$focusChangedLw$5:2126 com.android.server.wm.DisplayPolicy.$r8$lambda$Znxk63oh-WzVnzo_WQefN7uxV48:0 com.android.server.wm.DisplayPolicy$$ExternalSyntheticLambda13.run:0 android.os.Handler.handleCallback:958
06-24 16:49:41.836 685 711 V WindowManager: Unknown focus tokens, dropping reportFocusChanged
06-24 16:49:41.932 685 709 W ContextImpl: Calling a method in the system process without a qualified user: android.app.ContextImpl.startService:1899 com.android.server.wm.DisplayPolicy.lambda$focusChangedLw$5:2126 com.android.server.wm.DisplayPolicy.$r8$lambda$Znxk63oh-WzVnzo_WQefN7uxV48:0 com.android.server.wm.DisplayPolicy$$ExternalSyntheticLambda13.run:0 android.os.Handler.handleCallback:958
06-24 16:49:42.064 0 0 W : [3 T1046 ..] [SP FRAME RX] arp req,vif_idx:0 sender:[3a:fd:3d:ee:5f:54 192.168.3.129]receiver:[00:00:00:00:00:00 192.168.3.75]
06-24 16:49:42.065 0 0 W : [3 T1046 ..] [SP FRAME TX] arp rsp,vif_idx:0 sender:[1c:79:2d:20:62:cb 192.168.3.75]receiver:[3a:fd:3d:ee:5f:54 192.168.3.129]
06-24 16:49:42.307 685 1076 W WindowManager: [addWindow] title:com.tv.filemanager.os/com.dangbei.localpicture.LocalViewerActivity
06-24 16:49:42.314 685 1076 D CoreBackPreview: Window{97079eb u0 com.tv.filemanager.os/com.dangbei.localpicture.LocalViewerActivity}: Setting back callback OnBackInvokedCallbackInfo{mCallback=android.window.IOnBackInvokedCallback$Stub$Proxy@90b75e1, mPriority=0, mIsAnimationCallback=false}
06-24 16:49:42.363 685 1076 D CoreBackPreview: Window{97079eb u0 com.tv.filemanager.os/com.dangbei.localpicture.LocalViewerActivity}: Setting back callback null
06-24 16:49:42.410 685 709 W ContextImpl: Calling a method in the system process without a qualified user: android.app.ContextImpl.startService:1899 com.android.server.wm.DisplayPolicy.lambda$focusChangedLw$5:2126 com.android.server.wm.DisplayPolicy.$r8$lambda$Znxk63oh-WzVnzo_WQefN7uxV48:0 com.android.server.wm.DisplayPolicy$$ExternalSyntheticLambda13.run:0 android.os.Handler.handleCallback:958
06-24 16:49:42.469 685 709 W ContextImpl: Calling a method in the system process without a qualified user: android.app.ContextImpl.startService:1899 com.android.server.wm.DisplayPolicy.lambda$focusChangedLw$5:2126 com.android.server.wm.DisplayPolicy.$r8$lambda$Znxk63oh-WzVnzo_WQefN7uxV48:0 com.android.server.wm.DisplayPolicy$$ExternalSyntheticLambda13.run:0 android.os.Handler.handleCallback:958
06-24 16:49:42.890 685 952 D CompatibilityChangeReporter: Compat change id reported: 171306433; UID 1000; state: ENABLED
06-24 16:49:42.891 685 952 D CompatibilityChangeReporter: Compat change id reported: 218533173; UID 1000; state: ENABLED
06-24 16:49:45.948 0 0 W [2 T6511 ..] audit: audit_lost=23006 audit_rate_limit=5 audit_backlog_limit=64
