06-24 16:48:59.450 685 800 I StorageManagerService: type=PUBLIC diskId=disk:8,0 partGuid= mountFlags=VISIBLE_FOR_WRITE
06-24 16:48:59.450 685 800 I StorageManagerService: mountUserId=0 state=UNMOUNTED
06-24 16:48:59.450 685 800 I StorageManagerService: fsType=null fsUuid=null fsLabel=null
06-24 16:48:59.450 685 800 I StorageManagerService: path=null internalPath=null
06-24 16:48:59.451 231 285 D vold : /system/bin/blkid
06-24 16:48:59.451 231 285 D vold : -c
06-24 16:48:59.451 231 285 D vold : /dev/null
06-24 16:48:59.451 231 285 D vold : -s
06-24 16:48:59.451 231 285 D vold : TYPE
06-24 16:48:59.451 231 285 D vold : -s
06-24 16:48:59.451 231 285 D vold : UUID
06-24 16:48:59.451 231 285 D vold : -s
06-24 16:48:59.451 231 285 D vold : LABEL
06-24 16:48:59.451 231 285 D vold : /dev/block/vold/public:8,1
06-24 16:48:59.485 231 285 D vold : /dev/block/vold/public:8,1: LABEL="PSF2" UUID="DD42-0C16" TYPE="vfat"
06-24 16:48:59.488 6708 6708 D vold : /system/bin/fsck_msdos
06-24 16:48:59.488 6708 6708 D vold : -p
06-24 16:48:59.488 6708 6708 D vold : -f
06-24 16:48:59.488 6708 6708 D vold : -y
06-24 16:48:59.488 6708 6708 D vold : /dev/block/vold/public:8,1
06-24 16:49:00.014 231 285 I vold : Filesystem check completed OK
06-24 16:49:00.039 0 0 W : [1 T285 ..] FAT-fs (sda1): Volume was not properly unmounted. Some data may be corrupt. Please run fsck.
06-24 16:49:00.031 231 285 I vold : Mounting public fuse volume
06-24 16:49:00.040 231 285 I vold : Bind mounting /mnt/media_rw/DD42-0C16 to /mnt/pass_through/0/DD42-0C16
06-24 16:49:00.041 685 800 I StorageSessionController: On volume mount VolumeInfo{public:8,1}:
06-24 16:49:00.041 685 800 I StorageSessionController: type=PUBLIC diskId=disk:8,0 partGuid= mountFlags=VISIBLE_FOR_WRITE
06-24 16:49:00.041 685 800 I StorageSessionController: mountUserId=0 state=CHECKING
06-24 16:49:00.041 685 800 I StorageSessionController: fsType=vfat fsUuid=DD42-0C16 fsLabel=PSF2
06-24 16:49:00.041 685 800 I StorageSessionController: path=/storage/DD42-0C16 internalPath=/mnt/media_rw/DD42-0C16
06-24 16:49:00.043 685 800 I StorageSessionController: Creating and starting session with id: public:8,1
06-24 16:49:00.648 0 0 W [3 T24735 ..] audit: audit_lost=22880 audit_rate_limit=5 audit_backlog_limit=64
06-24 16:49:00.649 0 0 E [3 T24735 ..] audit: rate limit exceeded
06-24 16:49:00.936 0 0 W : [2 T1046 ..] [SP FRAME RX] arp req,vif_idx:0 sender:[12:3c:2c:e1:84:9f 192.168.3.254]receiver:[00:00:00:00:00:00 192.168.3.75]
06-24 16:49:00.937 0 0 W : [2 T1046 ..] [SP FRAME TX] arp rsp,vif_idx:0 sender:[1c:79:2d:20:62:cb 192.168.3.75]receiver:[12:3c:2c:e1:84:9f 192.168.3.254]
06-24 16:49:01.002 0 0 W : [1 T9875 .s] [SP FRAME TX] arp req,vif_idx:0 sender:[1c:79:2d:20:62:cb 192.168.3.75]receiver:[00:00:00:00:00:00 192.168.3.254]
06-24 16:49:01.007 0 0 W : [2 T1046 ..] [SP FRAME RX] arp rsp,vif_idx:0 sender:[12:3c:2c:e1:84:9f 192.168.3.254]receiver:[1c:79:2d:20:62:cb 192.168.3.75]
06-24 16:49:01.048 231 285 I vold : Configuring read_ahead of /mnt/user/0/DD42-0C16 fuse filesystem to 256kb
06-24 16:49:01.049 231 285 I vold : Writing 256 to /sys/class/bdi/0:106/read_ahead_kb
06-24 16:49:01.049 231 285 I vold : Configuring max_ratio of /mnt/user/0/DD42-0C16 fuse filesystem to 40
06-24 16:49:01.049 231 285 I vold : Writing 40 to /sys/class/bdi/0:106/max_ratio
06-24 16:49:01.049 685 800 I StorageManagerService: Mounted volume VolumeInfo{public:8,1}:
06-24 16:49:01.049 685 800 I StorageManagerService: type=PUBLIC diskId=disk:8,0 partGuid= mountFlags=VISIBLE_FOR_WRITE
06-24 16:49:01.049 685 800 I StorageManagerService: mountUserId=0 state=MOUNTED
06-24 16:49:01.049 685 800 I StorageManagerService: fsType=vfat fsUuid=DD42-0C16 fsLabel=PSF2
06-24 16:49:01.049 685 800 I StorageManagerService: path=/storage/DD42-0C16 internalPath=/mnt/media_rw/DD42-0C16
06-24 16:49:01.050 685 800 I StorageSessionController: Notifying volume state changed for session with id: public:8,1
06-24 16:49:01.057 685 800 I StorageSessionController: Notifying volume state changed for session with id: public:8,1
06-24 16:49:01.078 685 800 I StorageSessionController: Notifying volume state changed for session with id: public:8,1
06-24 16:49:01.100 685 800 D StorageManagerService: Volume public:8,1 broadcasting checking to UserHandle{0}
06-24 16:49:01.100 685 718 D ActivityManager: sync unfroze 2225 com.android.externalstorage for 3
06-24 16:49:01.105 685 718 D ActivityManager: sync unfroze 2260 net.myvst.v2 for 3
06-24 16:49:01.109 685 800 D StorageManagerService: Volume public:8,1 broadcasting mounted to UserHandle{0}
06-24 16:49:01.286 685 685 W NotificationHistory: Attempted to add notif for locked/gone/disabled user 0
06-24 16:49:01.311 685 9054 D CompatibilityChangeReporter: Compat change id reported: 182734110; UID 10085; state: DISABLED
06-24 16:49:01.628 685 24239 W WindowManager: [addWindow] title:
06-24 16:49:01.650 685 718 I ActivityManager: com.oranth.usbopenft is exempt from freezer
06-24 16:49:01.651 685 718 D CompatibilityChangeReporter: Compat change id reported: 135634846; UID 1000; state: DISABLED
06-24 16:49:01.681 685 719 I ActivityManager: Start proc 6769:com.oranth.usbopenft/1000 for broadcast {com.oranth.usbopenft/com.oranth.usbopenft.UsbReceiver}
06-24 16:49:01.706 0 0 W [0 T6767 ..] audit: audit_lost=22902 audit_rate_limit=5 audit_backlog_limit=64
06-24 16:49:01.707 0 0 E [0 T6767 ..] audit: rate limit exceeded
06-24 16:49:01.732 685 24239 D CoreBackPreview: Window{d699bcd u0 com.tv.filemanager.os}: Setting back callback OnBackInvokedCallbackInfo{mCallback=android.window.IOnBackInvokedCallback$Stub$Proxy@7b654e8, mPriority=0, mIsAnimationCallback=false}
06-24 16:49:01.734 685 709 W ContextImpl: Calling a method in the system process without a qualified user: android.app.ContextImpl.startService:1899 com.android.server.wm.DisplayPolicy.lambda$focusChangedLw$5:2126 com.android.server.wm.DisplayPolicy.$r8$lambda$Znxk63oh-WzVnzo_WQefN7uxV48:0 com.android.server.wm.DisplayPolicy$$ExternalSyntheticLambda13.run:0 android.os.Handler.handleCallback:958
06-24 16:49:01.795 685 24239 W WindowManager: [addWindow] title:
06-24 16:49:01.830 685 24239 W WindowManager: [addWindow] title:Toast
06-24 16:49:01.863 685 24239 D CoreBackPreview: Window{9e6123d u0 com.dangbeimarket}: Setting back callback OnBackInvokedCallbackInfo{mCallback=android.window.IOnBackInvokedCallback$Stub$Proxy@c48b271, mPriority=0, mIsAnimationCallback=false}
06-24 16:49:01.893 685 6903 D CompatibilityChangeReporter: Compat change id reported: 135634846; UID 99018; state: DISABLED
06-24 16:49:01.896 685 719 D CompatibilityChangeReporter: Compat change id reported: 143937733; UID 10085; state: ENABLED
06-24 16:49:01.901 685 709 W ContextImpl: Calling a method in the system process without a qualified user: android.app.ContextImpl.startService:1899 com.android.server.wm.DisplayPolicy.lambda$focusChangedLw$5:2126 com.android.server.wm.DisplayPolicy.$r8$lambda$Znxk63oh-WzVnzo_WQefN7uxV48:0 com.android.server.wm.DisplayPolicy$$ExternalSyntheticLambda13.run:0 android.os.Handler.handleCallback:958
06-24 16:49:01.944 685 719 I ActivityManager: Start proc 6802:com.android.webview:sandboxed_process0:org.chromium.content.app.SandboxedProcessService0:0/u0i18 for {net.myvst.v2/org.chromium.content.app.SandboxedProcessService0:0}
06-24 16:49:01.944 685 719 W ActivityManager: Slow operation: 51ms so far, now at startProcess: starting to update pids map
06-24 16:49:01.944 685 719 W ActivityManager: Slow operation: 51ms so far, now at startProcess: done updating pids map
06-24 16:49:02.076 685 9054 D CoreBackPreview: Window{dad2d8a u0 Toast}: Setting back callback OnBackInvokedCallbackInfo{mCallback=android.window.IOnBackInvokedCallback$Stub$Proxy@22eeebf, mPriority=0, mIsAnimationCallback=false}
06-24 16:49:02.107 685 685 W NotificationHistory: Attempted to add notif for locked/gone/disabled user 0
06-24 16:49:02.133 685 9054 D CompatibilityChangeReporter: Compat change id reported: 168419799; UID 10085; state: DISABLED
06-24 16:49:02.133 685 9054 D CompatibilityChangeReporter: Compat change id reported: 273564678; UID 10085; state: DISABLED
06-24 16:49:02.295 685 751 D CompatibilityChangeReporter: Compat change id reported: 261072174; UID 10085; state: DISABLED
06-24 16:49:02.397 685 685 W NotificationHistory: Attempted to add notif for locked/gone/disabled user 0
06-24 16:49:02.638 2260 2260 W Looper : Slow delivery took 2476057ms main h=android.os.Handler c=com.vst.so.parser.l@f8b0c12 m=0
06-24 16:49:02.649 685 720 I ActivityManager: Process PhantomProcessRecord {b9f0723 2401:2260:logcat/u0a85} died
06-24 16:49:02.695 2260 2260 W Looper : Drained
06-24 16:49:03.013 0 0 W [0 T6879 ..] audit: audit_lost=22928 audit_rate_limit=5 audit_backlog_limit=64
06-24 16:49:03.014 0 0 E [0 T6879 ..] audit: rate limit exceeded
06-24 16:49:03.050 0 0 W : [3 T0 .s] [SP FRAME TX] arp req,vif_idx:0 sender:[1c:79:2d:20:62:cb 192.168.3.75]receiver:[00:00:00:00:00:00 192.168.3.243]
06-24 16:49:03.051 0 0 W : [3 T0 .s] [SP FRAME TX] arp req,vif_idx:0 sender:[1c:79:2d:20:62:cb 192.168.3.75]receiver:[00:00:00:00:00:00 192.168.3.215]
06-24 16:49:03.053 0 0 W : [3 T0 .s] [SP FRAME TX] arp req,vif_idx:0 sender:[1c:79:2d:20:62:cb 192.168.3.75]receiver:[00:00:00:00:00:00 192.168.3.176]
06-24 16:49:03.054 0 0 W : [3 T0 .s] [SP FRAME TX] arp req,vif_idx:0 sender:[1c:79:2d:20:62:cb 192.168.3.75]receiver:[00:00:00:00:00:00 192.168.3.68]
06-24 16:49:03.056 0 0 W : [3 T0 .s] [SP FRAME TX] arp req,vif_idx:0 sender:[1c:79:2d:20:62:cb 192.168.3.75]receiver:[00:00:00:00:00:00 192.168.3.57]
06-24 16:49:03.057 0 0 W : [3 T0 .s] [SP FRAME TX] arp req,vif_idx:0 sender:[1c:79:2d:20:62:cb 192.168.3.75]receiver:[00:00:00:00:00:00 192.168.3.36]
06-24 16:49:03.066 0 0 W : [2 T1046 ..] [SP FRAME RX] arp rsp,vif_idx:0 sender:[b6:86:f8:35:d4:28 192.168.3.36]receiver:[1c:79:2d:20:62:cb 192.168.3.75]
06-24 16:49:03.165 0 0 W : [2 T1046 ..] [SP FRAME RX] arp req,vif_idx:0 sender:[e2:8e:12:0f:0b:47 192.168.3.123]receiver:[00:00:00:00:00:00 192.168.3.75]
06-24 16:49:03.166 0 0 W : [2 T1046 ..] [SP FRAME TX] arp rsp,vif_idx:0 sender:[1c:79:2d:20:62:cb 192.168.3.75]receiver:[e2:8e:12:0f:0b:47 192.168.3.123]
06-24 16:49:03.168 0 0 W : [2 T1046 ..] [SP FRAME RX] arp rsp,vif_idx:0 sender:[16:8e:6e:17:dc:41 192.168.3.176]receiver:[1c:79:2d:20:62:cb 192.168.3.75]
06-24 16:49:03.169 0 0 W : [2 T1046 ..] [SP FRAME RX] arp rsp,vif_idx:0 sender:[10:b2:32:39:59:ba 192.168.3.57]receiver:[1c:79:2d:20:62:cb 192.168.3.75]
06-24 16:49:03.172 0 0 W : [2 T1046 ..] [SP FRAME RX] arp rsp,vif_idx:0 sender:[f6:f5:2e:bc:8c:d5 192.168.3.68]receiver:[1c:79:2d:20:62:cb 192.168.3.75]
06-24 16:49:03.186 0 0 W : [2 T1046 ..] [SP FRAME RX] arp rsp,vif_idx:0 sender:[e2:38:ab:ac:32:27 192.168.3.215]receiver:[1c:79:2d:20:62:cb 192.168.3.75]
06-24 16:49:03.198 0 0 W : [2 T1046 ..] [SP FRAME RX] arp req,vif_idx:0 sender:[b6:86:f8:35:d4:28 192.168.3.36]receiver:[00:00:00:00:00:00 192.168.3.75]
06-24 16:49:03.199 0 0 W : [2 T1046 ..] [SP FRAME TX] arp rsp,vif_idx:0 sender:[1c:79:2d:20:62:cb 192.168.3.75]receiver:[b6:86:f8:35:d4:28 192.168.3.36]
06-24 16:49:03.252 0 0 W : [2 T1046 ..] [SP FRAME RX] arp req,vif_idx:0 sender:[f6:f5:2e:bc:8c:d5 192.168.3.68]receiver:[00:00:00:00:00:00 192.168.3.75]
06-24 16:49:03.253 0 0 W : [2 T1046 ..] [SP FRAME TX] arp rsp,vif_idx:0 sender:[1c:79:2d:20:62:cb 192.168.3.75]receiver:[f6:f5:2e:bc:8c:d5 192.168.3.68]
06-24 16:49:03.325 0 0 W : [2 T1046 ..] [SP FRAME RX] arp req,vif_idx:0 sender:[e2:38:ab:ac:32:27 192.168.3.215]receiver:[00:00:00:00:00:00 192.168.3.75]
06-24 16:49:03.326 0 0 W : [2 T1046 ..] [SP FRAME TX] arp rsp,vif_idx:0 sender:[1c:79:2d:20:62:cb 192.168.3.75]receiver:[e2:38:ab:ac:32:27 192.168.3.215]
06-24 16:49:03.327 0 0 W : [2 T1046 ..] [SP FRAME RX] arp req,vif_idx:0 sender:[16:8e:6e:17:dc:41 192.168.3.176]receiver:[00:00:00:00:00:00 192.168.3.75]
06-24 16:49:03.329 0 0 W : [2 T1046 ..] [SP FRAME TX] arp rsp,vif_idx:0 sender:[1c:79:2d:20:62:cb 192.168.3.75]receiver:[16:8e:6e:17:dc:41 192.168.3.176]
06-24 16:49:03.657 685 751 V SplashScreenExceptionList: SplashScreen checking exception for package com.dangbeimarket (target sdk:28) -> false
06-24 16:49:03.658 685 751 E Transition: Trying to add a ready-group twice: Display{#0 state=ON size=1920x1080 ROTATION_0}
06-24 16:49:03.660 901 979 V WindowManagerShell: Transition requested: android.os.BinderProxy@a4cb4c3 TransitionRequestInfo { type = 1, triggerTask = TaskInfo{userId=0 taskId=187 displayId=0 isRunning=true baseIntent=Intent { act=android.intent.action.MAIN cat=[android.intent.category.LAUNCHER] flg=0x10000000 pkg=com.dangbeimarket cmp=com.dangbeimarket/.activity.WelcomeActivity } baseActivity=ComponentInfo{com.dangbeimarket/com.dangbeimarket.activity.Main} topActivity=ComponentInfo{com.dangbeimarket/com.tv.filemanager.FileManagerActivity} origActivity=null realActivity=ComponentInfo{com.dangbeimarket/com.dangbeimarket.activity.WelcomeActivity} numActivities=2 lastActiveTime=20261675 supportsMultiWindow=true resizeMode=0 isResizeable=false minWidth=-1 minHeight=-1 defaultMinSize=220 token=WCT{android.window.IWindowContainerToken$Stub$Proxy@38e9140} topActivityType=1 pictureInPictureParams=null shouldDockBigOverlays=true launchIntoPipHostTaskId=-1 lastParentTaskIdBeforePip=-1 displayCutoutSafeInsets=null topActivityInfo=ActivityInfo{b758879 com.tv.filemanager.FileManagerActivity} launchCookies=[] positionInParent=Point(0, 0) parentTaskId=-1 isFocused=true isVisible=false isVisibleRequested=false isSleeping=false topActivityInSizeCompat=false topActivityEligibleForLetterboxEducation= false isLetterboxDoubleTapEnabled= false topActivityEligibleForUserAspectRatioButton= false topActivityBoundsLetterboxed= false isFromLetterboxDoubleTap= false topActivityLetterboxVerticalPosition= -1 topActivityLetterboxHorizontalPosition= -1 topActivityLetterboxWidth=-1 topActivityLetterboxHeight=-1 isUserFullscreenOverrideEnabled=false isTopActivityTransparent=false locusId=null displayAreaFeatureId=1 cameraCompatControlState=hidden}, remoteTransition = null, displayChange = null, flags = 0 }
06-24 16:49:03.660 685 751 I ActivityTaskManager: START u0 {flg=0x10800000 cmp=com.dangbeimarket/com.tv.filemanager.FileManagerActivity} with LAUNCH_SINGLE_TOP from uid 10096 (BAL_ALLOW_VISIBLE_WINDOW) result code=0
06-24 16:49:03.664 685 13187 V WindowManager: app ------------- force_land :0
06-24 16:49:03.674 685 13187 D CoreBackPreview: Window{9e6123d u0 com.dangbeimarket}: Setting back callback null
06-24 16:49:03.694 685 711 V WindowManager: Unknown focus tokens, dropping reportFocusChanged
06-24 16:49:03.702 685 6903 W JobScheduler: Job didn't exist in JobStore: b535736 #u0a90/1 com.ktcp.video/com.tencent.qqlivetv.keeplive.schedulerjob.DaemonJobService
06-24 16:49:03.749 685 751 W WindowManager: [addWindow] title:com.dangbeimarket/com.tv.filemanager.FileManagerActivity
06-24 16:49:03.749 685 13187 W WindowManager: Failed looking up window session=Session{6ee1d6a 3715:u0a10096} callers=com.android.server.wm.WindowManagerService.windowForClientLocked:6077 com.android.server.wm.Session.updateRequestedVisibleTypes:695 android.view.IWindowSession$Stub.onTransact:1034
06-24 16:49:03.754 685 751 D CoreBackPreview: Window{dad2d8a u0 Toast}: Setting back callback null
06-24 16:49:03.769 901 979 D WindowManagerShell: TvPipController: onTaskStackChanged()
06-24 16:49:03.770 685 6903 W NotificationService: Toast already killed. pkg=com.dangbeimarket token=android.os.BinderProxy@f9ebf26
06-24 16:49:03.774 685 13187 D CoreBackPreview: Window{a91ab05 u0 com.dangbeimarket/com.tv.filemanager.FileManagerActivity}: Setting back callback OnBackInvokedCallbackInfo{mCallback=android.window.IOnBackInvokedCallback$Stub$Proxy@2392767, mPriority=0, mIsAnimationCallback=false}
06-24 16:49:03.790 685 709 W ContextImpl: Calling a method in the system process without a qualified user: android.app.ContextImpl.startService:1899 com.android.server.wm.DisplayPolicy.lambda$focusChangedLw$5:2126 com.android.server.wm.DisplayPolicy.$r8$lambda$Znxk63oh-WzVnzo_WQefN7uxV48:0 com.android.server.wm.DisplayPolicy$$ExternalSyntheticLambda13.run:0 android.os.Handler.handleCallback:958
06-24 16:49:03.845 685 711 W NotificationHistory: Attempted to remove channel for locked/gone/disabled user 0
06-24 16:49:03.848 685 685 D CompatibilityChangeReporter: Compat change id reported: 175319604; UID 1000; state: ENABLED
06-24 16:49:03.848 685 685 D CompatibilityChangeReporter: Compat change id reported: 175319604; UID 1000; state: DISABLED
06-24 16:49:03.850 685 685 D CompatibilityChangeReporter: Compat change id reported: 195579280; UID 1000; state: ENABLED
06-24 16:49:03.850 685 685 D CompatibilityChangeReporter: Compat change id reported: 195579280; UID 1000; state: DISABLED
06-24 16:49:04.050 0 0 W [2 T23126 ..] audit: audit_lost=22945 audit_rate_limit=5 audit_backlog_limit=64
06-24 16:49:04.053 0 0 E [2 T23126 ..] audit: rate limit exceeded
06-24 16:49:03.991 685 708 V WindowManager: Sent Transition #619 createdAt=06-24 16:49:03.651 via request=TransitionRequestInfo { type = 1, triggerTask = TaskInfo{userId=0 taskId=187 displayId=0 isRunning=true baseIntent=Intent { act=android.intent.action.MAIN cat=[android.intent.category.LAUNCHER] flg=0x10000000 pkg=com.dangbeimarket cmp=com.dangbeimarket/.activity.WelcomeActivity } baseActivity=ComponentInfo{com.dangbeimarket/com.dangbeimarket.activity.Main} topActivity=ComponentInfo{com.dangbeimarket/com.tv.filemanager.FileManagerActivity} origActivity=null realActivity=ComponentInfo{com.dangbeimarket/com.dangbeimarket.activity.WelcomeActivity} numActivities=2 lastActiveTime=20261675 supportsMultiWindow=true resizeMode=0 isResizeable=false minWidth=-1 minHeight=-1 defaultMinSize=220 token=WCT{RemoteToken{484482f Task{6becef #187 type=standard A=10096:com.dangbeimarket}}} topActivityType=1 pictureInPictureParams=null shouldDockBigOverlays=true launchIntoPipHostTaskId=-1 lastParentTaskIdBeforePip=-1 displayCutoutSafeInsets=null topActivityInfo=ActivityInfo{6e48cfe com.tv.filemanager.FileManagerActivity} launchCookies=[] positionInParent=Point(0, 0) parentTaskId=-1 isFocused=true isVisible=false isVisibleRequested=false isSleeping=false topActivityInSizeCompat=false topActivityEligibleForLetterboxEducation= false isLetterboxDoubleTapEnabled= false topActivityEligibleForUserAspectRatioButton= false topActivityBoundsLetterboxed= false isFromLetterboxDoubleTap= false topActivityLetterboxVerticalPosition= -1 topActivityLetterboxHorizontalPosition= -1 topActivityLetterboxWidth=-1 topActivityLetterboxHeight=-1 isUserFullscreenOverrideEnabled=false isTopActivityTransparent=false locusId=null displayAreaFeatureId=1 cameraCompatControlState=hidden}, remoteTransition = null, displayChange = null, flags = 0 }
06-24 16:49:03.991 685 708 V WindowManager: startWCT=WindowContainerTransaction { changes = {} hops = [] errorCallbackToken=null taskFragmentOrganizer=null }
06-24 16:49:03.991 685 708 V WindowManager: info={id=619 t=OPEN f=0x0 trk=0 r=[0@Point(0, 0)] c=[{WCT{RemoteToken{484482f Task{6becef #187 type=standard A=10096:com.dangbeimarket}}} m=TO_FRONT f=MOVE_TO_TOP leash=Surface(name=Task=187)/@0xcaf61d3 sb=Rect(0, 0 - 1920, 1080) eb=Rect(0, 0 - 1920, 1080) d=0},{WCT{RemoteToken{30b1e82 Task{4d21fd0 #1 type=home}}} m=TO_BACK f=NONE leash=Surface(name=Task=1)/@0x54f0375 sb=Rect(0, 0 - 1920, 1080) eb=Rect(0, 0 - 1920, 1080) d=0}]}
06-24 16:49:03.997 901 979 V WindowManagerShell: onTransitionReady android.os.BinderProxy@a4cb4c3: {id=619 t=OPEN f=0x0 trk=0 r=[0@Point(0, 0)] c=[{WCT{android.window.IWindowContainerToken$Stub$Proxy@8bd3335} m=TO_FRONT f=MOVE_TO_TOP leash=Surface(name=Task=187)/@0x73629be sb=Rect(0, 0 - 1920, 1080) eb=Rect(0, 0 - 1920, 1080) d=0},{WCT{android.window.IWindowContainerToken$Stub$Proxy@e2723ca} m=TO_BACK f=NONE leash=Surface(name=Task=1)/@0x9bbda1f sb=Rect(0, 0 - 1920, 1080) eb=Rect(0, 0 - 1920, 1080) d=0}]}
06-24 16:49:03.997 901 979 V WindowManagerShell: Playing animation for (#619)android.os.BinderProxy@a4cb4c3@0
06-24 16:49:03.997 901 979 V WindowManagerShell: try handler com.android.wm.shell.keyguard.KeyguardTransitionHandler@24e2028
06-24 16:49:03.997 901 979 V WindowManagerShell: try handler com.android.wm.shell.pip.tv.TvPipTransition@1141
06-24 16:49:03.997 901 979 V WindowManagerShell: try handler com.android.wm.shell.activityembedding.ActivityEmbeddingController@e8f56e6
06-24 16:49:03.997 901 979 V WindowManagerShell: try handler com.android.wm.shell.transition.RemoteTransitionHandler@b664427
06-24 16:49:03.997 901 979 V WindowManagerShell: Transition doesn't have explicit remote, search filters for match for {id=619 t=OPEN f=0x0 trk=0 r=[0@Point(0, 0)] c=[{WCT{android.window.IWindowContainerToken$Stub$Proxy@8bd3335} m=TO_FRONT f=MOVE_TO_TOP leash=Surface(name=Task=187)/@0x73629be sb=Rect(0, 0 - 1920, 1080) eb=Rect(0, 0 - 1920, 1080) d=0},{WCT{android.window.IWindowContainerToken$Stub$Proxy@e2723ca} m=TO_BACK f=NONE leash=Surface(name=Task=1)/@0x9bbda1f sb=Rect(0, 0 - 1920, 1080) eb=Rect(0, 0 - 1920, 1080) d=0}]}
06-24 16:49:03.997 901 979 V WindowManagerShell: Delegate animation for #619 to null
06-24 16:49:03.997 901 979 V WindowManagerShell: try handler com.android.wm.shell.transition.DefaultTransitionHandler@7916d4
06-24 16:49:03.998 901 979 V WindowManagerShell: start default transition animation, info = {id=619 t=OPEN f=0x0 trk=0 r=[0@Point(0, 0)] c=[{WCT{android.window.IWindowContainerToken$Stub$Proxy@8bd3335} m=TO_FRONT f=MOVE_TO_TOP leash=Surface(name=Task=187)/@0x73629be sb=Rect(0, 0 - 1920, 1080) eb=Rect(0, 0 - 1920, 1080) d=0},{WCT{android.window.IWindowContainerToken$Stub$Proxy@e2723ca} m=TO_BACK f=NONE leash=Surface(name=Task=1)/@0x9bbda1f sb=Rect(0, 0 - 1920, 1080) eb=Rect(0, 0 - 1920, 1080) d=0}]}
06-24 16:49:03.999 901 979 V WindowManagerShell: loadAnimation: anim=android.view.animation.AlphaAnimation@7454858 animAttr=0x9 type=OPEN isEntrance=false
06-24 16:49:03.999 901 979 V WindowManagerShell: loadAnimation: anim=android.view.animation.AlphaAnimation@9acdb1 animAttr=0x8 type=OPEN isEntrance=true
06-24 16:49:04.003 901 979 V WindowManagerShell: animated by com.android.wm.shell.transition.DefaultTransitionHandler@7916d4
06-24 16:49:04.074 0 0 W : [3 T16291 .s] [SP FRAME TX] arp req,vif_idx:0 sender:[1c:79:2d:20:62:cb 192.168.3.75]receiver:[00:00:00:00:00:00 192.168.3.243]
06-24 16:49:04.408 901 979 V WindowManagerShell: Transition animation finished (aborted=false), notifying core (#619)android.os.BinderProxy@a4cb4c3@0
06-24 16:49:04.413 685 708 V WindowManager: Finish Transition #619: created at
06-24 16:49:03.651 collect-started=0.078ms request-sent=7.673ms started=10.191ms ready=16.237ms sent=323.675ms finished=758.692ms
06-24 16:49:04.417 901 979 V WindowManagerShell: Track 0 became idle
06-24 16:49:04.417 901 979 V WindowManagerShell: All active transition animations finished
06-24 16:49:05.098 0 0 W : [3 T17270 .s] [SP FRAME TX] arp req,vif_idx:0 sender:[1c:79:2d:20:62:cb 192.168.3.75]receiver:[00:00:00:00:00:00 192.168.3.243]
06-24 16:49:05.557 0 0 W : [2 T1046 ..] [SP FRAME RX] arp req,vif_idx:0 sender:[a2:e3:8f:e4:ff:46 192.168.3.250]receiver:[00:00:00:00:00:00 192.168.3.75]
06-24 16:49:05.558 0 0 W : [2 T1046 ..] [SP FRAME TX] arp rsp,vif_idx:0 sender:[1c:79:2d:20:62:cb 192.168.3.75]receiver:[a2:e3:8f:e4:ff:46 192.168.3.250]
06-24 16:49:05.610 0 0 W : [1 T0 .s] [SP FRAME TX] arp req,vif_idx:0 sender:[1c:79:2d:20:62:cb 192.168.3.75]receiver:[00:00:00:00:00:00 192.168.3.250]
06-24 16:49:05.616 0 0 W : [2 T1046 ..] [SP FRAME RX] arp rsp,vif_idx:0 sender:[a2:e3:8f:e4:ff:46 192.168.3.250]receiver:[1c:79:2d:20:62:cb 192.168.3.75]
06-24 16:49:05.793 0 0 W : [2 T1046 ..] [SP FRAME RX] arp req,vif_idx:0 sender:[fa:f0:09:28:64:31 192.168.3.73]receiver:[00:00:00:00:00:00 192.168.3.75]
06-24 16:49:05.794 0 0 W : [2 T1046 ..] [SP FRAME TX] arp rsp,vif_idx:0 sender:[1c:79:2d:20:62:cb 192.168.3.75]receiver:[fa:f0:09:28:64:31 192.168.3.73]
06-24 16:49:05.832 685 711 W WindowManager: Unable to start animation, surface is null or no children.
06-24 16:49:06.002 685 709 D AutofillManagerService: onBackKeyPressed()
06-24 16:49:06.007 685 24239 D CoreBackPreview: Window{d699bcd u0 com.tv.filemanager.os}: Setting back callback null
06-24 16:49:06.025 685 711 V WindowManager: Unknown focus tokens, dropping reportFocusChanged
06-24 16:49:06.122 0 0 W : [3 T265 .s] [SP FRAME TX] arp req,vif_idx:0 sender:[1c:79:2d:20:62:cb 192.168.3.75]receiver:[00:00:00:00:00:00 192.168.3.243]
06-24 16:49:06.125 0 0 W : [3 T21344 ..] [aml_send_sync_trace 4388] sync token[64060]
06-24 16:49:06.125 0 0 W : [3 T21344 ..] >>> aml_send_msg()
06-24 16:49:06.126 0 0 W : [3 T1041 ..] ipc_sdio_host_msgack_handler 0000000066dc209f
06-24 16:49:06.127 0 0 W : [3 T1041 ..] [aml_msgackind 2039] msg ack hostid=0xffffff805c09ec80
06-24 16:49:06.128 0 0 W : [3 T1041 ..] [cmd_mgr_llind 329] cmd tkn[493] flags:0008 result: -4 cmd: 105-MM_SYNC_TRACE - reqcfm( 0-none)
06-24 16:49:06.129 0 0 W : [3 T1041 ..] [cmd_complete 65] cmd tkn[493] flags:0000 result: -4 cmd: 105-MM_SYNC_TRACE - reqcfm( 0-none)
06-24 16:49:06.120 685 709 W ContextImpl: Calling a method in the system process without a qualified user: android.app.ContextImpl.startService:1899 com.android.server.wm.DisplayPolicy.lambda$focusChangedLw$5:2126 com.android.server.wm.DisplayPolicy.$r8$lambda$Znxk63oh-WzVnzo_WQefN7uxV48:0 com.android.server.wm.DisplayPolicy$$ExternalSyntheticLambda13.run:0 android.os.Handler.handleCallback:958
06-24 16:49:06.257 685 711 W NotificationHistory: Attempted to remove channel for locked/gone/disabled user 0
06-24 16:49:06.659 685 1390 E TaskPersister: File error accessing recents directory (directory doesn't exist?).
06-24 16:49:07.146 0 0 W : [3 T0 .s] [SP FRAME TX] arp req,vif_idx:0 sender:[1c:79:2d:20:62:cb 192.168.3.75]receiver:[00:00:00:00:00:00 192.168.3.243]
06-24 16:49:07.369 685 13187 V SplashScreenExceptionList: SplashScreen checking exception for package com.tv.filemanager.os (target sdk:29) -> false
06-24 16:49:07.374 685 13187 I ActivityTaskManager: START u0 {act=android.intent.action.VIEW cat=[android.intent.category.DEFAULT] dat=content://com.dangbeimarket.android7.fileprovider/... typ=image/* flg=0x10000003 cmp=com.tv.filemanager.os/com.dangbei.localpicture.LocalViewerActivity} with LAUNCH_MULTIPLE from uid 10096 (BAL_ALLOW_VISIBLE_WINDOW) result code=0
06-24 16:49:07.374 901 979 V WindowManagerShell: Transition requested: android.os.BinderProxy@3b86222 TransitionRequestInfo { type = 1, triggerTask = TaskInfo{userId=0 taskId=192 displayId=0 isRunning=true baseIntent=Intent { act=android.intent.action.VIEW cat=[android.intent.category.DEFAULT] dat=content://com.dangbeimarket.android7.fileprovider/... typ=image/* flg=0x10000003 cmp=com.tv.filemanager.os/com.dangbei.localpicture.LocalViewerActivity } baseActivity=ComponentInfo{com.tv.filemanager.os/com.dangbei.localpicture.LocalViewerActivity} topActivity=ComponentInfo{com.tv.filemanager.os/com.dangbei.localpicture.LocalViewerActivity} origActivity=null realActivity=ComponentInfo{com.tv.filemanager.os/com.dangbei.localpicture.LocalViewerActivity} numActivities=1 lastActiveTime=20355274 supportsMultiWindow=true resizeMode=1 isResizeable=true minWidth=-1 minHeight=-1 defaultMinSize=220 token=WCT{android.window.IWindowContainerToken$Stub$Proxy@bb454b3} topActivityType=1 pictureInPictureParams=null shouldDockBigOverlays=true launchIntoPipHostTaskId=-1 lastParentTaskIdBeforePip=-1 displayCutoutSafeInsets=null topActivityInfo=ActivityInfo{308ca70 com.dangbei.localpicture.LocalViewerActivity} launchCookies=[] positionInParent=Point(0, 0) parentTaskId=-1 isFocused=false isVisible=false isVisibleRequested=false isSleeping=false topActivityInSizeCompat=false topActivityEligibleForLetterboxEducation= false isLetterboxDoubleTapEnabled= false topActivityEligibleForUserAspectRatioButton= false topActivityBoundsLetterboxed= false isFromLetterboxDoubleTap= false topActivityLetterboxVerticalPosition= -1 topActivityLetterboxHorizontalPosition= -1 topActivityLetterboxWidth=-1 topActivityLetterboxHeight=-1 isUserFullscreenOverrideEnabled=false isTopActivityTransparent=false locusId=null displayAreaFeatureId=1 cameraCompatControlState=hidden}, remoteTransition = null, displayChange = null, flags = 0 }
06-24 16:49:07.387 685 24239 V WindowManager: app ------------- force_land :0
06-24 16:49:07.387 685 24239 V WindowManager: app ------------- force_land :0
06-24 16:49:07.387 685 24239 V WindowManager: app ------------- force_land :0
06-24 16:49:07.424 3715 3715 W VRI[FileManagerActivity]: Cancelling event (no window focus):KeyEvent { action=ACTION_UP, keyCode=KEYCODE_DPAD_CENTER, scanCode=28, metaState=0, flags=0x28, repeatCount=0, eventTime=20355313736456, downTime=20355241082000, deviceId=10, source=0x301, displayId=-1 }
06-24 16:49:07.424 3715 3715 W VRI[FileManagerActivity]: Cancelling event (no window focus):KeyEvent { action=ACTION_UP, keyCode=KEYCODE_DPAD_CENTER, scanCode=28, metaState=0, flags=0x28, repeatCount=0, eventTime=20355313736456, downTime=20355241082000, deviceId=10, source=0x301, displayId=-1 }
06-24 16:49:07.424 3715 3715 W VRI[FileManagerActivity]: Cancelling event (no window focus):KeyEvent { action=ACTION_UP, keyCode=KEYCODE_DPAD_CENTER, scanCode=28, metaState=0, flags=0x28, repeatCount=0, eventTime=20355313736456, downTime=20355241082000, deviceId=10, source=0x301, displayId=-1 }
06-24 16:49:07.424 3715 3715 W VRI[FileManagerActivity]: Cancelling event (no window focus):KeyEvent { action=ACTION_UP, keyCode=KEYCODE_DPAD_CENTER, scanCode=28, metaState=0, flags=0x28, repeatCount=0, eventTime=20355313736456, downTime=20355241082000, deviceId=10, source=0x301, displayId=-1 }
06-24 16:49:07.424 3715 3715 W VRI[FileManagerActivity]: Cancelling event (no window focus):KeyEvent { action=ACTION_UP, keyCode=KEYCODE_DPAD_CENTER, scanCode=28, metaState=0, flags=0x28, repeatCount=0, eventTime=20355313736456, downTime=20355241082000, deviceId=10, source=0x301, displayId=-1 }
06-24 16:49:07.424 3715 3715 W VRI[FileManagerActivity]: Cancelling event (no window focus):KeyEvent { action=ACTION_UP, keyCode=KEYCODE_DPAD_CENTER, scanCode=28, metaState=0, flags=0x28, repeatCount=0, eventTime=20355313736456, downTime=20355241082000, deviceId=10, source=0x301, displayId=-1 }
06-24 16:49:07.430 0 0 W : [2 T1046 ..] [SP FRAME RX] arp req,vif_idx:0 sender:[9a:86:f7:27:5c:25 192.168.3.169]receiver:[00:00:00:00:00:00 192.168.3.75]
06-24 16:49:07.431 0 0 W : [2 T1046 ..] [SP FRAME TX] arp rsp,vif_idx:0 sender:[1c:79:2d:20:62:cb 192.168.3.75]receiver:[9a:86:f7:27:5c:25 192.168.3.169]
06-24 16:49:07.486 685 13187 D CompatibilityChangeReporter: Compat change id reported: 182734110; UID 10041; state: DISABLED
06-24 16:49:07.490 28674 28674 E AndroidRuntime: FATAL EXCEPTION: main
06-24 16:49:07.490 28674 28674 E AndroidRuntime: Process: com.tv.filemanager.os, PID: 28674
06-24 16:49:07.490 28674 28674 E AndroidRuntime: java.lang.RuntimeException: Unable to start activity ComponentInfo{com.tv.filemanager.os/com.dangbei.localpicture.LocalViewerActivity}: java.lang.IllegalArgumentException: Invalid token 4K (16).JPG
06-24 16:49:07.490 28674 28674 E AndroidRuntime: at android.app.ActivityThread.performLaunchActivity(ActivityThread.java:3826)
06-24 16:49:07.490 28674 28674 E AndroidRuntime: at android.app.ActivityThread.handleLaunchActivity(ActivityThread.java:3967)
06-24 16:49:07.490 28674 28674 E AndroidRuntime: at android.app.servertransaction.LaunchActivityItem.execute(LaunchActivityItem.java:103)
06-24 16:49:07.490 28674 28674 E AndroidRuntime: at android.app.servertransaction.TransactionExecutor.executeCallbacks(TransactionExecutor.java:139)
06-24 16:49:07.490 28674 28674 E AndroidRuntime: at android.app.servertransaction.TransactionExecutor.execute(TransactionExecutor.java:96)
06-24 16:49:07.490 28674 28674 E AndroidRuntime: at android.app.ActivityThread$H.handleMessage(ActivityThread.java:2472)
06-24 16:49:07.490 28674 28674 E AndroidRuntime: at android.os.Handler.dispatchMessage(Handler.java:106)
06-24 16:49:07.490 28674 28674 E AndroidRuntime: at android.os.Looper.loopOnce(Looper.java:205)
06-24 16:49:07.490 28674 28674 E AndroidRuntime: at android.os.Looper.loop(Looper.java:294)
06-24 16:49:07.490 28674 28674 E AndroidRuntime: at android.app.ActivityThread.main(ActivityThread.java:8255)
06-24 16:49:07.490 28674 28674 E AndroidRuntime: at java.lang.reflect.Method.invoke(Native Method)
06-24 16:49:07.490 28674 28674 E AndroidRuntime: at com.android.internal.os.RuntimeInit$MethodAndArgsCaller.run(RuntimeInit.java:552)
06-24 16:49:07.490 28674 28674 E AndroidRuntime: at com.android.internal.os.ZygoteInit.main(ZygoteInit.java:978)
06-24 16:49:07.490 28674 28674 E AndroidRuntime: Caused by: java.lang.IllegalArgumentException: Invalid token 4K (16).JPG
06-24 16:49:07.490 28674 28674 E AndroidRuntime: at android.database.DatabaseUtils.readExceptionFromParcel(DatabaseUtils.java:172)
06-24 16:49:07.490 28674 28674 E AndroidRuntime: at android.database.DatabaseUtils.readExceptionFromParcel(DatabaseUtils.java:142)
06-24 16:49:07.490 28674 28674 E AndroidRuntime: at android.content.ContentProviderProxy.query(ContentProviderNative.java:495)
06-24 16:49:07.490 28674 28674 E AndroidRuntime: at android.content.ContentResolver.query(ContentResolver.java:1229)
06-24 16:49:07.490 28674 28674 E AndroidRuntime: at android.content.ContentResolver.query(ContentResolver.java:1161)
06-24 16:49:07.490 28674 28674 E AndroidRuntime: at android.content.ContentResolver.query(ContentResolver.java:1117)
06-24 16:49:07.490 28674 28674 E AndroidRuntime: at android.provider.MediaStore$Images$Media.query(MediaStore.java:2637)
06-24 16:49:07.490 28674 28674 E AndroidRuntime: at com.dangbei.localpicture.utils.LocalImgUtil.getFileFromContentUri(LocalImgUtil.java:67)
06-24 16:49:07.490 28674 28674 E AndroidRuntime: at com.dangbei.localpicture.utils.LocalImgUtil.isFileLegal(LocalImgUtil.java:39)
06-24 16:49:07.490 28674 28674 E AndroidRuntime: at com.dangbei.localpicture.LocalViewerActivity.getLocalImg(LocalViewerActivity.java:108)
06-24 16:49:07.490 28674 28674 E AndroidRuntime: at com.dangbei.localpicture.LocalViewerActivity.initData(LocalViewerActivity.java:101)
06-24 16:49:07.490 28674 28674 E AndroidRuntime: at com.dangbei.localpicture.LocalViewerActivity.checkPermission(LocalViewerActivity.java:84)
06-24 16:49:07.490 28674 28674 E AndroidRuntime: at com.dangbei.localpicture.LocalViewerActivity.onCreate(LocalViewerActivity.java:75)
06-24 16:49:07.490 28674 28674 E AndroidRuntime: at android.app.Activity.performCreate(Activity.java:8621)
06-24 16:49:07.490 28674 28674 E AndroidRuntime: at android.app.Activity.performCreate(Activity.java:8599)
06-24 16:49:07.490 28674 28674 E AndroidRuntime: at android.app.Instrumentation.callActivityOnCreate(Instrumentation.java:1456)
06-24 16:49:07.490 28674 28674 E AndroidRuntime: at android.app.ActivityThread.performLaunchActivity(ActivityThread.java:3808)
06-24 16:49:07.490 28674 28674 E AndroidRuntime: ... 12 more
06-24 16:49:07.494 901 979 D WindowManagerShell: TvPipController: onTaskStackChanged()
06-24 16:49:07.494 685 6969 I DropBoxManagerService: add tag=system_app_crash isTagEnabled=true flags=0x2
06-24 16:49:07.495 685 13187 W ActivityTaskManager: Force finishing activity com.tv.filemanager.os/com.dangbei.localpicture.LocalViewerActivity
06-24 16:49:07.573 685 751 I ActivityManager: Process com.tv.filemanager.os (pid 28674) has died: fg TOP
06-24 16:49:07.574 685 709 D DisplayManagerService: Drop pending events for gone uid 10041
06-24 16:49:07.580 685 751 V WindowManager: app ------------- force_land :0
06-24 16:49:07.588 685 708 V WindowManager: Sent Transition #620 createdAt=06-24 16:49:07.361 via request=TransitionRequestInfo { type = 1, triggerTask = TaskInfo{userId=0 taskId=192 displayId=0 isRunning=true baseIntent=Intent { act=android.intent.action.VIEW cat=[android.intent.category.DEFAULT] dat=content://com.dangbeimarket.android7.fileprovider/... typ=image/* flg=0x10000003 cmp=com.tv.filemanager.os/com.dangbei.localpicture.LocalViewerActivity } baseActivity=ComponentInfo{com.tv.filemanager.os/com.dangbei.localpicture.LocalViewerActivity} topActivity=ComponentInfo{com.tv.filemanager.os/com.dangbei.localpicture.LocalViewerActivity} origActivity=null realActivity=ComponentInfo{com.tv.filemanager.os/com.dangbei.localpicture.LocalViewerActivity} numActivities=1 lastActiveTime=20355274 supportsMultiWindow=true resizeMode=1 isResizeable=true minWidth=-1 minHeight=-1 defaultMinSize=220 token=WCT{RemoteToken{c8938c2 Task{20ebf99 #192 type=standard A=10041:com.tv.filemanager.os}}} topActivityType=1 pictureInPictureParams=null shouldDockBigOverlays=true launchIntoPipHostTaskId=-1 lastParentTaskIdBeforePip=-1 displayCutoutSafeInsets=null topActivityInfo=ActivityInfo{dc476d3 com.dangbei.localpicture.LocalViewerActivity} launchCookies=[] positionInParent=Point(0, 0) parentTaskId=-1 isFocused=false isVisible=false isVisibleRequested=false isSleeping=false topActivityInSizeCompat=false topActivityEligibleForLetterboxEducation= false isLetterboxDoubleTapEnabled= false topActivityEligibleForUserAspectRatioButton= false topActivityBoundsLetterboxed= false isFromLetterboxDoubleTap= false topActivityLetterboxVerticalPosition= -1 topActivityLetterboxHorizontalPosition= -1 topActivityLetterboxWidth=-1 topActivityLetterboxHeight=-1 isUserFullscreenOverrideEnabled=false isTopActivityTransparent=false locusId=null displayAreaFeatureId=1 cameraCompatControlState=hidden}, remoteTransition = null, displayChange = null, flags = 0 }
06-24 16:49:07.588 685 708 V WindowManager: startWCT=WindowContainerTransaction { changes = {} hops = [] errorCallbackToken=null taskFragmentOrganizer=null }
06-24 16:49:07.588 685 708 V WindowManager: info={id=620 t=OPEN f=0x0 trk=0 r=[0@Point(0, 0)] c=[{WCT{RemoteToken{484482f Task{6becef #187 type=standard A=10096:com.dangbeimarket}}} m=CHANGE f=MOVE_TO_TOP leash=Surface(name=Task=187)/@0xcaf61d3 sb=Rect(0, 0 - 1920, 1080) eb=Rect(0, 0 - 1920, 1080) d=0}]}
06-24 16:49:07.592 901 979 V WindowManagerShell: onTransitionReady android.os.BinderProxy@3b86222: {id=620 t=OPEN f=0x0 trk=0 r=[0@Point(0, 0)] c=[{WCT{android.window.IWindowContainerToken$Stub$Proxy@995890f} m=CHANGE f=MOVE_TO_TOP leash=Surface(name=Task=187)/@0xb0c81e9 sb=Rect(0, 0 - 1920, 1080) eb=Rect(0, 0 - 1920, 1080) d=0}]}
06-24 16:49:07.592 901 979 V WindowManagerShell: Playing animation for (#620)android.os.BinderProxy@3b86222@0
06-24 16:49:07.592 901 979 V WindowManagerShell: try handler com.android.wm.shell.keyguard.KeyguardTransitionHandler@24e2028
06-24 16:49:07.592 901 979 V WindowManagerShell: try handler com.android.wm.shell.pip.tv.TvPipTransition@1141
06-24 16:49:07.592 901 979 V WindowManagerShell: try handler com.android.wm.shell.activityembedding.ActivityEmbeddingController@e8f56e6
06-24 16:49:07.592 901 979 V WindowManagerShell: try handler com.android.wm.shell.transition.RemoteTransitionHandler@b664427
06-24 16:49:07.592 901 979 V WindowManagerShell: Transition doesn't have explicit remote, search filters for match for {id=620 t=OPEN f=0x0 trk=0 r=[0@Point(0, 0)] c=[{WCT{android.window.IWindowContainerToken$Stub$Proxy@995890f} m=CHANGE f=MOVE_TO_TOP leash=Surface(name=Task=187)/@0xb0c81e9 sb=Rect(0, 0 - 1920, 1080) eb=Rect(0, 0 - 1920, 1080) d=0}]}
06-24 16:49:07.592 901 979 V WindowManagerShell: Delegate animation for #620 to null
06-24 16:49:07.592 901 979 V WindowManagerShell: try handler com.android.wm.shell.transition.DefaultTransitionHandler@7916d4
06-24 16:49:07.592 901 979 V WindowManagerShell: start default transition animation, info = {id=620 t=OPEN f=0x0 trk=0 r=[0@Point(0, 0)] c=[{WCT{android.window.IWindowContainerToken$Stub$Proxy@995890f} m=CHANGE f=MOVE_TO_TOP leash=Surface(name=Task=187)/@0xb0c81e9 sb=Rect(0, 0 - 1920, 1080) eb=Rect(0, 0 - 1920, 1080) d=0}]}
06-24 16:49:07.595 901 979 V WindowManagerShell: Transition animation finished (aborted=false), notifying core (#620)android.os.BinderProxy@3b86222@0
06-24 16:49:07.597 685 708 V WindowManager: Finish Transition #620: created at
06-24 16:49:07.361 collect-started=0.109ms request-sent=11.886ms started=14.621ms ready=219.96ms sent=226.189ms finished=235.044ms
06-24 16:49:07.599 901 979 V WindowManagerShell: Track 0 became idle
06-24 16:49:07.599 901 979 V WindowManagerShell: All active transition animations finished
06-24 16:49:07.599 901 979 V WindowManagerShell: animated by com.android.wm.shell.transition.DefaultTransitionHandler@7916d4
06-24 16:49:07.599 901 979 V WindowManagerShell: Track 0 became idle
06-24 16:49:07.599 901 979 V WindowManagerShell: All active transition animations finished
06-24 16:49:07.681 685 709 W ContextImpl: Calling a method in the system process without a qualified user: android.app.ContextImpl.startService:1899 com.android.server.wm.DisplayPolicy.lambda$focusChangedLw$5:2126 com.android.server.wm.DisplayPolicy.$r8$lambda$Znxk63oh-WzVnzo_WQefN7uxV48:0 com.android.server.wm.DisplayPolicy$$ExternalSyntheticLambda13.run:0 android.os.Handler.handleCallback:958
06-24 16:49:07.997 685 711 W ActivityTaskManager: Activity top resumed state loss timeout for ActivityRecord{9bbb0e0 u0 com.tv.filemanager.os/com.dangbei.localpicture.LocalViewerActivity t-1 f}}
06-24 16:49:08.170 0 0 W : [3 T17438 .s] [SP FRAME TX] arp req,vif_idx:0 sender:[1c:79:2d:20:62:cb 192.168.3.75]receiver:[00:00:00:00:00:00 192.168.3.243]
06-24 16:49:08.413 685 780 D ActivityManager: freezing 9906 com.tencent.karaoketv:lan
06-24 16:49:08.414 685 780 D ActivityManager: freezing 30169 com.qq.cleaning
06-24 16:49:08.416 685 780 D ActivityManager: freezing 9541 com.tencent.karaoketv
06-24 16:49:08.418 685 780 D ActivityManager: freezing 24208 com.dangbei.health.fitness
06-24 16:49:08.514 0 0 W : [1 T1046 ..] [SP FRAME RX] arp req,vif_idx:0 sender:[0c:91:60:12:cd:6e 192.168.3.81]receiver:[00:00:00:00:00:00 192.168.3.75]
06-24 16:49:08.515 0 0 W : [1 T1046 ..] [SP FRAME TX] arp rsp,vif_idx:0 sender:[1c:79:2d:20:62:cb 192.168.3.75]receiver:[0c:91:60:12:cd:6e 192.168.3.81]
06-24 16:49:08.582 0 0 W : [1 T1046 ..] [SP FRAME RX] arp req,vif_idx:0 sender:[d2:07:9a:6e:a7:36 192.168.3.27]receiver:[00:00:00:00:00:00 192.168.3.75]
06-24 16:49:08.583 0 0 W : [1 T1046 ..] [SP FRAME TX] arp rsp,vif_idx:0 sender:[1c:79:2d:20:62:cb 192.168.3.75]receiver:[d2:07:9a:6e:a7:36 192.168.3.27]
06-24 16:49:08.759 0 0 W : [1 T1046 ..] [SP FRAME RX] arp req,vif_idx:0 sender:[28:7b:11:70:51:1f 192.168.3.44]receiver:[00:00:00:00:00:00 192.168.3.75]
06-24 16:49:08.760 0 0 W : [1 T1046 ..] [SP FRAME TX] arp rsp,vif_idx:0 sender:[1c:79:2d:20:62:cb 192.168.3.75]receiver:[28:7b:11:70:51:1f 192.168.3.44]
06-24 16:49:08.955 0 0 W : [1 T1046 ..] [SP FRAME RX] arp req,vif_idx:0 sender:[c6:ce:03:3d:c3:bd 192.168.3.118]receiver:[00:00:00:00:00:00 192.168.3.75]
06-24 16:49:08.956 0 0 W : [1 T1046 ..] [SP FRAME TX] arp rsp,vif_idx:0 sender:[1c:79:2d:20:62:cb 192.168.3.75]receiver:[c6:ce:03:3d:c3:bd 192.168.3.118]
06-24 16:49:09.194 0 0 W : [3 T3833 .s] [SP FRAME TX] arp req,vif_idx:0 sender:[1c:79:2d:20:62:cb 192.168.3.75]receiver:[00:00:00:00:00:00 192.168.3.243]
06-24 16:49:09.664 0 0 W [1 T24735 ..] audit: audit_lost=22950 audit_rate_limit=5 audit_backlog_limit=64
06-24 16:49:09.665 0 0 E [1 T24735 ..] audit: rate limit exceeded
06-24 16:49:09.706 0 0 W : [3 T3867 .s] [SP FRAME TX] arp req,vif_idx:0 sender:[1c:79:2d:20:62:cb 192.168.3.75]receiver:[00:00:00:00:00:00 192.168.3.3]
06-24 16:49:09.724 0 0 W : [3 T1046 ..] [SP FRAME RX] arp rsp,vif_idx:0 sender:[02:fe:15:17:79:f9 192.168.3.3]receiver:[1c:79:2d:20:62:cb 192.168.3.75]
06-24 16:49:09.804 0 0 W : [3 T1046 ..] [SP FRAME RX] arp req,vif_idx:0 sender:[02:fe:15:17:79:f9 192.168.3.3]receiver:[00:00:00:00:00:00 192.168.3.75]
06-24 16:49:09.805 0 0 W : [3 T1046 ..] [SP FRAME TX] arp rsp,vif_idx:0 sender:[1c:79:2d:20:62:cb 192.168.3.75]receiver:[02:fe:15:17:79:f9 192.168.3.3]
06-24 16:49:10.062 0 0 W : [3 T1046 ..] [SP FRAME RX] arp req,vif_idx:0 sender:[3a:fd:3d:ee:5f:54 192.168.3.129]receiver:[00:00:00:00:00:00 192.168.3.75]
06-24 16:49:10.063 0 0 W : [3 T1046 ..] [SP FRAME TX] arp rsp,vif_idx:0 sender:[1c:79:2d:20:62:cb 192.168.3.75]receiver:[3a:fd:3d:ee:5f:54 192.168.3.129]
06-24 16:49:10.166 685 1135 V SplashScreenExceptionList: SplashScreen checking exception for package com.tv.filemanager.os (target sdk:29) -> false
06-24 16:49:10.169 685 1135 I ActivityTaskManager: START u0 {act=android.intent.action.VIEW cat=[android.intent.category.DEFAULT] dat=content://com.dangbeimarket.android7.fileprovider/... typ=image/* flg=0x10000003 cmp=com.tv.filemanager.os/com.dangbei.localpicture.LocalViewerActivity} with LAUNCH_MULTIPLE from uid 10096 (BAL_ALLOW_VISIBLE_WINDOW) result code=0
06-24 16:49:10.170 901 979 V WindowManagerShell: Transition requested: android.os.BinderProxy@2253a5 TransitionRequestInfo { type = 1, triggerTask = TaskInfo{userId=0 taskId=193 displayId=0 isRunning=true baseIntent=Intent { act=android.intent.action.VIEW cat=[android.intent.category.DEFAULT] dat=content://com.dangbeimarket.android7.fileprovider/... typ=image/* flg=0x10000003 cmp=com.tv.filemanager.os/com.dangbei.localpicture.LocalViewerActivity } baseActivity=ComponentInfo{com.tv.filemanager.os/com.dangbei.localpicture.LocalViewerActivity} topActivity=ComponentInfo{com.tv.filemanager.os/com.dangbei.localpicture.LocalViewerActivity} origActivity=null realActivity=ComponentInfo{com.tv.filemanager.os/com.dangbei.localpicture.LocalViewerActivity} numActivities=1 lastActiveTime=20358070 supportsMultiWindow=true resizeMode=1 isResizeable=true minWidth=-1 minHeight=-1 defaultMinSize=220 token=WCT{android.window.IWindowContainerToken$Stub$Proxy@ab8137a} topActivityType=1 pictureInPictureParams=null shouldDockBigOverlays=true launchIntoPipHostTaskId=-1 lastParentTaskIdBeforePip=-1 displayCutoutSafeInsets=null topActivityInfo=ActivityInfo{aba72b com.dangbei.localpicture.LocalViewerActivity} launchCookies=[] positionInParent=Point(0, 0) parentTaskId=-1 isFocused=false isVisible=false isVisibleRequested=false isSleeping=false topActivityInSizeCompat=false topActivityEligibleForLetterboxEducation= false isLetterboxDoubleTapEnabled= false topActivityEligibleForUserAspectRatioButton= false topActivityBoundsLetterboxed= false isFromLetterboxDoubleTap= false topActivityLetterboxVerticalPosition= -1 topActivityLetterboxHorizontalPosition= -1 topActivityLetterboxWidth=-1 topActivityLetterboxHeight=-1 isUserFullscreenOverrideEnabled=false isTopActivityTransparent=false locusId=null displayAreaFeatureId=1 cameraCompatControlState=hidden}, remoteTransition = null, displayChange = null, flags = 0 }
06-24 16:49:10.171 685 711 I ActivityManager: com.tv.filemanager.os is exempt from freezer
06-24 16:49:10.172 685 711 D CompatibilityChangeReporter: Compat change id reported: 135634846; UID 10041; state: DISABLED
06-24 16:49:10.172 685 711 D CompatibilityChangeReporter: Compat change id reported: 177438394; UID 10041; state: DISABLED
06-24 16:49:10.172 685 711 D CompatibilityChangeReporter: Compat change id reported: 135772972; UID 10041; state: DISABLED
06-24 16:49:10.172 685 711 D CompatibilityChangeReporter: Compat change id reported: 135754954; UID 10041; state: DISABLED
06-24 16:49:10.174 685 719 D CompatibilityChangeReporter: Compat change id reported: 143937733; UID 10041; state: DISABLED
06-24 16:49:10.185 685 711 I ActivityManager: PendingStartActivityUids startActivity to updateOomAdj delay:2188ms, uid:10096
06-24 16:49:10.222 0 0 W : [3 T0 .s] [SP FRAME TX] arp req,vif_idx:0 sender:[1c:79:2d:20:62:cb 192.168.3.75]receiver:[00:00:00:00:00:00 192.168.3.243]
06-24 16:49:10.216 3715 3715 W VRI[FileManagerActivity]: Cancelling event (no window focus):KeyEvent { action=ACTION_UP, keyCode=KEYCODE_DPAD_CENTER, scanCode=28, metaState=0, flags=0x28, repeatCount=0, eventTime=20358116672290, downTime=20358052965000, deviceId=10, source=0x301, displayId=-1 }
06-24 16:49:10.217 3715 3715 W VRI[FileManagerActivity]: Cancelling event (no window focus):KeyEvent { action=ACTION_UP, keyCode=KEYCODE_DPAD_CENTER, scanCode=28, metaState=0, flags=0x28, repeatCount=0, eventTime=20358116672290, downTime=20358052965000, deviceId=10, source=0x301, displayId=-1 }
06-24 16:49:10.217 3715 3715 W VRI[FileManagerActivity]: Cancelling event (no window focus):KeyEvent { action=ACTION_UP, keyCode=KEYCODE_DPAD_CENTER, scanCode=28, metaState=0, flags=0x28, repeatCount=0, eventTime=20358116672290, downTime=20358052965000, deviceId=10, source=0x301, displayId=-1 }
06-24 16:49:10.217 3715 3715 W VRI[FileManagerActivity]: Cancelling event (no window focus):KeyEvent { action=ACTION_UP, keyCode=KEYCODE_DPAD_CENTER, scanCode=28, metaState=0, flags=0x28, repeatCount=0, eventTime=20358116672290, downTime=20358052965000, deviceId=10, source=0x301, displayId=-1 }
06-24 16:49:10.217 3715 3715 W VRI[FileManagerActivity]: Cancelling event (no window focus):KeyEvent { action=ACTION_UP, keyCode=KEYCODE_DPAD_CENTER, scanCode=28, metaState=0, flags=0x28, repeatCount=0, eventTime=20358116672290, downTime=20358052965000, deviceId=10, source=0x301, displayId=-1 }
06-24 16:49:10.217 3715 3715 W VRI[FileManagerActivity]: Cancelling event (no window focus):KeyEvent { action=ACTION_UP, keyCode=KEYCODE_DPAD_CENTER, scanCode=28, metaState=0, flags=0x28, repeatCount=0, eventTime=20358116672290, downTime=20358052965000, deviceId=10, source=0x301, displayId=-1 }
06-24 16:49:10.219 685 719 I ActivityManager: Start proc 7004:com.tv.filemanager.os/u0a41 for next-top-activity {com.tv.filemanager.os/com.dangbei.localpicture.LocalViewerActivity}
06-24 16:49:10.264 685 1069 D CompatibilityChangeReporter: Compat change id reported: 170503758; UID 10041; state: DISABLED
06-24 16:49:10.282 901 979 D WindowManagerShell: TvPipController: onTaskStackChanged()
06-24 16:49:10.460 685 751 D CompatibilityChangeReporter: Compat change id reported: 161145287; UID 10041; state: DISABLED
