06-24 17:06:32.939 685 709 W ContextImpl: Calling a method in the system process without a qualified user: android.app.ContextImpl.startService:1899 com.android.server.wm.DisplayPolicy.lambda$focusChangedLw$5:2126 com.android.server.wm.DisplayPolicy.$r8$lambda$Znxk63oh-WzVnzo_WQefN7uxV48:0 com.android.server.wm.DisplayPolicy$$ExternalSyntheticLambda13.run:0 android.os.Handler.handleCallback:958
06-24 17:06:32.976 685 735 V DisplayPowerController2[0]: Brightness [0.39763778] reason changing to: 'manual', previous reason: 'manual [ dim ]'.
06-24 17:06:32.977 685 735 I DisplayPowerController2[0]: BrightnessEvent: disp=0, physDisp=local:4625716335649126415, brt=0.39763778, initBrt=0.05, rcmdBrt=NaN, preBrt=NaN, lux=0.0, preLux=0.0, hbmMax=1.0, hbmMode=off, rbcStrength=0, thrmMax=1.0, powerFactor=1.0, wasShortTermModelActive=false, flags=, reason=manual, autoBrightness=false, strategy=InvalidBrightnessStrategy
06-24 17:06:32.978 901 979 V WindowManagerShell: onTransitionReady android.os.BinderProxy@8007b65: {id=667 t=OPEN f=0x0 trk=0 r=[0@Point(0, 0)] c=[{WCT{android.window.IWindowContainerToken$Stub$Proxy@e5274c7} m=TO_FRONT f=NONE leash=Surface(name=Task=206)/@0xa4a9248 sb=Rect(0, 0 - 1920, 1080) eb=Rect(0, 0 - 1920, 1080) d=0},{WCT{android.window.IWindowContainerToken$Stub$Proxy@19a8af4} m=TO_BACK f=NONE leash=Surface(name=Task=1)/@0x60268e1 sb=Rect(0, 0 - 1920, 1080) eb=Rect(0, 0 - 1920, 1080) d=0}]}
06-24 17:06:32.978 901 979 V WindowManagerShell: Playing animation for (#667)android.os.BinderProxy@8007b65@0
06-24 17:06:32.978 901 979 V WindowManagerShell: try handler com.android.wm.shell.keyguard.KeyguardTransitionHandler@24e2028
06-24 17:06:32.978 901 979 V WindowManagerShell: try handler com.android.wm.shell.pip.tv.TvPipTransition@1141
06-24 17:06:32.979 901 979 V WindowManagerShell: try handler com.android.wm.shell.activityembedding.ActivityEmbeddingController@e8f56e6
06-24 17:06:32.979 901 979 V WindowManagerShell: try handler com.android.wm.shell.transition.RemoteTransitionHandler@b664427
06-24 17:06:32.979 901 979 V WindowManagerShell: Transition doesn't have explicit remote, search filters for match for {id=667 t=OPEN f=0x0 trk=0 r=[0@Point(0, 0)] c=[{WCT{android.window.IWindowContainerToken$Stub$Proxy@e5274c7} m=TO_FRONT f=NONE leash=Surface(name=Task=206)/@0xa4a9248 sb=Rect(0, 0 - 1920, 1080) eb=Rect(0, 0 - 1920, 1080) d=0},{WCT{android.window.IWindowContainerToken$Stub$Proxy@19a8af4} m=TO_BACK f=NONE leash=Surface(name=Task=1)/@0x60268e1 sb=Rect(0, 0 - 1920, 1080) eb=Rect(0, 0 - 1920, 1080) d=0}]}
06-24 17:06:32.979 901 979 V WindowManagerShell: Delegate animation for #667 to null
06-24 17:06:32.979 901 979 V WindowManagerShell: try handler com.android.wm.shell.transition.DefaultTransitionHandler@7916d4
06-24 17:06:32.979 901 979 V WindowManagerShell: start default transition animation, info = {id=667 t=OPEN f=0x0 trk=0 r=[0@Point(0, 0)] c=[{WCT{android.window.IWindowContainerToken$Stub$Proxy@e5274c7} m=TO_FRONT f=NONE leash=Surface(name=Task=206)/@0xa4a9248 sb=Rect(0, 0 - 1920, 1080) eb=Rect(0, 0 - 1920, 1080) d=0},{WCT{android.window.IWindowContainerToken$Stub$Proxy@19a8af4} m=TO_BACK f=NONE leash=Surface(name=Task=1)/@0x60268e1 sb=Rect(0, 0 - 1920, 1080) eb=Rect(0, 0 - 1920, 1080) d=0}]}
06-24 17:06:32.979 901 979 V WindowManagerShell: loadAnimation: anim=null animAttr=0x1d type=OPEN isEntrance=false
06-24 17:06:32.979 901 979 V WindowManagerShell: loadAnimation: anim=null animAttr=0x1c type=OPEN isEntrance=true
06-24 17:06:32.980 685 711 D DisplayManagerService: Ignore redundant display event 0/4 to 10085/2260
06-24 17:06:32.980 685 711 D DisplayManagerService: Ignore redundant display event 0/4 to 10023/4199
06-24 17:06:32.980 685 711 D DisplayManagerService: Ignore redundant display event 0/4 to 10041/7242
06-24 17:06:32.980 685 711 D DisplayManagerService: Ignore redundant display event 0/4 to 10104/9541
06-24 17:06:32.980 685 711 D DisplayManagerService: Ignore redundant display event 0/4 to 10075/17638
06-24 17:06:32.980 685 711 D DisplayManagerService: Ignore redundant display event 0/4 to 10101/24154
06-24 17:06:32.980 685 711 D DisplayManagerService: Ignore redundant display event 0/4 to 10077/30288
06-24 17:06:32.980 685 711 D DisplayManagerService: Ignore redundant display event 0/4 to 10042/30515
06-24 17:06:32.980 901 979 V WindowManagerShell: Transition animation finished (aborted=false), notifying core (#667)android.os.BinderProxy@8007b65@0
06-24 17:06:32.987 901 979 V WindowManagerShell: Track 0 became idle
06-24 17:06:32.987 901 979 V WindowManagerShell: All active transition animations finished
06-24 17:06:32.987 901 979 V WindowManagerShell: animated by com.android.wm.shell.transition.DefaultTransitionHandler@7916d4
06-24 17:06:32.988 901 979 V WindowManagerShell: Track 0 became idle
06-24 17:06:32.988 901 979 V WindowManagerShell: All active transition animations finished
06-24 17:06:32.988 685 708 V WindowManager: Sent Transition #667 createdAt=06-24 17:06:32.679 via request=TransitionRequestInfo { type = 1, triggerTask = TaskInfo{userId=0 taskId=207 displayId=0 isRunning=true baseIntent=Intent { flg=0x10840000 pkg=com.dangbei.lerad.screensaver cmp=com.dangbei.lerad.screensaver/android.service.dreams.DreamActivity } baseActivity=ComponentInfo{com.dangbei.lerad.screensaver/android.service.dreams.DreamActivity} topActivity=ComponentInfo{com.dangbei.lerad.screensaver/android.service.dreams.DreamActivity} origActivity=null realActivity=ComponentInfo{com.dangbei.lerad.screensaver/android.service.dreams.DreamActivity} numActivities=1 lastActiveTime=21400606 supportsMultiWindow=true resizeMode=0 isResizeable=false minWidth=-1 minHeight=-1 defaultMinSize=220 token=WCT{RemoteToken{b4970cb Task{704ce48 #207 type=dream A=10043:android:com.dangbei.lerad.screensaver/dream}}} topActivityType=5 pictureInPictureParams=null shouldDockBigOverlays=true launchIntoPipHostTaskId=-1 lastParentTaskIdBeforePip=-1 displayCutoutSafeInsets=null topActivityInfo=ActivityInfo{6a510a8 android.service.dreams.DreamActivity} launchCookies=[] positionInParent=Point(0, 0) parentTaskId=-1 isFocused=false isVisible=false isVisibleRequested=false isSleeping=false topActivityInSizeCompat=false topActivityEligibleForLetterboxEducation= false isLetterboxDoubleTapEnabled= false topActivityEligibleForUserAspectRatioButton= false topActivityBoundsLetterboxed= false isFromLetterboxDoubleTap= false topActivityLetterboxVerticalPosition= -1 topActivityLetterboxHorizontalPosition= -1 topActivityLetterboxWidth=-1 topActivityLetterboxHeight=-1 isUserFullscreenOverrideEnabled=false isTopActivityTransparent=false locusId=null displayAreaFeatureId=1 cameraCompatControlState=hidden}, remoteTransition = null, displayChange = null, flags = 0 }
06-24 17:06:32.988 685 708 V WindowManager: startWCT=WindowContainerTransaction { changes = {} hops = [] errorCallbackToken=null taskFragmentOrganizer=null }
06-24 17:06:32.989 685 708 V WindowManager: info={id=667 t=OPEN f=0x0 trk=0 r=[0@Point(0, 0)] c=[{WCT{RemoteToken{94b77c1 Task{cc120eb #206 type=dream}}} m=TO_FRONT f=NONE leash=Surface(name=Task=206)/@0xc5864bc sb=Rect(0, 0 - 1920, 1080) eb=Rect(0, 0 - 1920, 1080) d=0},{WCT{RemoteToken{30b1e82 Task{4d21fd0 #1 type=home}}} m=TO_BACK f=NONE leash=Surface(name=Task=1)/@0x54f0375 sb=Rect(0, 0 - 1920, 1080) eb=Rect(0, 0 - 1920, 1080) d=0}]}
06-24 17:06:32.990 685 708 V WindowManager: Finish Transition #667: created at
06-24 17:06:32.679 collect-started=0.056ms request-sent=25.739ms started=27.501ms ready=44.536ms sent=287.539ms finished=305.501ms
06-24 17:06:33.117 685 15103 D CompatibilityChangeReporter: Compat change id reported: 214016041; UID 10043; state: ENABLED
06-24 17:06:33.290 0 0 E : [2 T19630 ..] mediaproxy produce init [aml-vcodec-dec]
06-24 17:06:33.290 0 0 I : [2 T19630 ..] Mediaproxy is opened name[aml-vcodec-dec]\n
06-24 17:06:33.290 0 0 I : [2 T19630 ..] Mediaproxy is opened name[aml-vcodec-dec] end\n
06-24 17:06:33.291 0 0 E : [2 T19630 ..] mediaproxy produce start connect
06-24 17:06:33.292 0 0 I : [2 T19630 ..] find p kfifo size:[32][2]
06-24 17:06:33.293 0 0 I : [2 T19630 ..] mediaproxy_get_fifo get idx[2]
06-24 17:06:33.294 0 0 I : [2 T19630 ..] Session producer-2 is connected fifo idx [2]
06-24 17:06:33.294 0 0 E : [2 T19630 ..] mediaproxy produce connect [2]
06-24 17:06:33.295 0 0 I : [2 T19630 ..] mediaproxy produce msg type :0x40 module_name:aml-vcodec-dec
06-24 17:06:33.297 0 0 I : [0 T19630 ..] deinit session
06-24 17:06:33.297 0 0 I : [0 T19630 ..] deinit session producer-2
06-24 17:06:33.297 0 0 I : [0 T19630 ..] deinit has_unusing_fifo [1]
06-24 17:06:33.298 0 0 I : [2 T98 ..] p_fifo[2] name[aml-vcodec-dec] state[0] to MP_FIFO_UNUSED
06-24 17:06:33.298 0 0 E : [0 T19630 ..] mediaproxy produce init [aml-vcodec-dec]
06-24 17:06:33.299 0 0 I : [0 T19630 ..] Mediaproxy is opened name[aml-vcodec-dec]\n
06-24 17:06:33.299 0 0 I : [0 T19630 ..] Mediaproxy is opened name[aml-vcodec-dec] end\n
06-24 17:06:33.300 0 0 E : [0 T19630 ..] mediaproxy produce start connect
06-24 17:06:33.302 0 0 I : [0 T19630 ..] find p kfifo size:[32][2]
06-24 17:06:33.302 0 0 I : [0 T19630 ..] mediaproxy_get_fifo get idx[2]
06-24 17:06:33.303 0 0 I : [0 T19630 ..] Session producer-2 is connected fifo idx [2]
06-24 17:06:33.304 0 0 E : [0 T19630 ..] mediaproxy produce connect [2]
06-24 17:06:33.304 0 0 I : [0 T19630 ..] mediaproxy produce msg type :0x40 module_name:aml-vcodec-dec
06-24 17:06:33.306 0 0 I : [2 T19630 ..] deinit session
06-24 17:06:33.306 0 0 I : [2 T19630 ..] deinit session producer-2
06-24 17:06:33.306 0 0 I : [2 T19630 ..] deinit has_unusing_fifo [1]
06-24 17:06:33.307 0 0 I : [0 T98 ..] p_fifo[2] name[aml-vcodec-dec] state[0] to MP_FIFO_UNUSED
06-24 17:06:33.308 0 0 I : [2 T19630 ..] codec mem info:
06-24 17:06:33.308 0 0 I : [2 T19630 ..] total codec mem size:364 MB
06-24 17:06:33.309 0 0 I : [2 T19630 ..] alloced size= 0 MB
06-24 17:06:33.310 0 0 I : [2 T19630 ..] max alloced: 119 MB
06-24 17:06:33.310 0 0 I [2 T19630 ..] CMA: 0,RES:0,TVP:0,SYS:0,COHER:0,VMAPED:0 MB
06-24 17:06:33.311 0 0 I [2 T19630 ..] RES_EXT: 0 MB
06-24 17:06:33.312 0 0 I : [2 T19630 ..] [4]CMA size:364 MB:alloced: 0 MB,free:364 MB
06-24 17:06:33.312 0 0 I : [2 T19630 ..] codec mem info:
06-24 17:06:33.313 0 0 I : [2 T19630 ..] total codec mem size:364 MB
06-24 17:06:33.313 0 0 I : [2 T19630 ..] alloced size= 0 MB
06-24 17:06:33.314 0 0 I : [2 T19630 ..] max alloced: 119 MB
06-24 17:06:33.314 0 0 I [2 T19630 ..] CMA: 0,RES:0,TVP:0,SYS:0,COHER:0,VMAPED:0 MB
06-24 17:06:33.315 0 0 I [2 T19630 ..] RES_EXT: 0 MB
06-24 17:06:33.316 0 0 I : [2 T19630 ..] [4]CMA size:364 MB:alloced: 0 MB,free:364 MB
06-24 17:06:33.318 0 0 E : [3 T19636 ..] mediaproxy produce init [aml-vcodec-dec]
06-24 17:06:33.318 0 0 I : [3 T19636 ..] Mediaproxy is opened name[aml-vcodec-dec]\n
06-24 17:06:33.318 0 0 I : [3 T19636 ..] Mediaproxy is opened name[aml-vcodec-dec] end\n
06-24 17:06:33.319 0 0 E : [3 T19636 ..] mediaproxy produce start connect
06-24 17:06:33.320 0 0 I : [3 T19636 ..] find p kfifo size:[32][2]
06-24 17:06:33.321 0 0 I : [3 T19636 ..] mediaproxy_get_fifo get idx[2]
06-24 17:06:33.321 0 0 I : [3 T19636 ..] Session producer-2 is connected fifo idx [2]
06-24 17:06:33.322 0 0 E : [3 T19636 ..] mediaproxy produce connect [2]
06-24 17:06:33.323 0 0 I : [3 T19636 ..] mediaproxy produce msg type :0x40 module_name:aml-vcodec-dec
06-24 17:06:33.325 0 0 I : [3 T19636 ..] deinit session
06-24 17:06:33.325 0 0 I : [3 T19636 ..] deinit session producer-2
06-24 17:06:33.325 0 0 I : [3 T19636 ..] deinit has_unusing_fifo [1]
06-24 17:06:33.326 0 0 I : [0 T98 ..] p_fifo[2] name[aml-vcodec-dec] state[0] to MP_FIFO_UNUSED
06-24 17:06:33.326 0 0 E : [3 T19636 ..] mediaproxy produce init [aml-vcodec-dec]
06-24 17:06:33.327 0 0 I : [3 T19636 ..] Mediaproxy is opened name[aml-vcodec-dec]\n
06-24 17:06:33.327 0 0 I : [3 T19636 ..] Mediaproxy is opened name[aml-vcodec-dec] end\n
06-24 17:06:33.328 0 0 E : [3 T19636 ..] mediaproxy produce start connect
06-24 17:06:33.330 0 0 I : [3 T19636 ..] find p kfifo size:[32][2]
06-24 17:06:33.330 0 0 I : [3 T19636 ..] mediaproxy_get_fifo get idx[2]
06-24 17:06:33.331 0 0 I : [3 T19636 ..] Session producer-2 is connected fifo idx [2]
06-24 17:06:33.332 0 0 E : [3 T19636 ..] mediaproxy produce connect [2]
06-24 17:06:33.332 0 0 I : [3 T19636 ..] mediaproxy produce msg type :0x40 module_name:aml-vcodec-dec
06-24 17:06:33.334 0 0 I [0 T19636 ..] [amlv4l]: [575]: DW:3, TW:0, Margin:6
06-24 17:06:33.335 0 0 D [3 T19642 ..] [amlcom]: vdec_create instance 000000005049862f, total 1, PM: power-domain
06-24 17:06:33.335 0 0 D [3 T19642 ..] [media_clock]: hevc mux clock is 799999988 Hz
06-24 17:06:33.336 0 0 I [2 T19642 ..] [amlcom]: dos_local_config end, id 3, is_on 1
06-24 17:06:33.336 0 0 I [2 T19642 ..] [amlcom]: vdec_init, dev_name:ammvdec_h265_v4l, vdec_type=VDEC_TYPE_FRAME_BLOCK, format: 11, total: 1
06-24 17:06:33.338 0 0 D [2 T19642 ..] [h265]: [0]pdata->config=parm_v4l_codec_enable:1;parm_v4l_buffer_margin:6;hevc_double_write_mode:3;hevc_triple_write_mode:0;hevc_buf_width:4096;hevc_buf_height:2304;save_buffer_mode:0;parm_v4l_canvas_mem_mode:0;parm_v4l_canvas_mem_endian:0;parm_v4l_low_latency_mode:0;parm_v4l_metadata_config_flag:1050626;parm_v4l_duration:0;dv_profile:0;parm_v4l_error_handle_info:0;
06-24 17:06:33.339 0 0 D [2 T19642 ..] [h265]: [0]discard dv data
06-24 17:06:33.339 0 0 D [2 T19642 ..] [h265]: [0]dv_profile: 0
06-24 17:06:33.339 0 0 D [2 T19642 ..] [h265]: [0]Correction: policy 0x2 mode 2 lcu_percentage_threshold 0
06-24 17:06:33.355 0 0 D [2 T19642 ..] [h265]: [0]dynamic_buf_num_margin=6
06-24 17:06:33.355 0 0 D [2 T19642 ..] [h265]: [0]double_write_mode=3
06-24 17:06:33.355 0 0 D [2 T19642 ..] [h265]: [0]nal_skip_policy=2
06-24 17:06:33.355 0 0 D [2 T19642 ..] [h265]: [0]h265:pts_unstable=0
06-24 17:06:33.355 0 0 D [2 T19642 ..] [h265]: [0]h265: ver (201602101,0) decinfo: 0x0 rate=3600
06-24 17:06:33.361 0 0 D [3 T19642 ..] [h265]: ucode version 4.184, swap enable 1
06-24 17:06:33.362 0 0 D [3 T19642 ..] [media_clock]: hevc mux clock is 799999988 Hz
06-24 17:06:33.362 0 0 D [3 T19642 ..] [amlcom]: hevc video changed to 3840 x 2160 60 fps clk->800MHZ
06-24 17:06:33.362 0 0 I [1 T19630 ..] [amlv4l]: [575]: set vf duration: c80
06-24 17:06:33.396 0 0 I [1 T19642 ..] [amlv4l]: [575]: reset mode: 1, es frames buffering: 0
06-24 17:06:33.397 0 0 D [1 T19642 ..] [h265]: [0]h265:pts_unstable=0
06-24 17:06:33.397 0 0 D [1 T19642 ..] [h265]: [0]h265: ver (201602101,0) decinfo: 0x0 rate=3600
06-24 17:06:33.414 0 0 D [0 T19636 ..] [amlcom]: vdec_release instance 000000005049862f, total 1
06-24 17:06:33.414 0 0 I [0 T19636 ..] [amlcom]: dos_local_config end, id 3, is_on 0
06-24 17:06:33.415 0 0 D [0 T19636 ..] [media_clock]: the clk_hevcf_mux clock off, ref cnt: 0
06-24 17:06:33.415 0 0 I : [0 T19636 ..] deinit session
06-24 17:06:33.415 0 0 I : [0 T19636 ..] deinit session producer-2
06-24 17:06:33.416 0 0 I : [0 T19636 ..] deinit has_unusing_fifo [1]
06-24 17:06:33.417 0 0 I : [1 T98 ..] p_fifo[2] name[aml-vcodec-dec] state[0] to MP_FIFO_UNUSED
06-24 17:06:33.419 0 0 I : [0 T19630 ..] codec mem info:
06-24 17:06:33.420 0 0 I : [0 T19630 ..] total codec mem size:364 MB
06-24 17:06:33.420 0 0 I : [0 T19630 ..] alloced size= 0 MB
06-24 17:06:33.420 0 0 I : [0 T19630 ..] max alloced: 119 MB
06-24 17:06:33.421 0 0 I [0 T19630 ..] CMA: 0,RES:0,TVP:0,SYS:0,COHER:0,VMAPED:0 MB
06-24 17:06:33.422 0 0 I [0 T19630 ..] RES_EXT: 0 MB
06-24 17:06:33.422 0 0 I : [0 T19630 ..] [4]CMA size:364 MB:alloced: 0 MB,free:364 MB
06-24 17:06:33.423 0 0 I : [0 T19630 ..] codec mem info:
06-24 17:06:33.424 0 0 I : [0 T19630 ..] total codec mem size:364 MB
06-24 17:06:33.424 0 0 I : [0 T19630 ..] alloced size= 0 MB
06-24 17:06:33.425 0 0 I : [0 T19630 ..] max alloced: 119 MB
06-24 17:06:33.425 0 0 I [0 T19630 ..] CMA: 0,RES:0,TVP:0,SYS:0,COHER:0,VMAPED:0 MB
06-24 17:06:33.426 0 0 I [0 T19630 ..] RES_EXT: 0 MB
06-24 17:06:33.427 0 0 I : [0 T19630 ..] [4]CMA size:364 MB:alloced: 0 MB,free:364 MB
06-24 17:06:33.430 0 0 E : [1 T19650 ..] mediaproxy produce init [aml-vcodec-dec]
06-24 17:06:33.430 0 0 I : [1 T19650 ..] Mediaproxy is opened name[aml-vcodec-dec]\n
06-24 17:06:33.430 0 0 I : [1 T19650 ..] Mediaproxy is opened name[aml-vcodec-dec] end\n
06-24 17:06:33.431 0 0 E : [1 T19650 ..] mediaproxy produce start connect
06-24 17:06:33.433 0 0 I : [1 T19650 ..] find p kfifo size:[32][2]
06-24 17:06:33.433 0 0 I : [1 T19650 ..] mediaproxy_get_fifo get idx[2]
06-24 17:06:33.434 0 0 I : [1 T19650 ..] Session producer-2 is connected fifo idx [2]
06-24 17:06:33.435 0 0 E : [1 T19650 ..] mediaproxy produce connect [2]
06-24 17:06:33.435 0 0 I : [1 T19650 ..] mediaproxy produce msg type :0x40 module_name:aml-vcodec-dec
06-24 17:06:33.438 0 0 I : [1 T19650 ..] deinit session
06-24 17:06:33.438 0 0 I : [1 T19650 ..] deinit session producer-2
06-24 17:06:33.438 0 0 I : [1 T19650 ..] deinit has_unusing_fifo [1]
06-24 17:06:33.439 0 0 I : [0 T98 ..] p_fifo[2] name[aml-vcodec-dec] state[0] to MP_FIFO_UNUSED
06-24 17:06:33.440 0 0 E : [3 T19650 ..] mediaproxy produce init [aml-vcodec-dec]
06-24 17:06:33.441 0 0 I : [3 T19650 ..] Mediaproxy is opened name[aml-vcodec-dec]\n
06-24 17:06:33.441 0 0 I : [3 T19650 ..] Mediaproxy is opened name[aml-vcodec-dec] end\n
06-24 17:06:33.442 0 0 E : [3 T19650 ..] mediaproxy produce start connect
06-24 17:06:33.443 0 0 I : [3 T19650 ..] find p kfifo size:[32][2]
06-24 17:06:33.444 0 0 I : [3 T19650 ..] mediaproxy_get_fifo get idx[2]
06-24 17:06:33.444 0 0 I : [3 T19650 ..] Session producer-2 is connected fifo idx [2]
06-24 17:06:33.445 0 0 E : [3 T19650 ..] mediaproxy produce connect [2]
06-24 17:06:33.446 0 0 I : [3 T19650 ..] mediaproxy produce msg type :0x40 module_name:aml-vcodec-dec
06-24 17:06:33.448 0 0 I [3 T19650 ..] [amlv4l]: [577]: DW:1, TW:0, Margin:6
06-24 17:06:33.448 0 0 D [2 T19655 ..] [amlcom]: vdec_create instance 00000000d50d28cf, total 1, PM: power-domain
06-24 17:06:33.449 0 0 D [2 T19655 ..] [media_clock]: hevc mux clock is 799999988 Hz
06-24 17:06:33.449 0 0 I [2 T19655 ..] [amlcom]: dos_local_config end, id 3, is_on 1
06-24 17:06:33.449 0 0 I [2 T19655 ..] [amlcom]: vdec_init, dev_name:ammvdec_h265_v4l, vdec_type=VDEC_TYPE_FRAME_BLOCK, format: 11, total: 1
06-24 17:06:33.452 0 0 D [2 T19655 ..] [h265]: [0]pdata->config=parm_v4l_codec_enable:1;parm_v4l_buffer_margin:6;hevc_double_write_mode:1;hevc_triple_write_mode:0;hevc_buf_width:4096;hevc_buf_height:2304;save_buffer_mode:0;parm_v4l_canvas_mem_mode:0;parm_v4l_canvas_mem_endian:0;parm_v4l_low_latency_mode:0;parm_v4l_metadata_config_flag:1574914;parm_v4l_duration:0;dv_profile:0;parm_v4l_error_handle_info:0;
06-24 17:06:33.452 0 0 D [2 T19655 ..] [h265]: [0]discard dv data
06-24 17:06:33.452 0 0 D [2 T19655 ..] [h265]: [0]dv_profile: 0
06-24 17:06:33.452 0 0 D [2 T19655 ..] [h265]: [0]Correction: policy 0x2 mode 2 lcu_percentage_threshold 0
06-24 17:06:33.459 0 0 D [2 T19655 ..] [h265]: [0]dynamic_buf_num_margin=6
06-24 17:06:33.459 0 0 D [2 T19655 ..] [h265]: [0]double_write_mode=1
06-24 17:06:33.459 0 0 D [2 T19655 ..] [h265]: [0]nal_skip_policy=2
06-24 17:06:33.459 0 0 D [2 T19655 ..] [h265]: [0]h265:pts_unstable=0
06-24 17:06:33.459 0 0 D [2 T19655 ..] [h265]: [0]h265: ver (201602101,0) decinfo: 0x0 rate=3600
06-24 17:06:33.459 0 0 D [2 T19655 ..] [h265]: ucode version 4.184, swap enable 1
06-24 17:06:33.459 0 0 D [2 T19655 ..] [media_clock]: hevc mux clock is 799999988 Hz
06-24 17:06:33.459 0 0 D [2 T19655 ..] [amlcom]: hevc video changed to 3840 x 2160 60 fps clk->800MHZ
06-24 17:06:33.460 0 0 I [1 T19630 ..] [amlv4l]: [577]: set vf duration: c80
06-24 17:06:33.466 0 0 D [0 T240 ..] [h265]: [0]vh265 cached=0 need_size=16384 speed= 12 ms
06-24 17:06:33.466 0 0 D [0 T238 ..] [h265]: set ucode parse
06-24 17:06:33.466 0 0 W : [0 T238 ..] hevc get comp info: 64 65536 797
06-24 17:06:33.466 0 0 D [0 T238 ..] [h265]: margin = 6, sps_max_dec_pic_buffering_minus1_0 = 5
06-24 17:06:33.466 0 0 I [0 T238 ..] [amlv4l]: [577]: Parse from ucode, visible(1920 x 1080), coded(1920 x 1088), scan:P, bitdepth(8), DW/TW(1, 0)
06-24 17:06:33.466 0 0 I [1 T19655 ..] [amlv4l]: [577]: Picture buffer count: dec:7, vpp:0, ge2d:0, margin:6, total:13
06-24 17:06:33.469 0 0 D [1 T19655 ..] [amlv4l]: [577]: Post event: res chg
06-24 17:06:33.531 0 0 D [0 T238 ..] [h265]: [0]hevc->performance_profile 0
06-24 17:06:33.531 0 0 D [0 T238 ..] [h265]: [0]set pic_list_init_flag 1
06-24 17:06:33.531 0 0 D [2 T21344 ..] [h265]: [0]init_buf_spec2 1920 1080
06-24 17:06:33.531 0 0 D [2 T21344 ..] [h265]: [0]set pic_list_init_flag to 2
06-24 17:06:33.531 0 0 D [0 T238 ..] [h265]: [0]set pic_list_init_flag to 3
06-24 17:06:33.531 0 0 D [0 T238 ..] [h265]: [vdec_kpi][vh265_isr_thread_fn] First I frame coming.
06-24 17:06:33.555 0 0 D [0 T238 ..] [h265]: [0]VH265: output first frame poc 0
06-24 17:06:33.555 0 0 D [0 T238 ..] [h265]: [0]decoder duration change old: 0 new: 3200
06-24 17:06:33.555 0 0 D [0 T238 ..] [h265]: [vdec_kpi][post_video_frame] First I frame decoded.
06-24 17:06:34.023 0 0 W [2 T19079 ..] audit: audit_lost=23464 audit_rate_limit=5 audit_backlog_limit=64
06-24 17:06:34.023 0 0 E [2 T19079 ..] audit: rate limit exceeded
06-24 17:06:35.298 0 0 W [2 T19676 ..] audit: audit_lost=23469 audit_rate_limit=5 audit_backlog_limit=64
06-24 17:06:35.299 0 0 E [2 T19676 ..] audit: rate limit exceeded
06-24 17:06:35.722 0 0 W : [3 T0 .s] [SP FRAME TX] arp req,vif_idx:0 sender:[1c:79:2d:20:62:cb 192.168.3.75]receiver:[00:00:00:00:00:00 192.168.3.31]
06-24 17:06:35.836 0 0 W : [2 T1046 ..] [SP FRAME RX] arp req,vif_idx:0 sender:[b2:58:c1:bc:d7:cb 192.168.3.31]receiver:[00:00:00:00:00:00 192.168.3.75]
06-24 17:06:35.837 0 0 W : [2 T1046 ..] [SP FRAME TX] arp rsp,vif_idx:0 sender:[1c:79:2d:20:62:cb 192.168.3.75]receiver:[b2:58:c1:bc:d7:cb 192.168.3.31]
06-24 17:06:35.838 0 0 W : [2 T1046 ..] [SP FRAME RX] arp rsp,vif_idx:0 sender:[b2:58:c1:bc:d7:cb 192.168.3.31]receiver:[1c:79:2d:20:62:cb 192.168.3.75]
06-24 17:06:36.228 901 979 V WindowManagerShell: Transition requested: android.os.BinderProxy@a3ddc92 TransitionRequestInfo { type = 3, triggerTask = null, remoteTransition = null, displayChange = null, flags = 0 }
06-24 17:06:36.240 685 15103 I DreamManagerService: Gently waking up from dream.
06-24 17:06:36.245 685 11707 V WindowManager: app ------------- force_land :0
06-24 17:06:36.279 19478 19478 W VRI[DreamActivity]: Cancelling event (no window focus):KeyEvent { action=ACTION_UP, keyCode=KEYCODE_BACK, scanCode=1, metaState=0, flags=0x28, repeatCount=0, eventTime=21404165567539, downTime=21404116517000, deviceId=10, source=0x301, displayId=-1 }
06-24 17:06:36.279 19478 19478 W VRI[DreamActivity]: Cancelling event (no window focus):KeyEvent { action=ACTION_UP, keyCode=KEYCODE_BACK, scanCode=1, metaState=0, flags=0x28, repeatCount=0, eventTime=21404165567539, downTime=21404116517000, deviceId=10, source=0x301, displayId=-1 }
06-24 17:06:36.279 19478 19478 W VRI[DreamActivity]: Cancelling event (no window focus):KeyEvent { action=ACTION_UP, keyCode=KEYCODE_BACK, scanCode=1, metaState=0, flags=0x28, repeatCount=0, eventTime=21404165567539, downTime=21404116517000, deviceId=10, source=0x301, displayId=-1 }
06-24 17:06:36.325 685 708 V WindowManager: Sent Transition #668 createdAt=06-24 17:06:36.220 via request=TransitionRequestInfo { type = 3, triggerTask = null, remoteTransition = null, displayChange = null, flags = 0 }
06-24 17:06:36.325 685 708 V WindowManager: startWCT=WindowContainerTransaction { changes = {} hops = [] errorCallbackToken=null taskFragmentOrganizer=null }
06-24 17:06:36.325 685 708 V WindowManager: info={id=668 t=TO_FRONT f=0x0 trk=0 r=[0@Point(0, 0)] c=[{WCT{RemoteToken{94b77c1 Task{cc120eb #206 type=dream}}} m=TO_BACK f=TRANSLUCENT leash=Surface(name=Task=206)/@0xc5864bc sb=Rect(0, 0 - 1920, 1080) eb=Rect(0, 0 - 1920, 1080) d=0},{WCT{RemoteToken{30b1e82 Task{4d21fd0 #1 type=home}}} m=TO_FRONT f=NONE leash=Surface(name=Task=1)/@0x54f0375 sb=Rect(0, 0 - 1920, 1080) eb=Rect(0, 0 - 1920, 1080) d=0}]}
06-24 17:06:36.336 901 979 V WindowManagerShell: onTransitionReady android.os.BinderProxy@a3ddc92: {id=668 t=TO_FRONT f=0x0 trk=0 r=[0@Point(0, 0)] c=[{WCT{android.window.IWindowContainerToken$Stub$Proxy@c592fde} m=TO_BACK f=TRANSLUCENT leash=Surface(name=Task=206)/@0x779663 sb=Rect(0, 0 - 1920, 1080) eb=Rect(0, 0 - 1920, 1080) d=0},{WCT{android.window.IWindowContainerToken$Stub$Proxy@24335bf} m=TO_FRONT f=NONE leash=Surface(name=Task=1)/@0x64f6260 sb=Rect(0, 0 - 1920, 1080) eb=Rect(0, 0 - 1920, 1080) d=0}]}
06-24 17:06:36.336 901 979 V WindowManagerShell: Playing animation for (#668)android.os.BinderProxy@a3ddc92@0
06-24 17:06:36.336 901 979 V WindowManagerShell: try handler com.android.wm.shell.keyguard.KeyguardTransitionHandler@24e2028
06-24 17:06:36.336 901 979 V WindowManagerShell: try handler com.android.wm.shell.pip.tv.TvPipTransition@1141
06-24 17:06:36.336 901 979 V WindowManagerShell: try handler com.android.wm.shell.activityembedding.ActivityEmbeddingController@e8f56e6
06-24 17:06:36.336 901 979 V WindowManagerShell: try handler com.android.wm.shell.transition.RemoteTransitionHandler@b664427
06-24 17:06:36.336 901 979 V WindowManagerShell: Transition doesn't have explicit remote, search filters for match for {id=668 t=TO_FRONT f=0x0 trk=0 r=[0@Point(0, 0)] c=[{WCT{android.window.IWindowContainerToken$Stub$Proxy@c592fde} m=TO_BACK f=TRANSLUCENT leash=Surface(name=Task=206)/@0x779663 sb=Rect(0, 0 - 1920, 1080) eb=Rect(0, 0 - 1920, 1080) d=0},{WCT{android.window.IWindowContainerToken$Stub$Proxy@24335bf} m=TO_FRONT f=NONE leash=Surface(name=Task=1)/@0x64f6260 sb=Rect(0, 0 - 1920, 1080) eb=Rect(0, 0 - 1920, 1080) d=0}]}
06-24 17:06:36.336 901 979 V WindowManagerShell: Delegate animation for #668 to null
06-24 17:06:36.336 901 979 V WindowManagerShell: try handler com.android.wm.shell.transition.DefaultTransitionHandler@7916d4
06-24 17:06:36.336 901 979 V WindowManagerShell: start default transition animation, info = {id=668 t=TO_FRONT f=0x0 trk=0 r=[0@Point(0, 0)] c=[{WCT{android.window.IWindowContainerToken$Stub$Proxy@c592fde} m=TO_BACK f=TRANSLUCENT leash=Surface(name=Task=206)/@0x779663 sb=Rect(0, 0 - 1920, 1080) eb=Rect(0, 0 - 1920, 1080) d=0},{WCT{android.window.IWindowContainerToken$Stub$Proxy@24335bf} m=TO_FRONT f=NONE leash=Surface(name=Task=1)/@0x64f6260 sb=Rect(0, 0 - 1920, 1080) eb=Rect(0, 0 - 1920, 1080) d=0}]}
06-24 17:06:36.336 901 979 V WindowManagerShell: loadAnimation: anim=null animAttr=0x0 type=TO_FRONT isEntrance=true
06-24 17:06:36.337 901 979 V WindowManagerShell: loadAnimation: anim=null animAttr=0x0 type=TO_FRONT isEntrance=false
06-24 17:06:36.339 901 979 V WindowManagerShell: Transition animation finished (aborted=false), notifying core (#668)android.os.BinderProxy@a3ddc92@0
06-24 17:06:36.349 901 979 V WindowManagerShell: Track 0 became idle
06-24 17:06:36.349 901 979 V WindowManagerShell: All active transition animations finished
06-24 17:06:36.349 901 979 V WindowManagerShell: animated by com.android.wm.shell.transition.DefaultTransitionHandler@7916d4
06-24 17:06:36.349 901 979 V WindowManagerShell: Track 0 became idle
06-24 17:06:36.349 901 979 V WindowManagerShell: All active transition animations finished
06-24 17:06:36.350 685 709 D AutofillManagerService: onBackKeyPressed()
06-24 17:06:36.353 685 735 I PowerGroup: Waking up power group from Dreaming (groupId=0, uid=1000, reason=WAKE_REASON_DREAM_FINISHED, details=android.server.power:DREAM_FINISHED)...
06-24 17:06:36.353 685 735 I PowerManagerService: Waking up from Dreaming (uid=1000, reason=WAKE_REASON_DREAM_FINISHED, details=android.server.power:DREAM_FINISHED)...
06-24 17:06:36.354 901 979 D WindowManagerShell: TvPipController: onTaskStackChanged()
06-24 17:06:36.355 685 685 E ActivityManager: Cancel pending or running compactions as system is awake
06-24 17:06:36.361 685 709 W ContextImpl: Calling a method in the system process without a qualified user: android.app.ContextImpl.startService:1899 com.android.server.wm.DisplayPolicy.lambda$focusChangedLw$5:2126 com.android.server.wm.DisplayPolicy.$r8$lambda$Znxk63oh-WzVnzo_WQefN7uxV48:0 com.android.server.wm.DisplayPolicy$$ExternalSyntheticLambda13.run:0 android.os.Handler.handleCallback:958
06-24 17:06:36.381 685 15113 I DreamManagerService: Leaving dreamland.
06-24 17:06:36.392 685 15113 D CoreBackPreview: Window{e894089 u0 com.dangbei.lerad.screensaver/android.service.dreams.DreamActivity}: Setting back callback null
06-24 17:06:36.392 685 708 V WindowManager: Finish Transition #668: created at
06-24 17:06:36.220 collect-started=0.08ms request-sent=4.338ms started=14.697ms ready=27.514ms sent=103.243ms finished=125.141ms
06-24 17:06:36.392 685 708 I DreamController: Stopping dream: name=ComponentInfo{com.dangbei.lerad.screensaver/com.dangbei.lerad.screensaver.service.ScreenSaverService}, isPreviewMode=false, canDoze=false, userId=0, reason='finished self'(from 'finished self')
06-24 17:06:36.445 0 0 W [2 T19722 ..] audit: audit_lost=23474 audit_rate_limit=5 audit_backlog_limit=64
06-24 17:06:36.446 0 0 E [2 T19722 ..] audit: rate limit exceeded
06-24 17:06:36.577 0 0 I [0 T19655 ..] [amlv4l]: [577]: reset mode: 1, es frames buffering: 2
06-24 17:06:36.581 0 0 D [0 T19655 ..] [h265]: [0]h265:pts_unstable=0
06-24 17:06:36.581 0 0 D [0 T19655 ..] [h265]: [0]h265: ver (201602101,0) decinfo: 0x0 rate=3600
06-24 17:06:36.582 0 0 I [1 T19655 ..] [amlv4l]: [577]: reset mode: 1, es frames buffering: 0
06-24 17:06:36.583 0 0 D [1 T19655 ..] [h265]: [0]h265:pts_unstable=0
06-24 17:06:36.583 0 0 D [1 T19655 ..] [h265]: [0]h265: ver (201602101,0) decinfo: 0x0 rate=3600
06-24 17:06:36.603 0 0 I [0 T19650 ..] [amlv4l]: [577]: reset mode: 1, es frames buffering: 0
06-24 17:06:36.604 0 0 D [0 T19650 ..] [h265]: [0]h265:pts_unstable=0
06-24 17:06:36.604 0 0 D [0 T19650 ..] [h265]: [0]h265: ver (201602101,0) decinfo: 0x0 rate=3600
06-24 17:06:36.606 0 0 D [3 T19650 ..] [amlcom]: vdec_release instance 00000000d50d28cf, total 1
06-24 17:06:36.607 0 0 I [3 T19650 ..] [amlcom]: dos_local_config end, id 3, is_on 0
06-24 17:06:36.607 0 0 D [3 T19650 ..] [media_clock]: the clk_hevcf_mux clock off, ref cnt: 0
06-24 17:06:36.607 0 0 I : [3 T19650 ..] deinit session
06-24 17:06:36.607 0 0 I : [3 T19650 ..] deinit session producer-2
06-24 17:06:36.608 0 0 I : [3 T19650 ..] deinit has_unusing_fifo [1]
06-24 17:06:36.609 0 0 I : [3 T98 ..] p_fifo[2] name[aml-vcodec-dec] state[0] to MP_FIFO_UNUSED
06-24 17:06:36.680 0 0 I [2 T19670 ..] binder: undelivered transaction 10162631, process died.
06-24 17:06:36.691 0 0 I [3 T461 ..] dp_buf: [0:577]di buf_mgr free
06-24 17:06:36.683 685 11707 I ActivityManager: Process com.dangbei.lerad.screensaver (pid 19478) has died: fg SVC
06-24 17:06:36.684 685 709 D DisplayManagerService: Drop pending events for gone uid 10043
06-24 17:06:36.685 685 711 W ActivityManager: setHasOverlayUi called on unknown pid: 19478
06-24 17:06:36.695 0 0 I [2 T19670 ..] binder: undelivered transaction 10162630, process died.
06-24 17:06:36.863 24600 19740 E ActivityThread: Failed to find provider info for com.alipay.setting
06-24 17:06:37.258 0 0 W : [1 T19761 .s] [SP FRAME TX] arp req,vif_idx:0 sender:[1c:79:2d:20:62:cb 192.168.3.75]receiver:[00:00:00:00:00:00 192.168.3.254]
06-24 17:06:37.265 0 0 W : [0 T1046 ..] [SP FRAME RX] arp req,vif_idx:0 sender:[12:3c:2c:e1:84:9f 192.168.3.254]receiver:[00:00:00:00:00:00 192.168.3.75]
06-24 17:06:37.266 0 0 W : [0 T1046 ..] [SP FRAME TX] arp rsp,vif_idx:0 sender:[1c:79:2d:20:62:cb 192.168.3.75]receiver:[12:3c:2c:e1:84:9f 192.168.3.254]
06-24 17:06:37.274 0 0 W : [0 T1046 ..] [SP FRAME RX] arp rsp,vif_idx:0 sender:[12:3c:2c:e1:84:9f 192.168.3.254]receiver:[1c:79:2d:20:62:cb 192.168.3.75]
06-24 17:06:37.734 24600 19774 E ActivityThread: Failed to find provider info for com.alipay.setting
06-24 17:06:37.828 0 0 W [3 T19751 ..] audit: audit_lost=23483 audit_rate_limit=5 audit_backlog_limit=64
06-24 17:06:37.829 0 0 E [3 T19751 ..] audit: rate limit exceeded
06-24 17:06:38.073 24600 19785 E ActivityThread: Failed to find provider info for com.alipay.setting
06-24 17:06:39.306 0 0 W : [0 T0 .s] [SP FRAME TX] arp req,vif_idx:0 sender:[1c:79:2d:20:62:cb 192.168.3.75]receiver:[00:00:00:00:00:00 192.168.3.215]
06-24 17:06:39.307 0 0 W : [0 T0 .s] [SP FRAME TX] arp req,vif_idx:0 sender:[1c:79:2d:20:62:cb 192.168.3.75]receiver:[00:00:00:00:00:00 192.168.3.204]
06-24 17:06:39.309 0 0 W : [0 T0 .s] [SP FRAME TX] arp req,vif_idx:0 sender:[1c:79:2d:20:62:cb 192.168.3.75]receiver:[00:00:00:00:00:00 192.168.3.176]
06-24 17:06:39.310 0 0 W : [0 T0 .s] [SP FRAME TX] arp req,vif_idx:0 sender:[1c:79:2d:20:62:cb 192.168.3.75]receiver:[00:00:00:00:00:00 192.168.3.147]
06-24 17:06:39.312 0 0 W : [0 T0 .s] [SP FRAME TX] arp req,vif_idx:0 sender:[1c:79:2d:20:62:cb 192.168.3.75]receiver:[00:00:00:00:00:00 192.168.3.129]
06-24 17:06:39.313 0 0 W : [0 T0 .s] [SP FRAME TX] arp req,vif_idx:0 sender:[1c:79:2d:20:62:cb 192.168.3.75]receiver:[00:00:00:00:00:00 192.168.3.92]
06-24 17:06:39.315 0 0 W : [0 T0 .s] [SP FRAME TX] arp req,vif_idx:0 sender:[1c:79:2d:20:62:cb 192.168.3.75]receiver:[00:00:00:00:00:00 192.168.3.57]
06-24 17:06:39.317 0 0 W : [0 T0 .s] [SP FRAME TX] arp req,vif_idx:0 sender:[1c:79:2d:20:62:cb 192.168.3.75]receiver:[00:00:00:00:00:00 192.168.3.36]
06-24 17:06:39.351 0 0 W : [2 T1046 ..] [SP FRAME RX] arp req,vif_idx:0 sender:[e6:6e:3e:02:16:7f 192.168.3.92]receiver:[00:00:00:00:00:00 192.168.3.75]
06-24 17:06:39.352 0 0 W : [2 T1046 ..] [SP FRAME TX] arp rsp,vif_idx:0 sender:[1c:79:2d:20:62:cb 192.168.3.75]receiver:[e6:6e:3e:02:16:7f 192.168.3.92]
06-24 17:06:39.353 0 0 W : [2 T1046 ..] [SP FRAME RX] arp req,vif_idx:0 sender:[10:b2:32:39:59:ba 192.168.3.57]receiver:[00:00:00:00:00:00 192.168.3.75]
06-24 17:06:39.355 0 0 W : [2 T1046 ..] [SP FRAME TX] arp rsp,vif_idx:0 sender:[1c:79:2d:20:62:cb 192.168.3.75]receiver:[10:b2:32:39:59:ba 192.168.3.57]
06-24 17:06:39.356 0 0 W : [2 T1046 ..] [SP FRAME RX] arp rsp,vif_idx:0 sender:[e2:38:ab:ac:32:27 192.168.3.215]receiver:[1c:79:2d:20:62:cb 192.168.3.75]
06-24 17:06:39.358 0 0 W : [2 T1046 ..] [SP FRAME RX] arp rsp,vif_idx:0 sender:[a2:fe:ec:6e:f0:e5 192.168.3.147]receiver:[1c:79:2d:20:62:cb 192.168.3.75]
06-24 17:06:39.359 0 0 W : [2 T1046 ..] [SP FRAME RX] arp rsp,vif_idx:0 sender:[46:97:91:2c:21:8b 192.168.3.204]receiver:[1c:79:2d:20:62:cb 192.168.3.75]
06-24 17:06:39.361 0 0 W : [2 T1046 ..] [SP FRAME RX] arp rsp,vif_idx:0 sender:[b6:86:f8:35:d4:28 192.168.3.36]receiver:[1c:79:2d:20:62:cb 192.168.3.75]
06-24 17:06:39.362 0 0 W : [2 T1046 ..] [SP FRAME RX] arp rsp,vif_idx:0 sender:[10:b2:32:39:59:ba 192.168.3.57]receiver:[1c:79:2d:20:62:cb 192.168.3.75]
06-24 17:06:39.364 0 0 W : [2 T1046 ..] [SP FRAME RX] arp rsp,vif_idx:0 sender:[e6:6e:3e:02:16:7f 192.168.3.92]receiver:[1c:79:2d:20:62:cb 192.168.3.75]
06-24 17:06:39.372 0 0 W : [2 T1046 ..] [SP FRAME RX] arp rsp,vif_idx:0 sender:[16:8e:6e:17:dc:41 192.168.3.176]receiver:[1c:79:2d:20:62:cb 192.168.3.75]
06-24 17:06:39.373 0 0 W : [2 T1046 ..] [SP FRAME RX] arp req,vif_idx:0 sender:[16:8e:6e:17:dc:41 192.168.3.176]receiver:[00:00:00:00:00:00 192.168.3.75]
06-24 17:06:39.375 0 0 W : [2 T1046 ..] [SP FRAME TX] arp rsp,vif_idx:0 sender:[1c:79:2d:20:62:cb 192.168.3.75]receiver:[16:8e:6e:17:dc:41 192.168.3.176]
06-24 17:06:39.502 0 0 W : [2 T1046 ..] [SP FRAME RX] arp req,vif_idx:0 sender:[e2:38:ab:ac:32:27 192.168.3.215]receiver:[00:00:00:00:00:00 192.168.3.75]
06-24 17:06:39.503 0 0 W : [2 T1046 ..] [SP FRAME TX] arp rsp,vif_idx:0 sender:[1c:79:2d:20:62:cb 192.168.3.75]receiver:[e2:38:ab:ac:32:27 192.168.3.215]
06-24 17:06:39.507 0 0 W : [2 T1046 ..] [SP FRAME RX] arp req,vif_idx:0 sender:[b6:86:f8:35:d4:28 192.168.3.36]receiver:[00:00:00:00:00:00 192.168.3.75]
06-24 17:06:39.508 0 0 W : [2 T1046 ..] [SP FRAME TX] arp rsp,vif_idx:0 sender:[1c:79:2d:20:62:cb 192.168.3.75]receiver:[b6:86:f8:35:d4:28 192.168.3.36]
06-24 17:06:40.330 0 0 W : [0 T0 .s] [SP FRAME TX] arp req,vif_idx:0 sender:[1c:79:2d:20:62:cb 192.168.3.75]receiver:[00:00:00:00:00:00 192.168.3.129]
06-24 17:06:41.354 0 0 W : [0 T0 .s] [SP FRAME TX] arp req,vif_idx:0 sender:[1c:79:2d:20:62:cb 192.168.3.75]receiver:[00:00:00:00:00:00 192.168.3.129]
06-24 17:06:42.378 0 0 W : [0 T1711 .s] [SP FRAME TX] arp req,vif_idx:0 sender:[1c:79:2d:20:62:cb 192.168.3.75]receiver:[00:00:00:00:00:00 192.168.3.129]
06-24 17:06:43.402 0 0 W : [0 T0 .s] [SP FRAME TX] arp req,vif_idx:0 sender:[1c:79:2d:20:62:cb 192.168.3.75]receiver:[00:00:00:00:00:00 192.168.3.129]
06-24 17:06:44.426 0 0 W : [0 T0 .s] [SP FRAME TX] arp req,vif_idx:0 sender:[1c:79:2d:20:62:cb 192.168.3.75]receiver:[00:00:00:00:00:00 192.168.3.129]
06-24 17:06:45.450 0 0 W : [0 T0 .s] [SP FRAME TX] arp req,vif_idx:0 sender:[1c:79:2d:20:62:cb 192.168.3.75]receiver:[00:00:00:00:00:00 192.168.3.129]
06-24 17:06:46.474 0 0 W : [0 T0 .s] [SP FRAME TX] arp req,vif_idx:0 sender:[1c:79:2d:20:62:cb 192.168.3.75]receiver:[00:00:00:00:00:00 192.168.3.129]
06-24 17:06:47.498 0 0 W : [0 T0 .s] [SP FRAME TX] arp req,vif_idx:0 sender:[1c:79:2d:20:62:cb 192.168.3.75]receiver:[00:00:00:00:00:00 192.168.3.129]
06-24 17:06:47.756 0 0 W : [2 T1046 ..] [SP FRAME RX] arp req,vif_idx:0 sender:[20:57:9e:67:7f:db 192.168.3.98]receiver:[00:00:00:00:00:00 192.168.3.75]
06-24 17:06:47.757 0 0 W : [2 T1046 ..] [SP FRAME TX] arp rsp,vif_idx:0 sender:[1c:79:2d:20:62:cb 192.168.3.75]receiver:[20:57:9e:67:7f:db 192.168.3.98]
06-24 17:06:48.025 0 0 W : [0 T1046 ..] [SP FRAME RX] arp req,vif_idx:0 sender:[0c:91:60:12:cd:fc 192.168.3.171]receiver:[00:00:00:00:00:00 192.168.3.75]
06-24 17:06:48.026 0 0 W : [0 T1046 ..] [SP FRAME TX] arp rsp,vif_idx:0 sender:[1c:79:2d:20:62:cb 192.168.3.75]receiver:[0c:91:60:12:cd:fc 192.168.3.171]
06-24 17:06:48.028 0 0 W : [0 T1046 ..] [SP FRAME RX] arp req,vif_idx:0 sender:[0c:91:60:12:cd:8c 192.168.3.70]receiver:[00:00:00:00:00:00 192.168.3.75]
06-24 17:06:48.029 0 0 W : [0 T1046 ..] [SP FRAME TX] arp rsp,vif_idx:0 sender:[1c:79:2d:20:62:cb 192.168.3.75]receiver:[0c:91:60:12:cd:8c 192.168.3.70]
06-24 17:06:48.068 0 0 W : [0 T1046 ..] [SP FRAME RX] arp req,vif_idx:0 sender:[02:d1:be:fb:0a:d7 192.168.3.130]receiver:[00:00:00:00:00:00 192.168.3.75]
06-24 17:06:48.069 0 0 W : [0 T1046 ..] [SP FRAME TX] arp rsp,vif_idx:0 sender:[1c:79:2d:20:62:cb 192.168.3.75]receiver:[02:d1:be:fb:0a:d7 192.168.3.130]
06-24 17:06:48.087 0 0 W : [0 T1046 ..] [SP FRAME RX] arp req,vif_idx:0 sender:[56:86:a9:ec:10:a8 192.168.3.19]receiver:[00:00:00:00:00:00 192.168.3.75]
06-24 17:06:48.088 0 0 W : [0 T1046 ..] [SP FRAME TX] arp rsp,vif_idx:0 sender:[1c:79:2d:20:62:cb 192.168.3.75]receiver:[56:86:a9:ec:10:a8 192.168.3.19]
06-24 17:06:48.136 0 0 W : [0 T1046 ..] [SP FRAME RX] arp req,vif_idx:0 sender:[e2:04:f6:d8:62:00 192.168.3.194]receiver:[00:00:00:00:00:00 192.168.3.75]
06-24 17:06:48.137 0 0 W : [0 T1046 ..] [SP FRAME TX] arp rsp,vif_idx:0 sender:[1c:79:2d:20:62:cb 192.168.3.75]receiver:[e2:04:f6:d8:62:00 192.168.3.194]
06-24 17:06:48.347 0 0 W : [2 T1046 ..] [SP FRAME RX] arp req,vif_idx:0 sender:[e2:8e:12:0f:0b:47 192.168.3.123]receiver:[00:00:00:00:00:00 192.168.3.75]
06-24 17:06:48.348 0 0 W : [2 T1046 ..] [SP FRAME TX] arp rsp,vif_idx:0 sender:[1c:79:2d:20:62:cb 192.168.3.75]receiver:[e2:8e:12:0f:0b:47 192.168.3.123]
06-24 17:06:48.522 0 0 W : [0 T0 .s] [SP FRAME TX] arp req,vif_idx:0 sender:[1c:79:2d:20:62:cb 192.168.3.75]receiver:[00:00:00:00:00:00 192.168.3.129]
06-24 17:06:48.566 0 0 W : [2 T1046 ..] [SP FRAME RX] arp req,vif_idx:0 sender:[9a:86:f7:27:5c:25 192.168.3.169]receiver:[00:00:00:00:00:00 192.168.3.75]
06-24 17:06:48.567 0 0 W : [2 T1046 ..] [SP FRAME TX] arp rsp,vif_idx:0 sender:[1c:79:2d:20:62:cb 192.168.3.75]receiver:[9a:86:f7:27:5c:25 192.168.3.169]
06-24 17:06:48.667 0 0 W : [2 T1046 ..] [SP FRAME RX] arp req,vif_idx:0 sender:[0c:91:60:12:cd:6e 192.168.3.81]receiver:[00:00:00:00:00:00 192.168.3.75]
06-24 17:06:48.668 0 0 W : [2 T1046 ..] [SP FRAME TX] arp rsp,vif_idx:0 sender:[1c:79:2d:20:62:cb 192.168.3.75]receiver:[0c:91:60:12:cd:6e 192.168.3.81]
06-24 17:06:48.669 0 0 W : [2 T1046 ..] [SP FRAME RX] arp req,vif_idx:0 sender:[28:7b:11:70:4f:bd 192.168.3.156]receiver:[00:00:00:00:00:00 192.168.3.75]
06-24 17:06:48.671 0 0 W : [2 T1046 ..] [SP FRAME TX] arp rsp,vif_idx:0 sender:[1c:79:2d:20:62:cb 192.168.3.75]receiver:[28:7b:11:70:4f:bd 192.168.3.156]
06-24 17:06:48.689 0 0 W : [2 T1046 ..] [SP FRAME RX] arp req,vif_idx:0 sender:[28:7b:11:70:51:1f 192.168.3.44]receiver:[00:00:00:00:00:00 192.168.3.75]
06-24 17:06:48.690 0 0 W : [2 T1046 ..] [SP FRAME TX] arp rsp,vif_idx:0 sender:[1c:79:2d:20:62:cb 192.168.3.75]receiver:[28:7b:11:70:51:1f 192.168.3.44]
06-24 17:06:48.691 0 0 W : [2 T1046 ..] [SP FRAME RX] arp req,vif_idx:0 sender:[fa:f0:09:28:64:31 192.168.3.73]receiver:[00:00:00:00:00:00 192.168.3.75]
06-24 17:06:48.693 0 0 W : [2 T1046 ..] [SP FRAME TX] arp rsp,vif_idx:0 sender:[1c:79:2d:20:62:cb 192.168.3.75]receiver:[fa:f0:09:28:64:31 192.168.3.73]
06-24 17:06:48.698 0 0 W : [2 T1046 ..] [SP FRAME RX] arp req,vif_idx:0 sender:[d2:07:9a:6e:a7:36 192.168.3.27]receiver:[00:00:00:00:00:00 192.168.3.75]
06-24 17:06:48.699 0 0 W : [2 T1046 ..] [SP FRAME TX] arp rsp,vif_idx:0 sender:[1c:79:2d:20:62:cb 192.168.3.75]receiver:[d2:07:9a:6e:a7:36 192.168.3.27]
06-24 17:06:48.717 0 0 W : [2 T1046 ..] [SP FRAME RX] arp req,vif_idx:0 sender:[b6:9c:70:ec:40:e7 192.168.3.65]receiver:[00:00:00:00:00:00 192.168.3.75]
06-24 17:06:48.718 0 0 W : [2 T1046 ..] [SP FRAME TX] arp rsp,vif_idx:0 sender:[1c:79:2d:20:62:cb 192.168.3.75]receiver:[b6:9c:70:ec:40:e7 192.168.3.65]
06-24 17:06:48.747 0 0 W : [2 T1046 ..] [SP FRAME RX] arp req,vif_idx:0 sender:[da:b8:33:f6:93:fe 192.168.3.89]receiver:[00:00:00:00:00:00 192.168.3.75]
06-24 17:06:48.748 0 0 W : [2 T1046 ..] [SP FRAME TX] arp rsp,vif_idx:0 sender:[1c:79:2d:20:62:cb 192.168.3.75]receiver:[da:b8:33:f6:93:fe 192.168.3.89]
06-24 17:06:48.873 0 0 W : [2 T1046 ..] [SP FRAME RX] arp req,vif_idx:0 sender:[28:7b:11:70:4f:a5 192.168.3.155]receiver:[00:00:00:00:00:00 192.168.3.75]
06-24 17:06:48.874 0 0 W : [2 T1046 ..] [SP FRAME TX] arp rsp,vif_idx:0 sender:[1c:79:2d:20:62:cb 192.168.3.75]receiver:[28:7b:11:70:4f:a5 192.168.3.155]
06-24 17:06:49.030 0 0 W : [2 T1046 ..] [SP FRAME RX] arp req,vif_idx:0 sender:[14:ea:63:a0:ef:b6 192.168.3.199]receiver:[00:00:00:00:00:00 192.168.3.75]
06-24 17:06:49.031 0 0 W : [2 T1046 ..] [SP FRAME TX] arp rsp,vif_idx:0 sender:[1c:79:2d:20:62:cb 192.168.3.75]receiver:[14:ea:63:a0:ef:b6 192.168.3.199]
06-24 17:06:49.546 0 0 W : [0 T248 .s] [SP FRAME TX] arp req,vif_idx:0 sender:[1c:79:2d:20:62:cb 192.168.3.75]receiver:[00:00:00:00:00:00 192.168.3.129]
06-24 17:06:50.570 0 0 W : [0 T0 .s] [SP FRAME TX] arp req,vif_idx:0 sender:[1c:79:2d:20:62:cb 192.168.3.75]receiver:[00:00:00:00:00:00 192.168.3.129]
06-24 17:06:51.594 0 0 W : [0 T0 .s] [SP FRAME TX] arp req,vif_idx:0 sender:[1c:79:2d:20:62:cb 192.168.3.75]receiver:[00:00:00:00:00:00 192.168.3.129]
06-24 17:06:52.618 0 0 W : [0 T0 .s] [SP FRAME TX] arp req,vif_idx:0 sender:[1c:79:2d:20:62:cb 192.168.3.75]receiver:[00:00:00:00:00:00 192.168.3.129]
06-24 17:06:53.642 0 0 W : [0 T0 .s] [SP FRAME TX] arp req,vif_idx:0 sender:[1c:79:2d:20:62:cb 192.168.3.75]receiver:[00:00:00:00:00:00 192.168.3.129]
06-24 17:06:53.840 0 0 W : [2 T1046 ..] [SP FRAME RX] DHCP[0 1], vif_idx:0
06-24 17:06:54.666 0 0 W : [0 T1423 .s] [SP FRAME TX] arp req,vif_idx:0 sender:[1c:79:2d:20:62:cb 192.168.3.75]receiver:[00:00:00:00:00:00 192.168.3.129]
06-24 17:06:54.671 0 0 W : [2 T1046 ..] [SP FRAME RX] arp rsp,vif_idx:0 sender:[3a:fd:3d:ee:5f:54 192.168.3.129]receiver:[1c:79:2d:20:62:cb 192.168.3.75]
06-24 17:06:54.718 0 0 W : [2 T1046 ..] [SP FRAME RX] arp rsp,vif_idx:0 sender:[c8:5e:a9:73:41:6e 192.168.3.88]receiver:[1c:79:2d:20:62:cb 192.168.3.75]
06-24 17:06:54.851 0 0 W : [0 T1046 ..] [SP FRAME RX] DHCP[0 1], vif_idx:0
06-24 17:06:56.806 0 0 W : [2 T1046 ..] [SP FRAME RX] DHCP[0 1], vif_idx:0
06-24 17:06:57.568 0 0 W : [2 T1046 ..] [SP FRAME RX] arp req,vif_idx:0 sender:[46:97:91:2c:21:8b 192.168.3.204]receiver:[00:00:00:00:00:00 192.168.3.75]
06-24 17:06:57.569 0 0 W : [2 T1046 ..] [SP FRAME TX] arp rsp,vif_idx:0 sender:[1c:79:2d:20:62:cb 192.168.3.75]receiver:[46:97:91:2c:21:8b 192.168.3.204]
06-24 17:06:57.738 0 0 W : [3 T115 .s] [SP FRAME TX] arp req,vif_idx:0 sender:[1c:79:2d:20:62:cb 192.168.3.75]receiver:[00:00:00:00:00:00 192.168.3.123]
06-24 17:06:57.747 0 0 W : [2 T1046 ..] [SP FRAME RX] arp rsp,vif_idx:0 sender:[e2:8e:12:0f:0b:47 192.168.3.123]receiver:[1c:79:2d:20:62:cb 192.168.3.75]
06-24 17:07:00.893 0 0 W : [2 T1046 ..] [SP FRAME RX] DHCP[0 1], vif_idx:0
06-24 17:07:06.878 685 718 I ActivityManager: Waited long enough for: ServiceRecord{8943e38 u0 cn.cibntv.ott/com.alipay.mobile.common.logging.process.LogServiceInMainProcess}
06-24 17:07:07.722 0 0 W : [2 T0 .s] [SP FRAME TX] arp req,vif_idx:0 sender:[1c:79:2d:20:62:cb 192.168.3.75]receiver:[00:00:00:00:00:00 192.168.3.31]
06-24 17:07:07.758 0 0 W : [3 T1046 ..] [SP FRAME RX] arp rsp,vif_idx:0 sender:[b2:58:c1:bc:d7:cb 192.168.3.31]receiver:[1c:79:2d:20:62:cb 192.168.3.75]
06-24 17:07:07.814 0 0 W : [3 T1046 ..] [SP FRAME RX] arp req,vif_idx:0 sender:[b2:58:c1:bc:d7:cb 192.168.3.31]receiver:[00:00:00:00:00:00 192.168.3.75]
06-24 17:07:07.815 0 0 W : [3 T1046 ..] [SP FRAME TX] arp rsp,vif_idx:0 sender:[1c:79:2d:20:62:cb 192.168.3.75]receiver:[b2:58:c1:bc:d7:cb 192.168.3.31]
06-24 17:07:08.898 0 0 W : [2 T1046 ..] [SP FRAME RX] DHCP[0 1], vif_idx:0
06-24 17:07:09.232 0 0 W : [2 T1046 ..] [SP FRAME RX] arp req,vif_idx:0 sender:[12:3c:2c:e1:84:9f 192.168.3.254]receiver:[00:00:00:00:00:00 192.168.3.75]
06-24 17:07:09.233 0 0 W : [2 T1046 ..] [SP FRAME TX] arp rsp,vif_idx:0 sender:[1c:79:2d:20:62:cb 192.168.3.75]receiver:[12:3c:2c:e1:84:9f 192.168.3.254]
06-24 17:07:09.262 0 0 W : [3 T0 .s] [SP FRAME TX] arp req,vif_idx:0 sender:[1c:79:2d:20:62:cb 192.168.3.75]receiver:[00:00:00:00:00:00 192.168.3.254]
06-24 17:07:09.266 0 0 W : [2 T1046 ..] [SP FRAME RX] arp rsp,vif_idx:0 sender:[12:3c:2c:e1:84:9f 192.168.3.254]receiver:[1c:79:2d:20:62:cb 192.168.3.75]
06-24 17:07:11.306 0 0 W : [0 T1049 .s] [SP FRAME TX] arp req,vif_idx:0 sender:[1c:79:2d:20:62:cb 192.168.3.75]receiver:[00:00:00:00:00:00 192.168.3.215]
06-24 17:07:11.307 0 0 W : [0 T1049 .s] [SP FRAME TX] arp req,vif_idx:0 sender:[1c:79:2d:20:62:cb 192.168.3.75]receiver:[00:00:00:00:00:00 192.168.3.204]
06-24 17:07:11.309 0 0 W : [0 T1049 .s] [SP FRAME TX] arp req,vif_idx:0 sender:[1c:79:2d:20:62:cb 192.168.3.75]receiver:[00:00:00:00:00:00 192.168.3.176]
06-24 17:07:11.310 0 0 W : [0 T1049 .s] [SP FRAME TX] arp req,vif_idx:0 sender:[1c:79:2d:20:62:cb 192.168.3.75]receiver:[00:00:00:00:00:00 192.168.3.147]
06-24 17:07:11.312 0 0 W : [1 T1046 ..] [SP FRAME RX] arp rsp,vif_idx:0 sender:[e2:38:ab:ac:32:27 192.168.3.215]receiver:[1c:79:2d:20:62:cb 192.168.3.75]
06-24 17:07:11.312 0 0 W : [0 T1049 .s] [SP FRAME TX] arp req,vif_idx:0 sender:[1c:79:2d:20:62:cb 192.168.3.75]receiver:[00:00:00:00:00:00 192.168.3.92]
06-24 17:07:11.315 0 0 W : [0 T1049 .s] [SP FRAME TX] arp req,vif_idx:0 sender:[1c:79:2d:20:62:cb 192.168.3.75]receiver:[00:00:00:00:00:00 192.168.3.57]
06-24 17:07:11.317 0 0 W : [0 T1049 .s] [SP FRAME TX] arp req,vif_idx:0 sender:[1c:79:2d:20:62:cb 192.168.3.75]receiver:[00:00:00:00:00:00 192.168.3.36]
06-24 17:07:11.329 0 0 W : [1 T1046 ..] [SP FRAME RX] arp req,vif_idx:0 sender:[10:b2:32:39:59:ba 192.168.3.57]receiver:[00:00:00:00:00:00 192.168.3.75]
06-24 17:07:11.330 0 0 W : [1 T1046 ..] [SP FRAME TX] arp rsp,vif_idx:0 sender:[1c:79:2d:20:62:cb 192.168.3.75]receiver:[10:b2:32:39:59:ba 192.168.3.57]
06-24 17:07:11.331 0 0 W : [1 T1046 ..] [SP FRAME RX] arp rsp,vif_idx:0 sender:[16:8e:6e:17:dc:41 192.168.3.176]receiver:[1c:79:2d:20:62:cb 192.168.3.75]
06-24 17:07:11.333 0 0 W : [1 T1046 ..] [SP FRAME RX] arp rsp,vif_idx:0 sender:[a2:fe:ec:6e:f0:e5 192.168.3.147]receiver:[1c:79:2d:20:62:cb 192.168.3.75]
06-24 17:07:11.334 0 0 W : [1 T1046 ..] [SP FRAME RX] arp rsp,vif_idx:0 sender:[e6:6e:3e:02:16:7f 192.168.3.92]receiver:[1c:79:2d:20:62:cb 192.168.3.75]
06-24 17:07:11.348 0 0 W : [1 T1046 ..] [SP FRAME RX] arp rsp,vif_idx:0 sender:[10:b2:32:39:59:ba 192.168.3.57]receiver:[1c:79:2d:20:62:cb 192.168.3.75]
06-24 17:07:11.349 0 0 W : [1 T1046 ..] [SP FRAME RX] arp req,vif_idx:0 sender:[16:8e:6e:17:dc:41 192.168.3.176]receiver:[00:00:00:00:00:00 192.168.3.75]
06-24 17:07:11.351 0 0 W : [1 T1046 ..] [SP FRAME TX] arp rsp,vif_idx:0 sender:[1c:79:2d:20:62:cb 192.168.3.75]receiver:[16:8e:6e:17:dc:41 192.168.3.176]
06-24 17:07:11.360 0 0 W : [1 T1046 ..] [SP FRAME RX] arp rsp,vif_idx:0 sender:[b6:86:f8:35:d4:28 192.168.3.36]receiver:[1c:79:2d:20:62:cb 192.168.3.75]
06-24 17:07:11.418 0 0 W : [1 T1046 ..] [SP FRAME RX] arp req,vif_idx:0 sender:[e2:8e:12:0f:0b:47 192.168.3.123]receiver:[00:00:00:00:00:00 192.168.3.75]
06-24 17:07:11.419 0 0 W : [1 T1046 ..] [SP FRAME TX] arp rsp,vif_idx:0 sender:[1c:79:2d:20:62:cb 192.168.3.75]receiver:[e2:8e:12:0f:0b:47 192.168.3.123]
06-24 17:07:11.473 0 0 W : [1 T1046 ..] [SP FRAME RX] arp rsp,vif_idx:0 sender:[46:97:91:2c:21:8b 192.168.3.204]receiver:[1c:79:2d:20:62:cb 192.168.3.75]
06-24 17:07:11.502 0 0 W : [1 T1046 ..] [SP FRAME RX] arp req,vif_idx:0 sender:[b6:86:f8:35:d4:28 192.168.3.36]receiver:[00:00:00:00:00:00 192.168.3.75]
06-24 17:07:11.503 0 0 W : [1 T1046 ..] [SP FRAME TX] arp rsp,vif_idx:0 sender:[1c:79:2d:20:62:cb 192.168.3.75]receiver:[b6:86:f8:35:d4:28 192.168.3.36]
06-24 17:07:11.496 685 718 D ActivityManager: sync unfroze 30169 com.qq.cleaning for 3
06-24 17:07:11.499 685 718 D ActivityManager: sync unfroze 11371 com.talkingdata.sdk.TDAntiCheatingService for 3
06-24 17:07:11.510 0 0 W : [1 T1046 ..] [SP FRAME RX] arp req,vif_idx:0 sender:[e2:38:ab:ac:32:27 192.168.3.215]receiver:[00:00:00:00:00:00 192.168.3.75]
