06-20 13:36:09.513 688 688 I FaceDownDetector: mIsEnabled=true
06-20 13:36:09.513 688 688 I ScreenUndimDetector: readValuesFromDeviceConfig():
06-20 13:36:09.513 688 688 I ScreenUndimDetector: mKeepScreenOnForMillis=600000
06-20 13:36:09.513 688 688 I ScreenUndimDetector: mKeepScreenOnNotificationEnabled=true
06-20 13:36:09.513 688 688 I ScreenUndimDetector: mUndimsRequired=2
06-20 13:36:09.514 688 736 W KeyguardServiceDelegate: onScreenTurningOn(): no keyguard service!
06-20 13:36:09.514 688 736 I DisplayBrightnessStrategySelector: Changing the DisplayBrightnessStrategy from InvalidBrightnessStrategy toOverrideBrightnessStrategy for display 0
06-20 13:36:09.518 688 688 V SystemServerTiming: OnBootPhase_500_com.android.server.power.PowerManagerService took to complete: 33ms
06-20 13:36:09.518 688 688 D SystemServerTiming: OnBootPhase_500_com.android.server.power.ThermalManagerService
06-20 13:36:09.518 688 688 V SystemServerTiming: OnBootPhase_500_com.android.server.power.ThermalManagerService took to complete: 0ms
06-20 13:36:09.518 688 688 D SystemServerTiming: OnBootPhase_500_com.android.server.power.hint.HintManagerService
06-20 13:36:09.518 688 688 V HintManagerService: Initializing HintManager service...
06-20 13:36:09.518 688 688 V HistoricalRegistry: Interaction before persistence initialized
06-20 13:36:09.518 688 688 V SystemServerTiming: OnBootPhase_500_com.android.server.power.hint.HintManagerService took to complete: 1ms
06-20 13:36:09.518 688 688 D SystemServerTiming: OnBootPhase_500_com.android.server.recoverysystem.RecoverySystemService$Lifecycle
06-20 13:36:09.518 688 688 V SystemServerTiming: OnBootPhase_500_com.android.server.recoverysystem.RecoverySystemService$Lifecycle took to complete: 0ms
06-20 13:36:09.518 688 688 D SystemServerTiming: OnBootPhase_500_com.android.server.lights.LightsService
06-20 13:36:09.518 688 688 V SystemServerTiming: OnBootPhase_500_com.android.server.lights.LightsService took to complete: 0ms
06-20 13:36:09.518 688 688 D SystemServerTiming: OnBootPhase_500_com.android.server.display.DisplayManagerService
06-20 13:36:09.519 688 688 V SystemServerTiming: OnBootPhase_500_com.android.server.display.DisplayManagerService took to complete: 0ms
06-20 13:36:09.519 688 688 D SystemServerTiming: OnBootPhase_500_com.android.server.pm.verify.domain.DomainVerificationService
06-20 13:36:09.519 688 688 V SystemServerTiming: OnBootPhase_500_com.android.server.pm.verify.domain.DomainVerificationService took to complete: 0ms
06-20 13:36:09.519 688 688 D SystemServerTiming: OnBootPhase_500_com.android.server.pm.PackageInstallerService$Lifecycle
06-20 13:36:09.519 688 688 V SystemServerTiming: OnBootPhase_500_com.android.server.pm.PackageInstallerService$Lifecycle took to complete: 0ms
06-20 13:36:09.519 688 688 D SystemServerTiming: OnBootPhase_500_com.android.server.pm.UserManagerService$LifeCycle
06-20 13:36:09.519 688 688 V SystemServerTiming: OnBootPhase_500_com.android.server.pm.UserManagerService$LifeCycle took to complete: 0ms
06-20 13:36:09.519 688 688 D SystemServerTiming: OnBootPhase_500_com.android.server.om.OverlayManagerService
06-20 13:36:09.519 688 688 V SystemServerTiming: OnBootPhase_500_com.android.server.om.OverlayManagerService took to complete: 0ms
06-20 13:36:09.519 688 688 D SystemServerTiming: OnBootPhase_500_com.android.server.resources.ResourcesManagerService
06-20 13:36:09.519 688 688 V SystemServerTiming: OnBootPhase_500_com.android.server.resources.ResourcesManagerService took to complete: 0ms
06-20 13:36:09.519 688 688 D SystemServerTiming: OnBootPhase_500_com.android.server.sensorprivacy.SensorPrivacyService
06-20 13:36:09.521 688 736 V DisplayPowerController2[0]: Brightness [0.39763778] reason changing to: 'override', previous reason: '0'.
06-20 13:36:09.521 688 736 I DisplayPowerController2[0]: BrightnessEvent: disp=0, physDisp=local:4625716335649126413, brt=0.39763778, initBrt=NaN, rcmdBrt=NaN, preBrt=NaN, lux=0.0, preLux=0.0, hbmMax=1.0, hbmMode=off, rbcStrength=0, thrmMax=1.0, powerFactor=1.0, wasShortTermModelActive=false, flags=, reason=override, autoBrightness=false, strategy=OverrideBrightnessStrategy
06-20 13:36:09.524 688 688 D CompatibilityChangeReporter: Compat change id reported: 157233955; UID 1000; state: ENABLED
06-20 13:36:09.525 688 726 W KernelCpuProcStringReader: File not found. It's normal if not implemented: /proc/uid_concurrent_policy_time
06-20 13:36:09.525 688 688 V SystemServerTiming: OnBootPhase_500_com.android.server.sensorprivacy.SensorPrivacyService took to complete: 7ms
06-20 13:36:09.526 688 688 D SystemServerTiming: OnBootPhase_500_com.android.server.sensors.SensorService
06-20 13:36:09.526 688 688 V SystemServerTiming: OnBootPhase_500_com.android.server.sensors.SensorService took to complete: 0ms
06-20 13:36:09.526 688 688 D SystemServerTiming: OnBootPhase_500_com.android.server.SystemConfigService
06-20 13:36:09.526 688 688 V SystemServerTiming: OnBootPhase_500_com.android.server.SystemConfigService took to complete: 0ms
06-20 13:36:09.526 688 688 D SystemServerTiming: OnBootPhase_500_com.android.server.BatteryService
06-20 13:36:09.526 688 688 V SystemServerTiming: OnBootPhase_500_com.android.server.BatteryService took to complete: 0ms
06-20 13:36:09.526 688 688 D SystemServerTiming: OnBootPhase_500_com.android.server.usage.UsageStatsService
06-20 13:36:09.528 688 713 I DisplayDeviceRepository: Display device changed state: "内置屏幕", ON
06-20 13:36:09.529 688 688 D AppStandbyController: Setting app idle enabled state
06-20 13:36:09.531 688 713 I DisplayDeviceRepository: Display device changed state: "内置屏幕", ON
06-20 13:36:09.539 688 688 V HistoricalRegistry: Interaction before persistence initialized
06-20 13:36:09.539 688 688 V SystemServerTiming: OnBootPhase_500_com.android.server.usage.UsageStatsService took to complete: 14ms
06-20 13:36:09.539 688 688 D SystemServerTiming: OnBootPhase_500_com.android.server.webkit.WebViewUpdateService
06-20 13:36:09.539 688 688 V SystemServerTiming: OnBootPhase_500_com.android.server.webkit.WebViewUpdateService took to complete: 0ms
06-20 13:36:09.539 688 688 D SystemServerTiming: OnBootPhase_500_com.android.server.CachedDeviceStateService
06-20 13:36:09.540 688 688 V SystemServerTiming: OnBootPhase_500_com.android.server.CachedDeviceStateService took to complete: 0ms
06-20 13:36:09.540 688 688 D SystemServerTiming: OnBootPhase_500_com.android.server.BinderCallsStatsService$LifeCycle
06-20 13:36:09.548 688 688 V SystemServerTiming: OnBootPhase_500_com.android.server.BinderCallsStatsService$LifeCycle took to complete: 8ms
06-20 13:36:09.548 688 688 D SystemServerTiming: OnBootPhase_500_com.android.server.LooperStatsService$Lifecycle
06-20 13:36:09.549 688 688 V SystemServerTiming: OnBootPhase_500_com.android.server.LooperStatsService$Lifecycle took to complete: 1ms
06-20 13:36:09.549 688 688 D SystemServerTiming: OnBootPhase_500_com.android.server.rollback.RollbackManagerService
06-20 13:36:09.549 688 688 V SystemServerTiming: OnBootPhase_500_com.android.server.rollback.RollbackManagerService took to complete: 0ms
06-20 13:36:09.549 688 688 D SystemServerTiming: OnBootPhase_500_com.android.server.os.NativeTombstoneManagerService
06-20 13:36:09.549 688 688 V SystemServerTiming: OnBootPhase_500_com.android.server.os.NativeTombstoneManagerService took to complete: 0ms
06-20 13:36:09.549 688 688 D SystemServerTiming: OnBootPhase_500_com.android.server.os.BugreportManagerService
06-20 13:36:09.549 688 688 V SystemServerTiming: OnBootPhase_500_com.android.server.os.BugreportManagerService took to complete: 0ms
06-20 13:36:09.549 688 688 D SystemServerTiming: OnBootPhase_500_com.android.server.gpu.GpuService
06-20 13:36:09.549 688 688 V SystemServerTiming: OnBootPhase_500_com.android.server.gpu.GpuService took to complete: 0ms
06-20 13:36:09.549 688 688 D SystemServerTiming: OnBootPhase_500_com.android.server.security.rkp.RemoteProvisioningService
06-20 13:36:09.549 688 688 V SystemServerTiming: OnBootPhase_500_com.android.server.security.rkp.RemoteProvisioningService took to complete: 0ms
06-20 13:36:09.549 688 688 D SystemServerTiming: OnBootPhase_500_com.android.server.cpu.CpuMonitorService
06-20 13:36:09.549 688 688 V SystemServerTiming: OnBootPhase_500_com.android.server.cpu.CpuMonitorService took to complete: 0ms
06-20 13:36:09.549 688 688 D SystemServerTiming: OnBootPhase_500_com.android.server.security.KeyChainSystemService
06-20 13:36:09.549 688 688 V SystemServerTiming: OnBootPhase_500_com.android.server.security.KeyChainSystemService took to complete: 0ms
06-20 13:36:09.549 688 688 D SystemServerTiming: OnBootPhase_500_com.android.server.BinaryTransparencyService
06-20 13:36:09.549 688 688 V SystemServerTiming: OnBootPhase_500_com.android.server.BinaryTransparencyService took to complete: 0ms
06-20 13:36:09.549 688 688 D SystemServerTiming: OnBootPhase_500_com.android.server.accounts.AccountManagerService$Lifecycle
06-20 13:36:09.549 688 688 V SystemServerTiming: OnBootPhase_500_com.android.server.accounts.AccountManagerService$Lifecycle took to complete: 0ms
06-20 13:36:09.549 688 688 D SystemServerTiming: OnBootPhase_500_com.android.server.content.ContentService$Lifecycle
06-20 13:36:09.549 688 688 V SystemServerTiming: OnBootPhase_500_com.android.server.content.ContentService$Lifecycle took to complete: 0ms
06-20 13:36:09.549 688 688 D SystemServerTiming: OnBootPhase_500_com.android.server.deviceconfig.DeviceConfigInit$Lifecycle
06-20 13:36:09.549 688 688 V SystemServerTiming: OnBootPhase_500_com.android.server.deviceconfig.DeviceConfigInit$Lifecycle took to complete: 0ms
06-20 13:36:09.549 688 688 D SystemServerTiming: OnBootPhase_500_com.android.server.DropBoxManagerService
06-20 13:36:09.550 688 688 V SystemServerTiming: OnBootPhase_500_com.android.server.DropBoxManagerService took to complete: 1ms
06-20 13:36:09.550 688 688 D SystemServerTiming: OnBootPhase_500_com.android.role.RoleService
06-20 13:36:09.550 688 688 V SystemServerTiming: OnBootPhase_500_com.android.role.RoleService took to complete: 0ms
06-20 13:36:09.551 688 688 D SystemServerTiming: OnBootPhase_500_com.android.server.vibrator.VibratorManagerService$Lifecycle
06-20 13:36:09.551 688 688 V VibratorManagerService: Initializing VibratorManager service...
06-20 13:36:09.571 688 688 V HistoricalRegistry: Interaction before persistence initialized
06-20 13:36:09.613 688 688 V VibratorManagerService: VibratorManager service initialized
06-20 13:36:09.613 688 688 W SystemServiceManager: Service com.android.server.vibrator.VibratorManagerService$Lifecycle took 63 ms in onBootPhase
06-20 13:36:09.613 688 688 V SystemServerTiming: OnBootPhase_500_com.android.server.vibrator.VibratorManagerService$Lifecycle took to complete: 63ms
06-20 13:36:09.613 688 688 D SystemServerTiming: OnBootPhase_500_com.android.server.tare.InternalResourceService
06-20 13:36:09.619 688 688 V SystemServerTiming: OnBootPhase_500_com.android.server.tare.InternalResourceService took to complete: 5ms
06-20 13:36:09.619 688 688 D SystemServerTiming: OnBootPhase_500_com.android.server.alarm.AlarmManagerService
06-20 13:36:09.621 688 688 E LazyAlarmStore: Removed TIME_TICK alarm
06-20 13:36:09.624 688 688 V SystemServerTiming: OnBootPhase_500_com.android.server.alarm.AlarmManagerService took to complete: 5ms
06-20 13:36:09.624 688 688 D SystemServerTiming: OnBootPhase_500_com.android.server.devicestate.DeviceStateManagerService
06-20 13:36:09.624 688 688 V SystemServerTiming: OnBootPhase_500_com.android.server.devicestate.DeviceStateManagerService took to complete: 0ms
06-20 13:36:09.624 688 688 D SystemServerTiming: OnBootPhase_500_com.android.server.camera.CameraServiceProxy
06-20 13:36:09.624 688 688 V SystemServerTiming: OnBootPhase_500_com.android.server.camera.CameraServiceProxy took to complete: 0ms
06-20 13:36:09.624 688 688 D SystemServerTiming: OnBootPhase_500_com.android.server.bluetooth.BluetoothService
06-20 13:36:09.624 688 688 V SystemServerTiming: OnBootPhase_500_com.android.server.bluetooth.BluetoothService took to complete: 1ms
06-20 13:36:09.624 688 688 D SystemServerTiming: OnBootPhase_500_com.android.server.connectivity.IpConnectivityMetrics
06-20 13:36:09.627 688 688 V SystemServerTiming: OnBootPhase_500_com.android.server.connectivity.IpConnectivityMetrics took to complete: 3ms
06-20 13:36:09.627 688 688 D SystemServerTiming: OnBootPhase_500_com.android.server.net.watchlist.NetworkWatchlistService$Lifecycle
06-20 13:36:09.627 688 688 V SystemServerTiming: OnBootPhase_500_com.android.server.net.watchlist.NetworkWatchlistService$Lifecycle took to complete: 0ms
06-20 13:36:09.627 688 688 D SystemServerTiming: OnBootPhase_500_com.android.server.PinnerService
06-20 13:36:09.628 688 688 V SystemServerTiming: OnBootPhase_500_com.android.server.PinnerService took to complete: 0ms
06-20 13:36:09.628 688 688 D SystemServerTiming: OnBootPhase_500_com.android.server.integrity.AppIntegrityManagerService
06-20 13:36:09.628 688 688 V SystemServerTiming: OnBootPhase_500_com.android.server.integrity.AppIntegrityManagerService took to complete: 0ms
06-20 13:36:09.628 688 688 D SystemServerTiming: OnBootPhase_500_com.android.server.logcat.LogcatManagerService
06-20 13:36:09.628 688 688 V SystemServerTiming: OnBootPhase_500_com.android.server.logcat.LogcatManagerService took to complete: 0ms
06-20 13:36:09.628 688 688 D SystemServerTiming: OnBootPhase_500_com.android.server.inputmethod.InputMethodManagerService$Lifecycle
06-20 13:36:09.628 688 688 V SystemServerTiming: OnBootPhase_500_com.android.server.inputmethod.InputMethodManagerService$Lifecycle took to complete: 0ms
06-20 13:36:09.628 688 688 D SystemServerTiming: OnBootPhase_500_com.android.server.accessibility.AccessibilityManagerService$Lifecycle
06-20 13:36:09.628 688 688 V SystemServerTiming: OnBootPhase_500_com.android.server.accessibility.AccessibilityManagerService$Lifecycle took to complete: 0ms
06-20 13:36:09.628 688 688 D SystemServerTiming: OnBootPhase_500_com.android.server.StorageManagerService$Lifecycle
06-20 13:36:09.629 688 688 V SystemServerTiming: OnBootPhase_500_com.android.server.StorageManagerService$Lifecycle took to complete: 1ms
06-20 13:36:09.629 688 688 D SystemServerTiming: OnBootPhase_500_com.android.server.usage.StorageStatsService$Lifecycle
06-20 13:36:09.629 688 688 V SystemServerTiming: OnBootPhase_500_com.android.server.usage.StorageStatsService$Lifecycle took to complete: 0ms
06-20 13:36:09.630 688 688 D SystemServerTiming: OnBootPhase_500_com.android.server.UiModeManagerService
06-20 13:36:09.633 688 688 I ActivityTaskManager: Config changes=200 {1.0 ?mcc0mnc [zh_CN] ldltr sw720dp w1280dp h720dp 240dpi xlrg long land television -touch -keyb/v/h dpad/v winConfig={ mBounds=Rect(0, 0 - 1920, 1080) mAppBounds=Rect(0, 0 - 1920, 1080) mMaxBounds=Rect(0, 0 - 1920, 1080) mDisplayRotation=ROTATION_0 mWindowingMode=fullscreen mDisplayWindowingMode=fullscreen mActivityType=undefined mAlwaysOnTop=undefined mRotation=ROTATION_0} s.4 ?fontWeightAdjustment}
06-20 13:36:09.635 688 688 I WindowManager: Override config changes=200 {1.0 ?mcc0mnc [zh_CN] ldltr sw720dp w1280dp h720dp 240dpi xlrg long land television -touch -keyb/v/h dpad/v winConfig={ mBounds=Rect(0, 0 - 1920, 1080) mAppBounds=Rect(0, 0 - 1920, 1080) mMaxBounds=Rect(0, 0 - 1920, 1080) mDisplayRotation=ROTATION_0 mWindowingMode=fullscreen mDisplayWindowingMode=fullscreen mActivityType=undefined mAlwaysOnTop=undefined mRotation=ROTATION_0} s.4 ?fontWeightAdjustment} for displayId=0
06-20 13:36:09.639 688 688 V SystemServerTiming: OnBootPhase_500_com.android.server.UiModeManagerService took to complete: 10ms
06-20 13:36:09.639 688 688 D SystemServerTiming: OnBootPhase_500_com.android.server.locales.LocaleManagerService
06-20 13:36:09.639 688 688 V SystemServerTiming: OnBootPhase_500_com.android.server.locales.LocaleManagerService took to complete: 0ms
06-20 13:36:09.639 688 688 D SystemServerTiming: OnBootPhase_500_com.android.server.grammaticalinflection.GrammaticalInflectionService
06-20 13:36:09.639 688 688 V SystemServerTiming: OnBootPhase_500_com.android.server.grammaticalinflection.GrammaticalInflectionService took to complete: 0ms
06-20 13:36:09.640 688 688 D SystemServerTiming: OnBootPhase_500_com.android.server.apphibernation.AppHibernationService
06-20 13:36:09.641 688 688 V SystemServerTiming: OnBootPhase_500_com.android.server.apphibernation.AppHibernationService took to complete: 2ms
06-20 13:36:09.641 688 688 D SystemServerTiming: OnBootPhase_500_com.android.server.locksettings.LockSettingsService$Lifecycle
06-20 13:36:09.641 688 688 V SystemServerTiming: OnBootPhase_500_com.android.server.locksettings.LockSettingsService$Lifecycle took to complete: 0ms
06-20 13:36:09.641 688 688 D SystemServerTiming: OnBootPhase_500_com.android.server.PersistentDataBlockService
06-20 13:36:09.642 688 688 V SystemServerTiming: OnBootPhase_500_com.android.server.PersistentDataBlockService took to complete: 0ms
06-20 13:36:09.642 688 688 D SystemServerTiming: OnBootPhase_500_com.android.server.testharness.TestHarnessModeService
06-20 13:36:09.642 688 688 D TestHarnessModeService: Setting up test harness mode
06-20 13:36:09.642 688 688 D TestHarnessModeService: Getting PersistentDataBlockManagerInternal from LocalServices
06-20 13:36:09.675 688 688 V SystemServerTiming: OnBootPhase_500_com.android.server.testharness.TestHarnessModeService took to complete: 34ms
06-20 13:36:09.675 688 688 D SystemServerTiming: OnBootPhase_500_com.android.server.oemlock.OemLockService
06-20 13:36:09.675 688 688 V SystemServerTiming: OnBootPhase_500_com.android.server.oemlock.OemLockService took to complete: 0ms
06-20 13:36:09.675 688 688 D SystemServerTiming: OnBootPhase_500_com.android.server.DeviceIdleController
06-20 13:36:09.684 688 688 V HistoricalRegistry: Interaction before persistence initialized
06-20 13:36:09.688 688 688 V SystemServerTiming: OnBootPhase_500_com.android.server.DeviceIdleController took to complete: 13ms
06-20 13:36:09.688 688 688 D SystemServerTiming: OnBootPhase_500_com.android.server.devicepolicy.DevicePolicyManagerService$Lifecycle
06-20 13:36:09.688 688 688 V SystemServerTiming: OnBootPhase_500_com.android.server.devicepolicy.DevicePolicyManagerService$Lifecycle took to complete: 0ms
06-20 13:36:09.688 688 688 D SystemServerTiming: OnBootPhase_500_com.android.server.texttospeech.TextToSpeechManagerService
06-20 13:36:09.688 688 688 V SystemServerTiming: OnBootPhase_500_com.android.server.texttospeech.TextToSpeechManagerService took to complete: 0ms
06-20 13:36:09.688 688 688 D SystemServerTiming: OnBootPhase_500_com.android.server.ambientcontext.AmbientContextManagerService
06-20 13:36:09.691 688 688 V SystemServerTiming: OnBootPhase_500_com.android.server.ambientcontext.AmbientContextManagerService took to complete: 2ms
06-20 13:36:09.691 688 688 D SystemServerTiming: OnBootPhase_500_com.android.server.wearable.WearableSensingManagerService
06-20 13:36:09.692 688 688 V SystemServerTiming: OnBootPhase_500_com.android.server.wearable.WearableSensingManagerService took to complete: 0ms
06-20 13:36:09.692 688 688 D SystemServerTiming: OnBootPhase_500_com.android.server.speech.SpeechRecognitionManagerService
06-20 13:36:09.692 688 688 V SystemServerTiming: OnBootPhase_500_com.android.server.speech.SpeechRecognitionManagerService took to complete: 0ms
06-20 13:36:09.692 688 688 D SystemServerTiming: OnBootPhase_500_com.android.server.searchui.SearchUiManagerService
06-20 13:36:09.692 688 688 V SystemServerTiming: OnBootPhase_500_com.android.server.searchui.SearchUiManagerService took to complete: 0ms
06-20 13:36:09.692 688 688 D SystemServerTiming: OnBootPhase_500_com.android.server.smartspace.SmartspaceManagerService
06-20 13:36:09.692 688 688 V SystemServerTiming: OnBootPhase_500_com.android.server.smartspace.SmartspaceManagerService took to complete: 0ms
06-20 13:36:09.692 688 688 D SystemServerTiming: OnBootPhase_500_com.android.server.graphics.fonts.FontManagerService$Lifecycle
06-20 13:36:09.692 688 688 V SystemServerTiming: OnBootPhase_500_com.android.server.graphics.fonts.FontManagerService$Lifecycle took to complete: 0ms
06-20 13:36:09.692 688 688 D SystemServerTiming: OnBootPhase_500_com.android.server.textservices.TextServicesManagerService$Lifecycle
06-20 13:36:09.692 688 688 V SystemServerTiming: OnBootPhase_500_com.android.server.textservices.TextServicesManagerService$Lifecycle took to complete: 0ms
06-20 13:36:09.692 688 688 D SystemServerTiming: OnBootPhase_500_com.android.server.textclassifier.TextClassificationManagerService$Lifecycle
06-20 13:36:09.692 688 688 V SystemServerTiming: OnBootPhase_500_com.android.server.textclassifier.TextClassificationManagerService$Lifecycle took to complete: 0ms
06-20 13:36:09.692 688 688 D SystemServerTiming: OnBootPhase_500_com.android.server.NetworkScoreService$Lifecycle
06-20 13:36:09.693 688 688 V SystemServerTiming: OnBootPhase_500_com.android.server.NetworkScoreService$Lifecycle took to complete: 0ms
06-20 13:36:09.693 688 688 D SystemServerTiming: OnBootPhase_500_com.android.server.NetworkStatsServiceInitializer
06-20 13:36:09.693 688 688 V SystemServerTiming: OnBootPhase_500_com.android.server.NetworkStatsServiceInitializer took to complete: 0ms
06-20 13:36:09.693 688 688 D SystemServerTiming: OnBootPhase_500_com.android.server.wifi.WifiService
06-20 13:36:09.693 688 688 V SystemServerTiming: OnBootPhase_500_com.android.server.wifi.WifiService took to complete: 1ms
06-20 13:36:09.693 688 688 D SystemServerTiming: OnBootPhase_500_com.android.server.wifi.scanner.WifiScanningService
06-20 13:36:09.694 688 688 V SystemServerTiming: OnBootPhase_500_com.android.server.wifi.scanner.WifiScanningService took to complete: 0ms
06-20 13:36:09.694 688 688 D SystemServerTiming: OnBootPhase_500_com.android.server.wifi.p2p.WifiP2pService
06-20 13:36:09.697 688 688 V SystemServerTiming: OnBootPhase_500_com.android.server.wifi.p2p.WifiP2pService took to complete: 3ms
06-20 13:36:09.697 688 688 D SystemServerTiming: OnBootPhase_500_com.android.server.ConnectivityServiceInitializer
06-20 13:36:09.699 688 688 V SystemServerTiming: OnBootPhase_500_com.android.server.ConnectivityServiceInitializer took to complete: 2ms
06-20 13:36:09.700 688 688 D SystemServerTiming: OnBootPhase_500_com.android.server.notification.NotificationManagerService
06-20 13:36:09.710 688 688 V SystemServerTiming: OnBootPhase_500_com.android.server.notification.NotificationManagerService took to complete: 11ms
06-20 13:36:09.710 688 688 D SystemServerTiming: OnBootPhase_500_com.android.server.storage.DeviceStorageMonitorService
06-20 13:36:09.710 688 688 V SystemServerTiming: OnBootPhase_500_com.android.server.storage.DeviceStorageMonitorService took to complete: 0ms
06-20 13:36:09.710 688 688 D SystemServerTiming: OnBootPhase_500_com.android.server.timedetector.TimeDetectorService$Lifecycle
06-20 13:36:09.711 688 688 V SystemServerTiming: OnBootPhase_500_com.android.server.timedetector.TimeDetectorService$Lifecycle took to complete: 0ms
06-20 13:36:09.711 688 688 D SystemServerTiming: OnBootPhase_500_com.android.server.location.LocationManagerService$Lifecycle
06-20 13:36:09.712 688 823 W BroadcastLoopers: Found previously unknown looper Thread[WifiHandlerThread,5,main]
06-20 13:36:09.713 688 688 V HistoricalRegistry: Interaction before persistence initialized
06-20 13:36:09.715 688 688 V SystemServerTiming: OnBootPhase_500_com.android.server.location.LocationManagerService$Lifecycle took to complete: 4ms
06-20 13:36:09.715 688 688 D SystemServerTiming: OnBootPhase_500_com.android.server.timezonedetector.TimeZoneDetectorService$Lifecycle
06-20 13:36:09.715 688 688 V SystemServerTiming: OnBootPhase_500_com.android.server.timezonedetector.TimeZoneDetectorService$Lifecycle took to complete: 0ms
06-20 13:36:09.715 688 688 D SystemServerTiming: OnBootPhase_500_com.android.server.location.altitude.AltitudeService$Lifecycle
06-20 13:36:09.715 688 688 V SystemServerTiming: OnBootPhase_500_com.android.server.location.altitude.AltitudeService$Lifecycle took to complete: 0ms
06-20 13:36:09.715 688 688 D SystemServerTiming: OnBootPhase_500_com.android.server.timezonedetector.location.LocationTimeZoneManagerService$Lifecycle
06-20 13:36:09.715 688 688 V SystemServerTiming: OnBootPhase_500_com.android.server.timezonedetector.location.LocationTimeZoneManagerService$Lifecycle took to complete: 0ms
06-20 13:36:09.715 688 688 D SystemServerTiming: OnBootPhase_500_com.android.server.search.SearchManagerService$Lifecycle
06-20 13:36:09.715 688 688 V SystemServerTiming: OnBootPhase_500_com.android.server.search.SearchManagerService$Lifecycle took to complete: 0ms
06-20 13:36:09.715 688 688 D SystemServerTiming: OnBootPhase_500_com.android.server.wallpaper.WallpaperManagerService$Lifecycle
06-20 13:36:09.715 688 688 V SystemServerTiming: OnBootPhase_500_com.android.server.wallpaper.WallpaperManagerService$Lifecycle took to complete: 1ms
06-20 13:36:09.715 688 688 D SystemServerTiming: OnBootPhase_500_com.android.server.wallpapereffectsgeneration.WallpaperEffectsGenerationManagerService
06-20 13:36:09.715 688 688 V SystemServerTiming: OnBootPhase_500_com.android.server.wallpapereffectsgeneration.WallpaperEffectsGenerationManagerService took to complete: 0ms
06-20 13:36:09.715 688 688 D SystemServerTiming: OnBootPhase_500_com.android.server.audio.AudioService$Lifecycle
06-20 13:36:09.716 688 688 V SystemServerTiming: OnBootPhase_500_com.android.server.audio.AudioService$Lifecycle took to complete: 0ms
06-20 13:36:09.716 688 688 D SystemServerTiming: OnBootPhase_500_com.android.server.soundtrigger_middleware.SoundTriggerMiddlewareService$Lifecycle
06-20 13:36:09.716 688 688 V SystemServerTiming: OnBootPhase_500_com.android.server.soundtrigger_middleware.SoundTriggerMiddlewareService$Lifecycle took to complete: 0ms
06-20 13:36:09.716 688 688 D SystemServerTiming: OnBootPhase_500_com.android.server.adb.AdbService$Lifecycle
06-20 13:36:09.716 688 688 V SystemServerTiming: OnBootPhase_500_com.android.server.adb.AdbService$Lifecycle took to complete: 0ms
06-20 13:36:09.716 688 688 D SystemServerTiming: OnBootPhase_500_com.android.server.usb.UsbService$Lifecycle
06-20 13:36:09.716 688 688 V SystemServerTiming: OnBootPhase_500_com.android.server.usb.UsbService$Lifecycle took to complete: 0ms
06-20 13:36:09.716 688 688 D SystemServerTiming: OnBootPhase_500_com.android.server.twilight.TwilightService
06-20 13:36:09.716 688 688 V SystemServerTiming: OnBootPhase_500_com.android.server.twilight.TwilightService took to complete: 0ms
06-20 13:36:09.716 688 688 D SystemServerTiming: OnBootPhase_500_com.android.server.display.color.ColorDisplayService
06-20 13:36:09.716 688 688 V SystemServerTiming: OnBootPhase_500_com.android.server.display.color.ColorDisplayService took to complete: 0ms
06-20 13:36:09.716 688 688 D SystemServerTiming: OnBootPhase_500_com.android.server.job.JobSchedulerService
06-20 13:36:09.733 471 496 W android.hardware.wifi-service.droidlogic: Duplicate death notification registration
06-20 13:36:09.745 688 688 V HistoricalRegistry: Interaction before persistence initialized
06-20 13:36:09.746 688 688 V SystemServerTiming: OnBootPhase_500_com.android.server.job.JobSchedulerService took to complete: 30ms
06-20 13:36:09.746 688 688 D SystemServerTiming: OnBootPhase_500_com.android.server.soundtrigger.SoundTriggerService
06-20 13:36:09.746 688 688 D SoundTriggerService: onBootPhase: 500 : false
06-20 13:36:09.747 688 688 V SystemServerTiming: OnBootPhase_500_com.android.server.soundtrigger.SoundTriggerService took to complete: 0ms
06-20 13:36:09.747 688 688 D SystemServerTiming: OnBootPhase_500_com.android.server.trust.TrustManagerService
06-20 13:36:09.748 688 688 V SystemServerTiming: OnBootPhase_500_com.android.server.trust.TrustManagerService took to complete: 1ms
06-20 13:36:09.749 688 688 D SystemServerTiming: OnBootPhase_500_com.android.server.backup.BackupManagerService$Lifecycle
06-20 13:36:09.749 688 688 V SystemServerTiming: OnBootPhase_500_com.android.server.backup.BackupManagerService$Lifecycle took to complete: 0ms
06-20 13:36:09.749 688 688 D SystemServerTiming: OnBootPhase_500_com.android.server.appwidget.AppWidgetService
06-20 13:36:09.749 688 688 V SystemServerTiming: OnBootPhase_500_com.android.server.appwidget.AppWidgetService took to complete: 0ms
06-20 13:36:09.749 688 688 D SystemServerTiming: OnBootPhase_500_com.android.server.voiceinteraction.VoiceInteractionManagerService
06-20 13:36:09.749 688 688 V SystemServerTiming: OnBootPhase_500_com.android.server.voiceinteraction.VoiceInteractionManagerService took to complete: 0ms
06-20 13:36:09.749 688 688 D SystemServerTiming: OnBootPhase_500_com.android.server.GestureLauncherService
06-20 13:36:09.749 688 688 V SystemServerTiming: OnBootPhase_500_com.android.server.GestureLauncherService took to complete: 0ms
06-20 13:36:09.749 688 688 D SystemServerTiming: OnBootPhase_500_com.android.server.SensorNotificationService
06-20 13:36:09.749 688 688 V SystemServerTiming: OnBootPhase_500_com.android.server.SensorNotificationService took to complete: 0ms
06-20 13:36:09.749 688 688 D SystemServerTiming: OnBootPhase_500_com.android.server.emergency.EmergencyAffordanceService
06-20 13:36:09.749 688 688 V SystemServerTiming: OnBootPhase_500_com.android.server.emergency.EmergencyAffordanceService took to complete: 0ms
06-20 13:36:09.749 688 688 D SystemServerTiming: OnBootPhase_500_com.android.server.blob.BlobStoreManagerService
06-20 13:36:09.749 471 496 W android.hardware.wifi-service.droidlogic: --------------------------------
06-20 13:36:09.749 471 496 W android.hardware.wifi-service.droidlogic: Wi-Fi Hal(Amlogic multi-wifi so library) build info:
06-20 13:36:09.749 471 496 W android.hardware.wifi-service.droidlogic: Author: ShenZhen wifi platform team
06-20 13:36:09.749 471 496 W android.hardware.wifi-service.droidlogic: Branch name: s-amlogic
06-20 13:36:09.749 471 496 W android.hardware.wifi-service.droidlogic: Last Commit Info:
06-20 13:36:09.749 471 496 W android.hardware.wifi-service.droidlogic: commit 261ff018afdce4373c75fbf43963aa0d35f58dc5
06-20 13:36:09.749 471 496 W android.hardware.wifi-service.droidlogic: Author: li.dong
06-20 13:36:09.749 471 496 W android.hardware.wifi-service.droidlogic: Date: 2024-06-18 11:01:08 +0800
06-20 13:36:09.749 471 496 W android.hardware.wifi-service.droidlogic: PD#SWPL-164711
06-20 13:36:09.749 471 496 W android.hardware.wifi-service.droidlogic: Change-Id: I2961daeab82941e3ed12007689a93099019d1795
06-20 13:36:09.749 471 496 W android.hardware.wifi-service.droidlogic: uncommit file num: 0
06-20 13:36:09.749 471 496 W android.hardware.wifi-service.droidlogic: Build name: li.dong
06-20 13:36:09.749 471 496 W android.hardware.wifi-service.droidlogic: Build time: 2024-09-06 11:01:40 +0800
06-20 13:36:09.749 471 496 W android.hardware.wifi-service.droidlogic: Build arch: arm
06-20 13:36:09.749 471 496 W android.hardware.wifi-service.droidlogic: Build use wifi_info so library: true
06-20 13:36:09.749 471 496 W android.hardware.wifi-service.droidlogic: --------------------------------
06-20 13:36:09.749 688 688 V SystemServerTiming: OnBootPhase_500_com.android.server.blob.BlobStoreManagerService took to complete: 0ms
06-20 13:36:09.749 688 688 D SystemServerTiming: OnBootPhase_500_com.android.server.dreams.DreamManagerService
06-20 13:36:09.749 688 688 V SystemServerTiming: OnBootPhase_500_com.android.server.dreams.DreamManagerService took to complete: 0ms
06-20 13:36:09.749 471 496 W android.hardware.wifi-service.droidlogic: use wifi info
06-20 13:36:09.749 688 688 D SystemServerTiming: OnBootPhase_500_com.android.server.security.AttestationVerificationManagerService
06-20 13:36:09.749 688 688 V SystemServerTiming: OnBootPhase_500_com.android.server.security.AttestationVerificationManagerService took to complete: 0ms
06-20 13:36:09.749 688 688 D SystemServerTiming: OnBootPhase_500_com.android.server.restrictions.RestrictionsManagerService
06-20 13:36:09.749 688 688 V SystemServerTiming: OnBootPhase_500_com.android.server.restrictions.RestrictionsManagerService took to complete: 0ms
06-20 13:36:09.749 688 688 D SystemServerTiming: OnBootPhase_500_com.android.server.media.MediaSessionService
06-20 13:36:09.749 688 688 V SystemServerTiming: OnBootPhase_500_com.android.server.media.MediaSessionService took to complete: 0ms
06-20 13:36:09.749 688 688 D SystemServerTiming: OnBootPhase_500_com.android.server.hdmi.HdmiControlService
06-20 13:36:09.762 0 0 I [3 T496 ..] [wireless]: [wifi_mac_write] wifi rand mac is 1c:a4:10:4b:d:16
06-20 13:36:09.762 0 0 I [3 T496 ..] [wireless]: [pci_remove] pci remove!
06-20 13:36:09.752 688 688 V SystemServerTiming: OnBootPhase_500_com.android.server.hdmi.HdmiControlService took to complete: 3ms
06-20 13:36:09.752 688 688 D SystemServerTiming: OnBootPhase_500_com.android.server.tv.interactive.TvInteractiveAppManagerService
06-20 13:36:09.755 688 688 V SystemServerTiming: OnBootPhase_500_com.android.server.tv.interactive.TvInteractiveAppManagerService took to complete: 2ms
06-20 13:36:09.755 688 688 D SystemServerTiming: OnBootPhase_500_com.android.server.tv.TvInputManagerService
06-20 13:36:09.757 688 688 D HDMI : Process pid:688 is calling addHotplugEventListener
06-20 13:36:09.759 688 688 V SystemServerTiming: OnBootPhase_500_com.android.server.tv.TvInputManagerService took to complete: 4ms
06-20 13:36:09.759 688 688 D SystemServerTiming: OnBootPhase_500_com.android.server.media.MediaResourceMonitorService
06-20 13:36:09.759 688 688 V SystemServerTiming: OnBootPhase_500_com.android.server.media.MediaResourceMonitorService took to complete: 0ms
06-20 13:36:09.759 688 688 D SystemServerTiming: OnBootPhase_500_com.android.server.tv.TvRemoteService
06-20 13:36:09.759 688 688 V SystemServerTiming: OnBootPhase_500_com.android.server.tv.TvRemoteService took to complete: 0ms
06-20 13:36:09.759 688 688 D SystemServerTiming: OnBootPhase_500_com.android.server.biometrics.BiometricService
06-20 13:36:09.759 688 688 V SystemServerTiming: OnBootPhase_500_com.android.server.biometrics.BiometricService took to complete: 0ms
06-20 13:36:09.759 688 688 D SystemServerTiming: OnBootPhase_500_com.android.server.biometrics.AuthService
06-20 13:36:09.759 688 688 V SystemServerTiming: OnBootPhase_500_com.android.server.biometrics.AuthService took to complete: 0ms
06-20 13:36:09.759 688 688 D SystemServerTiming: OnBootPhase_500_com.android.server.pm.ShortcutService$Lifecycle
06-20 13:36:09.759 688 688 V SystemServerTiming: OnBootPhase_500_com.android.server.pm.ShortcutService$Lifecycle took to complete: 0ms
06-20 13:36:09.759 688 688 D SystemServerTiming: OnBootPhase_500_com.android.server.pm.LauncherAppsService
06-20 13:36:09.759 688 688 V SystemServerTiming: OnBootPhase_500_com.android.server.pm.LauncherAppsService took to complete: 0ms
06-20 13:36:09.759 688 688 D SystemServerTiming: OnBootPhase_500_com.android.server.pm.CrossProfileAppsService
06-20 13:36:09.759 688 688 V SystemServerTiming: OnBootPhase_500_com.android.server.pm.CrossProfileAppsService took to complete: 0ms
06-20 13:36:09.759 688 688 D SystemServerTiming: OnBootPhase_500_com.android.server.people.PeopleService
06-20 13:36:09.760 688 688 V SystemServerTiming: OnBootPhase_500_com.android.server.people.PeopleService took to complete: 1ms
06-20 13:36:09.760 688 688 D SystemServerTiming: OnBootPhase_500_com.android.server.media.metrics.MediaMetricsManagerService
06-20 13:36:09.761 688 688 V SystemServerTiming: OnBootPhase_500_com.android.server.media.metrics.MediaMetricsManagerService took to complete: 0ms
06-20 13:36:09.761 688 688 D SystemServerTiming: OnBootPhase_500_com.android.server.pm.BackgroundInstallControlService
06-20 13:36:09.761 688 688 V SystemServerTiming: OnBootPhase_500_com.android.server.pm.BackgroundInstallControlService took to complete: 0ms
06-20 13:36:09.761 688 688 D SystemServerTiming: OnBootPhase_500_com.android.server.media.projection.MediaProjectionManagerService
06-20 13:36:09.761 688 688 V SystemServerTiming: OnBootPhase_500_com.android.server.media.projection.MediaProjectionManagerService took to complete: 0ms
06-20 13:36:09.761 688 688 D SystemServerTiming: OnBootPhase_500_com.android.server.slice.SliceManagerService$Lifecycle
06-20 13:36:09.761 688 688 V SystemServerTiming: OnBootPhase_500_com.android.server.slice.SliceManagerService$Lifecycle took to complete: 0ms
06-20 13:36:09.761 688 688 D SystemServerTiming: OnBootPhase_500_com.android.server.stats.StatsCompanion$Lifecycle
06-20 13:36:09.761 688 688 V SystemServerTiming: OnBootPhase_500_com.android.server.stats.StatsCompanion$Lifecycle took to complete: 0ms
06-20 13:36:09.761 688 688 D SystemServerTiming: OnBootPhase_500_com.android.server.scheduling.RebootReadinessManagerService$Lifecycle
06-20 13:36:09.761 688 688 V SystemServerTiming: OnBootPhase_500_com.android.server.scheduling.RebootReadinessManagerService$Lifecycle took to complete: 0ms
06-20 13:36:09.761 688 688 D SystemServerTiming: OnBootPhase_500_com.android.server.stats.pull.StatsPullAtomService
06-20 13:36:09.761 688 688 V SystemServerTiming: OnBootPhase_500_com.android.server.stats.pull.StatsPullAtomService took to complete: 1ms
06-20 13:36:09.761 688 688 D SystemServerTiming: OnBootPhase_500_com.android.server.stats.bootstrap.StatsBootstrapAtomService$Lifecycle
06-20 13:36:09.761 688 688 V SystemServerTiming: OnBootPhase_500_com.android.server.stats.bootstrap.StatsBootstrapAtomService$Lifecycle took to complete: 0ms
06-20 13:36:09.761 688 688 D SystemServerTiming: OnBootPhase_500_com.android.server.incident.IncidentCompanionService
06-20 13:36:09.761 688 688 V SystemServerTiming: OnBootPhase_500_com.android.server.incident.IncidentCompanionService took to complete: 0ms
06-20 13:36:09.761 688 688 D SystemServerTiming: OnBootPhase_500_com.android.server.sdksandbox.SdkSandboxManagerService$Lifecycle
06-20 13:36:09.761 688 688 V SystemServerTiming: OnBootPhase_500_com.android.server.sdksandbox.SdkSandboxManagerService$Lifecycle took to complete: 0ms
06-20 13:36:09.761 688 688 D SystemServerTiming: OnBootPhase_500_com.android.server.adservices.AdServicesManagerService$Lifecycle
06-20 13:36:09.761 688 688 V SystemServerTiming: OnBootPhase_500_com.android.server.adservices.AdServicesManagerService$Lifecycle took to complete: 0ms
06-20 13:36:09.761 688 688 D SystemServerTiming: OnBootPhase_500_com.android.server.ondevicepersonalization.OnDevicePersonalizationSystemService$Lifecycle
06-20 13:36:09.761 688 688 V SystemServerTiming: OnBootPhase_500_com.android.server.ondevicepersonalization.OnDevicePersonalizationSystemService$Lifecycle took to complete: 0ms
06-20 13:36:09.761 688 688 D SystemServerTiming: OnBootPhase_500_com.android.server.autofill.AutofillManagerService
06-20 13:36:09.761 688 688 V SystemServerTiming: OnBootPhase_500_com.android.server.autofill.AutofillManagerService took to complete: 0ms
06-20 13:36:09.761 688 688 D SystemServerTiming: OnBootPhase_500_com.android.server.clipboard.ClipboardService
06-20 13:36:09.761 688 688 V SystemServerTiming: OnBootPhase_500_com.android.server.clipboard.ClipboardService took to complete: 0ms
06-20 13:36:09.761 688 688 D SystemServerTiming: OnBootPhase_500_com.android.server.appbinding.AppBindingService$Lifecycle
06-20 13:36:09.761 688 688 V SystemServerTiming: OnBootPhase_500_com.android.server.appbinding.AppBindingService$Lifecycle took to complete: 0ms
06-20 13:36:09.761 688 688 D SystemServerTiming: OnBootPhase_500_com.android.server.tracing.TracingServiceProxy
06-20 13:36:09.761 688 688 V SystemServerTiming: OnBootPhase_500_com.android.server.tracing.TracingServiceProxy took to complete: 0ms
06-20 13:36:09.761 688 688 V SystemServerTiming: OnBootPhase_500 took to complete: 292ms
06-20 13:36:09.761 688 688 V SystemServerTiming: StartBootPhaseSystemServicesReady took to complete: 292ms
06-20 13:36:09.762 688 688 D SystemServerTiming: MakeWindowManagerServiceReady
06-20 13:36:09.770 688 688 V SystemServerTiming: MakeWindowManagerServiceReady took to complete: 9ms
06-20 13:36:09.770 688 688 D SystemServerTiming: RegisterLogMteState
06-20 13:36:09.771 688 688 V SystemServerTiming: RegisterLogMteState took to complete: 0ms
06-20 13:36:09.774 688 688 D SystemServerTiming: StartPermissionPolicyService
06-20 13:36:09.775 688 688 I SystemServiceManager: Starting com.android.server.policy.PermissionPolicyService
06-20 13:36:09.783 688 688 V SystemServerTiming: StartPermissionPolicyService took to complete: 9ms
06-20 13:36:09.783 688 688 D SystemServerTiming: MakePackageManagerServiceReady
06-20 13:36:09.789 688 688 V HistoricalRegistry: Interaction before persistence initialized
06-20 13:36:09.789 688 688 V HistoricalRegistry: Interaction before persistence initialized
06-20 13:36:09.790 688 718 I HealthServiceWrapperAidl: health: HealthServiceWrapper listening to AIDL HAL
06-20 13:36:09.792 688 718 D StatsPullAtomService: Registering pullers with statsd
06-20 13:36:09.794 688 688 V UserDataPreparer: Found /data/user_de/0 with serial number 0
06-20 13:36:09.794 688 688 V UserDataPreparer: Found /data/user/0 with serial number 0
06-20 13:36:09.794 688 688 V UserDataPreparer: Found /data/system_de/0 with serial number 0
06-20 13:36:09.794 688 688 V UserDataPreparer: Found /data/system_ce/0 with serial number 0
06-20 13:36:09.794 688 688 V UserDataPreparer: Found /data/misc_ce/0 with serial number 0
06-20 13:36:09.795 688 688 I PermissionManager: Permission ownership changed. Updating all permissions.
06-20 13:36:09.796 688 688 W PermissionManager: Package com.android.adservices.api is an APK in APEX, but has permission allowlist on the system image. Please bundle the allowlist in the com.android.adservices APEX instead.
06-20 13:36:09.796 688 718 I StatsPullAtomService: register thermal listener successfully
06-20 13:36:09.816 688 688 W PermissionManager: Privileged permission android.permission.LOCAL_MAC_ADDRESS for package com.dangbei.hqguide (/system/priv-app/dangbei-boot-guide) not in privapp-permissions allowlist
06-20 13:36:09.816 688 688 W PermissionManager: Privileged permission android.permission.BLUETOOTH_PRIVILEGED for package com.dangbei.hqguide (/system/priv-app/dangbei-boot-guide) not in privapp-permissions allowlist
06-20 13:36:09.816 688 688 W PermissionManager: Privileged permission android.permission.WRITE_SECURE_SETTINGS for package com.dangbei.hqguide (/system/priv-app/dangbei-boot-guide) not in privapp-permissions allowlist
06-20 13:36:09.836 0 0 I : [1 T542 ..] meson8b-dwmac fe368000.ethernet eth0: PHY [0.0:00] driver [Generic PHY] (irq=POLL)
06-20 13:36:09.842 0 0 I : [2 T542 ..] meson8b-dwmac fe368000.ethernet eth0: Register MEM_TYPE_PAGE_POOL RxQ-0
06-20 13:36:09.841 688 688 W PermissionManager: Package com.android.providers.media.module is an APK in APEX, but has permission allowlist on the system image. Please bundle the allowlist in the com.android.mediaprovider APEX instead.
06-20 13:36:09.841 688 688 W PermissionManager: Package com.android.providers.media.module is an APK in APEX, but has permission allowlist on the system image. Please bundle the allowlist in the com.android.mediaprovider APEX instead.
06-20 13:36:09.841 688 688 W PermissionManager: Package com.android.providers.media.module is an APK in APEX, but has permission allowlist on the system image. Please bundle the allowlist in the com.android.mediaprovider APEX instead.
06-20 13:36:09.841 688 688 W PermissionManager: Package com.android.providers.media.module is an APK in APEX, but has permission allowlist on the system image. Please bundle the allowlist in the com.android.mediaprovider APEX instead.
06-20 13:36:09.841 688 688 W PermissionManager: Package com.android.providers.media.module is an APK in APEX, but has permission allowlist on the system image. Please bundle the allowlist in the com.android.mediaprovider APEX instead.
06-20 13:36:09.841 688 688 W PermissionManager: Package com.android.providers.media.module is an APK in APEX, but has permission allowlist on the system image. Please bundle the allowlist in the com.android.mediaprovider APEX instead.
06-20 13:36:09.841 688 688 W PermissionManager: Package com.android.providers.media.module is an APK in APEX, but has permission allowlist on the system image. Please bundle the allowlist in the com.android.mediaprovider APEX instead.
06-20 13:36:09.841 688 688 W PermissionManager: Package com.android.providers.media.module is an APK in APEX, but has permission allowlist on the system image. Please bundle the allowlist in the com.android.mediaprovider APEX instead.
06-20 13:36:09.841 688 688 W PermissionManager: Package com.android.providers.media.module is an APK in APEX, but has permission allowlist on the system image. Please bundle the allowlist in the com.android.mediaprovider APEX instead.
06-20 13:36:09.841 688 688 W PermissionManager: Package com.android.providers.media.module is an APK in APEX, but has permission allowlist on the system image. Please bundle the allowlist in the com.android.mediaprovider APEX instead.
06-20 13:36:09.841 688 688 W PermissionManager: Package com.android.providers.media.module is an APK in APEX, but has permission allowlist on the system image. Please bundle the allowlist in the com.android.mediaprovider APEX instead.
06-20 13:36:09.841 688 688 W PermissionManager: Package com.android.providers.media.module is an APK in APEX, but has permission allowlist on the system image. Please bundle the allowlist in the com.android.mediaprovider APEX instead.
06-20 13:36:09.841 688 688 W PermissionManager: Package com.android.providers.media.module is an APK in APEX, but has permission allowlist on the system image. Please bundle the allowlist in the com.android.mediaprovider APEX instead.
06-20 13:36:09.855 688 741 E DefaultPermGrantPolicy: Package not found: com.droidlogic.FileBrower
06-20 13:36:09.855 688 741 E DefaultPermGrantPolicy: Package not found: com.droidlogic.videoplayer
06-20 13:36:09.855 688 741 E DefaultPermGrantPolicy: Package not found: com.android.chrome
06-20 13:36:09.855 688 741 E DefaultPermGrantPolicy: Package not found: com.android.vending
06-20 13:36:09.856 688 741 E DefaultPermGrantPolicy: Package not found: com.google.android.youtube.tv
06-20 13:36:09.858 688 688 V StagingManagerTiming: restoreSessions took to complete: 3ms
06-20 13:36:09.860 688 688 V SystemServerTiming: MakePackageManagerServiceReady took to complete: 76ms
06-20 13:36:09.860 688 688 D SystemServerTiming: MakeDisplayManagerServiceReady
06-20 13:36:09.870 0 0 I [2 T414 ..] apexd: getSessions() received by ApexService
06-20 13:36:09.882 0 0 I [1 T340 ..] [hdmitx: ] avmute_store 1
06-20 13:36:09.968 0 0 I [3 T496 ..] [wireless]: [usb_power_control] Set WiFi power down
06-20 13:36:09.968 0 0 I [3 T496 ..] [wireless]: [usb_power_control] Set WiFi power on !
06-20 13:36:09.983 0 0 I [1 T340 ..] [hdmitx: ] phy_store 0
06-20 13:36:09.983 0 0 I [1 T340 ..] [hdmitx: ] not have vsync intr, manually turn off phy
06-20 13:36:10.078 0 0 I [1 T340 ..] vout: enable display/debug to set voutmode.
06-20 13:36:10.115 0 0 I [1 T340 ..] [hdmitx: ] avmute_store -1
06-20 13:36:10.259 0 0 I [3 T211 ..] [mmc]: r: b_s = b, b_sz = 2f, f: b_s = 23, b_sz = 1d
06-20 13:36:10.260 0 0 I [3 T211 ..] [mmc]: the final result: sel = 1, rx = 22
06-20 13:36:10.265 0 0 I [3 T211 ..] mmc1: new ultra high speed SDR104 SDIO card at address 0000
06-20 13:36:10.267 0 0 W [3 T211 ..] aml_wifi_sdio_probe: 137, sdio probe product id 0x640
06-20 13:36:10.267 0 0 W [3 T211 ..] aml_wifi_sdio_probe: ********get chip type: aml_w2_s
06-20 13:36:10.270 0 0 W [3 T211 ..] aml_wifi_sdio_probe: 137, sdio probe product id 0x640
06-20 13:36:10.270 0 0 W [3 T211 ..] aml_wifi_sdio_probe: ********get chip type: aml_w2_s
06-20 13:36:10.273 0 0 W [3 T211 ..] aml_wifi_sdio_probe: 137, sdio probe product id 0x640
06-20 13:36:10.273 0 0 W [3 T211 ..] aml_wifi_sdio_probe: ********get chip type: aml_w2_s
06-20 13:36:10.275 0 0 W [3 T211 ..] aml_wifi_sdio_probe: 137, sdio probe product id 0x640
06-20 13:36:10.276 0 0 W [3 T211 ..] aml_wifi_sdio_probe: ********get chip type: aml_w2_s
06-20 13:36:10.279 0 0 W [3 T211 ..] aml_wifi_sdio_probe: 137, sdio probe product id 0x640
06-20 13:36:10.279 0 0 W [3 T211 ..] aml_wifi_sdio_probe: ********get chip type: aml_w2_s
06-20 13:36:10.297 0 0 W [3 T211 ..] aml_wifi_sdio_probe: 137, sdio probe product id 0x640
06-20 13:36:10.297 0 0 W [3 T211 ..] aml_wifi_sdio_probe: ********get chip type: aml_w2_s
06-20 13:36:10.299 0 0 W [3 T211 ..] aml_wifi_sdio_probe: 137, sdio probe product id 0x640
06-20 13:36:10.299 0 0 W [3 T211 ..] aml_wifi_sdio_probe: ********get chip type: aml_w2_s
06-20 13:36:10.304 0 0 I [1 T496 ..] [wireless]: [usb_power_control] Set WiFi power on !
06-20 13:36:10.304 0 0 I [1 T496 ..] [wireless]: [pci_reinit] pci wifi reinit!
06-20 13:36:10.305 0 0 I [1 T496 ..] [wireless]: [wifi_power_ioctl] Set sdio wifi power up!
06-20 13:36:10.595 471 496 E android.hardware.wifi-service.droidlogic: get aml true wifi is aml_w2_s
06-20 13:36:10.606 0 0 I [1 T496 ..] [wireless]: [wifi_power_ioctl] wifi interface dev type: mmc1, length = 4
06-20 13:36:10.600 471 496 E android.hardware.wifi-service.droidlogic: multiwifi will rmmod wifi comm
06-20 13:36:10.607 0 0 I [1 T496 ..] [wireless]: [wifi_power_ioctl] aml module chip is aml_w2_s
06-20 13:36:10.613 0 0 I [2 T496 ..] usbcore: deregistering interface driver wifi_usb_common
06-20 13:36:10.614 0 0 W : [2 T496 ..] aml_usb_common->
06-20 13:36:10.614 0 0 W : [2 T496 ..] aml_wifi_usb_rmmod(146) aml common driver rmmod
06-20 13:36:10.615 0 0 W : [2 T496 ..] aml_sdio_exit++
06-20 13:36:10.616 0 0 W : [2 T496 ..]
06-20 13:36:10.616 0 0 W : [2 T496 ..] ==========================================
06-20 13:36:10.617 0 0 W : [2 T496 ..] aml_sdio_remove++ func->num =7
06-20 13:36:10.617 0 0 W : [2 T496 ..] ==========================================
06-20 13:36:10.618 0 0 W : [0 T496 ..]
06-20 13:36:10.618 0 0 W : [0 T496 ..] ==========================================
