06-20 13:36:16.174 688 713 V ActivityManagerTiming: OnBootPhase_1000_com.android.server.locales.LocaleManagerService took to complete: 0ms
06-20 13:36:16.174 688 713 D ActivityManagerTiming: OnBootPhase_1000_com.android.server.grammaticalinflection.GrammaticalInflectionService
06-20 13:36:16.174 688 713 V ActivityManagerTiming: OnBootPhase_1000_com.android.server.grammaticalinflection.GrammaticalInflectionService took to complete: 0ms
06-20 13:36:16.174 688 713 D ActivityManagerTiming: OnBootPhase_1000_com.android.server.apphibernation.AppHibernationService
06-20 13:36:16.175 688 713 V ActivityManagerTiming: OnBootPhase_1000_com.android.server.apphibernation.AppHibernationService took to complete: 0ms
06-20 13:36:16.175 688 713 D ActivityManagerTiming: OnBootPhase_1000_com.android.server.locksettings.LockSettingsService$Lifecycle
06-20 13:36:16.175 688 713 V ActivityManagerTiming: OnBootPhase_1000_com.android.server.locksettings.LockSettingsService$Lifecycle took to complete: 0ms
06-20 13:36:16.175 688 713 D ActivityManagerTiming: OnBootPhase_1000_com.android.server.PersistentDataBlockService
06-20 13:36:16.175 688 713 V ActivityManagerTiming: OnBootPhase_1000_com.android.server.PersistentDataBlockService took to complete: 0ms
06-20 13:36:16.175 688 713 D ActivityManagerTiming: OnBootPhase_1000_com.android.server.testharness.TestHarnessModeService
06-20 13:36:16.175 688 713 D TestHarnessModeService: Completing Test Harness Mode setup.
06-20 13:36:16.175 688 1299 I HibernationStateDiskStore: No hibernation file on disk for file /data/system/hibernation/states
06-20 13:36:16.178 688 801 D StorageManagerService: Thinking about reset, mBootCompleted=true, mDaemonConnected=true
06-20 13:36:16.179 688 801 I StorageSessionController: Started resetting external storage service...
06-20 13:36:16.179 688 801 I StorageSessionController: Finished resetting external storage service
06-20 13:36:16.179 688 801 I StorageManagerService: Resetting vold...
06-20 13:36:16.180 688 801 I StorageManagerService: Reset vold
06-20 13:36:16.190 232 232 I vold : onUserAdded: 0
06-20 13:36:16.198 688 763 D AppStandbyController: Loaded headless system app cache in 19 ms: appIdleEnabled=true
06-20 13:36:16.231 688 763 D CompatibilityChangeReporter: Compat change id reported: 218533173; UID 10059; state: ENABLED
06-20 13:36:16.232 688 763 D CompatibilityChangeReporter: Compat change id reported: 262645982; UID 10059; state: ENABLED
06-20 13:36:16.234 688 713 W SystemServiceManager: Service com.android.server.testharness.TestHarnessModeService took 59 ms in onBootPhase
06-20 13:36:16.234 688 713 V ActivityManagerTiming: OnBootPhase_1000_com.android.server.testharness.TestHarnessModeService took to complete: 59ms
06-20 13:36:16.234 688 713 D ActivityManagerTiming: OnBootPhase_1000_com.android.server.oemlock.OemLockService
06-20 13:36:16.234 688 713 V ActivityManagerTiming: OnBootPhase_1000_com.android.server.oemlock.OemLockService took to complete: 0ms
06-20 13:36:16.234 688 713 D ActivityManagerTiming: OnBootPhase_1000_com.android.server.DeviceIdleController
06-20 13:36:16.234 688 713 V ActivityManagerTiming: OnBootPhase_1000_com.android.server.DeviceIdleController took to complete: 0ms
06-20 13:36:16.234 688 713 D ActivityManagerTiming: OnBootPhase_1000_com.android.server.devicepolicy.DevicePolicyManagerService$Lifecycle
06-20 13:36:16.234 688 713 V ActivityManagerTiming: OnBootPhase_1000_com.android.server.devicepolicy.DevicePolicyManagerService$Lifecycle took to complete: 0ms
06-20 13:36:16.234 688 713 D ActivityManagerTiming: OnBootPhase_1000_com.android.server.texttospeech.TextToSpeechManagerService
06-20 13:36:16.234 688 713 V ActivityManagerTiming: OnBootPhase_1000_com.android.server.texttospeech.TextToSpeechManagerService took to complete: 0ms
06-20 13:36:16.234 688 713 D ActivityManagerTiming: OnBootPhase_1000_com.android.server.ambientcontext.AmbientContextManagerService
06-20 13:36:16.234 688 713 V ActivityManagerTiming: OnBootPhase_1000_com.android.server.ambientcontext.AmbientContextManagerService took to complete: 0ms
06-20 13:36:16.234 688 713 D ActivityManagerTiming: OnBootPhase_1000_com.android.server.wearable.WearableSensingManagerService
06-20 13:36:16.234 688 713 V ActivityManagerTiming: OnBootPhase_1000_com.android.server.wearable.WearableSensingManagerService took to complete: 0ms
06-20 13:36:16.235 688 713 D ActivityManagerTiming: OnBootPhase_1000_com.android.server.speech.SpeechRecognitionManagerService
06-20 13:36:16.235 688 713 V ActivityManagerTiming: OnBootPhase_1000_com.android.server.speech.SpeechRecognitionManagerService took to complete: 0ms
06-20 13:36:16.235 688 713 D ActivityManagerTiming: OnBootPhase_1000_com.android.server.searchui.SearchUiManagerService
06-20 13:36:16.235 688 713 V ActivityManagerTiming: OnBootPhase_1000_com.android.server.searchui.SearchUiManagerService took to complete: 0ms
06-20 13:36:16.235 688 713 D ActivityManagerTiming: OnBootPhase_1000_com.android.server.smartspace.SmartspaceManagerService
06-20 13:36:16.235 688 713 V ActivityManagerTiming: OnBootPhase_1000_com.android.server.smartspace.SmartspaceManagerService took to complete: 0ms
06-20 13:36:16.235 688 713 D ActivityManagerTiming: OnBootPhase_1000_com.android.server.graphics.fonts.FontManagerService$Lifecycle
06-20 13:36:16.235 688 713 V ActivityManagerTiming: OnBootPhase_1000_com.android.server.graphics.fonts.FontManagerService$Lifecycle took to complete: 0ms
06-20 13:36:16.235 688 713 D ActivityManagerTiming: OnBootPhase_1000_com.android.server.textservices.TextServicesManagerService$Lifecycle
06-20 13:36:16.235 688 713 V ActivityManagerTiming: OnBootPhase_1000_com.android.server.textservices.TextServicesManagerService$Lifecycle took to complete: 0ms
06-20 13:36:16.235 688 713 D ActivityManagerTiming: OnBootPhase_1000_com.android.server.textclassifier.TextClassificationManagerService$Lifecycle
06-20 13:36:16.235 688 713 V ActivityManagerTiming: OnBootPhase_1000_com.android.server.textclassifier.TextClassificationManagerService$Lifecycle took to complete: 1ms
06-20 13:36:16.235 688 713 D ActivityManagerTiming: OnBootPhase_1000_com.android.server.NetworkScoreService$Lifecycle
06-20 13:36:16.235 688 713 V ActivityManagerTiming: OnBootPhase_1000_com.android.server.NetworkScoreService$Lifecycle took to complete: 0ms
06-20 13:36:16.235 688 713 D ActivityManagerTiming: OnBootPhase_1000_com.android.server.NetworkStatsServiceInitializer
06-20 13:36:16.235 688 713 V ActivityManagerTiming: OnBootPhase_1000_com.android.server.NetworkStatsServiceInitializer took to complete: 0ms
06-20 13:36:16.235 688 713 D ActivityManagerTiming: OnBootPhase_1000_com.android.server.wifi.WifiService
06-20 13:36:16.236 688 713 V ActivityManagerTiming: OnBootPhase_1000_com.android.server.wifi.WifiService took to complete: 1ms
06-20 13:36:16.236 688 713 D ActivityManagerTiming: OnBootPhase_1000_com.android.server.wifi.scanner.WifiScanningService
06-20 13:36:16.237 688 713 V ActivityManagerTiming: OnBootPhase_1000_com.android.server.wifi.scanner.WifiScanningService took to complete: 0ms
06-20 13:36:16.237 688 713 D ActivityManagerTiming: OnBootPhase_1000_com.android.server.wifi.p2p.WifiP2pService
06-20 13:36:16.237 688 713 V ActivityManagerTiming: OnBootPhase_1000_com.android.server.wifi.p2p.WifiP2pService took to complete: 0ms
06-20 13:36:16.237 688 713 D ActivityManagerTiming: OnBootPhase_1000_com.android.server.ConnectivityServiceInitializer
06-20 13:36:16.238 688 713 D CompatibilityChangeReporter: Compat change id reported: 161145287; UID 1000; state: DISABLED
06-20 13:36:16.238 688 713 D CompatibilityChangeReporter: Compat change id reported: 161145287; UID 1000; state: ENABLED
06-20 13:36:16.240 688 713 V ActivityManagerTiming: OnBootPhase_1000_com.android.server.ConnectivityServiceInitializer took to complete: 3ms
06-20 13:36:16.240 688 713 D ActivityManagerTiming: OnBootPhase_1000_com.android.server.notification.NotificationManagerService
06-20 13:36:16.240 688 713 V ActivityManagerTiming: OnBootPhase_1000_com.android.server.notification.NotificationManagerService took to complete: 0ms
06-20 13:36:16.240 688 713 D ActivityManagerTiming: OnBootPhase_1000_com.android.server.storage.DeviceStorageMonitorService
06-20 13:36:16.240 688 713 V ActivityManagerTiming: OnBootPhase_1000_com.android.server.storage.DeviceStorageMonitorService took to complete: 0ms
06-20 13:36:16.240 688 713 D ActivityManagerTiming: OnBootPhase_1000_com.android.server.timedetector.TimeDetectorService$Lifecycle
06-20 13:36:16.240 688 713 V ActivityManagerTiming: OnBootPhase_1000_com.android.server.timedetector.TimeDetectorService$Lifecycle took to complete: 0ms
06-20 13:36:16.240 688 713 D ActivityManagerTiming: OnBootPhase_1000_com.android.server.location.LocationManagerService$Lifecycle
06-20 13:36:16.240 688 713 V ActivityManagerTiming: OnBootPhase_1000_com.android.server.location.LocationManagerService$Lifecycle took to complete: 0ms
06-20 13:36:16.240 688 713 D ActivityManagerTiming: OnBootPhase_1000_com.android.server.timezonedetector.TimeZoneDetectorService$Lifecycle
06-20 13:36:16.240 688 713 V ActivityManagerTiming: OnBootPhase_1000_com.android.server.timezonedetector.TimeZoneDetectorService$Lifecycle took to complete: 0ms
06-20 13:36:16.240 688 713 D ActivityManagerTiming: OnBootPhase_1000_com.android.server.location.altitude.AltitudeService$Lifecycle
06-20 13:36:16.240 688 713 V ActivityManagerTiming: OnBootPhase_1000_com.android.server.location.altitude.AltitudeService$Lifecycle took to complete: 0ms
06-20 13:36:16.240 688 713 D ActivityManagerTiming: OnBootPhase_1000_com.android.server.timezonedetector.location.LocationTimeZoneManagerService$Lifecycle
06-20 13:36:16.240 688 713 V ActivityManagerTiming: OnBootPhase_1000_com.android.server.timezonedetector.location.LocationTimeZoneManagerService$Lifecycle took to complete: 1ms
06-20 13:36:16.241 688 713 D ActivityManagerTiming: OnBootPhase_1000_com.android.server.search.SearchManagerService$Lifecycle
06-20 13:36:16.241 688 713 V ActivityManagerTiming: OnBootPhase_1000_com.android.server.search.SearchManagerService$Lifecycle took to complete: 0ms
06-20 13:36:16.241 688 713 D ActivityManagerTiming: OnBootPhase_1000_com.android.server.wallpaper.WallpaperManagerService$Lifecycle
06-20 13:36:16.241 688 713 V ActivityManagerTiming: OnBootPhase_1000_com.android.server.wallpaper.WallpaperManagerService$Lifecycle took to complete: 1ms
06-20 13:36:16.241 688 713 D ActivityManagerTiming: OnBootPhase_1000_com.android.server.wallpapereffectsgeneration.WallpaperEffectsGenerationManagerService
06-20 13:36:16.241 688 713 V ActivityManagerTiming: OnBootPhase_1000_com.android.server.wallpapereffectsgeneration.WallpaperEffectsGenerationManagerService took to complete: 0ms
06-20 13:36:16.241 688 713 D ActivityManagerTiming: OnBootPhase_1000_com.android.server.audio.AudioService$Lifecycle
06-20 13:36:16.241 688 713 V ActivityManagerTiming: OnBootPhase_1000_com.android.server.audio.AudioService$Lifecycle took to complete: 0ms
06-20 13:36:16.241 688 713 D ActivityManagerTiming: OnBootPhase_1000_com.android.server.soundtrigger_middleware.SoundTriggerMiddlewareService$Lifecycle
06-20 13:36:16.241 688 713 V ActivityManagerTiming: OnBootPhase_1000_com.android.server.soundtrigger_middleware.SoundTriggerMiddlewareService$Lifecycle took to complete: 0ms
06-20 13:36:16.241 688 713 D ActivityManagerTiming: OnBootPhase_1000_com.android.server.adb.AdbService$Lifecycle
06-20 13:36:16.242 688 713 V ActivityManagerTiming: OnBootPhase_1000_com.android.server.adb.AdbService$Lifecycle took to complete: 0ms
06-20 13:36:16.242 688 713 D ActivityManagerTiming: OnBootPhase_1000_com.android.server.usb.UsbService$Lifecycle
06-20 13:36:16.242 688 713 V ActivityManagerTiming: OnBootPhase_1000_com.android.server.usb.UsbService$Lifecycle took to complete: 0ms
06-20 13:36:16.242 688 713 D ActivityManagerTiming: OnBootPhase_1000_com.android.server.twilight.TwilightService
06-20 13:36:16.243 688 710 I UsbDeviceManager: Setting USB config to
06-20 13:36:16.244 688 710 D UsbDeviceManager: setUsbConfig(1) request:1
06-20 13:36:16.244 688 713 V ActivityManagerTiming: OnBootPhase_1000_com.android.server.twilight.TwilightService took to complete: 2ms
06-20 13:36:16.244 688 713 D ActivityManagerTiming: OnBootPhase_1000_com.android.server.display.color.ColorDisplayService
06-20 13:36:16.244 688 713 V ActivityManagerTiming: OnBootPhase_1000_com.android.server.display.color.ColorDisplayService took to complete: 0ms
06-20 13:36:16.244 688 713 D ActivityManagerTiming: OnBootPhase_1000_com.android.server.job.JobSchedulerService
06-20 13:36:16.244 688 713 V ActivityManagerTiming: OnBootPhase_1000_com.android.server.job.JobSchedulerService took to complete: 0ms
06-20 13:36:16.244 688 713 D ActivityManagerTiming: OnBootPhase_1000_com.android.server.soundtrigger.SoundTriggerService
06-20 13:36:16.244 688 713 D SoundTriggerService: onBootPhase: 1000 : false
06-20 13:36:16.245 688 713 V ActivityManagerTiming: OnBootPhase_1000_com.android.server.soundtrigger.SoundTriggerService took to complete: 1ms
06-20 13:36:16.245 688 713 D ActivityManagerTiming: OnBootPhase_1000_com.android.server.trust.TrustManagerService
06-20 13:36:16.246 688 713 V ActivityManagerTiming: OnBootPhase_1000_com.android.server.trust.TrustManagerService took to complete: 0ms
06-20 13:36:16.246 688 713 D ActivityManagerTiming: OnBootPhase_1000_com.android.server.backup.BackupManagerService$Lifecycle
06-20 13:36:16.246 688 713 V ActivityManagerTiming: OnBootPhase_1000_com.android.server.backup.BackupManagerService$Lifecycle took to complete: 0ms
06-20 13:36:16.246 688 713 D ActivityManagerTiming: OnBootPhase_1000_com.android.server.appwidget.AppWidgetService
06-20 13:36:16.246 688 713 V ActivityManagerTiming: OnBootPhase_1000_com.android.server.appwidget.AppWidgetService took to complete: 0ms
06-20 13:36:16.246 688 713 D ActivityManagerTiming: OnBootPhase_1000_com.android.server.voiceinteraction.VoiceInteractionManagerService
06-20 13:36:16.246 688 713 V ActivityManagerTiming: OnBootPhase_1000_com.android.server.voiceinteraction.VoiceInteractionManagerService took to complete: 0ms
06-20 13:36:16.246 688 713 D ActivityManagerTiming: OnBootPhase_1000_com.android.server.GestureLauncherService
06-20 13:36:16.246 688 713 V ActivityManagerTiming: OnBootPhase_1000_com.android.server.GestureLauncherService took to complete: 0ms
06-20 13:36:16.246 688 713 D ActivityManagerTiming: OnBootPhase_1000_com.android.server.SensorNotificationService
06-20 13:36:16.250 688 713 D CompatibilityChangeReporter: Compat change id reported: 168936375; UID 1000; state: DISABLED
06-20 13:36:16.252 688 713 D CompatibilityChangeReporter: Compat change id reported: 168936375; UID 1000; state: ENABLED
06-20 13:36:16.262 688 713 D CompatibilityChangeReporter: Compat change id reported: 73144566; UID 1000; state: DISABLED
06-20 13:36:16.262 688 713 D CompatibilityChangeReporter: Compat change id reported: 73144566; UID 1000; state: ENABLED
06-20 13:36:16.264 688 713 V ActivityManagerTiming: OnBootPhase_1000_com.android.server.SensorNotificationService took to complete: 17ms
06-20 13:36:16.264 688 713 D ActivityManagerTiming: OnBootPhase_1000_com.android.server.emergency.EmergencyAffordanceService
06-20 13:36:16.264 688 713 V ActivityManagerTiming: OnBootPhase_1000_com.android.server.emergency.EmergencyAffordanceService took to complete: 0ms
06-20 13:36:16.264 688 713 D ActivityManagerTiming: OnBootPhase_1000_com.android.server.blob.BlobStoreManagerService
06-20 13:36:16.270 688 713 V ActivityManagerTiming: OnBootPhase_1000_com.android.server.blob.BlobStoreManagerService took to complete: 5ms
06-20 13:36:16.270 688 713 D ActivityManagerTiming: OnBootPhase_1000_com.android.server.dreams.DreamManagerService
06-20 13:36:16.270 688 713 V ActivityManagerTiming: OnBootPhase_1000_com.android.server.dreams.DreamManagerService took to complete: 0ms
06-20 13:36:16.270 688 713 D ActivityManagerTiming: OnBootPhase_1000_com.android.server.security.AttestationVerificationManagerService
06-20 13:36:16.270 688 713 V ActivityManagerTiming: OnBootPhase_1000_com.android.server.security.AttestationVerificationManagerService took to complete: 0ms
06-20 13:36:16.270 688 713 D ActivityManagerTiming: OnBootPhase_1000_com.android.server.restrictions.RestrictionsManagerService
06-20 13:36:16.270 688 713 V ActivityManagerTiming: OnBootPhase_1000_com.android.server.restrictions.RestrictionsManagerService took to complete: 0ms
06-20 13:36:16.270 688 713 D ActivityManagerTiming: OnBootPhase_1000_com.android.server.media.MediaSessionService
06-20 13:36:16.274 688 713 V ActivityManagerTiming: OnBootPhase_1000_com.android.server.media.MediaSessionService took to complete: 3ms
06-20 13:36:16.274 688 713 D ActivityManagerTiming: OnBootPhase_1000_com.android.server.hdmi.HdmiControlService
06-20 13:36:16.275 688 713 V ActivityManagerTiming: OnBootPhase_1000_com.android.server.hdmi.HdmiControlService took to complete: 1ms
06-20 13:36:16.275 688 713 D ActivityManagerTiming: OnBootPhase_1000_com.android.server.tv.interactive.TvInteractiveAppManagerService
06-20 13:36:16.275 688 713 V ActivityManagerTiming: OnBootPhase_1000_com.android.server.tv.interactive.TvInteractiveAppManagerService took to complete: 0ms
06-20 13:36:16.275 688 713 D ActivityManagerTiming: OnBootPhase_1000_com.android.server.tv.TvInputManagerService
06-20 13:36:16.275 688 713 V ActivityManagerTiming: OnBootPhase_1000_com.android.server.tv.TvInputManagerService took to complete: 0ms
06-20 13:36:16.275 688 713 D ActivityManagerTiming: OnBootPhase_1000_com.android.server.media.MediaResourceMonitorService
06-20 13:36:16.275 688 713 V ActivityManagerTiming: OnBootPhase_1000_com.android.server.media.MediaResourceMonitorService took to complete: 0ms
06-20 13:36:16.275 688 713 D ActivityManagerTiming: OnBootPhase_1000_com.android.server.tv.TvRemoteService
06-20 13:36:16.275 688 713 V ActivityManagerTiming: OnBootPhase_1000_com.android.server.tv.TvRemoteService took to complete: 0ms
06-20 13:36:16.275 688 713 D ActivityManagerTiming: OnBootPhase_1000_com.android.server.biometrics.BiometricService
06-20 13:36:16.275 688 713 V ActivityManagerTiming: OnBootPhase_1000_com.android.server.biometrics.BiometricService took to complete: 0ms
06-20 13:36:16.275 688 713 D ActivityManagerTiming: OnBootPhase_1000_com.android.server.biometrics.AuthService
06-20 13:36:16.275 688 713 V ActivityManagerTiming: OnBootPhase_1000_com.android.server.biometrics.AuthService took to complete: 0ms
06-20 13:36:16.275 688 713 D ActivityManagerTiming: OnBootPhase_1000_com.android.server.pm.ShortcutService$Lifecycle
06-20 13:36:16.275 688 713 V ActivityManagerTiming: OnBootPhase_1000_com.android.server.pm.ShortcutService$Lifecycle took to complete: 0ms
06-20 13:36:16.275 688 713 D ActivityManagerTiming: OnBootPhase_1000_com.android.server.pm.LauncherAppsService
06-20 13:36:16.275 688 713 V ActivityManagerTiming: OnBootPhase_1000_com.android.server.pm.LauncherAppsService took to complete: 0ms
06-20 13:36:16.275 688 713 D ActivityManagerTiming: OnBootPhase_1000_com.android.server.pm.CrossProfileAppsService
06-20 13:36:16.275 688 713 V ActivityManagerTiming: OnBootPhase_1000_com.android.server.pm.CrossProfileAppsService took to complete: 0ms
06-20 13:36:16.275 688 713 D ActivityManagerTiming: OnBootPhase_1000_com.android.server.people.PeopleService
06-20 13:36:16.275 688 713 V ActivityManagerTiming: OnBootPhase_1000_com.android.server.people.PeopleService took to complete: 0ms
06-20 13:36:16.275 688 713 D ActivityManagerTiming: OnBootPhase_1000_com.android.server.media.metrics.MediaMetricsManagerService
06-20 13:36:16.275 688 713 V ActivityManagerTiming: OnBootPhase_1000_com.android.server.media.metrics.MediaMetricsManagerService took to complete: 0ms
06-20 13:36:16.275 688 713 D ActivityManagerTiming: OnBootPhase_1000_com.android.server.pm.BackgroundInstallControlService
06-20 13:36:16.275 688 713 V ActivityManagerTiming: OnBootPhase_1000_com.android.server.pm.BackgroundInstallControlService took to complete: 0ms
06-20 13:36:16.275 688 713 D ActivityManagerTiming: OnBootPhase_1000_com.android.server.media.projection.MediaProjectionManagerService
06-20 13:36:16.275 688 713 V ActivityManagerTiming: OnBootPhase_1000_com.android.server.media.projection.MediaProjectionManagerService took to complete: 0ms
06-20 13:36:16.275 688 713 D ActivityManagerTiming: OnBootPhase_1000_com.android.server.slice.SliceManagerService$Lifecycle
06-20 13:36:16.275 688 713 V ActivityManagerTiming: OnBootPhase_1000_com.android.server.slice.SliceManagerService$Lifecycle took to complete: 0ms
06-20 13:36:16.275 688 713 D ActivityManagerTiming: OnBootPhase_1000_com.android.server.stats.StatsCompanion$Lifecycle
06-20 13:36:16.275 688 713 V ActivityManagerTiming: OnBootPhase_1000_com.android.server.stats.StatsCompanion$Lifecycle took to complete: 0ms
06-20 13:36:16.275 688 713 D ActivityManagerTiming: OnBootPhase_1000_com.android.server.scheduling.RebootReadinessManagerService$Lifecycle
06-20 13:36:16.275 688 713 V ActivityManagerTiming: OnBootPhase_1000_com.android.server.scheduling.RebootReadinessManagerService$Lifecycle took to complete: 0ms
06-20 13:36:16.275 688 713 D ActivityManagerTiming: OnBootPhase_1000_com.android.server.stats.pull.StatsPullAtomService
06-20 13:36:16.275 688 713 V ActivityManagerTiming: OnBootPhase_1000_com.android.server.stats.pull.StatsPullAtomService took to complete: 0ms
06-20 13:36:16.275 688 713 D ActivityManagerTiming: OnBootPhase_1000_com.android.server.stats.bootstrap.StatsBootstrapAtomService$Lifecycle
06-20 13:36:16.275 688 713 V ActivityManagerTiming: OnBootPhase_1000_com.android.server.stats.bootstrap.StatsBootstrapAtomService$Lifecycle took to complete: 0ms
06-20 13:36:16.275 688 713 D ActivityManagerTiming: OnBootPhase_1000_com.android.server.incident.IncidentCompanionService
06-20 13:36:16.276 688 713 V ActivityManagerTiming: OnBootPhase_1000_com.android.server.incident.IncidentCompanionService took to complete: 0ms
06-20 13:36:16.276 688 713 D ActivityManagerTiming: OnBootPhase_1000_com.android.server.sdksandbox.SdkSandboxManagerService$Lifecycle
06-20 13:36:16.276 688 713 V ActivityManagerTiming: OnBootPhase_1000_com.android.server.sdksandbox.SdkSandboxManagerService$Lifecycle took to complete: 0ms
06-20 13:36:16.276 688 713 D ActivityManagerTiming: OnBootPhase_1000_com.android.server.adservices.AdServicesManagerService$Lifecycle
06-20 13:36:16.276 688 713 V ActivityManagerTiming: OnBootPhase_1000_com.android.server.adservices.AdServicesManagerService$Lifecycle took to complete: 0ms
06-20 13:36:16.276 688 713 D ActivityManagerTiming: OnBootPhase_1000_com.android.server.ondevicepersonalization.OnDevicePersonalizationSystemService$Lifecycle
06-20 13:36:16.276 688 713 V ActivityManagerTiming: OnBootPhase_1000_com.android.server.ondevicepersonalization.OnDevicePersonalizationSystemService$Lifecycle took to complete: 0ms
06-20 13:36:16.276 688 713 D ActivityManagerTiming: OnBootPhase_1000_com.android.server.autofill.AutofillManagerService
06-20 13:36:16.276 688 713 V ActivityManagerTiming: OnBootPhase_1000_com.android.server.autofill.AutofillManagerService took to complete: 0ms
06-20 13:36:16.276 688 713 D ActivityManagerTiming: OnBootPhase_1000_com.android.server.clipboard.ClipboardService
06-20 13:36:16.276 688 713 V ActivityManagerTiming: OnBootPhase_1000_com.android.server.clipboard.ClipboardService took to complete: 0ms
06-20 13:36:16.276 688 713 D ActivityManagerTiming: OnBootPhase_1000_com.android.server.appbinding.AppBindingService$Lifecycle
06-20 13:36:16.276 688 713 V ActivityManagerTiming: OnBootPhase_1000_com.android.server.appbinding.AppBindingService$Lifecycle took to complete: 0ms
06-20 13:36:16.276 688 713 D ActivityManagerTiming: OnBootPhase_1000_com.android.server.tracing.TracingServiceProxy
06-20 13:36:16.276 688 713 V ActivityManagerTiming: OnBootPhase_1000_com.android.server.tracing.TracingServiceProxy took to complete: 0ms
06-20 13:36:16.276 688 713 D ActivityManagerTiming: OnBootPhase_1000_com.android.server.policy.PermissionPolicyService
06-20 13:36:16.276 688 713 V ActivityManagerTiming: OnBootPhase_1000_com.android.server.policy.PermissionPolicyService took to complete: 0ms
06-20 13:36:16.276 688 713 D ActivityManagerTiming: OnBootPhase_1000_com.android.server.pm.StagingManager$Lifecycle
06-20 13:36:16.276 688 688 I HdmiControlService: bootCompleted
06-20 13:36:16.279 688 713 V ActivityManagerTiming: OnBootPhase_1000_com.android.server.pm.StagingManager$Lifecycle took to complete: 3ms
06-20 13:36:16.279 688 713 D ActivityManagerTiming: OnBootPhase_1000_com.android.server.app.GameManagerService$Lifecycle
06-20 13:36:16.279 688 713 D GameManagerService: onBootCompleted
06-20 13:36:16.290 0 0 I [3 T414 ..] apexd: markBootCompleted() received by ApexService
06-20 13:36:16.281 688 713 V GameManagerService: Game loading power mode OFF (game manager service start/restart)
06-20 13:36:16.284 688 713 V GameManagerService: Game power mode OFF (game manager service start/restart)
06-20 13:36:16.286 688 713 V ActivityManagerTiming: OnBootPhase_1000_com.android.server.app.GameManagerService$Lifecycle took to complete: 7ms
06-20 13:36:16.286 688 713 D ActivityManagerTiming: OnBootPhase_1000_com.android.safetycenter.SafetyCenterService
06-20 13:36:16.286 688 713 V ActivityManagerTiming: OnBootPhase_1000_com.android.safetycenter.SafetyCenterService took to complete: 1ms
06-20 13:36:16.286 688 713 D ActivityManagerTiming: OnBootPhase_1000_com.android.server.appsearch.AppSearchModule$Lifecycle
06-20 13:36:16.286 688 713 V ActivityManagerTiming: OnBootPhase_1000_com.android.server.appsearch.AppSearchModule$Lifecycle took to complete: 0ms
06-20 13:36:16.286 688 713 D ActivityManagerTiming: OnBootPhase_1000_com.android.server.media.MediaCommunicationService
06-20 13:36:16.286 688 713 V ActivityManagerTiming: OnBootPhase_1000_com.android.server.media.MediaCommunicationService took to complete: 0ms
06-20 13:36:16.287 688 713 D ActivityManagerTiming: OnBootPhase_1000_com.android.server.compat.overrides.AppCompatOverridesService$Lifecycle
06-20 13:36:16.287 688 713 V ActivityManagerTiming: OnBootPhase_1000_com.android.server.compat.overrides.AppCompatOverridesService$Lifecycle took to complete: 0ms
06-20 13:36:16.287 688 713 D ActivityManagerTiming: OnBootPhase_1000_com.android.server.healthconnect.HealthConnectManagerService
06-20 13:36:16.287 688 713 V ActivityManagerTiming: OnBootPhase_1000_com.android.server.healthconnect.HealthConnectManagerService took to complete: 0ms
06-20 13:36:16.287 688 713 D ActivityManagerTiming: OnBootPhase_1000_com.android.server.devicelock.DeviceLockService
06-20 13:36:16.287 688 713 D DeviceLockService: onBootPhase: 1000
06-20 13:36:16.287 688 713 V ActivityManagerTiming: OnBootPhase_1000_com.android.server.devicelock.DeviceLockService took to complete: 0ms
06-20 13:36:16.287 688 713 V ActivityManagerTiming: OnBootPhase_1000 took to complete: 149ms
06-20 13:36:16.287 688 713 V ActivityManagerTiming: TotalBootTime took to complete: 11198ms
06-20 13:36:16.287 688 713 D SystemServerInitThreadPool: Shutdown requested
06-20 13:36:16.287 688 713 D SystemServerTiming: WaitInitThreadPoolShutdown
06-20 13:36:16.289 688 713 D SystemServerInitThreadPool: Shutdown successful
06-20 13:36:16.289 688 713 V SystemServerTiming: WaitInitThreadPoolShutdown took to complete: 2ms
06-20 13:36:16.291 688 713 I ActivityManager: User 0 state changed from BOOTING to RUNNING_LOCKED
06-20 13:36:16.299 688 713 I LockSettingsService: Unwrapping synthetic password for unsecured user 0
06-20 13:36:16.329 232 232 D vold : fscrypt_unlock_user_key 0 serial=0
06-20 13:36:16.329 232 232 D vold : Trying user CE key /data/misc/vold/user_keys/ce/0/current
06-20 13:36:16.332 232 232 D vold : Successfully retrieved key
06-20 13:36:16.332 232 232 D vold : Installed fscrypt key with ref e0a3165db753d2a526b797e7f6326e95 to /data
06-20 13:36:16.332 232 232 D vold : Added fscrypt-provisioning key for e0a3165db753d2a526b797e7f6326e95 to session keyring
06-20 13:36:16.332 232 232 D vold : Installed ce key for user 0
06-20 13:36:16.333 688 713 I LockSettingsService: Unlocked CE storage for unsecured user 0
06-20 13:36:16.334 688 713 D SystemServerTiming: finishUserUnlocking-0
06-20 13:36:16.334 688 713 D ActivityManager: Started unlocking user 0
06-20 13:36:16.334 688 713 D ActivityManager: Unlocking user 0 progress 0
06-20 13:36:16.334 688 713 D ActivityManager: Unlocking user 0 progress 5
06-20 13:36:16.335 688 713 V SystemServerTiming: finishUserUnlocking-0 took to complete: 1ms
06-20 13:36:16.336 688 710 D SystemServerTiming: UM.onBeforeUnlockUser-0
06-20 13:36:16.336 688 710 D SystemServerTiming: prepareUserData-0
06-20 13:36:16.337 232 232 D vold : fscrypt_prepare_user_storage for volume null, user 0, serial 0, flags 2
06-20 13:36:16.337 232 232 D vold : Preparing: /data/system_ce/0
06-20 13:36:16.338 232 232 I vold : Verified that /data/system_ce/0 has the encryption policy e0a3165db753d2a526b797e7f6326e95 v2 modes 1/4 flags 0xa
06-20 13:36:16.338 232 232 D vold : Preparing: /data/vendor_ce/0
06-20 13:36:16.339 232 232 I vold : Verified that /data/vendor_ce/0 has the encryption policy e0a3165db753d2a526b797e7f6326e95 v2 modes 1/4 flags 0xa
06-20 13:36:16.339 232 232 D vold : Preparing: /data/media/0
06-20 13:36:16.342 232 232 I vold : Verified that /data/media/0 has the encryption policy e0a3165db753d2a526b797e7f6326e95 v2 modes 1/4 flags 0xa
06-20 13:36:16.342 232 232 D vold : Preparing: /data/misc_ce/0
06-20 13:36:16.343 232 232 I vold : Verified that /data/misc_ce/0 has the encryption policy e0a3165db753d2a526b797e7f6326e95 v2 modes 1/4 flags 0xa
06-20 13:36:16.343 232 232 D vold : Preparing: /data/user/0
06-20 13:36:16.343 232 232 I vold : Verified that /data/user/0 has the encryption policy e0a3165db753d2a526b797e7f6326e95 v2 modes 1/4 flags 0xa
06-20 13:36:16.343 232 232 D vold : Starting restorecon of /data/system_ce/0
06-20 13:36:16.349 232 232 D vold : Finished restorecon of /data/system_ce/0
06-20 13:36:16.349 232 232 D vold : Starting restorecon of /data/vendor_ce/0
06-20 13:36:16.360 0 0 I [3 T1310 ..] selinux: SELinux: Skipping restorecon on directory(/data/system_ce/0)
06-20 13:36:16.365 0 0 I [0 T1310 ..] selinux: SELinux: Skipping restorecon on directory(/data/vendor_ce/0)
06-20 13:36:16.374 0 0 I [3 T1312 ..] selinux: SELinux: Skipping restorecon on directory(/data/misc_ce/0)
06-20 13:36:16.353 688 713 V ActivityManagerTiming: FinishBooting took to complete: 219ms
06-20 13:36:16.354 688 713 V WindowManager: app ------------- force_land :0
06-20 13:36:16.355 232 232 D vold : Finished restorecon of /data/vendor_ce/0
06-20 13:36:16.355 232 232 D vold : Starting restorecon of /data/misc_ce/0
06-20 13:36:16.355 688 713 V WindowManager: app ------------- force_land :0
06-20 13:36:16.363 232 232 D vold : Finished restorecon of /data/misc_ce/0
06-20 13:36:16.363 232 232 D vold : /system/bin/vold_prepare_subdirs
06-20 13:36:16.363 232 232 D vold : prepare
06-20 13:36:16.363 232 232 D vold :
06-20 13:36:16.363 232 232 D vold : 0
06-20 13:36:16.363 232 232 D vold : 2
06-20 13:36:16.364 688 719 I ActivityManager: com.android.devicelockcontroller is exempt from freezer
06-20 13:36:16.364 688 719 D CompatibilityChangeReporter: Compat change id reported: 135634846; UID 10064; state: DISABLED
06-20 13:36:16.365 688 719 D CompatibilityChangeReporter: Compat change id reported: 177438394; UID 10064; state: DISABLED
06-20 13:36:16.365 688 719 D CompatibilityChangeReporter: Compat change id reported: 135772972; UID 10064; state: DISABLED
06-20 13:36:16.365 688 719 D CompatibilityChangeReporter: Compat change id reported: 135754954; UID 10064; state: ENABLED
06-20 13:36:16.366 688 720 D CompatibilityChangeReporter: Compat change id reported: 143937733; UID 10064; state: ENABLED
06-20 13:36:16.367 688 713 D ColorDisplayService: setUp: currentUser=0
06-20 13:36:16.410 0 0 E : [2 T141 ..] can't find node dmabuf_manage's config:secure_vdec_def_size_bytes
06-20 13:36:16.411 0 0 E : [2 T141 ..] set config failed dmabuf_manage.secure_vdec_def_size_bytes=16777216
06-20 13:36:16.428 0 0 W : [2 T587 ..] [aml_cfg80211_scan 1812] n_channels:26,iftype:2
06-20 13:36:16.428 0 0 W : [2 T587 ..] [aml_send_scanu_req 2532] vif:0
06-20 13:36:16.428 0 0 W : [2 T587 ..] [aml_send_scanu_req 2563] len:4 ssid:DZNB
06-20 13:36:16.429 0 0 W : [2 T587 ..] >>> aml_send_msg()
06-20 13:36:16.431 0 0 W : [1 T895 ..] ipc_sdio_host_msgack_handler 000000009a43b28c
06-20 13:36:16.431 0 0 W : [1 T895 ..] [aml_msgackind 2039] msg ack hostid=0xffffff8059dd3a80
06-20 13:36:16.432 0 0 W : [1 T895 ..] [cmd_mgr_llind 329] cmd tkn[21] flags:0008 result: -4 cmd:4096-SCANU_START_REQ - reqcfm( 0-none)
06-20 13:36:16.414 688 720 W ActivityManager: Slow operation: 51ms so far, now at startProcess: returned from zygote!
06-20 13:36:16.415 688 720 W ActivityManager: Slow operation: 51ms so far, now at startProcess: done updating battery stats
06-20 13:36:16.415 688 720 W ActivityManager: Slow operation: 51ms so far, now at startProcess: building log message
06-20 13:36:16.415 688 720 I ActivityManager: Start proc 1315:com.android.devicelockcontroller/u0a64 for broadcast {com.android.devicelockcontroller/com.android.devicelockcontroller.receivers.LockedBootCompletedReceiver}
06-20 13:36:16.415 688 720 W ActivityManager: Slow operation: 52ms so far, now at startProcess: starting to update pids map
06-20 13:36:16.415 688 720 W ActivityManager: Slow operation: 52ms so far, now at startProcess: done updating pids map
06-20 13:36:16.434 0 0 W : [1 T895 ..] [cmd_complete 65] cmd tkn[21] flags:0000 result: -4 cmd:4096-SCANU_START_REQ - reqcfm( 0-none)
06-20 13:36:16.471 688 1302 W AdbDebuggingManager: Read failed with count -1
06-20 13:36:16.471 688 1302 E AdbDebuggingManager: Caught an exception opening the socket: java.io.IOException: Connection refused
06-20 13:36:16.495 688 963 D CompatibilityChangeReporter: Compat change id reported: 168419799; UID 10064; state: DISABLED
06-20 13:36:16.496 688 963 D CompatibilityChangeReporter: Compat change id reported: 273564678; UID 10064; state: DISABLED
06-20 13:36:16.501 688 963 W ActivityManager: Slow operation: 54ms so far, now at attachApplicationLocked: after updateOomAdjLocked
06-20 13:36:16.506 688 763 D CompatibilityChangeReporter: Compat change id reported: 265195908; UID 10064; state: ENABLED
06-20 13:36:16.515 688 963 D CompatibilityChangeReporter: Compat change id reported: 170503758; UID 10064; state: ENABLED
06-20 13:36:16.564 688 688 W NotificationHistory: Attempted to add notif for locked/gone/disabled user 0
06-20 13:36:16.593 688 710 V UserDataPreparer: Found /data/user/0 with serial number 0
06-20 13:36:16.594 688 710 V UserDataPreparer: Found /data/system_ce/0 with serial number 0
06-20 13:36:16.594 688 710 D UserDataPreparer: Setting property: sys.user.0.ce_available=true
06-20 13:36:16.595 688 710 V SystemServerTiming: prepareUserData-0 took to complete: 259ms
06-20 13:36:16.595 688 710 D SystemServerTiming: reconcileAppsData-0
06-20 13:36:16.596 688 710 V PackageManager: reconcileAppsData for null u0 0x2 migrateAppData=false
06-20 13:36:16.598 688 710 W PackageManager: Skipping preparing app data for com.android.configinfrastructure
06-20 13:36:16.599 688 710 W PackageManager: Skipping preparing app data for com.android.appsearch
06-20 13:36:16.599 688 710 W PackageManager: Skipping preparing app data for com.android.adservices
06-20 13:36:16.599 688 710 W PackageManager: Skipping preparing app data for com.android.scheduling
06-20 13:36:16.599 688 710 W PackageManager: Skipping preparing app data for com.google.android.widevine.nonupdatable
06-20 13:36:16.599 688 710 W PackageManager: Skipping preparing app data for com.android.permission
06-20 13:36:16.599 688 710 W PackageManager: Skipping preparing app data for com.android.art
06-20 13:36:16.599 688 710 W PackageManager: Skipping preparing app data for com.android.uwb
06-20 13:36:16.599 688 710 W PackageManager: Skipping preparing app data for com.android.tethering
06-20 13:36:16.599 688 710 W PackageManager: Skipping preparing app data for com.android.btservices
06-20 13:36:16.599 688 710 W PackageManager: Skipping preparing app data for com.android.media.swcodec
06-20 13:36:16.599 688 710 W PackageManager: Skipping preparing app data for com.android.conscrypt
06-20 13:36:16.599 688 710 W PackageManager: Skipping preparing app data for com.android.adbd
06-20 13:36:16.599 688 710 W PackageManager: Skipping preparing app data for com.android.i18n
06-20 13:36:16.599 688 710 W PackageManager: Skipping preparing app data for com.android.rkpd
06-20 13:36:16.599 688 710 W PackageManager: Skipping preparing app data for com.android.virt
06-20 13:36:16.600 688 710 W PackageManager: Skipping preparing app data for com.android.wifi
06-20 13:36:16.600 688 710 W PackageManager: Skipping preparing app data for com.android.runtime
06-20 13:36:16.600 688 710 W PackageManager: Skipping preparing app data for com.android.devicelock
06-20 13:36:16.600 688 710 W PackageManager: Skipping preparing app data for com.android.apex.cts.shim
06-20 13:36:16.600 688 710 W PackageManager: Skipping preparing app data for com.android.neuralnetworks
06-20 13:36:16.600 688 710 W PackageManager: Skipping preparing app data for com.android.healthfitness
06-20 13:36:16.600 688 710 W PackageManager: Skipping preparing app data for com.android.resolv
06-20 13:36:16.600 688 710 W PackageManager: Skipping preparing app data for com.android.sdkext
06-20 13:36:16.600 688 710 W PackageManager: Skipping preparing app data for com.android.tzdata
06-20 13:36:16.600 688 710 W PackageManager: Skipping preparing app data for com.android.vndk.v34
06-20 13:36:16.600 688 710 W PackageManager: Skipping preparing app data for com.android.os.statsd
06-20 13:36:16.600 688 710 W PackageManager: Skipping preparing app data for com.android.extservices
06-20 13:36:16.600 688 710 W PackageManager: Skipping preparing app data for com.amlogic.mediaextractor
06-20 13:36:16.601 688 710 W PackageManager: Skipping preparing app data for com.android.ipsec
06-20 13:36:16.601 688 710 W PackageManager: Skipping preparing app data for com.android.media
06-20 13:36:16.601 688 710 W PackageManager: Skipping preparing app data for com.android.sdksandbox
06-20 13:36:16.601 688 710 W PackageManager: Skipping preparing app data for com.android.mediaprovider
06-20 13:36:16.601 688 710 W PackageManager: Skipping preparing app data for com.android.ondevicepersonalization
06-20 13:36:16.646 1315 1315 I DeviceLockControllerApplication: onCreate
06-20 13:36:16.651 1315 1315 I DeviceStateControllerImpl: Starting state is 0
06-20 13:36:16.654 1315 1315 I UserRestrictionsPolicyHandler: Build type DEBUG = true
06-20 13:36:16.661 1315 1315 D DevicePolicyControllerImpl: onStateChanged (0)
06-20 13:36:16.661 1315 1315 V UserRestrictionsPolicyHandler: Setting restrictions for 0
06-20 13:36:16.673 688 753 D CompatibilityChangeReporter: Compat change id reported: 261072174; UID 10064; state: ENABLED
06-20 13:36:16.691 1315 1347 I DlcClient: Binding com.android.devicelockcontroller/.storage.SetupParametersService
06-20 13:36:16.691 1315 1315 D SetupParametersService: onCreate
06-20 13:36:16.693 1315 1315 D LockedBootCompletedReceiver: Locked Boot completed
06-20 13:36:16.698 1315 1352 D PackagePolicyHandler: Kiosk package is not set for state: 0
06-20 13:36:16.702 1315 1315 I DeviceLockControllerApplication: Policies enforced
06-20 13:36:16.771 688 710 V PackageManager: reconcileAppsData finished 143 packages
06-20 13:36:16.771 688 710 V SystemServerTiming: reconcileAppsData-0 took to complete: 176ms
06-20 13:36:16.771 688 710 V SystemServerTiming: UM.onBeforeUnlockUser-0 took to complete: 435ms
06-20 13:36:16.772 688 710 I ActivityManager: User 0 state changed from RUNNING_LOCKED to RUNNING_UNLOCKING
06-20 13:36:16.772 688 710 D ActivityManager: Unlocking user 0 progress 20
06-20 13:36:16.773 688 710 W Looper : Slow dispatch took 436ms android.fg h=android.os.Handler c=com.android.server.am.UserController$$ExternalSyntheticLambda2@e2d52e9 m=0
06-20 13:36:16.773 688 710 W Looper : Slow delivery took 437ms android.fg h=android.os.Handler c=com.android.server.am.UserController$$ExternalSyntheticLambda9@1c57b6e m=0
06-20 13:36:16.773 688 719 D SystemServerTimingAsync: ssm.UnlockingUser-0
06-20 13:36:16.773 688 719 I SystemServiceManager: Calling onUnlockingUser 0
06-20 13:36:16.773 688 719 D SystemServerTimingAsync: ssm.onUnlockingUser-0_com.android.server.security.FileIntegrityService
06-20 13:36:16.773 688 719 V SystemServerTimingAsync: ssm.onUnlockingUser-0_com.android.server.security.FileIntegrityService took to complete: 0ms
06-20 13:36:16.773 688 719 D SystemServerTimingAsync: ssm.onUnlockingUser-0_com.android.server.pm.Installer
06-20 13:36:16.773 688 719 V SystemServerTimingAsync: ssm.onUnlockingUser-0_com.android.server.pm.Installer took to complete: 0ms
06-20 13:36:16.773 688 719 D SystemServerTimingAsync: ssm.onUnlockingUser-0_com.android.server.os.DeviceIdentifiersPolicyService
06-20 13:36:16.773 688 719 V SystemServerTimingAsync: ssm.onUnlockingUser-0_com.android.server.os.DeviceIdentifiersPolicyService took to complete: 0ms
06-20 13:36:16.773 688 719 D SystemServerTimingAsync: ssm.onUnlockingUser-0_com.android.server.flags.FeatureFlagsService
06-20 13:36:16.773 688 719 V SystemServerTimingAsync: ssm.onUnlockingUser-0_com.android.server.flags.FeatureFlagsService took to complete: 0ms
06-20 13:36:16.773 688 719 D SystemServerTimingAsync: ssm.onUnlockingUser-0_com.android.server.uri.UriGrantsManagerService$Lifecycle
06-20 13:36:16.773 688 719 V SystemServerTimingAsync: ssm.onUnlockingUser-0_com.android.server.uri.UriGrantsManagerService$Lifecycle took to complete: 0ms
06-20 13:36:16.773 688 719 D SystemServerTimingAsync: ssm.onUnlockingUser-0_com.android.server.powerstats.PowerStatsService
06-20 13:36:16.773 688 719 V SystemServerTimingAsync: ssm.onUnlockingUser-0_com.android.server.powerstats.PowerStatsService took to complete: 0ms
06-20 13:36:16.773 688 719 D SystemServerTimingAsync: ssm.onUnlockingUser-0_com.android.server.permission.access.AccessCheckingService
06-20 13:36:16.773 688 719 V SystemServerTimingAsync: ssm.onUnlockingUser-0_com.android.server.permission.access.AccessCheckingService took to complete: 0ms
06-20 13:36:16.773 688 719 D SystemServerTimingAsync: ssm.onUnlockingUser-0_com.android.server.wm.ActivityTaskManagerService$Lifecycle
06-20 13:36:16.773 688 719 V SystemServerTimingAsync: ssm.onUnlockingUser-0_com.android.server.wm.ActivityTaskManagerService$Lifecycle took to complete: 0ms
06-20 13:36:16.773 688 719 D SystemServerTimingAsync: ssm.onUnlockingUser-0_com.android.server.am.ActivityManagerService$Lifecycle
06-20 13:36:16.773 688 719 V SystemServerTimingAsync: ssm.onUnlockingUser-0_com.android.server.am.ActivityManagerService$Lifecycle took to complete: 0ms
06-20 13:36:16.773 688 719 D SystemServerTimingAsync: ssm.onUnlockingUser-0_com.android.server.pm.DataLoaderManagerService
06-20 13:36:16.773 688 719 V SystemServerTimingAsync: ssm.onUnlockingUser-0_com.android.server.pm.DataLoaderManagerService took to complete: 0ms
06-20 13:36:16.773 688 719 D SystemServerTimingAsync: ssm.onUnlockingUser-0_com.android.server.power.PowerManagerService
06-20 13:36:16.773 688 719 V SystemServerTimingAsync: ssm.onUnlockingUser-0_com.android.server.power.PowerManagerService took to complete: 0ms
06-20 13:36:16.773 688 719 D SystemServerTimingAsync: ssm.onUnlockingUser-0_com.android.server.power.ThermalManagerService
06-20 13:36:16.773 688 719 V SystemServerTimingAsync: ssm.onUnlockingUser-0_com.android.server.power.ThermalManagerService took to complete: 0ms
06-20 13:36:16.773 688 719 D SystemServerTimingAsync: ssm.onUnlockingUser-0_com.android.server.power.hint.HintManagerService
06-20 13:36:16.773 688 719 V SystemServerTimingAsync: ssm.onUnlockingUser-0_com.android.server.power.hint.HintManagerService took to complete: 0ms
06-20 13:36:16.773 688 719 D SystemServerTimingAsync: ssm.onUnlockingUser-0_com.android.server.recoverysystem.RecoverySystemService$Lifecycle
06-20 13:36:16.773 688 719 V SystemServerTimingAsync: ssm.onUnlockingUser-0_com.android.server.recoverysystem.RecoverySystemService$Lifecycle took to complete: 0ms
06-20 13:36:16.773 688 719 D SystemServerTimingAsync: ssm.onUnlockingUser-0_com.android.server.lights.LightsService
06-20 13:36:16.773 688 719 V SystemServerTimingAsync: ssm.onUnlockingUser-0_com.android.server.lights.LightsService took to complete: 0ms
06-20 13:36:16.773 688 719 D SystemServerTimingAsync: ssm.onUnlockingUser-0_com.android.server.display.DisplayManagerService
06-20 13:36:16.773 688 719 V SystemServerTimingAsync: ssm.onUnlockingUser-0_com.android.server.display.DisplayManagerService took to complete: 0ms
06-20 13:36:16.773 688 719 D SystemServerTimingAsync: ssm.onUnlockingUser-0_com.android.server.pm.verify.domain.DomainVerificationService
06-20 13:36:16.773 688 719 V SystemServerTimingAsync: ssm.onUnlockingUser-0_com.android.server.pm.verify.domain.DomainVerificationService took to complete: 0ms
06-20 13:36:16.773 688 719 D SystemServerTimingAsync: ssm.onUnlockingUser-0_com.android.server.pm.PackageInstallerService$Lifecycle
06-20 13:36:16.774 688 719 V SystemServerTimingAsync: ssm.onUnlockingUser-0_com.android.server.pm.PackageInstallerService$Lifecycle took to complete: 0ms
06-20 13:36:16.774 688 719 D SystemServerTimingAsync: ssm.onUnlockingUser-0_com.android.server.pm.UserManagerService$LifeCycle
06-20 13:36:16.774 688 719 V SystemServerTimingAsync: ssm.onUnlockingUser-0_com.android.server.pm.UserManagerService$LifeCycle took to complete: 0ms
06-20 13:36:16.774 688 719 D SystemServerTimingAsync: ssm.onUnlockingUser-0_com.android.server.om.OverlayManagerService
06-20 13:36:16.774 688 719 V SystemServerTimingAsync: ssm.onUnlockingUser-0_com.android.server.om.OverlayManagerService took to complete: 0ms
06-20 13:36:16.791 0 0 I [3 T414 ..] apexd: destroyCeSnapshotsNotSpecified() received by ApexService user_id : 0 retain_rollback_ids : []
06-20 13:36:16.774 688 719 D SystemServerTimingAsync: ssm.onUnlockingUser-0_com.android.server.resources.ResourcesManagerService
06-20 13:36:16.774 688 719 V SystemServerTimingAsync: ssm.onUnlockingUser-0_com.android.server.resources.ResourcesManagerService took to complete: 0ms
06-20 13:36:16.774 688 719 D SystemServerTimingAsync: ssm.onUnlockingUser-0_com.android.server.sensorprivacy.SensorPrivacyService
06-20 13:36:16.774 688 719 V SystemServerTimingAsync: ssm.onUnlockingUser-0_com.android.server.sensorprivacy.SensorPrivacyService took to complete: 0ms
06-20 13:36:16.774 688 719 D SystemServerTimingAsync: ssm.onUnlockingUser-0_com.android.server.sensors.SensorService
06-20 13:36:16.774 688 719 V SystemServerTimingAsync: ssm.onUnlockingUser-0_com.android.server.sensors.SensorService took to complete: 0ms
06-20 13:36:16.774 688 719 D SystemServerTimingAsync: ssm.onUnlockingUser-0_com.android.server.SystemConfigService
06-20 13:36:16.774 688 719 V SystemServerTimingAsync: ssm.onUnlockingUser-0_com.android.server.SystemConfigService took to complete: 0ms
06-20 13:36:16.774 688 719 D SystemServerTimingAsync: ssm.onUnlockingUser-0_com.android.server.BatteryService
06-20 13:36:16.774 688 719 V SystemServerTimingAsync: ssm.onUnlockingUser-0_com.android.server.BatteryService took to complete: 0ms
06-20 13:36:16.774 688 719 D SystemServerTimingAsync: ssm.onUnlockingUser-0_com.android.server.usage.UsageStatsService
06-20 13:36:16.774 688 719 V SystemServerTimingAsync: ssm.onUnlockingUser-0_com.android.server.usage.UsageStatsService took to complete: 0ms
06-20 13:36:16.774 688 719 D SystemServerTimingAsync: ssm.onUnlockingUser-0_com.android.server.webkit.WebViewUpdateService
06-20 13:36:16.774 688 719 V SystemServerTimingAsync: ssm.onUnlockingUser-0_com.android.server.webkit.WebViewUpdateService took to complete: 0ms
06-20 13:36:16.774 688 719 D SystemServerTimingAsync: ssm.onUnlockingUser-0_com.android.server.CachedDeviceStateService
06-20 13:36:16.774 688 719 V SystemServerTimingAsync: ssm.onUnlockingUser-0_com.android.server.CachedDeviceStateService took to complete: 0ms
06-20 13:36:16.774 688 719 D SystemServerTimingAsync: ssm.onUnlockingUser-0_com.android.server.BinderCallsStatsService$LifeCycle
06-20 13:36:16.774 688 719 V SystemServerTimingAsync: ssm.onUnlockingUser-0_com.android.server.BinderCallsStatsService$LifeCycle took to complete: 0ms
06-20 13:36:16.774 688 719 D SystemServerTimingAsync: ssm.onUnlockingUser-0_com.android.server.LooperStatsService$Lifecycle
06-20 13:36:16.774 688 719 V SystemServerTimingAsync: ssm.onUnlockingUser-0_com.android.server.LooperStatsService$Lifecycle took to complete: 0ms
06-20 13:36:16.774 688 719 D SystemServerTimingAsync: ssm.onUnlockingUser-0_com.android.server.rollback.RollbackManagerService
06-20 13:36:16.774 688 719 V SystemServerTimingAsync: ssm.onUnlockingUser-0_com.android.server.rollback.RollbackManagerService took to complete: 0ms
06-20 13:36:16.775 688 719 D SystemServerTimingAsync: ssm.onUnlockingUser-0_com.android.server.os.NativeTombstoneManagerService
06-20 13:36:16.775 688 719 V SystemServerTimingAsync: ssm.onUnlockingUser-0_com.android.server.os.NativeTombstoneManagerService took to complete: 0ms
06-20 13:36:16.775 688 719 D SystemServerTimingAsync: ssm.onUnlockingUser-0_com.android.server.os.BugreportManagerService
06-20 13:36:16.775 688 719 V SystemServerTimingAsync: ssm.onUnlockingUser-0_com.android.server.os.BugreportManagerService took to complete: 0ms
06-20 13:36:16.775 688 719 D SystemServerTimingAsync: ssm.onUnlockingUser-0_com.android.server.gpu.GpuService
06-20 13:36:16.775 688 719 V SystemServerTimingAsync: ssm.onUnlockingUser-0_com.android.server.gpu.GpuService took to complete: 0ms
06-20 13:36:16.775 688 719 D SystemServerTimingAsync: ssm.onUnlockingUser-0_com.android.server.security.rkp.RemoteProvisioningService
