06-20 13:36:11.968 688 776 D SystemServerInitThreadPool: Finished executing WebViewFactoryPreparation
06-20 13:36:11.969 688 776 V SystemServerTimingAsync: InitThreadPoolExec:WebViewFactoryPreparation took to complete: 140ms
06-20 13:36:11.969 688 688 V SystemServerTiming: MakeNetworkManagementServiceReady took to complete: 21ms
06-20 13:36:11.969 688 688 D SystemServerTiming: MakeConnectivityServiceReady
06-20 13:36:11.970 688 720 I ActivityManager: Start proc 929:WebViewLoader-armeabi-v7a/1037 [android.webkit.WebViewLibraryLoader$RelroFileCreator] for
06-20 13:36:11.970 688 720 W ActivityManager: Slow operation: 135ms so far, now at startProcess: starting to update pids map
06-20 13:36:11.971 688 726 W BatteryExternalStatsWorker: error reading modem stats:ERROR_PHONE_NOT_AVAILABLE
06-20 13:36:11.971 688 821 W NetworkPolicy: setRestrictBackgroundUL: already false
06-20 13:36:11.972 688 769 E NativeTombstoneManager: Tombstone's UID (0) not an app, ignoring
06-20 13:36:11.973 688 720 W ActivityManager: Slow operation: 138ms so far, now at startProcess: done updating pids map
06-20 13:36:11.973 688 702 D GameManagerService: User ID '0' does not have a Game Mode selected for package: 'android'
06-20 13:36:11.974 688 702 D CompatibilityChangeReporter: Compat change id reported: 168419799; UID 1000; state: DISABLED
06-20 13:36:11.979 688 702 D CompatibilityChangeReporter: Compat change id reported: 273564678; UID 1000; state: DISABLED
06-20 13:36:12.004 471 496 E android.hardware.wifi-service.droidlogic: Failed to get chip capabilities from legacy HAL: NOT_SUPPORTED
06-20 13:36:12.009 688 821 D CompatibilityChangeReporter: Compat change id reported: 218533173; UID 10045; state: ENABLED
06-20 13:36:12.010 587 587 I wificond: createClientInterface: wiphy_index 0 iface_name wlan0
06-20 13:36:12.010 688 821 D CompatibilityChangeReporter: Compat change id reported: 262645982; UID 10045; state: ENABLED
06-20 13:36:12.011 587 587 I wificond: create scanner for interface with index: 16
06-20 13:36:12.011 587 587 I wificond: subscribe scan result for interface with index: 16
06-20 13:36:12.011 688 821 D CompatibilityChangeReporter: Compat change id reported: 218533173; UID 10050; state: DISABLED
06-20 13:36:12.012 688 821 D CompatibilityChangeReporter: Compat change id reported: 262645982; UID 10050; state: DISABLED
06-20 13:36:12.012 587 587 I wificond: add channel type 0 support at wiphy index: 0
06-20 13:36:12.012 587 587 I wificond: add channel type 1 support at wiphy index: 0
06-20 13:36:12.013 688 821 D CompatibilityChangeReporter: Compat change id reported: 171306433; UID 10050; state: DISABLED
06-20 13:36:12.013 688 821 D CompatibilityChangeReporter: Compat change id reported: 218533173; UID 10049; state: ENABLED
06-20 13:36:12.014 688 821 D CompatibilityChangeReporter: Compat change id reported: 262645982; UID 10049; state: ENABLED
06-20 13:36:12.017 688 821 D CompatibilityChangeReporter: Compat change id reported: 218533173; UID 10040; state: DISABLED
06-20 13:36:12.020 688 821 D CompatibilityChangeReporter: Compat change id reported: 262645982; UID 10040; state: DISABLED
06-20 13:36:12.051 688 769 E NativeTombstoneManager: Tombstone's UID (1002) not an app, ignoring
06-20 13:36:12.051 688 769 E NativeTombstoneManager: Tombstone's UID (1002) not an app, ignoring
06-20 13:36:12.272 688 702 W PackageManager: Invalid dex load report. loadingPackageName=null, uid=1037
06-20 13:36:12.341 688 819 W BroadcastLoopers: Found previously unknown looper Thread[NetworkStats,5,main]
06-20 13:36:12.392 688 688 V SystemServerTiming: MakeConnectivityServiceReady took to complete: 424ms
06-20 13:36:12.392 688 688 D SystemServerTiming: MakeVpnManagerServiceReady
06-20 13:36:12.421 688 688 V SystemServerTiming: MakeVpnManagerServiceReady took to complete: 28ms
06-20 13:36:12.421 688 688 D SystemServerTiming: MakeVcnManagementServiceReady
06-20 13:36:12.465 471 496 E android.hardware.wifi-service.droidlogic: Failed to get SupportedRadioCombinations matrix from legacy HAL: NOT_SUPPORTED
06-20 13:36:12.485 688 688 V SystemServerTiming: MakeVcnManagementServiceReady took to complete: 64ms
06-20 13:36:12.485 688 688 D SystemServerTiming: MakeNetworkPolicyServiceReady
06-20 13:36:12.486 688 688 V SystemServerTiming: MakeNetworkPolicyServiceReady took to complete: 2ms
06-20 13:36:12.486 688 688 D SystemServerTiming: PhaseThirdPartyAppsCanStart
06-20 13:36:12.486 688 688 I SystemServiceManager: Starting phase 600
06-20 13:36:12.486 688 688 D SystemServerTiming: OnBootPhase_600
06-20 13:36:12.486 688 688 D SystemServerTiming: OnBootPhase_600_com.android.server.security.FileIntegrityService
06-20 13:36:12.486 688 688 V SystemServerTiming: OnBootPhase_600_com.android.server.security.FileIntegrityService took to complete: 0ms
06-20 13:36:12.486 688 688 D SystemServerTiming: OnBootPhase_600_com.android.server.pm.Installer
06-20 13:36:12.486 688 688 V SystemServerTiming: OnBootPhase_600_com.android.server.pm.Installer took to complete: 0ms
06-20 13:36:12.486 688 688 D SystemServerTiming: OnBootPhase_600_com.android.server.os.DeviceIdentifiersPolicyService
06-20 13:36:12.486 688 688 V SystemServerTiming: OnBootPhase_600_com.android.server.os.DeviceIdentifiersPolicyService took to complete: 0ms
06-20 13:36:12.486 688 688 D SystemServerTiming: OnBootPhase_600_com.android.server.flags.FeatureFlagsService
06-20 13:36:12.486 688 688 V SystemServerTiming: OnBootPhase_600_com.android.server.flags.FeatureFlagsService took to complete: 0ms
06-20 13:36:12.486 688 688 D SystemServerTiming: OnBootPhase_600_com.android.server.uri.UriGrantsManagerService$Lifecycle
06-20 13:36:12.487 688 688 V SystemServerTiming: OnBootPhase_600_com.android.server.uri.UriGrantsManagerService$Lifecycle took to complete: 0ms
06-20 13:36:12.487 688 688 D SystemServerTiming: OnBootPhase_600_com.android.server.powerstats.PowerStatsService
06-20 13:36:12.487 688 688 V SystemServerTiming: OnBootPhase_600_com.android.server.powerstats.PowerStatsService took to complete: 0ms
06-20 13:36:12.487 688 688 D SystemServerTiming: OnBootPhase_600_com.android.server.permission.access.AccessCheckingService
06-20 13:36:12.487 688 688 V SystemServerTiming: OnBootPhase_600_com.android.server.permission.access.AccessCheckingService took to complete: 0ms
06-20 13:36:12.487 688 688 D SystemServerTiming: OnBootPhase_600_com.android.server.wm.ActivityTaskManagerService$Lifecycle
06-20 13:36:12.487 688 688 V SystemServerTiming: OnBootPhase_600_com.android.server.wm.ActivityTaskManagerService$Lifecycle took to complete: 0ms
06-20 13:36:12.487 688 688 D SystemServerTiming: OnBootPhase_600_com.android.server.am.ActivityManagerService$Lifecycle
06-20 13:36:12.488 688 688 I ExplicitHealthCheckController: Explicit health checks enabled.
06-20 13:36:12.517 688 688 I PackageWatchdog: Syncing state, reason: health check state enabled
06-20 13:36:12.517 688 688 I PackageWatchdog: Not pruning observers, elapsed time: 0ms
06-20 13:36:12.517 688 688 I PackageWatchdog: Cancelling state sync, nothing to sync
06-20 13:36:12.517 688 688 V SystemServerTiming: OnBootPhase_600_com.android.server.am.ActivityManagerService$Lifecycle took to complete: 31ms
06-20 13:36:12.518 688 688 D SystemServerTiming: OnBootPhase_600_com.android.server.pm.DataLoaderManagerService
06-20 13:36:12.518 688 688 V SystemServerTiming: OnBootPhase_600_com.android.server.pm.DataLoaderManagerService took to complete: 0ms
06-20 13:36:12.518 688 688 D SystemServerTiming: OnBootPhase_600_com.android.server.power.PowerManagerService
06-20 13:36:12.518 688 688 V SystemServerTiming: OnBootPhase_600_com.android.server.power.PowerManagerService took to complete: 1ms
06-20 13:36:12.518 688 688 D SystemServerTiming: OnBootPhase_600_com.android.server.power.ThermalManagerService
06-20 13:36:12.518 688 688 V SystemServerTiming: OnBootPhase_600_com.android.server.power.ThermalManagerService took to complete: 0ms
06-20 13:36:12.518 688 688 D SystemServerTiming: OnBootPhase_600_com.android.server.power.hint.HintManagerService
06-20 13:36:12.518 688 688 V SystemServerTiming: OnBootPhase_600_com.android.server.power.hint.HintManagerService took to complete: 0ms
06-20 13:36:12.518 688 688 D SystemServerTiming: OnBootPhase_600_com.android.server.recoverysystem.RecoverySystemService$Lifecycle
06-20 13:36:12.518 688 688 V SystemServerTiming: OnBootPhase_600_com.android.server.recoverysystem.RecoverySystemService$Lifecycle took to complete: 0ms
06-20 13:36:12.518 688 688 D SystemServerTiming: OnBootPhase_600_com.android.server.lights.LightsService
06-20 13:36:12.518 688 688 V SystemServerTiming: OnBootPhase_600_com.android.server.lights.LightsService took to complete: 0ms
06-20 13:36:12.519 688 688 D SystemServerTiming: OnBootPhase_600_com.android.server.display.DisplayManagerService
06-20 13:36:12.519 688 688 V SystemServerTiming: OnBootPhase_600_com.android.server.display.DisplayManagerService took to complete: 0ms
06-20 13:36:12.519 688 688 D SystemServerTiming: OnBootPhase_600_com.android.server.pm.verify.domain.DomainVerificationService
06-20 13:36:12.519 688 688 V SystemServerTiming: OnBootPhase_600_com.android.server.pm.verify.domain.DomainVerificationService took to complete: 0ms
06-20 13:36:12.519 688 688 D SystemServerTiming: OnBootPhase_600_com.android.server.pm.PackageInstallerService$Lifecycle
06-20 13:36:12.519 688 688 V SystemServerTiming: OnBootPhase_600_com.android.server.pm.PackageInstallerService$Lifecycle took to complete: 0ms
06-20 13:36:12.519 688 688 D SystemServerTiming: OnBootPhase_600_com.android.server.pm.UserManagerService$LifeCycle
06-20 13:36:12.519 688 688 V SystemServerTiming: OnBootPhase_600_com.android.server.pm.UserManagerService$LifeCycle took to complete: 0ms
06-20 13:36:12.519 688 688 D SystemServerTiming: OnBootPhase_600_com.android.server.om.OverlayManagerService
06-20 13:36:12.519 688 688 V SystemServerTiming: OnBootPhase_600_com.android.server.om.OverlayManagerService took to complete: 0ms
06-20 13:36:12.519 688 688 D SystemServerTiming: OnBootPhase_600_com.android.server.resources.ResourcesManagerService
06-20 13:36:12.519 688 688 V SystemServerTiming: OnBootPhase_600_com.android.server.resources.ResourcesManagerService took to complete: 0ms
06-20 13:36:12.519 688 688 D SystemServerTiming: OnBootPhase_600_com.android.server.sensorprivacy.SensorPrivacyService
06-20 13:36:12.519 688 688 V SystemServerTiming: OnBootPhase_600_com.android.server.sensorprivacy.SensorPrivacyService took to complete: 0ms
06-20 13:36:12.519 688 688 D SystemServerTiming: OnBootPhase_600_com.android.server.sensors.SensorService
06-20 13:36:12.519 688 688 V SystemServerTiming: OnBootPhase_600_com.android.server.sensors.SensorService took to complete: 0ms
06-20 13:36:12.519 688 688 D SystemServerTiming: OnBootPhase_600_com.android.server.SystemConfigService
06-20 13:36:12.519 688 688 V SystemServerTiming: OnBootPhase_600_com.android.server.SystemConfigService took to complete: 0ms
06-20 13:36:12.519 688 688 D SystemServerTiming: OnBootPhase_600_com.android.server.BatteryService
06-20 13:36:12.519 688 688 V SystemServerTiming: OnBootPhase_600_com.android.server.BatteryService took to complete: 0ms
06-20 13:36:12.519 688 688 D SystemServerTiming: OnBootPhase_600_com.android.server.usage.UsageStatsService
06-20 13:36:12.519 688 688 V SystemServerTiming: OnBootPhase_600_com.android.server.usage.UsageStatsService took to complete: 0ms
06-20 13:36:12.519 688 688 D SystemServerTiming: OnBootPhase_600_com.android.server.webkit.WebViewUpdateService
06-20 13:36:12.519 688 688 V SystemServerTiming: OnBootPhase_600_com.android.server.webkit.WebViewUpdateService took to complete: 0ms
06-20 13:36:12.519 688 688 D SystemServerTiming: OnBootPhase_600_com.android.server.CachedDeviceStateService
06-20 13:36:12.519 688 688 V SystemServerTiming: OnBootPhase_600_com.android.server.CachedDeviceStateService took to complete: 0ms
06-20 13:36:12.519 688 688 D SystemServerTiming: OnBootPhase_600_com.android.server.BinderCallsStatsService$LifeCycle
06-20 13:36:12.519 688 688 V SystemServerTiming: OnBootPhase_600_com.android.server.BinderCallsStatsService$LifeCycle took to complete: 0ms
06-20 13:36:12.519 688 688 D SystemServerTiming: OnBootPhase_600_com.android.server.LooperStatsService$Lifecycle
06-20 13:36:12.519 688 688 V SystemServerTiming: OnBootPhase_600_com.android.server.LooperStatsService$Lifecycle took to complete: 0ms
06-20 13:36:12.519 688 688 D SystemServerTiming: OnBootPhase_600_com.android.server.rollback.RollbackManagerService
06-20 13:36:12.519 688 688 V SystemServerTiming: OnBootPhase_600_com.android.server.rollback.RollbackManagerService took to complete: 0ms
06-20 13:36:12.519 688 688 D SystemServerTiming: OnBootPhase_600_com.android.server.os.NativeTombstoneManagerService
06-20 13:36:12.519 688 688 V SystemServerTiming: OnBootPhase_600_com.android.server.os.NativeTombstoneManagerService took to complete: 0ms
06-20 13:36:12.519 688 688 D SystemServerTiming: OnBootPhase_600_com.android.server.os.BugreportManagerService
06-20 13:36:12.519 688 688 V SystemServerTiming: OnBootPhase_600_com.android.server.os.BugreportManagerService took to complete: 0ms
06-20 13:36:12.519 688 688 D SystemServerTiming: OnBootPhase_600_com.android.server.gpu.GpuService
06-20 13:36:12.519 688 688 V SystemServerTiming: OnBootPhase_600_com.android.server.gpu.GpuService took to complete: 0ms
06-20 13:36:12.519 688 688 D SystemServerTiming: OnBootPhase_600_com.android.server.security.rkp.RemoteProvisioningService
06-20 13:36:12.519 688 688 V SystemServerTiming: OnBootPhase_600_com.android.server.security.rkp.RemoteProvisioningService took to complete: 0ms
06-20 13:36:12.519 688 688 D SystemServerTiming: OnBootPhase_600_com.android.server.cpu.CpuMonitorService
06-20 13:36:12.519 688 688 V SystemServerTiming: OnBootPhase_600_com.android.server.cpu.CpuMonitorService took to complete: 0ms
06-20 13:36:12.519 688 688 D SystemServerTiming: OnBootPhase_600_com.android.server.security.KeyChainSystemService
06-20 13:36:12.519 688 688 V SystemServerTiming: OnBootPhase_600_com.android.server.security.KeyChainSystemService took to complete: 0ms
06-20 13:36:12.519 688 688 D SystemServerTiming: OnBootPhase_600_com.android.server.BinaryTransparencyService
06-20 13:36:12.519 688 688 V SystemServerTiming: OnBootPhase_600_com.android.server.BinaryTransparencyService took to complete: 0ms
06-20 13:36:12.519 688 688 D SystemServerTiming: OnBootPhase_600_com.android.server.accounts.AccountManagerService$Lifecycle
06-20 13:36:12.519 688 688 V SystemServerTiming: OnBootPhase_600_com.android.server.accounts.AccountManagerService$Lifecycle took to complete: 0ms
06-20 13:36:12.519 688 688 D SystemServerTiming: OnBootPhase_600_com.android.server.content.ContentService$Lifecycle
06-20 13:36:12.519 688 688 V SystemServerTiming: OnBootPhase_600_com.android.server.content.ContentService$Lifecycle took to complete: 0ms
06-20 13:36:12.519 688 688 D SystemServerTiming: OnBootPhase_600_com.android.server.deviceconfig.DeviceConfigInit$Lifecycle
06-20 13:36:12.519 688 688 V SystemServerTiming: OnBootPhase_600_com.android.server.deviceconfig.DeviceConfigInit$Lifecycle took to complete: 0ms
06-20 13:36:12.519 688 688 D SystemServerTiming: OnBootPhase_600_com.android.server.DropBoxManagerService
06-20 13:36:12.519 688 688 V SystemServerTiming: OnBootPhase_600_com.android.server.DropBoxManagerService took to complete: 0ms
06-20 13:36:12.519 688 688 D SystemServerTiming: OnBootPhase_600_com.android.role.RoleService
06-20 13:36:12.519 688 688 V SystemServerTiming: OnBootPhase_600_com.android.role.RoleService took to complete: 0ms
06-20 13:36:12.519 688 688 D SystemServerTiming: OnBootPhase_600_com.android.server.vibrator.VibratorManagerService$Lifecycle
06-20 13:36:12.519 688 688 V SystemServerTiming: OnBootPhase_600_com.android.server.vibrator.VibratorManagerService$Lifecycle took to complete: 0ms
06-20 13:36:12.520 688 688 D SystemServerTiming: OnBootPhase_600_com.android.server.tare.InternalResourceService
06-20 13:36:12.520 688 688 V SystemServerTiming: OnBootPhase_600_com.android.server.tare.InternalResourceService took to complete: 0ms
06-20 13:36:12.520 688 688 D SystemServerTiming: OnBootPhase_600_com.android.server.alarm.AlarmManagerService
06-20 13:36:12.520 688 688 V SystemServerTiming: OnBootPhase_600_com.android.server.alarm.AlarmManagerService took to complete: 0ms
06-20 13:36:12.520 688 688 D SystemServerTiming: OnBootPhase_600_com.android.server.devicestate.DeviceStateManagerService
06-20 13:36:12.520 688 688 V SystemServerTiming: OnBootPhase_600_com.android.server.devicestate.DeviceStateManagerService took to complete: 0ms
06-20 13:36:12.520 688 688 D SystemServerTiming: OnBootPhase_600_com.android.server.camera.CameraServiceProxy
06-20 13:36:12.520 688 688 V SystemServerTiming: OnBootPhase_600_com.android.server.camera.CameraServiceProxy took to complete: 0ms
06-20 13:36:12.520 688 688 D SystemServerTiming: OnBootPhase_600_com.android.server.bluetooth.BluetoothService
06-20 13:36:12.520 688 688 V SystemServerTiming: OnBootPhase_600_com.android.server.bluetooth.BluetoothService took to complete: 0ms
06-20 13:36:12.520 688 688 D SystemServerTiming: OnBootPhase_600_com.android.server.connectivity.IpConnectivityMetrics
06-20 13:36:12.520 688 688 V SystemServerTiming: OnBootPhase_600_com.android.server.connectivity.IpConnectivityMetrics took to complete: 0ms
06-20 13:36:12.520 688 688 D SystemServerTiming: OnBootPhase_600_com.android.server.net.watchlist.NetworkWatchlistService$Lifecycle
06-20 13:36:12.520 688 688 V SystemServerTiming: OnBootPhase_600_com.android.server.net.watchlist.NetworkWatchlistService$Lifecycle took to complete: 0ms
06-20 13:36:12.520 688 688 D SystemServerTiming: OnBootPhase_600_com.android.server.PinnerService
06-20 13:36:12.520 688 688 V SystemServerTiming: OnBootPhase_600_com.android.server.PinnerService took to complete: 0ms
06-20 13:36:12.520 688 688 D SystemServerTiming: OnBootPhase_600_com.android.server.integrity.AppIntegrityManagerService
06-20 13:36:12.520 688 688 V SystemServerTiming: OnBootPhase_600_com.android.server.integrity.AppIntegrityManagerService took to complete: 0ms
06-20 13:36:12.520 688 688 D SystemServerTiming: OnBootPhase_600_com.android.server.logcat.LogcatManagerService
06-20 13:36:12.520 688 688 V SystemServerTiming: OnBootPhase_600_com.android.server.logcat.LogcatManagerService took to complete: 0ms
06-20 13:36:12.520 688 688 D SystemServerTiming: OnBootPhase_600_com.android.server.inputmethod.InputMethodManagerService$Lifecycle
06-20 13:36:12.520 688 688 V SystemServerTiming: OnBootPhase_600_com.android.server.inputmethod.InputMethodManagerService$Lifecycle took to complete: 0ms
06-20 13:36:12.520 688 688 D SystemServerTiming: OnBootPhase_600_com.android.server.accessibility.AccessibilityManagerService$Lifecycle
06-20 13:36:12.537 688 688 V SystemServerTiming: OnBootPhase_600_com.android.server.accessibility.AccessibilityManagerService$Lifecycle took to complete: 18ms
06-20 13:36:12.537 688 688 D SystemServerTiming: OnBootPhase_600_com.android.server.StorageManagerService$Lifecycle
06-20 13:36:12.537 688 688 V SystemServerTiming: OnBootPhase_600_com.android.server.StorageManagerService$Lifecycle took to complete: 0ms
06-20 13:36:12.537 688 688 D SystemServerTiming: OnBootPhase_600_com.android.server.usage.StorageStatsService$Lifecycle
06-20 13:36:12.537 688 688 V SystemServerTiming: OnBootPhase_600_com.android.server.usage.StorageStatsService$Lifecycle took to complete: 0ms
06-20 13:36:12.538 688 688 D SystemServerTiming: OnBootPhase_600_com.android.server.UiModeManagerService
06-20 13:36:12.538 688 688 V SystemServerTiming: OnBootPhase_600_com.android.server.UiModeManagerService took to complete: 0ms
06-20 13:36:12.538 688 688 D SystemServerTiming: OnBootPhase_600_com.android.server.locales.LocaleManagerService
06-20 13:36:12.538 688 688 V SystemServerTiming: OnBootPhase_600_com.android.server.locales.LocaleManagerService took to complete: 0ms
06-20 13:36:12.538 688 688 D SystemServerTiming: OnBootPhase_600_com.android.server.grammaticalinflection.GrammaticalInflectionService
06-20 13:36:12.538 688 688 V SystemServerTiming: OnBootPhase_600_com.android.server.grammaticalinflection.GrammaticalInflectionService took to complete: 0ms
06-20 13:36:12.538 688 688 D SystemServerTiming: OnBootPhase_600_com.android.server.apphibernation.AppHibernationService
06-20 13:36:12.538 688 688 V SystemServerTiming: OnBootPhase_600_com.android.server.apphibernation.AppHibernationService took to complete: 0ms
06-20 13:36:12.538 688 688 D SystemServerTiming: OnBootPhase_600_com.android.server.locksettings.LockSettingsService$Lifecycle
06-20 13:36:12.538 688 688 V SystemServerTiming: OnBootPhase_600_com.android.server.locksettings.LockSettingsService$Lifecycle took to complete: 0ms
06-20 13:36:12.538 688 688 D SystemServerTiming: OnBootPhase_600_com.android.server.PersistentDataBlockService
06-20 13:36:12.538 688 688 V SystemServerTiming: OnBootPhase_600_com.android.server.PersistentDataBlockService took to complete: 0ms
06-20 13:36:12.538 688 688 D SystemServerTiming: OnBootPhase_600_com.android.server.testharness.TestHarnessModeService
06-20 13:36:12.538 688 688 V SystemServerTiming: OnBootPhase_600_com.android.server.testharness.TestHarnessModeService took to complete: 0ms
06-20 13:36:12.538 688 688 D SystemServerTiming: OnBootPhase_600_com.android.server.oemlock.OemLockService
06-20 13:36:12.538 688 688 V SystemServerTiming: OnBootPhase_600_com.android.server.oemlock.OemLockService took to complete: 0ms
06-20 13:36:12.538 688 688 D SystemServerTiming: OnBootPhase_600_com.android.server.DeviceIdleController
06-20 13:36:12.538 688 688 V SystemServerTiming: OnBootPhase_600_com.android.server.DeviceIdleController took to complete: 0ms
06-20 13:36:12.538 688 688 D SystemServerTiming: OnBootPhase_600_com.android.server.devicepolicy.DevicePolicyManagerService$Lifecycle
06-20 13:36:12.538 688 688 V SystemServerTiming: OnBootPhase_600_com.android.server.devicepolicy.DevicePolicyManagerService$Lifecycle took to complete: 0ms
06-20 13:36:12.538 688 688 D SystemServerTiming: OnBootPhase_600_com.android.server.texttospeech.TextToSpeechManagerService
06-20 13:36:12.538 688 688 V SystemServerTiming: OnBootPhase_600_com.android.server.texttospeech.TextToSpeechManagerService took to complete: 1ms
06-20 13:36:12.538 688 688 D SystemServerTiming: OnBootPhase_600_com.android.server.ambientcontext.AmbientContextManagerService
06-20 13:36:12.539 688 688 V SystemServerTiming: OnBootPhase_600_com.android.server.ambientcontext.AmbientContextManagerService took to complete: 0ms
06-20 13:36:12.539 688 688 D SystemServerTiming: OnBootPhase_600_com.android.server.wearable.WearableSensingManagerService
06-20 13:36:12.539 688 688 V SystemServerTiming: OnBootPhase_600_com.android.server.wearable.WearableSensingManagerService took to complete: 0ms
06-20 13:36:12.539 688 688 D SystemServerTiming: OnBootPhase_600_com.android.server.speech.SpeechRecognitionManagerService
06-20 13:36:12.539 688 688 V SystemServerTiming: OnBootPhase_600_com.android.server.speech.SpeechRecognitionManagerService took to complete: 0ms
06-20 13:36:12.539 688 688 D SystemServerTiming: OnBootPhase_600_com.android.server.searchui.SearchUiManagerService
06-20 13:36:12.539 688 688 V SystemServerTiming: OnBootPhase_600_com.android.server.searchui.SearchUiManagerService took to complete: 1ms
06-20 13:36:12.539 688 688 D SystemServerTiming: OnBootPhase_600_com.android.server.smartspace.SmartspaceManagerService
06-20 13:36:12.539 688 688 V SystemServerTiming: OnBootPhase_600_com.android.server.smartspace.SmartspaceManagerService took to complete: 0ms
06-20 13:36:12.539 688 688 D SystemServerTiming: OnBootPhase_600_com.android.server.graphics.fonts.FontManagerService$Lifecycle
06-20 13:36:12.539 688 688 V SystemServerTiming: OnBootPhase_600_com.android.server.graphics.fonts.FontManagerService$Lifecycle took to complete: 0ms
06-20 13:36:12.539 688 688 D SystemServerTiming: OnBootPhase_600_com.android.server.textservices.TextServicesManagerService$Lifecycle
06-20 13:36:12.539 688 688 V SystemServerTiming: OnBootPhase_600_com.android.server.textservices.TextServicesManagerService$Lifecycle took to complete: 0ms
06-20 13:36:12.539 688 688 D SystemServerTiming: OnBootPhase_600_com.android.server.textclassifier.TextClassificationManagerService$Lifecycle
06-20 13:36:12.539 688 688 V SystemServerTiming: OnBootPhase_600_com.android.server.textclassifier.TextClassificationManagerService$Lifecycle took to complete: 0ms
06-20 13:36:12.539 688 688 D SystemServerTiming: OnBootPhase_600_com.android.server.NetworkScoreService$Lifecycle
06-20 13:36:12.539 688 688 V SystemServerTiming: OnBootPhase_600_com.android.server.NetworkScoreService$Lifecycle took to complete: 0ms
06-20 13:36:12.539 688 688 D SystemServerTiming: OnBootPhase_600_com.android.server.NetworkStatsServiceInitializer
06-20 13:36:12.539 688 688 V SystemServerTiming: OnBootPhase_600_com.android.server.NetworkStatsServiceInitializer took to complete: 0ms
06-20 13:36:12.539 688 688 D SystemServerTiming: OnBootPhase_600_com.android.server.wifi.WifiService
06-20 13:36:12.539 688 688 V SystemServerTiming: OnBootPhase_600_com.android.server.wifi.WifiService took to complete: 0ms
06-20 13:36:12.539 688 688 D SystemServerTiming: OnBootPhase_600_com.android.server.wifi.scanner.WifiScanningService
06-20 13:36:12.539 688 688 V SystemServerTiming: OnBootPhase_600_com.android.server.wifi.scanner.WifiScanningService took to complete: 0ms
06-20 13:36:12.539 688 688 D SystemServerTiming: OnBootPhase_600_com.android.server.wifi.p2p.WifiP2pService
06-20 13:36:12.539 688 688 V SystemServerTiming: OnBootPhase_600_com.android.server.wifi.p2p.WifiP2pService took to complete: 0ms
06-20 13:36:12.540 688 688 D SystemServerTiming: OnBootPhase_600_com.android.server.ConnectivityServiceInitializer
06-20 13:36:12.598 688 688 W SystemServiceManager: Service com.android.server.ConnectivityServiceInitializer took 58 ms in onBootPhase
06-20 13:36:12.598 688 688 V SystemServerTiming: OnBootPhase_600_com.android.server.ConnectivityServiceInitializer took to complete: 58ms
06-20 13:36:12.598 688 688 D SystemServerTiming: OnBootPhase_600_com.android.server.notification.NotificationManagerService
06-20 13:36:12.651 688 688 W SystemServiceManager: Service com.android.server.notification.NotificationManagerService took 53 ms in onBootPhase
06-20 13:36:12.651 688 688 V SystemServerTiming: OnBootPhase_600_com.android.server.notification.NotificationManagerService took to complete: 54ms
06-20 13:36:12.651 688 688 D SystemServerTiming: OnBootPhase_600_com.android.server.storage.DeviceStorageMonitorService
06-20 13:36:12.651 688 688 V SystemServerTiming: OnBootPhase_600_com.android.server.storage.DeviceStorageMonitorService took to complete: 0ms
06-20 13:36:12.651 688 688 D SystemServerTiming: OnBootPhase_600_com.android.server.timedetector.TimeDetectorService$Lifecycle
06-20 13:36:12.651 688 688 V SystemServerTiming: OnBootPhase_600_com.android.server.timedetector.TimeDetectorService$Lifecycle took to complete: 0ms
06-20 13:36:12.651 688 688 D SystemServerTiming: OnBootPhase_600_com.android.server.location.LocationManagerService$Lifecycle
06-20 13:36:12.687 688 718 I PackageWatchdog: Saving observer state to file
06-20 13:36:12.694 688 710 D CompatibilityChangeReporter: Compat change id reported: 261072174; UID 1000; state: ENABLED
06-20 13:36:12.788 0 0 I [3 T216 ..] servicemanager: Found android.hardware.graphics.allocator.IAllocator/default in device VINTF manifest.
06-20 13:36:12.791 0 0 I [1 T216 ..] servicemanager: Found android.hardware.graphics.allocator.IAllocator/default in device VINTF manifest.
06-20 13:36:12.791 688 688 W SystemServiceManager: Service com.android.server.location.LocationManagerService$Lifecycle took 140 ms in onBootPhase
06-20 13:36:12.791 688 688 V SystemServerTiming: OnBootPhase_600_com.android.server.location.LocationManagerService$Lifecycle took to complete: 140ms
06-20 13:36:12.791 688 688 D SystemServerTiming: OnBootPhase_600_com.android.server.timezonedetector.TimeZoneDetectorService$Lifecycle
06-20 13:36:12.791 688 688 V SystemServerTiming: OnBootPhase_600_com.android.server.timezonedetector.TimeZoneDetectorService$Lifecycle took to complete: 0ms
06-20 13:36:12.791 688 688 D SystemServerTiming: OnBootPhase_600_com.android.server.location.altitude.AltitudeService$Lifecycle
06-20 13:36:12.791 688 688 V SystemServerTiming: OnBootPhase_600_com.android.server.location.altitude.AltitudeService$Lifecycle took to complete: 0ms
06-20 13:36:12.791 688 688 D SystemServerTiming: OnBootPhase_600_com.android.server.timezonedetector.location.LocationTimeZoneManagerService$Lifecycle
06-20 13:36:12.791 688 688 V SystemServerTiming: OnBootPhase_600_com.android.server.timezonedetector.location.LocationTimeZoneManagerService$Lifecycle took to complete: 0ms
06-20 13:36:12.791 688 688 D SystemServerTiming: OnBootPhase_600_com.android.server.search.SearchManagerService$Lifecycle
06-20 13:36:12.792 688 688 V SystemServerTiming: OnBootPhase_600_com.android.server.search.SearchManagerService$Lifecycle took to complete: 0ms
06-20 13:36:12.792 688 688 D SystemServerTiming: OnBootPhase_600_com.android.server.wallpaper.WallpaperManagerService$Lifecycle
06-20 13:36:12.801 0 0 I [0 T954 ..] capability: warning: `wpa_supplicant' uses 32-bit capabilities (legacy support in use)
06-20 13:36:12.792 688 688 D WallpaperManagerService: Wallpaper_switch-user-0
06-20 13:36:12.793 688 688 V WallpaperManagerService: bindWallpaperComponentLocked: componentName=ComponentInfo{com.android.systemui/com.android.systemui.wallpapers.ImageWallpaper}
06-20 13:36:12.793 688 688 D WallpaperManagerService: WPMS.bindWallpaperComponentLocked-ComponentInfo{com.android.systemui/com.android.systemui.wallpapers.ImageWallpaper}
06-20 13:36:12.795 688 688 V WallpaperManagerService: WPMS.bindWallpaperComponentLocked-ComponentInfo{com.android.systemui/com.android.systemui.wallpapers.ImageWallpaper} took to complete: 3ms
06-20 13:36:12.795 688 688 V WallpaperManagerService: Wallpaper_switch-user-0 took to complete: 3ms
06-20 13:36:12.795 688 688 V SystemServerTiming: OnBootPhase_600_com.android.server.wallpaper.WallpaperManagerService$Lifecycle took to complete: 4ms
06-20 13:36:12.796 688 688 D SystemServerTiming: OnBootPhase_600_com.android.server.wallpapereffectsgeneration.WallpaperEffectsGenerationManagerService
06-20 13:36:12.796 688 688 V SystemServerTiming: OnBootPhase_600_com.android.server.wallpapereffectsgeneration.WallpaperEffectsGenerationManagerService took to complete: 0ms
06-20 13:36:12.796 688 688 D SystemServerTiming: OnBootPhase_600_com.android.server.audio.AudioService$Lifecycle
06-20 13:36:12.796 688 688 V SystemServerTiming: OnBootPhase_600_com.android.server.audio.AudioService$Lifecycle took to complete: 0ms
06-20 13:36:12.796 688 688 D SystemServerTiming: OnBootPhase_600_com.android.server.soundtrigger_middleware.SoundTriggerMiddlewareService$Lifecycle
06-20 13:36:12.797 688 688 V SystemServerTiming: OnBootPhase_600_com.android.server.soundtrigger_middleware.SoundTriggerMiddlewareService$Lifecycle took to complete: 0ms
06-20 13:36:12.797 688 688 D SystemServerTiming: OnBootPhase_600_com.android.server.adb.AdbService$Lifecycle
06-20 13:36:12.797 688 688 V SystemServerTiming: OnBootPhase_600_com.android.server.adb.AdbService$Lifecycle took to complete: 0ms
06-20 13:36:12.797 688 688 D SystemServerTiming: OnBootPhase_600_com.android.server.usb.UsbService$Lifecycle
06-20 13:36:12.797 688 688 V SystemServerTiming: OnBootPhase_600_com.android.server.usb.UsbService$Lifecycle took to complete: 0ms
06-20 13:36:12.797 688 688 D SystemServerTiming: OnBootPhase_600_com.android.server.twilight.TwilightService
06-20 13:36:12.797 688 688 V SystemServerTiming: OnBootPhase_600_com.android.server.twilight.TwilightService took to complete: 0ms
06-20 13:36:12.797 688 688 D SystemServerTiming: OnBootPhase_600_com.android.server.display.color.ColorDisplayService
06-20 13:36:12.797 688 688 V SystemServerTiming: OnBootPhase_600_com.android.server.display.color.ColorDisplayService took to complete: 0ms
06-20 13:36:12.797 688 688 D SystemServerTiming: OnBootPhase_600_com.android.server.job.JobSchedulerService
06-20 13:36:12.815 0 0 I [3 T216 ..] servicemanager: Found android.hardware.wifi.supplicant.ISupplicant/default in device VINTF manifest.
06-20 13:36:12.817 0 0 I [2 T216 ..] BpBinder: onLastStrongRef automatically unlinking death recipients:
06-20 13:36:12.809 688 688 V SystemServerTiming: OnBootPhase_600_com.android.server.job.JobSchedulerService took to complete: 11ms
06-20 13:36:12.809 688 688 D SystemServerTiming: OnBootPhase_600_com.android.server.soundtrigger.SoundTriggerService
06-20 13:36:12.809 688 688 D SoundTriggerService: onBootPhase: 600 : false
06-20 13:36:12.811 688 688 V SystemServerTiming: OnBootPhase_600_com.android.server.soundtrigger.SoundTriggerService took to complete: 2ms
06-20 13:36:12.811 688 688 D SystemServerTiming: OnBootPhase_600_com.android.server.trust.TrustManagerService
06-20 13:36:12.822 274 285 I keystore2: system/security/keystore2/src/authorization.rs:143 - on_lock_screen_event(r#UNLOCK, user_id=0, password.is_some()=false, unlocking_sids=Some([]))
06-20 13:36:12.826 688 688 V SystemServerTiming: OnBootPhase_600_com.android.server.trust.TrustManagerService took to complete: 14ms
06-20 13:36:12.826 688 688 D SystemServerTiming: OnBootPhase_600_com.android.server.backup.BackupManagerService$Lifecycle
06-20 13:36:12.826 688 688 V SystemServerTiming: OnBootPhase_600_com.android.server.backup.BackupManagerService$Lifecycle took to complete: 0ms
06-20 13:36:12.826 688 688 D SystemServerTiming: OnBootPhase_600_com.android.server.appwidget.AppWidgetService
06-20 13:36:12.826 688 688 V SystemServerTiming: OnBootPhase_600_com.android.server.appwidget.AppWidgetService took to complete: 0ms
06-20 13:36:12.826 688 688 D SystemServerTiming: OnBootPhase_600_com.android.server.voiceinteraction.VoiceInteractionManagerService
06-20 13:36:12.828 688 688 V SystemServerTiming: OnBootPhase_600_com.android.server.voiceinteraction.VoiceInteractionManagerService took to complete: 2ms
06-20 13:36:12.828 688 688 D SystemServerTiming: OnBootPhase_600_com.android.server.GestureLauncherService
06-20 13:36:12.838 688 688 V SystemServerTiming: OnBootPhase_600_com.android.server.GestureLauncherService took to complete: 10ms
06-20 13:36:12.838 688 688 D SystemServerTiming: OnBootPhase_600_com.android.server.SensorNotificationService
06-20 13:36:12.839 688 688 V SystemServerTiming: OnBootPhase_600_com.android.server.SensorNotificationService took to complete: 1ms
06-20 13:36:12.839 688 688 D SystemServerTiming: OnBootPhase_600_com.android.server.emergency.EmergencyAffordanceService
06-20 13:36:12.839 688 688 V SystemServerTiming: OnBootPhase_600_com.android.server.emergency.EmergencyAffordanceService took to complete: 0ms
06-20 13:36:12.839 688 688 D SystemServerTiming: OnBootPhase_600_com.android.server.blob.BlobStoreManagerService
06-20 13:36:12.875 688 688 V SystemServerTiming: OnBootPhase_600_com.android.server.blob.BlobStoreManagerService took to complete: 36ms
06-20 13:36:12.875 688 688 D SystemServerTiming: OnBootPhase_600_com.android.server.dreams.DreamManagerService
06-20 13:36:12.878 688 688 V SystemServerTiming: OnBootPhase_600_com.android.server.dreams.DreamManagerService took to complete: 2ms
06-20 13:36:12.878 688 688 D SystemServerTiming: OnBootPhase_600_com.android.server.security.AttestationVerificationManagerService
06-20 13:36:12.878 688 688 V SystemServerTiming: OnBootPhase_600_com.android.server.security.AttestationVerificationManagerService took to complete: 0ms
06-20 13:36:12.878 688 688 D SystemServerTiming: OnBootPhase_600_com.android.server.restrictions.RestrictionsManagerService
06-20 13:36:12.878 688 688 V SystemServerTiming: OnBootPhase_600_com.android.server.restrictions.RestrictionsManagerService took to complete: 0ms
06-20 13:36:12.878 688 688 D SystemServerTiming: OnBootPhase_600_com.android.server.media.MediaSessionService
06-20 13:36:12.878 688 688 V SystemServerTiming: OnBootPhase_600_com.android.server.media.MediaSessionService took to complete: 0ms
06-20 13:36:12.878 688 688 D SystemServerTiming: OnBootPhase_600_com.android.server.hdmi.HdmiControlService
06-20 13:36:12.878 688 688 V SystemServerTiming: OnBootPhase_600_com.android.server.hdmi.HdmiControlService took to complete: 0ms
06-20 13:36:12.878 688 688 D SystemServerTiming: OnBootPhase_600_com.android.server.tv.interactive.TvInteractiveAppManagerService
06-20 13:36:12.880 688 688 V SystemServerTiming: OnBootPhase_600_com.android.server.tv.interactive.TvInteractiveAppManagerService took to complete: 3ms
06-20 13:36:12.881 688 688 D SystemServerTiming: OnBootPhase_600_com.android.server.tv.TvInputManagerService
06-20 13:36:12.881 688 688 V SystemServerTiming: OnBootPhase_600_com.android.server.tv.TvInputManagerService took to complete: 1ms
06-20 13:36:12.881 688 688 D SystemServerTiming: OnBootPhase_600_com.android.server.media.MediaResourceMonitorService
06-20 13:36:12.881 688 688 V SystemServerTiming: OnBootPhase_600_com.android.server.media.MediaResourceMonitorService took to complete: 0ms
06-20 13:36:12.881 688 688 D SystemServerTiming: OnBootPhase_600_com.android.server.tv.TvRemoteService
06-20 13:36:12.881 688 688 V SystemServerTiming: OnBootPhase_600_com.android.server.tv.TvRemoteService took to complete: 0ms
06-20 13:36:12.881 688 688 D SystemServerTiming: OnBootPhase_600_com.android.server.biometrics.BiometricService
06-20 13:36:12.881 688 688 V SystemServerTiming: OnBootPhase_600_com.android.server.biometrics.BiometricService took to complete: 0ms
06-20 13:36:12.882 688 688 D SystemServerTiming: OnBootPhase_600_com.android.server.biometrics.AuthService
06-20 13:36:12.882 688 688 V SystemServerTiming: OnBootPhase_600_com.android.server.biometrics.AuthService took to complete: 0ms
06-20 13:36:12.882 688 688 D SystemServerTiming: OnBootPhase_600_com.android.server.pm.ShortcutService$Lifecycle
06-20 13:36:12.882 688 688 V SystemServerTiming: OnBootPhase_600_com.android.server.pm.ShortcutService$Lifecycle took to complete: 0ms
06-20 13:36:12.882 688 688 D SystemServerTiming: OnBootPhase_600_com.android.server.pm.LauncherAppsService
06-20 13:36:12.882 688 688 V SystemServerTiming: OnBootPhase_600_com.android.server.pm.LauncherAppsService took to complete: 0ms
06-20 13:36:12.882 688 688 D SystemServerTiming: OnBootPhase_600_com.android.server.pm.CrossProfileAppsService
06-20 13:36:12.882 688 688 V SystemServerTiming: OnBootPhase_600_com.android.server.pm.CrossProfileAppsService took to complete: 0ms
06-20 13:36:12.882 688 688 D SystemServerTiming: OnBootPhase_600_com.android.server.people.PeopleService
06-20 13:36:12.882 688 688 V SystemServerTiming: OnBootPhase_600_com.android.server.people.PeopleService took to complete: 0ms
06-20 13:36:12.882 688 688 D SystemServerTiming: OnBootPhase_600_com.android.server.media.metrics.MediaMetricsManagerService
06-20 13:36:12.882 688 688 V SystemServerTiming: OnBootPhase_600_com.android.server.media.metrics.MediaMetricsManagerService took to complete: 0ms
06-20 13:36:12.882 688 688 D SystemServerTiming: OnBootPhase_600_com.android.server.pm.BackgroundInstallControlService
06-20 13:36:12.882 688 688 V SystemServerTiming: OnBootPhase_600_com.android.server.pm.BackgroundInstallControlService took to complete: 0ms
06-20 13:36:12.882 688 688 D SystemServerTiming: OnBootPhase_600_com.android.server.media.projection.MediaProjectionManagerService
06-20 13:36:12.882 688 688 V SystemServerTiming: OnBootPhase_600_com.android.server.media.projection.MediaProjectionManagerService took to complete: 0ms
06-20 13:36:12.882 688 688 D SystemServerTiming: OnBootPhase_600_com.android.server.slice.SliceManagerService$Lifecycle
06-20 13:36:12.882 688 688 V SystemServerTiming: OnBootPhase_600_com.android.server.slice.SliceManagerService$Lifecycle took to complete: 0ms
06-20 13:36:12.882 688 688 D SystemServerTiming: OnBootPhase_600_com.android.server.stats.StatsCompanion$Lifecycle
06-20 13:36:12.885 688 928 E WebViewUpdateServiceImpl: Timed out waiting for relro creation, relros started 1 relros finished 0 package dirty? false
06-20 13:36:12.885 688 928 W WebViewUpdateServiceImpl: creating relro file timed out
06-20 13:36:12.886 688 928 D CompatibilityChangeReporter: Compat change id reported: 135634846; UID 10051; state: DISABLED
06-20 13:36:12.888 688 928 D CompatibilityChangeReporter: Compat change id reported: 177438394; UID 10051; state: DISABLED
06-20 13:36:12.889 688 928 D CompatibilityChangeReporter: Compat change id reported: 135772972; UID 10051; state: DISABLED
06-20 13:36:12.903 0 0 I [2 T216 ..] servicemanager: Found android.hardware.wifi.IWifi/default in device VINTF manifest.
06-20 13:36:12.893 688 928 D CompatibilityChangeReporter: Compat change id reported: 135754954; UID 10051; state: ENABLED
06-20 13:36:12.994 688 963 I ActivityManager: Process WebViewLoader-armeabi-v7a (pid 929) has died: psvc PER
06-20 13:36:13.023 688 711 D DisplayManagerService: Drop pending events for gone uid 1037
06-20 13:36:13.058 688 688 W SystemServiceManager: Service com.android.server.stats.StatsCompanion$Lifecycle took 177 ms in onBootPhase
06-20 13:36:13.058 688 688 V SystemServerTiming: OnBootPhase_600_com.android.server.stats.StatsCompanion$Lifecycle took to complete: 177ms
06-20 13:36:13.058 688 688 D SystemServerTiming: OnBootPhase_600_com.android.server.scheduling.RebootReadinessManagerService$Lifecycle
06-20 13:36:13.058 688 688 V SystemServerTiming: OnBootPhase_600_com.android.server.scheduling.RebootReadinessManagerService$Lifecycle took to complete: 0ms
06-20 13:36:13.058 688 688 D SystemServerTiming: OnBootPhase_600_com.android.server.stats.pull.StatsPullAtomService
06-20 13:36:13.058 688 688 V SystemServerTiming: OnBootPhase_600_com.android.server.stats.pull.StatsPullAtomService took to complete: 0ms
06-20 13:36:13.058 688 688 D SystemServerTiming: OnBootPhase_600_com.android.server.stats.bootstrap.StatsBootstrapAtomService$Lifecycle
06-20 13:36:13.058 688 688 V SystemServerTiming: OnBootPhase_600_com.android.server.stats.bootstrap.StatsBootstrapAtomService$Lifecycle took to complete: 0ms
06-20 13:36:13.059 688 688 D SystemServerTiming: OnBootPhase_600_com.android.server.incident.IncidentCompanionService
06-20 13:36:13.059 688 688 V SystemServerTiming: OnBootPhase_600_com.android.server.incident.IncidentCompanionService took to complete: 0ms
06-20 13:36:13.059 688 688 D SystemServerTiming: OnBootPhase_600_com.android.server.sdksandbox.SdkSandboxManagerService$Lifecycle
06-20 13:36:13.059 688 688 V SystemServerTiming: OnBootPhase_600_com.android.server.sdksandbox.SdkSandboxManagerService$Lifecycle took to complete: 0ms
06-20 13:36:13.059 688 688 D SystemServerTiming: OnBootPhase_600_com.android.server.adservices.AdServicesManagerService$Lifecycle
06-20 13:36:13.059 688 688 V SystemServerTiming: OnBootPhase_600_com.android.server.adservices.AdServicesManagerService$Lifecycle took to complete: 0ms
06-20 13:36:13.059 688 688 D SystemServerTiming: OnBootPhase_600_com.android.server.ondevicepersonalization.OnDevicePersonalizationSystemService$Lifecycle
06-20 13:36:13.059 688 688 V SystemServerTiming: OnBootPhase_600_com.android.server.ondevicepersonalization.OnDevicePersonalizationSystemService$Lifecycle took to complete: 0ms
06-20 13:36:13.059 688 688 D SystemServerTiming: OnBootPhase_600_com.android.server.autofill.AutofillManagerService
06-20 13:36:13.071 0 0 W : [1 T954 ..] [aml_android_priv_ioctl 128] vif idx=0 cmd=COUNTRY CN
06-20 13:36:13.072 0 0 W : [1 T595 ..] [aml_reg_notifier 6037] initiator=0, hint_type=0, alpha=00, region=0
06-20 13:36:13.073 0 0 W : [1 T595 ..] >>> aml_send_me_chan_config_req()
06-20 13:36:13.073 0 0 W : [1 T595 ..] >>> aml_send_msg()
06-20 13:36:13.061 688 688 V SystemServerTiming: OnBootPhase_600_com.android.server.autofill.AutofillManagerService took to complete: 2ms
06-20 13:36:13.061 688 688 D SystemServerTiming: OnBootPhase_600_com.android.server.clipboard.ClipboardService
06-20 13:36:13.061 688 688 V SystemServerTiming: OnBootPhase_600_com.android.server.clipboard.ClipboardService took to complete: 0ms
06-20 13:36:13.061 688 688 D SystemServerTiming: OnBootPhase_600_com.android.server.appbinding.AppBindingService$Lifecycle
06-20 13:36:13.075 0 0 W : [1 T895 ..] ipc_sdio_host_msgack_handler 000000004ab9d419
06-20 13:36:13.075 0 0 W : [1 T895 ..] [aml_msgackind 2039] msg ack hostid=0xffffff8047d3b400
06-20 13:36:13.076 0 0 W : [1 T895 ..] [cmd_mgr_llind 329] cmd tkn[19] flags:001a result: -4 cmd:5122-ME_CHAN_CONFIG_REQ - reqcfm(5123-ME_CHAN_CONFIG_CFM)
06-20 13:36:13.078 0 0 W : [1 T895 ..] [cmd_mgr_msgind 409] cmd tkn[19] flags:0012 result: -4 cmd:5122-ME_CHAN_CONFIG_REQ - reqcfm(5123-ME_CHAN_CONFIG_CFM)
06-20 13:36:13.080 0 0 W : [1 T895 ..] [cmd_complete 65] cmd tkn[19] flags:0002 result: -4 cmd:5122-ME_CHAN_CONFIG_REQ - reqcfm(5123-ME_CHAN_CONFIG_CFM)
06-20 13:36:13.070 587 587 I wificond: Regulatory domain changed to country: 00 on wiphy_index: 0
06-20 13:36:13.070 587 587 I wificond: UpdateBandInfo
06-20 13:36:13.074 587 587 I wificond: 2.4Ghz frequencies: 2412 2417 2422 2427 2432 2437 2442 2447 2452 2457 2462 2467 2472 2484
06-20 13:36:13.074 587 587 I wificond: 5Ghz non-DFS frequencies: 5180 5200 5220 5240 5745 5765 5785 5805 5825
06-20 13:36:13.074 587 587 I wificond: 5Ghz DFS frequencies: 5260 5280 5300 5320 5500 5520 5540 5560 5580 5600 5620 5640 5660 5680 5700 5720
06-20 13:36:13.074 587 587 I wificond: 6Ghz frequencies:
06-20 13:36:13.074 587 587 I wificond: 60Ghz frequencies:
06-20 13:36:13.074 688 963 D OomAdjuster: Not killing cached processes
06-20 13:36:13.086 0 0 W : [1 T28 ..] [aml_reg_notifier 6037] initiator=1, hint_type=0, alpha=CN, region=1
06-20 13:36:13.087 0 0 W : [1 T28 ..] >>> aml_send_me_chan_config_req()
06-20 13:36:13.087 0 0 W : [1 T28 ..] >>> aml_send_msg()
06-20 13:36:13.077 688 718 D StatsPullAtomService: Registering NetworkStats pullers with statsd
06-20 13:36:13.078 688 688 V SystemServerTiming: OnBootPhase_600_com.android.server.appbinding.AppBindingService$Lifecycle took to complete: 17ms
06-20 13:36:13.078 688 688 D SystemServerTiming: OnBootPhase_600_com.android.server.tracing.TracingServiceProxy
06-20 13:36:13.078 688 688 V SystemServerTiming: OnBootPhase_600_com.android.server.tracing.TracingServiceProxy took to complete: 0ms
06-20 13:36:13.078 688 688 D SystemServerTiming: OnBootPhase_600_com.android.server.policy.PermissionPolicyService
06-20 13:36:13.078 688 688 V SystemServerTiming: OnBootPhase_600_com.android.server.policy.PermissionPolicyService took to complete: 0ms
06-20 13:36:13.078 688 688 D SystemServerTiming: OnBootPhase_600_com.android.server.pm.StagingManager$Lifecycle
06-20 13:36:13.078 688 688 V SystemServerTiming: OnBootPhase_600_com.android.server.pm.StagingManager$Lifecycle took to complete: 0ms
06-20 13:36:13.078 688 688 D SystemServerTiming: OnBootPhase_600_com.android.server.app.GameManagerService$Lifecycle
06-20 13:36:13.078 688 688 V SystemServerTiming: OnBootPhase_600_com.android.server.app.GameManagerService$Lifecycle took to complete: 0ms
06-20 13:36:13.078 688 688 D SystemServerTiming: OnBootPhase_600_com.android.safetycenter.SafetyCenterService
06-20 13:36:13.078 688 688 V SystemServerTiming: OnBootPhase_600_com.android.safetycenter.SafetyCenterService took to complete: 0ms
06-20 13:36:13.078 688 688 D SystemServerTiming: OnBootPhase_600_com.android.server.appsearch.AppSearchModule$Lifecycle
06-20 13:36:13.078 688 688 V SystemServerTiming: OnBootPhase_600_com.android.server.appsearch.AppSearchModule$Lifecycle took to complete: 0ms
06-20 13:36:13.078 688 688 D SystemServerTiming: OnBootPhase_600_com.android.server.media.MediaCommunicationService
06-20 13:36:13.078 688 688 V SystemServerTiming: OnBootPhase_600_com.android.server.media.MediaCommunicationService took to complete: 0ms
06-20 13:36:13.078 688 688 D SystemServerTiming: OnBootPhase_600_com.android.server.compat.overrides.AppCompatOverridesService$Lifecycle
06-20 13:36:13.079 688 688 V SystemServerTiming: OnBootPhase_600_com.android.server.compat.overrides.AppCompatOverridesService$Lifecycle took to complete: 0ms
06-20 13:36:13.079 688 688 D SystemServerTiming: OnBootPhase_600_com.android.server.healthconnect.HealthConnectManagerService
06-20 13:36:13.079 688 688 V SystemServerTiming: OnBootPhase_600_com.android.server.healthconnect.HealthConnectManagerService took to complete: 0ms
06-20 13:36:13.079 688 688 D SystemServerTiming: OnBootPhase_600_com.android.server.devicelock.DeviceLockService
06-20 13:36:13.079 688 688 D DeviceLockService: onBootPhase: 600
06-20 13:36:13.079 688 688 V SystemServerTiming: OnBootPhase_600_com.android.server.devicelock.DeviceLockService took to complete: 0ms
06-20 13:36:13.079 688 688 V SystemServerTiming: OnBootPhase_600 took to complete: 592ms
06-20 13:36:13.079 688 688 V SystemServerTiming: PhaseThirdPartyAppsCanStart took to complete: 592ms
06-20 13:36:13.079 688 688 D SystemServerTiming: StartNetworkStack
06-20 13:36:13.089 0 0 W : [1 T895 ..] ipc_sdio_host_msgack_handler 00000000e9f398e6
06-20 13:36:13.089 0 0 W : [1 T895 ..] [aml_msgackind 2039] msg ack hostid=0xffffff8047d3b380
06-20 13:36:13.090 0 0 W : [1 T895 ..] [cmd_mgr_llind 329] cmd tkn[20] flags:001a result: -4 cmd:5122-ME_CHAN_CONFIG_REQ - reqcfm(5123-ME_CHAN_CONFIG_CFM)
06-20 13:36:13.092 0 0 W : [1 T895 ..] [cmd_mgr_msgind 409] cmd tkn[20] flags:0012 result: -4 cmd:5122-ME_CHAN_CONFIG_REQ - reqcfm(5123-ME_CHAN_CONFIG_CFM)
06-20 13:36:13.094 0 0 W : [1 T895 ..] [cmd_complete 65] cmd tkn[20] flags:0002 result: -4 cmd:5122-ME_CHAN_CONFIG_REQ - reqcfm(5123-ME_CHAN_CONFIG_CFM)
06-20 13:36:13.085 587 587 I wificond: Regulatory domain changed to country: CN on wiphy_index: 0
06-20 13:36:13.085 587 587 I wificond: UpdateBandInfo
