06-25 18:28:13.207 3453 3811 I virtual Data FFDemuxer::read(): read frame ret: End of file latestReceivedTime: 163259 getTotalTimeMillis: 7500 is exit: 0
06-25 18:28:13.207 3453 3811 I virtual Data FFDemuxer::read(): list smooth loop
06-25 18:28:13.214 3453 3811 I virtual StreamInfo FFDemuxer::getVideoStreamInfo(): video width: 1920 video height: 1080 video pixelFormat: 0 fps: 30
06-25 18:28:13.214 3453 3811 D virtual Data FFDemuxer::read(): open next url: /data/user/0/com.dangbei.lerad.screensaver/files/download/61/city_2.mp4
06-25 18:28:13.377 460 3819 I VDA : [0##11]"ServiceDeviceTask INs=288/295, OUTs=285/290"" {IN=7/8, OUT=8/13[kAtAccelerator(0) kAtDevice(5) kAtClient(8)]}"
06-25 18:28:14.006 460 3794 I DebugUtil: [0##11]in/out status {INS/OUTS=316(1)/305(0)}, pipeline status {IN=8/8, OUT=9/13[Component(0) Accelerator(4) Client(9)]}
06-25 18:28:14.090 471 496 I WifiHAL : call wifi_get_link_stats handler
06-25 18:28:14.091 471 496 I WifiHAL : Creating message to get link statistics; iface = 16
06-25 18:28:14.091 471 496 D WifiHAL : error code -95 mapped to -3
06-25 18:28:14.091 688 823 E WifiStaIfaceAidlImpl: getLinkLayerStats failed with service-specific exception: android.os.ServiceSpecificException: (code 4)
06-25 18:28:14.201 454 646 I audio_hw_hal_alsamgr: alsa format =0x1 delay frames =768 total frames=19014400
06-25 18:28:14.407 460 3819 I VDA : [0##11]"ServiceDeviceTask INs=320/327, OUTs=318/321"" {IN=7/8, OUT=10/13[kAtAccelerator(0) kAtDevice(3) kAtClient(10)]}"
06-25 18:28:14.408 3453 3792 D BufferPoolAccessor2.0: bufferpool2 0xe3f86688 : 8(12582912 size) total buffers - 8(12582912 size) used buffers - 0/9 (recycle/alloc) - 9/329 (fetch/transfer)
06-25 18:28:15.436 460 3819 I VDA : [0##11]"ServiceDeviceTask INs=351/358, OUTs=349/352"" {IN=7/8, OUT=10/13[kAtAccelerator(0) kAtDevice(3) kAtClient(10)]}"
06-25 18:28:16.238 688 784 D OomAdjuster: Not killing cached processes
06-25 18:28:16.242 1478 1478 D bbb : onStartCommand begin !!!!!!! data分区剩余 53782MB
06-25 18:28:16.308 1825 3789 D XM_HIDREAD: poll ret=1, event=1
06-25 18:28:16.308 1825 3789 D XM_HIDREAD: [9 bytes]:01 00 00 29 00 00 00 00 00
06-25 18:28:16.314 688 792 W SoundPool: Use of stream types is deprecated for operations other than volume control
06-25 18:28:16.314 688 792 W SoundPool: See the documentation of SoundPool() for what to use instead with android.media.AudioAttributes to qualify your playback use case
06-25 18:28:16.318 1904 1904 I SogouIME: onKeyDown: keyoCode=4
06-25 18:28:16.318 1904 1904 I DefaultIMS: onKeyDown: keyoCode=4
06-25 18:28:16.327 581 628 I AmFFmpegByteIOAdapter: File size : 13195
06-25 18:28:16.328 581 581 I AmFFmpegByteIOAdapter: File size : 12971
06-25 18:28:16.328 581 628 W exFFmpeg: Invalid return value 0 for stream protocol
06-25 18:28:16.328 581 628 W exFFmpeg: Invalid return value 0 for stream protocol
06-25 18:28:16.329 581 581 W exFFmpeg: Invalid return value 0 for stream protocol
06-25 18:28:16.329 581 581 W exFFmpeg: Invalid return value 0 for stream protocol
06-25 18:28:16.330 581 581 I AmFFmpegExtractor: checkInList: iswhite:0, mime:audio/ogg, type:1, id:86021 tag:0
06-25 18:28:16.330 581 581 I AmFFmpegExtractor: checkInList: iswhite:1, mime:audio/ogg, type:1, id:86021 tag:0
06-25 18:28:16.330 581 581 E AmFFmpegExtractor: codec_ctx->properties: 0
06-25 18:28:16.330 581 581 I AmFFmpegExtractor: checkSupportInList ret 1
06-25 18:28:16.331 581 628 I AmFFmpegExtractor: checkInList: iswhite:0, mime:audio/ogg, type:1, id:86021 tag:0
06-25 18:28:16.332 581 628 I AmFFmpegExtractor: checkInList: iswhite:1, mime:audio/ogg, type:1, id:86021 tag:0
06-25 18:28:16.333 581 628 E AmFFmpegExtractor: codec_ctx->properties: 0
06-25 18:28:16.333 581 628 I AmFFmpegExtractor: checkSupportInList ret 1
06-25 18:28:16.334 581 581 I AmFFmpegExtractor: checkInList: iswhite:0, mime:audio/ogg, type:1, id:86021 tag:0
06-25 18:28:16.334 581 581 I AmFFmpegExtractor: checkInList: iswhite:1, mime:audio/ogg, type:1, id:86021 tag:0
06-25 18:28:16.334 581 581 E AmFFmpegExtractor: codec_ctx->properties: 0
06-25 18:28:16.334 581 581 I AmFFmpegExtractor: checkSupportInList ret 0
06-25 18:28:16.334 581 581 E AmFFmpegExtractor: vendor do not support
06-25 18:28:16.337 581 628 I AmFFmpegExtractor: checkInList: iswhite:0, mime:audio/ogg, type:1, id:86021 tag:0
06-25 18:28:16.337 581 628 I AmFFmpegExtractor: checkInList: iswhite:1, mime:audio/ogg, type:1, id:86021 tag:0
06-25 18:28:16.337 581 628 E AmFFmpegExtractor: codec_ctx->properties: 0
06-25 18:28:16.337 581 628 I AmFFmpegExtractor: checkSupportInList ret 0
06-25 18:28:16.337 581 628 E AmFFmpegExtractor: vendor do not support
06-25 18:28:16.338 1409 1409 W WindowOnBackDispatcher: sendCancelIfRunning: isInProgress=falsecallback=android.view.ViewRootImpl$$ExternalSyntheticLambda17@b5dda5c
06-25 18:28:16.339 688 1641 D CoreBackPreview: Window{6d590f4 u0 com.dangbei.leard.leradlauncher}: Setting back callback null
06-25 18:28:16.341 688 1641 W InputManager-JNI: Input channel object '6d590f4 com.dangbei.leard.leradlauncher (client)' was disposed without first being removed with the input manager!
06-25 18:28:16.348 688 3838 D MediaCodecList: codecHandlesFormat: no format, so no extra checks
06-25 18:28:16.354 688 3841 D CCodec : allocate(c2.android.vorbis.decoder)
06-25 18:28:16.355 688 713 V WindowManager: Unknown focus tokens, dropping reportFocusChanged
06-25 18:28:16.357 688 3841 I CCodec : setting up 'default' as default (vendor) store
06-25 18:28:16.358 688 3837 D MediaCodecList: codecHandlesFormat: no format, so no extra checks
06-25 18:28:16.360 688 3842 D CCodec : allocate(c2.android.vorbis.decoder)
06-25 18:28:16.361 688 3841 I CCodec : Created component [c2.android.vorbis.decoder]
06-25 18:28:16.361 688 3841 D CCodecConfig: read media type: audio/vorbis
06-25 18:28:16.363 688 3842 I CCodec : setting up 'default' as default (vendor) store
06-25 18:28:16.365 688 3842 I CCodec : Created component [c2.android.vorbis.decoder]
06-25 18:28:16.365 688 3842 D CCodecConfig: read media type: audio/vorbis
06-25 18:28:16.367 688 3841 D ReflectedParamUpdater: extent() != 1 for single value type: algo.buffers.max-count.values
06-25 18:28:16.367 688 3841 D ReflectedParamUpdater: extent() != 1 for single value type: output.subscribed-indices.values
06-25 18:28:16.368 688 3841 D ReflectedParamUpdater: extent() != 1 for single value type: input.buffers.allocator-ids.values
06-25 18:28:16.368 688 3841 D ReflectedParamUpdater: extent() != 1 for single value type: output.buffers.allocator-ids.values
06-25 18:28:16.370 688 3842 D ReflectedParamUpdater: extent() != 1 for single value type: algo.buffers.max-count.values
06-25 18:28:16.371 688 3841 D ReflectedParamUpdater: extent() != 1 for single value type: algo.buffers.allocator-ids.values
06-25 18:28:16.371 688 3841 D ReflectedParamUpdater: extent() != 1 for single value type: output.buffers.pool-ids.values
06-25 18:28:16.371 688 3841 D ReflectedParamUpdater: extent() != 1 for single value type: algo.buffers.pool-ids.values
06-25 18:28:16.373 688 1641 D CompatibilityChangeReporter: Compat change id reported: 214016041; UID 10044; state: ENABLED
06-25 18:28:16.373 688 1641 I ImeTracker: com.dangbei.lerad.screensaver:172e2464: onRequestHide at ORIGIN_SERVER_HIDE_INPUT reason HIDE_UNSPECIFIED_WINDOW
06-25 18:28:16.374 688 1641 I ImeTracker: com.dangbei.lerad.screensaver:172e2464: onCancelled at PHASE_SERVER_SHOULD_HIDE
06-25 18:28:16.374 688 3841 I CCodecConfig: query failed after returning 7 values (BAD_INDEX)
06-25 18:28:16.374 688 3841 D CCodecConfig: c2 config diff is Dict {
06-25 18:28:16.374 688 3841 D CCodecConfig: c2::u32 coded.bitrate.value = 64000
06-25 18:28:16.374 688 3841 D CCodecConfig: c2::u32 input.buffers.max-size.value = 32768
06-25 18:28:16.374 688 3841 D CCodecConfig: c2::u32 input.delay.value = 0
06-25 18:28:16.374 688 3841 D CCodecConfig: string input.media-type.value = "audio/vorbis"
06-25 18:28:16.374 688 3841 D CCodecConfig: string output.media-type.value = "audio/raw"
06-25 18:28:16.374 688 3841 D CCodecConfig: c2::u32 raw.channel-count.value = 1
06-25 18:28:16.374 688 3841 D CCodecConfig: c2::u32 raw.sample-rate.value = 48000
06-25 18:28:16.374 688 3841 D CCodecConfig: }
06-25 18:28:16.377 688 3842 D ReflectedParamUpdater: extent() != 1 for single value type: output.subscribed-indices.values
06-25 18:28:16.378 688 3842 D ReflectedParamUpdater: extent() != 1 for single value type: input.buffers.allocator-ids.values
06-25 18:28:16.379 1904 1904 I DefaultIMS: onStartInput attribute=android.view.inputmethod.EditorInfo@5079758 restarting=false inputType: 0
06-25 18:28:16.379 688 3842 D ReflectedParamUpdater: extent() != 1 for single value type: output.buffers.allocator-ids.values
06-25 18:28:16.379 688 3842 D ReflectedParamUpdater: extent() != 1 for single value type: algo.buffers.allocator-ids.values
06-25 18:28:16.380 688 3842 D ReflectedParamUpdater: extent() != 1 for single value type: output.buffers.pool-ids.values
06-25 18:28:16.380 688 3841 D MediaCodec: flushMediametrics
06-25 18:28:16.380 688 3842 D ReflectedParamUpdater: extent() != 1 for single value type: algo.buffers.pool-ids.values
06-25 18:28:16.380 688 3841 D CCodec : [c2.android.vorbis.decoder] buffers are bound to CCodec for this session
06-25 18:28:16.380 688 3841 D CCodecConfig: no c2 equivalents for durationUs
06-25 18:28:16.380 688 3841 D CCodecConfig: no c2 equivalents for track-id
06-25 18:28:16.380 688 3841 D CCodecConfig: no c2 equivalents for csd-1
06-25 18:28:16.380 688 3841 D CCodecConfig: no c2 equivalents for flags
06-25 18:28:16.381 688 3841 D CCodecConfig: c2 config diff is c2::u32 coded.bitrate.value = 112000
06-25 18:28:16.381 688 3841 D CCodecConfig: c2::u32 raw.channel-count.value = 2
06-25 18:28:16.381 688 3841 D CCodecConfig: c2::u32 raw.sample-rate.value = 44100
06-25 18:28:16.382 688 3842 I CCodecConfig: query failed after returning 7 values (BAD_INDEX)
06-25 18:28:16.382 688 3842 D CCodecConfig: c2 config diff is Dict {
06-25 18:28:16.382 688 3842 D CCodecConfig: c2::u32 coded.bitrate.value = 64000
06-25 18:28:16.382 688 3842 D CCodecConfig: c2::u32 input.buffers.max-size.value = 32768
06-25 18:28:16.382 688 3842 D CCodecConfig: c2::u32 input.delay.value = 0
06-25 18:28:16.382 688 3842 D CCodecConfig: string input.media-type.value = "audio/vorbis"
06-25 18:28:16.382 688 3842 D CCodecConfig: string output.media-type.value = "audio/raw"
06-25 18:28:16.382 688 3842 D CCodecConfig: c2::u32 raw.channel-count.value = 1
06-25 18:28:16.382 688 3842 D CCodecConfig: c2::u32 raw.sample-rate.value = 48000
06-25 18:28:16.382 688 3842 D CCodecConfig: }
06-25 18:28:16.382 688 3841 W Codec2Client: query -- param skipped: index = 1107298332.
06-25 18:28:16.382 688 3841 D CCodec : encoding statistics level = 0
06-25 18:28:16.382 688 3841 D CCodec : setup formats input: AMessage(what = 0x00000000) = {
06-25 18:28:16.382 688 3841 D CCodec : int32_t bitrate = 112000
06-25 18:28:16.382 688 3841 D CCodec : int32_t channel-count = 2
06-25 18:28:16.382 688 3841 D CCodec : int32_t max-input-size = 32768
06-25 18:28:16.382 688 3841 D CCodec : string mime = "audio/vorbis"
06-25 18:28:16.382 688 3841 D CCodec : int32_t sample-rate = 44100
06-25 18:28:16.382 688 3841 D CCodec : }
06-25 18:28:16.383 688 3841 D CCodec : setup formats output: AMessage(what = 0x00000000) = {
06-25 18:28:16.383 688 3841 D CCodec : int32_t channel-count = 2
06-25 18:28:16.383 688 3841 D CCodec : string mime = "audio/raw"
06-25 18:28:16.383 688 3841 D CCodec : int32_t sample-rate = 44100
06-25 18:28:16.383 688 3841 D CCodec : int32_t channel-mask = 3
06-25 18:28:16.383 688 3841 D CCodec : int32_t android._config-pcm-encoding = 2
06-25 18:28:16.383 688 3841 D CCodec : }
06-25 18:28:16.383 688 3841 I CCodecConfig: query failed after returning 7 values (BAD_INDEX)
06-25 18:28:16.388 688 3842 D MediaCodec: flushMediametrics
06-25 18:28:16.389 688 3842 D CCodec : [c2.android.vorbis.decoder] buffers are bound to CCodec for this session
06-25 18:28:16.389 688 3842 D CCodecConfig: no c2 equivalents for durationUs
06-25 18:28:16.389 688 3842 D CCodecConfig: no c2 equivalents for track-id
06-25 18:28:16.389 688 3842 D CCodecConfig: no c2 equivalents for csd-1
06-25 18:28:16.389 688 3842 D CCodecConfig: no c2 equivalents for flags
06-25 18:28:16.390 688 3841 W Codec2Client: query -- param skipped: index = 1342179345.
06-25 18:28:16.390 688 3841 W Codec2Client: query -- param skipped: index = 2415921170.
06-25 18:28:16.390 688 3842 D CCodecConfig: c2 config diff is c2::u32 coded.bitrate.value = 112000
06-25 18:28:16.390 688 3842 D CCodecConfig: c2::u32 raw.channel-count.value = 2
06-25 18:28:16.390 688 3842 D CCodecConfig: c2::u32 raw.sample-rate.value = 44100
06-25 18:28:16.391 688 3842 W Codec2Client: query -- param skipped: index = 1107298332.
06-25 18:28:16.391 591 631 D BufferPoolAccessor2.0: bufferpool2 0xec9c3bc8 : 0(0 size) total buffers - 0(0 size) used buffers - 8/10 (recycle/alloc) - 2/9 (fetch/transfer)
06-25 18:28:16.391 688 3842 D CCodec : encoding statistics level = 0
06-25 18:28:16.391 591 631 D BufferPoolAccessor2.0: Destruction - bufferpool2 0xec9c3bc8 cached: 0/0M, 0/0% in use; allocs: 10, 80% recycled; transfers: 9, 78% unfetched
06-25 18:28:16.391 688 3842 D CCodec : setup formats input: AMessage(what = 0x00000000) = {
06-25 18:28:16.391 688 3842 D CCodec : int32_t bitrate = 112000
06-25 18:28:16.391 688 3842 D CCodec : int32_t channel-count = 2
06-25 18:28:16.391 688 3842 D CCodec : int32_t max-input-size = 32768
06-25 18:28:16.391 688 3842 D CCodec : string mime = "audio/vorbis"
06-25 18:28:16.391 688 3842 D CCodec : int32_t sample-rate = 44100
06-25 18:28:16.391 688 3842 D CCodec : }
06-25 18:28:16.391 688 3842 D CCodec : setup formats output: AMessage(what = 0x00000000) = {
06-25 18:28:16.391 688 3842 D CCodec : int32_t channel-count = 2
06-25 18:28:16.391 688 3842 D CCodec : string mime = "audio/raw"
06-25 18:28:16.391 688 3842 D CCodec : int32_t sample-rate = 44100
06-25 18:28:16.391 688 3842 D CCodec : int32_t channel-mask = 3
06-25 18:28:16.391 688 3842 D CCodec : int32_t android._config-pcm-encoding = 2
06-25 18:28:16.391 688 3842 D CCodec : }
06-25 18:28:16.392 591 1126 D BufferPoolAccessor2.0: bufferpool2 0xec9c17c8 : 0(0 size) total buffers - 0(0 size) used buffers - 5/7 (recycle/alloc) - 2/6 (fetch/transfer)
06-25 18:28:16.392 591 1126 D BufferPoolAccessor2.0: Destruction - bufferpool2 0xec9c17c8 cached: 0/0M, 0/0% in use; allocs: 7, 71% recycled; transfers: 6, 67% unfetched
06-25 18:28:16.392 591 630 D BufferPoolAccessor2.0: bufferpool2 0xec9c18e8 : 0(0 size) total buffers - 0(0 size) used buffers - 8/10 (recycle/alloc) - 3/9 (fetch/transfer)
06-25 18:28:16.392 688 3842 I CCodecConfig: query failed after returning 7 values (BAD_INDEX)
06-25 18:28:16.392 591 630 D BufferPoolAccessor2.0: Destruction - bufferpool2 0xec9c18e8 cached: 0/0M, 0/0% in use; allocs: 10, 80% recycled; transfers: 9, 67% unfetched
06-25 18:28:16.392 591 1144 D BufferPoolAccessor2.0: bufferpool2 0xec9c2668 : 0(0 size) total buffers - 0(0 size) used buffers - 7/11 (recycle/alloc) - 4/10 (fetch/transfer)
06-25 18:28:16.392 591 1144 D BufferPoolAccessor2.0: Destruction - bufferpool2 0xec9c2668 cached: 0/0M, 0/0% in use; allocs: 11, 64% recycled; transfers: 10, 60% unfetched
06-25 18:28:16.392 591 630 D BufferPoolAccessor2.0: bufferpool2 0xec9c31a8 : 0(0 size) total buffers - 0(0 size) used buffers - 12/15 (recycle/alloc) - 3/14 (fetch/transfer)
06-25 18:28:16.392 688 3841 D CCodecBufferChannel: [c2.android.vorbis.decoder#690] Created input block pool with allocatorID 16 => poolID 23 - OK (0)
06-25 18:28:16.392 591 630 D BufferPoolAccessor2.0: bufferpool2 0xec9c04a8 : 0(0 size) total buffers - 0(0 size) used buffers - 13/15 (recycle/alloc) - 2/14 (fetch/transfer)
06-25 18:28:16.392 591 1144 D BufferPoolAccessor2.0: Destruction - bufferpool2 0xec9c31a8 cached: 0/0M, 0/0% in use; allocs: 15, 80% recycled; transfers: 14, 79% unfetched
06-25 18:28:16.392 591 630 D BufferPoolAccessor2.0: Destruction - bufferpool2 0xec9c04a8 cached: 0/0M, 0/0% in use; allocs: 15, 87% recycled; transfers: 14, 86% unfetched
06-25 18:28:16.393 688 3842 W Codec2Client: query -- param skipped: index = 1342179345.
06-25 18:28:16.393 688 3842 W Codec2Client: query -- param skipped: index = 2415921170.
06-25 18:28:16.394 688 3842 D CCodecBufferChannel: [c2.android.vorbis.decoder#536] Created input block pool with allocatorID 16 => poolID 24 - OK (0)
06-25 18:28:16.394 688 1167 D BufferPoolAccessor2.0: bufferpool2 0xb8d1cd68 : 0(0 size) total buffers - 0(0 size) used buffers - 1/7 (recycle/alloc) - 5/24 (fetch/transfer)
06-25 18:28:16.394 688 1167 D BufferPoolAccessor2.0: Destruction - bufferpool2 0xb8d1cd68 cached: 0/0M, 0/0% in use; allocs: 7, 14% recycled; transfers: 24, 79% unfetched
06-25 18:28:16.395 688 1167 D BufferPoolAccessor2.0: bufferpool2 0xb8d189e8 : 0(0 size) total buffers - 0(0 size) used buffers - 2/7 (recycle/alloc) - 5/18 (fetch/transfer)
06-25 18:28:16.395 688 1167 D BufferPoolAccessor2.0: Destruction - bufferpool2 0xb8d189e8 cached: 0/0M, 0/0% in use; allocs: 7, 29% recycled; transfers: 18, 72% unfetched
06-25 18:28:16.395 688 1178 D BufferPoolAccessor2.0: bufferpool2 0xb8d1e508 : 0(0 size) total buffers - 0(0 size) used buffers - 2/7 (recycle/alloc) - 5/26 (fetch/transfer)
06-25 18:28:16.395 688 1178 D BufferPoolAccessor2.0: Destruction - bufferpool2 0xb8d1e508 cached: 0/0M, 0/0% in use; allocs: 7, 29% recycled; transfers: 26, 81% unfetched
06-25 18:28:16.395 688 761 D BufferPoolAccessor2.0: bufferpool2 0xb8d0be48 : 0(0 size) total buffers - 0(0 size) used buffers - 2/7 (recycle/alloc) - 5/34 (fetch/transfer)
06-25 18:28:16.396 688 761 D BufferPoolAccessor2.0: Destruction - bufferpool2 0xb8d0be48 cached: 0/0M, 0/0% in use; allocs: 7, 29% recycled; transfers: 34, 85% unfetched
06-25 18:28:16.396 688 1167 D BufferPoolAccessor2.0: bufferpool2 0xb8d1b388 : 0(0 size) total buffers - 0(0 size) used buffers - 2/7 (recycle/alloc) - 5/34 (fetch/transfer)
06-25 18:28:16.396 688 1167 D BufferPoolAccessor2.0: Destruction - bufferpool2 0xb8d1b388 cached: 0/0M, 0/0% in use; allocs: 7, 29% recycled; transfers: 34, 85% unfetched
06-25 18:28:16.396 688 1184 D BufferPoolAccessor2.0: bufferpool2 0xb8d140c8 : 0(0 size) total buffers - 0(0 size) used buffers - 2/7 (recycle/alloc) - 5/24 (fetch/transfer)
06-25 18:28:16.396 688 1184 D BufferPoolAccessor2.0: Destruction - bufferpool2 0xb8d140c8 cached: 0/0M, 0/0% in use; allocs: 7, 29% recycled; transfers: 24, 79% unfetched
06-25 18:28:16.397 688 3841 I CCodecBufferChannel: [c2.android.vorbis.decoder#690] Created output block pool with allocatorID 16 => poolID 23 - OK
06-25 18:28:16.397 688 3841 D CCodecBufferChannel: [c2.android.vorbis.decoder#690] Configured output block pool ids 23 => OK
06-25 18:28:16.397 688 3842 I CCodecBufferChannel: [c2.android.vorbis.decoder#536] Created output block pool with allocatorID 16 => poolID 24 - OK
06-25 18:28:16.398 688 3842 D CCodecBufferChannel: [c2.android.vorbis.decoder#536] Configured output block pool ids 24 => OK
06-25 18:28:16.398 460 460 I C2VendorComponentStore: setDmaBufUsage 5
06-25 18:28:16.401 591 3843 D SimpleC2Component: Using output block pool with poolID 23 => got 23 - 0
06-25 18:28:16.403 591 3844 D SimpleC2Component: Using output block pool with poolID 24 => got 24 - 0
06-25 18:28:16.412 460 460 I C2VendorComponentStore: setDmaBufUsage 5
06-25 18:28:16.445 688 3842 D CCodecBufferChannel: [c2.android.vorbis.decoder#536] MediaCodec discarded an unknown buffer
06-25 18:28:16.447 688 3842 I hw-BpHwBinder: onLastStrongRef automatically unlinking death recipients
06-25 18:28:16.447 591 631 I hw-BpHwBinder: onLastStrongRef automatically unlinking death recipients
06-25 18:28:16.448 688 711 W ContextImpl: Calling a method in the system process without a qualified user: android.app.ContextImpl.startService:1899 com.android.server.wm.DisplayPolicy.lambda$focusChangedLw$5:2126 com.android.server.wm.DisplayPolicy.$r8$lambda$Znxk63oh-WzVnzo_WQefN7uxV48:0 com.android.server.wm.DisplayPolicy$$ExternalSyntheticLambda13.run:0 android.os.Handler.handleCallback:958
06-25 18:28:16.448 688 3837 D MediaCodec: flushMediametrics
06-25 18:28:16.451 1425 1425 D aaa : LedStatusService onStartCommand begin
06-25 18:28:16.454 1425 3849 D aaa : topPkg is -------------- :com.dangbei.lerad.screensaver
06-25 18:28:16.456 1425 3849 D aaa : WiFi is connect
06-25 18:28:16.464 460 3819 I VDA : [0##11]"ServiceDeviceTask INs=381/388, OUTs=379/383"" {IN=7/8, OUT=9/13[kAtAccelerator(0) kAtDevice(4) kAtClient(9)]}"
06-25 18:28:16.464 688 3841 D CCodecBufferChannel: [c2.android.vorbis.decoder#690] MediaCodec discarded an unknown buffer
06-25 18:28:16.464 688 3841 D CCodecBufferChannel: [c2.android.vorbis.decoder#690] MediaCodec discarded an unknown buffer
06-25 18:28:16.467 688 3841 I hw-BpHwBinder: onLastStrongRef automatically unlinking death recipients
06-25 18:28:16.468 591 631 I hw-BpHwBinder: onLastStrongRef automatically unlinking death recipients
06-25 18:28:16.468 591 631 I hw-BpHwBinder: onLastStrongRef automatically unlinking death recipients
06-25 18:28:16.469 581 581 I AmFFmpegByteIOAdapter: File size : 13299
06-25 18:28:16.472 688 3838 D MediaCodec: flushMediametrics
06-25 18:28:16.472 581 581 W exFFmpeg: Invalid return value 0 for stream protocol
06-25 18:28:16.472 581 581 W exFFmpeg: Invalid return value 0 for stream protocol
06-25 18:28:16.472 581 581 I AmFFmpegExtractor: checkInList: iswhite:0, mime:audio/ogg, type:1, id:86021 tag:0
06-25 18:28:16.472 581 581 I AmFFmpegExtractor: checkInList: iswhite:1, mime:audio/ogg, type:1, id:86021 tag:0
06-25 18:28:16.472 581 581 E AmFFmpegExtractor: codec_ctx->properties: 0
06-25 18:28:16.472 581 581 I AmFFmpegExtractor: checkSupportInList ret 1
06-25 18:28:16.475 581 581 I AmFFmpegExtractor: checkInList: iswhite:0, mime:audio/ogg, type:1, id:86021 tag:0
06-25 18:28:16.475 581 581 I AmFFmpegExtractor: checkInList: iswhite:1, mime:audio/ogg, type:1, id:86021 tag:0
06-25 18:28:16.475 581 581 E AmFFmpegExtractor: codec_ctx->properties: 0
06-25 18:28:16.475 581 581 I AmFFmpegExtractor: checkSupportInList ret 0
06-25 18:28:16.475 581 581 E AmFFmpegExtractor: vendor do not support
06-25 18:28:16.481 688 3837 D MediaCodecList: codecHandlesFormat: no format, so no extra checks
06-25 18:28:16.484 688 3851 D CCodec : allocate(c2.android.vorbis.decoder)
06-25 18:28:16.486 688 3851 I CCodec : setting up 'default' as default (vendor) store
06-25 18:28:16.489 688 3851 I CCodec : Created component [c2.android.vorbis.decoder]
06-25 18:28:16.490 688 3851 D CCodecConfig: read media type: audio/vorbis
06-25 18:28:16.492 688 3851 D ReflectedParamUpdater: extent() != 1 for single value type: algo.buffers.max-count.values
06-25 18:28:16.492 688 3851 D ReflectedParamUpdater: extent() != 1 for single value type: output.subscribed-indices.values
06-25 18:28:16.492 688 3851 D ReflectedParamUpdater: extent() != 1 for single value type: input.buffers.allocator-ids.values
06-25 18:28:16.492 688 3851 D ReflectedParamUpdater: extent() != 1 for single value type: output.buffers.allocator-ids.values
06-25 18:28:16.492 688 3851 D ReflectedParamUpdater: extent() != 1 for single value type: algo.buffers.allocator-ids.values
06-25 18:28:16.493 688 3851 D ReflectedParamUpdater: extent() != 1 for single value type: output.buffers.pool-ids.values
06-25 18:28:16.493 688 3851 D ReflectedParamUpdater: extent() != 1 for single value type: algo.buffers.pool-ids.values
06-25 18:28:16.494 688 3851 I CCodecConfig: query failed after returning 7 values (BAD_INDEX)
06-25 18:28:16.494 688 3851 D CCodecConfig: c2 config diff is Dict {
06-25 18:28:16.494 688 3851 D CCodecConfig: c2::u32 coded.bitrate.value = 64000
06-25 18:28:16.494 688 3851 D CCodecConfig: c2::u32 input.buffers.max-size.value = 32768
06-25 18:28:16.494 688 3851 D CCodecConfig: c2::u32 input.delay.value = 0
06-25 18:28:16.494 688 3851 D CCodecConfig: string input.media-type.value = "audio/vorbis"
06-25 18:28:16.494 688 3851 D CCodecConfig: string output.media-type.value = "audio/raw"
06-25 18:28:16.494 688 3851 D CCodecConfig: c2::u32 raw.channel-count.value = 1
06-25 18:28:16.494 688 3851 D CCodecConfig: c2::u32 raw.sample-rate.value = 48000
06-25 18:28:16.494 688 3851 D CCodecConfig: }
06-25 18:28:16.498 688 3851 D MediaCodec: flushMediametrics
06-25 18:28:16.498 688 3851 D CCodec : [c2.android.vorbis.decoder] buffers are bound to CCodec for this session
06-25 18:28:16.498 688 3851 D CCodecConfig: no c2 equivalents for durationUs
06-25 18:28:16.499 688 3851 D CCodecConfig: no c2 equivalents for track-id
06-25 18:28:16.499 688 3851 D CCodecConfig: no c2 equivalents for csd-1
06-25 18:28:16.500 688 3851 D CCodecConfig: no c2 equivalents for flags
06-25 18:28:16.505 688 3851 D CCodecConfig: c2 config diff is c2::u32 coded.bitrate.value = 112000
06-25 18:28:16.505 688 3851 D CCodecConfig: c2::u32 raw.channel-count.value = 2
06-25 18:28:16.505 688 3851 D CCodecConfig: c2::u32 raw.sample-rate.value = 44100
06-25 18:28:16.506 688 3851 W Codec2Client: query -- param skipped: index = 1107298332.
06-25 18:28:16.507 688 3851 D CCodec : encoding statistics level = 0
06-25 18:28:16.507 688 3851 D CCodec : setup formats input: AMessage(what = 0x00000000) = {
06-25 18:28:16.507 688 3851 D CCodec : int32_t bitrate = 112000
06-25 18:28:16.507 688 3851 D CCodec : int32_t channel-count = 2
06-25 18:28:16.507 688 3851 D CCodec : int32_t max-input-size = 32768
06-25 18:28:16.507 688 3851 D CCodec : string mime = "audio/vorbis"
06-25 18:28:16.507 688 3851 D CCodec : int32_t sample-rate = 44100
06-25 18:28:16.507 688 3851 D CCodec : }
06-25 18:28:16.507 688 3851 D CCodec : setup formats output: AMessage(what = 0x00000000) = {
06-25 18:28:16.507 688 3851 D CCodec : int32_t channel-count = 2
06-25 18:28:16.507 688 3851 D CCodec : string mime = "audio/raw"
06-25 18:28:16.507 688 3851 D CCodec : int32_t sample-rate = 44100
06-25 18:28:16.507 688 3851 D CCodec : int32_t channel-mask = 3
06-25 18:28:16.507 688 3851 D CCodec : int32_t android._config-pcm-encoding = 2
06-25 18:28:16.507 688 3851 D CCodec : }
06-25 18:28:16.507 688 3851 I CCodecConfig: query failed after returning 7 values (BAD_INDEX)
06-25 18:28:16.507 688 3851 W Codec2Client: query -- param skipped: index = 1342179345.
06-25 18:28:16.508 688 3851 W Codec2Client: query -- param skipped: index = 2415921170.
06-25 18:28:16.509 688 3851 D CCodecBufferChannel: [c2.android.vorbis.decoder#333] Created input block pool with allocatorID 16 => poolID 25 - OK (0)
06-25 18:28:16.510 688 3851 I CCodecBufferChannel: [c2.android.vorbis.decoder#333] Created output block pool with allocatorID 16 => poolID 25 - OK
06-25 18:28:16.511 688 3851 D CCodecBufferChannel: [c2.android.vorbis.decoder#333] Configured output block pool ids 25 => OK
06-25 18:28:16.511 460 460 I C2VendorComponentStore: setDmaBufUsage 5
06-25 18:28:16.513 591 3852 D SimpleC2Component: Using output block pool with poolID 25 => got 25 - 0
06-25 18:28:16.521 460 460 I C2VendorComponentStore: setDmaBufUsage 5
06-25 18:28:16.533 1825 3789 D XM_HIDREAD: poll ret=1, event=1
06-25 18:28:16.533 1825 3789 D XM_HIDREAD: [9 bytes]:01 00 00 00 00 00 00 00 00
06-25 18:28:16.534 688 711 D AutofillManagerService: onBackKeyPressed()
06-25 18:28:16.536 688 711 D AutofillManagerServiceImpl: Reset component for user 0:null
06-25 18:28:16.539 688 711 D AutofillUI: destroySaveUiUiThread(): already destroyed
06-25 18:28:16.539 1904 1904 I SogouIME: onKeyUp: keyoCode=4
06-25 18:28:16.539 1904 1904 I DefaultIMS: onKeyUp: keyoCode=4
06-25 18:28:16.547 3453 3453 D VRI[DreamActivity]: changeCanvasOpacity: opaque=false
06-25 18:28:16.548 907 980 V WindowManagerShell: Transition requested: android.os.BinderProxy@1018e2b TransitionRequestInfo { type = 3, triggerTask = null, remoteTransition = null, displayChange = null, flags = 0 }
06-25 18:28:16.557 688 754 I DreamManagerService: Gently waking up from dream.
06-25 18:28:16.558 3453 3453 D VRI[DreamActivity]: changeCanvasOpacity: opaque=false
06-25 18:28:16.560 688 753 V WindowManager: app ------------- force_land :0
06-25 18:28:16.563 1409 1645 E OpenGLRenderer: Unable to match the desired swap behavior.
06-25 18:28:16.565 688 905 V WindowManager: app ------------- force_land :0
06-25 18:28:16.570 248 248 I BpBinder: onLastStrongRef automatically unlinking death recipients:
06-25 18:28:16.581 3453 3493 W SQLiteLog: (28) double-quoted string literal: "CoRiVtHO8PPeJXI+AJ2NqU/c0vnHXeMu+dXMEKnRnnG1hj732m0rJzo6+F5Rx2eQW6LqVpeuv6oU
06-25 18:28:16.581 3453 3493 W SQLiteLog: mDHjYLTT2kNFzv8DWWr9H57uB2MjoIwpbeyvLlRcYEB2+jToAaMFQ1Mz0fSfKKJXRlNEHqlGp+nw
06-25 18:28:16.581 3453 3493 W SQLiteLog: 3lskAnzm19J995NhzsfHEmzY
06-25 18:28:16.581 3453 3493 W SQLiteLog: (28) double-quoted string literal: "3A2F25BFA2E1AD439E5013E415181EB6"
06-25 18:28:16.618 688 3851 D CCodecBufferChannel: [c2.android.vorbis.decoder#333] MediaCodec discarded an unknown buffer
06-25 18:28:16.618 688 3851 D CCodecBufferChannel: [c2.android.vorbis.decoder#333] MediaCodec discarded an unknown buffer
06-25 18:28:16.618 688 3851 D CCodecBufferChannel: [c2.android.vorbis.decoder#333] MediaCodec discarded an unknown buffer
06-25 18:28:16.621 591 1126 I hw-BpHwBinder: onLastStrongRef automatically unlinking death recipients
06-25 18:28:16.622 591 1126 I hw-BpHwBinder: onLastStrongRef automatically unlinking death recipients
06-25 18:28:16.622 688 3851 I hw-BpHwBinder: onLastStrongRef automatically unlinking death recipients
06-25 18:28:16.623 688 3837 D MediaCodec: flushMediametrics
06-25 18:28:16.628 1409 1409 I hq : 当小贝:::showMessage from=mActivityLifecycleCallbacks
06-25 18:28:16.629 1409 1712 I hq : 当小贝:::showMessage 没有消息需要显示
06-25 18:28:16.638 688 710 V WindowManager: Sent Transition #6 createdAt=06-25 18:28:16.541 via request=TransitionRequestInfo { type = 3, triggerTask = null, remoteTransition = null, displayChange = null, flags = 0 }
06-25 18:28:16.638 688 710 V WindowManager: startWCT=WindowContainerTransaction { changes = {} hops = [] errorCallbackToken=null taskFragmentOrganizer=null }
06-25 18:28:16.639 688 710 V WindowManager: info={id=6 t=TO_FRONT f=0x0 trk=0 r=[0@Point(0, 0)] c=[{WCT{RemoteToken{a49706c Task{acd2955 #175 type=dream}}} m=TO_BACK f=TRANSLUCENT leash=Surface(name=Task=175)/@0xd841f72 sb=Rect(0, 0 - 1920, 1080) eb=Rect(0, 0 - 1920, 1080) d=0},{WCT{RemoteToken{10df635 Task{b6918b #1 type=home}}} m=TO_FRONT f=NONE leash=Surface(name=Task=1)/@0x98a8e43 sb=Rect(0, 0 - 1920, 1080) eb=Rect(0, 0 - 1920, 1080) d=0}]}
06-25 18:28:16.646 688 736 I PowerGroup: Waking up power group from Dreaming (groupId=0, uid=1000, reason=WAKE_REASON_DREAM_FINISHED, details=android.server.power:DREAM_FINISHED)...
06-25 18:28:16.646 688 736 I PowerManagerService: Waking up from Dreaming (uid=1000, reason=WAKE_REASON_DREAM_FINISHED, details=android.server.power:DREAM_FINISHED)...
06-25 18:28:16.647 907 980 V WindowManagerShell: onTransitionReady android.os.BinderProxy@1018e2b: {id=6 t=TO_FRONT f=0x0 trk=0 r=[0@Point(0, 0)] c=[{WCT{android.window.IWindowContainerToken$Stub$Proxy@c08e207} m=TO_BACK f=TRANSLUCENT leash=Surface(name=Task=175)/@0x73cd288 sb=Rect(0, 0 - 1920, 1080) eb=Rect(0, 0 - 1920, 1080) d=0},{WCT{android.window.IWindowContainerToken$Stub$Proxy@d108f34} m=TO_FRONT f=NONE leash=Surface(name=Task=1)/@0xa3b4421 sb=Rect(0, 0 - 1920, 1080) eb=Rect(0, 0 - 1920, 1080) d=0}]}
06-25 18:28:16.648 907 980 V WindowManagerShell: Playing animation for (#6)android.os.BinderProxy@1018e2b@0
06-25 18:28:16.648 907 980 V WindowManagerShell: try handler com.android.wm.shell.keyguard.KeyguardTransitionHandler@a02231a
06-25 18:28:16.648 907 980 V WindowManagerShell: try handler com.android.wm.shell.pip.tv.TvPipTransition@9b70e4b
06-25 18:28:16.648 907 980 V WindowManagerShell: try handler com.android.wm.shell.activityembedding.ActivityEmbeddingController@24e2028
06-25 18:28:16.648 907 980 V WindowManagerShell: try handler com.android.wm.shell.transition.RemoteTransitionHandler@1141
06-25 18:28:16.648 1409 1693 W SQLiteLog: (28) double-quoted string literal: "KOoyOeMu+SagN/vuql9OaAurJxZEgB/FQ2tK785aOBMSdhaSTHQocc5oQfsgdmPyTA9QOnc4oAWp
06-25 18:28:16.648 1409 1693 W SQLiteLog: bId+VYYq6w==
06-25 18:28:16.648 1409 1693 W SQLiteLog: "
06-25 18:28:16.648 1409 1693 W SQLiteLog: (28) double-quoted string literal: "8E3B1FFAEC341F31C4A88347E4748C9E"
06-25 18:28:16.648 907 980 V WindowManagerShell: Transition doesn't have explicit remote, search filters for match for {id=6 t=TO_FRONT f=0x0 trk=0 r=[0@Point(0, 0)] c=[{WCT{android.window.IWindowContainerToken$Stub$Proxy@c08e207} m=TO_BACK f=TRANSLUCENT leash=Surface(name=Task=175)/@0x73cd288 sb=Rect(0, 0 - 1920, 1080) eb=Rect(0, 0 - 1920, 1080) d=0},{WCT{android.window.IWindowContainerToken$Stub$Proxy@d108f34} m=TO_FRONT f=NONE leash=Surface(name=Task=1)/@0xa3b4421 sb=Rect(0, 0 - 1920, 1080) eb=Rect(0, 0 - 1920, 1080) d=0}]}
06-25 18:28:16.648 907 980 V WindowManagerShell: Delegate animation for #6 to null
06-25 18:28:16.648 907 980 V WindowManagerShell: try handler com.android.wm.shell.transition.DefaultTransitionHandler@e8f56e6
06-25 18:28:16.648 907 980 V WindowManagerShell: start default transition animation, info = {id=6 t=TO_FRONT f=0x0 trk=0 r=[0@Point(0, 0)] c=[{WCT{android.window.IWindowContainerToken$Stub$Proxy@c08e207} m=TO_BACK f=TRANSLUCENT leash=Surface(name=Task=175)/@0x73cd288 sb=Rect(0, 0 - 1920, 1080) eb=Rect(0, 0 - 1920, 1080) d=0},{WCT{android.window.IWindowContainerToken$Stub$Proxy@d108f34} m=TO_FRONT f=NONE leash=Surface(name=Task=1)/@0xa3b4421 sb=Rect(0, 0 - 1920, 1080) eb=Rect(0, 0 - 1920, 1080) d=0}]}
06-25 18:28:16.648 907 980 V WindowManagerShell: loadAnimation: anim=null animAttr=0x0 type=TO_FRONT isEntrance=true
06-25 18:28:16.648 907 980 V WindowManagerShell: loadAnimation: anim=null animAttr=0x0 type=TO_FRONT isEntrance=false
06-25 18:28:16.648 443 3863 I resolv : GetAddrInfoHandler::run: {100 786532 100 983140 1000 0}
06-25 18:28:16.650 907 980 V WindowManagerShell: Transition animation finished (aborted=false), notifying core (#6)android.os.BinderProxy@1018e2b@0
06-25 18:28:16.650 443 3860 I resolv : GetAddrInfoHandler::run: {100 786532 100 983140 1000 0}
06-25 18:28:16.651 688 688 E ActivityManager: Cancel pending or running compactions as system is awake
06-25 18:28:16.655 688 710 V WindowManager: Finish Transition #6: created at
06-25 18:28:16.541 collect-started=0.082ms request-sent=4.481ms started=14.309ms ready=25.867ms sent=91.226ms finished=110.634ms
06-25 18:28:16.657 907 980 V WindowManagerShell: Track 0 became idle
06-25 18:28:16.657 907 980 V WindowManagerShell: All active transition animations finished
06-25 18:28:16.657 907 980 V WindowManagerShell: animated by com.android.wm.shell.transition.DefaultTransitionHandler@e8f56e6
06-25 18:28:16.657 907 980 V WindowManagerShell: Track 0 became idle
06-25 18:28:16.657 907 980 V WindowManagerShell: All active transition animations finished
06-25 18:28:16.660 1409 1693 W SQLiteLog: (28) double-quoted string literal: "1750847211305"
06-25 18:28:16.660 1409 1693 W SQLiteLog: (28) double-quoted string literal: "8E3B1FFAEC341F31C4A88347E4748C9E"
06-25 18:28:16.661 443 3864 I resolv : res_nmkquery: (QUERY, IN, A)
06-25 18:28:16.661 443 3864 I resolv : resolv_cache_lookup: FOUND IN CACHE entry=0xeb483c70
06-25 18:28:16.661 688 753 I ImeTracker: com.dangbei.leard.leradlauncher:4fcf2674: onRequestHide at ORIGIN_SERVER_HIDE_INPUT reason HIDE_ALWAYS_HIDDEN_STATE
06-25 18:28:16.661 688 753 I ImeTracker: com.dangbei.leard.leradlauncher:4fcf2674: onCancelled at PHASE_SERVER_SHOULD_HIDE
06-25 18:28:16.661 443 3864 I resolv : doQuery: rcode=0, ancount=17, return value=504
06-25 18:28:16.663 1904 1904 I DefaultIMS: onStartInput attribute=android.view.inputmethod.EditorInfo@a6870b1 restarting=false inputType: 0
06-25 18:28:16.664 1409 3861 D TrafficStats: tagSocket(118) with statsTag=0xffffffff, statsUid=-1
06-25 18:28:16.664 688 711 W ContextImpl: Calling a method in the system process without a qualified user: android.app.ContextImpl.startService:1899 com.android.server.wm.DisplayPolicy.lambda$focusChangedLw$5:2126 com.android.server.wm.DisplayPolicy.$r8$lambda$Znxk63oh-WzVnzo_WQefN7uxV48:0 com.android.server.wm.DisplayPolicy$$ExternalSyntheticLambda13.run:0 android.os.Handler.handleCallback:958
06-25 18:28:16.665 443 3866 I resolv : res_nmkquery: (QUERY, IN, A)
06-25 18:28:16.667 1425 1425 D aaa : LedStatusService onStartCommand begin
06-25 18:28:16.674 907 980 D WindowManagerShell: TvPipController: onTaskStackChanged()
06-25 18:28:16.675 443 3866 I resolv : resolv_cache_lookup: FOUND IN CACHE entry=0xeb483c70
06-25 18:28:16.675 443 3866 I resolv : doQuery: rcode=0, ancount=17, return value=504
06-25 18:28:16.678 1409 3521 D TrafficStats: tagSocket(116) with statsTag=0xffffffff, statsUid=-1
06-25 18:28:16.680 1425 3867 D aaa : topPkg is -------------- :com.dangbei.leard.leradlauncher
06-25 18:28:16.695 1425 3867 D aaa : WiFi is connect
06-25 18:28:16.695 1409 1693 W SQLiteLog: (28) double-quoted string literal: "1750847211305"
06-25 18:28:16.695 1409 1693 W SQLiteLog: (28) double-quoted string literal: ""
06-25 18:28:16.695 1409 1693 W SQLiteLog: (28) double-quoted string literal: ""
06-25 18:28:16.695 1409 1693 W SQLiteLog: (28) double-quoted string literal: "8E3B1FFAEC341F31C4A88347E4748C9E"
06-25 18:28:16.700 3868 3868 I init : type=1400 audit(0.0:1427): avc: denied { execute_no_trans } for path="/vendor/bin/led_switch.sh" dev="dm-1" ino=2941952 scontext=u:r:init:s0 tcontext=u:object_r:vendor_file:s0 tclass=file permissive=1
06-25 18:28:16.717 688 905 I DreamManagerService: Leaving dreamland.
06-25 18:28:16.718 688 710 I DreamController: Stopping dream: name=ComponentInfo{com.dangbei.lerad.screensaver/com.dangbei.lerad.screensaver.service.ScreenSaverService}, isPreviewMode=false, canDoze=false, userId=0, reason='finished self'(from 'finished self')
06-25 18:28:16.718 3453 3453 W rad.screensaver: Accessing hidden field Landroid/view/inputmethod/InputMethodManager;->mCurRootView:Landroid/view/ViewRootImpl; (blocked, reflection, denied)
06-25 18:28:16.719 3453 3453 W rad.screensaver: Accessing hidden field Landroid/view/inputmethod/InputMethodManager;->mServedView:Landroid/view/View; (blocked, reflection, denied)
06-25 18:28:16.719 3453 3453 W rad.screensaver: Accessing hidden field Landroid/view/inputmethod/InputMethodManager;->mNextServedView:Landroid/view/View; (blocked, reflection, denied)
06-25 18:28:16.720 3453 3453 W WindowOnBackDispatcher: sendCancelIfRunning: isInProgress=falsecallback=android.view.ViewRootImpl$$ExternalSyntheticLambda17@5e17326
06-25 18:28:16.721 688 1641 D CoreBackPreview: Window{6d25827 u0 com.dangbei.lerad.screensaver/android.service.dreams.DreamActivity}: Setting back callback null
06-25 18:28:16.722 3453 3453 I void PlayerProxy::pause(long, bool): start pause
06-25 18:28:16.722 3453 3453 D void BufferControl::stopBuffer(): stop buffer
06-25 18:28:16.722 3453 3453 I virtual void IDecoder::pause(bool, bool): pause success: 1
06-25 18:28:16.722 3453 3453 I void Player::setState(PLAYER_STATE): state changed newState: 4 oldState: 3
06-25 18:28:16.722 3453 3453 D LeradPlayer: player newState: 4 oldState: 3
06-25 18:28:16.722 3453 3453 I void Player::pause(bool, bool): pause success: 1
06-25 18:28:16.723 3453 3453 I void PlayerProxy::abortRequest(long): abortRequest
06-25 18:28:16.723 3453 3453 I void PlayerProxy::release(long): start release
06-25 18:28:16.723 3453 3453 D void Thread::stop(): Thread-MediaDecoder start stop
06-25 18:28:16.726 1425 1425 D aaa : ScreenSaver is stop !!!!
06-25 18:28:16.728 3868 3868 I led_switch.sh: type=1400 audit(0.0:1428): avc: denied { write } for name="led_swith.txt" dev="dm-41" ino=356 scontext=u:r:init:s0 tcontext=u:object_r:shell_data_file:s0 tclass=file permissive=1 bug=b/77873135
06-25 18:28:16.733 1425 1425 D aaa : WiFi is connect
06-25 18:28:16.728 3868 3868 I led_switch.sh: type=1400 audit(0.0:1429): avc: denied { open } for path="/data/local/tmp/led_swith.txt" dev="dm-41" ino=356 scontext=u:r:init:s0 tcontext=u:object_r:shell_data_file:s0 tclass=file permissive=1 bug=b/77873135
06-25 18:28:16.735 3453 3597 E BufferQueueProducer: [SurfaceTexture-0-3453-0](id:d7d00000001,api:3,p:3453,c:3453) dequeueBuffer: BufferQueue has been abandoned
06-25 18:28:16.736 460 3823 D C2BqBuffer: cannot dequeue buffer -19
06-25 18:28:16.736 1409 1409 I work_thread: type=1400 audit(0.0:1430): avc: denied { search } for name="net" dev="sysfs" ino=12345 scontext=u:r:system_app:s0 tcontext=u:object_r:sysfs_net:s0 tclass=dir permissive=1
06-25 18:28:16.736 1409 1409 I work_thread: type=1400 audit(0.0:1431): avc: denied { read } for name="address" dev="sysfs" ino=22127 scontext=u:r:system_app:s0 tcontext=u:object_r:sysfs_net:s0 tclass=file permissive=1
06-25 18:28:16.736 1409 1409 I work_thread: type=1400 audit(0.0:1432): avc: denied { open } for path="/sys/devices/virtual/net/dummy0/address" dev="sysfs" ino=22127 scontext=u:r:system_app:s0 tcontext=u:object_r:sysfs_net:s0 tclass=file permissive=1
06-25 18:28:16.756 0 0 W [0 T1693 ..] audit: audit_lost=622 audit_rate_limit=5 audit_backlog_limit=64
06-25 18:28:16.758 0 0 E [0 T1693 ..] audit: rate limit exceeded
06-25 18:28:16.745 3453 3813 I void JavaCallback::JNIDetachThread(): detach thread
06-25 18:28:16.745 3453 3813 I void MediaDecoder::render(): stop 2
06-25 18:28:16.746 3453 3810 I void JavaCallback::JNIDetachThread(): detach thread
06-25 18:28:16.746 3453 3810 I virtual void MediaDecoder::run(): stop 2
06-25 18:28:16.749 3453 3453 D void Thread::stop(): Thread-MediaDecoder stop success
06-25 18:28:16.749 3453 3453 D void Thread::stop(): Thread-FFDemuxer start stop
06-25 18:28:16.736 1409 1409 I work_thread: type=1400 audit(0.0:1433): avc: denied { getattr } for path="/sys/devices/virtual/net/dummy0/address" dev="sysfs" ino=22127 scontext=u:r:system_app:s0 tcontext=u:object_r:sysfs_net:s0 tclass=file permissive=1
06-25 18:28:16.750 3453 3811 I void JavaCallback::JNIDetachThread(): detach thread
06-25 18:28:16.750 3453 3811 I virtual void IDemuxer::run(): stop
06-25 18:28:16.740 3559 3559 I breathe : type=1400 audit(0.0:1434): avc: denied { ioctl } for path="/dev/spidev1.0" dev="tmpfs" ino=523 ioctlcmd=0x6b00 scontext=u:r:init:s0 tcontext=u:object_r:device:s0 tclass=chr_file permissive=1
06-25 18:28:16.744 1409 1409 I work_thread: type=1400 audit(0.0:1435): avc: denied { read } for name="address" dev="sysfs" ino=54243 scontext=u:r:system_app:s0 tcontext=u:object_r:sysfs_net:s0 tclass=file permissive=1
06-25 18:28:16.759 3453 3453 D void Thread::stop(): Thread-FFDemuxer stop success
06-25 18:28:16.759 3453 3453 D void Thread::stop(): Thread-Player start stop
06-25 18:28:16.762 3453 3812 I void JavaCallback::JNIDetachThread(): detach thread
06-25 18:28:16.762 3453 3812 I virtual void Player::run(): stop
06-25 18:28:16.769 3453 3453 D void Thread::stop(): Thread-Player stop success
06-25 18:28:16.770 3453 3453 I virtual void IDemuxer::clear(): clear success
06-25 18:28:16.772 3453 3597 E BufferQueueProducer: [SurfaceTexture-0-3453-0](id:d7d00000001,api:3,p:3453,c:3453) dequeueBuffer: BufferQueue has been abandoned
06-25 18:28:16.772 460 3823 D C2BqBuffer: cannot dequeue buffer -19
06-25 18:28:16.782 3453 3453 I virtual void IDecoder::clear(bool): clear success 2 serial: 1
06-25 18:28:16.782 3453 3453 I virtual void MediaDecoder::clear(bool): clear success 2
06-25 18:28:16.782 3453 3453 I virtual void FFDemuxer::close(): start
06-25 18:28:16.782 3453 3453 I virtual void FFDemuxer::close(): close success
06-25 18:28:16.782 3453 3792 D SurfaceUtils: connecting to surface 0xeb9d9318, reason connectToSurface
06-25 18:28:16.783 3453 3792 I MediaCodec: [c2.amlogic.hevc.decoder] setting surface generation to 3535876
06-25 18:28:16.783 3453 3792 D SurfaceUtils: disconnecting from surface 0xeb9d9318, reason connectToSurface(reconnect)
06-25 18:28:16.783 3453 3792 D SurfaceUtils: connecting to surface 0xeb9d9318, reason connectToSurface(reconnect)
06-25 18:28:16.783 3453 3792 D Codec2-OutputBufferQueue: C2SurfaceSyncMemory created 20(20)
06-25 18:28:16.783 3453 3792 D Codec2-OutputBufferQueue: remote graphic buffer migration 7/7
06-25 18:28:16.784 3453 3792 D Codec2Client: setOutputSurface -- generation=3535876 consumer usage=0x900 sync
06-25 18:28:16.787 460 460 D C2BqBuffer: local generation change 3535876 , bqId: 14830522073091 migrated buffers # 3
06-25 18:28:16.788 3453 3792 D Codec2Client: Surface configure completed
06-25 18:28:16.788 3453 3792 D SurfaceUtils: disconnecting from surface 0xeb9ec158, reason disconnectFromSurface
06-25 18:28:16.788 1409 1693 W SQLiteLog: (28) double-quoted string literal: "B32462E7EFD2C5977BD2412F5FD2A0F3"
06-25 18:28:16.790 3453 3792 D CCodecBufferChannel: [c2.amlogic.hevc.decoder#799] MediaCodec discarded an unknown buffer
06-25 18:28:16.790 3453 3792 D CCodecBufferChannel: [c2.amlogic.hevc.decoder#799] MediaCodec discarded an unknown buffer
06-25 18:28:16.790 3453 3792 D CCodecBufferChannel: [c2.amlogic.hevc.decoder#799] MediaCodec discarded an unknown buffer
06-25 18:28:16.790 3453 3792 D CCodecBufferChannel: [c2.amlogic.hevc.decoder#799] MediaCodec discarded an unknown buffer
06-25 18:28:16.790 3453 3792 D CCodecBufferChannel: [c2.amlogic.hevc.decoder#799] MediaCodec discarded an unknown buffer
06-25 18:28:16.790 3453 3792 D CCodecBufferChannel: [c2.amlogic.hevc.decoder#799] MediaCodec discarded an unknown buffer
06-25 18:28:16.790 3453 3792 D CCodecBufferChannel: [c2.amlogic.hevc.decoder#799] MediaCodec discarded an unknown buffer
06-25 18:28:16.791 460 460 I C2VdecComponent: [0##11]"[release]"
06-25 18:28:16.791 460 460 I C2VdecComponent: [0##11]"[reset]"
06-25 18:28:16.791 460 460 I C2VdecComponent: [0##11]"[stop]"
06-25 18:28:16.791 460 3794 I C2VdecComponent: [0##11]"[onStop]"
06-25 18:28:16.791 3453 3453 I virtual void MediaDecoder::close(): close success 2
06-25 18:28:16.791 3453 3453 I void Player::setState(PLAYER_STATE): state changed newState: 7 oldState: 4
06-25 18:28:16.791 3453 3453 D LeradPlayer: player newState: 7 oldState: 4
06-25 18:28:16.791 460 3794 I VideoDecWraper: [0##11]"stop"
06-25 18:28:16.791 460 3794 I AmVideoDec: [No--1]-[0]"reset\n"
06-25 18:28:16.791 460 3814 I VDA : [0##11]"Reset"
06-25 18:28:16.791 3453 3453 I void Player::close(): close success
06-25 18:28:16.791 460 3819 I VDA : [0##11]"ResetTask\n"
06-25 18:28:16.791 460 3819 I AmlManagePts: [0]"resetPtsInfo into\n"
06-25 18:28:16.791 3453 3453 I JavaCallback::~JavaCallback(): delete success
06-25 18:28:16.791 460 3819 I AmlManagePts: [0]"resetOutPutInfo into\n"
06-25 18:28:16.791 3453 3453 I Player::~Player(): start delete
06-25 18:28:16.791 3453 3453 I virtual FFDemuxer::~FFDemuxer(): delete success
06-25 18:28:16.791 3453 3453 I virtual FFAVDecoder::~FFAVDecoder(): delete success
06-25 18:28:16.791 3453 3453 I virtual MediaDecoder::~MediaDecoder(): delete success
06-25 18:28:16.791 3453 3453 I virtual FFAVDecoder::~FFAVDecoder(): delete success
06-25 18:28:16.792 3453 3453 I virtual FFSubtitleDecoder::~FFSubtitleDecoder(): delete success
06-25 18:28:16.792 3453 3453 I virtual FFResample::~FFResample(): delete success
06-25 18:28:16.792 3453 3453 I virtual AudioTrackOutput::~AudioTrackOutput(): delete success
06-25 18:28:16.792 3453 3453 D virtual GLVideoOutput::~GLVideoOutput(): delete success
06-25 18:28:16.792 3453 3453 I Player::~Player(): delete success
06-25 18:28:16.792 460 3819 I VDA : [0##11]"FinishReset\n"
06-25 18:28:16.792 460 3819 I VDA : [0##11]"StopInputStream input_streamon 1, input_buffer_map_.size 8\n"
06-25 18:28:16.792 460 3819 I VDA : [0##11]"----stop input VIDIOC_STREAMOFF----\n"
06-25 18:28:16.792 460 3819 I VDA : [0##11]"StopDevicePoll\n"
06-25 18:28:16.792 460 3819 I VDA : [0##11]"----stop output VIDIOC_STREAMOFF----\n"
06-25 18:28:16.793 3453 3453 I void PlayerProxy::release(long): release success
06-25 18:28:16.793 3453 3597 D PipelineWatcher: onInputBufferReleased: frameIndex not found (392); ignored
06-25 18:28:16.795 688 905 W InputManager-JNI: Input channel object '6d25827 com.dangbei.lerad.screensaver/android.service.dreams.DreamActivity (client)' was disposed without first being removed with the input manager!
06-25 18:28:16.796 3453 3597 D PipelineWatcher: onInputBufferReleased: frameIndex not found (389); ignored
06-25 18:28:16.796 460 3819 I VDA : [0##11]"SendPictureReady\n"
06-25 18:28:16.796 3453 3597 D PipelineWatcher: onInputBufferReleased: frameIndex not found (390); ignored
06-25 18:28:16.796 460 3819 I VDA : [0##11]"post ResetDoneTask\n"
06-25 18:28:16.796 3453 3597 D PipelineWatcher: onInputBufferReleased: frameIndex not found (391); ignored
06-25 18:28:16.796 3453 3597 D PipelineWatcher: onInputBufferReleased: frameIndex not found (393); ignored
06-25 18:28:16.796 460 3819 I VDA : [0##11]"ResetDoneTask\n"
06-25 18:28:16.796 3453 3597 D PipelineWatcher: onInputBufferReleased: frameIndex not found (394); ignored
06-25 18:28:16.796 460 3819 I VDA : [0##11]"StartDevicePoll\n"
06-25 18:28:16.796 3453 3597 D PipelineWatcher: onInputBufferReleased: frameIndex not found (395); ignored
06-25 18:28:16.796 3453 3597 D PipelineWatcher: onInputBufferReleased: frameIndex not found (396); ignored
06-25 18:28:16.796 460 3819 I VDA : [0##11]"NotifyResetDone\n"
06-25 18:28:16.796 460 3877 I android.hardware.media.c2@1.2-service: (null) is not set, used defaultValue = 0
06-25 18:28:16.797 460 3814 I AmVideoDec: [No--1]-[0]"notifyResetDone\n"
06-25 18:28:16.797 460 3814 I VideoDecWraper: [0##11]"onResetDone\n"
06-25 18:28:16.797 460 3814 I C2VdecComponent: [0##11]"[NotifyFlushOrStopDone]"
06-25 18:28:16.797 460 3794 I C2VdecComponent: [0##11]"[onFlushOrStopDone]"
06-25 18:28:16.797 460 3794 I C2VdecComponent: [0##11]"[onStopDone]"
06-25 18:28:16.805 0 0 I [0 T3819 ..] [amlv4l]: [11]: reset mode: 1, es frames buffering: 2
06-25 18:28:16.805 0 0 D [0 T3819 ..] [h265]: [0]h265:pts_unstable=0
06-25 18:28:16.805 0 0 D [0 T3819 ..] [h265]: [0]h265: ver (201602101,0) decinfo: 0x0 rate=3600
