06-20 13:36:28.080 0 0 W : [2 T896 ..] [SP FRAME RX] arp rsp,vif_idx:0 sender:[c8:5e:a9:79:13:69 192.168.3.43]receiver:[1c:79:2d:20:62:cb 192.168.3.75]
06-20 13:36:28.082 0 0 W : [1 T0 .s] [SP FRAME TX] arp req,vif_idx:0 sender:[1c:79:2d:20:62:cb 192.168.3.75]receiver:[00:00:00:00:00:00 192.168.3.54]
06-20 13:36:28.083 0 0 W : [2 T896 ..] [SP FRAME RX] arp rsp,vif_idx:0 sender:[c8:5e:a9:79:13:69 192.168.3.43]receiver:[1c:79:2d:20:62:cb 192.168.3.75]
06-20 13:36:28.085 0 0 W : [1 T0 .s] [SP FRAME TX] arp req,vif_idx:0 sender:[1c:79:2d:20:62:cb 192.168.3.75]receiver:[00:00:00:00:00:00 192.168.3.55]
06-20 13:36:28.087 0 0 W : [2 T896 ..] [SP FRAME RX] arp rsp,vif_idx:0 sender:[c8:5e:a9:79:13:69 192.168.3.43]receiver:[1c:79:2d:20:62:cb 192.168.3.75]
06-20 13:36:28.088 0 0 W : [1 T0 .s] [SP FRAME TX] arp req,vif_idx:0 sender:[1c:79:2d:20:62:cb 192.168.3.75]receiver:[00:00:00:00:00:00 192.168.3.57]
06-20 13:36:28.090 0 0 W : [2 T896 ..] [SP FRAME RX] arp rsp,vif_idx:0 sender:[c8:5e:a9:79:13:69 192.168.3.43]receiver:[1c:79:2d:20:62:cb 192.168.3.75]
06-20 13:36:28.091 0 0 W : [1 T0 .s] [SP FRAME TX] arp req,vif_idx:0 sender:[1c:79:2d:20:62:cb 192.168.3.75]receiver:[00:00:00:00:00:00 192.168.3.63]
06-20 13:36:28.093 0 0 W : [2 T896 ..] [SP FRAME RX] arp rsp,vif_idx:0 sender:[c8:5e:a9:79:13:69 192.168.3.43]receiver:[1c:79:2d:20:62:cb 192.168.3.75]
06-20 13:36:28.094 0 0 W : [1 T0 .s] [SP FRAME TX] arp req,vif_idx:0 sender:[1c:79:2d:20:62:cb 192.168.3.75]receiver:[00:00:00:00:00:00 192.168.3.65]
06-20 13:36:28.096 0 0 W : [2 T896 ..] [SP FRAME RX] arp rsp,vif_idx:0 sender:[c8:5e:a9:79:13:69 192.168.3.43]receiver:[1c:79:2d:20:62:cb 192.168.3.75]
06-20 13:36:28.097 0 0 W : [1 T0 .s] [SP FRAME TX] arp req,vif_idx:0 sender:[1c:79:2d:20:62:cb 192.168.3.75]receiver:[00:00:00:00:00:00 192.168.3.183]
06-20 13:36:28.099 0 0 W : [2 T896 ..] [SP FRAME RX] arp rsp,vif_idx:0 sender:[c8:5e:a9:79:13:69 192.168.3.43]receiver:[1c:79:2d:20:62:cb 192.168.3.75]
06-20 13:36:28.100 0 0 W : [1 T0 .s] [SP FRAME TX] arp req,vif_idx:0 sender:[1c:79:2d:20:62:cb 192.168.3.75]receiver:[00:00:00:00:00:00 192.168.3.184]
06-20 13:36:28.104 0 0 W : [1 T0 .s] [SP FRAME TX] arp req,vif_idx:0 sender:[1c:79:2d:20:62:cb 192.168.3.75]receiver:[00:00:00:00:00:00 192.168.3.185]
06-20 13:36:28.105 0 0 W : [1 T0 .s] [SP FRAME TX] arp req,vif_idx:0 sender:[1c:79:2d:20:62:cb 192.168.3.75]receiver:[00:00:00:00:00:00 192.168.3.186]
06-20 13:36:28.107 0 0 W : [1 T0 .s] [SP FRAME TX] arp req,vif_idx:0 sender:[1c:79:2d:20:62:cb 192.168.3.75]receiver:[00:00:00:00:00:00 192.168.3.189]
06-20 13:36:28.108 0 0 W : [1 T0 .s] [SP FRAME TX] arp req,vif_idx:0 sender:[1c:79:2d:20:62:cb 192.168.3.75]receiver:[00:00:00:00:00:00 192.168.3.192]
06-20 13:36:28.110 0 0 W : [1 T0 .s] [SP FRAME TX] arp req,vif_idx:0 sender:[1c:79:2d:20:62:cb 192.168.3.75]receiver:[00:00:00:00:00:00 192.168.3.200]
06-20 13:36:28.111 0 0 W : [1 T0 .s] [SP FRAME TX] arp req,vif_idx:0 sender:[1c:79:2d:20:62:cb 192.168.3.75]receiver:[00:00:00:00:00:00 192.168.3.202]
06-20 13:36:28.113 0 0 W : [1 T0 .s] [SP FRAME TX] arp req,vif_idx:0 sender:[1c:79:2d:20:62:cb 192.168.3.75]receiver:[00:00:00:00:00:00 192.168.3.25]
06-20 13:36:28.114 0 0 W : [1 T0 .s] [SP FRAME TX] arp req,vif_idx:0 sender:[1c:79:2d:20:62:cb 192.168.3.75]receiver:[00:00:00:00:00:00 192.168.3.29]
06-20 13:36:28.116 0 0 W : [1 T0 .s] [SP FRAME TX] arp req,vif_idx:0 sender:[1c:79:2d:20:62:cb 192.168.3.75]receiver:[00:00:00:00:00:00 192.168.3.33]
06-20 13:36:28.117 0 0 W : [1 T0 .s] [SP FRAME TX] arp req,vif_idx:0 sender:[1c:79:2d:20:62:cb 192.168.3.75]receiver:[00:00:00:00:00:00 192.168.3.41]
06-20 13:36:28.119 0 0 W : [1 T0 .s] [SP FRAME TX] arp req,vif_idx:0 sender:[1c:79:2d:20:62:cb 192.168.3.75]receiver:[00:00:00:00:00:00 192.168.3.46]
06-20 13:36:28.121 0 0 W : [1 T0 .s] [SP FRAME TX] arp req,vif_idx:0 sender:[1c:79:2d:20:62:cb 192.168.3.75]receiver:[00:00:00:00:00:00 192.168.3.47]
06-20 13:36:28.122 0 0 W : [1 T0 .s] [SP FRAME TX] arp req,vif_idx:0 sender:[1c:79:2d:20:62:cb 192.168.3.75]receiver:[00:00:00:00:00:00 192.168.3.49]
06-20 13:36:28.124 0 0 W : [1 T0 .s] [SP FRAME TX] arp req,vif_idx:0 sender:[1c:79:2d:20:62:cb 192.168.3.75]receiver:[00:00:00:00:00:00 192.168.3.50]
06-20 13:36:28.125 0 0 W : [1 T0 .s] [SP FRAME TX] arp req,vif_idx:0 sender:[1c:79:2d:20:62:cb 192.168.3.75]receiver:[00:00:00:00:00:00 192.168.3.51]
06-20 13:36:28.127 0 0 W : [1 T0 .s] [SP FRAME TX] arp req,vif_idx:0 sender:[1c:79:2d:20:62:cb 192.168.3.75]receiver:[00:00:00:00:00:00 192.168.3.53]
06-20 13:36:28.128 0 0 W : [1 T0 .s] [SP FRAME TX] arp req,vif_idx:0 sender:[1c:79:2d:20:62:cb 192.168.3.75]receiver:[00:00:00:00:00:00 192.168.3.204]
06-20 13:36:28.130 0 0 W : [1 T0 .s] [SP FRAME TX] arp req,vif_idx:0 sender:[1c:79:2d:20:62:cb 192.168.3.75]receiver:[00:00:00:00:00:00 192.168.3.206]
06-20 13:36:28.131 0 0 W : [1 T0 .s] [SP FRAME TX] arp req,vif_idx:0 sender:[1c:79:2d:20:62:cb 192.168.3.75]receiver:[00:00:00:00:00:00 192.168.3.207]
06-20 13:36:28.133 0 0 W : [1 T0 .s] [SP FRAME TX] arp req,vif_idx:0 sender:[1c:79:2d:20:62:cb 192.168.3.75]receiver:[00:00:00:00:00:00 192.168.3.208]
06-20 13:36:28.134 0 0 W : [1 T0 .s] [SP FRAME TX] arp req,vif_idx:0 sender:[1c:79:2d:20:62:cb 192.168.3.75]receiver:[00:00:00:00:00:00 192.168.3.209]
06-20 13:36:28.136 0 0 W : [1 T0 .s] [SP FRAME TX] arp req,vif_idx:0 sender:[1c:79:2d:20:62:cb 192.168.3.75]receiver:[00:00:00:00:00:00 192.168.3.211]
06-20 13:36:28.138 0 0 W : [1 T0 .s] [SP FRAME TX] arp req,vif_idx:0 sender:[1c:79:2d:20:62:cb 192.168.3.75]receiver:[00:00:00:00:00:00 192.168.3.213]
06-20 13:36:28.139 0 0 W : [1 T0 .s] [SP FRAME TX] arp req,vif_idx:0 sender:[1c:79:2d:20:62:cb 192.168.3.75]receiver:[00:00:00:00:00:00 192.168.3.214]
06-20 13:36:28.141 0 0 W : [1 T0 .s] [SP FRAME TX] arp req,vif_idx:0 sender:[1c:79:2d:20:62:cb 192.168.3.75]receiver:[00:00:00:00:00:00 192.168.3.215]
06-20 13:36:28.142 0 0 W : [1 T0 .s] [SP FRAME TX] arp req,vif_idx:0 sender:[1c:79:2d:20:62:cb 192.168.3.75]receiver:[00:00:00:00:00:00 192.168.3.221]
06-20 13:36:28.144 0 0 W : [1 T0 .s] [SP FRAME TX] arp req,vif_idx:0 sender:[1c:79:2d:20:62:cb 192.168.3.75]receiver:[00:00:00:00:00:00 192.168.3.224]
06-20 13:36:28.145 0 0 W : [1 T0 .s] [SP FRAME TX] arp req,vif_idx:0 sender:[1c:79:2d:20:62:cb 192.168.3.75]receiver:[00:00:00:00:00:00 192.168.3.228]
06-20 13:36:28.147 0 0 W : [1 T0 .s] [SP FRAME TX] arp req,vif_idx:0 sender:[1c:79:2d:20:62:cb 192.168.3.75]receiver:[00:00:00:00:00:00 192.168.3.230]
06-20 13:36:28.148 0 0 W : [1 T0 .s] [SP FRAME TX] arp req,vif_idx:0 sender:[1c:79:2d:20:62:cb 192.168.3.75]receiver:[00:00:00:00:00:00 192.168.3.231]
06-20 13:36:28.150 0 0 W : [1 T0 .s] [SP FRAME TX] arp req,vif_idx:0 sender:[1c:79:2d:20:62:cb 192.168.3.75]receiver:[00:00:00:00:00:00 192.168.3.234]
06-20 13:36:28.151 0 0 W : [1 T0 .s] [SP FRAME TX] arp req,vif_idx:0 sender:[1c:79:2d:20:62:cb 192.168.3.75]receiver:[00:00:00:00:00:00 192.168.3.239]
06-20 13:36:28.153 0 0 W : [1 T0 .s] [SP FRAME TX] arp req,vif_idx:0 sender:[1c:79:2d:20:62:cb 192.168.3.75]receiver:[00:00:00:00:00:00 192.168.3.240]
06-20 13:36:28.155 0 0 W : [1 T0 .s] [SP FRAME TX] arp req,vif_idx:0 sender:[1c:79:2d:20:62:cb 192.168.3.75]receiver:[00:00:00:00:00:00 192.168.3.241]
06-20 13:36:28.171 0 0 W : [0 T896 ..] [SP FRAME RX] arp rsp,vif_idx:0 sender:[68:c6:ac:68:33:4b 192.168.3.120]receiver:[1c:79:2d:20:62:cb 192.168.3.75]
06-20 13:36:28.172 0 0 W : [0 T896 ..] [SP FRAME RX] arp rsp,vif_idx:0 sender:[68:c6:ac:68:33:4b 192.168.3.120]receiver:[1c:79:2d:20:62:cb 192.168.3.75]
06-20 13:36:28.178 0 0 W : [0 T896 ..] [SP FRAME RX] arp rsp,vif_idx:0 sender:[68:c6:ac:68:33:4b 192.168.3.120]receiver:[1c:79:2d:20:62:cb 192.168.3.75]
06-20 13:36:28.179 0 0 W : [0 T896 ..] [SP FRAME RX] arp rsp,vif_idx:0 sender:[68:c6:ac:68:33:4b 192.168.3.120]receiver:[1c:79:2d:20:62:cb 192.168.3.75]
06-20 13:36:28.180 0 0 W : [0 T896 ..] [SP FRAME RX] arp rsp,vif_idx:0 sender:[68:c6:ac:68:33:4b 192.168.3.120]receiver:[1c:79:2d:20:62:cb 192.168.3.75]
06-20 13:36:28.182 0 0 W : [0 T896 ..] [SP FRAME RX] arp rsp,vif_idx:0 sender:[68:c6:ac:68:33:4b 192.168.3.120]receiver:[1c:79:2d:20:62:cb 192.168.3.75]
06-20 13:36:28.183 0 0 W : [0 T896 ..] [SP FRAME RX] arp rsp,vif_idx:0 sender:[68:c6:ac:68:33:4b 192.168.3.120]receiver:[1c:79:2d:20:62:cb 192.168.3.75]
06-20 13:36:28.185 0 0 W : [0 T896 ..] [SP FRAME RX] arp rsp,vif_idx:0 sender:[68:c6:ac:68:33:4b 192.168.3.120]receiver:[1c:79:2d:20:62:cb 192.168.3.75]
06-20 13:36:28.187 0 0 W : [0 T896 ..] [SP FRAME RX] arp rsp,vif_idx:0 sender:[68:c6:ac:68:33:4b 192.168.3.120]receiver:[1c:79:2d:20:62:cb 192.168.3.75]
06-20 13:36:28.188 0 0 W : [0 T896 ..] [SP FRAME RX] arp rsp,vif_idx:0 sender:[68:c6:ac:68:33:4b 192.168.3.120]receiver:[1c:79:2d:20:62:cb 192.168.3.75]
06-20 13:36:28.190 0 0 W : [0 T896 ..] [SP FRAME RX] arp rsp,vif_idx:0 sender:[68:c6:ac:68:33:4b 192.168.3.120]receiver:[1c:79:2d:20:62:cb 192.168.3.75]
06-20 13:36:28.191 0 0 W : [0 T896 ..] [SP FRAME RX] arp rsp,vif_idx:0 sender:[68:c6:ac:68:33:4b 192.168.3.120]receiver:[1c:79:2d:20:62:cb 192.168.3.75]
06-20 13:36:28.193 0 0 W : [0 T896 ..] [SP FRAME RX] arp rsp,vif_idx:0 sender:[68:c6:ac:68:33:4b 192.168.3.120]receiver:[1c:79:2d:20:62:cb 192.168.3.75]
06-20 13:36:28.194 0 0 W : [0 T896 ..] [SP FRAME RX] arp rsp,vif_idx:0 sender:[68:c6:ac:68:33:4b 192.168.3.120]receiver:[1c:79:2d:20:62:cb 192.168.3.75]
06-20 13:36:28.196 0 0 W : [0 T896 ..] [SP FRAME RX] arp rsp,vif_idx:0 sender:[68:c6:ac:68:33:4b 192.168.3.120]receiver:[1c:79:2d:20:62:cb 192.168.3.75]
06-20 13:36:28.197 0 0 W : [0 T896 ..] [SP FRAME RX] arp rsp,vif_idx:0 sender:[68:c6:ac:68:33:4b 192.168.3.120]receiver:[1c:79:2d:20:62:cb 192.168.3.75]
06-20 13:36:28.199 0 0 W : [0 T896 ..] [SP FRAME RX] arp rsp,vif_idx:0 sender:[68:c6:ac:68:33:4b 192.168.3.120]receiver:[1c:79:2d:20:62:cb 192.168.3.75]
06-20 13:36:28.200 0 0 W : [0 T896 ..] [SP FRAME RX] arp rsp,vif_idx:0 sender:[68:c6:ac:68:33:4b 192.168.3.120]receiver:[1c:79:2d:20:62:cb 192.168.3.75]
06-20 13:36:28.202 0 0 W : [0 T896 ..] [SP FRAME RX] arp rsp,vif_idx:0 sender:[68:c6:ac:68:33:4b 192.168.3.120]receiver:[1c:79:2d:20:62:cb 192.168.3.75]
06-20 13:36:28.203 0 0 W : [0 T896 ..] [SP FRAME RX] arp rsp,vif_idx:0 sender:[68:c6:ac:68:33:4b 192.168.3.120]receiver:[1c:79:2d:20:62:cb 192.168.3.75]
06-20 13:36:28.205 0 0 W : [0 T896 ..] [SP FRAME RX] arp rsp,vif_idx:0 sender:[68:c6:ac:68:33:4b 192.168.3.120]receiver:[1c:79:2d:20:62:cb 192.168.3.75]
06-20 13:36:28.244 0 0 W : [0 T896 ..] [SP FRAME RX] arp rsp,vif_idx:0 sender:[68:c6:ac:68:33:4b 192.168.3.120]receiver:[1c:79:2d:20:62:cb 192.168.3.75]
06-20 13:36:28.245 0 0 W : [0 T896 ..] [SP FRAME RX] arp rsp,vif_idx:0 sender:[68:c6:ac:68:33:4b 192.168.3.120]receiver:[1c:79:2d:20:62:cb 192.168.3.75]
06-20 13:36:28.262 0 0 W : [0 T896 ..] [SP FRAME RX] arp rsp,vif_idx:0 sender:[c8:5e:a9:79:13:69 192.168.3.43]receiver:[1c:79:2d:20:62:cb 192.168.3.75]
06-20 13:36:28.263 0 0 W : [0 T896 ..] [SP FRAME RX] arp rsp,vif_idx:0 sender:[68:c6:ac:68:33:4b 192.168.3.120]receiver:[1c:79:2d:20:62:cb 192.168.3.75]
06-20 13:36:28.265 0 0 W : [0 T896 ..] [SP FRAME RX] arp rsp,vif_idx:0 sender:[68:c6:ac:68:33:4b 192.168.3.120]receiver:[1c:79:2d:20:62:cb 192.168.3.75]
06-20 13:36:28.266 0 0 W : [0 T896 ..] [SP FRAME RX] arp rsp,vif_idx:0 sender:[c8:5e:a9:79:13:69 192.168.3.43]receiver:[1c:79:2d:20:62:cb 192.168.3.75]
06-20 13:36:28.268 0 0 W : [0 T896 ..] [SP FRAME RX] arp rsp,vif_idx:0 sender:[c8:5e:a9:79:13:69 192.168.3.43]receiver:[1c:79:2d:20:62:cb 192.168.3.75]
06-20 13:36:28.269 0 0 W : [0 T896 ..] [SP FRAME RX] arp rsp,vif_idx:0 sender:[68:c6:ac:68:33:4b 192.168.3.120]receiver:[1c:79:2d:20:62:cb 192.168.3.75]
06-20 13:36:28.271 0 0 W : [0 T896 ..] [SP FRAME RX] arp rsp,vif_idx:0 sender:[c8:5e:a9:79:13:69 192.168.3.43]receiver:[1c:79:2d:20:62:cb 192.168.3.75]
06-20 13:36:28.272 0 0 W : [0 T896 ..] [SP FRAME RX] arp rsp,vif_idx:0 sender:[68:c6:ac:68:33:4b 192.168.3.120]receiver:[1c:79:2d:20:62:cb 192.168.3.75]
06-20 13:36:28.274 0 0 W : [0 T896 ..] [SP FRAME RX] arp rsp,vif_idx:0 sender:[c8:5e:a9:79:13:69 192.168.3.43]receiver:[1c:79:2d:20:62:cb 192.168.3.75]
06-20 13:36:28.275 0 0 W : [0 T896 ..] [SP FRAME RX] arp rsp,vif_idx:0 sender:[68:c6:ac:68:33:4b 192.168.3.120]receiver:[1c:79:2d:20:62:cb 192.168.3.75]
06-20 13:36:28.277 0 0 W : [0 T896 ..] [SP FRAME RX] arp rsp,vif_idx:0 sender:[c8:5e:a9:79:13:69 192.168.3.43]receiver:[1c:79:2d:20:62:cb 192.168.3.75]
06-20 13:36:28.278 0 0 W : [0 T896 ..] [SP FRAME RX] arp rsp,vif_idx:0 sender:[68:c6:ac:68:33:4b 192.168.3.120]receiver:[1c:79:2d:20:62:cb 192.168.3.75]
06-20 13:36:28.280 0 0 W : [0 T896 ..] [SP FRAME RX] arp rsp,vif_idx:0 sender:[c8:5e:a9:79:13:69 192.168.3.43]receiver:[1c:79:2d:20:62:cb 192.168.3.75]
06-20 13:36:28.281 0 0 W : [0 T896 ..] [SP FRAME RX] arp rsp,vif_idx:0 sender:[68:c6:ac:68:33:4b 192.168.3.120]receiver:[1c:79:2d:20:62:cb 192.168.3.75]
06-20 13:36:28.283 0 0 W : [0 T896 ..] [SP FRAME RX] arp rsp,vif_idx:0 sender:[c8:5e:a9:79:13:69 192.168.3.43]receiver:[1c:79:2d:20:62:cb 192.168.3.75]
06-20 13:36:28.284 0 0 W : [0 T896 ..] [SP FRAME RX] arp rsp,vif_idx:0 sender:[68:c6:ac:68:33:4b 192.168.3.120]receiver:[1c:79:2d:20:62:cb 192.168.3.75]
06-20 13:36:28.286 0 0 W : [0 T896 ..] [SP FRAME RX] arp rsp,vif_idx:0 sender:[c8:5e:a9:79:13:69 192.168.3.43]receiver:[1c:79:2d:20:62:cb 192.168.3.75]
06-20 13:36:28.288 0 0 W : [0 T896 ..] [SP FRAME RX] arp rsp,vif_idx:0 sender:[68:c6:ac:68:33:4b 192.168.3.120]receiver:[1c:79:2d:20:62:cb 192.168.3.75]
06-20 13:36:28.289 0 0 W : [0 T896 ..] [SP FRAME RX] arp rsp,vif_idx:0 sender:[68:c6:ac:68:33:4b 192.168.3.120]receiver:[1c:79:2d:20:62:cb 192.168.3.75]
06-20 13:36:28.291 0 0 W : [0 T896 ..] [SP FRAME RX] arp rsp,vif_idx:0 sender:[c8:5e:a9:79:13:69 192.168.3.43]receiver:[1c:79:2d:20:62:cb 192.168.3.75]
06-20 13:36:28.292 0 0 W : [0 T896 ..] [SP FRAME RX] arp rsp,vif_idx:0 sender:[68:c6:ac:68:33:4b 192.168.3.120]receiver:[1c:79:2d:20:62:cb 192.168.3.75]
06-20 13:36:28.294 0 0 W : [0 T896 ..] [SP FRAME RX] arp rsp,vif_idx:0 sender:[68:c6:ac:68:33:4b 192.168.3.120]receiver:[1c:79:2d:20:62:cb 192.168.3.75]
06-20 13:36:28.295 0 0 W : [0 T896 ..] [SP FRAME RX] arp rsp,vif_idx:0 sender:[68:c6:ac:68:33:4b 192.168.3.120]receiver:[1c:79:2d:20:62:cb 192.168.3.75]
06-20 13:36:28.297 0 0 W : [0 T896 ..] [SP FRAME RX] arp rsp,vif_idx:0 sender:[c8:5e:a9:79:13:69 192.168.3.43]receiver:[1c:79:2d:20:62:cb 192.168.3.75]
06-20 13:36:28.298 0 0 W : [0 T896 ..] [SP FRAME RX] arp rsp,vif_idx:0 sender:[68:c6:ac:68:33:4b 192.168.3.120]receiver:[1c:79:2d:20:62:cb 192.168.3.75]
06-20 13:36:28.300 0 0 W : [0 T896 ..] [SP FRAME RX] arp rsp,vif_idx:0 sender:[c8:5e:a9:79:13:69 192.168.3.43]receiver:[1c:79:2d:20:62:cb 192.168.3.75]
06-20 13:36:28.301 0 0 W : [0 T896 ..] [SP FRAME RX] arp rsp,vif_idx:0 sender:[68:c6:ac:68:33:4b 192.168.3.120]receiver:[1c:79:2d:20:62:cb 192.168.3.75]
06-20 13:36:28.303 0 0 W : [0 T896 ..] [SP FRAME RX] arp rsp,vif_idx:0 sender:[c8:5e:a9:79:13:69 192.168.3.43]receiver:[1c:79:2d:20:62:cb 192.168.3.75]
06-20 13:36:28.305 0 0 W : [0 T896 ..] [SP FRAME RX] arp rsp,vif_idx:0 sender:[68:c6:ac:68:33:4b 192.168.3.120]receiver:[1c:79:2d:20:62:cb 192.168.3.75]
06-20 13:36:28.306 0 0 W : [0 T896 ..] [SP FRAME RX] arp rsp,vif_idx:0 sender:[c8:5e:a9:79:13:69 192.168.3.43]receiver:[1c:79:2d:20:62:cb 192.168.3.75]
06-20 13:36:28.308 0 0 W : [0 T896 ..] [SP FRAME RX] arp rsp,vif_idx:0 sender:[68:c6:ac:68:33:4b 192.168.3.120]receiver:[1c:79:2d:20:62:cb 192.168.3.75]
06-20 13:36:28.309 0 0 W : [0 T896 ..] [SP FRAME RX] arp rsp,vif_idx:0 sender:[68:c6:ac:68:33:4b 192.168.3.120]receiver:[1c:79:2d:20:62:cb 192.168.3.75]
06-20 13:36:28.311 0 0 W : [0 T896 ..] [SP FRAME RX] arp rsp,vif_idx:0 sender:[c8:5e:a9:79:13:69 192.168.3.43]receiver:[1c:79:2d:20:62:cb 192.168.3.75]
06-20 13:36:28.312 0 0 W : [0 T896 ..] [SP FRAME RX] arp rsp,vif_idx:0 sender:[c8:5e:a9:79:13:69 192.168.3.43]receiver:[1c:79:2d:20:62:cb 192.168.3.75]
06-20 13:36:28.314 0 0 W : [0 T896 ..] [SP FRAME RX] arp rsp,vif_idx:0 sender:[68:c6:ac:68:33:4b 192.168.3.120]receiver:[1c:79:2d:20:62:cb 192.168.3.75]
06-20 13:36:28.315 0 0 W : [0 T896 ..] [SP FRAME RX] arp rsp,vif_idx:0 sender:[c8:5e:a9:79:13:69 192.168.3.43]receiver:[1c:79:2d:20:62:cb 192.168.3.75]
06-20 13:36:28.317 0 0 W : [0 T896 ..] [SP FRAME RX] arp rsp,vif_idx:0 sender:[68:c6:ac:68:33:4b 192.168.3.120]receiver:[1c:79:2d:20:62:cb 192.168.3.75]
06-20 13:36:28.318 0 0 W : [0 T896 ..] [SP FRAME RX] arp rsp,vif_idx:0 sender:[c8:5e:a9:79:13:69 192.168.3.43]receiver:[1c:79:2d:20:62:cb 192.168.3.75]
06-20 13:36:28.320 0 0 W : [0 T896 ..] [SP FRAME RX] arp rsp,vif_idx:0 sender:[68:c6:ac:68:33:4b 192.168.3.120]receiver:[1c:79:2d:20:62:cb 192.168.3.75]
06-20 13:36:28.322 0 0 W : [0 T896 ..] [SP FRAME RX] arp rsp,vif_idx:0 sender:[c8:5e:a9:79:13:69 192.168.3.43]receiver:[1c:79:2d:20:62:cb 192.168.3.75]
06-20 13:36:28.323 0 0 W : [0 T896 ..] [SP FRAME RX] arp rsp,vif_idx:0 sender:[68:c6:ac:68:33:4b 192.168.3.120]receiver:[1c:79:2d:20:62:cb 192.168.3.75]
06-20 13:36:28.325 0 0 W : [0 T896 ..] [SP FRAME RX] arp rsp,vif_idx:0 sender:[c8:5e:a9:79:13:69 192.168.3.43]receiver:[1c:79:2d:20:62:cb 192.168.3.75]
06-20 13:36:28.326 0 0 W : [0 T896 ..] [SP FRAME RX] arp rsp,vif_idx:0 sender:[68:c6:ac:68:33:4b 192.168.3.120]receiver:[1c:79:2d:20:62:cb 192.168.3.75]
06-20 13:36:28.328 0 0 W : [0 T896 ..] [SP FRAME RX] arp rsp,vif_idx:0 sender:[c8:5e:a9:79:13:69 192.168.3.43]receiver:[1c:79:2d:20:62:cb 192.168.3.75]
06-20 13:36:28.329 0 0 W : [0 T896 ..] [SP FRAME RX] arp rsp,vif_idx:0 sender:[68:c6:ac:68:33:4b 192.168.3.120]receiver:[1c:79:2d:20:62:cb 192.168.3.75]
06-20 13:36:28.331 0 0 W : [0 T896 ..] [SP FRAME RX] arp rsp,vif_idx:0 sender:[c8:5e:a9:79:13:69 192.168.3.43]receiver:[1c:79:2d:20:62:cb 192.168.3.75]
06-20 13:36:28.332 0 0 W : [0 T896 ..] [SP FRAME RX] arp rsp,vif_idx:0 sender:[68:c6:ac:68:33:4b 192.168.3.120]receiver:[1c:79:2d:20:62:cb 192.168.3.75]
06-20 13:36:28.334 0 0 W : [0 T896 ..] [SP FRAME RX] arp rsp,vif_idx:0 sender:[68:c6:ac:68:33:4b 192.168.3.120]receiver:[1c:79:2d:20:62:cb 192.168.3.75]
06-20 13:36:28.335 0 0 W : [0 T896 ..] [SP FRAME RX] arp rsp,vif_idx:0 sender:[c8:5e:a9:79:13:69 192.168.3.43]receiver:[1c:79:2d:20:62:cb 192.168.3.75]
06-20 13:36:28.337 0 0 W : [0 T896 ..] [SP FRAME RX] arp rsp,vif_idx:0 sender:[68:c6:ac:68:33:4b 192.168.3.120]receiver:[1c:79:2d:20:62:cb 192.168.3.75]
06-20 13:36:28.339 0 0 W : [0 T896 ..] [SP FRAME RX] arp rsp,vif_idx:0 sender:[c8:5e:a9:79:13:69 192.168.3.43]receiver:[1c:79:2d:20:62:cb 192.168.3.75]
06-20 13:36:28.340 0 0 W : [0 T896 ..] [SP FRAME RX] arp rsp,vif_idx:0 sender:[68:c6:ac:68:33:4b 192.168.3.120]receiver:[1c:79:2d:20:62:cb 192.168.3.75]
06-20 13:36:28.342 0 0 W : [0 T896 ..] [SP FRAME RX] arp rsp,vif_idx:0 sender:[c8:5e:a9:79:13:69 192.168.3.43]receiver:[1c:79:2d:20:62:cb 192.168.3.75]
06-20 13:36:28.343 0 0 W : [0 T896 ..] [SP FRAME RX] arp rsp,vif_idx:0 sender:[68:c6:ac:68:33:4b 192.168.3.120]receiver:[1c:79:2d:20:62:cb 192.168.3.75]
06-20 13:36:28.345 0 0 W : [0 T896 ..] [SP FRAME RX] arp rsp,vif_idx:0 sender:[c8:5e:a9:79:13:69 192.168.3.43]receiver:[1c:79:2d:20:62:cb 192.168.3.75]
06-20 13:36:28.346 0 0 W : [0 T896 ..] [SP FRAME RX] arp rsp,vif_idx:0 sender:[68:c6:ac:68:33:4b 192.168.3.120]receiver:[1c:79:2d:20:62:cb 192.168.3.75]
06-20 13:36:28.348 0 0 W : [0 T896 ..] [SP FRAME RX] arp rsp,vif_idx:0 sender:[c8:5e:a9:79:13:69 192.168.3.43]receiver:[1c:79:2d:20:62:cb 192.168.3.75]
06-20 13:36:28.349 0 0 W : [0 T896 ..] [SP FRAME RX] arp rsp,vif_idx:0 sender:[68:c6:ac:68:33:4b 192.168.3.120]receiver:[1c:79:2d:20:62:cb 192.168.3.75]
06-20 13:36:28.351 0 0 W : [0 T896 ..] [SP FRAME RX] arp rsp,vif_idx:0 sender:[68:c6:ac:68:33:4b 192.168.3.120]receiver:[1c:79:2d:20:62:cb 192.168.3.75]
06-20 13:36:28.352 0 0 W : [0 T896 ..] [SP FRAME RX] arp rsp,vif_idx:0 sender:[68:c6:ac:68:33:4b 192.168.3.120]receiver:[1c:79:2d:20:62:cb 192.168.3.75]
06-20 13:36:28.354 0 0 W : [0 T896 ..] [SP FRAME RX] arp rsp,vif_idx:0 sender:[68:c6:ac:68:33:4b 192.168.3.120]receiver:[1c:79:2d:20:62:cb 192.168.3.75]
06-20 13:36:28.355 0 0 W : [0 T896 ..] [SP FRAME RX] arp rsp,vif_idx:0 sender:[68:c6:ac:68:33:4b 192.168.3.120]receiver:[1c:79:2d:20:62:cb 192.168.3.75]
06-20 13:36:28.357 0 0 W : [0 T896 ..] [SP FRAME RX] arp rsp,vif_idx:0 sender:[68:c6:ac:68:33:4b 192.168.3.120]receiver:[1c:79:2d:20:62:cb 192.168.3.75]
06-20 13:36:28.359 0 0 W : [0 T896 ..] [SP FRAME RX] arp rsp,vif_idx:0 sender:[c8:5e:a9:79:13:69 192.168.3.43]receiver:[1c:79:2d:20:62:cb 192.168.3.75]
06-20 13:36:28.360 0 0 W : [0 T896 ..] [SP FRAME RX] arp rsp,vif_idx:0 sender:[68:c6:ac:68:33:4b 192.168.3.120]receiver:[1c:79:2d:20:62:cb 192.168.3.75]
06-20 13:36:28.362 0 0 W : [0 T896 ..] [SP FRAME RX] arp rsp,vif_idx:0 sender:[c8:5e:a9:79:13:69 192.168.3.43]receiver:[1c:79:2d:20:62:cb 192.168.3.75]
06-20 13:36:28.363 0 0 W : [0 T896 ..] [SP FRAME RX] arp rsp,vif_idx:0 sender:[68:c6:ac:68:33:4b 192.168.3.120]receiver:[1c:79:2d:20:62:cb 192.168.3.75]
06-20 13:36:28.891 688 742 W BroadcastLoopers: Found previously unknown looper Thread[PackageManager,5,main]
06-20 13:36:28.920 688 878 D OomAdjuster: Not killing cached processes
06-20 13:36:28.922 688 718 W BroadcastLoopers: Found previously unknown looper Thread[android.bg,5,main]
06-20 13:36:28.930 688 718 W VoiceInteractionManager: no available voice recognition services found for user 0
06-20 13:36:29.040 688 702 D CompatibilityChangeReporter: Compat change id reported: 161145287; UID 10066; state: ENABLED
06-20 13:36:29.225 0 0 W : [1 T896 ..] [SP FRAME RX] arp req,vif_idx:0 sender:[fe:1e:17:21:60:7b 192.168.3.178]receiver:[00:00:00:00:00:00 192.168.3.75]
06-20 13:36:29.226 0 0 W : [1 T896 ..] [SP FRAME TX] arp rsp,vif_idx:0 sender:[1c:79:2d:20:62:cb 192.168.3.75]receiver:[fe:1e:17:21:60:7b 192.168.3.178]
06-20 13:36:30.517 0 0 W : [1 T896 ..] [SP FRAME RX] arp req,vif_idx:0 sender:[dc:97:ba:5d:da:b8 192.168.3.17]receiver:[1c:79:2d:20:62:cb 192.168.3.75]
06-20 13:36:30.518 0 0 W : [1 T896 ..] [SP FRAME TX] arp rsp,vif_idx:0 sender:[1c:79:2d:20:62:cb 192.168.3.75]receiver:[dc:97:ba:5d:da:b8 192.168.3.17]
06-20 13:36:30.577 0 0 W : [1 T896 ..] [SP FRAME RX] arp req,vif_idx:0 sender:[70:08:94:2c:94:d9 192.168.3.27]receiver:[1c:79:2d:20:62:cb 192.168.3.75]
06-20 13:36:30.578 0 0 W : [1 T896 ..] [SP FRAME TX] arp rsp,vif_idx:0 sender:[1c:79:2d:20:62:cb 192.168.3.75]receiver:[70:08:94:2c:94:d9 192.168.3.27]
06-20 13:36:30.601 0 0 W : [1 T896 ..] [SP FRAME RX] arp req,vif_idx:0 sender:[c8:5e:a9:78:cd:2d 192.168.3.21]receiver:[1c:79:2d:20:62:cb 192.168.3.75]
06-20 13:36:30.602 0 0 W : [1 T896 ..] [SP FRAME TX] arp rsp,vif_idx:0 sender:[1c:79:2d:20:62:cb 192.168.3.75]receiver:[c8:5e:a9:78:cd:2d 192.168.3.21]
06-20 13:36:30.605 0 0 W : [1 T896 ..] [SP FRAME RX] arp req,vif_idx:0 sender:[b0:dc:ef:39:56:8e 192.168.3.18]receiver:[1c:79:2d:20:62:cb 192.168.3.75]
06-20 13:36:30.606 0 0 W : [1 T896 ..] [SP FRAME TX] arp rsp,vif_idx:0 sender:[1c:79:2d:20:62:cb 192.168.3.75]receiver:[b0:dc:ef:39:56:8e 192.168.3.18]
06-20 13:36:30.725 688 688 W NotificationHistory: Attempted to add notif for locked/gone/disabled user 0
06-20 13:36:30.996 0 0 W [2 T2631 ..] audit: audit_lost=581 audit_rate_limit=5 audit_backlog_limit=64
06-20 13:36:30.997 0 0 E [2 T2631 ..] audit: rate limit exceeded
06-20 13:36:31.121 0 0 W : [1 T896 ..] [SP FRAME RX] arp req,vif_idx:0 sender:[56:86:a9:ec:10:a8 192.168.3.19]receiver:[00:00:00:00:00:00 192.168.3.75]
06-20 13:36:31.122 0 0 W : [1 T896 ..] [SP FRAME TX] arp rsp,vif_idx:0 sender:[1c:79:2d:20:62:cb 192.168.3.75]receiver:[56:86:a9:ec:10:a8 192.168.3.19]
06-20 13:36:31.128 688 1641 D CompatibilityChangeReporter: Compat change id reported: 161145287; UID 10043; state: DISABLED
06-20 13:36:31.195 0 0 W : [1 T896 ..] [SP FRAME RX] arp req,vif_idx:0 sender:[06:ef:ba:7e:8b:77 192.168.3.24]receiver:[00:00:00:00:00:00 192.168.3.75]
06-20 13:36:31.196 0 0 W : [1 T896 ..] [SP FRAME TX] arp rsp,vif_idx:0 sender:[1c:79:2d:20:62:cb 192.168.3.75]receiver:[06:ef:ba:7e:8b:77 192.168.3.24]
06-20 13:36:31.246 0 0 W : [2 T954 ..] >>> aml_cfg80211_set_power_mgmt()
06-20 13:36:31.246 0 0 W : [2 T954 ..] [aml_send_me_set_ps_mode 2111] set power save mode:0
06-20 13:36:31.246 0 0 W : [2 T954 ..] >>> aml_send_msg()
06-20 13:36:31.248 0 0 W : [3 T895 ..] ipc_sdio_host_msgack_handler 0000000005f548d4
06-20 13:36:31.249 0 0 W : [3 T895 ..] [aml_msgackind 2039] msg ack hostid=0xffffff8022150780
06-20 13:36:31.250 0 0 W : [3 T895 ..] [cmd_mgr_llind 329] cmd tkn[31] flags:001a result: -4 cmd:5139-ME_SET_PS_MODE_REQ - reqcfm(5140-ME_SET_PS_MODE_CFM)
06-20 13:36:31.251 0 0 W : [3 T895 ..] [cmd_mgr_msgind 409] cmd tkn[31] flags:0012 result: -4 cmd:5139-ME_SET_PS_MODE_REQ - reqcfm(5140-ME_SET_PS_MODE_CFM)
06-20 13:36:31.253 0 0 W : [3 T895 ..] [cmd_complete 65] cmd tkn[31] flags:0002 result: -4 cmd:5139-ME_SET_PS_MODE_REQ - reqcfm(5140-ME_SET_PS_MODE_CFM)
06-20 13:36:31.427 0 0 W : [1 T896 ..] [SP FRAME RX] arp req,vif_idx:0 sender:[dc:1b:a1:a4:37:fb 192.168.3.180]receiver:[1c:79:2d:20:62:cb 192.168.3.75]
06-20 13:36:31.427 0 0 W : [1 T896 ..] [SP FRAME TX] arp rsp,vif_idx:0 sender:[1c:79:2d:20:62:cb 192.168.3.75]receiver:[dc:1b:a1:a4:37:fb 192.168.3.180]
06-20 13:36:31.517 0 0 W : [1 T896 ..] [SP FRAME RX] arp req,vif_idx:0 sender:[20:57:9e:67:7f:db 192.168.3.98]receiver:[00:00:00:00:00:00 192.168.3.75]
06-20 13:36:31.518 0 0 W : [1 T896 ..] [SP FRAME TX] arp rsp,vif_idx:0 sender:[1c:79:2d:20:62:cb 192.168.3.75]receiver:[20:57:9e:67:7f:db 192.168.3.98]
06-20 13:36:31.530 0 0 W : [1 T896 ..] [SP FRAME RX] arp req,vif_idx:0 sender:[ce:be:1f:00:3d:16 192.168.3.111]receiver:[00:00:00:00:00:00 192.168.3.75]
06-20 13:36:31.531 0 0 W : [1 T896 ..] [SP FRAME TX] arp rsp,vif_idx:0 sender:[1c:79:2d:20:62:cb 192.168.3.75]receiver:[ce:be:1f:00:3d:16 192.168.3.111]
06-20 13:36:31.551 0 0 W : [1 T896 ..] [SP FRAME RX] arp req,vif_idx:0 sender:[b2:5f:b6:f4:11:96 192.168.3.136]receiver:[00:00:00:00:00:00 192.168.3.75]
06-20 13:36:31.552 0 0 W : [1 T896 ..] [SP FRAME TX] arp rsp,vif_idx:0 sender:[1c:79:2d:20:62:cb 192.168.3.75]receiver:[b2:5f:b6:f4:11:96 192.168.3.136]
06-20 13:36:31.559 0 0 W : [1 T896 ..] [SP FRAME RX] arp req,vif_idx:0 sender:[6a:ae:d7:d4:cc:b4 192.168.3.60]receiver:[00:00:00:00:00:00 192.168.3.75]
06-20 13:36:31.560 0 0 W : [1 T896 ..] [SP FRAME TX] arp rsp,vif_idx:0 sender:[1c:79:2d:20:62:cb 192.168.3.75]receiver:[6a:ae:d7:d4:cc:b4 192.168.3.60]
06-20 13:36:31.647 0 0 W : [1 T896 ..] [SP FRAME RX] arp req,vif_idx:0 sender:[28:48:e7:f0:76:bd 192.168.3.210]receiver:[00:00:00:00:00:00 192.168.3.75]
06-20 13:36:31.648 0 0 W : [1 T896 ..] [SP FRAME TX] arp rsp,vif_idx:0 sender:[1c:79:2d:20:62:cb 192.168.3.75]receiver:[28:48:e7:f0:76:bd 192.168.3.210]
06-20 13:36:31.679 0 0 W : [1 T896 ..] [SP FRAME RX] arp req,vif_idx:0 sender:[0c:91:60:12:cd:fc 192.168.3.171]receiver:[00:00:00:00:00:00 192.168.3.75]
06-20 13:36:31.680 0 0 W : [1 T896 ..] [SP FRAME TX] arp rsp,vif_idx:0 sender:[1c:79:2d:20:62:cb 192.168.3.75]receiver:[0c:91:60:12:cd:fc 192.168.3.171]
06-20 13:36:31.693 0 0 W : [1 T896 ..] [SP FRAME RX] arp req,vif_idx:0 sender:[86:aa:6a:88:ab:73 192.168.3.95]receiver:[00:00:00:00:00:00 192.168.3.75]
06-20 13:36:31.694 0 0 W : [1 T896 ..] [SP FRAME TX] arp rsp,vif_idx:0 sender:[1c:79:2d:20:62:cb 192.168.3.75]receiver:[86:aa:6a:88:ab:73 192.168.3.95]
06-20 13:36:31.695 0 0 W : [1 T896 ..] [SP FRAME RX] arp req,vif_idx:0 sender:[c6:ce:03:3d:c3:bd 192.168.3.118]receiver:[00:00:00:00:00:00 192.168.3.75]
06-20 13:36:31.697 0 0 W : [1 T896 ..] [SP FRAME TX] arp rsp,vif_idx:0 sender:[1c:79:2d:20:62:cb 192.168.3.75]receiver:[c6:ce:03:3d:c3:bd 192.168.3.118]
06-20 13:36:31.698 0 0 W : [1 T896 ..] [SP FRAME RX] arp req,vif_idx:0 sender:[4e:86:42:b2:61:af 192.168.3.61]receiver:[00:00:00:00:00:00 192.168.3.75]
06-20 13:36:31.700 0 0 W : [1 T896 ..] [SP FRAME TX] arp rsp,vif_idx:0 sender:[1c:79:2d:20:62:cb 192.168.3.75]receiver:[4e:86:42:b2:61:af 192.168.3.61]
06-20 13:36:31.715 0 0 W : [1 T896 ..] [SP FRAME RX] arp req,vif_idx:0 sender:[ae:80:df:a1:c5:d9 192.168.3.37]receiver:[00:00:00:00:00:00 192.168.3.75]
06-20 13:36:31.716 0 0 W : [1 T896 ..] [SP FRAME TX] arp rsp,vif_idx:0 sender:[1c:79:2d:20:62:cb 192.168.3.75]receiver:[ae:80:df:a1:c5:d9 192.168.3.37]
06-20 13:36:31.738 0 0 W : [1 T896 ..] [SP FRAME RX] arp req,vif_idx:0 sender:[54:d6:0d:ac:40:f5 192.168.3.83]receiver:[00:00:00:00:00:00 192.168.3.75]
06-20 13:36:31.739 0 0 W : [1 T896 ..] [SP FRAME TX] arp rsp,vif_idx:0 sender:[1c:79:2d:20:62:cb 192.168.3.75]receiver:[54:d6:0d:ac:40:f5 192.168.3.83]
06-20 13:36:31.769 0 0 W : [1 T896 ..] [SP FRAME RX] arp req,vif_idx:0 sender:[02:f6:af:b4:c7:ea 192.168.3.93]receiver:[00:00:00:00:00:00 192.168.3.75]
06-20 13:36:31.770 0 0 W : [1 T896 ..] [SP FRAME TX] arp rsp,vif_idx:0 sender:[1c:79:2d:20:62:cb 192.168.3.75]receiver:[02:f6:af:b4:c7:ea 192.168.3.93]
06-20 13:36:31.782 0 0 W : [1 T896 ..] [SP FRAME RX] arp req,vif_idx:0 sender:[fa:93:f5:bc:af:dd 192.168.3.131]receiver:[00:00:00:00:00:00 192.168.3.75]
06-20 13:36:31.783 0 0 W : [1 T896 ..] [SP FRAME TX] arp rsp,vif_idx:0 sender:[1c:79:2d:20:62:cb 192.168.3.75]receiver:[fa:93:f5:bc:af:dd 192.168.3.131]
06-20 13:36:31.799 0 0 W : [1 T896 ..] [SP FRAME RX] arp req,vif_idx:0 sender:[ea:f3:28:46:91:6b 192.168.3.243]receiver:[00:00:00:00:00:00 192.168.3.75]
06-20 13:36:31.800 0 0 W : [1 T896 ..] [SP FRAME TX] arp rsp,vif_idx:0 sender:[1c:79:2d:20:62:cb 192.168.3.75]receiver:[ea:f3:28:46:91:6b 192.168.3.243]
06-20 13:36:31.804 0 0 W : [1 T896 ..] [SP FRAME RX] arp req,vif_idx:0 sender:[ce:37:71:40:7d:26 192.168.3.216]receiver:[00:00:00:00:00:00 192.168.3.75]
06-20 13:36:31.805 0 0 W : [1 T896 ..] [SP FRAME TX] arp rsp,vif_idx:0 sender:[1c:79:2d:20:62:cb 192.168.3.75]receiver:[ce:37:71:40:7d:26 192.168.3.216]
06-20 13:36:31.822 0 0 W : [1 T896 ..] [SP FRAME RX] arp req,vif_idx:0 sender:[ee:08:6c:a8:67:93 192.168.3.73]receiver:[00:00:00:00:00:00 192.168.3.75]
06-20 13:36:31.823 0 0 W : [1 T896 ..] [SP FRAME TX] arp rsp,vif_idx:0 sender:[1c:79:2d:20:62:cb 192.168.3.75]receiver:[ee:08:6c:a8:67:93 192.168.3.73]
06-20 13:36:31.839 0 0 W : [1 T896 ..] [SP FRAME RX] arp req,vif_idx:0 sender:[98:f1:12:30:b3:31 192.168.3.126]receiver:[00:00:00:00:00:00 192.168.3.75]
06-20 13:36:31.840 0 0 W : [1 T896 ..] [SP FRAME TX] arp rsp,vif_idx:0 sender:[1c:79:2d:20:62:cb 192.168.3.75]receiver:[98:f1:12:30:b3:31 192.168.3.126]
06-20 13:36:31.845 0 0 W : [1 T896 ..] [SP FRAME RX] arp req,vif_idx:0 sender:[3e:40:2a:38:15:97 192.168.3.220]receiver:[00:00:00:00:00:00 192.168.3.75]
06-20 13:36:31.846 0 0 W : [1 T896 ..] [SP FRAME TX] arp rsp,vif_idx:0 sender:[1c:79:2d:20:62:cb 192.168.3.75]receiver:[3e:40:2a:38:15:97 192.168.3.220]
06-20 13:36:31.849 0 0 W : [1 T896 ..] [SP FRAME RX] arp req,vif_idx:0 sender:[7a:8a:0f:56:00:ca 192.168.3.248]receiver:[00:00:00:00:00:00 192.168.3.75]
06-20 13:36:31.850 0 0 W : [1 T896 ..] [SP FRAME TX] arp rsp,vif_idx:0 sender:[1c:79:2d:20:62:cb 192.168.3.75]receiver:[7a:8a:0f:56:00:ca 192.168.3.248]
06-20 13:36:31.857 0 0 W : [1 T896 ..] [SP FRAME RX] arp req,vif_idx:0 sender:[c2:09:a1:aa:11:60 192.168.3.249]receiver:[00:00:00:00:00:00 192.168.3.75]
06-20 13:36:31.858 0 0 W : [1 T896 ..] [SP FRAME TX] arp rsp,vif_idx:0 sender:[1c:79:2d:20:62:cb 192.168.3.75]receiver:[c2:09:a1:aa:11:60 192.168.3.249]
06-20 13:36:31.981 688 719 I ActivityManager: Skip zero pid ANR, process=WebViewLoader-armeabi-v7a
06-20 13:36:32.151 0 0 W : [1 T896 ..] [SP FRAME RX] arp req,vif_idx:0 sender:[22:53:1b:e9:95:aa 192.168.3.198]receiver:[00:00:00:00:00:00 192.168.3.75]
06-20 13:36:32.152 0 0 W : [1 T896 ..] [SP FRAME TX] arp rsp,vif_idx:0 sender:[1c:79:2d:20:62:cb 192.168.3.75]receiver:[22:53:1b:e9:95:aa 192.168.3.198]
06-20 13:36:32.854 0 0 W : [1 T896 ..] [SP FRAME RX] arp req,vif_idx:0 sender:[b2:33:fc:c9:ef:d5 192.168.3.217]receiver:[00:00:00:00:00:00 192.168.3.75]
06-20 13:36:32.855 0 0 W : [1 T896 ..] [SP FRAME TX] arp rsp,vif_idx:0 sender:[1c:79:2d:20:62:cb 192.168.3.75]receiver:[b2:33:fc:c9:ef:d5 192.168.3.217]
06-20 13:36:32.857 0 0 W : [1 T896 ..] [SP FRAME RX] arp req,vif_idx:0 sender:[22:53:1b:e9:95:aa 192.168.3.198]receiver:[00:00:00:00:00:00 192.168.3.75]
06-20 13:36:32.858 0 0 W : [1 T896 ..] [SP FRAME TX] arp rsp,vif_idx:0 sender:[1c:79:2d:20:62:cb 192.168.3.75]receiver:[22:53:1b:e9:95:aa 192.168.3.198]
06-20 13:36:32.997 688 719 I ActivityManager: Waited long enough for: ServiceRecord{ffb8f25 u0 com.oranth.storage/.MainService}
06-20 13:36:33.162 0 0 W : [1 T896 ..] [SP FRAME RX] arp req,vif_idx:0 sender:[b2:33:fc:c9:ef:d5 192.168.3.217]receiver:[00:00:00:00:00:00 192.168.3.75]
06-20 13:36:33.163 0 0 W : [1 T896 ..] [SP FRAME TX] arp rsp,vif_idx:0 sender:[1c:79:2d:20:62:cb 192.168.3.75]receiver:[b2:33:fc:c9:ef:d5 192.168.3.217]
06-20 13:36:33.444 0 0 W : [3 T895 ..] traffic idle!!
06-20 13:36:33.492 688 719 I ActivityManager: Waited long enough for: ServiceRecord{91ca6f6 u0 com.droidlogic.mictoggle/.AssistantMicMuteService}
06-20 13:36:33.852 688 719 I ActivityManager: Waited long enough for: ServiceRecord{dd3c5c0 u0 com.dangbei.lerad.rocky/com.dangbei.phrike.core.PhrikeDownloadService}
06-20 13:36:34.069 688 780 D ActivityManager: freezing 2360 com.android.externalstorage
06-20 13:36:35.915 0 0 W : [2 T896 ..] [SP FRAME RX] arp req,vif_idx:0 sender:[02:fe:15:17:79:f9 192.168.3.3]receiver:[00:00:00:00:00:00 192.168.3.75]
06-20 13:36:35.916 0 0 W : [2 T896 ..] [SP FRAME TX] arp rsp,vif_idx:0 sender:[1c:79:2d:20:62:cb 192.168.3.75]receiver:[02:fe:15:17:79:f9 192.168.3.3]
06-20 13:36:36.106 0 0 W : [2 T896 ..] [SP FRAME RX] DHCP[0 1], vif_idx:0
06-20 13:36:36.395 274 949 I keystore2: system/security/keystore2/src/watchdog.rs:319 - Watchdog thread idle -> terminating. Have a great day.
06-20 13:36:36.846 0 0 W : [2 T896 ..] [SP FRAME RX] arp req,vif_idx:0 sender:[6c:b7:49:92:e8:7f 192.168.3.154]receiver:[00:00:00:00:00:00 192.168.3.75]
06-20 13:36:36.847 0 0 W : [2 T896 ..] [SP FRAME TX] arp rsp,vif_idx:0 sender:[1c:79:2d:20:62:cb 192.168.3.75]receiver:[6c:b7:49:92:e8:7f 192.168.3.154]
06-20 13:36:37.125 0 0 W : [2 T896 ..] [SP FRAME RX] DHCP[0 1], vif_idx:0
06-20 13:36:38.545 688 763 D OomAdjuster: Not killing cached processes
06-20 13:36:39.161 0 0 W : [2 T896 ..] [SP FRAME RX] DHCP[0 1], vif_idx:0
06-25 18:22:16.156 688 784 E LazyAlarmStore: Removed TIME_TICK alarm
06-25 18:22:16.160 688 688 I JobScheduler: RTC now valid; recalculating persisted job windows
06-25 18:22:16.199 688 688 W SyncManager: Clock is valid now.
06-25 18:22:16.199 688 688 D ConditionProviders.SCP: onReceive android.intent.action.TIME_SET
06-25 18:22:16.210 688 861 D CompatibilityChangeReporter: Compat change id reported: 171306433; UID 1000; state: ENABLED
06-25 18:22:16.211 688 688 D ConditionProviders.SCP: evaluateSubscriptionLocked cal=ScheduleCalendar[mDays={1, 2, 3, 4, 5, 6, 7}, mSchedule=ScheduleInfo{days=[1, 2, 3, 4, 5, 6, 7], startHour=22, startMinute=0, endHour=7, endMinute=0, exitAtAlarm=true, nextAlarm=Thu Jan 01 08:00:00 GMT+08:00 1970 (0)}], now=Wed Jun 25 18:22:16 GMT+08:00 2025 (1750846936199), nextUserAlarmTime=Thu Jan 01 08:00:00 GMT+08:00 1970 (0)
06-25 18:22:16.211 688 688 D ConditionProviders.SCP: notifyCondition condition://android/schedule?days=1.2.3.4.5.6.7&start=22.0&end=7.0&exitAtAlarm=true STATE_FALSE reason=!meetsSchedule
06-25 18:22:16.212 688 688 D ConditionProviders.SCP: Scheduling evaluate for Wed Jun 25 22:00:00 GMT+08:00 2025 (1750860000000), in +3h37m43s801ms, now=Wed Jun 25 18:22:16 GMT+08:00 2025 (1750846936199)
06-25 18:22:16.212 688 688 D CompatibilityChangeReporter: Compat change id reported: 218533173; UID 1000; state: ENABLED
06-25 18:22:16.224 688 841 D CompatibilityChangeReporter: Compat change id reported: 143231523; UID 1000; state: DISABLED
06-25 18:22:16.238 688 718 I UsageStatsService: User[0] Time changed in by 449134 seconds
06-25 18:22:16.238 688 718 I UsageStatsService: User[0] Flushing usage stats to disk
06-25 18:22:16.253 688 718 I UsageStatsDatabase: Time changed by +5d4h45m34s643ms. files deleted: 0 files moved: 4
06-25 18:22:16.259 688 718 I UsageStatsService: User[0] Rollover scheduled @ 2025-06-26 18:21:51(1750933311456)
06-25 18:22:16.263 688 763 D CompatibilityChangeReporter: Compat change id reported: 218533173; UID 10019; state: ENABLED
06-25 18:22:16.264 688 763 D CompatibilityChangeReporter: Compat change id reported: 262645982; UID 10019; state: ENABLED
06-25 18:22:16.264 688 763 D CompatibilityChangeReporter: Compat change id reported: 218533173; UID 10039; state: DISABLED
06-25 18:22:16.265 688 763 D CompatibilityChangeReporter: Compat change id reported: 262645982; UID 10039; state: DISABLED
06-25 18:22:16.265 688 763 D CompatibilityChangeReporter: Compat change id reported: 218533173; UID 10018; state: ENABLED
06-25 18:22:16.265 688 763 D CompatibilityChangeReporter: Compat change id reported: 262645982; UID 10018; state: ENABLED
06-25 18:22:16.266 688 763 D CompatibilityChangeReporter: Compat change id reported: 218533173; UID 10026; state: ENABLED
06-25 18:22:16.266 688 763 D CompatibilityChangeReporter: Compat change id reported: 262645982; UID 10026; state: ENABLED
06-25 18:22:16.268 688 763 D CompatibilityChangeReporter: Compat change id reported: 218533173; UID 10027; state: DISABLED
06-25 18:22:16.269 688 763 D CompatibilityChangeReporter: Compat change id reported: 262645982; UID 10027; state: DISABLED
06-25 18:22:16.269 688 763 D CompatibilityChangeReporter: Compat change id reported: 218533173; UID 10043; state: DISABLED
06-25 18:22:16.269 688 763 D CompatibilityChangeReporter: Compat change id reported: 262645982; UID 10043; state: DISABLED
06-25 18:22:16.271 688 763 D CompatibilityChangeReporter: Compat change id reported: 218533173; UID 10070; state: ENABLED
06-25 18:22:16.271 688 763 D CompatibilityChangeReporter: Compat change id reported: 262645982; UID 10070; state: ENABLED
06-25 18:22:16.274 688 763 D CompatibilityChangeReporter: Compat change id reported: 218533173; UID 10025; state: ENABLED
06-25 18:22:16.274 688 763 D CompatibilityChangeReporter: Compat change id reported: 262645982; UID 10025; state: ENABLED
06-25 18:22:16.275 688 763 D CompatibilityChangeReporter: Compat change id reported: 218533173; UID 10022; state: ENABLED
06-25 18:22:16.275 688 763 D CompatibilityChangeReporter: Compat change id reported: 262645982; UID 10022; state: ENABLED
06-25 18:22:16.277 688 763 D CompatibilityChangeReporter: Compat change id reported: 218533173; UID 10041; state: DISABLED
06-25 18:22:16.277 688 763 D CompatibilityChangeReporter: Compat change id reported: 262645982; UID 10041; state: DISABLED
06-25 18:22:16.278 688 763 D CompatibilityChangeReporter: Compat change id reported: 218533173; UID 10048; state: DISABLED
06-25 18:22:16.278 688 763 D CompatibilityChangeReporter: Compat change id reported: 262645982; UID 10048; state: DISABLED
06-25 18:22:16.279 688 763 D CompatibilityChangeReporter: Compat change id reported: 218533173; UID 10063; state: ENABLED
06-25 18:22:16.279 688 763 D CompatibilityChangeReporter: Compat change id reported: 262645982; UID 10063; state: ENABLED
06-25 18:22:16.281 688 763 D CompatibilityChangeReporter: Compat change id reported: 218533173; UID 10066; state: ENABLED
06-25 18:22:16.281 688 763 D CompatibilityChangeReporter: Compat change id reported: 262645982; UID 10066; state: ENABLED
06-25 18:22:17.810 0 0 W : [2 T896 ..] [SP FRAME RX] DHCP[0 1], vif_idx:0
06-25 18:22:20.236 0 0 W : [1 T896 ..] [SP FRAME RX] arp req,vif_idx:0 sender:[e0:ba:ad:3a:be:9a 192.168.3.66]receiver:[00:00:00:00:00:00 192.168.3.75]
06-25 18:22:20.237 0 0 W : [1 T896 ..] [SP FRAME TX] arp rsp,vif_idx:0 sender:[1c:79:2d:20:62:cb 192.168.3.75]receiver:[e0:ba:ad:3a:be:9a 192.168.3.66]
06-25 18:22:21.220 688 719 D OomAdjuster: Not killing cached processes
06-25 18:22:21.229 688 905 D CompatibilityChangeReporter: Compat change id reported: 261072174; UID 1000; state: ENABLED
06-25 18:22:21.258 0 0 W : [1 T896 ..] [SP FRAME RX] arp req,vif_idx:0 sender:[e0:ba:ad:3a:be:9a 192.168.3.66]receiver:[00:00:00:00:00:00 192.168.3.75]
06-25 18:22:21.259 0 0 W : [1 T896 ..] [SP FRAME TX] arp rsp,vif_idx:0 sender:[1c:79:2d:20:62:cb 192.168.3.75]receiver:[e0:ba:ad:3a:be:9a 192.168.3.66]
06-25 18:22:24.580 0 0 W : [1 T896 ..] [SP FRAME RX] arp req,vif_idx:0 sender:[ee:78:83:8f:63:7e 192.168.3.58]receiver:[00:00:00:00:00:00 192.168.3.75]
06-25 18:22:24.581 0 0 W : [1 T896 ..] [SP FRAME TX] arp rsp,vif_idx:0 sender:[1c:79:2d:20:62:cb 192.168.3.75]receiver:[ee:78:83:8f:63:7e 192.168.3.58]
06-25 18:22:25.804 0 0 W : [1 T896 ..] [SP FRAME RX] DHCP[0 1], vif_idx:0
06-25 18:22:27.632 688 780 D ActivityManager: freezing 2176 com.android.providers.tv
06-25 18:22:34.647 688 784 D ActivityManager: sync unfroze 2176 com.android.providers.tv for 6
06-25 18:22:34.681 688 753 D OomAdjuster: Not killing cached processes
06-25 18:22:40.430 0 0 W : [1 T896 ..] [SP FRAME RX] DHCP[0 1], vif_idx:0
06-25 18:22:41.472 0 0 W : [1 T896 ..] [SP FRAME RX] DHCP[0 1], vif_idx:0
06-25 18:22:41.862 0 0 W : [1 T896 ..] [SP FRAME RX] DHCP[0 1], vif_idx:0
06-25 18:22:42.473 0 0 W : [1 T896 ..] [SP FRAME RX] DHCP[0 1], vif_idx:0
06-25 18:22:43.638 0 0 W : [1 T896 ..] [SP FRAME RX] arp req,vif_idx:0 sender:[82:d8:26:78:cd:e3 192.168.3.45]receiver:[00:00:00:00:00:00 192.168.3.75]
06-25 18:22:43.639 0 0 W : [1 T896 ..] [SP FRAME TX] arp rsp,vif_idx:0 sender:[1c:79:2d:20:62:cb 192.168.3.75]receiver:[82:d8:26:78:cd:e3 192.168.3.45]
06-25 18:22:44.455 688 718 I UsageStatsService: Time changed in by 449134 seconds
06-25 18:22:44.457 688 878 D OomAdjuster: Not killing cached processes
06-25 18:22:44.522 0 0 W : [1 T896 ..] [SP FRAME RX] DHCP[0 1], vif_idx:0
06-25 18:22:44.714 688 780 D ActivityManager: freezing 2176 com.android.providers.tv
06-25 18:22:46.197 688 780 D ActivityManager: freezing 1547 android.process.media
06-25 18:22:46.245 688 780 D ActivityManager: freezing 2209 com.android.rkpdapp
06-25 18:22:46.246 688 780 D ActivityManager: freezing 2269 com.android.statementservice
06-25 18:22:46.468 0 0 W : [1 T0 .s] [SP FRAME TX] arp req,vif_idx:0 sender:[1c:79:2d:20:62:cb 192.168.3.75]receiver:[00:00:00:00:00:00 192.168.3.22]
06-25 18:22:46.511 0 0 W : [1 T896 ..] [SP FRAME RX] arp rsp,vif_idx:0 sender:[2a:43:89:33:57:b3 192.168.3.22]receiver:[1c:79:2d:20:62:cb 192.168.3.75]
06-25 18:22:46.724 0 0 W : [0 T313 ..] [aml_send_sync_trace 4388] sync token[64694]
06-25 18:22:46.724 0 0 W : [0 T313 ..] >>> aml_send_msg()
06-25 18:22:46.725 0 0 W : [2 T895 ..] ipc_sdio_host_msgack_handler 00000000dc760a4c
06-25 18:22:46.725 0 0 W : [2 T895 ..] [aml_msgackind 2039] msg ack hostid=0xffffff805c84cd80
06-25 18:22:46.726 0 0 W : [2 T895 ..] [cmd_mgr_llind 329] cmd tkn[32] flags:0008 result: -4 cmd: 105-MM_SYNC_TRACE - reqcfm( 0-none)
06-25 18:22:46.728 0 0 W : [2 T895 ..] [cmd_complete 65] cmd tkn[32] flags:0000 result: -4 cmd: 105-MM_SYNC_TRACE - reqcfm( 0-none)
06-25 18:22:48.515 0 0 W : [1 T896 ..] [SP FRAME RX] DHCP[0 1], vif_idx:0
06-25 18:22:50.051 0 0 I [1 T896 ..] nf_conntrack: default automatic helper assignment has been turned off for security reasons and CT-based firewall rule not found. Use the iptables CT target to attach helpers instead.
06-25 18:22:50.384 688 688 V HotPlugDetectionAction: Poll all devices.
06-25 18:22:50.650 688 719 D OomAdjuster: Not killing cached processes
06-25 18:22:50.789 688 688 D HdmiCecController: [P]:AllocatedAddress=[]
06-25 18:22:50.789 688 688 I HDMI : Remove device by hot-plug detection:14
06-25 18:22:50.790 688 688 D HdmiControlService: Switching to full volume behavior
06-25 18:22:51.510 688 702 W BatteryExternalStatsWorker: error reading Bluetooth stats: 11
06-25 18:22:54.164 0 0 W : [1 T896 ..] [SP FRAME RX] DHCP[0 1], vif_idx:0
06-25 18:22:55.171 0 0 W : [1 T896 ..] [SP FRAME RX] DHCP[0 1], vif_idx:0
06-25 18:22:55.243 0 0 W : [1 T896 ..] [SP FRAME RX] arp req,vif_idx:0 sender:[2a:7f:53:39:7b:19 192.168.3.79]receiver:[00:00:00:00:00:00 192.168.3.75]
06-25 18:22:55.244 0 0 W : [1 T896 ..] [SP FRAME TX] arp rsp,vif_idx:0 sender:[1c:79:2d:20:62:cb 192.168.3.75]receiver:[2a:7f:53:39:7b:19 192.168.3.79]
06-25 18:22:55.523 688 1641 I ActivityManager: Background started FGS: Allowed [callingPackage: com.dangbei.screencast; callingUid: 10043; uidState: FGS ; uidBFSL: [BFSL]; intent: Intent { cmp=com.dangbei.screencast/.startup.GuardService }; code:PROC_STATE_FGS; tempAllowListReason:; targetSdkVersion:28; callerTargetSdkVersion:28; startForegroundCount:0; bindFromPackage:null: isBindService:false]
06-25 18:22:55.525 688 1641 D CompatibilityChangeReporter: Compat change id reported: 135634846; UID 10043; state: DISABLED
06-25 18:22:55.526 688 720 D CompatibilityChangeReporter: Compat change id reported: 143937733; UID 10043; state: DISABLED
06-25 18:22:55.549 688 720 I ActivityManager: Start proc 2760:com.dangbei.screencast:bg_guard/u0a43 for service {com.dangbei.screencast/com.dangbei.screencast.startup.GuardService}
06-25 18:22:55.580 688 702 D CompatibilityChangeReporter: Compat change id reported: 168419799; UID 10043; state: DISABLED
06-25 18:22:55.581 688 702 D CompatibilityChangeReporter: Compat change id reported: 273564678; UID 10043; state: DISABLED
06-25 18:22:55.587 688 702 D CompatibilityChangeReporter: Compat change id reported: 170503758; UID 10043; state: DISABLED
06-25 18:22:55.661 688 1641 D CompatibilityChangeReporter: Compat change id reported: 161145287; UID 10043; state: DISABLED
06-25 18:22:55.700 0 0 W [2 T2794 ..] audit: audit_lost=583 audit_rate_limit=5 audit_backlog_limit=64
06-25 18:22:55.703 0 0 E [2 T2794 ..] audit: rate limit exceeded
06-25 18:22:55.751 688 702 D CompatibilityChangeReporter: Compat change id reported: 170668199; UID 10043; state: DISABLED
06-25 18:22:55.751 688 702 W ActivityManager: Foreground service started from background can not have location/camera/microphone access: service com.dangbei.screencast/.startup.GuardService
06-25 18:22:55.752 688 702 D CompatibilityChangeReporter: Compat change id reported: 255038118; UID 10043; state: DISABLED
06-25 18:22:55.752 688 702 D CompatibilityChangeReporter: Compat change id reported: 255042465; UID 10043; state: DISABLED
06-25 18:22:55.753 688 702 W ForegroundServiceTypeLoggerModule: Foreground service start for UID: 10043 does not have any types
06-25 18:22:55.774 0 0 W : [0 T2827 ..] [SP FRAME TX] arp req,vif_idx:0 sender:[1c:79:2d:20:62:cb 192.168.3.75]receiver:[00:00:00:00:00:00 192.168.3.4]
06-25 18:22:55.776 0 0 W : [0 T2827 ..] [SP FRAME TX] arp req,vif_idx:0 sender:[1c:79:2d:20:62:cb 192.168.3.75]receiver:[00:00:00:00:00:00 192.168.3.5]
06-25 18:22:55.779 0 0 W : [0 T2827 ..] [SP FRAME TX] arp req,vif_idx:0 sender:[1c:79:2d:20:62:cb 192.168.3.75]receiver:[00:00:00:00:00:00 192.168.3.11]
06-25 18:22:55.780 0 0 W : [0 T2827 ..] [SP FRAME TX] arp req,vif_idx:0 sender:[1c:79:2d:20:62:cb 192.168.3.75]receiver:[00:00:00:00:00:00 192.168.3.13]
06-25 18:22:55.782 0 0 W : [0 T2827 ..] [SP FRAME TX] arp req,vif_idx:0 sender:[1c:79:2d:20:62:cb 192.168.3.75]receiver:[00:00:00:00:00:00 192.168.3.16]
06-25 18:22:55.784 0 0 W : [0 T2827 ..] [SP FRAME TX] arp req,vif_idx:0 sender:[1c:79:2d:20:62:cb 192.168.3.75]receiver:[00:00:00:00:00:00 192.168.3.23]
06-25 18:22:55.785 0 0 W : [0 T2827 ..] [SP FRAME TX] arp req,vif_idx:0 sender:[1c:79:2d:20:62:cb 192.168.3.75]receiver:[00:00:00:00:00:00 192.168.3.25]
06-25 18:22:55.787 0 0 W : [0 T2827 ..] [SP FRAME TX] arp req,vif_idx:0 sender:[1c:79:2d:20:62:cb 192.168.3.75]receiver:[00:00:00:00:00:00 192.168.3.29]
06-25 18:22:55.789 0 0 W : [0 T2827 ..] [SP FRAME TX] arp req,vif_idx:0 sender:[1c:79:2d:20:62:cb 192.168.3.75]receiver:[00:00:00:00:00:00 192.168.3.33]
06-25 18:22:55.790 0 0 W : [0 T2827 ..] [SP FRAME TX] arp req,vif_idx:0 sender:[1c:79:2d:20:62:cb 192.168.3.75]receiver:[00:00:00:00:00:00 192.168.3.41]
06-25 18:22:55.792 0 0 W : [0 T2827 ..] [SP FRAME TX] arp req,vif_idx:0 sender:[1c:79:2d:20:62:cb 192.168.3.75]receiver:[00:00:00:00:00:00 192.168.3.46]
06-25 18:22:55.793 0 0 W : [0 T2827 ..] [SP FRAME TX] arp req,vif_idx:0 sender:[1c:79:2d:20:62:cb 192.168.3.75]receiver:[00:00:00:00:00:00 192.168.3.47]
06-25 18:22:55.795 0 0 W : [0 T2827 ..] [SP FRAME TX] arp req,vif_idx:0 sender:[1c:79:2d:20:62:cb 192.168.3.75]receiver:[00:00:00:00:00:00 192.168.3.49]
06-25 18:22:55.796 0 0 W : [0 T2827 ..] [SP FRAME TX] arp req,vif_idx:0 sender:[1c:79:2d:20:62:cb 192.168.3.75]receiver:[00:00:00:00:00:00 192.168.3.50]
06-25 18:22:55.798 0 0 W : [0 T2827 ..] [SP FRAME TX] arp req,vif_idx:0 sender:[1c:79:2d:20:62:cb 192.168.3.75]receiver:[00:00:00:00:00:00 192.168.3.51]
06-25 18:22:55.799 0 0 W : [0 T2827 ..] [SP FRAME TX] arp req,vif_idx:0 sender:[1c:79:2d:20:62:cb 192.168.3.75]receiver:[00:00:00:00:00:00 192.168.3.53]
06-25 18:22:55.801 0 0 W : [0 T2827 ..] [SP FRAME TX] arp req,vif_idx:0 sender:[1c:79:2d:20:62:cb 192.168.3.75]receiver:[00:00:00:00:00:00 192.168.3.54]
06-25 18:22:55.803 0 0 W : [0 T2827 ..] [SP FRAME TX] arp req,vif_idx:0 sender:[1c:79:2d:20:62:cb 192.168.3.75]receiver:[00:00:00:00:00:00 192.168.3.55]
06-25 18:22:55.804 0 0 W : [0 T2827 ..] [SP FRAME TX] arp req,vif_idx:0 sender:[1c:79:2d:20:62:cb 192.168.3.75]receiver:[00:00:00:00:00:00 192.168.3.57]
06-25 18:22:55.806 0 0 W : [0 T2827 ..] [SP FRAME TX] arp req,vif_idx:0 sender:[1c:79:2d:20:62:cb 192.168.3.75]receiver:[00:00:00:00:00:00 192.168.3.63]
06-25 18:22:55.808 0 0 W : [0 T2827 ..] [SP FRAME TX] arp req,vif_idx:0 sender:[1c:79:2d:20:62:cb 192.168.3.75]receiver:[00:00:00:00:00:00 192.168.3.65]
06-25 18:22:55.809 0 0 W : [0 T2827 ..] [SP FRAME TX] arp req,vif_idx:0 sender:[1c:79:2d:20:62:cb 192.168.3.75]receiver:[00:00:00:00:00:00 192.168.3.68]
06-25 18:22:55.811 0 0 W : [0 T2827 ..] [SP FRAME TX] arp req,vif_idx:0 sender:[1c:79:2d:20:62:cb 192.168.3.75]receiver:[00:00:00:00:00:00 192.168.3.69]
06-25 18:22:55.813 0 0 W : [0 T2827 ..] [SP FRAME TX] arp req,vif_idx:0 sender:[1c:79:2d:20:62:cb 192.168.3.75]receiver:[00:00:00:00:00:00 192.168.3.71]
