06-20 13:36:20.232 688 710 V WindowManager: Sent Transition #4 createdAt=06-20 13:36:16.989 via request=TransitionRequestInfo { type = 2, triggerTask = TaskInfo{userId=0 taskId=3 displayId=0 isRunning=false baseIntent=Intent { act=android.intent.action.MAIN cat=[android.intent.category.HOME] flg=0x10800100 cmp=com.android.tv.settings/.system.FallbackHome } baseActivity=null topActivity=null origActivity=null realActivity=ComponentInfo{com.android.tv.settings/com.android.tv.settings.system.FallbackHome} numActivities=0 lastActiveTime=22572 supportsMultiWindow=true resizeMode=0 isResizeable=false minWidth=-1 minHeight=-1 defaultMinSize=220 token=WCT{RemoteToken{993d658 Task{a8aa05f #3 type=home A=1000:com.android.tv.settings}}} topActivityType=2 pictureInPictureParams=null shouldDockBigOverlays=false launchIntoPipHostTaskId=-1 lastParentTaskIdBeforePip=-1 displayCutoutSafeInsets=null topActivityInfo=null launchCookies=[] positionInParent=Point(0, 0) parentTaskId=-1 isFocused=true isVisible=true isVisibleRequested=true isSleeping=false topActivityInSizeCompat=false topActivityEligibleForLetterboxEducation= false isLetterboxDoubleTapEnabled= false topActivityEligibleForUserAspectRatioButton= false topActivityBoundsLetterboxed= false isFromLetterboxDoubleTap= false topActivityLetterboxVerticalPosition= -1 topActivityLetterboxHorizontalPosition= -1 topActivityLetterboxWidth=-1 topActivityLetterboxHeight=-1 isUserFullscreenOverrideEnabled=false isTopActivityTransparent=false locusId=null displayAreaFeatureId=1 cameraCompatControlState=hidden}, remoteTransition = null, displayChange = null, flags = 0 }
06-20 13:36:20.232 688 710 V WindowManager: startWCT=WindowContainerTransaction { changes = {} hops = [] errorCallbackToken=null taskFragmentOrganizer=null }
06-20 13:36:20.233 688 710 V WindowManager: info={id=4 t=CLOSE f=0x0 trk=0 r=[0@Point(0, 0)] c=[{WCT{RemoteToken{f5143b1 Task{5cfab62 #174 type=home A=1000:com.dangbei.leard.leradlauncher}}} m=OPEN f=MOVE_TO_TOP leash=Surface(name=Task=174)/@0x45b9672 sb=Rect(0, 0 - 1920, 1080) eb=Rect(0, 0 - 1920, 1080) d=0},{WCT{RemoteToken{993d658 Task{a8aa05f #3 type=home A=1000:com.android.tv.settings}}} m=CLOSE f=SHOW_WALLPAPER leash=Surface(name=Task=3)/@0xc16a77d sb=Rect(0, 0 - 1920, 1080) eb=Rect(0, 0 - 1920, 1080) d=0}]}
06-20 13:36:20.234 688 1356 I ActivityManager: com.android.localtransport is exempt from freezer
06-20 13:36:20.234 688 1356 D CompatibilityChangeReporter: Compat change id reported: 135634846; UID 1000; state: DISABLED
06-20 13:36:20.237 688 719 I ActivityManager: com.android.dynsystem is exempt from freezer
06-20 13:36:20.239 688 823 W ContextImpl: Calling a method in the system process without a qualified user: android.app.ContextImpl.sendStickyBroadcast:1626 com.android.server.wifi.ClientModeImpl.sendNetworkChangeBroadcast:3008 com.android.server.wifi.ClientModeImpl.lambda$sendNetworkChangeBroadcastWithCurrentState$14:2985 com.android.server.wifi.ClientModeImpl.$r8$lambda$q-j88Pjw4gROgoJFr8wBlBVbuJI:0 com.android.server.wifi.ClientModeImpl$$ExternalSyntheticLambda4.send:0
06-20 13:36:20.260 688 823 W ContextImpl: Calling a method in the system process without a qualified user: android.app.ContextImpl.sendStickyBroadcast:1626 com.android.server.wifi.ClientModeImpl.sendNetworkChangeBroadcast:3008 com.android.server.wifi.ClientModeImpl.lambda$sendNetworkChangeBroadcastWithCurrentState$14:2985 com.android.server.wifi.ClientModeImpl.$r8$lambda$q-j88Pjw4gROgoJFr8wBlBVbuJI:0 com.android.server.wifi.ClientModeImpl$$ExternalSyntheticLambda4.send:0
06-20 13:36:20.270 1409 1865 W ContextImpl: Calling a method in the system process without a qualified user: android.app.ContextImpl.bindService:1988 android.content.ContextWrapper.bindService:861 be.b.h:57 be.b$c.call:3 de.c$a.run:5
06-20 13:36:20.272 688 1641 D CompatibilityChangeReporter: Compat change id reported: 261072174; UID 1000; state: DISABLED
06-20 13:36:20.292 688 823 W ContextImpl: Calling a method in the system process without a qualified user: android.app.ContextImpl.sendStickyBroadcast:1626 com.android.server.wifi.ClientModeImpl.sendNetworkChangeBroadcast:3008 com.android.server.wifi.ClientModeImpl.lambda$sendNetworkChangeBroadcastWithCurrentState$14:2985 com.android.server.wifi.ClientModeImpl.$r8$lambda$q-j88Pjw4gROgoJFr8wBlBVbuJI:0 com.android.server.wifi.ClientModeImpl$$ExternalSyntheticLambda4.send:0
06-20 13:36:20.301 688 1641 D CompatibilityChangeReporter: Compat change id reported: 214016041; UID 1000; state: ENABLED
06-20 13:36:20.301 688 1641 D CompatibilityChangeReporter: Compat change id reported: 214016041; UID 1000; state: DISABLED
06-20 13:36:20.312 688 1641 D CompatibilityChangeReporter: Compat change id reported: 135634846; UID 10039; state: DISABLED
06-20 13:36:20.319 688 720 W ActivityManager: Slow operation: 85ms so far, now at startProcess: returned from zygote!
06-20 13:36:20.319 688 720 W ActivityManager: Slow operation: 85ms so far, now at startProcess: done updating battery stats
06-20 13:36:20.319 688 720 W ActivityManager: Slow operation: 86ms so far, now at startProcess: building log message
06-20 13:36:20.319 688 720 I ActivityManager: Start proc 1873:com.android.localtransport/1000 for service {com.android.localtransport/com.android.localtransport.LocalTransportService}
06-20 13:36:20.319 688 720 W ActivityManager: Slow operation: 86ms so far, now at startProcess: starting to update pids map
06-20 13:36:20.319 688 720 W ActivityManager: Slow operation: 86ms so far, now at startProcess: done updating pids map
06-20 13:36:20.319 688 720 W ActivityManager: Slow operation: 83ms so far, now at startProcess: asking zygote to start proc
06-20 13:36:20.346 0 0 W [3 T1139 ..] audit: audit_lost=45 audit_rate_limit=5 audit_backlog_limit=64
06-20 13:36:20.346 0 0 E [3 T1139 ..] audit: rate limit exceeded
06-20 13:36:20.393 0 0 I [3 T211 ..] binder: undelivered transaction 33327, process died.
06-20 13:36:20.399 0 0 E [0 T216 ..] SELinux: avc: denied { find } for pid=1867 uid=0 name=settings scontext=u:r:init:s0 tcontext=u:object_r:settings_service:s0 tclass=service_manager permissive=1
06-20 13:36:20.326 688 1641 D CompatibilityChangeReporter: Compat change id reported: 171306433; UID 1073; state: ENABLED
06-20 13:36:20.345 688 905 I ActivityManager: Background started FGS: Allowed [callingPackage: com.dangbei.screencast; callingUid: 10043; uidState: CEM ; uidBFSL: n/a; intent: Intent { act=com.dangbei.screencast.STARTUP pkg=com.dangbei.screencast }; code:SYSTEM_ALERT_WINDOW_PERMISSION; tempAllowListReason:; targetSdkVersion:28; callerTargetSdkVersion:28; startForegroundCount:0; bindFromPackage:null: isBindService:false]
06-20 13:36:20.353 688 720 W ActivityManager: Slow operation: 117ms so far, now at startProcess: returned from zygote!
06-20 13:36:20.353 688 720 W ActivityManager: Slow operation: 117ms so far, now at startProcess: done updating battery stats
06-20 13:36:20.354 688 720 W ActivityManager: Slow operation: 117ms so far, now at startProcess: building log message
06-20 13:36:20.354 688 720 I ActivityManager: Start proc 1877:com.android.dynsystem/1000 for broadcast {com.android.dynsystem/com.android.dynsystem.BootCompletedReceiver}
06-20 13:36:20.354 688 720 W ActivityManager: Slow operation: 117ms so far, now at startProcess: starting to update pids map
06-20 13:36:20.354 688 720 W ActivityManager: Slow operation: 117ms so far, now at startProcess: done updating pids map
06-20 13:36:20.354 688 720 D CompatibilityChangeReporter: Compat change id reported: 143937733; UID 10039; state: DISABLED
06-20 13:36:20.412 688 720 W ActivityManager: Slow operation: 100ms so far, now at startProcess: returned from zygote!
06-20 13:36:20.412 688 720 W ActivityManager: Slow operation: 101ms so far, now at startProcess: done updating battery stats
06-20 13:36:20.412 688 720 W ActivityManager: Slow operation: 101ms so far, now at startProcess: building log message
06-20 13:36:20.412 688 720 I ActivityManager: Start proc 1904:com.sohu.inputmethod.sogou.tv/u0a39 for service {com.sohu.inputmethod.sogou.tv/com.sohu.inputmethod.sogou.tv.SogouIME}
06-20 13:36:20.412 688 720 W ActivityManager: Slow operation: 101ms so far, now at startProcess: starting to update pids map
06-20 13:36:20.413 688 720 W ActivityManager: Slow operation: 101ms so far, now at startProcess: done updating pids map
06-20 13:36:20.422 688 702 D CompatibilityChangeReporter: Compat change id reported: 168419799; UID 1000; state: DISABLED
06-20 13:36:20.423 688 702 D CompatibilityChangeReporter: Compat change id reported: 273564678; UID 1000; state: DISABLED
06-20 13:36:20.446 688 1640 D CompatibilityChangeReporter: Compat change id reported: 168419799; UID 10039; state: DISABLED
06-20 13:36:20.447 688 1640 D CompatibilityChangeReporter: Compat change id reported: 273564678; UID 10039; state: DISABLED
06-20 13:36:20.470 688 921 D CoreBackPreview: Window{372e9b7 u0 com.android.tv.settings/com.android.tv.settings.system.FallbackHome}: Setting back callback null
06-20 13:36:20.476 688 763 D CompatibilityChangeReporter: Compat change id reported: 265195908; UID 10039; state: ENABLED
06-20 13:36:20.504 688 905 D CompatibilityChangeReporter: Compat change id reported: 170668199; UID 10043; state: DISABLED
06-20 13:36:20.504 688 905 W ActivityManager: Foreground service started from background can not have location/camera/microphone access: service com.dangbei.screencast/.startup.StartupService
06-20 13:36:20.504 688 905 D CompatibilityChangeReporter: Compat change id reported: 255038118; UID 10043; state: DISABLED
06-20 13:36:20.505 688 905 D CompatibilityChangeReporter: Compat change id reported: 255042465; UID 10043; state: DISABLED
06-20 13:36:20.507 688 905 W ForegroundServiceTypeLoggerModule: Foreground service start for UID: 10043 does not have any types
06-20 13:36:20.509 688 719 I ActivityManager: Deferring FGS notification in legacy app com.dangbei.screencast/u0a43 : Notification(channel=channel_record shortcut=null contentView=null vibrate=null sound=null defaults=0x0 flags=0x60 color=0x00000000 category=transport vis=PUBLIC)
06-20 13:36:20.515 688 905 D CompatibilityChangeReporter: Compat change id reported: 170503758; UID 10039; state: DISABLED
06-20 13:36:20.560 688 702 D CompatibilityChangeReporter: Compat change id reported: 168419799; UID 1000; state: DISABLED
06-20 13:36:20.561 688 702 D CompatibilityChangeReporter: Compat change id reported: 273564678; UID 1000; state: DISABLED
06-20 13:36:20.626 688 1856 I ActivityManager: Background started FGS: Allowed [callingPackage: com.dangbei.screencast; callingUid: 10043; uidState: FGS ; uidBFSL: [BFSL]; intent: Intent { cmp=com.dangbei.screencast/.huaweicast.service.HuaweiCastService }; code:PROC_STATE_FGS; tempAllowListReason:; targetSdkVersion:28; callerTargetSdkVersion:28; startForegroundCount:0; bindFromPackage:null: isBindService:false]
06-20 13:36:20.642 907 980 V WindowManagerShell: Transition animation finished (aborted=false), notifying core (#4)android.os.BinderProxy@bbf4cb2@0
06-20 13:36:20.645 688 710 V WindowManager: Finish Transition #4: created at
06-20 13:36:16.989 collect-started=0.243ms request-sent=0.915ms started=95.486ms ready=523.114ms sent=3221.744ms finished=3655.023ms
06-20 13:36:20.657 907 980 V WindowManagerShell: Track 0 became idle
06-20 13:36:20.657 907 980 V WindowManagerShell: All active transition animations finished
06-20 13:36:20.698 688 702 D CompatibilityChangeReporter: Compat change id reported: 261072174; UID 10043; state: DISABLED
06-20 13:36:20.702 688 702 W ActivityManager: Foreground service started from background can not have location/camera/microphone access: service com.dangbei.screencast/.huaweicast.service.HuaweiCastService
06-20 13:36:20.703 688 702 W ForegroundServiceTypeLoggerModule: Foreground service start for UID: 10043 does not have any types
06-20 13:36:20.698 0 0 W : [1 T268 ..] >>> aml_send_msg()
06-20 13:36:20.699 0 0 W : [1 T542 ..] [aml_inetaddr6_event 6186] dev wlan0 is up, comm:binder:443_3, pid:542 vif:0, ipv6:fe80:0000:0000:0000:1e36:9cda:cedd:4a7f
06-20 13:36:20.699 0 0 W : [0 T895 ..] ipc_sdio_host_msgack_handler 0000000010cc826e
06-20 13:36:20.701 0 0 W : [0 T895 ..] [aml_msgackind 2039] msg ack hostid=0xffffff80601cc780
06-20 13:36:20.702 0 0 W : [0 T895 ..] [cmd_mgr_llind 329] cmd tkn[27] flags:0008 result: -4 cmd: 105-MM_SUB_NOTIFY_IP - reqcfm( 0-none)
06-20 13:36:20.703 0 0 W : [0 T895 ..] [cmd_complete 65] cmd tkn[27] flags:0000 result: -4 cmd: 105-MM_SUB_NOTIFY_IP - reqcfm( 0-none)
06-20 13:36:20.722 0 0 I : [3 T63 ..] [TEE] E/TC:? 00 tee_rpmb_verify_key_sync_counter:1008 Verify key returning 0xffff0008
06-20 13:36:20.723 0 0 I : [3 T63 ..] [TEE] E/TC:? 00 tee_mkl_status:195 tee_mkl_status bad state, status = 0x0
06-20 13:36:20.724 0 0 I : [3 T63 ..] [TEE] E/TC:? 00 tee_provision_get_pfpk_enc:351 PFPK key table bad status, res = 0xffff0007
06-20 13:36:20.709 688 719 I ActivityManager: com.android.managedprovisioning is exempt from freezer
06-20 13:36:20.709 688 719 D CompatibilityChangeReporter: Compat change id reported: 135634846; UID 10022; state: DISABLED
06-20 13:36:20.709 688 719 D CompatibilityChangeReporter: Compat change id reported: 177438394; UID 10022; state: DISABLED
06-20 13:36:20.709 688 719 D CompatibilityChangeReporter: Compat change id reported: 135772972; UID 10022; state: DISABLED
06-20 13:36:20.709 688 719 D CompatibilityChangeReporter: Compat change id reported: 135754954; UID 10022; state: ENABLED
06-20 13:36:20.710 688 720 D CompatibilityChangeReporter: Compat change id reported: 143937733; UID 10022; state: ENABLED
06-20 13:36:20.726 0 0 I : [3 T63 ..] [TEE] E/TA: read_pfid_from_property:765 [PROVISION-TA] PFID is not provisioned
06-20 13:36:20.727 0 0 I : [3 T63 ..] [TEE] E/TA: pfid_query:877 [PROVISION-TA] pfid_query read pfid property error, return 0xFFFF0008
06-20 13:36:20.728 0 0 I : [3 T63 ..] [TEE] E/TC:? 00 tee_rpmb_verify_key_sync_counter:1008 Verify key returning 0xffff0008
06-20 13:36:20.718 688 1855 I ActivityManager: com.android.dynsystem is exempt from freezer
06-20 13:36:20.718 688 1855 D CompatibilityChangeReporter: Compat change id reported: 135634846; UID 1000; state: DISABLED
06-20 13:36:20.731 0 0 I : [3 T63 ..] [TEE] E/TC:? 00 tee_mkl_status:195 tee_mkl_status bad state, status = 0x0
06-20 13:36:20.731 0 0 I : [3 T63 ..] [TEE] E/TC:? 00 tee_provision_get_pfpk_enc:351 PFPK key table bad status, res = 0xffff0007
06-20 13:36:20.748 0 0 I : [1 T63 ..] [TEE] E/TC:? 00 tee_mkl_status:195 tee_mkl_status bad state, status = 0x0
06-20 13:36:20.751 0 0 I : [1 T63 ..] [TEE] E/TC:? 00 tee_provision_get_pfpk_enc:351 PFPK key table bad status, res = 0xffff0007
06-20 13:36:20.752 0 0 I : [1 T63 ..] [TEE] E/TA: get_pfpk_enc:786 [PROVISION-TA] TEE_Provision_Get_PFPK_ENC() failed, return 0xFFFF0007
06-20 13:36:20.754 0 0 I : [1 T63 ..] [TEE] E/TA: pfpk_query:851 [PROVISION-TA] get_pfpk_enc return 0xFFFF0007
06-20 13:36:20.748 688 720 I ActivityManager: Start proc 1954:com.android.managedprovisioning/u0a22 for broadcast {com.android.managedprovisioning/com.android.managedprovisioning.BootReminder}
06-20 13:36:20.772 688 720 W ActivityManager: Slow operation: 54ms so far, now at startProcess: returned from zygote!
06-20 13:36:20.772 688 720 W ActivityManager: Slow operation: 55ms so far, now at startProcess: done updating battery stats
06-20 13:36:20.785 0 0 W : [2 T954 ..] [aml_android_priv_ioctl 128] vif idx=0 cmd=SETSUSPENDMODE 0
06-20 13:36:20.786 0 0 W : [2 T954 ..] [aml_android_set_suspend_mode 77] set google_cast 0
06-20 13:36:20.787 0 0 W : [0 T954 ..] >>> aml_cfg80211_set_power_mgmt()
06-20 13:36:20.787 0 0 W : [0 T954 ..] [aml_send_me_set_ps_mode 2111] set power save mode:0
06-20 13:36:20.787 0 0 W : [0 T954 ..] >>> aml_send_msg()
06-20 13:36:20.790 0 0 W : [2 T895 ..] ipc_sdio_host_msgack_handler 00000000f3c7afae
06-20 13:36:20.790 0 0 W : [2 T895 ..] [aml_msgackind 2039] msg ack hostid=0xffffff806db21900
06-20 13:36:20.791 0 0 W : [2 T895 ..] [cmd_mgr_llind 329] cmd tkn[28] flags:001a result: -4 cmd:5139-ME_SET_PS_MODE_REQ - reqcfm(5140-ME_SET_PS_MODE_CFM)
06-20 13:36:20.793 0 0 W : [2 T895 ..] [cmd_mgr_msgind 409] cmd tkn[28] flags:0012 result: -4 cmd:5139-ME_SET_PS_MODE_REQ - reqcfm(5140-ME_SET_PS_MODE_CFM)
06-20 13:36:20.795 0 0 W : [2 T895 ..] [cmd_complete 65] cmd tkn[28] flags:0002 result: -4 cmd:5139-ME_SET_PS_MODE_REQ - reqcfm(5140-ME_SET_PS_MODE_CFM)
06-20 13:36:20.772 688 720 W ActivityManager: Slow operation: 55ms so far, now at startProcess: building log message
06-20 13:36:20.772 688 720 I ActivityManager: Start proc 1955:com.android.dynsystem:dynsystem/1000 for service {com.android.dynsystem/com.android.dynsystem.DynamicSystemInstallationService}
06-20 13:36:20.772 688 720 W ActivityManager: Slow operation: 55ms so far, now at startProcess: starting to update pids map
06-20 13:36:20.773 688 720 W ActivityManager: Slow operation: 55ms so far, now at startProcess: done updating pids map
06-20 13:36:20.791 688 1776 D CompatibilityChangeReporter: Compat change id reported: 168419799; UID 10022; state: DISABLED
06-20 13:36:20.792 688 1776 D CompatibilityChangeReporter: Compat change id reported: 273564678; UID 10022; state: DISABLED
06-20 13:36:20.795 688 763 D CompatibilityChangeReporter: Compat change id reported: 265195908; UID 10022; state: ENABLED
06-20 13:36:20.803 688 1855 D CompatibilityChangeReporter: Compat change id reported: 170503758; UID 10022; state: ENABLED
06-20 13:36:20.839 0 0 W : [1 T1139 ..] [SP FRAME TX] DHCP[1 0], vif_idx:0
06-20 13:36:20.831 688 688 I TransportConnection: LocalTransportService#0: Notifying [TransportManager.registerTransport()] transport = BackupTransportClient
06-20 13:36:20.855 688 1356 D BackupTransportManager: [UserID:0] Transport com.android.localtransport/.LocalTransportService registered
06-20 13:36:20.855 688 1356 D BackupManagerService: [UserID:0] Transport com.android.localtransport/.LocalTransport registered 3823ms after first request (delay = 3000ms)
06-20 13:36:20.863 688 1356 I BackupManagerService: [UserID:0] Found 33 stale backup journal(s), scheduling.
06-20 13:36:20.933 0 0 W : [3 T896 ..] [SP FRAME RX] DHCP[1 0], vif_idx:0
06-20 13:36:20.944 0 0 W : [1 T954 ..] >>> aml_cfg80211_set_power_mgmt()
06-20 13:36:20.945 0 0 W : [1 T954 ..] [aml_send_me_set_ps_mode 2111] set power save mode:0
06-20 13:36:20.945 0 0 W : [1 T954 ..] >>> aml_send_msg()
06-20 13:36:20.946 0 0 W : [2 T895 ..] ipc_sdio_host_msgack_handler 0000000029a41a47
06-20 13:36:20.947 0 0 W : [2 T895 ..] [aml_msgackind 2039] msg ack hostid=0xffffff805c811380
06-20 13:36:20.948 0 0 W : [2 T895 ..] [cmd_mgr_llind 329] cmd tkn[29] flags:001a result: -4 cmd:5139-ME_SET_PS_MODE_REQ - reqcfm(5140-ME_SET_PS_MODE_CFM)
06-20 13:36:20.952 688 963 I DynamicSystemService: isInstalled(): false
06-20 13:36:20.950 0 0 W : [2 T895 ..] [cmd_mgr_msgind 409] cmd tkn[29] flags:0012 result: -4 cmd:5139-ME_SET_PS_MODE_REQ - reqcfm(5140-ME_SET_PS_MODE_CFM)
06-20 13:36:20.951 0 0 W : [1 T541 ..] >>> aml_send_msg()
06-20 13:36:20.951 0 0 W : [2 T895 ..] [cmd_complete 65] cmd tkn[29] flags:0002 result: -4 cmd:5139-ME_SET_PS_MODE_REQ - reqcfm(5140-ME_SET_PS_MODE_CFM)
06-20 13:36:20.954 0 0 W : [2 T895 ..] ipc_sdio_host_msgack_handler 00000000ba3e2f60
06-20 13:36:20.954 0 0 W : [2 T895 ..] [aml_msgackind 2039] msg ack hostid=0xffffff8075ea8280
06-20 13:36:20.955 0 0 W : [2 T895 ..] [cmd_mgr_llind 329] cmd tkn[30] flags:0008 result: -4 cmd: 105-MM_SUB_NOTIFY_IP - reqcfm( 0-none)
06-20 13:36:20.957 0 0 W : [2 T895 ..] [cmd_complete 65] cmd tkn[30] flags:0000 result: -4 cmd: 105-MM_SUB_NOTIFY_IP - reqcfm( 0-none)
06-20 13:36:20.958 0 0 W : [0 T541 ..] [aml_inetaddr_event 6139] dev wlan0 is up, comm:binder:443_4, pid:541, vif:0, ipv4:192.168.3.75
06-20 13:36:20.966 0 0 W : [2 T895 ..] >>> aml_rx_me_tx_credits_update_ind()
06-20 13:36:20.975 688 823 W ContextImpl: Calling a method in the system process without a qualified user: android.app.ContextImpl.sendStickyBroadcast:1626 com.android.server.wifi.ClientModeImpl.sendNetworkChangeBroadcast:3008 com.android.server.wifi.ClientModeImpl.lambda$sendNetworkChangeBroadcastWithCurrentState$14:2985 com.android.server.wifi.ClientModeImpl.$r8$lambda$q-j88Pjw4gROgoJFr8wBlBVbuJI:0 com.android.server.wifi.ClientModeImpl$$ExternalSyntheticLambda4.send:0
06-20 13:36:20.968 0 0 W : [2 T895 ..] [aml_txq_credit_update 2514] sta_idx=0 vif_idx=0 tid=0 update=120 pkt pushed=2 credits=122 old_credits=2
06-20 13:36:21.067 0 0 W : [3 T2003 ..] [SP FRAME TX] arp req,vif_idx:0 sender:[1c:79:2d:20:62:cb 192.168.3.75]receiver:[00:00:00:00:00:00 192.168.3.1]
06-20 13:36:21.082 0 0 W : [1 T896 ..] [SP FRAME RX] arp rsp,vif_idx:0 sender:[70:3a:a6:36:a8:d7 192.168.3.1]receiver:[1c:79:2d:20:62:cb 192.168.3.75]
06-20 13:36:21.097 0 0 E [2 T216 ..] SELinux: avc: denied { find } for pid=1997 uid=0 name=activity scontext=u:r:init:s0 tcontext=u:object_r:activity_service:s0 tclass=service_manager permissive=1
06-20 13:36:20.984 688 823 W ContextImpl: Calling a method in the system process without a qualified user: android.app.ContextImpl.sendStickyBroadcast:1626 com.android.server.wifi.ClientModeImpl.sendNetworkChangeBroadcast:3008 com.android.server.wifi.ClientModeImpl.lambda$sendNetworkChangeBroadcastWithCurrentState$14:2985 com.android.server.wifi.ClientModeImpl.$r8$lambda$q-j88Pjw4gROgoJFr8wBlBVbuJI:0 com.android.server.wifi.ClientModeImpl$$ExternalSyntheticLambda4.send:0
06-20 13:36:20.987 688 833 W BroadcastLoopers: Found previously unknown looper Thread[ConnectivityServiceThread,5,main]
06-20 13:36:21.023 688 719 I ActivityManager: com.android.packageinstaller is exempt from freezer
06-20 13:36:21.023 688 719 D CompatibilityChangeReporter: Compat change id reported: 135634846; UID 10025; state: DISABLED
06-20 13:36:21.024 688 719 D CompatibilityChangeReporter: Compat change id reported: 177438394; UID 10025; state: DISABLED
06-20 13:36:21.024 688 719 D CompatibilityChangeReporter: Compat change id reported: 135772972; UID 10025; state: DISABLED
06-20 13:36:21.024 688 719 D CompatibilityChangeReporter: Compat change id reported: 135754954; UID 10025; state: ENABLED
06-20 13:36:21.032 688 720 D CompatibilityChangeReporter: Compat change id reported: 143937733; UID 10025; state: ENABLED
06-20 13:36:21.051 688 720 I ActivityManager: Start proc 2004:com.android.packageinstaller/u0a25 for broadcast {com.android.packageinstaller/com.android.packageinstaller.TemporaryFileManager}
06-20 13:36:21.055 688 905 W WindowManager: [addWindow] title:InputMethod
06-20 13:36:21.058 688 905 W ActivityTaskManager: Current config: {1.0 ?mcc0mnc [zh_CN] ldltr sw720dp w1280dp h720dp 240dpi xlrg long land television -touch -keyb/v/h dpad/v winConfig={ mBounds=Rect(0, 0 - 1920, 1080) mAppBounds=Rect(0, 0 - 1920, 1080) mMaxBounds=Rect(0, 0 - 1920, 1080) mDisplayRotation=ROTATION_0 mWindowingMode=fullscreen mDisplayWindowingMode=fullscreen mActivityType=undefined mAlwaysOnTop=undefined mRotation=ROTATION_0} s.6 fontWeightAdjustment=0} unchanged for IME proc com.sohu.inputmethod.sogou.tv
06-20 13:36:21.059 688 905 W ActivityTaskManager: Current config: {1.0 ?mcc0mnc [zh_CN] ldltr sw720dp w1280dp h720dp 240dpi xlrg long land television -touch -keyb/v/h dpad/v winConfig={ mBounds=Rect(0, 0 - 1920, 1080) mAppBounds=Rect(0, 0 - 1920, 1080) mMaxBounds=Rect(0, 0 - 1920, 1080) mDisplayRotation=ROTATION_0 mWindowingMode=fullscreen mDisplayWindowingMode=fullscreen mActivityType=undefined mAlwaysOnTop=undefined mRotation=ROTATION_0} s.6 fontWeightAdjustment=0} unchanged for IME proc com.sohu.inputmethod.sogou.tv
06-20 13:36:21.074 688 963 D CoreBackPreview: Window{942276 u0 InputMethod}: Setting back callback OnBackInvokedCallbackInfo{mCallback=android.window.IOnBackInvokedCallback$Stub$Proxy@17f002, mPriority=0, mIsAnimationCallback=false}
06-20 13:36:21.091 688 963 D CompatibilityChangeReporter: Compat change id reported: 161145287; UID 10039; state: DISABLED
06-20 13:36:21.095 688 905 D CompatibilityChangeReporter: Compat change id reported: 168419799; UID 10025; state: DISABLED
06-20 13:36:21.095 688 905 D CompatibilityChangeReporter: Compat change id reported: 273564678; UID 10025; state: DISABLED
06-20 13:36:21.099 688 763 D CompatibilityChangeReporter: Compat change id reported: 265195908; UID 10025; state: ENABLED
06-20 13:36:21.108 688 1855 D CompatibilityChangeReporter: Compat change id reported: 170503758; UID 10025; state: ENABLED
06-20 13:36:21.180 443 527 E NetlinkEvent: NetlinkEvent::FindParam(): Parameter 'INTERFACE' not found
06-20 13:36:21.180 443 527 E NetlinkEvent: NetlinkEvent::FindParam(): Parameter 'STATE' not found
06-20 13:36:21.180 443 527 E NetlinkEvent: NetlinkEvent::FindParam(): Parameter 'TIME_NS' not found
06-20 13:36:21.180 443 527 E NetlinkEvent: NetlinkEvent::FindParam(): Parameter 'UID' not found
06-20 13:36:21.252 688 833 W ContextImpl: Calling a method in the system process without a qualified user: android.app.ContextImpl.sendStickyBroadcast:1626 android.net.connectivity.com.android.server.ConnectivityService.sendStickyBroadcast:3284 android.net.connectivity.com.android.server.ConnectivityService.sendGeneralBroadcast:3254 android.net.connectivity.com.android.server.ConnectivityService.sendConnectedBroadcast:3227 android.net.connectivity.com.android.server.ConnectivityService.sendLegacyNetworkBroadcast:10231
06-20 13:36:21.296 688 921 D CompatibilityChangeReporter: Compat change id reported: 149924527; UID 10039; state: ENABLED
06-20 13:36:21.305 688 702 D CompatibilityChangeReporter: Compat change id reported: 132649864; UID 10039; state: DISABLED
06-20 13:36:21.374 1315 1653 E TaskWorkerFactory: Cannot create worker: com.android.devicelockcontroller.provision.worker.DeviceCheckInWorker
06-20 13:36:21.374 1315 1653 E TaskWorkerFactory: java.lang.NoSuchMethodException: com.android.devicelockcontroller.provision.worker.DeviceCheckInWorker. [class android.content.Context, class androidx.work.WorkerParameters, interface com.google.common.util.concurrent.ListeningExecutorService]
06-20 13:36:21.374 1315 1653 E TaskWorkerFactory: at java.lang.Class.getConstructor0(Class.java:3325)
06-20 13:36:21.374 1315 1653 E TaskWorkerFactory: at java.lang.Class.getDeclaredConstructor(Class.java:3063)
06-20 13:36:21.374 1315 1653 E TaskWorkerFactory: at com.android.devicelockcontroller.policy.TaskWorkerFactory.createWorker(TaskWorkerFactory.java:53)
06-20 13:36:21.374 1315 1653 E TaskWorkerFactory: at androidx.work.DelegatingWorkerFactory.createWorker(DelegatingWorkerFactory.java:71)
06-20 13:36:21.374 1315 1653 E TaskWorkerFactory: at androidx.work.WorkerFactory.createWorkerWithDefaultFallback(WorkerFactory.java:82)
06-20 13:36:21.374 1315 1653 E TaskWorkerFactory: at androidx.work.impl.WorkerWrapper.runWorker(WorkerWrapper.java:240)
06-20 13:36:21.374 1315 1653 E TaskWorkerFactory: at androidx.work.impl.WorkerWrapper.run(WorkerWrapper.java:142)
06-20 13:36:21.374 1315 1653 E TaskWorkerFactory: at androidx.work.impl.utils.SerialExecutorImpl$Task.run(SerialExecutorImpl.java:96)
06-20 13:36:21.374 1315 1653 E TaskWorkerFactory: at java.util.concurrent.ThreadPoolExecutor.runWorker(ThreadPoolExecutor.java:1145)
06-20 13:36:21.374 1315 1653 E TaskWorkerFactory: at java.util.concurrent.ThreadPoolExecutor$Worker.run(ThreadPoolExecutor.java:644)
06-20 13:36:21.374 1315 1653 E TaskWorkerFactory: at java.lang.Thread.run(Thread.java:1012)
06-20 13:36:21.377 688 719 D CompatibilityChangeReporter: Compat change id reported: 135634846; UID 10066; state: DISABLED
06-20 13:36:21.377 688 719 D CompatibilityChangeReporter: Compat change id reported: 177438394; UID 10066; state: DISABLED
06-20 13:36:21.377 688 719 D CompatibilityChangeReporter: Compat change id reported: 135772972; UID 10066; state: DISABLED
06-20 13:36:21.378 688 719 D CompatibilityChangeReporter: Compat change id reported: 135754954; UID 10066; state: ENABLED
06-20 13:36:21.378 1315 1635 D DeviceCheckInClient: Creating instance for com.android.devicelockcontroller.debug.DeviceCheckInClientDebug
06-20 13:36:21.378 688 720 D CompatibilityChangeReporter: Compat change id reported: 143937733; UID 10066; state: ENABLED
06-20 13:36:21.394 688 833 W ContextImpl: Calling a method in the system process without a qualified user: android.app.ContextImpl.sendStickyBroadcast:1626 android.net.connectivity.com.android.server.ConnectivityService.sendStickyBroadcast:3284 android.net.connectivity.com.android.server.ConnectivityService.sendGeneralBroadcast:3254 android.net.connectivity.com.android.server.ConnectivityService.sendInetConditionBroadcast:3231 android.net.connectivity.com.android.server.ConnectivityService.updateInetCondition:9912
06-20 13:36:21.430 0 0 W [1 T2044 ..] audit: audit_lost=112 audit_rate_limit=5 audit_backlog_limit=64
06-20 13:36:21.431 0 0 E [1 T2044 ..] audit: rate limit exceeded
06-20 13:36:21.425 688 1356 I BackupManagerService: [UserID:0] Stale backup journals: Scheduled 6 package(s) total
06-20 13:36:21.452 688 720 W ActivityManager: Slow operation: 77ms so far, now at startProcess: returned from zygote!
06-20 13:36:21.453 688 720 W ActivityManager: Slow operation: 77ms so far, now at startProcess: done updating battery stats
06-20 13:36:21.453 688 720 W ActivityManager: Slow operation: 77ms so far, now at startProcess: building log message
06-20 13:36:21.453 688 720 I ActivityManager: Start proc 2051:com.android.permissioncontroller/u0a66 for broadcast {com.android.permissioncontroller/com.android.permissioncontroller.permission.service.LocationAccessCheck$SetupPeriodicBackgroundLocationAccessCheck}
06-20 13:36:21.453 688 720 W ActivityManager: Slow operation: 77ms so far, now at startProcess: starting to update pids map
06-20 13:36:21.453 688 720 W ActivityManager: Slow operation: 77ms so far, now at startProcess: done updating pids map
06-20 13:36:21.497 1315 2045 I CheckInWorker: perform check-in request
06-20 13:36:21.542 1315 2045 W CheckInWorker: CheckIn failed. No device identifier available!
06-20 13:36:21.550 688 1641 D CompatibilityChangeReporter: Compat change id reported: 168419799; UID 10066; state: DISABLED
06-20 13:36:21.551 688 1641 D CompatibilityChangeReporter: Compat change id reported: 273564678; UID 10066; state: DISABLED
06-20 13:36:21.564 688 763 D CompatibilityChangeReporter: Compat change id reported: 265195908; UID 10066; state: ENABLED
06-20 13:36:21.565 688 905 D PackageManager: Instant App installer not found with android.intent.action.INSTALL_INSTANT_APP_PACKAGE
06-20 13:36:21.565 688 905 D PackageManager: Clear ephemeral installer activity
06-20 13:36:21.657 688 1641 W JobScheduler: Job didn't exist in JobStore: 3361faa #u0a64/33 com.android.devicelockcontroller/androidx.work.impl.background.systemjob.SystemJobService
06-20 13:36:21.679 688 905 D CompatibilityChangeReporter: Compat change id reported: 170503758; UID 10066; state: ENABLED
06-20 13:36:21.939 688 719 I ActivityManager: reportOnUserCompletedEvent(0): stored=10, eligible=111
06-20 13:36:21.940 688 719 D SystemServerTimingAsync: ssm.CompletedEventUser-0
06-20 13:36:21.940 688 719 I SystemServiceManager: Calling onCompletedEventUser 0
06-20 13:36:21.943 688 2098 D SystemServerTimingAsync: ssm.onCompletedEventUser-0_{|Unlocked|}_com.android.server.os.DeviceIdentifiersPolicyService
06-20 13:36:21.943 688 2098 V SystemServerTimingAsync: ssm.onCompletedEventUser-0_{|Unlocked|}_com.android.server.os.DeviceIdentifiersPolicyService took to complete: 1ms
06-20 13:36:21.943 688 2098 D SystemServerTimingAsync: ssm.onCompletedEventUser-0_{|Unlocked|}_com.android.server.flags.FeatureFlagsService
06-20 13:36:21.943 688 2098 V SystemServerTimingAsync: ssm.onCompletedEventUser-0_{|Unlocked|}_com.android.server.flags.FeatureFlagsService took to complete: 0ms
06-20 13:36:21.943 688 2098 D SystemServerTimingAsync: ssm.onCompletedEventUser-0_{|Unlocked|}_com.android.server.uri.UriGrantsManagerService$Lifecycle
06-20 13:36:21.943 688 2098 V SystemServerTimingAsync: ssm.onCompletedEventUser-0_{|Unlocked|}_com.android.server.uri.UriGrantsManagerService$Lifecycle took to complete: 0ms
06-20 13:36:21.943 688 2098 D SystemServerTimingAsync: ssm.onCompletedEventUser-0_{|Unlocked|}_com.android.server.powerstats.PowerStatsService
06-20 13:36:21.943 688 2098 V SystemServerTimingAsync: ssm.onCompletedEventUser-0_{|Unlocked|}_com.android.server.powerstats.PowerStatsService took to complete: 0ms
06-20 13:36:21.943 688 2098 D SystemServerTimingAsync: ssm.onCompletedEventUser-0_{|Unlocked|}_com.android.server.permission.access.AccessCheckingService
06-20 13:36:21.943 688 2098 V SystemServerTimingAsync: ssm.onCompletedEventUser-0_{|Unlocked|}_com.android.server.permission.access.AccessCheckingService took to complete: 0ms
06-20 13:36:21.943 688 2098 D SystemServerTimingAsync: ssm.onCompletedEventUser-0_{|Unlocked|}_com.android.server.wm.ActivityTaskManagerService$Lifecycle
06-20 13:36:21.943 688 2098 V SystemServerTimingAsync: ssm.onCompletedEventUser-0_{|Unlocked|}_com.android.server.wm.ActivityTaskManagerService$Lifecycle took to complete: 0ms
06-20 13:36:21.943 688 2098 D SystemServerTimingAsync: ssm.onCompletedEventUser-0_{|Unlocked|}_com.android.server.am.ActivityManagerService$Lifecycle
06-20 13:36:21.943 688 2098 V SystemServerTimingAsync: ssm.onCompletedEventUser-0_{|Unlocked|}_com.android.server.am.ActivityManagerService$Lifecycle took to complete: 0ms
06-20 13:36:21.943 688 2098 D SystemServerTimingAsync: ssm.onCompletedEventUser-0_{|Unlocked|}_com.android.server.pm.DataLoaderManagerService
06-20 13:36:21.943 688 2098 V SystemServerTimingAsync: ssm.onCompletedEventUser-0_{|Unlocked|}_com.android.server.pm.DataLoaderManagerService took to complete: 0ms
06-20 13:36:21.943 688 2098 D SystemServerTimingAsync: ssm.onCompletedEventUser-0_{|Unlocked|}_com.android.server.power.PowerManagerService
06-20 13:36:21.943 688 2098 V SystemServerTimingAsync: ssm.onCompletedEventUser-0_{|Unlocked|}_com.android.server.power.PowerManagerService took to complete: 0ms
06-20 13:36:21.943 688 2098 D SystemServerTimingAsync: ssm.onCompletedEventUser-0_{|Unlocked|}_com.android.server.power.ThermalManagerService
06-20 13:36:21.943 688 2098 V SystemServerTimingAsync: ssm.onCompletedEventUser-0_{|Unlocked|}_com.android.server.power.ThermalManagerService took to complete: 0ms
06-20 13:36:21.943 688 2098 D SystemServerTimingAsync: ssm.onCompletedEventUser-0_{|Unlocked|}_com.android.server.power.hint.HintManagerService
06-20 13:36:21.944 688 2098 V SystemServerTimingAsync: ssm.onCompletedEventUser-0_{|Unlocked|}_com.android.server.power.hint.HintManagerService took to complete: 0ms
06-20 13:36:21.944 688 2098 D SystemServerTimingAsync: ssm.onCompletedEventUser-0_{|Unlocked|}_com.android.server.recoverysystem.RecoverySystemService$Lifecycle
06-20 13:36:21.944 688 2098 V SystemServerTimingAsync: ssm.onCompletedEventUser-0_{|Unlocked|}_com.android.server.recoverysystem.RecoverySystemService$Lifecycle took to complete: 0ms
06-20 13:36:21.944 688 2098 D SystemServerTimingAsync: ssm.onCompletedEventUser-0_{|Unlocked|}_com.android.server.lights.LightsService
06-20 13:36:21.944 688 2098 V SystemServerTimingAsync: ssm.onCompletedEventUser-0_{|Unlocked|}_com.android.server.lights.LightsService took to complete: 0ms
06-20 13:36:21.944 688 2098 D SystemServerTimingAsync: ssm.onCompletedEventUser-0_{|Unlocked|}_com.android.server.display.DisplayManagerService
06-20 13:36:21.944 688 2098 V SystemServerTimingAsync: ssm.onCompletedEventUser-0_{|Unlocked|}_com.android.server.display.DisplayManagerService took to complete: 0ms
06-20 13:36:21.944 688 2098 D SystemServerTimingAsync: ssm.onCompletedEventUser-0_{|Unlocked|}_com.android.server.pm.verify.domain.DomainVerificationService
06-20 13:36:21.944 688 2098 V SystemServerTimingAsync: ssm.onCompletedEventUser-0_{|Unlocked|}_com.android.server.pm.verify.domain.DomainVerificationService took to complete: 0ms
06-20 13:36:21.944 688 2098 D SystemServerTimingAsync: ssm.onCompletedEventUser-0_{|Unlocked|}_com.android.server.pm.PackageInstallerService$Lifecycle
06-20 13:36:21.944 688 2098 V SystemServerTimingAsync: ssm.onCompletedEventUser-0_{|Unlocked|}_com.android.server.pm.PackageInstallerService$Lifecycle took to complete: 0ms
06-20 13:36:21.944 688 2098 D SystemServerTimingAsync: ssm.onCompletedEventUser-0_{|Unlocked|}_com.android.server.pm.UserManagerService$LifeCycle
06-20 13:36:21.944 688 2098 V SystemServerTimingAsync: ssm.onCompletedEventUser-0_{|Unlocked|}_com.android.server.pm.UserManagerService$LifeCycle took to complete: 0ms
06-20 13:36:21.944 688 2098 D SystemServerTimingAsync: ssm.onCompletedEventUser-0_{|Unlocked|}_com.android.server.om.OverlayManagerService
06-20 13:36:21.944 688 2098 V SystemServerTimingAsync: ssm.onCompletedEventUser-0_{|Unlocked|}_com.android.server.om.OverlayManagerService took to complete: 0ms
06-20 13:36:21.944 688 2098 D SystemServerTimingAsync: ssm.onCompletedEventUser-0_{|Unlocked|}_com.android.server.resources.ResourcesManagerService
06-20 13:36:21.944 688 2098 V SystemServerTimingAsync: ssm.onCompletedEventUser-0_{|Unlocked|}_com.android.server.resources.ResourcesManagerService took to complete: 0ms
06-20 13:36:21.944 688 2098 D SystemServerTimingAsync: ssm.onCompletedEventUser-0_{|Unlocked|}_com.android.server.sensorprivacy.SensorPrivacyService
06-20 13:36:21.944 688 2098 V SystemServerTimingAsync: ssm.onCompletedEventUser-0_{|Unlocked|}_com.android.server.sensorprivacy.SensorPrivacyService took to complete: 0ms
06-20 13:36:21.944 688 2098 D SystemServerTimingAsync: ssm.onCompletedEventUser-0_{|Unlocked|}_com.android.server.sensors.SensorService
06-20 13:36:21.944 688 2098 V SystemServerTimingAsync: ssm.onCompletedEventUser-0_{|Unlocked|}_com.android.server.sensors.SensorService took to complete: 0ms
06-20 13:36:21.944 688 2098 D SystemServerTimingAsync: ssm.onCompletedEventUser-0_{|Unlocked|}_com.android.server.SystemConfigService
06-20 13:36:21.944 688 2098 V SystemServerTimingAsync: ssm.onCompletedEventUser-0_{|Unlocked|}_com.android.server.SystemConfigService took to complete: 0ms
06-20 13:36:21.945 688 2096 D SystemServerTimingAsync: ssm.onCompletedEventUser-0_{|Unlocked|}_com.android.server.security.FileIntegrityService
06-20 13:36:21.945 688 2096 V SystemServerTimingAsync: ssm.onCompletedEventUser-0_{|Unlocked|}_com.android.server.security.FileIntegrityService took to complete: 0ms
06-20 13:36:21.945 688 2096 D SystemServerTimingAsync: ssm.onCompletedEventUser-0_{|Unlocked|}_com.android.server.BatteryService
06-20 13:36:21.945 688 2096 V SystemServerTimingAsync: ssm.onCompletedEventUser-0_{|Unlocked|}_com.android.server.BatteryService took to complete: 0ms
06-20 13:36:21.945 688 2096 D SystemServerTimingAsync: ssm.onCompletedEventUser-0_{|Unlocked|}_com.android.server.usage.UsageStatsService
06-20 13:36:21.945 688 2096 V SystemServerTimingAsync: ssm.onCompletedEventUser-0_{|Unlocked|}_com.android.server.usage.UsageStatsService took to complete: 0ms
06-20 13:36:21.945 688 2096 D SystemServerTimingAsync: ssm.onCompletedEventUser-0_{|Unlocked|}_com.android.server.webkit.WebViewUpdateService
06-20 13:36:21.945 688 2096 V SystemServerTimingAsync: ssm.onCompletedEventUser-0_{|Unlocked|}_com.android.server.webkit.WebViewUpdateService took to complete: 0ms
06-20 13:36:21.945 688 2096 D SystemServerTimingAsync: ssm.onCompletedEventUser-0_{|Unlocked|}_com.android.server.CachedDeviceStateService
06-20 13:36:21.945 688 2096 V SystemServerTimingAsync: ssm.onCompletedEventUser-0_{|Unlocked|}_com.android.server.CachedDeviceStateService took to complete: 0ms
06-20 13:36:21.945 688 2096 D SystemServerTimingAsync: ssm.onCompletedEventUser-0_{|Unlocked|}_com.android.server.BinderCallsStatsService$LifeCycle
06-20 13:36:21.945 688 2096 V SystemServerTimingAsync: ssm.onCompletedEventUser-0_{|Unlocked|}_com.android.server.BinderCallsStatsService$LifeCycle took to complete: 0ms
06-20 13:36:21.945 688 2096 D SystemServerTimingAsync: ssm.onCompletedEventUser-0_{|Unlocked|}_com.android.server.LooperStatsService$Lifecycle
06-20 13:36:21.945 688 2096 V SystemServerTimingAsync: ssm.onCompletedEventUser-0_{|Unlocked|}_com.android.server.LooperStatsService$Lifecycle took to complete: 0ms
06-20 13:36:21.945 688 2096 D SystemServerTimingAsync: ssm.onCompletedEventUser-0_{|Unlocked|}_com.android.server.rollback.RollbackManagerService
06-20 13:36:21.945 688 2096 V SystemServerTimingAsync: ssm.onCompletedEventUser-0_{|Unlocked|}_com.android.server.rollback.RollbackManagerService took to complete: 0ms
06-20 13:36:21.945 688 2096 D SystemServerTimingAsync: ssm.onCompletedEventUser-0_{|Unlocked|}_com.android.server.os.NativeTombstoneManagerService
06-20 13:36:21.945 688 2096 V SystemServerTimingAsync: ssm.onCompletedEventUser-0_{|Unlocked|}_com.android.server.os.NativeTombstoneManagerService took to complete: 0ms
06-20 13:36:21.945 688 2096 D SystemServerTimingAsync: ssm.onCompletedEventUser-0_{|Unlocked|}_com.android.server.os.BugreportManagerService
06-20 13:36:21.945 688 2096 V SystemServerTimingAsync: ssm.onCompletedEventUser-0_{|Unlocked|}_com.android.server.os.BugreportManagerService took to complete: 0ms
06-20 13:36:21.945 688 2096 D SystemServerTimingAsync: ssm.onCompletedEventUser-0_{|Unlocked|}_com.android.server.gpu.GpuService
06-20 13:36:21.946 688 2096 V SystemServerTimingAsync: ssm.onCompletedEventUser-0_{|Unlocked|}_com.android.server.gpu.GpuService took to complete: 0ms
06-20 13:36:21.946 688 2096 D SystemServerTimingAsync: ssm.onCompletedEventUser-0_{|Unlocked|}_com.android.server.security.rkp.RemoteProvisioningService
06-20 13:36:21.946 688 2096 V SystemServerTimingAsync: ssm.onCompletedEventUser-0_{|Unlocked|}_com.android.server.security.rkp.RemoteProvisioningService took to complete: 0ms
06-20 13:36:21.946 688 2096 D SystemServerTimingAsync: ssm.onCompletedEventUser-0_{|Unlocked|}_com.android.server.cpu.CpuMonitorService
06-20 13:36:21.946 688 2096 V SystemServerTimingAsync: ssm.onCompletedEventUser-0_{|Unlocked|}_com.android.server.cpu.CpuMonitorService took to complete: 0ms
06-20 13:36:21.947 688 2097 D SystemServerTimingAsync: ssm.onCompletedEventUser-0_{|Unlocked|}_com.android.server.pm.Installer
06-20 13:36:21.948 688 2097 V SystemServerTimingAsync: ssm.onCompletedEventUser-0_{|Unlocked|}_com.android.server.pm.Installer took to complete: 0ms
06-20 13:36:21.948 688 2098 D SystemServerTimingAsync: ssm.onCompletedEventUser-0_{|Unlocked|}_com.android.server.BinaryTransparencyService
06-20 13:36:21.948 688 2096 D SystemServerTimingAsync: ssm.onCompletedEventUser-0_{|Unlocked|}_com.android.server.security.KeyChainSystemService
06-20 13:36:21.948 688 2098 V SystemServerTimingAsync: ssm.onCompletedEventUser-0_{|Unlocked|}_com.android.server.BinaryTransparencyService took to complete: 0ms
06-20 13:36:21.948 688 2098 D SystemServerTimingAsync: ssm.onCompletedEventUser-0_{|Unlocked|}_com.android.server.content.ContentService$Lifecycle
06-20 13:36:21.948 688 2098 V SystemServerTimingAsync: ssm.onCompletedEventUser-0_{|Unlocked|}_com.android.server.content.ContentService$Lifecycle took to complete: 0ms
06-20 13:36:21.948 688 2098 D SystemServerTimingAsync: ssm.onCompletedEventUser-0_{|Unlocked|}_com.android.server.deviceconfig.DeviceConfigInit$Lifecycle
06-20 13:36:21.948 688 2098 V SystemServerTimingAsync: ssm.onCompletedEventUser-0_{|Unlocked|}_com.android.server.deviceconfig.DeviceConfigInit$Lifecycle took to complete: 0ms
06-20 13:36:21.948 688 2098 D SystemServerTimingAsync: ssm.onCompletedEventUser-0_{|Unlocked|}_com.android.server.DropBoxManagerService
06-20 13:36:21.948 688 2098 V SystemServerTimingAsync: ssm.onCompletedEventUser-0_{|Unlocked|}_com.android.server.DropBoxManagerService took to complete: 0ms
06-20 13:36:21.948 688 2098 D SystemServerTimingAsync: ssm.onCompletedEventUser-0_{|Unlocked|}_com.android.role.RoleService
06-20 13:36:21.948 688 2098 V SystemServerTimingAsync: ssm.onCompletedEventUser-0_{|Unlocked|}_com.android.role.RoleService took to complete: 0ms
06-20 13:36:21.948 688 2098 D SystemServerTimingAsync: ssm.onCompletedEventUser-0_{|Unlocked|}_com.android.server.vibrator.VibratorManagerService$Lifecycle
06-20 13:36:21.948 688 2098 V SystemServerTimingAsync: ssm.onCompletedEventUser-0_{|Unlocked|}_com.android.server.vibrator.VibratorManagerService$Lifecycle took to complete: 0ms
06-20 13:36:21.948 688 2098 D SystemServerTimingAsync: ssm.onCompletedEventUser-0_{|Unlocked|}_com.android.server.tare.InternalResourceService
06-20 13:36:21.948 688 2098 V SystemServerTimingAsync: ssm.onCompletedEventUser-0_{|Unlocked|}_com.android.server.tare.InternalResourceService took to complete: 0ms
06-20 13:36:21.948 688 2098 D SystemServerTimingAsync: ssm.onCompletedEventUser-0_{|Unlocked|}_com.android.server.alarm.AlarmManagerService
06-20 13:36:21.948 688 2098 V SystemServerTimingAsync: ssm.onCompletedEventUser-0_{|Unlocked|}_com.android.server.alarm.AlarmManagerService took to complete: 0ms
06-20 13:36:21.948 688 2098 D SystemServerTimingAsync: ssm.onCompletedEventUser-0_{|Unlocked|}_com.android.server.devicestate.DeviceStateManagerService
06-20 13:36:21.948 688 2098 V SystemServerTimingAsync: ssm.onCompletedEventUser-0_{|Unlocked|}_com.android.server.devicestate.DeviceStateManagerService took to complete: 0ms
06-20 13:36:21.948 688 2098 D SystemServerTimingAsync: ssm.onCompletedEventUser-0_{|Unlocked|}_com.android.server.camera.CameraServiceProxy
06-20 13:36:21.948 688 2098 V SystemServerTimingAsync: ssm.onCompletedEventUser-0_{|Unlocked|}_com.android.server.camera.CameraServiceProxy took to complete: 0ms
06-20 13:36:21.948 688 2098 D SystemServerTimingAsync: ssm.onCompletedEventUser-0_{|Unlocked|}_com.android.server.bluetooth.BluetoothService
06-20 13:36:21.948 688 2098 V SystemServerTimingAsync: ssm.onCompletedEventUser-0_{|Unlocked|}_com.android.server.bluetooth.BluetoothService took to complete: 0ms
06-20 13:36:21.948 688 2098 D SystemServerTimingAsync: ssm.onCompletedEventUser-0_{|Unlocked|}_com.android.server.connectivity.IpConnectivityMetrics
06-20 13:36:21.948 688 2098 V SystemServerTimingAsync: ssm.onCompletedEventUser-0_{|Unlocked|}_com.android.server.connectivity.IpConnectivityMetrics took to complete: 0ms
06-20 13:36:21.948 688 2098 D SystemServerTimingAsync: ssm.onCompletedEventUser-0_{|Unlocked|}_com.android.server.net.watchlist.NetworkWatchlistService$Lifecycle
06-20 13:36:21.948 688 2098 V SystemServerTimingAsync: ssm.onCompletedEventUser-0_{|Unlocked|}_com.android.server.net.watchlist.NetworkWatchlistService$Lifecycle took to complete: 0ms
06-20 13:36:21.948 688 2098 D SystemServerTimingAsync: ssm.onCompletedEventUser-0_{|Unlocked|}_com.android.server.PinnerService
06-20 13:36:21.948 688 2098 V SystemServerTimingAsync: ssm.onCompletedEventUser-0_{|Unlocked|}_com.android.server.PinnerService took to complete: 0ms
06-20 13:36:21.949 688 2098 D SystemServerTimingAsync: ssm.onCompletedEventUser-0_{|Unlocked|}_com.android.server.integrity.AppIntegrityManagerService
06-20 13:36:21.949 688 2098 V SystemServerTimingAsync: ssm.onCompletedEventUser-0_{|Unlocked|}_com.android.server.integrity.AppIntegrityManagerService took to complete: 0ms
06-20 13:36:21.949 688 2098 D SystemServerTimingAsync: ssm.onCompletedEventUser-0_{|Unlocked|}_com.android.server.logcat.LogcatManagerService
06-20 13:36:21.949 688 2098 V SystemServerTimingAsync: ssm.onCompletedEventUser-0_{|Unlocked|}_com.android.server.logcat.LogcatManagerService took to complete: 0ms
06-20 13:36:21.949 688 2098 D SystemServerTimingAsync: ssm.onCompletedEventUser-0_{|Unlocked|}_com.android.server.inputmethod.InputMethodManagerService$Lifecycle
06-20 13:36:21.949 688 2098 V SystemServerTimingAsync: ssm.onCompletedEventUser-0_{|Unlocked|}_com.android.server.inputmethod.InputMethodManagerService$Lifecycle took to complete: 0ms
06-20 13:36:21.949 688 2098 D SystemServerTimingAsync: ssm.onCompletedEventUser-0_{|Unlocked|}_com.android.server.accessibility.AccessibilityManagerService$Lifecycle
06-20 13:36:21.949 688 2098 V SystemServerTimingAsync: ssm.onCompletedEventUser-0_{|Unlocked|}_com.android.server.accessibility.AccessibilityManagerService$Lifecycle took to complete: 0ms
06-20 13:36:21.949 688 2098 D SystemServerTimingAsync: ssm.onCompletedEventUser-0_{|Unlocked|}_com.android.server.StorageManagerService$Lifecycle
06-20 13:36:21.949 688 2098 V SystemServerTimingAsync: ssm.onCompletedEventUser-0_{|Unlocked|}_com.android.server.StorageManagerService$Lifecycle took to complete: 0ms
06-20 13:36:21.949 688 2098 D SystemServerTimingAsync: ssm.onCompletedEventUser-0_{|Unlocked|}_com.android.server.usage.StorageStatsService$Lifecycle
06-20 13:36:21.949 688 2098 V SystemServerTimingAsync: ssm.onCompletedEventUser-0_{|Unlocked|}_com.android.server.usage.StorageStatsService$Lifecycle took to complete: 0ms
06-20 13:36:21.949 688 2098 D SystemServerTimingAsync: ssm.onCompletedEventUser-0_{|Unlocked|}_com.android.server.UiModeManagerService
06-20 13:36:21.949 688 2098 V SystemServerTimingAsync: ssm.onCompletedEventUser-0_{|Unlocked|}_com.android.server.UiModeManagerService took to complete: 0ms
06-20 13:36:21.949 688 2098 D SystemServerTimingAsync: ssm.onCompletedEventUser-0_{|Unlocked|}_com.android.server.locales.LocaleManagerService
06-20 13:36:21.949 688 2098 V SystemServerTimingAsync: ssm.onCompletedEventUser-0_{|Unlocked|}_com.android.server.locales.LocaleManagerService took to complete: 0ms
06-20 13:36:21.949 688 2098 D SystemServerTimingAsync: ssm.onCompletedEventUser-0_{|Unlocked|}_com.android.server.grammaticalinflection.GrammaticalInflectionService
06-20 13:36:21.949 688 2098 V SystemServerTimingAsync: ssm.onCompletedEventUser-0_{|Unlocked|}_com.android.server.grammaticalinflection.GrammaticalInflectionService took to complete: 0ms
06-20 13:36:21.949 688 2098 D SystemServerTimingAsync: ssm.onCompletedEventUser-0_{|Unlocked|}_com.android.server.apphibernation.AppHibernationService
06-20 13:36:21.949 688 2098 V SystemServerTimingAsync: ssm.onCompletedEventUser-0_{|Unlocked|}_com.android.server.apphibernation.AppHibernationService took to complete: 0ms
