06-20 13:36:11.329 688 688 D SystemServerTiming: OnBootPhase_550_com.android.server.NetworkStatsServiceInitializer
06-20 13:36:11.330 688 769 E NativeTombstoneManager: Tombstone's UID (1002) not an app, ignoring
06-20 13:36:11.335 688 769 E NativeTombstoneManager: Tombstone's UID (1002) not an app, ignoring
06-20 13:36:11.341 0 0 W : [1 T496 ..] >>> aml_send_extcapab_req()
06-20 13:36:11.341 0 0 W : [1 T496 ..] >>> aml_send_msg()
06-20 13:36:11.342 0 0 W : [1 T895 ..] ipc_sdio_host_msgack_handler 000000002b0f9302
06-20 13:36:11.342 0 0 W : [1 T895 ..] [aml_msgackind 2039] msg ack hostid=0xffffff8024ed9280
06-20 13:36:11.343 0 0 W : [1 T895 ..] [cmd_mgr_llind 329] cmd tkn[3] flags:0008 result: -4 cmd: 105-MM_EXT_CAPAB - reqcfm(1023-none)
06-20 13:36:11.345 0 0 W : [1 T895 ..] [cmd_complete 65] cmd tkn[3] flags:0000 result: -4 cmd: 105-MM_EXT_CAPAB - reqcfm(1023-none)
06-20 13:36:11.348 0 0 W : [2 T496 ..] [aml_reg_notifier 6037] initiator=0, hint_type=0, alpha=00, region=0
06-20 13:36:11.348 0 0 W : [2 T496 ..] >>> aml_send_me_chan_config_req()
06-20 13:36:11.343 688 717 D SystemServerInitThreadPool: Finished executing Lazily initialize IMMS#mImeDrawsImeNavBarRes
06-20 13:36:11.343 688 717 V SystemServerTimingAsync: InitThreadPoolExec:Lazily initialize IMMS#mImeDrawsImeNavBarRes took to complete: 74ms
06-20 13:36:11.349 0 0 W : [2 T496 ..] >>> aml_send_msg()
06-20 13:36:11.351 0 0 W : [1 T895 ..] ipc_sdio_host_msgack_handler 0000000036c10596
06-20 13:36:11.351 0 0 W : [1 T895 ..] [aml_msgackind 2039] msg ack hostid=0xffffff8047dea580
06-20 13:36:11.352 0 0 W : [1 T895 ..] [cmd_mgr_llind 329] cmd tkn[4] flags:001a result: -4 cmd:5122-ME_CHAN_CONFIG_REQ - reqcfm(5123-ME_CHAN_CONFIG_CFM)
06-20 13:36:11.354 0 0 W : [1 T895 ..] [cmd_mgr_msgind 409] cmd tkn[4] flags:0012 result: -4 cmd:5122-ME_CHAN_CONFIG_REQ - reqcfm(5123-ME_CHAN_CONFIG_CFM)
06-20 13:36:11.356 0 0 W : [1 T895 ..] [cmd_complete 65] cmd tkn[4] flags:0002 result: -4 cmd:5122-ME_CHAN_CONFIG_REQ - reqcfm(5123-ME_CHAN_CONFIG_CFM)
06-20 13:36:11.358 0 0 W : [0 T496 ..] [aml_wq_init 162] workqueue init
06-20 13:36:11.359 0 0 W : [0 T496 ..] [aml_send_sync_trace 4388] sync token[64693]
06-20 13:36:11.359 0 0 W : [0 T496 ..] >>> aml_send_msg()
06-20 13:36:11.362 0 0 F [0 T496 ..] aml_send_msg: bypassing (AML_DEV_RESTARTING set) 0x00
06-20 13:36:11.362 0 0 W : [0 T496 ..] [aml_trace_buf_init 1015] trace mutex init
06-20 13:36:11.362 0 0 W : [0 T496 ..] [recy_dbg][aml_recy_init 745] recovery func init
06-20 13:36:11.363 0 0 W : [0 T496 ..] >>> aml_send_me_chan_config_req()
06-20 13:36:11.355 688 769 E NativeTombstoneManager: Tombstone's UID (1002) not an app, ignoring
06-20 13:36:11.367 0 0 W : [0 T496 ..] >>> aml_send_msg()
06-20 13:36:11.369 0 0 W : [1 T895 ..] ipc_sdio_host_msgack_handler 000000005f4b75f9
06-20 13:36:11.369 0 0 W : [1 T895 ..] [aml_msgackind 2039] msg ack hostid=0xffffff8024d24e80
06-20 13:36:11.370 0 0 W : [1 T895 ..] [cmd_mgr_llind 329] cmd tkn[5] flags:001a result: -4 cmd:5122-ME_CHAN_CONFIG_REQ - reqcfm(5123-ME_CHAN_CONFIG_CFM)
06-20 13:36:11.372 0 0 W : [1 T895 ..] [cmd_mgr_msgind 409] cmd tkn[5] flags:0012 result: -4 cmd:5122-ME_CHAN_CONFIG_REQ - reqcfm(5123-ME_CHAN_CONFIG_CFM)
06-20 13:36:11.374 0 0 W : [1 T895 ..] [cmd_complete 65] cmd tkn[5] flags:0002 result: -4 cmd:5122-ME_CHAN_CONFIG_REQ - reqcfm(5123-ME_CHAN_CONFIG_CFM)
06-20 13:36:11.376 0 0 W : [3 T496 ..] >>> aml_send_msg()
06-20 13:36:11.376 0 0 W : [1 T895 ..] ipc_sdio_host_msgack_handler 00000000a7602c21
06-20 13:36:11.377 0 0 W : [1 T895 ..] [aml_msgackind 2039] msg ack hostid=0xffffff8046f3d280
06-20 13:36:11.378 0 0 W : [1 T895 ..] [cmd_mgr_llind 329] cmd tkn[6] flags:001a result: -4 cmd: 105-MM_SUB_READ_EFUSE - reqcfm(16391-unknown)
06-20 13:36:11.379 0 0 W : [1 T895 ..] [cmd_mgr_msgind 409] cmd tkn[6] flags:0012 result: -4 cmd: 105-MM_SUB_READ_EFUSE - reqcfm(16391-unknown)
06-20 13:36:11.381 0 0 W : [1 T895 ..] [cmd_complete 65] cmd tkn[6] flags:0002 result: -4 cmd: 105-MM_SUB_READ_EFUSE - reqcfm(16391-unknown)
06-20 13:36:11.383 0 0 W [0 T496 ..] read_efuse: value = 40109969
06-20 13:36:11.383 0 0 W : [0 T496 ..] >>> aml_send_msg()
06-20 13:36:11.384 0 0 W : [1 T895 ..] fmac efuse read: address:0x8 value:0x40109969
06-20 13:36:11.384 0 0 W : [1 T895 ..] ipc_sdio_host_msgack_handler 0000000036c10596
06-20 13:36:11.385 0 0 W : [1 T895 ..] [aml_msgackind 2039] msg ack hostid=0xffffff8047dea580
06-20 13:36:11.386 0 0 W : [1 T895 ..] [cmd_mgr_llind 329] cmd tkn[7] flags:001a result: -4 cmd: 105-MM_SUB_READ_EFUSE - reqcfm(16391-unknown)
06-20 13:36:11.388 0 0 W : [1 T895 ..] [cmd_mgr_msgind 409] cmd tkn[7] flags:0012 result: -4 cmd: 105-MM_SUB_READ_EFUSE - reqcfm(16391-unknown)
06-20 13:36:11.390 0 0 W : [1 T895 ..] [cmd_complete 65] cmd tkn[7] flags:0002 result: -4 cmd: 105-MM_SUB_READ_EFUSE - reqcfm(16391-unknown)
06-20 13:36:11.391 0 0 W [0 T496 ..] read_efuse: value = 7fff1218
06-20 13:36:11.392 0 0 W : [0 T496 ..] [aml_cfg_get_chipid 167] get_chipid from efuse:121840109969
06-20 13:36:11.392 0 0 W : [0 T496 ..] >>> aml_send_msg()
06-20 13:36:11.380 688 769 E NativeTombstoneManager: Tombstone's UID (1002) not an app, ignoring
06-20 13:36:11.393 0 0 W : [1 T895 ..] fmac efuse read: address:0x9 value:0x7FFF1218
06-20 13:36:11.394 0 0 W : [1 T895 ..] ipc_sdio_host_msgack_handler 0000000037b54081
06-20 13:36:11.395 0 0 W : [1 T895 ..] [aml_msgackind 2039] msg ack hostid=0xffffff8038421280
06-20 13:36:11.396 0 0 W : [1 T895 ..] [cmd_mgr_llind 329] cmd tkn[8] flags:001a result: -4 cmd: 105-MM_SUB_READ_EFUSE - reqcfm(16391-unknown)
06-20 13:36:11.398 0 0 W : [1 T895 ..] [cmd_mgr_msgind 409] cmd tkn[8] flags:0012 result: -4 cmd: 105-MM_SUB_READ_EFUSE - reqcfm(16391-unknown)
06-20 13:36:11.399 0 0 W : [1 T895 ..] [cmd_complete 65] cmd tkn[8] flags:0002 result: -4 cmd: 105-MM_SUB_READ_EFUSE - reqcfm(16391-unknown)
06-20 13:36:11.401 0 0 W [3 T496 ..] read_efuse: value = 1ffff
06-20 13:36:11.401 0 0 W : [1 T895 ..] fmac efuse read: address:0x7 value:0x1FFFF
06-20 13:36:11.402 0 0 W : [3 T496 ..] >>> aml_send_msg()
06-20 13:36:11.391 688 769 E NativeTombstoneManager: Tombstone's UID (1002) not an app, ignoring
06-20 13:36:11.403 0 0 W : [1 T895 ..] ipc_sdio_host_msgack_handler 00000000607c6c0d
06-20 13:36:11.404 0 0 W : [1 T895 ..] [aml_msgackind 2039] msg ack hostid=0xffffff8046f3df80
06-20 13:36:11.405 0 0 W : [1 T895 ..] [cmd_mgr_llind 329] cmd tkn[9] flags:001a result: -4 cmd: 105-MM_SUB_READ_EFUSE - reqcfm(16391-unknown)
06-20 13:36:11.407 0 0 W : [1 T895 ..] [cmd_mgr_msgind 409] cmd tkn[9] flags:0012 result: -4 cmd: 105-MM_SUB_READ_EFUSE - reqcfm(16391-unknown)
06-20 13:36:11.408 0 0 W : [1 T895 ..] [cmd_complete 65] cmd tkn[9] flags:0002 result: -4 cmd: 105-MM_SUB_READ_EFUSE - reqcfm(16391-unknown)
06-20 13:36:11.410 0 0 W : [1 T895 ..] fmac efuse read: address:0x1 value:0x2D2062CB
06-20 13:36:11.410 0 0 W [1 T496 ..] read_efuse: value = 2d2062cb
06-20 13:36:11.411 0 0 W : [1 T496 ..] >>> aml_send_msg()
06-20 13:36:11.413 0 0 W : [1 T895 ..] ipc_sdio_host_msgack_handler 00000000c7fa0f4a
06-20 13:36:11.413 0 0 W : [1 T895 ..] [aml_msgackind 2039] msg ack hostid=0xffffff801b71ff80
06-20 13:36:11.414 0 0 W : [1 T895 ..] [cmd_mgr_llind 329] cmd tkn[10] flags:001a result: -4 cmd: 105-MM_SUB_READ_EFUSE - reqcfm(16391-unknown)
06-20 13:36:11.416 0 0 W : [1 T895 ..] [cmd_mgr_msgind 409] cmd tkn[10] flags:0012 result: -4 cmd: 105-MM_SUB_READ_EFUSE - reqcfm(16391-unknown)
06-20 13:36:11.417 0 0 W : [1 T895 ..] [cmd_complete 65] cmd tkn[10] flags:0002 result: -4 cmd: 105-MM_SUB_READ_EFUSE - reqcfm(16391-unknown)
06-20 13:36:11.419 0 0 W [0 T496 ..] read_efuse: value = 1c79
06-20 13:36:11.419 0 0 W : [0 T496 ..] [aml_cfg_to_file 273] get mac address from efuse is:1c:79:2d:20:62:cb
06-20 13:36:11.419 0 0 W : [0 T496 ..] [aml_cfg_to_file 303] vif0 mac address:1c:79:2d:20:62:cb, vif1 mac address: 1e:79:2d:20:62:cb, vif2 mac address: 1e:79:2d:20:62:ca
06-20 13:36:11.407 688 769 E NativeTombstoneManager: Tombstone's UID (1002) not an app, ignoring
06-20 13:36:11.408 688 688 W SystemServiceManager: Service com.android.server.NetworkStatsServiceInitializer took 79 ms in onBootPhase
06-20 13:36:11.408 688 688 V SystemServerTiming: OnBootPhase_550_com.android.server.NetworkStatsServiceInitializer took to complete: 79ms
06-20 13:36:11.408 688 688 D SystemServerTiming: OnBootPhase_550_com.android.server.wifi.WifiService
06-20 13:36:11.408 688 688 V SystemServerTiming: OnBootPhase_550_com.android.server.wifi.WifiService took to complete: 0ms
06-20 13:36:11.408 688 688 D SystemServerTiming: OnBootPhase_550_com.android.server.wifi.scanner.WifiScanningService
06-20 13:36:11.408 688 688 V SystemServerTiming: OnBootPhase_550_com.android.server.wifi.scanner.WifiScanningService took to complete: 0ms
06-20 13:36:11.408 688 688 D SystemServerTiming: OnBootPhase_550_com.android.server.wifi.p2p.WifiP2pService
06-20 13:36:11.408 688 688 V SystemServerTiming: OnBootPhase_550_com.android.server.wifi.p2p.WifiP2pService took to complete: 0ms
06-20 13:36:11.408 688 688 D SystemServerTiming: OnBootPhase_550_com.android.server.ConnectivityServiceInitializer
06-20 13:36:11.409 688 688 V SystemServerTiming: OnBootPhase_550_com.android.server.ConnectivityServiceInitializer took to complete: 0ms
06-20 13:36:11.409 688 688 D SystemServerTiming: OnBootPhase_550_com.android.server.notification.NotificationManagerService
06-20 13:36:11.409 688 688 V SystemServerTiming: OnBootPhase_550_com.android.server.notification.NotificationManagerService took to complete: 0ms
06-20 13:36:11.409 688 688 D SystemServerTiming: OnBootPhase_550_com.android.server.storage.DeviceStorageMonitorService
06-20 13:36:11.409 688 688 V SystemServerTiming: OnBootPhase_550_com.android.server.storage.DeviceStorageMonitorService took to complete: 0ms
06-20 13:36:11.409 688 688 D SystemServerTiming: OnBootPhase_550_com.android.server.timedetector.TimeDetectorService$Lifecycle
06-20 13:36:11.409 688 688 V SystemServerTiming: OnBootPhase_550_com.android.server.timedetector.TimeDetectorService$Lifecycle took to complete: 0ms
06-20 13:36:11.409 688 688 D SystemServerTiming: OnBootPhase_550_com.android.server.location.LocationManagerService$Lifecycle
06-20 13:36:11.409 688 688 V SystemServerTiming: OnBootPhase_550_com.android.server.location.LocationManagerService$Lifecycle took to complete: 0ms
06-20 13:36:11.409 688 688 D SystemServerTiming: OnBootPhase_550_com.android.server.timezonedetector.TimeZoneDetectorService$Lifecycle
06-20 13:36:11.409 688 688 V SystemServerTiming: OnBootPhase_550_com.android.server.timezonedetector.TimeZoneDetectorService$Lifecycle took to complete: 0ms
06-20 13:36:11.409 688 688 D SystemServerTiming: OnBootPhase_550_com.android.server.location.altitude.AltitudeService$Lifecycle
06-20 13:36:11.409 688 688 V SystemServerTiming: OnBootPhase_550_com.android.server.location.altitude.AltitudeService$Lifecycle took to complete: 0ms
06-20 13:36:11.409 688 688 D SystemServerTiming: OnBootPhase_550_com.android.server.timezonedetector.location.LocationTimeZoneManagerService$Lifecycle
06-20 13:36:11.409 688 688 V SystemServerTiming: OnBootPhase_550_com.android.server.timezonedetector.location.LocationTimeZoneManagerService$Lifecycle took to complete: 0ms
06-20 13:36:11.409 688 688 D SystemServerTiming: OnBootPhase_550_com.android.server.search.SearchManagerService$Lifecycle
06-20 13:36:11.409 688 688 V SystemServerTiming: OnBootPhase_550_com.android.server.search.SearchManagerService$Lifecycle took to complete: 0ms
06-20 13:36:11.409 688 688 D SystemServerTiming: OnBootPhase_550_com.android.server.wallpaper.WallpaperManagerService$Lifecycle
06-20 13:36:11.410 688 688 V WallpaperManagerService: bindWallpaperComponentLocked: componentName=ComponentInfo{com.android.systemui/com.android.systemui.wallpapers.ImageWallpaper}
06-20 13:36:11.410 688 688 D WallpaperManagerService: WPMS.bindWallpaperComponentLocked-ComponentInfo{com.android.systemui/com.android.systemui.wallpapers.ImageWallpaper}
06-20 13:36:11.421 0 0 W : [1 T895 ..] fmac efuse read: address:0x2 value:0x1C79
06-20 13:36:11.422 0 0 W : [0 T496 ..] [aml_interface_add 1454] vif index=0, type=2
06-20 13:36:11.424 0 0 W : [0 T496 ..] set_scan_hang, flag:0, [aml_interface_add 1494]
06-20 13:36:11.441 688 688 D CompatibilityChangeReporter: Compat change id reported: 135634846; UID 10052; state: DISABLED
06-20 13:36:11.442 688 688 D CompatibilityChangeReporter: Compat change id reported: 177438394; UID 10052; state: DISABLED
06-20 13:36:11.443 688 688 D CompatibilityChangeReporter: Compat change id reported: 135772972; UID 10052; state: DISABLED
06-20 13:36:11.443 688 688 D CompatibilityChangeReporter: Compat change id reported: 135754954; UID 10052; state: ENABLED
06-20 13:36:11.445 688 688 V WallpaperManagerService: WPMS.bindWallpaperComponentLocked-ComponentInfo{com.android.systemui/com.android.systemui.wallpapers.ImageWallpaper} took to complete: 35ms
06-20 13:36:11.447 688 720 D CompatibilityChangeReporter: Compat change id reported: 143937733; UID 10052; state: ENABLED
06-20 13:36:11.453 688 688 I WallpaperDataParser: No static wallpaper imagery; defaults will be shown
06-20 13:36:11.456 688 688 D WallpaperCropper: WPMS.generateCrop
06-20 13:36:11.456 688 688 W WallpaperCropper: Invalid wallpaper data
06-20 13:36:11.456 688 688 E WallpaperCropper: Unable to apply new wallpaper
06-20 13:36:11.457 688 688 V WallpaperCropper: WPMS.generateCrop took to complete: 1ms
06-20 13:36:11.459 688 688 V SystemServerTiming: OnBootPhase_550_com.android.server.wallpaper.WallpaperManagerService$Lifecycle took to complete: 50ms
06-20 13:36:11.459 688 688 D SystemServerTiming: OnBootPhase_550_com.android.server.wallpapereffectsgeneration.WallpaperEffectsGenerationManagerService
06-20 13:36:11.459 688 688 V SystemServerTiming: OnBootPhase_550_com.android.server.wallpapereffectsgeneration.WallpaperEffectsGenerationManagerService took to complete: 0ms
06-20 13:36:11.459 688 688 D SystemServerTiming: OnBootPhase_550_com.android.server.audio.AudioService$Lifecycle
06-20 13:36:11.459 688 688 V SystemServerTiming: OnBootPhase_550_com.android.server.audio.AudioService$Lifecycle took to complete: 0ms
06-20 13:36:11.459 688 688 D SystemServerTiming: OnBootPhase_550_com.android.server.soundtrigger_middleware.SoundTriggerMiddlewareService$Lifecycle
06-20 13:36:11.459 688 688 V SystemServerTiming: OnBootPhase_550_com.android.server.soundtrigger_middleware.SoundTriggerMiddlewareService$Lifecycle took to complete: 0ms
06-20 13:36:11.459 688 688 D SystemServerTiming: OnBootPhase_550_com.android.server.adb.AdbService$Lifecycle
06-20 13:36:11.459 688 688 V SystemServerTiming: OnBootPhase_550_com.android.server.adb.AdbService$Lifecycle took to complete: 1ms
06-20 13:36:11.460 688 688 D SystemServerTiming: OnBootPhase_550_com.android.server.usb.UsbService$Lifecycle
06-20 13:36:11.460 688 688 V SystemServerTiming: OnBootPhase_550_com.android.server.usb.UsbService$Lifecycle took to complete: 0ms
06-20 13:36:11.460 688 688 D SystemServerTiming: OnBootPhase_550_com.android.server.twilight.TwilightService
06-20 13:36:11.474 0 0 W : [3 T496 ..] [aml_rps_map_set 46] set rps_cpus as [0]
06-20 13:36:11.474 0 0 W : [3 T496 ..] [aml_rps_map_set 46] set rps_cpus as [0]
06-20 13:36:11.475 0 0 W : [3 T496 ..] [aml_rps_map_set 46] set rps_cpus as [0]
06-20 13:36:11.476 0 0 W : [3 T496 ..] [aml_rps_map_set 46] set rps_cpus as [0]
06-20 13:36:11.478 0 0 I : [3 T496 ..] new interface create wlan0 success
06-20 13:36:11.478 0 0 W : [3 T496 ..] [aml_interface_add 1454] vif index=1, type=2
06-20 13:36:11.478 0 0 W : [3 T496 ..] set_scan_hang, flag:0, [aml_interface_add 1494]
06-20 13:36:11.460 688 688 V SystemServerTiming: OnBootPhase_550_com.android.server.twilight.TwilightService took to complete: 0ms
06-20 13:36:11.467 688 688 D SystemServerTiming: OnBootPhase_550_com.android.server.display.color.ColorDisplayService
06-20 13:36:11.468 688 688 V SystemServerTiming: OnBootPhase_550_com.android.server.display.color.ColorDisplayService took to complete: 0ms
06-20 13:36:11.468 688 688 D SystemServerTiming: OnBootPhase_550_com.android.server.job.JobSchedulerService
06-20 13:36:11.468 688 688 V SystemServerTiming: OnBootPhase_550_com.android.server.job.JobSchedulerService took to complete: 0ms
06-20 13:36:11.468 688 688 D SystemServerTiming: OnBootPhase_550_com.android.server.soundtrigger.SoundTriggerService
06-20 13:36:11.468 688 688 D SoundTriggerService: onBootPhase: 550 : false
06-20 13:36:11.468 688 760 D SystemServerTimingAsync: InitThreadPoolExec:UsbService$Lifecycle#onBootPhase
06-20 13:36:11.468 688 760 D SystemServerInitThreadPool: Started executing UsbService$Lifecycle#onBootPhase
06-20 13:36:11.471 688 760 D SystemServerInitThreadPool: Finished executing UsbService$Lifecycle#onBootPhase
06-20 13:36:11.471 688 760 V SystemServerTimingAsync: InitThreadPoolExec:UsbService$Lifecycle#onBootPhase took to complete: 4ms
06-20 13:36:11.477 688 688 V SystemServerTiming: OnBootPhase_550_com.android.server.soundtrigger.SoundTriggerService took to complete: 9ms
06-20 13:36:11.477 688 688 D SystemServerTiming: OnBootPhase_550_com.android.server.trust.TrustManagerService
06-20 13:36:11.477 688 688 V SystemServerTiming: OnBootPhase_550_com.android.server.trust.TrustManagerService took to complete: 0ms
06-20 13:36:11.477 688 688 D SystemServerTiming: OnBootPhase_550_com.android.server.backup.BackupManagerService$Lifecycle
06-20 13:36:11.477 688 688 V SystemServerTiming: OnBootPhase_550_com.android.server.backup.BackupManagerService$Lifecycle took to complete: 0ms
06-20 13:36:11.477 688 688 D SystemServerTiming: OnBootPhase_550_com.android.server.appwidget.AppWidgetService
06-20 13:36:11.477 688 688 V SystemServerTiming: OnBootPhase_550_com.android.server.appwidget.AppWidgetService took to complete: 0ms
06-20 13:36:11.477 688 688 D SystemServerTiming: OnBootPhase_550_com.android.server.voiceinteraction.VoiceInteractionManagerService
06-20 13:36:11.477 688 688 V SystemServerTiming: OnBootPhase_550_com.android.server.voiceinteraction.VoiceInteractionManagerService took to complete: 0ms
06-20 13:36:11.477 688 688 D SystemServerTiming: OnBootPhase_550_com.android.server.GestureLauncherService
06-20 13:36:11.477 688 688 V SystemServerTiming: OnBootPhase_550_com.android.server.GestureLauncherService took to complete: 0ms
06-20 13:36:11.477 688 688 D SystemServerTiming: OnBootPhase_550_com.android.server.SensorNotificationService
06-20 13:36:11.477 688 688 V SystemServerTiming: OnBootPhase_550_com.android.server.SensorNotificationService took to complete: 0ms
06-20 13:36:11.477 688 688 D SystemServerTiming: OnBootPhase_550_com.android.server.emergency.EmergencyAffordanceService
06-20 13:36:11.477 688 688 V SystemServerTiming: OnBootPhase_550_com.android.server.emergency.EmergencyAffordanceService took to complete: 0ms
06-20 13:36:11.477 688 688 D SystemServerTiming: OnBootPhase_550_com.android.server.blob.BlobStoreManagerService
06-20 13:36:11.479 688 688 V SystemServerTiming: OnBootPhase_550_com.android.server.blob.BlobStoreManagerService took to complete: 2ms
06-20 13:36:11.479 688 688 D SystemServerTiming: OnBootPhase_550_com.android.server.dreams.DreamManagerService
06-20 13:36:11.479 688 688 V SystemServerTiming: OnBootPhase_550_com.android.server.dreams.DreamManagerService took to complete: 0ms
06-20 13:36:11.479 688 688 D SystemServerTiming: OnBootPhase_550_com.android.server.security.AttestationVerificationManagerService
06-20 13:36:11.479 688 688 V SystemServerTiming: OnBootPhase_550_com.android.server.security.AttestationVerificationManagerService took to complete: 0ms
06-20 13:36:11.479 688 688 D SystemServerTiming: OnBootPhase_550_com.android.server.restrictions.RestrictionsManagerService
06-20 13:36:11.479 688 688 V SystemServerTiming: OnBootPhase_550_com.android.server.restrictions.RestrictionsManagerService took to complete: 0ms
06-20 13:36:11.479 688 688 D SystemServerTiming: OnBootPhase_550_com.android.server.media.MediaSessionService
06-20 13:36:11.485 688 688 V SystemServerTiming: OnBootPhase_550_com.android.server.media.MediaSessionService took to complete: 5ms
06-20 13:36:11.485 688 688 D SystemServerTiming: OnBootPhase_550_com.android.server.hdmi.HdmiControlService
06-20 13:36:11.485 688 688 V SystemServerTiming: OnBootPhase_550_com.android.server.hdmi.HdmiControlService took to complete: 0ms
06-20 13:36:11.485 688 688 D SystemServerTiming: OnBootPhase_550_com.android.server.tv.interactive.TvInteractiveAppManagerService
06-20 13:36:11.485 688 688 V SystemServerTiming: OnBootPhase_550_com.android.server.tv.interactive.TvInteractiveAppManagerService took to complete: 0ms
06-20 13:36:11.485 688 688 D SystemServerTiming: OnBootPhase_550_com.android.server.tv.TvInputManagerService
06-20 13:36:11.485 688 688 V SystemServerTiming: OnBootPhase_550_com.android.server.tv.TvInputManagerService took to complete: 0ms
06-20 13:36:11.485 688 688 D SystemServerTiming: OnBootPhase_550_com.android.server.media.MediaResourceMonitorService
06-20 13:36:11.485 688 688 V SystemServerTiming: OnBootPhase_550_com.android.server.media.MediaResourceMonitorService took to complete: 0ms
06-20 13:36:11.485 688 688 D SystemServerTiming: OnBootPhase_550_com.android.server.tv.TvRemoteService
06-20 13:36:11.485 688 688 V SystemServerTiming: OnBootPhase_550_com.android.server.tv.TvRemoteService took to complete: 0ms
06-20 13:36:11.485 688 688 D SystemServerTiming: OnBootPhase_550_com.android.server.biometrics.BiometricService
06-20 13:36:11.485 688 688 V SystemServerTiming: OnBootPhase_550_com.android.server.biometrics.BiometricService took to complete: 0ms
06-20 13:36:11.485 688 688 D SystemServerTiming: OnBootPhase_550_com.android.server.biometrics.AuthService
06-20 13:36:11.485 688 688 V SystemServerTiming: OnBootPhase_550_com.android.server.biometrics.AuthService took to complete: 0ms
06-20 13:36:11.485 688 688 D SystemServerTiming: OnBootPhase_550_com.android.server.pm.ShortcutService$Lifecycle
06-20 13:36:11.485 688 688 V SystemServerTiming: OnBootPhase_550_com.android.server.pm.ShortcutService$Lifecycle took to complete: 0ms
06-20 13:36:11.485 688 688 D SystemServerTiming: OnBootPhase_550_com.android.server.pm.LauncherAppsService
06-20 13:36:11.485 688 688 V SystemServerTiming: OnBootPhase_550_com.android.server.pm.LauncherAppsService took to complete: 0ms
06-20 13:36:11.485 688 688 D SystemServerTiming: OnBootPhase_550_com.android.server.pm.CrossProfileAppsService
06-20 13:36:11.485 688 688 V SystemServerTiming: OnBootPhase_550_com.android.server.pm.CrossProfileAppsService took to complete: 0ms
06-20 13:36:11.485 688 688 D SystemServerTiming: OnBootPhase_550_com.android.server.people.PeopleService
06-20 13:36:11.485 688 688 V SystemServerTiming: OnBootPhase_550_com.android.server.people.PeopleService took to complete: 0ms
06-20 13:36:11.485 688 688 D SystemServerTiming: OnBootPhase_550_com.android.server.media.metrics.MediaMetricsManagerService
06-20 13:36:11.485 688 688 V SystemServerTiming: OnBootPhase_550_com.android.server.media.metrics.MediaMetricsManagerService took to complete: 0ms
06-20 13:36:11.485 688 688 D SystemServerTiming: OnBootPhase_550_com.android.server.pm.BackgroundInstallControlService
06-20 13:36:11.485 688 688 V SystemServerTiming: OnBootPhase_550_com.android.server.pm.BackgroundInstallControlService took to complete: 0ms
06-20 13:36:11.485 688 688 D SystemServerTiming: OnBootPhase_550_com.android.server.media.projection.MediaProjectionManagerService
06-20 13:36:11.485 688 688 V SystemServerTiming: OnBootPhase_550_com.android.server.media.projection.MediaProjectionManagerService took to complete: 0ms
06-20 13:36:11.485 688 688 D SystemServerTiming: OnBootPhase_550_com.android.server.slice.SliceManagerService$Lifecycle
06-20 13:36:11.485 688 688 V SystemServerTiming: OnBootPhase_550_com.android.server.slice.SliceManagerService$Lifecycle took to complete: 0ms
06-20 13:36:11.485 688 688 D SystemServerTiming: OnBootPhase_550_com.android.server.stats.StatsCompanion$Lifecycle
06-20 13:36:11.485 688 688 V SystemServerTiming: OnBootPhase_550_com.android.server.stats.StatsCompanion$Lifecycle took to complete: 0ms
06-20 13:36:11.485 688 688 D SystemServerTiming: OnBootPhase_550_com.android.server.scheduling.RebootReadinessManagerService$Lifecycle
06-20 13:36:11.485 688 688 V SystemServerTiming: OnBootPhase_550_com.android.server.scheduling.RebootReadinessManagerService$Lifecycle took to complete: 0ms
06-20 13:36:11.485 688 688 D SystemServerTiming: OnBootPhase_550_com.android.server.stats.pull.StatsPullAtomService
06-20 13:36:11.485 688 688 V SystemServerTiming: OnBootPhase_550_com.android.server.stats.pull.StatsPullAtomService took to complete: 0ms
06-20 13:36:11.485 688 688 D SystemServerTiming: OnBootPhase_550_com.android.server.stats.bootstrap.StatsBootstrapAtomService$Lifecycle
06-20 13:36:11.485 688 688 V SystemServerTiming: OnBootPhase_550_com.android.server.stats.bootstrap.StatsBootstrapAtomService$Lifecycle took to complete: 0ms
06-20 13:36:11.485 688 688 D SystemServerTiming: OnBootPhase_550_com.android.server.incident.IncidentCompanionService
06-20 13:36:11.485 688 688 V SystemServerTiming: OnBootPhase_550_com.android.server.incident.IncidentCompanionService took to complete: 0ms
06-20 13:36:11.485 688 688 D SystemServerTiming: OnBootPhase_550_com.android.server.sdksandbox.SdkSandboxManagerService$Lifecycle
06-20 13:36:11.485 688 688 V SystemServerTiming: OnBootPhase_550_com.android.server.sdksandbox.SdkSandboxManagerService$Lifecycle took to complete: 0ms
06-20 13:36:11.485 688 688 D SystemServerTiming: OnBootPhase_550_com.android.server.adservices.AdServicesManagerService$Lifecycle
06-20 13:36:11.485 688 688 V SystemServerTiming: OnBootPhase_550_com.android.server.adservices.AdServicesManagerService$Lifecycle took to complete: 0ms
06-20 13:36:11.485 688 688 D SystemServerTiming: OnBootPhase_550_com.android.server.ondevicepersonalization.OnDevicePersonalizationSystemService$Lifecycle
06-20 13:36:11.485 688 688 V SystemServerTiming: OnBootPhase_550_com.android.server.ondevicepersonalization.OnDevicePersonalizationSystemService$Lifecycle took to complete: 0ms
06-20 13:36:11.485 688 688 D SystemServerTiming: OnBootPhase_550_com.android.server.autofill.AutofillManagerService
06-20 13:36:11.485 688 688 V SystemServerTiming: OnBootPhase_550_com.android.server.autofill.AutofillManagerService took to complete: 0ms
06-20 13:36:11.485 688 688 D SystemServerTiming: OnBootPhase_550_com.android.server.clipboard.ClipboardService
06-20 13:36:11.485 688 688 V SystemServerTiming: OnBootPhase_550_com.android.server.clipboard.ClipboardService took to complete: 0ms
06-20 13:36:11.485 688 688 D SystemServerTiming: OnBootPhase_550_com.android.server.appbinding.AppBindingService$Lifecycle
06-20 13:36:11.493 688 702 I UsbPortManager: all: opID:1 successful
06-20 13:36:11.493 688 720 W ActivityManager: Slow operation: 58ms so far, now at startProcess: returned from zygote!
06-20 13:36:11.494 688 688 I AppBindingService: Updating constants with: null
06-20 13:36:11.495 688 688 V SystemServerTiming: OnBootPhase_550_com.android.server.appbinding.AppBindingService$Lifecycle took to complete: 9ms
06-20 13:36:11.495 688 688 D SystemServerTiming: OnBootPhase_550_com.android.server.tracing.TracingServiceProxy
06-20 13:36:11.495 688 688 V SystemServerTiming: OnBootPhase_550_com.android.server.tracing.TracingServiceProxy took to complete: 0ms
06-20 13:36:11.495 688 688 D SystemServerTiming: OnBootPhase_550_com.android.server.policy.PermissionPolicyService
06-20 13:36:11.495 688 688 D SystemServerTiming: Permission_grant_default_permissions-0
06-20 13:36:11.495 688 688 V SystemServerTiming: Permission_grant_default_permissions-0 took to complete: 0ms
06-20 13:36:11.495 688 688 D SystemServerTiming: Permission_synchronize_permissions-0
06-20 13:36:11.495 688 688 D SystemServerTiming: Permission_synchronize_addPackages-0
06-20 13:36:11.496 688 720 W ActivityManager: Slow operation: 60ms so far, now at startProcess: done updating battery stats
06-20 13:36:11.496 688 720 W ActivityManager: Slow operation: 61ms so far, now at startProcess: building log message
06-20 13:36:11.496 688 720 I ActivityManager: Start proc 907:com.android.systemui/u0a52 for service {com.android.systemui/com.android.systemui.wallpapers.ImageWallpaper}
06-20 13:36:11.497 688 720 W ActivityManager: Slow operation: 61ms so far, now at startProcess: starting to update pids map
06-20 13:36:11.502 688 720 W ActivityManager: Slow operation: 67ms so far, now at startProcess: done updating pids map
06-20 13:36:11.524 0 0 W : [2 T496 ..] [aml_rps_map_set 46] set rps_cpus as [0]
06-20 13:36:11.524 0 0 W : [2 T496 ..] [aml_rps_map_set 46] set rps_cpus as [0]
06-20 13:36:11.528 0 0 W : [2 T496 ..] [aml_rps_map_set 46] set rps_cpus as [0]
06-20 13:36:11.528 0 0 W : [2 T496 ..] [aml_rps_map_set 46] set rps_cpus as [0]
06-20 13:36:11.529 0 0 I : [2 T496 ..] new interface create p2p0 success
06-20 13:36:11.533 0 0 W : [0 T496 ..] [aml_interface_add 1454] vif index=2, type=2
06-20 13:36:11.533 0 0 W : [0 T496 ..] set_scan_hang, flag:0, [aml_interface_add 1494]
06-20 13:36:11.540 688 846 D HDMI : Process pid:688 is calling addHotplugEventListener
06-20 13:36:11.541 688 843 W BroadcastLoopers: Found previously unknown looper Thread[AudioDeviceBroker,5,main]
06-20 13:36:11.571 688 688 V SystemServerTiming: Permission_synchronize_addPackages-0 took to complete: 76ms
06-20 13:36:11.571 688 688 D SystemServerTiming: Permission_syncPackages-0
06-20 13:36:11.572 688 688 V SystemServerTiming: Permission_syncPackages-0 took to complete: 0ms
06-20 13:36:11.573 688 688 V SystemServerTiming: Permission_synchronize_permissions-0 took to complete: 79ms
06-20 13:36:11.573 688 688 D SystemServerTiming: Permission_onInitialized-0
06-20 13:36:11.573 688 688 I PermissionManager: Permission ownership changed. Updating all permissions.
06-20 13:36:11.574 688 688 W PermissionManager: Package com.android.adservices.api is an APK in APEX, but has permission allowlist on the system image. Please bundle the allowlist in the com.android.adservices APEX instead.
06-20 13:36:11.586 688 769 E NativeTombstoneManager: Tombstone's UID (0) not an app, ignoring
06-20 13:36:11.626 0 0 W : [3 T496 ..] [aml_rps_map_set 46] set rps_cpus as [0]
06-20 13:36:11.626 0 0 W : [3 T496 ..] [aml_rps_map_set 46] set rps_cpus as [0]
06-20 13:36:11.627 0 0 W : [3 T496 ..] [aml_rps_map_set 46] set rps_cpus as [0]
06-20 13:36:11.628 0 0 W : [3 T496 ..] [aml_rps_map_set 46] set rps_cpus as [0]
06-20 13:36:11.629 0 0 I : [3 T496 ..] new interface create ap0 success
06-20 13:36:11.629 0 0 W : [3 T496 ..] >>> aml_send_msg()
06-20 13:36:11.633 0 0 W : [1 T895 ..] ipc_sdio_host_msgack_handler 000000007331fcb5
06-20 13:36:11.633 0 0 W : [1 T895 ..] [aml_msgackind 2039] msg ack hostid=0xffffff8046f3d300
06-20 13:36:11.634 0 0 W : [1 T895 ..] [cmd_mgr_llind 329] cmd tkn[11] flags:0008 result: -4 cmd: 105-MM_SUB_SET_TEMP_START - reqcfm(1023-none)
06-20 13:36:11.635 0 0 W : [1 T895 ..] [cmd_complete 65] cmd tkn[11] flags:0000 result: -4 cmd: 105-MM_SUB_SET_TEMP_START - reqcfm(1023-none)
06-20 13:36:11.637 0 0 W : [1 T496 ..] [aml_log_nl_init 1183] aml trace netlink init OK!
06-20 13:36:11.637 688 703 D GameManagerService: User ID '0' does not have a Game Mode selected for package: 'com.android.systemui'
06-20 13:36:11.637 471 496 I android.hardware.wifi-service.droidlogic: check loading wifi driver is ok...
06-20 13:36:11.638 471 496 W android.hardware.wifi-service.droidlogic: driver loaded
06-20 13:36:11.638 688 703 D CompatibilityChangeReporter: Compat change id reported: 168419799; UID 10052; state: DISABLED
06-20 13:36:11.638 688 703 D CompatibilityChangeReporter: Compat change id reported: 273564678; UID 10052; state: DISABLED
06-20 13:36:11.641 471 496 I android.hardware.wifi-service.droidlogic: After driver loaded, wifi_name:aml_w2_s
06-20 13:36:11.642 471 496 I android.hardware.wifi-service.droidlogic: Even /data/vendor/wifi/wpa/wpa_supplicant.conf exists, still overwrite it.
06-20 13:36:11.642 471 496 I android.hardware.wifi-service.droidlogic: Migrated conf file from /vendor/etc/wifi/unbcm_supplicant.conf to /data/vendor/wifi/wpa/wpa_supplicant.conf: Operation not permitted
06-20 13:36:11.643 471 496 I android.hardware.wifi-service.droidlogic: Even /data/vendor/wifi/wpa/p2p_supplicant.conf exists, still overwrite it.
06-20 13:36:11.643 471 496 I android.hardware.wifi-service.droidlogic: Migrated conf file from /vendor/etc/wifi/p2p_supplicant.conf to /data/vendor/wifi/wpa/p2p_supplicant.conf: Read-only file system
06-20 13:36:11.643 471 496 I android.hardware.wifi-service.droidlogic: no bcm and uwe wifi ,need use p2p0 with p2p interface
06-20 13:36:11.644 471 496 I android.hardware.wifi-service.droidlogic: Wifi HAL started
06-20 13:36:11.659 688 763 D CompatibilityChangeReporter: Compat change id reported: 265195908; UID 10052; state: ENABLED
06-20 13:36:11.670 471 496 W android.hardware.wifi-service.droidlogic: No active wlan interfaces in use! Using default
06-20 13:36:11.670 471 496 E android.hardware.wifi-service.droidlogic: Unknown iface name: wlan0
06-20 13:36:11.670 471 496 E android.hardware.wifi-service.droidlogic: Unknown iface name: wlan0
06-20 13:36:11.671 688 754 D CompatibilityChangeReporter: Compat change id reported: 170503758; UID 10052; state: ENABLED
06-20 13:36:11.678 471 496 W android.hardware.wifi-service.droidlogic: No active wlan interfaces in use! Using default
06-20 13:36:11.678 471 496 E android.hardware.wifi-service.droidlogic: Unknown iface name: wlan0
06-20 13:36:11.678 471 496 E android.hardware.wifi-service.droidlogic: Unknown iface name: wlan0
06-20 13:36:11.698 688 846 D AudioService: No vibrator found
06-20 13:36:11.695 0 0 W : [0 T496 ..] >>> aml_open()
06-20 13:36:11.695 0 0 W : [0 T496 ..] [recy_dbg][aml_recy_flags_set 57] set flags(0x200), new flags(0x200)
06-20 13:36:11.695 0 0 W : [0 T496 ..] >>> aml_send_start()
06-20 13:36:11.696 0 0 W : [0 T496 ..] >>> aml_send_msg()
06-20 13:36:11.697 0 0 W : [1 T895 ..] ipc_sdio_host_msgack_handler 00000000e8c9bf87
06-20 13:36:11.698 0 0 W : [1 T895 ..] [aml_msgackind 2039] msg ack hostid=0xffffff800d9ef300
06-20 13:36:11.698 0 0 W : [1 T895 ..] [cmd_mgr_llind 329] cmd tkn[12] flags:001a result: -4 cmd: 2-MM_START_REQ - reqcfm( 3-MM_START_CFM)
06-20 13:36:11.701 0 0 W : [1 T895 ..] [cmd_mgr_msgind 409] cmd tkn[12] flags:0012 result: -4 cmd: 2-MM_START_REQ - reqcfm( 3-MM_START_CFM)
06-20 13:36:11.702 0 0 W : [1 T895 ..] [cmd_complete 65] cmd tkn[12] flags:0002 result: -4 cmd: 2-MM_START_REQ - reqcfm( 3-MM_START_CFM)
06-20 13:36:11.704 0 0 W : [2 T496 ..] >>> aml_send_add_if()
06-20 13:36:11.704 0 0 W : [2 T496 ..] >>> aml_send_msg()
06-20 13:36:11.705 0 0 W : [1 T895 ..] ipc_sdio_host_msgack_handler 0000000018dbc9f2
06-20 13:36:11.705 0 0 W : [1 T895 ..] [aml_msgackind 2039] msg ack hostid=0xffffff804923bb80
06-20 13:36:11.706 0 0 W : [1 T895 ..] [cmd_mgr_llind 329] cmd tkn[13] flags:001a result: -4 cmd: 6-MM_ADD_IF_REQ - reqcfm( 7-MM_ADD_IF_CFM)
06-20 13:36:11.708 0 0 W : [1 T895 ..] [cmd_mgr_msgind 409] cmd tkn[13] flags:0012 result: -4 cmd: 6-MM_ADD_IF_REQ - reqcfm( 7-MM_ADD_IF_CFM)
06-20 13:36:11.710 0 0 W : [1 T895 ..] [cmd_complete 65] cmd tkn[13] flags:0002 result: -4 cmd: 6-MM_ADD_IF_REQ - reqcfm( 7-MM_ADD_IF_CFM)
06-20 13:36:11.712 0 0 W : [2 T496 ..] [aml_open 1102] vif_idx=0, type=2, name=wlan0 sta_mode=1
06-20 13:36:11.712 0 0 W : [2 T496 ..] >>> aml_send_msg()
06-20 13:36:11.718 0 0 W : [1 T895 ..] ipc_sdio_host_msgack_handler 0000000018dbc9f2
06-20 13:36:11.718 0 0 W : [1 T895 ..] [aml_msgackind 2039] msg ack hostid=0xffffff804923bb80
06-20 13:36:11.719 0 0 W : [1 T895 ..] [cmd_mgr_llind 329] cmd tkn[14] flags:001a result: -4 cmd: 105-MM_SUB_READ_EFUSE - reqcfm(16391-unknown)
06-20 13:36:11.721 0 0 W : [1 T895 ..] [cmd_mgr_msgind 409] cmd tkn[14] flags:0012 result: -4 cmd: 105-MM_SUB_READ_EFUSE - reqcfm(16391-unknown)
06-20 13:36:11.722 0 0 W : [1 T895 ..] [cmd_complete 65] cmd tkn[14] flags:0002 result: -4 cmd: 105-MM_SUB_READ_EFUSE - reqcfm(16391-unknown)
06-20 13:36:11.724 0 0 W [1 T496 ..] read_efuse: value = 6401b8e
06-20 13:36:11.724 0 0 W : [1 T496 ..] >>> aml_send_msg()
06-20 13:36:11.725 0 0 W : [1 T895 ..] fmac efuse read: address:0x0 value:0x6401B8E
06-20 13:36:11.725 0 0 W : [1 T895 ..] ipc_sdio_host_msgack_handler 00000000eac54641
06-20 13:36:11.726 0 0 W : [1 T895 ..] [aml_msgackind 2039] msg ack hostid=0xffffff8047d3b080
06-20 13:36:11.727 0 0 W : [1 T895 ..] [cmd_mgr_llind 329] cmd tkn[15] flags:001a result: -4 cmd: 105-MM_SUB_READ_EFUSE - reqcfm(16391-unknown)
06-20 13:36:11.729 0 0 W : [1 T895 ..] [cmd_mgr_msgind 409] cmd tkn[15] flags:0012 result: -4 cmd: 105-MM_SUB_READ_EFUSE - reqcfm(16391-unknown)
06-20 13:36:11.731 0 0 W : [1 T895 ..] [cmd_complete 65] cmd tkn[15] flags:0002 result: -4 cmd: 105-MM_SUB_READ_EFUSE - reqcfm(16391-unknown)
06-20 13:36:11.732 0 0 W [0 T496 ..] read_efuse: value = 632
06-20 13:36:11.733 0 0 W : [0 T496 ..] >>> aml_send_msg()
06-20 13:36:11.733 0 0 W : [1 T895 ..] fmac efuse read: address:0xF value:0x632
06-20 13:36:11.734 0 0 W : [1 T895 ..] ipc_sdio_host_msgack_handler 00000000975b446b
06-20 13:36:11.735 0 0 W : [1 T895 ..] [aml_msgackind 2039] msg ack hostid=0xffffff80207dd480
06-20 13:36:11.736 0 0 W : [1 T895 ..] [cmd_mgr_llind 329] cmd tkn[16] flags:001a result: -4 cmd: 105-MM_SUB_READ_EFUSE - reqcfm(16391-unknown)
06-20 13:36:11.744 0 0 W : [1 T895 ..] [cmd_mgr_msgind 409] cmd tkn[16] flags:0012 result: -4 cmd: 105-MM_SUB_READ_EFUSE - reqcfm(16391-unknown)
06-20 13:36:11.745 0 0 W : [1 T895 ..] [cmd_complete 65] cmd tkn[16] flags:0002 result: -4 cmd: 105-MM_SUB_READ_EFUSE - reqcfm(16391-unknown)
06-20 13:36:11.747 0 0 W [0 T496 ..] read_efuse: value = 1ffff
06-20 13:36:11.747 0 0 W : [1 T895 ..] fmac efuse read: address:0x7 value:0x1FFFF
06-20 13:36:11.747 0 0 W : [0 T496 ..] aml_sdio mmc1:0000:7: Direct firmware load for aml_w2_rf_0640_0632.txt failed with error -2
06-20 13:36:11.750 0 0 W : [0 T496 ..] [aml_get_cali_param 5865] vendor customized aml_w2_rf_0640_0632.txt not existed, use default
06-20 13:36:11.769 0 0 W : [0 T496 ..] ======>>>>>> version = 18
06-20 13:36:11.771 0 0 W : [0 T496 ..] ======>>>>>> cali_config = 0
06-20 13:36:11.774 0 0 W : [0 T496 ..] ======>>>>>> freq_offset = 0
06-20 13:36:11.774 0 0 W : [0 T496 ..] ======>>>>>> htemp_freq_offset = 20
06-20 13:36:11.775 0 0 W : [0 T496 ..] ======>>>>>> tssi_2g_offset = 0xa
06-20 13:36:11.776 0 0 W : [0 T496 ..] ======>>>>>> tssi_5g_offset_5200 = 0xf4
06-20 13:36:11.776 0 0 W : [0 T496 ..] ======>>>>>> tssi_5g_offset_5400 = 0xf0
06-20 13:36:11.777 0 0 W : [0 T496 ..] ======>>>>>> tssi_5g_offset_5600 = 0xfc
06-20 13:36:11.778 0 0 W : [0 T496 ..] ======>>>>>> tssi_5g_offset_5800 = 0x4
06-20 13:36:11.779 0 0 W : [0 T496 ..] ======>>>>>> wf2g_spur_rmen = 0
06-20 13:36:11.779 0 0 W : [0 T496 ..] ======>>>>>> spur_freq = 24478
06-20 13:36:11.780 0 0 W : [0 T496 ..] ======>>>>>> rf_count = 2
06-20 13:36:11.790 0 0 W : [0 T496 ..] ======>>>>>> cw2mod = fe
06-20 13:36:11.791 0 0 W : [0 T496 ..] ======>>>>>> wf2g_he20_tpwr = 19
06-20 13:36:11.791 0 0 W : [0 T496 ..] ======>>>>>> wf2g_he40_tpwr = 20
06-20 13:36:11.792 0 0 W : [0 T496 ..] ======>>>>>> wf5g_he20_tpwr_h = 15
06-20 13:36:11.794 0 0 W : [0 T496 ..] ======>>>>>> wf5g_he40_tpwr_h = 15
06-20 13:36:11.794 0 0 W : [0 T496 ..] ======>>>>>> wf5g_he80_tpwr_h = 14
06-20 13:36:11.795 0 0 W : [0 T496 ..] ======>>>>>> customer_efuse_en = 0x1
06-20 13:36:11.804 0 0 W : [0 T496 ..] ======>>>>>> FT_efuse_en = 0x1
06-20 13:36:11.804 0 0 W : [0 T496 ..] >>> aml_send_msg()
06-20 13:36:11.799 688 688 W PermissionManager: Package com.android.providers.media.module is an APK in APEX, but has permission allowlist on the system image. Please bundle the allowlist in the com.android.mediaprovider APEX instead.
06-20 13:36:11.799 688 688 W PermissionManager: Package com.android.providers.media.module is an APK in APEX, but has permission allowlist on the system image. Please bundle the allowlist in the com.android.mediaprovider APEX instead.
06-20 13:36:11.800 688 688 W PermissionManager: Package com.android.providers.media.module is an APK in APEX, but has permission allowlist on the system image. Please bundle the allowlist in the com.android.mediaprovider APEX instead.
06-20 13:36:11.805 0 0 W : [1 T895 ..] ipc_sdio_host_msgack_handler 00000000a2a4e60e
06-20 13:36:11.805 0 0 W : [1 T895 ..] [aml_msgackind 2039] msg ack hostid=0xffffff8047c16380
06-20 13:36:11.806 0 0 W : [1 T895 ..] [cmd_mgr_llind 329] cmd tkn[17] flags:0008 result: -4 cmd: 105-MM_SUB_SET_CALI_REQ - reqcfm( 0-none)
06-20 13:36:11.807 0 0 W : [1 T895 ..] [cmd_complete 65] cmd tkn[17] flags:0000 result: -4 cmd: 105-MM_SUB_SET_CALI_REQ - reqcfm( 0-none)
06-20 13:36:11.809 0 0 W : [0 T496 ..] [aml_config_cali_param 5907] set calibration parameter success
06-20 13:36:11.809 0 0 W : [0 T496 ..] [recy_dbg][aml_recy_flags_clr 63] clr flags(0x200), new flags(0x0)
06-20 13:36:11.811 0 0 W : [0 T496 ..] >>> aml_cfg80211_set_power_mgmt()
06-20 13:36:11.812 0 0 W : [0 T496 ..] [aml_send_me_set_ps_mode 2111] set power save mode:0
06-20 13:36:11.812 0 0 W : [0 T496 ..] >>> aml_send_msg()
06-20 13:36:11.802 688 688 W PermissionManager: Package com.android.providers.media.module is an APK in APEX, but has permission allowlist on the system image. Please bundle the allowlist in the com.android.mediaprovider APEX instead.
06-20 13:36:11.802 688 688 W PermissionManager: Package com.android.providers.media.module is an APK in APEX, but has permission allowlist on the system image. Please bundle the allowlist in the com.android.mediaprovider APEX instead.
06-20 13:36:11.803 688 688 W PermissionManager: Package com.android.providers.media.module is an APK in APEX, but has permission allowlist on the system image. Please bundle the allowlist in the com.android.mediaprovider APEX instead.
06-20 13:36:11.803 688 688 W PermissionManager: Package com.android.providers.media.module is an APK in APEX, but has permission allowlist on the system image. Please bundle the allowlist in the com.android.mediaprovider APEX instead.
06-20 13:36:11.803 688 688 W PermissionManager: Package com.android.providers.media.module is an APK in APEX, but has permission allowlist on the system image. Please bundle the allowlist in the com.android.mediaprovider APEX instead.
06-20 13:36:11.803 688 688 W PermissionManager: Package com.android.providers.media.module is an APK in APEX, but has permission allowlist on the system image. Please bundle the allowlist in the com.android.mediaprovider APEX instead.
06-20 13:36:11.803 688 688 W PermissionManager: Package com.android.providers.media.module is an APK in APEX, but has permission allowlist on the system image. Please bundle the allowlist in the com.android.mediaprovider APEX instead.
06-20 13:36:11.803 688 688 W PermissionManager: Package com.android.providers.media.module is an APK in APEX, but has permission allowlist on the system image. Please bundle the allowlist in the com.android.mediaprovider APEX instead.
06-20 13:36:11.803 688 688 W PermissionManager: Package com.android.providers.media.module is an APK in APEX, but has permission allowlist on the system image. Please bundle the allowlist in the com.android.mediaprovider APEX instead.
06-20 13:36:11.803 688 688 W PermissionManager: Package com.android.providers.media.module is an APK in APEX, but has permission allowlist on the system image. Please bundle the allowlist in the com.android.mediaprovider APEX instead.
06-20 13:36:11.816 0 0 W : [1 T895 ..] ipc_sdio_host_msgack_handler 00000000c9f12af5
06-20 13:36:11.816 0 0 W : [1 T895 ..] [aml_msgackind 2039] msg ack hostid=0xffffff8047c16580
06-20 13:36:11.817 0 0 W : [1 T895 ..] [cmd_mgr_llind 329] cmd tkn[18] flags:001a result: -4 cmd:5139-ME_SET_PS_MODE_REQ - reqcfm(5140-ME_SET_PS_MODE_CFM)
06-20 13:36:11.819 0 0 W : [1 T895 ..] [cmd_mgr_msgind 409] cmd tkn[18] flags:0012 result: -4 cmd:5139-ME_SET_PS_MODE_REQ - reqcfm(5140-ME_SET_PS_MODE_CFM)
06-20 13:36:11.820 0 0 W : [1 T895 ..] [cmd_complete 65] cmd tkn[18] flags:0002 result: -4 cmd:5139-ME_SET_PS_MODE_REQ - reqcfm(5140-ME_SET_PS_MODE_CFM)
06-20 13:36:11.811 471 496 I android.hardware.wifi-service.droidlogic: Adding interface handle for p2p0
06-20 13:36:11.811 471 496 I android.hardware.wifi-service.droidlogic: Adding interface handle for ap0
06-20 13:36:11.811 471 496 I android.hardware.wifi-service.droidlogic: Adding interface handle for wlan0
06-20 13:36:11.811 471 496 W android.hardware.wifi-service.droidlogic: No active wlan interfaces in use! Using default
06-20 13:36:11.811 471 496 E android.hardware.wifi-service.droidlogic: Failed to register radio mode change callback
06-20 13:36:11.811 471 496 W android.hardware.wifi-service.droidlogic: No active wlan interfaces in use! Using default
06-20 13:36:11.814 471 496 E android.hardware.wifi-service.droidlogic: Failed to get SupportedIfaceCombinations matrix from legacy HAL: NOT_SUPPORTED
06-20 13:36:11.814 471 496 I android.hardware.wifi-service.droidlogic: Configured chip in mode 3
06-20 13:36:11.814 471 496 W android.hardware.wifi-service.droidlogic: No active wlan interfaces in use! Using default
06-20 13:36:11.819 471 496 W android.hardware.wifi-service.droidlogic: No active wlan interfaces in use! Using default
06-20 13:36:11.820 688 688 V SystemServerTiming: Permission_onInitialized-0 took to complete: 246ms
06-20 13:36:11.821 688 688 W SystemServiceManager: Service com.android.server.policy.PermissionPolicyService took 326 ms in onBootPhase
06-20 13:36:11.821 688 688 V SystemServerTiming: OnBootPhase_550_com.android.server.policy.PermissionPolicyService took to complete: 326ms
06-20 13:36:11.821 688 688 D SystemServerTiming: OnBootPhase_550_com.android.server.pm.StagingManager$Lifecycle
06-20 13:36:11.821 688 688 V SystemServerTiming: OnBootPhase_550_com.android.server.pm.StagingManager$Lifecycle took to complete: 0ms
06-20 13:36:11.821 688 688 D SystemServerTiming: OnBootPhase_550_com.android.server.app.GameManagerService$Lifecycle
06-20 13:36:11.821 688 688 V SystemServerTiming: OnBootPhase_550_com.android.server.app.GameManagerService$Lifecycle took to complete: 0ms
06-20 13:36:11.821 688 688 D SystemServerTiming: OnBootPhase_550_com.android.safetycenter.SafetyCenterService
06-20 13:36:11.821 688 688 V SystemServerTiming: OnBootPhase_550_com.android.safetycenter.SafetyCenterService took to complete: 0ms
06-20 13:36:11.821 688 688 D SystemServerTiming: OnBootPhase_550_com.android.server.appsearch.AppSearchModule$Lifecycle
06-20 13:36:11.821 688 688 V SystemServerTiming: OnBootPhase_550_com.android.server.appsearch.AppSearchModule$Lifecycle took to complete: 0ms
06-20 13:36:11.821 688 688 D SystemServerTiming: OnBootPhase_550_com.android.server.media.MediaCommunicationService
06-20 13:36:11.821 688 688 V SystemServerTiming: OnBootPhase_550_com.android.server.media.MediaCommunicationService took to complete: 0ms
06-20 13:36:11.821 688 688 D SystemServerTiming: OnBootPhase_550_com.android.server.compat.overrides.AppCompatOverridesService$Lifecycle
06-20 13:36:11.821 688 688 V SystemServerTiming: OnBootPhase_550_com.android.server.compat.overrides.AppCompatOverridesService$Lifecycle took to complete: 0ms
06-20 13:36:11.821 688 688 D SystemServerTiming: OnBootPhase_550_com.android.server.healthconnect.HealthConnectManagerService
06-20 13:36:11.821 688 688 V SystemServerTiming: OnBootPhase_550_com.android.server.healthconnect.HealthConnectManagerService took to complete: 0ms
06-20 13:36:11.821 688 688 D SystemServerTiming: OnBootPhase_550_com.android.server.devicelock.DeviceLockService
06-20 13:36:11.821 688 688 D DeviceLockService: onBootPhase: 550
06-20 13:36:11.821 688 688 V SystemServerTiming: OnBootPhase_550_com.android.server.devicelock.DeviceLockService took to complete: 0ms
06-20 13:36:11.821 688 688 V SystemServerTiming: OnBootPhase_550 took to complete: 589ms
06-20 13:36:11.821 688 688 V SystemServerTiming: StartActivityManagerReadyPhase took to complete: 590ms
06-20 13:36:11.821 688 688 D SystemServerTiming: StartObservingNativeCrashes
06-20 13:36:11.822 688 688 V SystemServerTiming: StartObservingNativeCrashes took to complete: 0ms
06-20 13:36:11.822 688 688 D SystemServerTiming: RegisterAppOpsPolicy
06-20 13:36:11.826 688 688 V SystemServerTiming: RegisterAppOpsPolicy took to complete: 5ms
06-20 13:36:11.827 688 688 D SystemServerTiming: MakeNetworkManagementServiceReady
06-20 13:36:11.829 688 776 D SystemServerTimingAsync: InitThreadPoolExec:WebViewFactoryPreparation
06-20 13:36:11.829 688 776 D SystemServerInitThreadPool: Started executing WebViewFactoryPreparation
06-20 13:36:11.829 688 776 I SystemServer: WebViewFactoryPreparation
06-20 13:36:11.829 688 776 D SystemServerTimingAsync: WebViewFactoryPreparation
06-20 13:36:11.837 688 776 I ActivityManager: android is exempt from freezer
06-20 13:36:11.839 688 776 D CompatibilityChangeReporter: Compat change id reported: 135634846; UID 1000; state: DISABLED
06-20 13:36:11.839 688 776 D CompatibilityChangeReporter: Compat change id reported: 177438394; UID 1000; state: DISABLED
06-20 13:36:11.840 688 776 D CompatibilityChangeReporter: Compat change id reported: 135772972; UID 1000; state: DISABLED
06-20 13:36:11.840 688 776 D CompatibilityChangeReporter: Compat change id reported: 178038272; UID 1000; state: DISABLED
06-20 13:36:11.843 471 496 I android.hardware.wifi-service.droidlogic: Adding interface handle for p2p0
06-20 13:36:11.843 471 496 I android.hardware.wifi-service.droidlogic: Adding interface handle for ap0
06-20 13:36:11.843 471 496 I android.hardware.wifi-service.droidlogic: Adding interface handle for wlan0
06-20 13:36:11.845 688 776 V SystemServerTimingAsync: WebViewFactoryPreparation took to complete: 16ms
06-20 13:36:11.848 471 496 E android.hardware.wifi-service.droidlogic: Failed to set DFS flag; DFS channels may be unavailable.
