06-20 13:36:17.262 688 702 V SystemServerTiming: hasUserRestriction-DISALLOW_USER_SWITCH took to complete: 0ms
06-20 13:36:17.262 688 702 D SystemServerTiming: getInt-ALLOW_USER_SWITCHING_WHEN_SYSTEM_USER_LOCKED
06-20 13:36:17.262 688 702 V SystemServerTiming: getInt-ALLOW_USER_SWITCHING_WHEN_SYSTEM_USER_LOCKED took to complete: 1ms
06-20 13:36:17.262 688 702 D SystemServerTiming: isUserUnlocked-USER_SYSTEM
06-20 13:36:17.262 688 702 V SystemServerTiming: isUserUnlocked-USER_SYSTEM took to complete: 0ms
06-20 13:36:17.262 688 702 V SystemServerTiming: getUserSwitchability-0 took to complete: 1ms
06-20 13:36:17.263 688 702 D SystemServerTiming: getUserSwitchability-0
06-20 13:36:17.263 688 702 D SystemServerTiming: TM.isInCall
06-20 13:36:17.264 688 702 V SystemServerTiming: TM.isInCall took to complete: 0ms
06-20 13:36:17.264 688 702 D SystemServerTiming: hasUserRestriction-DISALLOW_USER_SWITCH
06-20 13:36:17.264 688 702 V SystemServerTiming: hasUserRestriction-DISALLOW_USER_SWITCH took to complete: 0ms
06-20 13:36:17.264 688 702 D SystemServerTiming: getInt-ALLOW_USER_SWITCHING_WHEN_SYSTEM_USER_LOCKED
06-20 13:36:17.264 688 702 V SystemServerTiming: getInt-ALLOW_USER_SWITCHING_WHEN_SYSTEM_USER_LOCKED took to complete: 1ms
06-20 13:36:17.264 688 702 D SystemServerTiming: isUserUnlocked-USER_SYSTEM
06-20 13:36:17.264 688 702 V SystemServerTiming: isUserUnlocked-USER_SYSTEM took to complete: 0ms
06-20 13:36:17.264 688 702 V SystemServerTiming: getUserSwitchability-0 took to complete: 1ms
06-20 13:36:17.268 688 718 I UsageStatsService: User[0] Flushing usage stats to disk
06-20 13:36:17.272 688 720 W ActivityManager: Slow operation: 105ms so far, now at startProcess: returned from zygote!
06-20 13:36:17.273 688 720 W ActivityManager: Slow operation: 105ms so far, now at startProcess: done updating battery stats
06-20 13:36:17.273 688 720 W ActivityManager: Slow operation: 105ms so far, now at startProcess: building log message
06-20 13:36:17.273 688 720 I ActivityManager: Start proc 1425:com.oranth.ledstatus/1000 for broadcast {com.oranth.ledstatus/com.oranth.ledstatus.BootCompletedReceiver}
06-20 13:36:17.273 688 720 W ActivityManager: Slow operation: 105ms so far, now at startProcess: starting to update pids map
06-20 13:36:17.273 688 720 W ActivityManager: Slow operation: 106ms so far, now at startProcess: done updating pids map
06-20 13:36:17.293 688 856 I BackupManagerService: isBackupEnabled() => false due to absent settings file
06-20 13:36:17.293 688 856 D BackupManagerService: user:0 readBackupEnableState enabled:false
06-20 13:36:17.294 688 856 I BackupManagerService: [UserID:0] Backup enabled => false
06-20 13:36:17.324 688 905 D CompatibilityChangeReporter: Compat change id reported: 170503758; UID 10048; state: DISABLED
06-20 13:36:17.325 688 720 W ActivityManager: Slow operation: 85ms so far, now at startProcess: returned from zygote!
06-20 13:36:17.326 688 720 W ActivityManager: Slow operation: 86ms so far, now at startProcess: done updating battery stats
06-20 13:36:17.327 688 720 W ActivityManager: Slow operation: 86ms so far, now at startProcess: building log message
06-20 13:36:17.327 688 720 I ActivityManager: Start proc 1434:com.android.keychain/1000 for service {com.android.keychain/com.android.keychain.KeyChainService}
06-20 13:36:17.327 688 720 W ActivityManager: Slow operation: 86ms so far, now at startProcess: starting to update pids map
06-20 13:36:17.327 688 720 W ActivityManager: Slow operation: 87ms so far, now at startProcess: done updating pids map
06-20 13:36:17.350 688 921 I MediaSessionStack: addSession to bottom of stack | record: com.android.bluetooth/BluetoothMediaBrowserService (userId=0)
06-20 13:36:17.351 688 688 W Looper : Slow dispatch took 217ms main h=android.app.ActivityThread$H c=android.app.LoadedApk$ReceiverDispatcher$Args$$ExternalSyntheticLambda0@62ff59 m=0
06-20 13:36:17.355 688 763 D CompatibilityChangeReporter: Compat change id reported: 265195908; UID 10063; state: ENABLED
06-20 13:36:17.358 688 763 D CompatibilityChangeReporter: Compat change id reported: 265195908; UID 10048; state: ENABLED
06-20 13:36:17.378 688 905 D CompatibilityChangeReporter: Compat change id reported: 168419799; UID 1000; state: DISABLED
06-20 13:36:17.379 688 905 D CompatibilityChangeReporter: Compat change id reported: 273564678; UID 1000; state: DISABLED
06-20 13:36:17.384 688 1356 V BackupManagerConstants: getKeyValueBackupIntervalMilliseconds(...) returns 14400000
06-20 13:36:17.384 688 1356 V BackupManagerConstants: getKeyValueBackupFuzzMilliseconds(...) returns 600000
06-20 13:36:17.384 688 1356 V BackupManagerConstants: getKeyValueBackupRequiredNetworkType(...) returns 1
06-20 13:36:17.384 688 1356 V BackupManagerConstants: getKeyValueBackupRequireCharging(...) returns true
06-20 13:36:17.384 688 1356 V KeyValueBackupJob: Scheduling k/v pass in 246 minutes
06-20 13:36:17.389 688 905 D CompatibilityChangeReporter: Compat change id reported: 168419799; UID 1000; state: DISABLED
06-20 13:36:17.390 688 905 D CompatibilityChangeReporter: Compat change id reported: 273564678; UID 1000; state: DISABLED
06-20 13:36:17.430 688 688 W Looper : Slow delivery took 399ms main h=android.app.ActivityThread$H c=android.app.LoadedApk$ReceiverDispatcher$Args$$ExternalSyntheticLambda0@1f72ea6 m=0
06-20 13:36:17.431 688 688 V NotificationAssistants: 0 notification assistant service connected: ComponentInfo{android.ext.services/android.ext.services.notification.Assistant}
06-20 13:36:17.468 688 894 I SyncManager: Loaded persisted syncs: 0 periodic syncs, 0 oneshot syncs, 0 total system server jobs, JobStats: FirstLoad: 5/3/0 LastSave: -1/-1/-1
06-20 13:36:17.476 688 905 W StorageManagerService: Reporting emulated;0 unmounted due to system locked
06-20 13:36:17.479 688 688 W Looper : Drained
06-20 13:36:17.509 688 905 V WindowManager: app ------------- force_land :0
06-20 13:36:17.520 688 905 W StorageManagerService: Reporting emulated;0 unmounted due to system locked
06-20 13:36:17.524 688 905 I MediaSessionStack: addSession to bottom of stack | record: com.android.music/MediaPlaybackService (userId=0)
06-20 13:36:17.568 0 0 I [0 T414 ..] AidlLazyServiceRegistrar: Process has 0 (of 1 available) client(s) in use after notification apexservice has clients: 0
06-20 13:36:17.569 0 0 I [0 T414 ..] AidlLazyServiceRegistrar: Shutdown prevented by forcePersist override flag.
06-20 13:36:17.564 688 702 D CompatibilityChangeReporter: Compat change id reported: 261072174; UID 10052; state: ENABLED
06-20 13:36:17.610 688 719 I ActivityManager: com.oranth.storage is exempt from freezer
06-20 13:36:17.611 688 719 D CompatibilityChangeReporter: Compat change id reported: 135634846; UID 1000; state: DISABLED
06-20 13:36:17.627 688 720 I ActivityManager: Start proc 1478:com.oranth.storage/1000 for broadcast {com.oranth.storage/com.oranth.storage.BootCompletedReceiver}
06-20 13:36:17.652 1425 1425 W ContextImpl: Calling a method in the system process without a qualified user: android.app.ContextImpl.startService:1899 android.content.ContextWrapper.startService:825 android.content.ContextWrapper.startService:825 com.oranth.ledstatus.BootCompletedReceiver.onReceive:15 android.app.ActivityThread.handleReceiver:4494
06-20 13:36:17.732 688 702 D CompatibilityChangeReporter: Compat change id reported: 168419799; UID 1000; state: DISABLED
06-20 13:36:17.733 688 702 D CompatibilityChangeReporter: Compat change id reported: 273564678; UID 1000; state: DISABLED
06-20 13:36:17.793 688 702 D CompatibilityChangeReporter: Compat change id reported: 161145287; UID 10063; state: ENABLED
06-20 13:36:17.840 688 1359 I StorageUserConnection: Service: [ComponentInfo{com.android.providers.media.module/com.android.providers.media.fuse.ExternalStorageServiceImpl}] connected. User [0]
06-20 13:36:17.857 688 905 W StorageManagerService: Reporting emulated;0 unmounted due to system locked
06-20 13:36:17.862 688 905 W StorageManagerService: Reporting emulated;0 unmounted due to system locked
06-20 13:36:17.868 688 905 W StorageManagerService: Reporting emulated;0 unmounted due to system locked
06-20 13:36:17.870 688 905 W StorageManagerService: Reporting emulated;0 unmounted due to system locked
06-20 13:36:17.876 688 905 W StorageManagerService: Reporting emulated;0 unmounted due to system locked
06-20 13:36:17.881 688 702 W StorageManagerService: Reporting emulated;0 unmounted due to system locked
06-20 13:36:17.882 688 905 D CompatibilityChangeReporter: Compat change id reported: 149924527; UID 1000; state: ENABLED
06-20 13:36:17.883 688 905 D CompatibilityChangeReporter: Compat change id reported: 132649864; UID 1000; state: DISABLED
06-20 13:36:17.885 688 702 W StorageManagerService: Reporting emulated;0 unmounted due to system locked
06-20 13:36:17.888 688 702 W StorageManagerService: Reporting emulated;0 unmounted due to system locked
06-20 13:36:17.895 688 921 W StorageManagerService: Reporting emulated;0 unmounted due to system locked
06-20 13:36:17.896 688 921 W StorageManagerService: Reporting emulated;0 unmounted due to system locked
06-20 13:36:17.897 688 905 W StorageManagerService: Reporting emulated;0 unmounted due to system locked
06-20 13:36:17.898 688 921 W StorageManagerService: Reporting emulated;0 unmounted due to system locked
06-20 13:36:17.970 688 921 W StorageManagerService: Reporting emulated;0 unmounted due to system locked
06-20 13:36:17.974 688 921 W StorageManagerService: Reporting emulated;0 unmounted due to system locked
06-20 13:36:17.975 1362 1362 W ContextImpl: Calling a method in the system process without a qualified user: android.app.ContextImpl.startService:1899 android.content.ContextWrapper.startService:825 com.dangbei.lerad.etna.core.EtnaManager.startService:64 com.dangbei.lerad.etna.core.EtnaManager.init:39 com.dangbei.lerad.etna.haqu.EtnaApplication.init:87
06-20 13:36:17.979 1362 1362 W ContextImpl: Calling a method in the system process without a qualified user: android.app.ContextImpl.startService:1899 android.content.ContextWrapper.startService:825 com.dangbei.andes.CoreService$Companion.start:29 com.dangbei.lerad.etna.haqu.EtnaApplication.init:88 com.dangbei.lerad.etna.haqu.EtnaApplication.onCreate:59
06-20 13:36:17.991 1478 1478 W ContextImpl: Calling a method in the system process without a qualified user: android.app.ContextImpl.startService:1899 android.content.ContextWrapper.startService:825 android.content.ContextWrapper.startService:825 com.oranth.storage.BootCompletedReceiver.onReceive:15 android.app.ActivityThread.handleReceiver:4494
06-20 13:36:18.011 688 921 D HDMI : Process pid:1362 is calling addHotplugEventListener
06-20 13:36:18.025 1362 1537 W ContextImpl: Calling a method in the system process without a qualified user: android.app.ContextImpl.bindService:1988 android.content.ContextWrapper.bindService:861 com.dangbei.lerad.etna.lib.client.EtnaClient.bindServer:138 com.dangbei.lerad.etna.lib.client.EtnaClient.access$600:29 com.dangbei.lerad.etna.lib.client.EtnaClient$3.call:205
06-20 13:36:18.039 688 688 E BootReceiver: Could not open /sys/kernel/tracing/instances/bootreceiver/trace_pipe
06-20 13:36:18.039 688 688 E BootReceiver: android.system.ErrnoException: open failed: ENOENT (No such file or directory)
06-20 13:36:18.039 688 688 E BootReceiver: at libcore.io.Linux.open(Native Method)
06-20 13:36:18.039 688 688 E BootReceiver: at libcore.io.ForwardingOs.open(ForwardingOs.java:563)
06-20 13:36:18.039 688 688 E BootReceiver: at libcore.io.BlockGuardOs.open(BlockGuardOs.java:274)
06-20 13:36:18.039 688 688 E BootReceiver: at android.system.Os.open(Os.java:494)
06-20 13:36:18.039 688 688 E BootReceiver: at com.android.server.BootReceiver.onReceive(BootReceiver.java:164)
06-20 13:36:18.039 688 688 E BootReceiver: at android.app.ActivityThread.handleReceiver(ActivityThread.java:4494)
06-20 13:36:18.039 688 688 E BootReceiver: at android.app.ActivityThread.-$$Nest$mhandleReceiver(Unknown Source:0)
06-20 13:36:18.039 688 688 E BootReceiver: at android.app.ActivityThread$H.handleMessage(ActivityThread.java:2285)
06-20 13:36:18.039 688 688 E BootReceiver: at android.os.Handler.dispatchMessage(Handler.java:106)
06-20 13:36:18.039 688 688 E BootReceiver: at android.os.Looper.loopOnce(Looper.java:205)
06-20 13:36:18.039 688 688 E BootReceiver: at android.os.Looper.loop(Looper.java:294)
06-20 13:36:18.039 688 688 E BootReceiver: at com.android.server.SystemServer.run(SystemServer.java:982)
06-20 13:36:18.039 688 688 E BootReceiver: at com.android.server.SystemServer.main(SystemServer.java:668)
06-20 13:36:18.039 688 688 E BootReceiver: at java.lang.reflect.Method.invoke(Native Method)
06-20 13:36:18.039 688 688 E BootReceiver: at com.android.internal.os.RuntimeInit$MethodAndArgsCaller.run(RuntimeInit.java:552)
06-20 13:36:18.039 688 688 E BootReceiver: at com.android.internal.os.ZygoteInit.main(ZygoteInit.java:956)
06-20 13:36:18.046 1362 1543 W ContextImpl: Calling a method in the system process without a qualified user: android.app.ContextImpl.bindService:1988 android.content.ContextWrapper.bindService:861 com.dangbei.lerad.etna.lib.client.EtnaClient.bindServer:138 com.dangbei.lerad.etna.lib.client.EtnaClient.access$600:29 com.dangbei.lerad.etna.lib.client.EtnaClient$3.call:205
06-20 13:36:18.047 688 1539 I DropBoxManagerService: add tag=SYSTEM_BOOT isTagEnabled=true flags=0x2
06-20 13:36:18.054 688 1539 I BootReceiver: Copying audit failures to DropBox
06-20 13:36:18.055 688 1539 I BootReceiver: Checking for fsck errors
06-20 13:36:18.056 688 1539 I BootReceiver: fs_stat, partition:param stat:0x1001b
06-20 13:36:18.056 688 1539 I BootReceiver: fs_stat, partition:tee stat:0xb
06-20 13:36:18.056 688 1539 I BootReceiver: fs_stat, partition:factory stat:0x0
06-20 13:36:18.056 688 1539 I BootReceiver: fs_stat, partition:userdata stat:0x0
06-20 13:36:18.060 1032 1032 W ContextImpl: Calling a method in the system process without a qualified user: android.app.ContextImpl.startService:1899 android.content.ContextWrapper.startService:825 android.content.ContextWrapper.startService:825 com.droidlogic.BootComplete.onReceive:119 android.app.ActivityThread.handleReceiver:4494
06-20 13:36:18.062 688 1539 D CompatibilityChangeReporter: Compat change id reported: 135634846; UID 10019; state: DISABLED
06-20 13:36:18.063 688 1539 D CompatibilityChangeReporter: Compat change id reported: 177438394; UID 10019; state: DISABLED
06-20 13:36:18.063 688 1539 D CompatibilityChangeReporter: Compat change id reported: 135772972; UID 10019; state: DISABLED
06-20 13:36:18.063 688 1539 D CompatibilityChangeReporter: Compat change id reported: 135754954; UID 10019; state: ENABLED
06-20 13:36:18.065 688 720 D CompatibilityChangeReporter: Compat change id reported: 143937733; UID 10019; state: ENABLED
06-20 13:36:18.069 1032 1032 W ContextImpl: Calling a method in the system process without a qualified user: android.app.ContextImpl.startForegroundService:1905 android.content.ContextWrapper.startForegroundService:830 android.content.ContextWrapper.startForegroundService:830 com.droidlogic.BootComplete.onReceive:128 android.app.ActivityThread.handleReceiver:4494
06-20 13:36:18.070 688 905 W ActivityManager: Unable to start service Intent { cmp=com.android.tv.mdnsoffloadcmd/.MdnsOffloadCmdService } U=0: not found
06-20 13:36:18.071 1032 1032 W ContextImpl: Calling a method in the system process without a qualified user: android.app.ContextImpl.startService:1899 android.content.ContextWrapper.startService:825 android.content.ContextWrapper.startService:825 com.droidlogic.BootComplete.onReceive:130 android.app.ActivityThread.handleReceiver:4494
06-20 13:36:18.075 1032 1032 W ContextImpl: Calling a method in the system process without a qualified user: android.app.ContextImpl.startService:1899 android.content.ContextWrapper.startService:825 android.content.ContextWrapper.startService:825 com.droidlogic.BootComplete.onReceive:131 android.app.ActivityThread.handleReceiver:4494
06-20 13:36:18.102 0 0 I [1 T216 ..] servicemanager: Notifying apexservice they do (previously: don't) have clients when service is guaranteed to be in use
06-20 13:36:18.087 1032 1032 W ContextImpl: Calling a method in the system process without a qualified user: android.app.ContextImpl.stopService:1911 android.content.ContextWrapper.stopService:835 android.content.ContextWrapper.stopService:835 com.droidlogic.BootComplete$2.onChange:282 com.droidlogic.BootComplete.updateDeveloperOptionsWatcher:289
06-20 13:36:18.090 1032 1032 W ContextImpl: Calling a method in the system process without a qualified user: android.app.ContextImpl.startService:1899 android.content.ContextWrapper.startService:825 android.content.ContextWrapper.startService:825 com.droidlogic.BootComplete.onReceive:176 android.app.ActivityThread.handleReceiver:4494
06-20 13:36:18.095 1032 1032 W ContextImpl: Calling a method in the system process without a qualified user: android.app.ContextImpl.startService:1899 android.content.ContextWrapper.startService:825 android.content.ContextWrapper.startService:825 com.droidlogic.BootComplete.onReceive:186 android.app.ActivityThread.handleReceiver:4494
06-20 13:36:18.103 0 0 I [2 T414 ..] AidlLazyServiceRegistrar: Process has 1 (of 1 available) client(s) in use after notification apexservice has clients: 1
06-20 13:36:18.104 0 0 I [1 T413 ..] apexd: Cleaning up reserved space for compressed APEX
06-20 13:36:18.106 0 0 I [2 T414 ..] AidlLazyServiceRegistrar: Shutdown prevented by forcePersist override flag.
06-20 13:36:18.100 688 719 I ActivityManager: com.droidlogic.mictoggle is exempt from freezer
06-20 13:36:18.100 688 719 D CompatibilityChangeReporter: Compat change id reported: 135634846; UID 1000; state: DISABLED
06-20 13:36:18.104 688 905 D HDMI : addVendorCommandListener 1877008
06-20 13:36:18.112 688 720 W ActivityManager: Slow operation: 51ms so far, now at startProcess: returned from zygote!
06-20 13:36:18.113 688 720 W ActivityManager: Slow operation: 51ms so far, now at startProcess: done updating battery stats
06-20 13:36:18.113 688 720 W ActivityManager: Slow operation: 51ms so far, now at startProcess: building log message
06-20 13:36:18.113 688 720 I ActivityManager: Start proc 1547:android.process.media/u0a19 for content provider {com.android.providers.downloads/com.android.providers.downloads.DownloadProvider}
06-20 13:36:18.113 688 720 W ActivityManager: Slow operation: 51ms so far, now at startProcess: starting to update pids map
06-20 13:36:18.113 688 720 W ActivityManager: Slow operation: 51ms so far, now at startProcess: done updating pids map
06-20 13:36:18.160 688 720 W ActivityManager: Slow operation: 59ms so far, now at startProcess: returned from zygote!
06-20 13:36:18.160 688 720 W ActivityManager: Slow operation: 61ms so far, now at startProcess: done updating battery stats
06-20 13:36:18.161 688 720 W ActivityManager: Slow operation: 61ms so far, now at startProcess: building log message
06-20 13:36:18.161 688 720 I ActivityManager: Start proc 1557:com.droidlogic.mictoggle/1000 for broadcast {com.droidlogic.mictoggle/com.droidlogic.mictoggle.AssistantMicMuteReceiver}
06-20 13:36:18.161 688 720 W ActivityManager: Slow operation: 61ms so far, now at startProcess: starting to update pids map
06-20 13:36:18.161 688 720 W ActivityManager: Slow operation: 61ms so far, now at startProcess: done updating pids map
06-20 13:36:18.172 688 905 D CompatibilityChangeReporter: Compat change id reported: 168419799; UID 10019; state: DISABLED
06-20 13:36:18.173 688 905 D CompatibilityChangeReporter: Compat change id reported: 273564678; UID 10019; state: DISABLED
06-20 13:36:18.176 688 763 D CompatibilityChangeReporter: Compat change id reported: 265195908; UID 10019; state: ENABLED
06-20 13:36:18.185 688 921 D CompatibilityChangeReporter: Compat change id reported: 170503758; UID 10019; state: ENABLED
06-20 13:36:18.211 0 0 W [1 T556 ..] audit: audit_lost=2 audit_rate_limit=5 audit_backlog_limit=64
06-20 13:36:18.211 0 0 E [1 T556 ..] audit: rate limit exceeded
06-20 13:36:18.221 688 921 D CompatibilityChangeReporter: Compat change id reported: 168419799; UID 1000; state: DISABLED
06-20 13:36:18.221 688 921 D CompatibilityChangeReporter: Compat change id reported: 273564678; UID 1000; state: DISABLED
06-20 13:36:18.225 688 702 D CompatibilityChangeReporter: Compat change id reported: 171306433; UID 1000; state: ENABLED
06-20 13:36:18.225 688 702 D CompatibilityChangeReporter: Compat change id reported: 218533173; UID 1000; state: ENABLED
06-20 13:36:18.265 688 921 D CompatibilityChangeReporter: Compat change id reported: 261072174; UID 1000; state: DISABLED
06-20 13:36:18.277 1362 1362 W ContextImpl: Calling a method in the system process without a qualified user: android.app.ContextImpl.sendBroadcast:1220 android.content.ContextWrapper.sendBroadcast:504 com.dangbei.lerad.etna.core.EtnaManager.sendRebootBroadcast:82 com.dangbei.lerad.etna.core.EtnaService.onStartCommand:89 android.app.ActivityThread.handleServiceArgs:4866
06-20 13:36:18.288 1362 1543 W ContextImpl: Calling a method in the system process without a qualified user: android.app.ContextImpl.bindService:1988 android.content.ContextWrapper.bindService:861 com.dangbei.lerad.etna.lib.client.EtnaClient.bindServer:138 com.dangbei.lerad.etna.lib.client.EtnaClient.access$600:29 com.dangbei.lerad.etna.lib.client.EtnaClient$3.call:205
06-20 13:36:18.294 1362 1537 W ContextImpl: Calling a method in the system process without a qualified user: android.app.ContextImpl.bindService:1988 android.content.ContextWrapper.bindService:861 com.dangbei.lerad.etna.lib.client.EtnaClient.bindServer:138 com.dangbei.lerad.etna.lib.client.EtnaClient.access$600:29 com.dangbei.lerad.etna.lib.client.EtnaClient$3.call:205
06-20 13:36:18.301 1362 1588 W ContextImpl: Calling a method in the system process without a qualified user: android.app.ContextImpl.bindService:1988 android.content.ContextWrapper.bindService:861 com.dangbei.lerad.etna.lib.client.EtnaClient.bindServer:138 com.dangbei.lerad.etna.lib.client.EtnaClient.access$600:29 com.dangbei.lerad.etna.lib.client.EtnaClient$3.call:205
06-20 13:36:18.309 1362 1542 W ContextImpl: Calling a method in the system process without a qualified user: android.app.ContextImpl.startService:1899 android.content.ContextWrapper.startService:825 com.dangbei.etna.setting.core.SettingHelper.startRocky:267 com.dangbei.etna.setting.core.SettingHelper.sendCycleCheckBootGuideStatusMessage:214 com.dangbei.etna.setting.core.SettingHelper.startLoop:203
06-20 13:36:18.311 688 921 I ActivityManager: com.dangbei.lerad.rocky is exempt from freezer
06-20 13:36:18.312 688 921 D CompatibilityChangeReporter: Compat change id reported: 135634846; UID 1000; state: DISABLED
06-20 13:36:18.317 1362 1542 W ContextImpl: Calling a method in the system process without a qualified user: android.app.ContextImpl.sendBroadcast:1220 android.content.ContextWrapper.sendBroadcast:504 com.dangbei.etna.setting.core.SettingHelper.sendCycleToProjector:257 com.dangbei.etna.setting.core.SettingHelper.sendCycleCheckBroadcast:226 com.dangbei.etna.setting.core.SettingHelper.sendCycleCheckBootGuideStatusMessage:215
06-20 13:36:18.318 1362 1542 W ContextImpl: Calling a method in the system process without a qualified user: android.app.ContextImpl.sendBroadcast:1220 android.content.ContextWrapper.sendBroadcast:504 com.dangbei.etna.setting.core.SettingHelper.sendCycleToVoice:242 com.dangbei.etna.setting.core.SettingHelper.sendCycleCheckBroadcast:227 com.dangbei.etna.setting.core.SettingHelper.sendCycleCheckBootGuideStatusMessage:215
06-20 13:36:18.334 1362 1540 W ContextImpl: Calling a method in the system process without a qualified user: android.app.ContextImpl.startService:1899 android.content.ContextWrapper.startService:825 com.dangbei.etna.setting.core.SettingHelper.startRocky:267 com.dangbei.etna.setting.core.SettingHelper.sendCycleCheckBootGuideStatusMessage:214 com.dangbei.etna.setting.core.SettingHelper.startLoop:203
06-20 13:36:18.336 1362 1540 W ContextImpl: Calling a method in the system process without a qualified user: android.app.ContextImpl.sendBroadcast:1220 android.content.ContextWrapper.sendBroadcast:504 com.dangbei.etna.setting.core.SettingHelper.sendCycleToProjector:257 com.dangbei.etna.setting.core.SettingHelper.sendCycleCheckBroadcast:226 com.dangbei.etna.setting.core.SettingHelper.sendCycleCheckBootGuideStatusMessage:215
06-20 13:36:18.338 688 720 I ActivityManager: Start proc 1592:com.dangbei.lerad.rocky/1000 for service {com.dangbei.lerad.rocky/com.dangbei.rocky.RockyService}
06-20 13:36:18.340 1362 1540 W ContextImpl: Calling a method in the system process without a qualified user: android.app.ContextImpl.sendBroadcast:1220 android.content.ContextWrapper.sendBroadcast:504 com.dangbei.etna.setting.core.SettingHelper.sendCycleToVoice:242 com.dangbei.etna.setting.core.SettingHelper.sendCycleCheckBroadcast:227 com.dangbei.etna.setting.core.SettingHelper.sendCycleCheckBootGuideStatusMessage:215
06-20 13:36:18.365 688 718 D WallpaperManagerService: Wallpaper_selinux_restorecon-0
06-20 13:36:18.369 688 718 V WallpaperManagerService: Wallpaper_selinux_restorecon-0 took to complete: 4ms
06-20 13:36:18.376 688 718 D OomAdjuster: Not killing cached processes
06-20 13:36:18.384 688 702 D CompatibilityChangeReporter: Compat change id reported: 168419799; UID 1000; state: DISABLED
06-20 13:36:18.385 688 702 D CompatibilityChangeReporter: Compat change id reported: 273564678; UID 1000; state: DISABLED
06-20 13:36:18.413 688 718 D CompatibilityChangeReporter: Compat change id reported: 171306433; UID 1000; state: ENABLED
06-20 13:36:18.487 688 719 D CompatibilityChangeReporter: Compat change id reported: 135634846; UID 10043; state: DISABLED
06-20 13:36:18.488 688 720 D CompatibilityChangeReporter: Compat change id reported: 143937733; UID 10043; state: DISABLED
06-20 13:36:18.488 1557 1557 W ContextImpl: Calling a method in the system process without a qualified user: android.app.ContextImpl.startService:1899 android.content.ContextWrapper.startService:825 android.content.ContextWrapper.startService:825 com.droidlogic.mictoggle.AssistantMicMuteReceiver.onReceive:48 android.app.ActivityThread.handleReceiver:4494
06-20 13:36:18.515 688 720 I ActivityManager: Start proc 1619:com.dangbei.screencast/u0a43 for broadcast {com.dangbei.screencast/com.dangbei.screencast.startup.BootReceiver}
06-20 13:36:18.537 688 688 D HDMI : receive android.intent.action.BOOT_COMPLETED
06-20 13:36:18.537 688 688 I HDMI : Receive boot completed broadcast
06-20 13:36:18.539 1032 1032 W ContextImpl: Calling a method in the system process without a qualified user: android.app.ContextImpl.startService:1899 android.content.ContextWrapper.startService:825 android.content.ContextWrapper.startService:825 com.droidlogic.AiPqReceiver.onReceive:31 android.app.ActivityThread.handleReceiver:4494
06-20 13:36:18.544 688 763 D CompatibilityChangeReporter: Compat change id reported: 265195908; UID 10043; state: ENABLED
06-20 13:36:18.552 1315 1315 I CheckInBootCompletedReceiver: Received boot completed intent
06-20 13:36:18.561 1315 1315 D GlobalParametersService: onCreate
06-20 13:36:18.566 688 904 D CompatibilityChangeReporter: Compat change id reported: 168419799; UID 10043; state: DISABLED
06-20 13:36:18.566 688 904 D CompatibilityChangeReporter: Compat change id reported: 273564678; UID 10043; state: DISABLED
06-20 13:36:18.577 1315 1635 I DlcClient: Binding com.android.devicelockcontroller/.storage.GlobalParametersService
06-20 13:36:18.591 1315 1635 I DeviceCheckInHelper: enqueueDeviceCheckInWork with delay: PT0S
06-20 13:36:18.593 688 963 D CompatibilityChangeReporter: Compat change id reported: 170503758; UID 10043; state: DISABLED
06-20 13:36:18.605 688 905 D CompatibilityChangeReporter: Compat change id reported: 253665015; UID 10063; state: ENABLED
06-20 13:36:18.606 688 905 D CompatibilityChangeReporter: Compat change id reported: 194532703; UID 10063; state: ENABLED
06-20 13:36:18.642 688 963 D CompatibilityChangeReporter: Compat change id reported: 161145287; UID 10019; state: ENABLED
06-20 13:36:18.513 0 0 W : [1 T896 ..] [aml_scan_rx 1505] scanres_payload_buf overflow, flush
06-20 13:36:18.672 0 0 I : [3 T10 ..] [TEE] E/TC:? 00 tee_rpmb_verify_key_sync_counter:1008 Verify key returning 0xffff0008
06-20 13:36:18.675 0 0 I : [3 T10 ..] [TEE] E/TC:? 00 tee_mkl_status:195 tee_mkl_status bad state, status = 0x0
06-20 13:36:18.675 0 0 I : [3 T10 ..] [TEE] E/TC:? 00 tee_provision_get_pfpk_enc:351 PFPK key table bad status, res = 0xffff0007
06-20 13:36:18.677 0 0 I : [3 T10 ..] [TEE] E/TA: read_pfid_from_property:765 [PROVISION-TA] PFID is not provisioned
06-20 13:36:18.678 0 0 I : [3 T10 ..] [TEE] E/TA: pfid_query:877 [PROVISION-TA] pfid_query read pfid property error, return 0xFFFF0008
06-20 13:36:18.679 0 0 I : [3 T10 ..] [TEE] E/TC:? 00 tee_rpmb_verify_key_sync_counter:1008 Verify key returning 0xffff0008
06-20 13:36:18.681 0 0 I : [3 T10 ..] [TEE] E/TC:? 00 tee_mkl_status:195 tee_mkl_status bad state, status = 0x0
06-20 13:36:18.682 0 0 I : [3 T10 ..] [TEE] E/TC:? 00 tee_provision_get_pfpk_enc:351 PFPK key table bad status, res = 0xffff0007
06-20 13:36:18.683 0 0 I : [3 T10 ..] [TEE] E/TC:? 00 tee_mkl_status:195 tee_mkl_status bad state, status = 0x0
06-20 13:36:18.684 0 0 I : [3 T10 ..] [TEE] E/TC:? 00 tee_provision_get_pfpk_enc:351 PFPK key table bad status, res = 0xffff0007
06-20 13:36:18.686 0 0 I : [3 T10 ..] [TEE] E/TA: get_pfpk_enc:786 [PROVISION-TA] TEE_Provision_Get_PFPK_ENC() failed, return 0xFFFF0007
06-20 13:36:18.687 0 0 I : [3 T10 ..] [TEE] E/TA: pfpk_query:851 [PROVISION-TA] get_pfpk_enc return 0xFFFF0007
06-20 13:36:18.680 688 963 D CompatibilityChangeReporter: Compat change id reported: 253665015; UID 10019; state: ENABLED
06-20 13:36:18.681 688 963 D CompatibilityChangeReporter: Compat change id reported: 194532703; UID 10019; state: ENABLED
06-20 13:36:18.749 688 1640 W StorageManagerService: Reporting emulated;0 unmounted due to system locked
06-20 13:36:18.749 688 905 E UsbDeviceManager: Usb setCurrentUsbFunctionsCb failed ,functions:1 ,status:1 ,transactionId:6
06-20 13:36:18.749 688 905 I UsbDeviceManager: notifyCurrentFunction request:1 status:1
06-20 13:36:18.776 688 1640 W StorageManagerService: Reporting emulated;0 unmounted due to system locked
06-20 13:36:18.798 688 963 W StorageManagerService: Reporting emulated;0 unmounted due to system locked
06-20 13:36:18.801 688 963 W StorageManagerService: Reporting emulated;0 unmounted due to system locked
06-20 13:36:18.803 688 963 W StorageManagerService: Reporting emulated;0 unmounted due to system locked
06-20 13:36:18.805 688 963 W StorageManagerService: Reporting emulated;0 unmounted due to system locked
06-20 13:36:18.807 688 1640 W StorageManagerService: Reporting emulated;0 unmounted due to system locked
06-20 13:36:18.809 688 1640 W StorageManagerService: Reporting emulated;0 unmounted due to system locked
06-20 13:36:18.810 688 963 W StorageManagerService: Reporting emulated;0 unmounted due to system locked
06-20 13:36:18.811 688 963 W StorageManagerService: Reporting emulated;0 unmounted due to system locked
06-20 13:36:18.819 1592 1592 W ContextImpl: Calling a method in the system process without a qualified user: android.app.ContextImpl.startService:1899 android.content.ContextWrapper.startService:825 com.cvte.tv.api.TvApiSDKManager.:177 com.cvte.tv.api.TvApiSDKManager.init:217 com.dangbei.rocky.component.system.SystemControlUtils.initSystemAidl:82
06-20 13:36:18.820 688 1640 W ActivityManager: Unable to start service Intent { act=com.cvte.tv.api.TV_API_SERVICE pkg=com.cvte.tv.api.impl } U=0: not found
06-20 13:36:18.820 688 905 W StorageManagerService: Reporting emulated;0 unmounted due to system locked
06-20 13:36:18.820 1592 1592 W ContextImpl: Calling a method in the system process without a qualified user: android.app.ContextImpl.bindService:1988 android.content.ContextWrapper.bindService:861 com.cvte.tv.api.TvApiSDKManager.:178 com.cvte.tv.api.TvApiSDKManager.init:217 com.dangbei.rocky.component.system.SystemControlUtils.initSystemAidl:82
06-20 13:36:18.821 688 905 W ActivityManager: Unable to start service Intent { act=com.cvte.tv.api.TV_API_SERVICE pkg=com.cvte.tv.api.impl } U=0: not found
06-20 13:36:18.823 688 905 W StorageManagerService: Reporting emulated;0 unmounted due to system locked
06-20 13:36:18.824 1592 1592 W ContextImpl: Calling a method in the system process without a qualified user: android.app.ContextImpl.startService:1899 android.content.ContextWrapper.startService:825 com.cvte.tv.api.TvApiSDKManager.getTvApi:361 com.dangbei.rocky.component.system.SystemControlUtils.initSystemAidl:83 com.dangbei.rocky.component.system.SystemComponent.onAttached:38
06-20 13:36:18.825 688 963 W ActivityManager: Unable to start service Intent { act=com.cvte.tv.api.TV_API_SERVICE pkg=com.cvte.tv.api.impl } U=0: not found
06-20 13:36:18.831 1592 1592 W ContextImpl: Calling a method in the system process without a qualified user: android.app.ContextImpl.bindService:1988 android.content.ContextWrapper.bindService:861 com.cvte.tv.api.TvApiSDKManager.getTvApi:362 com.dangbei.rocky.component.system.SystemControlUtils.initSystemAidl:83 com.dangbei.rocky.component.system.SystemComponent.onAttached:38
06-20 13:36:18.831 688 963 W ActivityManager: Unable to start service Intent { act=com.cvte.tv.api.TV_API_SERVICE pkg=com.cvte.tv.api.impl } U=0: not found
06-20 13:36:18.847 1592 1592 W ContextImpl: Calling a method in the system process without a qualified user: android.app.ContextImpl.startService:1899 android.content.ContextWrapper.startService:825 com.dangbei.phrike.core.DownloadManager.register:294 com.dangbei.component_appcontrol.phrike.XPhrikeAppCreator.register:47 com.dangbei.component_appcontrol.AppControlComponent.onAttached:65
06-20 13:36:18.852 232 232 I vold : fuse-bpf is enabled because /sys/fs/fuse/features/fuse_bpf reads 'supported'
06-20 13:36:18.852 232 232 I vold : Setting ro.fuse.bpf.is_running to true
06-20 13:36:18.854 232 232 I vold : Configuring read_ahead of /mnt/user/0/emulated fuse filesystem to 256kb
06-20 13:36:18.855 232 232 I vold : Writing 256 to /sys/class/bdi/0:60/read_ahead_kb
06-20 13:36:18.855 232 232 I vold : Configuring max_ratio of /mnt/user/0/emulated fuse filesystem to 40
06-20 13:36:18.855 232 232 I vold : Writing 40 to /sys/class/bdi/0:60/max_ratio
06-20 13:36:18.856 688 801 I StorageManagerService: Mounted volume VolumeInfo{emulated;0}:
06-20 13:36:18.856 688 801 I StorageManagerService: type=EMULATED diskId=null partGuid= mountFlags=PRIMARY|VISIBLE_FOR_WRITE
06-20 13:36:18.856 688 801 I StorageManagerService: mountUserId=0 state=MOUNTED
06-20 13:36:18.856 688 801 I StorageManagerService: fsType=null fsUuid=null fsLabel=null
06-20 13:36:18.856 688 801 I StorageManagerService: path=/storage/emulated internalPath=/data/media
06-20 13:36:18.858 688 801 I StorageSessionController: Notifying volume state changed for session with id: emulated;0
06-20 13:36:18.887 688 905 D PackageManager: Instant App installer not found with android.intent.action.INSTALL_INSTANT_APP_PACKAGE
06-20 13:36:18.887 688 905 D PackageManager: Clear ephemeral installer activity
06-20 13:36:18.960 0 0 W : [2 T895 ..] >>> aml_rx_scanu_start_cfm()
06-20 13:36:18.905 688 905 W ActivityManager: Background start not allowed: service Intent { act=com.dangbei.screencast.STARTUP pkg=com.dangbei.screencast } to com.dangbei.screencast/.startup.StartupService from pid=1619 uid=10043 pkg=com.dangbei.screencast startFg?=false
06-20 13:36:18.917 688 801 I StorageSessionController: Notifying volume state changed for session with id: emulated;0
06-20 13:36:18.924 688 905 W ActivityManager: Background start not allowed: service Intent { act=com.dangbei.screencast.STARTUP pkg=com.dangbei.screencast } to com.dangbei.screencast/.startup.StartupService from pid=1619 uid=10043 pkg=com.dangbei.screencast startFg?=false
06-20 13:36:18.941 688 801 I StorageSessionController: Notifying volume state changed for session with id: emulated;0
06-20 13:36:18.972 688 963 W WindowManager: [addWindow] title:com.dangbei.leard.leradlauncher/com.dangbei.launcher.home.LauncherActivity
06-20 13:36:18.985 688 801 W BroadcastLoopers: Found previously unknown looper Thread[StorageManagerService,5,main]
06-20 13:36:19.003 688 801 D StorageManagerService: Volume emulated;0 broadcasting mounted to UserHandle{0}
06-20 13:36:19.004 688 1640 D CoreBackPreview: Window{fd52420 u0 com.dangbei.leard.leradlauncher/com.dangbei.launcher.home.LauncherActivity}: Setting back callback OnBackInvokedCallbackInfo{mCallback=android.window.IOnBackInvokedCallback$Stub$Proxy@938624c, mPriority=0, mIsAnimationCallback=false}
06-20 13:36:19.012 688 801 D StorageManagerService: Volume emulated;0 broadcasting checking to UserHandle{0}
06-20 13:36:19.025 688 905 D CompatibilityChangeReporter: Compat change id reported: 271850009; UID 10064; state: ENABLED
06-20 13:36:19.026 688 905 D CompatibilityChangeReporter: Compat change id reported: 253665015; UID 10064; state: ENABLED
06-20 13:36:19.027 688 905 D CompatibilityChangeReporter: Compat change id reported: 194532703; UID 10064; state: ENABLED
06-20 13:36:19.030 688 801 D StorageManagerService: Volume emulated;0 broadcasting mounted to UserHandle{0}
06-20 13:36:19.090 688 1641 D CompatibilityChangeReporter: Compat change id reported: 149924527; UID 10043; state: ENABLED
06-20 13:36:19.091 688 1641 D CompatibilityChangeReporter: Compat change id reported: 132649864; UID 10043; state: DISABLED
06-20 13:36:19.109 688 711 W ContextImpl: Calling a method in the system process without a qualified user: android.app.ContextImpl.startService:1899 com.android.server.wm.DisplayPolicy.lambda$focusChangedLw$5:2126 com.android.server.wm.DisplayPolicy.$r8$lambda$Znxk63oh-WzVnzo_WQefN7uxV48:0 com.android.server.wm.DisplayPolicy$$ExternalSyntheticLambda13.run:0 android.os.Handler.handleCallback:958
06-20 13:36:19.141 0 0 I [0 T216 ..] servicemanager: Found android.hardware.graphics.allocator.IAllocator/default in device VINTF manifest.
06-20 13:36:19.144 0 0 I [1 T216 ..] servicemanager: Found android.hardware.graphics.allocator.IAllocator/default in device VINTF manifest.
06-20 13:36:19.170 688 702 D CompatibilityChangeReporter: Compat change id reported: 161145287; UID 10043; state: DISABLED
06-20 13:36:19.203 587 587 W wificond: Scan is not started. Ignore abort request
06-20 13:36:19.240 688 921 D CompatibilityChangeReporter: Compat change id reported: 182734110; UID 10063; state: ENABLED
06-20 13:36:19.272 0 0 W [2 T1705 ..] audit: audit_lost=26 audit_rate_limit=5 audit_backlog_limit=64
06-20 13:36:19.272 0 0 E [2 T1705 ..] audit: rate limit exceeded
06-20 13:36:19.501 0 0 W : [3 T954 ..] [aml_cfg80211_connect 2096] vif:0 privacy=1, key=0000000000000000, key_len=0, key_idx=0 auth_type:0 wpa_versions:2
06-20 13:36:19.481 688 823 W ContextImpl: Calling a method in the system process without a qualified user: android.app.ContextImpl.sendStickyBroadcast:1626 com.android.server.wifi.ClientModeImpl.sendNetworkChangeBroadcast:3008 com.android.server.wifi.ClientModeImpl.lambda$sendNetworkChangeBroadcastWithCurrentState$14:2985 com.android.server.wifi.ClientModeImpl.$r8$lambda$q-j88Pjw4gROgoJFr8wBlBVbuJI:0 com.android.server.wifi.ClientModeImpl$$ExternalSyntheticLambda4.send:0
06-20 13:36:19.507 0 0 W : [3 T954 ..] set_scan_hang, flag:1, [aml_cfg80211_connect 2137]
06-20 13:36:19.507 0 0 W : [3 T954 ..] >>> aml_send_sm_connect_req()
06-20 13:36:19.508 0 0 W : [3 T954 ..] >>> aml_send_msg()
06-20 13:36:19.512 0 0 W : [3 T895 ..] ipc_sdio_host_msgack_handler 00000000830aa3f6
06-20 13:36:19.512 0 0 W : [3 T895 ..] [aml_msgackind 2039] msg ack hostid=0xffffff8068a7d880
06-20 13:36:19.513 0 0 W : [3 T895 ..] [cmd_mgr_llind 329] cmd tkn[22] flags:001a result: -4 cmd:6144-SM_CONNECT_REQ - reqcfm(6145-SM_CONNECT_CFM)
06-20 13:36:19.515 0 0 W : [3 T895 ..] [cmd_mgr_msgind 409] cmd tkn[22] flags:0012 result: -4 cmd:6144-SM_CONNECT_REQ - reqcfm(6145-SM_CONNECT_CFM)
06-20 13:36:19.516 0 0 W : [3 T895 ..] [cmd_complete 65] cmd tkn[22] flags:0002 result: -4 cmd:6144-SM_CONNECT_REQ - reqcfm(6145-SM_CONNECT_CFM)
06-20 13:36:19.519 0 0 W : [0 T954 ..] [aml_cfg80211_connect 2152] ssid=DZNB, center freq:5260
06-20 13:36:19.519 0 0 W : [0 T954 ..] [recy_dbg][aml_recy_save_assoc_ 82] save assoc info
06-20 13:36:19.519 0 0 W : [0 T954 ..] [recy_dbg][aml_recy_save_assoc_ 110] assoc info chan bw=1, center freq=5260
06-20 13:36:19.523 0 0 W : [0 T954 ..] [recy_dbg][aml_recy_flags_set 57] set flags(0x1), new flags(0x1)
06-20 13:36:19.623 0 0 W : [3 T895 ..] fmac patch_rc_init: station_id=0 format_mod=5 pre_type=1 short_gi=1 max_bw=2
06-20 13:36:19.624 0 0 W : [3 T895 ..] fmac patch_rc_init: nss_max=1 mcs_max=11 r_idx_min=4 r_idx_max=11 no_samples=10
06-20 13:36:19.752 0 0 I [2 T320 ..] apexd: Deleting unused dm device com.amlogic.mediaextractor
06-20 13:36:19.785 0 0 E [1 T320 ..] apexd: Didn't generate uevent for [com.amlogic.mediaextractor] removal
06-20 13:36:19.785 0 0 W [1 T320 ..] apexd: Failed to delete dm-device com.amlogic.mediaextractor
06-20 13:36:19.787 0 0 W : [1 T1783 ..] [aml_recv_netlink 1147] kernel rcv msg type: 0, pid: 1783, len: 24, flag: 1, seq: 0
06-20 13:36:19.788 0 0 W : [1 T1783 ..] [aml_recv_netlink 1148] receive data from user process: 
06-20 13:36:19.788 0 0 W : [1 T1783 ..] [aml_recv_netlink 1155] user space process (pid: 1783) start recv fw log !!!!
06-20 13:36:19.800 0 0 W : [1 T1783 ..] [aml_recv_netlink 1147] kernel rcv msg type: 0, pid: 1783, len: 24, flag: 1, seq: 0
06-20 13:36:19.801 0 0 W : [1 T1783 ..] [aml_recv_netlink 1148] receive data from user process: 
06-20 13:36:19.801 0 0 W : [1 T1783 ..] [aml_recv_netlink 1163] unknown msg (0xff06) from user space process (pid: 1783), ignore !!!!
06-20 13:36:19.969 0 0 I [1 T1 ..] selinux: SELinux: Skipping restorecon on directory(/data/misc_ce/0/apexdata/com.android.wifi)
06-20 13:36:20.057 0 0 W : [3 T895 ..] [aml_rx_sm_connect_ind 1282] vif_idx:0, status_code:0, sta_idx:0,center_freq:5260, center_freq1:5290, roamed:0, mac:58:c7:ac:78:f0:02
06-20 13:36:20.057 0 0 W : [3 T895 ..] set_scan_hang, flag:0, [aml_rx_sm_connect_ind 1283]
06-20 13:36:20.059 0 0 W : [3 T895 ..] [aml_chanctx_link 658] vif index:0 ch idx:0
06-20 13:36:20.059 0 0 W : [3 T895 ..] [aml_chanctx_link 668] band:1, bw:3 cfreq:5260, cfreq1:5290, cfreq2:0
06-20 13:36:20.060 0 0 W : [3 T895 ..] [aml_rx_sm_connect_ind 1439] ssid:DZNB, bss_freq:5260
06-20 13:36:20.062 0 0 W : [3 T895 ..] [aml_rx_sm_connect_ind_ex 1198] freq[5260 5290 0], bw:BW_80 max_mcs:11 format_mode:HE_SU no_ss:2ss short_gi:1
06-20 13:36:20.067 0 0 W : [1 T896 ..] [SP FRAME RX] eapol,vif_idx:0
06-20 13:36:20.071 0 0 W [1 T954 ..] aml_select_txq: set eap frame to vo
06-20 13:36:20.071 0 0 W : [1 T954 ..] [SP FRAME TX] eapol,vif_idx:0
06-20 13:36:20.076 0 0 W : [1 T896 ..] [SP FRAME RX] eapol,vif_idx:0
06-20 13:36:20.076 0 0 W [0 T954 ..] aml_select_txq: set eap frame to vo
06-20 13:36:20.077 0 0 W : [0 T954 ..] [SP FRAME TX] eapol,vif_idx:0
06-20 13:36:20.078 0 0 W : [0 T954 ..] [aml_cfg80211_add_key 1907] vif_idx:0 add PTK for index:0,sta_idx:0
06-20 13:36:20.078 0 0 W : [0 T954 ..] >>> aml_send_key_add()
06-20 13:36:20.079 0 0 W [0 T954 ..] aml_send_key_add: sta_idx:0 key_idx:0 inst_nbr:0 cipher:2 key_len:16
06-20 13:36:20.081 0 0 W : [0 T954 ..] >>> aml_send_msg()
06-20 13:36:20.081 0 0 W : [3 T895 ..] ipc_sdio_host_msgack_handler 00000000679df7ff
06-20 13:36:20.082 0 0 W : [3 T895 ..] [aml_msgackind 2039] msg ack hostid=0xffffff8007131480
06-20 13:36:20.082 0 0 W : [3 T895 ..] [cmd_mgr_llind 329] cmd tkn[23] flags:001a result: -4 cmd: 36-MM_KEY_ADD_REQ - reqcfm( 37-MM_KEY_ADD_CFM)
06-20 13:36:20.084 0 0 W : [3 T895 ..] [cmd_mgr_msgind 409] cmd tkn[23] flags:0012 result: -4 cmd: 36-MM_KEY_ADD_REQ - reqcfm( 37-MM_KEY_ADD_CFM)
06-20 13:36:20.086 0 0 W : [3 T895 ..] [cmd_complete 65] cmd tkn[23] flags:0002 result: -4 cmd: 36-MM_KEY_ADD_REQ - reqcfm( 37-MM_KEY_ADD_CFM)
06-20 13:36:20.090 0 0 W : [0 T954 ..] [aml_cfg80211_add_key 1907] vif_idx:0 add GTK for index:1,sta_idx:255
06-20 13:36:20.090 0 0 W : [0 T954 ..] >>> aml_send_key_add()
06-20 13:36:20.091 0 0 W [0 T954 ..] aml_send_key_add: sta_idx:255 key_idx:1 inst_nbr:0 cipher:1 key_len:32
06-20 13:36:20.092 0 0 W : [0 T954 ..] >>> aml_send_msg()
06-20 13:36:20.093 0 0 W : [3 T895 ..] ipc_sdio_host_msgack_handler 00000000e5e6e22f
06-20 13:36:20.093 0 0 W : [3 T895 ..] [aml_msgackind 2039] msg ack hostid=0xffffff800727d100
06-20 13:36:20.094 0 0 W : [3 T895 ..] [cmd_mgr_llind 329] cmd tkn[24] flags:001a result: -4 cmd: 36-MM_KEY_ADD_REQ - reqcfm( 37-MM_KEY_ADD_CFM)
06-20 13:36:20.096 0 0 W : [3 T895 ..] [cmd_mgr_msgind 409] cmd tkn[24] flags:0012 result: -4 cmd: 36-MM_KEY_ADD_REQ - reqcfm( 37-MM_KEY_ADD_CFM)
06-20 13:36:20.097 0 0 W : [3 T895 ..] [cmd_complete 65] cmd tkn[24] flags:0002 result: -4 cmd: 36-MM_KEY_ADD_REQ - reqcfm( 37-MM_KEY_ADD_CFM)
06-20 13:36:20.114 0 0 W : [3 T954 ..] >>> aml_send_me_set_control_port_req()
06-20 13:36:20.115 0 0 W : [3 T954 ..] >>> aml_send_msg()
06-20 13:36:20.123 0 0 W : [3 T895 ..] ipc_sdio_host_msgack_handler 000000006503256b
06-20 13:36:20.123 0 0 W : [3 T895 ..] [aml_msgackind 2039] msg ack hostid=0xffffff8070524c80
06-20 13:36:20.124 0 0 W : [3 T895 ..] [cmd_mgr_llind 329] cmd tkn[25] flags:001a result: -4 cmd:5124-ME_SET_CONTROL_PORT_REQ - reqcfm(5125-ME_SET_CONTROL_PORT_CFM)
06-20 13:36:20.126 0 0 W : [3 T895 ..] [cmd_mgr_msgind 409] cmd tkn[25] flags:0012 result: -4 cmd:5124-ME_SET_CONTROL_PORT_REQ - reqcfm(5125-ME_SET_CONTROL_PORT_CFM)
06-20 13:36:20.128 0 0 W : [3 T895 ..] [cmd_complete 65] cmd tkn[25] flags:0002 result: -4 cmd:5124-ME_SET_CONTROL_PORT_REQ - reqcfm(5125-ME_SET_CONTROL_PORT_CFM)
06-20 13:36:20.130 0 0 W : [2 T954 ..] >>> aml_send_msg()
06-20 13:36:20.130 0 0 W : [3 T895 ..] ipc_sdio_host_msgack_handler 000000003137c17a
06-20 13:36:20.131 0 0 W : [3 T895 ..] [aml_msgackind 2039] msg ack hostid=0xffffff8070569c80
06-20 13:36:20.132 0 0 W : [3 T895 ..] [cmd_mgr_llind 329] cmd tkn[26] flags:0008 result: -4 cmd: 105-MM_SUB_SET_REKEY_DATA - reqcfm( 0-none)
06-20 13:36:20.133 0 0 W : [3 T895 ..] [cmd_complete 65] cmd tkn[26] flags:0000 result: -4 cmd: 105-MM_SUB_SET_REKEY_DATA - reqcfm( 0-none)
06-20 13:36:20.217 907 980 V WindowManagerShell: onTransitionReady android.os.BinderProxy@bbf4cb2: {id=4 t=CLOSE f=0x0 trk=0 r=[0@Point(0, 0)] c=[{WCT{android.window.IWindowContainerToken$Stub$Proxy@d677c3c} m=OPEN f=MOVE_TO_TOP leash=Surface(name=Task=174)/@0x3a2a09 sb=Rect(0, 0 - 1920, 1080) eb=Rect(0, 0 - 1920, 1080) d=0},{WCT{android.window.IWindowContainerToken$Stub$Proxy@f525dc5} m=CLOSE f=SHOW_WALLPAPER leash=Surface(name=Task=3)/@0xd88d40e sb=Rect(0, 0 - 1920, 1080) eb=Rect(0, 0 - 1920, 1080) d=0}]}
06-20 13:36:20.218 907 980 V WindowManagerShell: Playing animation for (#4)android.os.BinderProxy@bbf4cb2@0
06-20 13:36:20.218 907 980 V WindowManagerShell: try handler com.android.wm.shell.keyguard.KeyguardTransitionHandler@a02231a
06-20 13:36:20.218 907 980 V WindowManagerShell: try handler com.android.wm.shell.pip.tv.TvPipTransition@9b70e4b
06-20 13:36:20.218 907 980 V WindowManagerShell: try handler com.android.wm.shell.activityembedding.ActivityEmbeddingController@24e2028
06-20 13:36:20.219 907 980 V WindowManagerShell: try handler com.android.wm.shell.transition.RemoteTransitionHandler@1141
06-20 13:36:20.219 907 980 V WindowManagerShell: Transition doesn't have explicit remote, search filters for match for {id=4 t=CLOSE f=0x0 trk=0 r=[0@Point(0, 0)] c=[{WCT{android.window.IWindowContainerToken$Stub$Proxy@d677c3c} m=OPEN f=MOVE_TO_TOP leash=Surface(name=Task=174)/@0x3a2a09 sb=Rect(0, 0 - 1920, 1080) eb=Rect(0, 0 - 1920, 1080) d=0},{WCT{android.window.IWindowContainerToken$Stub$Proxy@f525dc5} m=CLOSE f=SHOW_WALLPAPER leash=Surface(name=Task=3)/@0xd88d40e sb=Rect(0, 0 - 1920, 1080) eb=Rect(0, 0 - 1920, 1080) d=0}]}
06-20 13:36:20.219 907 980 V WindowManagerShell: Delegate animation for #4 to null
06-20 13:36:20.219 907 980 V WindowManagerShell: try handler com.android.wm.shell.transition.DefaultTransitionHandler@e8f56e6
06-20 13:36:20.219 907 980 V WindowManagerShell: start default transition animation, info = {id=4 t=CLOSE f=0x0 trk=0 r=[0@Point(0, 0)] c=[{WCT{android.window.IWindowContainerToken$Stub$Proxy@d677c3c} m=OPEN f=MOVE_TO_TOP leash=Surface(name=Task=174)/@0x3a2a09 sb=Rect(0, 0 - 1920, 1080) eb=Rect(0, 0 - 1920, 1080) d=0},{WCT{android.window.IWindowContainerToken$Stub$Proxy@f525dc5} m=CLOSE f=SHOW_WALLPAPER leash=Surface(name=Task=3)/@0xd88d40e sb=Rect(0, 0 - 1920, 1080) eb=Rect(0, 0 - 1920, 1080) d=0}]}
06-20 13:36:20.219 688 753 W ActivityManager: Slow operation: 704ms so far, now at finishAttachApplicationInner: after mServices.attachApplicationLocked
06-20 13:36:20.221 688 753 W ActivityManager: Slow operation: 706ms so far, now at finishAttachApplicationInner: after dispatching broadcasts
06-20 13:36:20.221 907 980 V WindowManagerShell: loadAnimation: anim=android.view.animation.AlphaAnimation@769fb72 animAttr=0x13 type=CLOSE isEntrance=false
06-20 13:36:20.223 907 980 V WindowManagerShell: loadAnimation: anim=android.view.animation.AlphaAnimation@1bacc40 animAttr=0x12 type=CLOSE isEntrance=true
06-20 13:36:20.225 907 980 V WindowManagerShell: animated by com.android.wm.shell.transition.DefaultTransitionHandler@e8f56e6
06-20 13:36:20.225 688 688 W Looper : Slow dispatch took 576ms main h=android.app.ActivityThread$H c=null m=131
