06-25 18:27:20.121 497 3695 D AudioFlinger: ro.audio.silent is ignored since no output device is set
06-25 18:27:20.122 497 3695 D AudioFlinger: ro.audio.silent is ignored since no output device is set
06-25 18:27:20.123 497 3695 D AudioFlinger: ro.audio.silent is ignored since no output device is set
06-25 18:27:20.127 497 3695 D AudioFlinger: ro.audio.silent is ignored since no output device is set
06-25 18:27:20.130 497 3695 D AudioFlinger: ro.audio.silent is ignored since no output device is set
06-25 18:27:20.131 497 3695 D AudioFlinger: ro.audio.silent is ignored since no output device is set
06-25 18:27:20.131 497 3695 D AudioFlinger: ro.audio.silent is ignored since no output device is set
06-25 18:27:20.132 497 497 I AudioFlinger: openOutput() this 0xf40872d0, module 10 Device AUDIO_DEVICE_OUT_HDMI, @:, SamplingRate 0, Format 00000000, Channels 0, flags 0x4001
06-25 18:27:20.134 454 3692 D audio_hw_hal_primary: [adev_open_output_stream_new:7205] enter: dev=0xe7203270 handle=5d devices=0x400/'HDMI,' flags=0x4001/'DIRECT,MMAP_NOIRQ,' config=(rt=0 ch_mask=0x0 fmt=0x0) address=''
06-25 18:27:20.134 454 3692 D audio_hw_hal_primary: adev_open_output_stream_new: enter
06-25 18:27:20.134 454 3692 I audio_hw_hal_primary: [adev_open_output_stream:3011] io 93: out:0xe57c4210 dev:OUT_HDMI(0x400) addr:
06-25 18:27:20.134 454 3692 I audio_hw_hal_primary: [adev_open_output_stream:3013] ch_mask:0 rate:0 format:DEFAULT(0) flags:0x4001
06-25 18:27:20.134 454 3692 I audio_hw_hal_primary: when open aaudio stream, send RUNNING msg to submix & ms12
06-25 18:27:20.134 454 3692 W audio_hw_hal_ms12common: aml_set_ms12_scheduler_state sch_state:0 SCHEDULER_RUNNING, ms12 scheduler state not changed.
06-25 18:27:20.134 454 3692 I audio_hw_hal_mmap: [outMmapInit:699] stream:0xe57c4210
06-25 18:27:20.134 454 3692 I audio_hw_hal_mmap: [dma_buffer_allocate:658] enter
06-25 18:27:20.134 454 3692 I DMABUFHEAPS: Using DMA-BUF heap named: system-uncached
06-25 18:27:20.134 454 3692 I audio_hw_hal_mmap: [dma_buffer_allocate:692] s32DmaFd:25, pu8MmapAddr:0xe8f2a000
06-25 18:27:20.134 454 3692 I audio_hw_hal_mmap: [mmap_audio_register_client:951] OK ! stream 0xe57c4210, client id 0
06-25 18:27:20.134 454 3692 I audio_hw_hal_primary: [adev_open_output_stream:3278] vendor.media.llp 0
06-25 18:27:20.134 454 3692 I audio_hw_utils_speed: aml_audio_speed_init_start_ts
06-25 18:27:20.134 454 3692 I audio_hw_utils_speed: aml_audio_speed_clear_start_ts
06-25 18:27:20.134 454 3692 I audio_hw_hal_primary: [adev_open_output_stream:3333] result profile ch_mask:0x3 rate:48000 format:PCM_16_BIT(0x1) streamType:PCM_MMAP
06-25 18:27:20.134 454 3692 I audio_hw_hal_utils: aml_get_stream_dump_file_name line 3052 file_name /data/vendor/audiohal/output_stream_in.pcm
06-25 18:27:20.134 454 3692 I aml_volume_shaper: [aml_volume_shaper_init:412] volume_shaper 0xe57c4950 done !
06-25 18:27:20.134 454 3692 I audio_hw_hal_streamMgr: [aml_stream_register:408] mutexLock list_empty:0, pStreamInfos:0xe8706050 lNode:0xe8706050 pStream:0xe57c4210 aml_out:0xe57c4210, streamCount:4
06-25 18:27:20.134 454 3692 I audio_hw_hal_primary: [adev_open_output_stream_new:7399] io 93: out: 0xe57c4210 card:0 alsa devices:0 exit ------
06-25 18:27:20.116 302 337 I SystemControl: [/Ubootenv.cpp, get, 336] [ubootenv] get key:hdr_policy envValue: 0
06-25 18:27:20.135 281 332 D MesonHwc: set key:ubootenv.var.hdr_priority value:268435472
06-25 18:27:20.135 302 337 I SystemControl: [/Ubootenv.cpp, updateValue, 68] [ubootenv] update value name [ubootenv.var.hdr_priority]: value [268435472]
06-25 18:27:20.135 302 337 I SystemControl: [/Ubootenv.cpp, get, 336] [ubootenv] get key:hdr_priority envValue: 268435472
06-25 18:27:20.136 463 463 D hdmicecd: [CEC]:printCecMessage, [4 -> 4] len: 0, body:, result:no ack
06-25 18:27:20.136 302 337 I SystemControl: [/Ubootenv.cpp, get, 345] [ubootenv] search end and not find env:user_colorattribute
06-25 18:27:20.136 454 454 I audio_hw_hal_primary: [out_get_buffer_size:510] out:0xe57c4210 config.rate=48000, format:PCM_16_BIT(0x1), stream format:PCM_16_BIT(0x1)
06-25 18:27:20.136 281 332 D MesonHwc: sc_read_bootenv val is empty
06-25 18:27:20.136 281 332 I MesonHwc: isbestColorspace:1
06-25 18:27:20.136 281 332 V MesonDisplayServer: GetDisplayMode:576cvbs
06-25 18:27:20.136 281 332 I MesonHwc: getDisplayMode mode:576cvbs
06-25 18:27:20.136 302 337 I SystemControl: [/Ubootenv.cpp, get, 336] [ubootenv] get key:hdmimode envValue: none
06-25 18:27:20.136 281 332 D MesonHwc: get key:ubootenv.var.hdmimode value:none
06-25 18:27:20.136 302 337 I SystemControl: [/Ubootenv.cpp, get, 336] [ubootenv] get key:cvbsmode envValue: 576cvbs
06-25 18:27:20.137 454 3692 I audio_hw_hal_profile: [out_get_parameters:2099] out:0xe57c4210 query channels. Format:PCM_16_BIT(0x1) ++++++++++ hal_format:PCM_16_BIT
06-25 18:27:20.137 454 3692 D audio_hw_hal_profile: get_hdmi_sink_cap_new is running...
06-25 18:27:20.138 454 3692 D audio_hw_hal_profile: [get_hdmi_sink_cap_new:894] query hdmi channels... format: PCM_16_BIT(0x1)
06-25 18:27:20.138 454 3692 I audio_hw_hal_profile: [out_get_parameters:2172] sup_channels=AUDIO_CHANNEL_OUT_STEREO
06-25 18:27:20.138 497 3697 I AudioFlinger: AudioFlinger's thread 0xee180010 tid=3697 ready to run
06-25 18:27:20.138 281 332 D MesonHwc: get key:ubootenv.var.cvbsmode value:576cvbs
06-25 18:27:20.138 281 332 I MesonHwc: hdmi_current_mode:576cvbs, ubootenv hdmimode:none cvbsmode:576cvbs
06-25 18:27:20.138 302 337 I SystemControl: [/Ubootenv.cpp, get, 345] [ubootenv] search end and not find env:user_colorattribute
06-25 18:27:20.138 281 332 D MesonHwc: sc_read_bootenv val is empty
06-25 18:27:20.138 281 332 I MesonHwc: ubootenv_colorattribute:none
06-25 18:27:20.139 302 337 I SystemControl: [/Ubootenv.cpp, get, 345] [ubootenv] search end and not find env:dv_enable
06-25 18:27:20.139 281 332 D MesonHwc: sc_read_bootenv val is empty
06-25 18:27:20.139 281 332 E MesonHwc: dolby vision driver is not ready
06-25 18:27:20.139 281 332 I MesonHwc: dv_enable:0
06-25 18:27:20.139 302 337 I SystemControl: [/Ubootenv.cpp, get, 345] [ubootenv] search end and not find env:user_prefer_dv_type
06-25 18:27:20.139 281 332 D MesonHwc: sc_read_bootenv val is empty
06-25 18:27:20.139 281 332 E MesonHwc: dolby vision driver is not ready
06-25 18:27:20.139 281 332 I MesonHwc: ubootenv_dv_type:0
06-25 18:27:20.139 281 332 D MesonDisplayServer: getDisplayAttribute "Dolby Vision CAP2": "The Rx don't support DolbyVision"
06-25 18:27:20.139 281 332 E MesonHwc: TV isn't support dv: The Rx don't support DolbyVision
06-25 18:27:20.140 302 337 I SystemControl: [/Ubootenv.cpp, get, 345] [ubootenv] search end and not find env:hdr_force_mode
06-25 18:27:20.140 281 332 D MesonHwc: sc_read_bootenv val is empty
06-25 18:27:20.140 281 332 I MesonHwc: get hdr force mode is [2]
06-25 18:27:20.140 302 337 I SystemControl: [/Ubootenv.cpp, get, 336] [ubootenv] get key:hdr_policy envValue: 0
06-25 18:27:20.148 281 332 D MesonHwc: get key:ubootenv.var.hdr_policy value:0
06-25 18:27:20.148 281 332 I MesonHwc: get uboot HdrStrategy is [0]
06-25 18:27:20.148 302 337 I SystemControl: [/Ubootenv.cpp, get, 336] [ubootenv] get key:hdr_priority envValue: 268435472
06-25 18:27:20.148 281 332 D MesonHwc: get key:ubootenv.var.hdr_priority value:268435472
06-25 18:27:20.148 281 332 I MesonHwc: getHdrPriority is [HDR10_HLG priority]
06-25 18:27:20.148 281 332 I MesonHwc: get uboot HdrPriority is [HDR10_HLG priority]
06-25 18:27:20.148 281 332 I MesonHwc: hdr_policy:follow sink, hdr_priority :HDR10_HLG priority, hdr_force_mode:2
06-25 18:27:20.148 281 332 E MesonHwc: dolby vision driver is not ready
06-25 18:27:20.148 281 332 D MesonDisplayServer: getDisplayAttribute "Dolby Vision CAP2": "The Rx don't support DolbyVision"
06-25 18:27:20.149 302 337 I SystemControl: [/Ubootenv.cpp, get, 345] [ubootenv] search end and not find env:hdr_resolution_priority
06-25 18:27:20.149 281 332 D MesonHwc: sc_read_bootenv val is empty
06-25 18:27:20.167 0 0 I [3 T332 ..] [hdmitx: ] avmute_store 1
06-25 18:27:20.149 302 337 I SystemControl: [/Ubootenv.cpp, get, 345] [ubootenv] search end and not find env:user_prefer_dv_type
06-25 18:27:20.149 281 332 D MesonHwc: sc_read_bootenv val is empty
06-25 18:27:20.149 281 332 E MesonHwc: dolby vision driver is not ready
06-25 18:27:20.149 281 332 I MesonHwc: ubootenv_dv_type:0
06-25 18:27:20.149 281 332 I MesonHwc: display sink type:1 [0:none, 1:sink, 2:repeater]
06-25 18:27:20.149 281 332 D MesonHwc: hdmi get mDcCap 444,12bit
06-25 18:27:20.149 281 332 D MesonHwc: 444,10bit
06-25 18:27:20.149 281 332 D MesonHwc: 444,8bit
06-25 18:27:20.149 281 332 D MesonHwc: 422,12bit
06-25 18:27:20.149 281 332 D MesonHwc: rgb,12bit
06-25 18:27:20.149 281 332 D MesonHwc: rgb,10bit
06-25 18:27:20.149 281 332 D MesonHwc: rgb,8bit
06-25 18:27:20.149 281 332 V MesonDisplayServer: GetDisplayMode:576cvbs
06-25 18:27:20.149 281 332 I MesonHwc: getDisplayMode mode:576cvbs
06-25 18:27:20.150 302 337 I SystemControl: [/Ubootenv.cpp, get, 345] [ubootenv] search end and not find env:framerate_priority
06-25 18:27:20.150 281 332 D MesonHwc: sc_read_bootenv val is empty
06-25 18:27:20.150 302 337 I SystemControl: [/Ubootenv.cpp, get, 336] [ubootenv] get key:hdmimode envValue: none
06-25 18:27:20.150 281 332 D MesonHwc: get key:ubootenv.var.hdmimode value:none
06-25 18:27:20.150 281 332 I MesonDisplay: [/mode_policy.c, meson_mode_set_policy, 1177] connector:0 to policy:0
06-25 18:27:20.150 281 332 I MesonDisplay: [/mode_policy.c, is_dv_prefer, 66] not prefer dv, hdr_priority:10000010
06-25 18:27:20.150 281 332 I MesonDisplay: [/mode_policy.c, is_dv_prefer, 66] not prefer dv, hdr_priority:10000010
06-25 18:27:20.150 281 332 I MesonDisplay: [/mode_policy.c, hdr_scene_process, 724] policy:0 is_bestcolorspace:1 state:1
06-25 18:27:20.150 281 332 I MesonDisplay: [/mode_policy_parser.c, is_support_hdmimode, 115] is_support_hdmimode mode: none not support
06-25 18:27:20.150 281 332 I MesonDisplay: [/mode_policy_parser.c, is_support_hdmimode, 115] is_support_hdmimode mode: 2160p60hz not support
06-25 18:27:20.150 281 332 I MesonDisplay: [/mode_policy_parser.c, is_support_hdmimode, 115] is_support_hdmimode mode: 2160p50hz not support
06-25 18:27:20.150 281 332 I MesonDisplay: [/mode_policy.c, is_support_4kHDR, 507] is_support_4kHDR 4k hdr not support
06-25 18:27:20.150 281 332 I MesonDisplay: [/mode_policy_parser.c, is_support_hdmimode, 110] is_support_hdmimode mode: 1080p60hz
06-25 18:27:20.150 281 332 D MesonDisplay: meson_write /sys/class/amhdmitx/amhdmitx0/valid_mode, outputmode:1080p60hz422,12bit
06-25 18:27:20.151 281 332 D MesonDisplay: valid mode is true!
06-25 18:27:20.151 281 332 I MesonDisplay: [/mode_policy.c, is_support_non4kHDR, 552] is_support_non4kHDR mode:[1080p60hz], color format:[422,12bit]
06-25 18:27:20.151 281 332 I MesonDisplay: [/mode_policy.c, meson_mode_get_policy_output, 1289] final_displaymode:1080p60hz, final_deepcolor:422,12bit, amdv_type:0
06-25 18:27:20.151 302 337 I SystemControl: [/Ubootenv.cpp, get, 336] [ubootenv] get key:hdr_preferred_policy envValue: 0
06-25 18:27:20.151 281 332 D MesonHwc: get key:ubootenv.var.hdr_preferred_policy value:0
06-25 18:27:20.151 281 332 I MesonHwc: getPreferredHdrStrategy is 0
06-25 18:27:20.151 281 332 I MesonHwc: check_hdr_mode mode:1080p60hz outHdrConversionType:HDR10 support:1
06-25 18:27:20.151 281 332 I MesonHwc: quiescent_mode is 0
06-25 18:27:20.151 281 332 I MesonHwc: get uenv frc policy is 1 and current value is 1
06-25 18:27:20.151 281 332 I MesonHwc: cur frac_rate_policy is equals
06-25 18:27:20.151 281 332 D MesonDisplayServer: use connector getDisplayAttribute "HDMI Color ATTR": "rgb,8bit"
06-25 18:27:20.151 281 332 I MesonHwc: curDeepcolor[rgb,8bit] final_deepcolor[422,12bit]
06-25 18:27:20.151 281 332 I MesonHwc: set color space from:rgb,8bit to 422,12bit
06-25 18:27:20.151 281 332 D MesonDisplayServer: SetDisplay[HDMI Color ATTR] attr to "422,12bit"
06-25 18:27:20.151 281 332 D MesonHwc: setColorAttribute hdmiColorAttr: 422,12bit
06-25 18:27:20.151 281 332 D MesonDisplayServer: getDisplayAttribute "HDR Policy": "0"
06-25 18:27:20.151 281 332 I MesonHwc: cur hdr policy:0
06-25 18:27:20.151 281 332 D MesonDisplayServer: getDisplayAttribute "FORCE HDR Mode": "0"
06-25 18:27:20.151 281 332 I MesonHwc: cur hdr force mode:0
06-25 18:27:20.151 281 332 D MesonDisplayServer: getDisplayAttribute "Dolby Vision Mode": "usage: echo mode > /sys/class/amdolby_vision/dv_mode AMDV_OUTPUT_MODE_BYPASS 0 AMDV_OUTPUT_MODE_IPT 1 AMDV_OUTPUT_MODE_IPT_TUNNEL 2 AMDV_OUTPUT_MODE_HDR10 3 AMDV_OUTPUT_MODE_SDR10 4 AMDV_OUTPUT_MODE_SDR8 5current dv_mode = off"
06-25 18:27:20.151 281 332 D MesonDisplayServer: getDisplayAttribute "Dolby Vision Policy": "0"
06-25 18:27:20.151 281 332 I MesonHwc: cur dv policy:0
06-25 18:27:20.152 302 337 I SystemControl: [/Ubootenv.cpp, get, 345] [ubootenv] search end and not find env:hdr_force_mode
06-25 18:27:20.152 281 332 D MesonHwc: sc_read_bootenv val is empty
06-25 18:27:20.152 281 332 I MesonHwc: get hdr force mode is [2]
06-25 18:27:20.152 302 337 I SystemControl: [/Ubootenv.cpp, get, 336] [ubootenv] get key:hdr_policy envValue: 0
06-25 18:27:20.152 497 497 D AudioFlinger: closing mmapThread 0xee180010
06-25 18:27:20.153 497 497 D AudioFlinger: mmapThread exit()
06-25 18:27:20.154 281 332 D MesonHwc: get key:ubootenv.var.hdr_policy value:0
06-25 18:27:20.154 281 332 I MesonHwc: get uboot HdrStrategy is [0]
06-25 18:27:20.154 281 332 E MesonHwc: dolby vision driver is not ready
06-25 18:27:20.154 454 3692 I audio_hw_hal_primary: [adev_close_output_stream_new:7414] io handle 93: out:0xe57c4210
06-25 18:27:20.154 281 332 D MesonDisplayServer: use connector getDisplayAttribute "HDR Priority": "0"
06-25 18:27:20.154 454 3692 D audio_hw_hal_primary: adev_close_output_stream_new: enter streamType = PCM_MMAP
06-25 18:27:20.154 281 332 I MesonHwc: getCurrentHdrPriority is [DV Priority]
06-25 18:27:20.154 454 3692 I aml_volume_shaper: [aml_volume_shaper_release:432] volume_shaper 0xe57c4950 done !
06-25 18:27:20.154 454 3692 I audio_hw_hal_primary: [adev_close_output_stream:3406] io 93: out:0xe57c4210 dev:OUT_HDMI(0x400) flags:0x4001, streamType:PCM_MMAP
06-25 18:27:20.154 454 3692 D audio_hw_hal_primary: [out_standby_new:5484] io 93: out:0xe57c4210 streamType:PCM_MMAP
06-25 18:27:20.154 454 3692 I audio_hw_hal_primary: already standby, do nothing
06-25 18:27:20.154 454 3692 I audio_hw_hal_mmap: [outMmapDeInit:766] stream:0xe57c4210
06-25 18:27:20.154 454 3692 I audio_hw_hal_mmap: [mmap_audio_unregister_client:979] OK ! stream 0xe57c4210, client id 0
06-25 18:27:20.154 302 337 I SystemControl: [/Ubootenv.cpp, get, 336] [ubootenv] get key:hdr_priority envValue: 268435472
06-25 18:27:20.154 454 3692 I audio_hw_hal_primary: when close aaudio stream, send STANDBY msg to submix & ms12
06-25 18:27:20.154 454 3692 I audio_hw_hal_streamMgr: [aml_get_is_exist_active_stream:249] ptmp:0xe8706050 pStream:0xe57c4210, amlStream:0xe57c4210, streamCount:4 nodeIndex:4, retValue:0
06-25 18:27:20.154 454 3692 I audio_hw_hal_ms12common: aml_set_ms12_scheduler_state ms12_scheduler_state:1, sch_state:1 SCHEDULER_STANDBY is sent to ms12
06-25 18:27:20.154 454 3692 I audio_hw_hal_kara_mngr: [karaoke_close:961] enter
06-25 18:27:20.154 454 3692 I audio_hw_hal_kara_mngr: [karaoke_close:971] exit
06-25 18:27:20.154 281 332 D MesonHwc: get key:ubootenv.var.hdr_priority value:268435472
06-25 18:27:20.154 454 3692 I audio_hw_hal_resourcemgr: [is_output_device_muted:713] device:0x2 port_mute:0, fade_mute:0
06-25 18:27:20.154 281 332 I MesonHwc: getHdrPriority is [HDR10_HLG priority]
06-25 18:27:20.154 454 3692 I audio_hw_hal_streamMgr: [aml_stream_unregister:467] item:0xe8706050 ptmp:0xe8706050 lNode:0xe8706050 pStream:0xe57c4210
06-25 18:27:20.154 281 332 I MesonHwc: get uboot HdrPriority is [HDR10_HLG priority]
06-25 18:27:20.154 454 3692 I audio_hw_hal_primary: [adev_close_output_stream:3596] io 93: out:0xe57c4210 exit ------
06-25 18:27:20.154 281 332 I MesonHwc: [/ModePolicy.cpp, applyDisplaySetting, 2222] set hdr priority from:DV Priority to HDR10_HLG priority
06-25 18:27:20.155 281 332 D MesonDisplayServer: getDisplayAttribute "Dolby Vision Enable": "N"
06-25 18:27:20.155 281 332 D MesonDisplayServer: getDisplayAttribute "Dolby Vision LL Policy": "0"
06-25 18:27:20.155 281 332 I MesonHwc: curDvMode 0, want DvMode 0
06-25 18:27:20.155 281 332 E MesonHwc: dolby vision driver is not ready
06-25 18:27:20.155 281 332 I MesonHwc: cur DvMode is equals
06-25 18:27:20.155 281 332 V MesonDisplayServer: GetDisplayMode:576cvbs
06-25 18:27:20.155 281 332 I MesonHwc: getDisplayMode mode:576cvbs
06-25 18:27:20.155 281 332 I MesonHwc: curMode:[576cvbs] ,final_displaymode[1080p60hz]
06-25 18:27:20.155 281 332 I MesonHwc: curmode:576cvbs, tmpMode:576cvbs, outputmode:1080p60hz
06-25 18:27:20.155 281 332 I MesonHwc: connector not ready
06-25 18:27:20.155 281 332 I MesonHwc: setSysfsStr /sys/devices/virtual/amhdmitx/amhdmitx0/avmute= 1
06-25 18:27:20.155 497 497 I AudioFlinger: openOutput() this 0xf40872d0, module 10 Device AUDIO_DEVICE_OUT_HDMI, @:, SamplingRate 48000, Format 0x000001, Channels 0x3, flags 0x4001
06-25 18:27:20.155 281 332 I MesonDisplay: [/HDCPTxAuth.cpp, stopVerAll, 344] hdcp_tx 2.2 & 1.4 stop hdcp pwr
06-25 18:27:20.155 281 332 E MesonDisplay: open /sys/class/amhdmitx/amhdmitx0/hdcp_pwr fail. Error info [No such file or directory]
06-25 18:27:20.155 454 454 D audio_hw_hal_primary: [adev_open_output_stream_new:7205] enter: dev=0xe7203270 handle=65 devices=0x400/'HDMI,' flags=0x4001/'DIRECT,MMAP_NOIRQ,' config=(rt=48000 ch_mask=0x3 fmt=0x1) address=''
06-25 18:27:20.155 454 454 D audio_hw_hal_primary: adev_open_output_stream_new: enter
06-25 18:27:20.155 454 454 I audio_hw_hal_primary: [adev_open_output_stream:3011] io 101: out:0xe57c4210 dev:OUT_HDMI(0x400) addr:
06-25 18:27:20.155 454 454 I audio_hw_hal_primary: [adev_open_output_stream:3013] ch_mask:0x3 rate:48000 format:PCM_16_BIT(0x1) flags:0x4001
06-25 18:27:20.155 454 454 I audio_hw_hal_primary: when open aaudio stream, send RUNNING msg to submix & ms12
06-25 18:27:20.155 454 454 D audio_hw_hal_ms12v2: set_dolby_ms12_continuous_state audio_continuous_standby_set status 0
06-25 18:27:20.155 454 454 D audio_hw_hal_continuous_standby: audio_continuous_standby_set, type 0, params 0
06-25 18:27:20.155 454 454 I audio_hw_hal_ms12common: aml_set_ms12_scheduler_state ms12_scheduler_state:0, sch_state:0 SCHEDULER_RUNNING is sent to ms12
06-25 18:27:20.155 454 454 I audio_hw_hal_mmap: [outMmapInit:699] stream:0xe57c4210
06-25 18:27:20.155 454 454 I audio_hw_hal_mmap: [dma_buffer_allocate:658] enter
06-25 18:27:20.155 454 454 I DMABUFHEAPS: Using DMA-BUF heap named: system-uncached
06-25 18:27:20.156 454 454 I audio_hw_hal_mmap: [dma_buffer_allocate:692] s32DmaFd:25, pu8MmapAddr:0xe8f2a000
06-25 18:27:20.156 454 454 I audio_hw_hal_mmap: [mmap_audio_register_client:951] OK ! stream 0xe57c4210, client id 0
06-25 18:27:20.156 454 454 I audio_hw_hal_primary: [adev_open_output_stream:3278] vendor.media.llp 0
06-25 18:27:20.156 454 454 I audio_hw_utils_speed: aml_audio_speed_init_start_ts
06-25 18:27:20.156 454 454 I audio_hw_utils_speed: aml_audio_speed_clear_start_ts
06-25 18:27:20.156 454 454 I audio_hw_hal_primary: [adev_open_output_stream:3333] result profile ch_mask:0x3 rate:48000 format:PCM_16_BIT(0x1) streamType:PCM_MMAP
06-25 18:27:20.156 454 454 I audio_hw_hal_utils: aml_get_stream_dump_file_name line 3052 file_name /data/vendor/audiohal/output_stream_in.pcm
06-25 18:27:20.156 454 454 I aml_volume_shaper: [aml_volume_shaper_init:412] volume_shaper 0xe57c4950 done !
06-25 18:27:20.156 454 454 I audio_hw_hal_streamMgr: [aml_stream_register:408] mutexLock list_empty:0, pStreamInfos:0xe8705eb0 lNode:0xe8705eb0 pStream:0xe57c4210 aml_out:0xe57c4210, streamCount:4
06-25 18:27:20.156 454 454 I audio_hw_hal_primary: [adev_open_output_stream_new:7399] io 101: out: 0xe57c4210 card:0 alsa devices:0 exit ------
06-25 18:27:20.158 454 664 I audio_hw_hal_primary: [out_get_buffer_size:510] out:0xe57c4210 config.rate=48000, format:PCM_16_BIT(0x1), stream format:PCM_16_BIT(0x1)
06-25 18:27:20.160 497 3699 I AudioFlinger: AudioFlinger's thread 0xee180010 tid=3699 ready to run
06-25 18:27:20.168 454 664 I audio_hw_hal_primary: [out_set_volume:1110] out:0xe57c4210 left:1.000000 continuous:1 internal_format:PCM_16_BIT dolby:0 direct pcm:1 mmap_pcm:1
06-25 18:27:20.174 497 497 I AudioFlinger: openOutput() this 0xf40872d0, module 10 Device AUDIO_DEVICE_OUT_HDMI, @:, SamplingRate 44100, Format 0xe000000, Channels 0x1, flags 0x11
06-25 18:27:20.174 454 3692 D audio_hw_hal_primary: [adev_open_output_stream_new:7205] enter: dev=0xe7203270 handle=6d devices=0x400/'HDMI,' flags=0x11/'DIRECT,COMPRESS_OFFLOAD,' config=(rt=44100 ch_mask=0x1 fmt=0xe000000) address=''
06-25 18:27:20.174 454 3692 D audio_hw_hal_primary: adev_open_output_stream_new: enter
06-25 18:27:20.175 454 3692 I audio_hw_hal_primary: [adev_open_output_stream:3011] io 109: out:0xe57c5ad0 dev:OUT_HDMI(0x400) addr:
06-25 18:27:20.175 454 3692 I audio_hw_hal_primary: [adev_open_output_stream:3013] ch_mask:0x1 rate:44100 format:DOLBY_TRUEHD(0xe000000) flags:0x11
06-25 18:27:20.175 454 3692 I audio_hw_hal_primary: adev_open_output_stream: for raw audio output,force alsa stereo output
06-25 18:27:20.175 454 3692 I audio_hw_utils_speed: aml_audio_speed_init_start_ts
06-25 18:27:20.175 454 3692 I audio_hw_utils_speed: aml_audio_speed_clear_start_ts
06-25 18:27:20.175 454 3692 I audio_hw_hal_primary: [adev_open_output_stream:3333] result profile ch_mask:0x1 rate:44100 format:DOLBY_TRUEHD(0xe000000) streamType:RAW_DIRECT
06-25 18:27:20.175 454 3692 I audio_hw_hal_utils: aml_get_stream_dump_file_name line 3052 file_name /data/vendor/audiohal/output_stream_in.mlp
06-25 18:27:20.175 454 3692 I aml_volume_shaper: [aml_volume_shaper_init:412] volume_shaper 0xe57c6210 done !
06-25 18:27:20.175 454 3692 I audio_hw_hal_streamMgr: [aml_stream_register:408] mutexLock list_empty:0, pStreamInfos:0xe8705ef0 lNode:0xe8705ef0 pStream:0xe57c5ad0 aml_out:0xe57c5ad0, streamCount:5
06-25 18:27:20.175 454 3692 I audio_hw_hal_primary: [adev_open_output_stream_new:7399] io 109: out: 0xe57c5ad0 card:0 alsa devices:0 exit ------
06-25 18:27:20.176 454 3692 I audio_hw_hal_primary: [out_get_buffer_size:510] out:0xe57c5ad0 config.rate=44100, format:DOLBY_TRUEHD(0xe000000), stream format:DOLBY_TRUEHD(0xe000000)
06-25 18:27:20.177 497 497 I AudioFlinger: HAL output buffer size 16384 frames, normal sink buffer size 16384 frames
06-25 18:27:20.177 454 664 I audio_hw_hal_primary: [audiohal_get_latency:1036] io 109: out:0xe57c5ad0 frames:1152 rate:44100 whole_latency:26 alsa_latency:26
06-25 18:27:20.177 454 664 I audio_hw_hal_primary: [out_set_event_callback:2889] io 109: out:0xe57c5ad0, callback:0xe78379ed cookie:0xe80c0910
06-25 18:27:20.178 454 664 I audio_hw_hal_primary: [audiohal_get_latency:1036] io 109: out:0xe57c5ad0 frames:1152 rate:44100 whole_latency:26 alsa_latency:26
06-25 18:27:20.179 454 664 I audio_hw_hal_primary: [audiohal_get_latency:1036] io 109: out:0xe57c5ad0 frames:1024 rate:44100 whole_latency:23 alsa_latency:23
06-25 18:27:20.179 497 3701 I AudioFlinger: AudioFlinger's thread 0xee30c1c0 tid=3701 ready to run
06-25 18:27:20.181 497 3701 D AudioFlinger: ro.audio.silent is ignored since no output device is set
06-25 18:27:20.182 497 3701 D AudioFlinger: ro.audio.silent is ignored since no output device is set
06-25 18:27:20.193 463 463 D hdmicecd: [CEC]:printCecMessage, [4 -> 4] len: 0, body:, result:no ack
06-25 18:27:20.195 497 497 I AudioFlinger: openOutput() this 0xf40872d0, module 10 Device AUDIO_DEVICE_OUT_HDMI, @:, SamplingRate 0, Format 00000000, Channels 0, flags 0x41
06-25 18:27:20.195 454 664 D audio_hw_hal_primary: [adev_open_output_stream_new:7205] enter: dev=0xe7203270 handle=75 devices=0x400/'HDMI,' flags=0x41/'DIRECT,HW_AV_SYNC,' config=(rt=0 ch_mask=0x0 fmt=0x0) address=''
06-25 18:27:20.195 454 664 D audio_hw_hal_primary: adev_open_output_stream_new: enter
06-25 18:27:20.195 454 664 I audio_hw_hal_primary: [adev_open_output_stream:3011] io 117: out:0xe57c2950 dev:OUT_HDMI(0x400) addr:
06-25 18:27:20.195 454 664 I audio_hw_hal_primary: [adev_open_output_stream:3013] ch_mask:0 rate:0 format:DEFAULT(0) flags:0x41
06-25 18:27:20.195 454 664 I audio_hw_utils_speed: aml_audio_speed_init_start_ts
06-25 18:27:20.195 454 664 I audio_hw_utils_speed: aml_audio_speed_clear_start_ts
06-25 18:27:20.195 454 664 I audio_hw_hal_primary: [adev_open_output_stream:3333] result profile ch_mask:0x3 rate:48000 format:PCM_16_BIT(0x1) streamType:PCM_HWSYNC
06-25 18:27:20.196 454 664 D audio_hw_hal_timer: func:audio_timer_create create timer.3 success.
06-25 18:27:20.196 454 664 D audio_hw_hal_timer: func:audio_timer_create create timer.4 success.
06-25 18:27:20.196 454 664 D audio_hw_hal_primary: [adev_open_output_stream_new:7306] timer_id:3
06-25 18:27:20.196 454 664 I audio_hw_hal_utils: aml_get_stream_dump_file_name line 3052 file_name /data/vendor/audiohal/output_stream_in.pcm
06-25 18:27:20.196 454 664 I aml_volume_shaper: [aml_volume_shaper_init:412] volume_shaper 0xe57c3090 done !
06-25 18:27:20.196 454 664 I audio_hw_hal_streamMgr: [aml_stream_register:408] mutexLock list_empty:0, pStreamInfos:0xe87060f0 lNode:0xe87060f0 pStream:0xe57c2950 aml_out:0xe57c2950, streamCount:6
06-25 18:27:20.196 454 664 I audio_hw_hal_primary: [adev_open_output_stream_new:7399] io 117: out: 0xe57c2950 card:0 alsa devices:0 exit ------
06-25 18:27:20.201 281 332 E MesonDisplay: open /sys/class/amhdmitx/amhdmitx0/hdcp_pwr fail. Error info [No such file or directory]
06-25 18:27:20.201 281 332 E MesonDisplay: open /sys/class/amhdmitx/amhdmitx0/hdcp_ctrl fail. Error info [No such file or directory]
06-25 18:27:20.201 281 332 E MesonDisplay: open /sys/class/amhdmitx/amhdmitx0/hdcp_ctrl fail. Error info [No such file or directory]
06-25 18:27:20.203 281 332 D MesonDisplayServer: SetDisplay[HDR Priority] attr to "268435472"
06-25 18:27:20.203 281 332 D MesonHwc: setHdrPriority value 268435472
06-25 18:27:20.203 281 332 I MesonHwc: setDisplayMode mode:1080p60hz
06-25 18:27:20.203 281 332 D MesonDisplayServer: SetDisplay[HDMI] Mode to "1080p60hz"
06-25 18:27:20.203 281 332 D MesonHwc: blankDisplay connectorType:11
06-25 18:27:20.203 281 332 D MesonHwc: [setConnectorStatus]: power mode 2
06-25 18:27:20.203 281 332 D MesonHwc: displayId:0, blank all display planes
06-25 18:27:20.207 454 664 I audio_hw_hal_primary: [out_get_buffer_size:510] out:0xe57c2950 config.rate=48000, format:PCM_16_BIT(0x1), stream format:PCM_16_BIT(0x1)
06-25 18:27:20.207 497 497 I AudioFlinger: HAL output buffer size 2058 frames, normal sink buffer size 2058 frames
06-25 18:27:20.208 454 664 I audio_hw_hal_primary: [audiohal_get_latency:1036] io 117: out:0xe57c2950 frames:1280 rate:48000 whole_latency:26 alsa_latency:26
06-25 18:27:20.209 454 664 I audio_hw_hal_primary: [out_set_event_callback:2889] io 117: out:0xe57c2950, callback:0xe78379ed cookie:0xe80c0370
06-25 18:27:20.209 497 3704 I AudioFlinger: AudioFlinger's thread 0xee310250 tid=3704 ready to run
06-25 18:27:20.209 454 3692 I audio_hw_hal_primary: [audiohal_get_latency:1036] io 117: out:0xe57c2950 frames:1152 rate:48000 whole_latency:24 alsa_latency:24
06-25 18:27:20.209 454 664 I audio_hw_hal_primary: [audiohal_get_latency:1036] io 117: out:0xe57c2950 frames:1152 rate:48000 whole_latency:24 alsa_latency:24
06-25 18:27:20.210 497 3704 D AudioFlinger: ro.audio.silent is ignored since no output device is set
06-25 18:27:20.210 454 454 D audio_hw_hal_primary: [out_standby_new:5484] io 117: out:0xe57c2950 streamType:PCM_HWSYNC
06-25 18:27:20.211 454 454 I audio_hw_hal_primary: already standby, do nothing
06-25 18:27:20.211 454 454 I audio_hw_hal_profile: [out_get_parameters:2092] out:0xe57c2950 query audio format. ++++++++++ hal_format:PCM_16_BIT
06-25 18:27:20.211 454 454 D audio_hw_hal_profile: get_hdmi_sink_cap_new is running...
06-25 18:27:20.211 454 454 D audio_hw_hal_profile: query hdmi format...
06-25 18:27:20.211 454 454 D audio_hw_hal_profile: get_hdmi_sink_cap_new ddp is supported; ddp-joc(atmos) is unsupported;
06-25 18:27:20.211 454 454 I audio_hw_hal_profile: get_hdmi_sink_cap_new dts-hd vendor special byte3:0x1
06-25 18:27:20.211 454 454 I audio_hw_hal_profile: PCM cap Max channel =2
06-25 18:27:20.211 454 454 I audio_hw_hal_profile: [out_get_parameters:2172] sup_formats=AUDIO_FORMAT_PCM_16_BIT|AUDIO_FORMAT_IEC61937|AUDIO_FORMAT_E_AC3|AUDIO_FORMAT_AC3|AUDIO_FORMAT_DTS
06-25 18:27:20.212 497 497 D APM_AudioPolicyManager: modifySurroundFormats: forced use = 13
06-25 18:27:20.212 454 454 I audio_hw_hal_profile: [out_get_parameters:2096] out:0xe57c2950 query sample rate. Format:PCM_16_BIT(0x1) ++++++++++ hal_format:PCM_16_BIT
06-25 18:27:20.212 454 454 D audio_hw_hal_profile: get_hdmi_sink_cap_new is running...
06-25 18:27:20.212 454 454 D audio_hw_hal_profile: [get_hdmi_sink_cap_new:967] query hdmi sample_rate... format: PCM_16_BIT(0x1)
06-25 18:27:20.212 454 454 I audio_hw_hal_profile: get_hdmi_sink_cap_new format =0x1 support rate =sup_sampling_rates=32000|44100|48000|88200|96000|176400|192000
06-25 18:27:20.212 454 454 I audio_hw_hal_profile: [out_get_parameters:2172] sup_sampling_rates=32000|44100|48000|88200|96000|176400|192000
06-25 18:27:20.213 454 454 I audio_hw_hal_profile: [out_get_parameters:2099] out:0xe57c2950 query channels. Format:PCM_16_BIT(0x1) ++++++++++ hal_format:PCM_16_BIT
06-25 18:27:20.213 454 454 D audio_hw_hal_profile: get_hdmi_sink_cap_new is running...
06-25 18:27:20.213 454 454 D audio_hw_hal_profile: [get_hdmi_sink_cap_new:894] query hdmi channels... format: PCM_16_BIT(0x1)
06-25 18:27:20.213 454 454 I audio_hw_hal_profile: [out_get_parameters:2172] sup_channels=AUDIO_CHANNEL_OUT_STEREO
06-25 18:27:20.214 454 454 I audio_hw_hal_profile: [out_get_parameters:2096] out:0xe57c2950 query sample rate. Format:IEC61937(0xd000000) ++++++++++ hal_format:PCM_16_BIT
06-25 18:27:20.214 454 454 D audio_hw_hal_profile: get_hdmi_sink_cap_new is running...
06-25 18:27:20.214 454 454 D audio_hw_hal_profile: [get_hdmi_sink_cap_new:967] query hdmi sample_rate... format: IEC61937(0xd000000)
06-25 18:27:20.214 454 454 I audio_hw_hal_profile: [out_get_parameters:2172] sup_sampling_rates=8000|11025|16000|22050|24000|32000|44100|48000|128000|176400|192000
06-25 18:27:20.215 454 454 I audio_hw_hal_profile: [out_get_parameters:2099] out:0xe57c2950 query channels. Format:IEC61937(0xd000000) ++++++++++ hal_format:PCM_16_BIT
06-25 18:27:20.215 454 454 D audio_hw_hal_profile: get_hdmi_sink_cap_new is running...
06-25 18:27:20.215 454 454 D audio_hw_hal_profile: [get_hdmi_sink_cap_new:894] query hdmi channels... format: IEC61937(0xd000000)
06-25 18:27:20.215 454 454 I audio_hw_hal_profile: [out_get_parameters:2172] sup_channels=AUDIO_CHANNEL_OUT_MONO|AUDIO_CHANNEL_OUT_STEREO|AUDIO_CHANNEL_OUT_TRI|AUDIO_CHANNEL_OUT_TRI_BACK|AUDIO_CHANNEL_OUT_3POINT1|AUDIO_CHANNEL_OUT_QUAD|AUDIO_CHANNEL_OUT_SURROUND|AUDIO_CHANNEL_OUT_PENTA|AUDIO_CHANNEL_OUT_5POINT1|AUDIO_CHANNEL_OUT_7POINT1
06-25 18:27:20.216 454 454 D audio_hw_hal_primary: [out_dump:758] io 117: out:0xe57c2950, fd:26
06-25 18:27:20.218 454 3692 D audio_hw_hal_primary: [out_set_parameters:779] out:0xe57c2950 kvpairs:closing=true;exiting=1 out->out_device:0x400, adev->out_device:0x80002
06-25 18:27:20.218 454 3692 E audio_hw_hal_primary: out_set_parameters, ret:-2, hw_sync_mode:is false
06-25 18:27:20.218 454 3692 I audio_hw_hal_primary: out_set_parameters stream 0xe57c2950 is_closing
06-25 18:27:20.218 454 3692 D audio_hw_hal_timer: func:audio_timer_delete delete timer.3 success.
06-25 18:27:20.218 454 3692 I audio_hw_hal_stream: [aml_stream_delete_timer:1839] timer_id -1 ok
06-25 18:27:20.218 454 3692 D audio_hw_hal_timer: func:audio_timer_delete delete timer.4 success.
06-25 18:27:20.218 454 3692 I audio_hw_hal_stream: [aml_stream_delete_timer:1847] timer_id2 -1 ok
06-25 18:27:20.218 497 497 E AudioFlinger: Error when calling exit(): -61
06-25 18:27:20.218 497 3704 D AudioFlinger: ro.audio.silent is ignored since no output device is set
06-25 18:27:20.219 454 3692 I audio_hw_hal_primary: [out_set_event_callback:2889] io 117: out:0xe57c2950, callback:0xe78379ed cookie:0xe80c0370
06-25 18:27:20.219 454 3692 I audio_hw_hal_primary: [adev_close_output_stream_new:7414] io handle 117: out:0xe57c2950
06-25 18:27:20.219 454 3692 D audio_hw_hal_primary: adev_close_output_stream_new: enter streamType = PCM_HWSYNC
06-25 18:27:20.219 454 3692 I aml_volume_shaper: [aml_volume_shaper_release:432] volume_shaper 0xe57c3090 done !
06-25 18:27:20.219 454 3692 I audio_hw_hal_primary: [adev_close_output_stream:3406] io 117: out:0xe57c2950 dev:OUT_HDMI(0x400) flags:0x41, streamType:PCM_HWSYNC
06-25 18:27:20.219 454 3692 D audio_hw_hal_primary: [out_standby_new:5484] io 117: out:0xe57c2950 streamType:PCM_HWSYNC
06-25 18:27:20.219 454 3692 I audio_hw_hal_primary: already standby, do nothing
06-25 18:27:20.219 454 3692 I audio_hw_hal_kara_mngr: [karaoke_close:961] enter
06-25 18:27:20.219 454 3692 I audio_hw_hal_kara_mngr: [karaoke_close:971] exit
06-25 18:27:20.219 454 3692 I audio_hw_hal_resourcemgr: [is_output_device_muted:713] device:0x2 port_mute:0, fade_mute:0
06-25 18:27:20.219 454 3692 I audio_hw_hal_streamMgr: [aml_stream_unregister:467] item:0xe87060f0 ptmp:0xe87060f0 lNode:0xe87060f0 pStream:0xe57c2950
06-25 18:27:20.219 454 3692 I audio_hw_hal_primary: [adev_close_output_stream:3596] io 117: out:0xe57c2950 exit ------
06-25 18:27:20.220 497 497 I AudioFlinger: openOutput() this 0xf40872d0, module 10 Device AUDIO_DEVICE_OUT_HDMI, @:, SamplingRate 8000, Format 0xd000000, Channels 0x1, flags 0x41
06-25 18:27:20.220 454 3692 D audio_hw_hal_primary: [adev_open_output_stream_new:7205] enter: dev=0xe7203270 handle=7d devices=0x400/'HDMI,' flags=0x441/'DIRECT,HW_AV_SYNC,IEC958_NONAUDIO,' config=(rt=8000 ch_mask=0x1 fmt=0xd000000) address=''
06-25 18:27:20.221 281 333 E MesonHwc: waitVBlank failed crtc[63]ret[-1]
06-25 18:27:20.222 248 504 W HWComposer: Ignoring duplicate VSYNC event from HWC for display 4625716335649126413 (t=352320215000)
06-25 18:27:20.222 281 333 E MesonHwc: wait for hw vsync error:-1
06-25 18:27:20.222 454 3692 D audio_hw_hal_primary: adev_open_output_stream_new: enter
06-25 18:27:20.222 454 3692 I audio_hw_hal_primary: [adev_open_output_stream:3011] io 125: out:0xe57c2950 dev:OUT_HDMI(0x400) addr:
06-25 18:27:20.222 454 3692 I audio_hw_hal_primary: [adev_open_output_stream:3013] ch_mask:0x1 rate:8000 format:IEC61937(0xd000000) flags:0x441
06-25 18:27:20.222 454 3692 D audio_hw_hal_primary: [adev_open_output_stream:3119] current format is IEC61937
06-25 18:27:20.222 454 3692 I audio_hw_utils_speed: aml_audio_speed_init_start_ts
06-25 18:27:20.222 454 3692 I audio_hw_utils_speed: aml_audio_speed_clear_start_ts
06-25 18:27:20.222 454 3692 I audio_hw_hal_primary: [adev_open_output_stream:3333] result profile ch_mask:0x1 rate:8000 format:IEC61937(0xd000000) streamType:RAW_DIRECT
06-25 18:27:20.222 454 3692 I audio_hw_hal_utils: aml_get_stream_dump_file_name line 3052 file_name /data/vendor/audiohal/output_stream_in.pcm
06-25 18:27:20.222 454 3692 I aml_volume_shaper: [aml_volume_shaper_init:412] volume_shaper 0xe57c3090 done !
06-25 18:27:20.222 454 3692 I audio_hw_hal_streamMgr: [aml_stream_register:408] mutexLock list_empty:0, pStreamInfos:0xe8706370 lNode:0xe8706370 pStream:0xe57c2950 aml_out:0xe57c2950, streamCount:6
06-25 18:27:20.222 454 3692 I audio_hw_hal_primary: [adev_open_output_stream_new:7399] io 125: out: 0xe57c2950 card:0 alsa devices:0 exit ------
06-25 18:27:20.224 454 3692 I audio_hw_hal_primary: [out_get_buffer_size:510] out:0xe57c2950 config.rate=8000, format:IEC61937(0xd000000), stream format:IEC61937(0xd000000)
06-25 18:27:20.224 454 3692 I audio_hw_hal_primary: out_get_buffer_size AUDIO_FORMAT_IEC61937 buffer size = 4096 frames
06-25 18:27:20.224 497 497 I AudioFlinger: HAL output buffer size 2048 frames, normal sink buffer size 2048 frames
06-25 18:27:20.225 454 3692 I audio_hw_hal_primary: [audiohal_get_latency:1036] io 125: out:0xe57c2950 frames:1152 rate:8000 whole_latency:144 alsa_latency:144
06-25 18:27:20.232 0 0 I : [3 T332 ..] [drm] build_hdmitx_attr_str:422,12bit = 1+12
06-25 18:27:20.233 0 0 I : [3 T332 ..] [drm] am_meson_crtc_atomic_disable-[0]:in
06-25 18:27:20.234 0 0 I : [3 T332 ..]
06-25 18:27:20.234 0 0 I [3 T332 ..] vdac_enable: 0, module_sel:0x8, private_flag:0x8
06-25 18:27:20.235 0 0 I [3 T332 ..] cvbsout: cvbs_vdac_output: 0
06-25 18:27:20.236 0 0 I : [3 T332 ..] [drm] am_meson_crtc_atomic_enable-[0] in: new[1080p60hz], old[576cvbs], vmode[4-4], uboot[0]
06-25 18:27:20.237 0 0 I : [3 T332 ..] [drm] am_meson_crtc_atomic_enable-[0]: enable mode 1080p60hz final vmode 0
06-25 18:27:20.227 454 3692 I audio_hw_hal_primary: [out_set_event_callback:2889] io 125: out:0xe57c2950, callback:0xe78379ed cookie:0xe80c0fd0
06-25 18:27:20.228 454 3692 I audio_hw_hal_primary: [audiohal_get_latency:1036] io 125: out:0xe57c2950 frames:1280 rate:8000 whole_latency:160 alsa_latency:160
06-25 18:27:20.229 454 454 I audio_hw_hal_primary: [audiohal_get_latency:1036] io 125: out:0xe57c2950 frames:1280 rate:8000 whole_latency:160 alsa_latency:160
06-25 18:27:20.231 497 3706 I AudioFlinger: AudioFlinger's thread 0xee310250 tid=3706 ready to run
06-25 18:27:20.242 0 0 I [3 T332 ..] [hdmitx: ] set21_s7d_htxpll_clk_out[96] htxpll vco 5934080 div 4
06-25 18:27:20.232 497 3706 D AudioFlinger: ro.audio.silent is ignored since no output device is set
06-25 18:27:20.233 454 3692 D audio_hw_hal_primary: [out_standby_new:5484] io 125: out:0xe57c2950 streamType:RAW_DIRECT
06-25 18:27:20.234 454 3692 I audio_hw_hal_primary: already standby, do nothing
06-25 18:27:20.234 497 3706 D AudioFlinger: ro.audio.silent is ignored since no output device is set
06-25 18:27:20.237 497 3706 D AudioFlinger: ro.audio.silent is ignored since no output device is set
06-25 18:27:20.239 497 3706 D AudioFlinger: ro.audio.silent is ignored since no output device is set
06-25 18:27:20.239 497 3706 D AudioFlinger: ro.audio.silent is ignored since no output device is set
06-25 18:27:20.248 0 0 I [2 T332 ..] [hdmitx: ] pll_od0 = 2, pll_od2 = 1, pll_od1 = 2
06-25 18:27:20.248 0 0 I [2 T332 ..] [hdmitx: ] clocks_set_vid_clk_div_for_hdmi[402] div = 6
06-25 18:27:20.249 0 0 I [2 T332 ..] [hdmitx: ] configure venc
06-25 18:27:20.249 0 0 I [2 T332 ..] [hdmitx: ] config_tv_enc_calc[63] vic = 16
06-25 18:27:20.250 0 0 I [2 T332 ..] [hdmitx: ] hdmitx_soft_reset[1263]
06-25 18:27:20.251 0 0 I [2 T332 ..] [hdmitx: ] config hdmitx IP vic = 16 cd:6 cs: 1
06-25 18:27:20.252 0 0 I [2 T332 ..] [hdmitx: ] configure hdmitx21
06-25 18:27:20.253 0 0 I [2 T332 ..] [hdmitx: ] warn: SCDC not present, should not send 1:10
06-25 18:27:20.255 0 0 I [0 T332 ..] [hdmitx: ] enable phy to dig
06-25 18:27:20.255 0 0 I [0 T332 dh] [hdmitx: ] hdmitx_set_drm_pkt: tf=1, cf=1, colormetry=0
06-25 18:27:20.256 0 0 I [0 T332 dh] [hdmitx: ] hdmitx_set_drm_pkt: hdr.sdr pkt sent
06-25 18:27:20.241 497 3706 D AudioFlinger: ro.audio.silent is ignored since no output device is set
06-25 18:27:20.246 497 3706 D AudioFlinger: ro.audio.silent is ignored since no output device is set
06-25 18:27:20.246 497 3706 D AudioFlinger: ro.audio.silent is ignored since no output device is set
06-25 18:27:20.248 497 3706 D AudioFlinger: ro.audio.silent is ignored since no output device is set
06-25 18:27:20.248 497 3706 D AudioFlinger: ro.audio.silent is ignored since no output device is set
06-25 18:27:20.249 463 463 D hdmicecd: [CEC]:printCecMessage, [4 -> 4] len: 0, body:, result:no ack
06-25 18:27:20.249 688 864 D HDMI : New logical address for device [4]: [preferred:4, assigned:4]
06-25 18:27:20.250 497 497 I AudioFlinger: openOutput() this 0xf40872d0, module 10 Device AUDIO_DEVICE_OUT_HDMI, @:, SamplingRate 32000, Format 0x9000000, Channels 0x1, flags 0x51
06-25 18:27:20.250 454 3692 D audio_hw_hal_primary: [adev_open_output_stream_new:7205] enter: dev=0xe7203270 handle=85 devices=0x400/'HDMI,' flags=0x51/'DIRECT,COMPRESS_OFFLOAD,HW_AV_SYNC,' config=(rt=32000 ch_mask=0x1 fmt=0x9000000) address=''
06-25 18:27:20.250 454 3692 D audio_hw_hal_primary: adev_open_output_stream_new: enter
06-25 18:27:20.250 454 3692 I audio_hw_hal_primary: [adev_open_output_stream:3011] io 133: out:0xe57c39d0 dev:OUT_HDMI(0x400) addr:
06-25 18:27:20.250 454 3692 I audio_hw_hal_primary: [adev_open_output_stream:3013] ch_mask:0x1 rate:32000 format:AC3(0x9000000) flags:0x51
06-25 18:27:20.250 454 3692 I audio_hw_hal_primary: adev_open_output_stream: for raw audio output,force alsa stereo output
06-25 18:27:20.251 454 3692 I audio_hw_utils_speed: aml_audio_speed_init_start_ts
06-25 18:27:20.251 454 3692 I audio_hw_utils_speed: aml_audio_speed_clear_start_ts
06-25 18:27:20.251 454 3692 I audio_hw_hal_primary: [adev_open_output_stream:3333] result profile ch_mask:0x1 rate:32000 format:AC3(0x9000000) streamType:RAW_HWSYNC
06-25 18:27:20.251 454 3692 I audio_hw_hal_utils: aml_get_stream_dump_file_name line 3052 file_name /data/vendor/audiohal/output_stream_in.dd
06-25 18:27:20.251 454 3692 I aml_volume_shaper: [aml_volume_shaper_init:412] volume_shaper 0xe57c4110 done !
06-25 18:27:20.251 454 3692 I audio_hw_hal_streamMgr: [aml_stream_register:408] mutexLock list_empty:0, pStreamInfos:0xe87067d0 lNode:0xe87067d0 pStream:0xe57c39d0 aml_out:0xe57c39d0, streamCount:7
06-25 18:27:20.251 454 3692 I audio_hw_hal_primary: [adev_open_output_stream_new:7399] io 133: out: 0xe57c39d0 card:0 alsa devices:0 exit ------
06-25 18:27:20.252 454 454 I audio_hw_hal_primary: [out_get_buffer_size:510] out:0xe57c39d0 config.rate=32000, format:AC3(0x9000000), stream format:AC3(0x9000000)
06-25 18:27:20.252 497 497 I AudioFlinger: HAL output buffer size 2048 frames, normal sink buffer size 2048 frames
06-25 18:27:20.253 454 454 I audio_hw_hal_primary: [audiohal_get_latency:1036] io 133: out:0xe57c39d0 frames:1152 rate:32000 whole_latency:36 alsa_latency:36
06-25 18:27:20.253 454 3692 I audio_hw_hal_primary: [out_set_event_callback:2889] io 133: out:0xe57c39d0, callback:0xe78379ed cookie:0xe80c0a90
06-25 18:27:20.253 454 3692 I audio_hw_hal_primary: [audiohal_get_latency:1036] io 133: out:0xe57c39d0 frames:1024 rate:32000 whole_latency:32 alsa_latency:32
06-25 18:27:20.254 454 3692 I audio_hw_hal_primary: [audiohal_get_latency:1036] io 133: out:0xe57c39d0 frames:1024 rate:32000 whole_latency:32 alsa_latency:32
06-25 18:27:20.267 0 0 I [0 T332 ..] [hdmitx: ] hdmitx_set_dispmode[1551] frl_rate 0 htotal 2200 cs 1 cd 6 h_unstable 0
06-25 18:27:20.256 497 3707 I AudioFlinger: AudioFlinger's thread 0xee3142e0 tid=3707 ready to run
06-25 18:27:20.257 497 3707 D AudioFlinger: ro.audio.silent is ignored since no output device is set
06-25 18:27:20.258 497 3707 D AudioFlinger: ro.audio.silent is ignored since no output device is set
06-25 18:27:20.266 497 497 I AudioFlinger: openOutput() this 0xf40872d0, module 10 Device AUDIO_DEVICE_OUT_HDMI, @:, SamplingRate 0, Format 00000000, Channels 0, flags 0x1
06-25 18:27:20.267 454 3692 D audio_hw_hal_primary: [adev_open_output_stream_new:7205] enter: dev=0xe7203270 handle=8d devices=0x400/'HDMI,' flags=0x1/'DIRECT,' config=(rt=0 ch_mask=0x0 fmt=0x0) address=''
06-25 18:27:20.267 454 3692 D audio_hw_hal_primary: adev_open_output_stream_new: enter
06-25 18:27:20.267 454 3692 I audio_hw_hal_primary: [adev_open_output_stream:3011] io 141: out:0xe57c0010 dev:OUT_HDMI(0x400) addr:
06-25 18:27:20.267 454 3692 I audio_hw_hal_primary: [adev_open_output_stream:3013] ch_mask:0 rate:0 format:DEFAULT(0) flags:0x1
06-25 18:27:20.267 454 3692 I audio_hw_utils_speed: aml_audio_speed_init_start_ts
06-25 18:27:20.267 454 3692 I audio_hw_utils_speed: aml_audio_speed_clear_start_ts
06-25 18:27:20.267 454 3692 I audio_hw_hal_primary: [adev_open_output_stream:3333] result profile ch_mask:0x3 rate:48000 format:PCM_16_BIT(0x1) streamType:PCM_DIRECT
06-25 18:27:20.267 454 3692 I audio_hw_hal_utils: aml_get_stream_dump_file_name line 3052 file_name /data/vendor/audiohal/output_stream_in.pcm
06-25 18:27:20.267 454 3692 I aml_volume_shaper: [aml_volume_shaper_init:412] volume_shaper 0xe57c0750 done !
06-25 18:27:20.267 454 3692 I audio_hw_hal_streamMgr: [aml_stream_register:408] mutexLock list_empty:0, pStreamInfos:0xe8706450 lNode:0xe8706450 pStream:0xe57c0010 aml_out:0xe57c0010, streamCount:8
06-25 18:27:20.267 454 3692 I audio_hw_hal_primary: [adev_open_output_stream_new:7399] io 141: out: 0xe57c0010 card:0 alsa devices:0 exit ------
06-25 18:27:20.269 454 3692 I audio_hw_hal_primary: [out_get_buffer_size:510] out:0xe57c0010 config.rate=48000, format:PCM_16_BIT(0x1), stream format:PCM_16_BIT(0x1)
06-25 18:27:20.269 497 497 I AudioFlinger: HAL output buffer size 2048 frames, normal sink buffer size 2048 frames
06-25 18:27:20.269 454 3692 I audio_hw_hal_primary: [audiohal_get_latency:1036] io 141: out:0xe57c0010 frames:1152 rate:48000 whole_latency:24 alsa_latency:24
06-25 18:27:20.269 454 3692 I audio_hw_hal_primary: [out_set_event_callback:2889] io 141: out:0xe57c0010, callback:0xe78379ed cookie:0xe80c01f0
06-25 18:27:20.270 454 3692 I audio_hw_hal_primary: [audiohal_get_latency:1036] io 141: out:0xe57c0010 frames:1024 rate:48000 whole_latency:21 alsa_latency:21
06-25 18:27:20.270 497 3708 I AudioFlinger: AudioFlinger's thread 0xee308130 tid=3708 ready to run
06-25 18:27:20.270 454 3692 I audio_hw_hal_primary: [audiohal_get_latency:1036] io 141: out:0xe57c0010 frames:1024 rate:48000 whole_latency:21 alsa_latency:21
06-25 18:27:20.271 497 3708 D AudioFlinger: ro.audio.silent is ignored since no output device is set
06-25 18:27:20.272 454 3692 I audio_hw_hal_profile: [out_get_parameters:2092] out:0xe57c0010 query audio format. ++++++++++ hal_format:PCM_16_BIT
06-25 18:27:20.272 454 3692 D audio_hw_hal_profile: get_hdmi_sink_cap_new is running...
06-25 18:27:20.272 454 3692 D audio_hw_hal_profile: query hdmi format...
06-25 18:27:20.272 454 3692 D audio_hw_hal_profile: get_hdmi_sink_cap_new ddp is supported; ddp-joc(atmos) is unsupported;
06-25 18:27:20.272 454 3692 I audio_hw_hal_profile: get_hdmi_sink_cap_new dts-hd vendor special byte3:0x1
06-25 18:27:20.272 454 3692 I audio_hw_hal_profile: PCM cap Max channel =2
06-25 18:27:20.272 454 3692 I audio_hw_hal_profile: [out_get_parameters:2172] sup_formats=AUDIO_FORMAT_PCM_16_BIT|AUDIO_FORMAT_IEC61937|AUDIO_FORMAT_E_AC3|AUDIO_FORMAT_AC3|AUDIO_FORMAT_DTS
06-25 18:27:20.272 497 497 D APM_AudioPolicyManager: modifySurroundFormats: forced use = 13
06-25 18:27:20.273 454 3692 D audio_hw_hal_primary: [out_standby_new:5484] io 141: out:0xe57c0010 streamType:PCM_DIRECT
06-25 18:27:20.273 454 3692 I audio_hw_hal_primary: already standby, do nothing
06-25 18:27:20.273 454 3692 I audio_hw_hal_profile: [out_get_parameters:2096] out:0xe57c0010 query sample rate. Format:PCM_16_BIT(0x1) ++++++++++ hal_format:PCM_16_BIT
06-25 18:27:20.273 454 3692 D audio_hw_hal_profile: get_hdmi_sink_cap_new is running...
06-25 18:27:20.273 454 3692 D audio_hw_hal_profile: [get_hdmi_sink_cap_new:967] query hdmi sample_rate... format: PCM_16_BIT(0x1)
06-25 18:27:20.274 454 3692 I audio_hw_hal_profile: get_hdmi_sink_cap_new format =0x1 support rate =sup_sampling_rates=32000|44100|48000|88200|96000|176400|192000
06-25 18:27:20.274 454 3692 I audio_hw_hal_profile: [out_get_parameters:2172] sup_sampling_rates=32000|44100|48000|88200|96000|176400|192000
06-25 18:27:20.274 454 3692 I audio_hw_hal_profile: [out_get_parameters:2099] out:0xe57c0010 query channels. Format:PCM_16_BIT(0x1) ++++++++++ hal_format:PCM_16_BIT
06-25 18:27:20.274 454 3692 D audio_hw_hal_profile: get_hdmi_sink_cap_new is running...
06-25 18:27:20.275 454 3692 D audio_hw_hal_profile: [get_hdmi_sink_cap_new:894] query hdmi channels... format: PCM_16_BIT(0x1)
06-25 18:27:20.275 454 3692 I audio_hw_hal_profile: [out_get_parameters:2172] sup_channels=AUDIO_CHANNEL_OUT_STEREO
06-25 18:27:20.275 454 3692 I audio_hw_hal_profile: [out_get_parameters:2096] out:0xe57c0010 query sample rate. Format:IEC61937(0xd000000) ++++++++++ hal_format:PCM_16_BIT
06-25 18:27:20.275 454 3692 D audio_hw_hal_profile: get_hdmi_sink_cap_new is running...
06-25 18:27:20.275 454 3692 D audio_hw_hal_profile: [get_hdmi_sink_cap_new:967] query hdmi sample_rate... format: IEC61937(0xd000000)
06-25 18:27:20.275 454 3692 I audio_hw_hal_profile: [out_get_parameters:2172] sup_sampling_rates=8000|11025|16000|22050|24000|32000|44100|48000|128000|176400|192000
06-25 18:27:20.276 454 3692 I audio_hw_hal_profile: [out_get_parameters:2099] out:0xe57c0010 query channels. Format:IEC61937(0xd000000) ++++++++++ hal_format:PCM_16_BIT
06-25 18:27:20.276 454 3692 D audio_hw_hal_profile: get_hdmi_sink_cap_new is running...
06-25 18:27:20.276 454 3692 D audio_hw_hal_profile: [get_hdmi_sink_cap_new:894] query hdmi channels... format: IEC61937(0xd000000)
06-25 18:27:20.276 454 3692 I audio_hw_hal_profile: [out_get_parameters:2172] sup_channels=AUDIO_CHANNEL_OUT_MONO|AUDIO_CHANNEL_OUT_STEREO|AUDIO_CHANNEL_OUT_TRI|AUDIO_CHANNEL_OUT_TRI_BACK|AUDIO_CHANNEL_OUT_3POINT1|AUDIO_CHANNEL_OUT_QUAD|AUDIO_CHANNEL_OUT_SURROUND|AUDIO_CHANNEL_OUT_PENTA|AUDIO_CHANNEL_OUT_5POINT1|AUDIO_CHANNEL_OUT_7POINT1
06-25 18:27:20.277 454 3692 D audio_hw_hal_primary: [out_dump:758] io 141: out:0xe57c0010, fd:26
06-25 18:27:20.278 454 3692 D audio_hw_hal_primary: [out_set_parameters:779] out:0xe57c0010 kvpairs:closing=true;exiting=1 out->out_device:0x400, adev->out_device:0x80002
06-25 18:27:20.278 454 3692 E audio_hw_hal_primary: out_set_parameters, ret:-2, hw_sync_mode:is false
06-25 18:27:20.278 454 3692 I audio_hw_hal_primary: out_set_parameters stream 0xe57c0010 is_closing
06-25 18:27:20.278 497 497 E AudioFlinger: Error when calling exit(): -61
06-25 18:27:20.279 497 3708 D AudioFlinger: ro.audio.silent is ignored since no output device is set
06-25 18:27:20.279 454 3692 I audio_hw_hal_primary: [out_set_event_callback:2889] io 141: out:0xe57c0010, callback:0xe78379ed cookie:0xe80c01f0
