06-25 18:27:20.409 454 3692 I audio_hw_hal_primary: [adev_close_output_stream:3406] io 149: out:0xe57c0010 dev:OUT_HDMI(0x400) flags:0x401, streamType:RAW_DIRECT
06-25 18:27:20.409 454 3692 D audio_hw_hal_primary: [out_standby_new:5484] io 149: out:0xe57c0010 streamType:RAW_DIRECT
06-25 18:27:20.409 454 3692 I audio_hw_hal_primary: already standby, do nothing
06-25 18:27:20.409 454 3692 I audio_hw_hal_kara_mngr: [karaoke_close:961] enter
06-25 18:27:20.409 454 3692 I audio_hw_hal_kara_mngr: [karaoke_close:971] exit
06-25 18:27:20.409 454 3692 I audio_hw_hal_resourcemgr: [is_output_device_muted:713] device:0x2 port_mute:0, fade_mute:0
06-25 18:27:20.409 454 3692 I audio_hw_hal_streamMgr: [aml_stream_unregister:467] item:0xe8706690 ptmp:0xe8706690 lNode:0xe8706690 pStream:0xe57c0010
06-25 18:27:20.409 454 3692 I audio_hw_hal_primary: [adev_close_output_stream:3596] io 149: out:0xe57c0010 exit ------
06-25 18:27:20.408 281 332 D MesonHwc: RealModeMgr::update: nextModeId:18
06-25 18:27:20.409 281 332 D MesonHwc: RealModeMgr::update get current mode:1080p60hz
06-25 18:27:20.410 281 332 D MesonHwc: RealModeMgr::update use current mode (1920x1080-59.94)
06-25 18:27:20.410 281 332 D MesonHwc: On mode change state: [Complete]
06-25 18:27:20.410 281 332 D MesonHwc: Hwc2Display::onModeChanged getDisplayMode [1080p60hz]
06-25 18:27:20.410 281 332 D MesonHwc: [setConnectorStatus]: power mode 1
06-25 18:27:20.410 454 664 D audio_hw_hal_primary: [out_dump:758] io 157: out:0xe57c5290, fd:23
06-25 18:27:20.411 281 332 I MesonHwc: HwcConfig::default frame buffer size (1920 x 1080)
06-25 18:27:20.412 454 664 D audio_hw_hal_primary: [out_set_parameters:779] out:0xe57c5290 kvpairs:closing=true;exiting=1 out->out_device:0x400, adev->out_device:0x80002
06-25 18:27:20.412 454 664 E audio_hw_hal_primary: out_set_parameters, ret:-2, hw_sync_mode:is false
06-25 18:27:20.412 281 332 D MesonHwc: onModeChanged mObserver->onHotplug(true) hdrCapsChanged:0
06-25 18:27:20.412 454 664 I audio_hw_hal_primary: out_set_parameters stream 0xe57c5290 is_closing
06-25 18:27:20.412 281 332 D MesonHwc: drmplane clear drm bo caches
06-25 18:27:20.412 497 497 E AudioFlinger: Error when calling exit(): -61
06-25 18:27:20.412 281 332 D MesonHwc: drmplane clear drm bo caches
06-25 18:27:20.412 281 332 D MesonHwc: cleanupBeforeDestroy displayId:0, clear layers
06-25 18:27:20.412 281 332 D MesonHwc: On hotplug, Fn: 0xa03b931, Data: 0xf2400a90, display: 0, connection: 1
06-25 18:27:20.412 281 340 E MesonHwc: (setLayerBrightness) met invalid layer id (518) in display (0xf1c80680)
06-25 18:27:20.412 281 340 E MesonComposer3: executeLayerCommandSetLayerBrightness: display:0 layer:518 failed with:BadLayer
06-25 18:27:20.412 281 340 E MesonHwc: (setLayerBrightness) met invalid layer id (261) in display (0xf1c80680)
06-25 18:27:20.412 281 340 E MesonComposer3: executeLayerCommandSetLayerBrightness: display:0 layer:261 failed with:BadLayer
06-25 18:27:20.412 497 3711 D AudioFlinger: ro.audio.silent is ignored since no output device is set
06-25 18:27:20.413 248 248 E HWComposer: getDeviceCompositionChanges: presentOrValidate failed for display 4625716335649126413: BadLayer (3)
06-25 18:27:20.413 248 248 E CompositionEngine: chooseCompositionStrategy failed for Linux FHD: -2147483648 (Unknown error -2147483648)
06-25 18:27:20.413 454 664 I audio_hw_hal_primary: [out_set_event_callback:2889] io 157: out:0xe57c5290, callback:0xe78379ed cookie:0xe80c0550
06-25 18:27:20.413 454 664 I audio_hw_hal_primary: [adev_close_output_stream_new:7414] io handle 157: out:0xe57c5290
06-25 18:27:20.413 454 664 D audio_hw_hal_primary: adev_close_output_stream_new: enter streamType = RAW_DIRECT
06-25 18:27:20.413 454 664 I aml_volume_shaper: [aml_volume_shaper_release:432] volume_shaper 0xe57c59d0 done !
06-25 18:27:20.413 454 664 I audio_hw_hal_primary: [adev_close_output_stream:3406] io 157: out:0xe57c5290 dev:OUT_HDMI(0x400) flags:0x1, streamType:RAW_DIRECT
06-25 18:27:20.413 454 664 D audio_hw_hal_primary: [out_standby_new:5484] io 157: out:0xe57c5290 streamType:RAW_DIRECT
06-25 18:27:20.413 454 664 I audio_hw_hal_primary: already standby, do nothing
06-25 18:27:20.413 454 664 I audio_hw_hal_kara_mngr: [karaoke_close:961] enter
06-25 18:27:20.413 454 664 I audio_hw_hal_kara_mngr: [karaoke_close:971] exit
06-25 18:27:20.413 454 664 I audio_hw_hal_resourcemgr: [is_output_device_muted:713] device:0x2 port_mute:0, fade_mute:0
06-25 18:27:20.413 454 664 I audio_hw_hal_streamMgr: [aml_stream_unregister:467] item:0xe87065b0 ptmp:0xe87065b0 lNode:0xe87065b0 pStream:0xe57c5290
06-25 18:27:20.413 454 664 I audio_hw_hal_primary: [adev_close_output_stream:3596] io 157: out:0xe57c5290 exit ------
06-25 18:27:20.414 248 248 E Scheduler: trackPendingFrame: Invalid present fence
06-25 18:27:20.414 248 248 E Scheduler: trackPendingFrame: Invalid present fence
06-25 18:27:20.414 248 248 E Scheduler: trackPendingFrame: Invalid present fence
06-25 18:27:20.414 248 248 E Scheduler: trackPendingFrame: Invalid present fence
06-25 18:27:20.412 281 332 D MesonComposer3: halEventcallback onHotplug client3.0
06-25 18:27:20.417 281 340 E MesonHwc: getPort 11
06-25 18:27:20.417 281 340 E MesonHwc: getPort 11
06-25 18:27:20.417 302 328 I SystemControl: notify plugin
06-25 18:27:20.417 302 328 I SystemControl: [/SystemControlHal.cpp, onEvent, 72] onEvent event:3, client size:5
06-25 18:27:20.417 688 846 I AudioService: onAccessoryPlugMediaUnmute newDevice=1024 [hdmi]
06-25 18:27:20.418 462 480 I SystemControlClient: notifyCallback event type:3
06-25 18:27:20.418 462 480 I SystemControlClient: notifyCallback: listener is NULL.
06-25 18:27:20.418 229 771 I SystemControlClient: notifyCallback event type:3
06-25 18:27:20.418 229 771 I SystemControlClient: notifyCallback: listener is NULL.
06-25 18:27:20.418 461 484 I SystemControlClient: notifyCallback event type:3
06-25 18:27:20.418 461 484 I SystemControlClient: notifyCallback: listener is NULL.
06-25 18:27:20.418 460 1030 I SystemControlClient: notifyCallback event type:3
06-25 18:27:20.418 460 1030 I SystemControlClient: notifyCallback: listener is NULL.
06-25 18:27:20.418 688 843 I AS.AudioDeviceInventory: sendDeviceConnectionIntent(dev:0x400 state:0x1 address: name:);
06-25 18:27:20.418 1032 1100 I SystemControlEvent: system control callback event: 3
06-25 18:27:20.418 281 332 D MesonHwc: Display (0) ask for refresh.
06-25 18:27:20.418 281 332 D MesonHwc: Update period fe9145->1312d00
06-25 18:27:20.418 281 332 D MesonHwc: Update period fe9145->1312d00
06-25 18:27:20.418 281 332 D MesonHwc: Update period fe9145->1312d00
06-25 18:27:20.419 281 332 D MesonHwc: received Uevent: change@/devices/virtual/amhdmitx/amhdmitx0
06-25 18:27:20.419 281 332 D MesonHwc: received Uevent: ACTION=change
06-25 18:27:20.419 281 332 D MesonHwc: received Uevent: DEVPATH=/devices/virtual/amhdmitx/amhdmitx0
06-25 18:27:20.419 281 332 D MesonHwc: received Uevent: SUBSYSTEM=amhdmitx
06-25 18:27:20.419 281 332 D MesonHwc: received Uevent: hdmitx_current_status=10
06-25 18:27:20.419 281 332 D MesonHwc: received Uevent: MAJOR=492
06-25 18:27:20.419 281 332 D MesonHwc: received Uevent: MINOR=0
06-25 18:27:20.419 281 332 D MesonHwc: received Uevent: DEVNAME=amhdmitx0
06-25 18:27:20.419 281 332 D MesonHwc: received Uevent: SEQNUM=3463
06-25 18:27:20.419 281 332 D MesonHwc: received Uevent: LE_N=1
06-25 18:27:20.419 281 332 D MesonHwc: received Uevent: MODALIAS=of:NvoutT(null)Camlogic,_vout
06-25 18:27:20.419 281 332 D MesonHwc: received Uevent: SEQNUM=3462
06-25 18:27:20.419 281 332 D MesonHwc: received Uevent: Camlogic,_aocec-s7d
06-25 18:27:20.419 281 332 D MesonHwc: received Uevent: SEQNUM=3456
06-25 18:27:20.419 281 332 D MesonHwc: received Uevent: LL_HW_BLOCK_REASON=0x0
06-25 18:27:20.419 281 332 D MesonHwc: received Uevent: SEQNUM=3176
06-25 18:27:20.419 281 332 D MesonHwc: received Uevent: y@0
06-25 18:27:20.419 281 332 D MesonHwc: received Uevent: OF_COMPATIBLE_N=0
06-25 18:27:20.419 281 332 D MesonHwc: received Uevent: SEQNUM=3174
06-25 18:27:20.419 281 332 D MesonHwc: received Uevent: change@/devices/virtual/amhdmitx/amhdmitx0
06-25 18:27:20.419 281 332 D MesonHwc: received Uevent: ACTION=change
06-25 18:27:20.419 281 332 D MesonHwc: received Uevent: DEVPATH=/devices/virtual/amhdmitx/amhdmitx0
06-25 18:27:20.419 281 332 D MesonHwc: received Uevent: SUBSYSTEM=amhdmitx
06-25 18:27:20.419 281 332 D MesonHwc: received Uevent: hdmitx_current_status=10
06-25 18:27:20.419 281 332 D MesonHwc: received Uevent: MAJOR=492
06-25 18:27:20.419 281 332 D MesonHwc: received Uevent: MINOR=0
06-25 18:27:20.419 281 332 D MesonHwc: received Uevent: DEVNAME=amhdmitx0
06-25 18:27:20.419 281 332 D MesonHwc: received Uevent: SEQNUM=3463
06-25 18:27:20.419 281 332 D MesonHwc: received Uevent: LE_N=1
06-25 18:27:20.419 281 332 D MesonHwc: received Uevent: MODALIAS=of:NvoutT(null)Camlogic,_vout
06-25 18:27:20.419 281 332 D MesonHwc: received Uevent: SEQNUM=3462
06-25 18:27:20.419 281 332 D MesonHwc: received Uevent: Camlogic,_aocec-s7d
06-25 18:27:20.419 281 332 D MesonHwc: received Uevent: SEQNUM=3456
06-25 18:27:20.419 281 332 D MesonHwc: received Uevent: LL_HW_BLOCK_REASON=0x0
06-25 18:27:20.419 281 332 D MesonHwc: received Uevent: SEQNUM=3176
06-25 18:27:20.419 281 332 D MesonHwc: received Uevent: y@0
06-25 18:27:20.419 281 332 D MesonHwc: received Uevent: OF_COMPATIBLE_N=0
06-25 18:27:20.419 281 332 D MesonHwc: received Uevent: SEQNUM=3174
06-25 18:27:20.419 281 332 D MesonHwc: received Uevent: change@/devices/virtual/amhdmitx/amhdmitx0
06-25 18:27:20.419 281 332 D MesonHwc: received Uevent: ACTION=change
06-25 18:27:20.419 281 332 D MesonHwc: received Uevent: DEVPATH=/devices/virtual/amhdmitx/amhdmitx0
06-25 18:27:20.419 281 332 D MesonHwc: received Uevent: SUBSYSTEM=amhdmitx
06-25 18:27:20.419 281 332 D MesonHwc: received Uevent: hdmitx_hdr=1
06-25 18:27:20.419 281 332 D MesonHwc: received Uevent: MAJOR=492
06-25 18:27:20.419 281 332 D MesonHwc: received Uevent: MINOR=0
06-25 18:27:20.419 281 332 D MesonHwc: received Uevent: DEVNAME=amhdmitx0
06-25 18:27:20.419 281 332 D MesonHwc: received Uevent: SEQNUM=3464
06-25 18:27:20.419 281 332 D MesonHwc: received Uevent: SEQNUM=3463
06-25 18:27:20.420 281 332 D MesonHwc: received Uevent: LE_N=1
06-25 18:27:20.420 281 332 D MesonHwc: received Uevent: MODALIAS=of:NvoutT(null)Camlogic,_vout
06-25 18:27:20.420 281 332 D MesonHwc: received Uevent: SEQNUM=3462
06-25 18:27:20.420 281 332 D MesonHwc: received Uevent: Camlogic,_aocec-s7d
06-25 18:27:20.420 281 332 D MesonHwc: received Uevent: SEQNUM=3456
06-25 18:27:20.420 281 332 D MesonHwc: received Uevent: LL_HW_BLOCK_REASON=0x0
06-25 18:27:20.420 281 332 D MesonHwc: received Uevent: SEQNUM=3176
06-25 18:27:20.420 281 332 D MesonHwc: received Uevent: y@0
06-25 18:27:20.420 281 332 D MesonHwc: received Uevent: OF_COMPATIBLE_N=0
06-25 18:27:20.420 281 332 D MesonHwc: received Uevent: SEQNUM=3174
06-25 18:27:20.420 281 332 D MesonHwc: received Uevent: change@/devices/virtual/amhdmitx/amhdmitx0
06-25 18:27:20.420 281 332 D MesonHwc: received Uevent: ACTION=change
06-25 18:27:20.420 281 332 D MesonHwc: received Uevent: DEVPATH=/devices/virtual/amhdmitx/amhdmitx0
06-25 18:27:20.420 281 332 D MesonHwc: received Uevent: SUBSYSTEM=amhdmitx
06-25 18:27:20.420 281 332 D MesonHwc: received Uevent: hdmitx_hdr=1
06-25 18:27:20.420 281 332 D MesonHwc: received Uevent: MAJOR=492
06-25 18:27:20.420 281 332 D MesonHwc: received Uevent: MINOR=0
06-25 18:27:20.420 281 332 D MesonHwc: received Uevent: DEVNAME=amhdmitx0
06-25 18:27:20.420 281 332 D MesonHwc: received Uevent: SEQNUM=3464
06-25 18:27:20.420 281 332 D MesonHwc: received Uevent: SEQNUM=3463
06-25 18:27:20.420 281 332 D MesonHwc: received Uevent: LE_N=1
06-25 18:27:20.420 281 332 D MesonHwc: received Uevent: MODALIAS=of:NvoutT(null)Camlogic,_vout
06-25 18:27:20.420 281 332 D MesonHwc: received Uevent: SEQNUM=3462
06-25 18:27:20.420 281 332 D MesonHwc: received Uevent: Camlogic,_aocec-s7d
06-25 18:27:20.420 281 332 D MesonHwc: received Uevent: SEQNUM=3456
06-25 18:27:20.420 281 332 D MesonHwc: received Uevent: LL_HW_BLOCK_REASON=0x0
06-25 18:27:20.420 281 332 D MesonHwc: received Uevent: SEQNUM=3176
06-25 18:27:20.420 281 332 D MesonHwc: received Uevent: y@0
06-25 18:27:20.420 281 332 D MesonHwc: received Uevent: OF_COMPATIBLE_N=0
06-25 18:27:20.420 281 332 D MesonHwc: received Uevent: SEQNUM=3174
06-25 18:27:20.420 281 332 D MesonHwc: received Uevent: change@/devices/virtual/amhdmitx/amhdmitx0
06-25 18:27:20.420 1362 1362 E ccc : cccccc hdmi plug reset
06-25 18:27:20.420 1409 1409 E xxxxxxxxxxxxxxx: onReceive:mIsHDMIPlugged = true
06-25 18:27:20.420 281 332 D MesonHwc: received Uevent: ACTION=change
06-25 18:27:20.420 281 332 D MesonHwc: received Uevent: DEVPATH=/devices/virtual/amhdmitx/amhdmitx0
06-25 18:27:20.420 281 332 D MesonHwc: received Uevent: SUBSYSTEM=amhdmitx
06-25 18:27:20.420 281 332 D MesonHwc: received Uevent: hdmitx_current_status=11
06-25 18:27:20.420 281 332 D MesonHwc: received Uevent: MAJOR=492
06-25 18:27:20.420 281 332 D MesonHwc: received Uevent: MINOR=0
06-25 18:27:20.420 281 332 D MesonHwc: received Uevent: DEVNAME=amhdmitx0
06-25 18:27:20.420 281 332 D MesonHwc: received Uevent: SEQNUM=3465
06-25 18:27:20.420 281 332 D MesonHwc: received Uevent: LE_N=1
06-25 18:27:20.420 281 332 D MesonHwc: received Uevent: MODALIAS=of:NvoutT(null)Camlogic,_vout
06-25 18:27:20.420 281 332 D MesonHwc: received Uevent: SEQNUM=3462
06-25 18:27:20.420 281 332 D MesonHwc: received Uevent: Camlogic,_aocec-s7d
06-25 18:27:20.420 281 332 D MesonHwc: received Uevent: SEQNUM=3456
06-25 18:27:20.420 281 332 D MesonHwc: received Uevent: LL_HW_BLOCK_REASON=0x0
06-25 18:27:20.420 281 332 D MesonHwc: received Uevent: SEQNUM=3176
06-25 18:27:20.420 281 332 D MesonHwc: received Uevent: y@0
06-25 18:27:20.421 281 332 D MesonHwc: received Uevent: OF_COMPATIBLE_N=0
06-25 18:27:20.421 281 332 D MesonHwc: received Uevent: SEQNUM=3174
06-25 18:27:20.421 281 332 D MesonHwc: received Uevent: change@/devices/virtual/amhdmitx/amhdmitx0
06-25 18:27:20.421 281 332 D MesonHwc: received Uevent: ACTION=change
06-25 18:27:20.421 281 332 D MesonHwc: received Uevent: DEVPATH=/devices/virtual/amhdmitx/amhdmitx0
06-25 18:27:20.421 281 332 D MesonHwc: received Uevent: SUBSYSTEM=amhdmitx
06-25 18:27:20.421 281 332 D MesonHwc: received Uevent: hdmitx_current_status=11
06-25 18:27:20.421 281 332 D MesonHwc: received Uevent: MAJOR=492
06-25 18:27:20.421 281 332 D MesonHwc: received Uevent: MINOR=0
06-25 18:27:20.421 281 332 D MesonHwc: received Uevent: DEVNAME=amhdmitx0
06-25 18:27:20.421 281 332 D MesonHwc: received Uevent: SEQNUM=3465
06-25 18:27:20.421 281 332 D MesonHwc: received Uevent: LE_N=1
06-25 18:27:20.421 281 332 D MesonHwc: received Uevent: MODALIAS=of:NvoutT(null)Camlogic,_vout
06-25 18:27:20.421 281 332 D MesonHwc: received Uevent: SEQNUM=3462
06-25 18:27:20.421 281 332 D MesonHwc: received Uevent: Camlogic,_aocec-s7d
06-25 18:27:20.421 281 332 D MesonHwc: received Uevent: SEQNUM=3456
06-25 18:27:20.421 281 332 D MesonHwc: received Uevent: LL_HW_BLOCK_REASON=0x0
06-25 18:27:20.421 281 332 D MesonHwc: received Uevent: SEQNUM=3176
06-25 18:27:20.421 281 332 D MesonHwc: received Uevent: y@0
06-25 18:27:20.421 281 332 D MesonHwc: received Uevent: OF_COMPATIBLE_N=0
06-25 18:27:20.421 281 332 D MesonHwc: received Uevent: SEQNUM=3174
06-25 18:27:20.423 248 248 I SurfaceFlinger: Reconnecting display 4625716335649126413 (HAL ID 0)
06-25 18:27:20.424 281 340 E MesonComposer3: destroyLayer: display:0 failed to destroy layer:518
06-25 18:27:20.424 248 248 E HwcComposer: destroyLayer failed Status(-8, EX_SERVICE_SPECIFIC): '3: '
06-25 18:27:20.424 248 248 E HWC2 : destroyLayer(0, 518) failed: BadLayer (3)
06-25 18:27:20.425 281 340 E MesonComposer3: destroyLayer: display:0 failed to destroy layer:261
06-25 18:27:20.425 248 248 E HwcComposer: destroyLayer failed Status(-8, EX_SERVICE_SPECIFIC): '3: '
06-25 18:27:20.425 248 248 E HWC2 : destroyLayer(0, 261) failed: BadLayer (3)
06-25 18:27:20.425 248 248 E HwcComposer: setClientTargetSlotCount failed Status(-8, EX_SERVICE_SPECIFIC): '4: '
06-25 18:27:20.446 1011 1220 D ActiveDeviceManager: onAudioDevicesAdded
06-25 18:27:20.446 1011 1220 D ActiveDeviceManager: Audio device added: DBBOX-A3 type: 9
06-25 18:27:20.446 1011 1011 D AvrcpVolumeManager: onAudioDevicesAdded: Not expecting device changed
06-25 18:27:20.446 248 248 I Scheduler: Display 4625716335649126413 is the pacesetter
06-25 18:27:20.447 248 343 E SchedulerTimer: Terminated
06-25 18:27:20.447 248 248 D SurfaceFlinger: Setting power mode 2 on display 4625716335649126413
06-25 18:27:20.447 281 340 D MesonHwc: setPowerMode 2
06-25 18:27:20.447 248 248 D SurfaceFlinger: Finished setting power mode 2 on display 4625716335649126413
06-25 18:27:20.448 248 248 D SurfaceFlinger: skip this commit to avoid crash
06-25 18:27:20.449 281 340 I MesonDisplay: [/mode_policy.c, meson_mode_set_policy, 1177] connector:0 to policy:0
06-25 18:27:20.449 281 340 I MesonDisplay: [/mode_policy.c, is_dv_prefer, 66] not prefer dv, hdr_priority:10000010
06-25 18:27:20.449 281 340 I MesonDisplay: [/mode_policy.c, is_dv_prefer, 66] not prefer dv, hdr_priority:10000010
06-25 18:27:20.449 281 340 I MesonDisplay: [/mode_policy.c, hdr_scene_process, 724] policy:0 is_bestcolorspace:1 state:0
06-25 18:27:20.449 281 340 I MesonDisplay: [/mode_policy_parser.c, is_support_hdmimode, 115] is_support_hdmimode mode: none not support
06-25 18:27:20.449 281 340 I MesonDisplay: [/mode_policy_parser.c, is_support_hdmimode, 115] is_support_hdmimode mode: 2160p60hz not support
06-25 18:27:20.449 281 340 I MesonDisplay: [/mode_policy_parser.c, is_support_hdmimode, 115] is_support_hdmimode mode: 2160p50hz not support
06-25 18:27:20.449 281 340 I MesonDisplay: [/mode_policy.c, is_support_4kHDR, 507] is_support_4kHDR 4k hdr not support
06-25 18:27:20.449 281 340 I MesonDisplay: [/mode_policy_parser.c, is_support_hdmimode, 110] is_support_hdmimode mode: 1080p60hz
06-25 18:27:20.449 281 340 D MesonDisplay: meson_write /sys/class/amhdmitx/amhdmitx0/valid_mode, outputmode:1080p60hz422,12bit
06-25 18:27:20.449 281 340 D MesonDisplay: valid mode is true!
06-25 18:27:20.450 281 340 I MesonDisplay: [/mode_policy.c, is_support_non4kHDR, 552] is_support_non4kHDR mode:[1080p60hz], color format:[422,12bit]
06-25 18:27:20.450 281 340 I MesonDisplay: [/mode_policy.c, meson_mode_get_policy_output, 1289] final_displaymode:1080p60hz, final_deepcolor:422,12bit, amdv_type:0
06-25 18:27:20.450 281 340 I MesonHwc: getPreferredDisplayConfig [1080p60hz]
06-25 18:27:20.450 281 340 I MesonDisplay: [/mode_policy.c, meson_mode_set_policy, 1177] connector:0 to policy:0
06-25 18:27:20.450 281 340 D MesonHwc: getPreferredBootConfig outConfig = 18 (1920x1080@59.940060)
06-25 18:27:20.452 688 713 D LocalDisplayAdapter: The active mode was changed from SurfaceFlinger or the display device to {id=3, width=1920, height=1080, fps=59.94006, alternativeRefreshRates=[], supportedHdrTypes=[2, 3]}
06-25 18:27:20.455 688 713 D LocalDisplayAdapter: The render frame rate was changed from SurfaceFlinger or the display device to 59.94006
06-25 18:27:20.455 688 713 D LocalDisplayAdapter: New display modes are added and the active mode has changed, use active mode as default mode.
06-25 18:27:20.455 688 713 W LocalDisplayAdapter: DisplayModeSpecs base mode no longer available, using currently active mode.
06-25 18:27:20.456 688 713 I DisplayDeviceRepository: Display device changed: DisplayDeviceInfo{"内置屏幕": uniqueId="local:4625716335649126413", 1280 x 720, modeId 1, renderFrameRate 50.0, defaultModeId 1, supportedModes [{id=1, width=1280, height=720, fps=50.0, alternativeRefreshRates=[], supportedHdrTypes=[]}, {id=2, width=1280, height=720, fps=60.000004, alternativeRefreshRates=[], supportedHdrTypes=[]}], colorMode 0, supportedColorModes [0], hdrCapabilities HdrCapabilities{mSupportedHdrTypes=[], mMaxLuminance=500.0, mMaxAverageLuminance=500.0, mMinLuminance=0.0}, allmSupported false, gameContentTypeSupported false, density 160, 0.0 x 0.0 dpi, appVsyncOff 2000000, presDeadline 17000000, touch INTERNAL, rotation 0, type INTERNAL, address {port=13, model=0x4031d87fca1678}, deviceProductInfo DeviceProductInfo{name=Linux FHD, manufacturerPnpId=LNX, productId=0, modelYear=null, manufactureDate=ManufactureDate{week=5, year=2012}, connectionToSinkType=0}, state ON, committedState ON, frameRateOverride , brightnessMinimum 0.0, brightnessMaximum 1.0, brightnessDefault 0.39763778, hdrSdrRatio NaN, FLAG_ALLOWED_TO_BE_DEFAULT_DISPLAY, FLAG_ROTATES_WITH_CONTENT, FLAG_SECURE, FLAG_SUPPORTS_PROTECTED_BUFFERS, FLAG_TRUSTED, installOrientation 0, displayShape DisplayShape{ spec=-1507169495 displayWidth=1280 displayHeight=720 physicalPixelDisplaySizeRatio=1.0 rotation=0 offsetX=0 offsetY=0 scale=1.0}}
06-25 18:27:20.457 688 688 V MediaRouter: Audio routes updated: AudioRoutesInfo{ type=HDMI }, a2dp=false
06-25 18:27:20.457 248 248 E Scheduler: trackPendingFrame: Invalid present fence
06-25 18:27:20.457 688 688 V MediaRouter: Selecting route: RouteInfo{ name=外部设备, description=null, status=null, category=RouteCategory{ name=系统 types=ROUTE_TYPE_LIVE_AUDIO ROUTE_TYPE_LIVE_VIDEO groupable=false }, supportedTypes=ROUTE_TYPE_LIVE_AUDIO ROUTE_TYPE_LIVE_VIDEO , presentationDisplay=null }
06-25 18:27:20.458 3453 3466 E BLASTBufferQueue: [VRI[DreamActivity]#0](f:0,a:2) Faking releaseBufferCallback from transactionCompleteCallback 853
06-25 18:27:20.461 688 714 W LocalDisplayAdapter: Ignoring request for invalid base mode id 1
06-25 18:27:20.463 907 907 V MediaRouter: Audio routes updated: AudioRoutesInfo{ type=HDMI }, a2dp=false
06-25 18:27:20.463 907 907 V MediaRouter: Selecting route: RouteInfo{ name=外部设备, description=null, status=null, category=RouteCategory{ name=系统 types=ROUTE_TYPE_LIVE_AUDIO ROUTE_TYPE_LIVE_VIDEO groupable=false }, supportedTypes=ROUTE_TYPE_LIVE_AUDIO ROUTE_TYPE_LIVE_VIDEO , presentationDisplay=null }
06-25 18:27:20.463 688 713 I DisplayDeviceRepository: Display device changed: DisplayDeviceInfo{"内置屏幕": uniqueId="local:4625716335649126413", 1920 x 1080, modeId 3, renderFrameRate 59.94006, defaultModeId 3, supportedModes [{id=3, width=1920, height=1080, fps=59.94006, alternativeRefreshRates=[], supportedHdrTypes=[2, 3]}, {id=4, width=1920, height=1080, fps=60.000004, alternativeRefreshRates=[], supportedHdrTypes=[2, 3]}, {id=5, width=3840, height=2160, fps=29.97003, alternativeRefreshRates=[], supportedHdrTypes=[2, 3]}, {id=6, width=3840, height=2160, fps=30.000002, alternativeRefreshRates=[], supportedHdrTypes=[2, 3]}, {id=7, width=3840, height=2160, fps=25.0, alternativeRefreshRates=[], supportedHdrTypes=[2, 3]}, {id=8, width=3840, height=2160, fps=23.976025, alternativeRefreshRates=[], supportedHdrTypes=[2, 3]}, {id=9, width=3840, height=2160, fps=24.000002, alternativeRefreshRates=[], supportedHdrTypes=[2, 3]}, {id=10, width=1920, height=1080, fps=50.0, alternativeRefreshRates=[], supportedHdrTypes=[2, 3]}, {id=11, width=1920, height=1080, fps=29.97003, alternativeRefreshRates=[], supportedHdrTypes=[2, 3]}, {id=12, width=1920, height=1080, fps=30.000002, alternativeRefreshRates=[], supportedHdrTypes=[2, 3]}, {id=13, width=1920, height=1080, fps=23.976025, alternativeRefreshRates=[], supportedHdrTypes=[2, 3]}, {id=14, width=1920, height=1080, fps=24.000002, alternativeRefreshRates=[], supportedHdrTypes=[2, 3]}, {id=15, width=1280, height=720, fps=59.94006, alternativeRefreshRates=[], supportedHdrTypes=[2, 3]}, {id=16, width=1280, height=720, fps=60.000004, alternativeRefreshRates=[], supportedHdrTypes=[2, 3]}, {id=17, width=1280, height=720, fps=50.0, alternativeRefreshRates=[], supportedHdrTypes=[2, 3]}], colorMode 0, supportedColorModes [0], hdrCapabilities HdrCapabilities{mSupportedHdrTypes=[2, 3], mMaxLuminance=1000.0, mMaxAverageLuminance=1000.0, mMinLuminance=0.0}, allmSupported false, gameContentTypeSupported false, density 240, 42.406 x 42.203 dpi, appVsyncOff 2000000, presDeadline 13683333, touch INTERNAL, rotation 0, type INTERNAL, address {port=13, model=0x4031d87fca1678}, deviceProductInfo DeviceProductInfo{name=Dangbei , manufacturerPnpId=MST, productId=48, modelYear=null, manufactureDate=ManufactureDate{week=10, year=2012}, connectionToSinkType=2}, state ON, committedState ON, frameRateOverride , brightnessMinimum 0.0, brightnessMaximum 1.0, brightnessDefault 0.39763778, hdrSdrRatio NaN, FLAG_ALLOWED_TO_BE_DEFAULT_DISPLAY, FLAG_ROTATES_WITH_CONTENT, FLAG_SECURE, FLAG_SUPPORTS_PROTECTED_BUFFERS, FLAG_TRUSTED, installOrientation 0, displayShape DisplayShape{ spec=729782573 displayWidth=1920 displayHeight=1080 physicalPixelDisplaySizeRatio=1.0 rotation=0 offsetX=0 offsetY=0 scale=1.0}}
06-25 18:27:20.465 688 713 I InputManager-JNI: Viewport [0] to add: local:4625716335649126413, isActive: true
06-25 18:27:20.466 688 793 I InputReader: Reconfiguring input devices, changes=DISPLAY_INFO
06-25 18:27:20.466 454 664 D xm_audio: adev_get_parameters
06-25 18:27:20.470 454 664 D xm_audio: adev_get_parameters
06-25 18:27:20.471 248 248 I RefreshRateSelector: Display 4625716335649126413 policy changed
06-25 18:27:20.471 248 248 I RefreshRateSelector: Previous: {defaultModeId=2, allowGroupSwitching=false, primaryRanges={physical=[0.00 Hz, 340282346638528859811704183484516925440.00 Hz], render=[0.00 Hz, 340282346638528859811704183484516925440.00 Hz]}, appRequestRanges={physical=[0.00 Hz, 340282346638528859811704183484516925440.00 Hz], render=[0.00 Hz, 340282346638528859811704183484516925440.00 Hz]}}
06-25 18:27:20.471 248 248 I RefreshRateSelector: Current: DisplayManagerPolicy{defaultModeId=2, allowGroupSwitching=false, primaryRanges={physical=[0.00 Hz, inf Hz], render=[0.00 Hz, 120.00 Hz]}, appRequestRanges={physical=[0.00 Hz, inf Hz], render=[0.00 Hz, inf Hz]}}
06-25 18:27:20.471 248 248 I RefreshRateSelector: 0 mode changes were performed under the previous policy
06-25 18:27:20.483 454 664 D xm_audio: adev_get_parameters
06-25 18:27:20.488 454 454 D xm_audio: adev_get_parameters
06-25 18:27:20.491 463 463 D hdmicecd: [CEC]:printCecMessage, [4 -> f] len: 4, body: 84 10 00 04, result:success
06-25 18:27:20.491 463 463 E IPCThreadState: binder thread pool (1 threads) starved for 155 ms
06-25 18:27:20.491 688 864 D HDMI : [S]: 4F:87:1C:A4:10
06-25 18:27:20.497 454 454 D xm_audio: adev_get_parameters
06-25 18:27:20.499 454 454 D xm_audio: adev_get_parameters
06-25 18:27:20.506 460 3626 I VDA : [0##5]"ServiceDeviceTask INs=866/873, OUTs=864/868"" {IN=7/8, OUT=9/13[kAtAccelerator(0) kAtDevice(4) kAtClient(9)]}"
06-25 18:27:20.507 454 454 D xm_audio: adev_get_parameters
06-25 18:27:20.510 454 454 D xm_audio: adev_get_parameters
06-25 18:27:20.515 454 454 D xm_audio: adev_get_parameters
06-25 18:27:20.516 454 454 D xm_audio: adev_get_parameters
06-25 18:27:20.521 454 454 D xm_audio: adev_get_parameters
06-25 18:27:20.521 454 454 D xm_audio: adev_get_parameters
06-25 18:27:20.528 454 454 D xm_audio: adev_get_parameters
06-25 18:27:20.530 454 454 D xm_audio: adev_get_parameters
06-25 18:27:20.537 454 454 D xm_audio: adev_get_parameters
06-25 18:27:20.539 454 664 D xm_audio: adev_get_parameters
06-25 18:27:20.545 454 664 D xm_audio: adev_get_parameters
06-25 18:27:20.547 454 664 D xm_audio: adev_get_parameters
06-25 18:27:20.552 454 664 D xm_audio: adev_get_parameters
06-25 18:27:20.553 454 664 D xm_audio: adev_get_parameters
06-25 18:27:20.557 454 664 D xm_audio: adev_get_parameters
06-25 18:27:20.558 454 664 D xm_audio: adev_get_parameters
06-25 18:27:20.565 907 1196 I vol.Events: writeEvent level_changed STREAM_VOICE_CALL 90
06-25 18:27:20.566 907 907 D vol.VolumeDialogImpl: getIconResWithStream levelMax:20 levelMin:0 level:20 getImpliedLevel:20 stream:3
06-25 18:27:20.567 907 907 D vol.VolumeDialogImpl: getIconResWithStream levelMax:20 levelMin:0 level:20 getImpliedLevel:20 stream:3
06-25 18:27:20.570 907 1196 I vol.Events: writeEvent level_changed STREAM_SYSTEM 90
06-25 18:27:20.571 907 907 D vol.VolumeDialogImpl: getIconResWithStream levelMax:20 levelMin:0 level:20 getImpliedLevel:20 stream:3
06-25 18:27:20.572 907 907 D vol.VolumeDialogImpl: getIconResWithStream levelMax:20 levelMin:0 level:20 getImpliedLevel:20 stream:3
06-25 18:27:20.573 907 1196 I vol.Events: writeEvent level_changed STREAM_RING 90
06-25 18:27:20.575 907 907 D vol.VolumeDialogImpl: getIconResWithStream levelMax:20 levelMin:0 level:20 getImpliedLevel:20 stream:3
06-25 18:27:20.575 907 1196 I vol.Events: writeEvent level_changed STREAM_MUSIC 18
06-25 18:27:20.575 907 907 D vol.VolumeDialogImpl: getIconResWithStream levelMax:20 levelMin:0 level:20 getImpliedLevel:20 stream:3
06-25 18:27:20.576 907 907 D vol.VolumeDialogImpl: getIconResWithStream levelMax:20 levelMin:0 level:18 getImpliedLevel:20 stream:3
06-25 18:27:20.577 907 907 D vol.VolumeDialogImpl: getIconResWithStream levelMax:20 levelMin:0 level:18 getImpliedLevel:18 stream:3
06-25 18:27:20.577 907 1196 I vol.Events: writeEvent level_changed STREAM_ALARM 90
06-25 18:27:20.578 907 907 D vol.VolumeDialogImpl: getIconResWithStream levelMax:20 levelMin:0 level:18 getImpliedLevel:18 stream:3
06-25 18:27:20.578 907 907 D vol.VolumeDialogImpl: getIconResWithStream levelMax:20 levelMin:0 level:18 getImpliedLevel:18 stream:3
06-25 18:27:20.580 907 907 D vol.VolumeDialogImpl: getIconResWithStream levelMax:20 levelMin:0 level:18 getImpliedLevel:18 stream:3
06-25 18:27:20.581 907 907 D vol.VolumeDialogImpl: getIconResWithStream levelMax:20 levelMin:0 level:18 getImpliedLevel:18 stream:3
06-25 18:27:20.581 907 907 D vol.VolumeDialogImpl: getIconResWithStream levelMax:20 levelMin:0 level:18 getImpliedLevel:18 stream:3
06-25 18:27:20.582 907 907 D vol.VolumeDialogImpl: getIconResWithStream levelMax:20 levelMin:0 level:18 getImpliedLevel:18 stream:3
06-25 18:27:20.583 907 907 D vol.VolumeDialogImpl: getIconResWithStream levelMax:20 levelMin:0 level:18 getImpliedLevel:18 stream:3
06-25 18:27:20.583 907 907 D vol.VolumeDialogImpl: getIconResWithStream levelMax:20 levelMin:0 level:18 getImpliedLevel:18 stream:3
06-25 18:27:20.583 907 907 D vol.VolumeDialogImpl: getIconResWithStream levelMax:20 levelMin:0 level:18 getImpliedLevel:18 stream:3
06-25 18:27:20.584 907 907 D vol.VolumeDialogImpl: getIconResWithStream levelMax:20 levelMin:0 level:18 getImpliedLevel:18 stream:3
06-25 18:27:20.587 907 907 D vol.VolumeDialogImpl: getIconResWithStream levelMax:20 levelMin:0 level:18 getImpliedLevel:18 stream:3
06-25 18:27:20.587 907 907 D vol.VolumeDialogImpl: getIconResWithStream levelMax:20 levelMin:0 level:18 getImpliedLevel:18 stream:3
06-25 18:27:20.646 463 463 D hdmicecd: [CEC]:printCecMessage, [4 -> f] len: 4, body: 87 1c a4 10, result:success
06-25 18:27:20.647 463 463 E IPCThreadState: binder thread pool (1 threads) starved for 154 ms
06-25 18:27:20.647 688 864 D HDMI : [S]: 40:8C
06-25 18:27:20.666 0 0 I [0 T3443 ..] [hdmitx: ] hdr_unmute_work_func: VID_UNMUTE
06-25 18:27:20.725 463 463 D hdmicecd: [CEC]:printCecMessage, [4 -> 0] len: 1, body: 8c, result:success
06-25 18:27:20.726 688 864 D HDMI : [S]: 40:47
06-25 18:27:21.001 463 463 D hdmicecd: [CEC]:printCecMessage, [4 -> 0] len: 9, body: 47 44 42 42 4f 58 2d 41 33, result:success
06-25 18:27:21.002 463 463 E IPCThreadState: binder thread pool (1 threads) starved for 276 ms
06-25 18:27:21.003 688 864 D HDMI : [S]: 45:7D
06-25 18:27:21.057 463 463 D hdmicecd: [CEC]:printCecMessage, [4 -> 5] len: 1, body: 7d, result:no ack
06-25 18:27:21.113 463 463 D hdmicecd: [CEC]:printCecMessage, [4 -> 5] len: 1, body: 7d, result:no ack
06-25 18:27:21.113 688 864 E HDMI : [1]:Failed to send 45:7D with errorCode=1
06-25 18:27:21.114 688 688 D HDMI : AVR did not respond to
06-25 18:27:21.116 688 688 D HdmiControlService: Switching to full volume behavior
06-25 18:27:21.169 463 463 D hdmicecd: [CEC]:printCecMessage, [4 -> e] len: 0, body:, result:no ack
06-25 18:27:21.225 463 463 D hdmicecd: [CEC]:printCecMessage, [4 -> b] len: 0, body:, result:no ack
06-25 18:27:21.281 463 463 D hdmicecd: [CEC]:printCecMessage, [4 -> 8] len: 0, body:, result:no ack
06-25 18:27:21.337 463 463 D hdmicecd: [CEC]:printCecMessage, [4 -> 5] len: 0, body:, result:no ack
06-25 18:27:21.378 281 3714 D MesonDisplay: read /sys/class/amhdmitx/amhdmitx0/hdcp_lstore, result length:0, val:
06-25 18:27:21.393 463 463 D hdmicecd: [CEC]:printCecMessage, [4 -> 3] len: 0, body:, result:no ack
06-25 18:27:21.449 463 463 D hdmicecd: [CEC]:printCecMessage, [4 -> 1] len: 0, body:, result:no ack
06-25 18:27:21.505 463 463 D hdmicecd: [CEC]:printCecMessage, [4 -> 0] len: 0, body:, result:success
06-25 18:27:21.505 688 688 D HdmiCecController: [P]:AllocatedAddress=[0]
06-25 18:27:21.506 688 864 D HDMI : [S]: 40:83
06-25 18:27:21.564 454 646 I audio_hw_hal_alsamgr: alsa format =0x1 delay frames =1024 total frames=16487680
06-25 18:27:21.572 460 3626 I VDA : [0##5]"ServiceDeviceTask INs=897/904, OUTs=895/900"" {IN=7/8, OUT=8/13[kAtAccelerator(0) kAtDevice(5) kAtClient(8)]}"
06-25 18:27:21.585 463 463 D hdmicecd: [CEC]:printCecMessage, [4 -> 0] len: 1, body: 83, result:success
06-25 18:27:21.854 460 3598 I DebugUtil: [0##5]in/out status {INS/OUTS=914(1)/903(0)}, pipeline status {IN=8/8, OUT=8/13[Component(0) Accelerator(5) Client(8)]}
06-25 18:27:22.074 1409 1409 E xxxxxxxxxxxxxxx: onReceive: true , configuration = {1.0 ?mcc0mnc [zh_CN] ldltr sw720dp w1280dp h720dp 240dpi xlrg long land television -touch -keyb/v/h dpad/v winConfig={ mBounds=Rect(0, 0 - 1920, 1080) mAppBounds=Rect(0, 0 - 1920, 1080) mMaxBounds=Rect(0, 0 - 1920, 1080) mDisplayRotation=ROTATION_0 mWindowingMode=fullscreen mDisplayWindowingMode=fullscreen mActivityType=undefined mAlwaysOnTop=undefined mRotation=ROTATION_0} s.6 fontWeightAdjustment=0}
06-25 18:27:22.075 1409 1409 D TheRouter::RouterInject: interception::===interface com.dangbei.leard.protocol.MainManagerInterface===MainManagerInterfaceImpl248895687
06-25 18:27:22.075 1409 1409 E xxxxxxxxxxxxxxx: isScreenSizeChange=false app onConfigurationChanged={1.0 ?mcc0mnc [zh_CN] ldltr sw720dp w1280dp h720dp 240dpi xlrg long land television -touch -keyb/v/h dpad/v winConfig={ mBounds=Rect(0, 0 - 1920, 1080) mAppBounds=Rect(0, 0 - 1920, 1080) mMaxBounds=Rect(0, 0 - 1920, 1080) mDisplayRotation=ROTATION_0 mWindowingMode=fullscreen mDisplayWindowingMode=fullscreen mActivityType=undefined mAlwaysOnTop=undefined mRotation=ROTATION_0} s.6 fontWeightAdjustment=0}
06-25 18:27:22.379 281 3714 D MesonDisplay: read /sys/class/amhdmitx/amhdmitx0/hdcp_lstore, result length:0, val:
06-25 18:27:22.576 460 3626 I VDA : [0##5]"ServiceDeviceTask INs=928/935, OUTs=926/930"" {IN=7/8, OUT=9/13[kAtAccelerator(0) kAtDevice(4) kAtClient(9)]}"
06-25 18:27:22.822 3453 3615 I virtual Data FFDemuxer::read(): read frame ret: End of file latestReceivedTime: 184092 getTotalTimeMillis: 6666 is exit: 0
06-25 18:27:22.822 3453 3615 I virtual Data FFDemuxer::read(): list smooth loop
06-25 18:27:22.827 3453 3615 I virtual StreamInfo FFDemuxer::getVideoStreamInfo(): video width: 1920 video height: 1080 video pixelFormat: 0 fps: 30
06-25 18:27:22.827 3453 3615 D virtual Data FFDemuxer::read(): open next url: /data/user/0/com.dangbei.lerad.screensaver/files/download/61/city_1.mp4
06-25 18:27:22.968 471 496 I WifiHAL : call wifi_get_link_stats handler
06-25 18:27:22.969 471 496 I WifiHAL : Creating message to get link statistics; iface = 16
06-25 18:27:22.969 471 496 D WifiHAL : error code -95 mapped to -3
06-25 18:27:22.969 688 823 E WifiStaIfaceAidlImpl: getLinkLayerStats failed with service-specific exception: android.os.ServiceSpecificException: (code 4)
06-25 18:27:23.165 3453 3592 D BufferPoolAccessor2.0: bufferpool2 0xe3fb0988 : 8(12582912 size) total buffers - 8(12582912 size) used buffers - 0/9 (recycle/alloc) - 9/955 (fetch/transfer)
06-25 18:27:23.219 443 3725 I resolv : GetAddrInfoHandler::run: {100 786532 100 983140 1000 0}
06-25 18:27:23.220 443 3726 I resolv : res_nmkquery: (QUERY, IN, A)
06-25 18:27:23.220 443 3726 I resolv : resolv_cache_lookup: FOUND IN CACHE entry=0xeb483c70
06-25 18:27:23.220 443 3726 I resolv : doQuery: rcode=0, ancount=17, return value=504
06-25 18:27:23.223 1409 3521 D TrafficStats: tagSocket(85) with statsTag=0xffffffff, statsUid=-1
06-25 18:27:23.379 281 3714 D MesonDisplay: read /sys/class/amhdmitx/amhdmitx0/hdcp_lstore, result length:0, val:
06-25 18:27:23.384 454 645 D audio_hw_hal_ms12common: func:ms12_timer_callback_handler sigv:0 ~~~~~~~~~~
06-25 18:27:23.385 454 645 D audio_hw_hal_ms12v2: set_dolby_ms12_continuous_state audio_continuous_standby_set status 1
06-25 18:27:23.385 454 645 D audio_hw_hal_continuous_standby: audio_continuous_standby_set, type 0, params 1
06-25 18:27:23.385 454 645 D audio_hw_hal_ms12common: aml_send_ms12_scheduler_state_2_ms12 adev:0xe7203270, sch_state:1(SCHEDULER_STANDBY)
06-25 18:27:23.508 688 864 D HDMI : [S]: 40:83
06-25 18:27:23.581 460 3626 I VDA : [0##5]"ServiceDeviceTask INs=959/966, OUTs=957/960"" {IN=7/8, OUT=10/13[kAtAccelerator(0) kAtDevice(3) kAtClient(10)]}"
06-25 18:27:23.589 463 463 D hdmicecd: [CEC]:printCecMessage, [4 -> 0] len: 1, body: 83, result:success
06-25 18:27:24.379 281 3714 D MesonDisplay: read /sys/class/amhdmitx/amhdmitx0/hdcp_lstore, result length:0, val:
06-25 18:27:24.611 460 3626 I VDA : [0##5]"ServiceDeviceTask INs=988/995, OUTs=987/991"" {IN=7/8, OUT=9/13[kAtAccelerator(0) kAtDevice(4) kAtClient(9)]}"
06-25 18:27:25.380 281 3714 D MesonDisplay: read /sys/class/amhdmitx/amhdmitx0/hdcp_lstore, result length:0, val:
06-25 18:27:25.509 688 864 D HDMI : [S]: 40:83
06-25 18:27:25.589 463 463 D hdmicecd: [CEC]:printCecMessage, [4 -> 0] len: 1, body: 83, result:success
06-25 18:27:25.643 460 3626 I VDA : [0##5]"ServiceDeviceTask INs=1020/1027, OUTs=1018/1022"" {IN=7/8, OUT=9/13[kAtAccelerator(0) kAtDevice(4) kAtClient(9)]}"
06-25 18:27:25.976 471 496 I WifiHAL : call wifi_get_link_stats handler
06-25 18:27:25.976 471 496 I WifiHAL : Creating message to get link statistics; iface = 16
06-25 18:27:25.976 471 496 D WifiHAL : error code -95 mapped to -3
06-25 18:27:25.977 688 823 E WifiStaIfaceAidlImpl: getLinkLayerStats failed with service-specific exception: android.os.ServiceSpecificException: (code 4)
06-25 18:27:26.380 281 3714 D MesonDisplay: read /sys/class/amhdmitx/amhdmitx0/hdcp_lstore, result length:0, val:
06-25 18:27:26.645 460 3626 I VDA : [0##5]"ServiceDeviceTask INs=1051/1058, OUTs=1049/1052"" {IN=7/8, OUT=10/13[kAtAccelerator(0) kAtDevice(3) kAtClient(10)]}"
06-25 18:27:26.855 460 3598 I DebugUtil: [0##5]in/out status {INS/OUTS=1066(1)/1055(0)}, pipeline status {IN=8/8, OUT=10/13[Component(0) Accelerator(3) Client(10)]}
06-25 18:27:27.168 3453 3614 I virtual void MediaDecoder::run(): notify decode next url: /data/user/0/com.dangbei.lerad.screensaver/files/download/61/city_2.mp4
06-25 18:27:27.168 3453 3614 E screen_saver2: onDecodeNextStream: 1
06-25 18:27:27.169 3453 3453 D AdManager: advertisementNum: 5
06-25 18:27:27.381 281 3714 D MesonDisplay: read /sys/class/amhdmitx/amhdmitx0/hdcp_lstore, result length:0, val:
06-25 18:27:27.510 688 864 D HDMI : [S]: 40:83
06-25 18:27:27.589 463 463 D hdmicecd: [CEC]:printCecMessage, [4 -> 0] len: 1, body: 83, result:success
06-25 18:27:27.645 460 3626 I VDA : [0##5]"ServiceDeviceTask INs=1082/1089, OUTs=1079/1083"" {IN=7/8, OUT=9/13[kAtAccelerator(0) kAtDevice(4) kAtClient(9)]}"
06-25 18:27:28.333 3453 3592 D BufferPoolAccessor2.0: bufferpool2 0xe3fb0988 : 8(12582912 size) total buffers - 8(12582912 size) used buffers - 0/9 (recycle/alloc) - 9/1111 (fetch/transfer)
06-25 18:27:28.381 281 3714 D MesonDisplay: read /sys/class/amhdmitx/amhdmitx0/hdcp_lstore, result length:0, val:
06-25 18:27:28.539 2291 2355 D UtilLog : 日志批量上报 进行正常循环 !!!!!!本次有0次请求,共0条数据
06-25 18:27:28.673 460 3626 I VDA : [0##5]"ServiceDeviceTask INs=1112/1119, OUTs=1109/1114"" {IN=7/8, OUT=8/13[kAtAccelerator(0) kAtDevice(5) kAtClient(8)]}"
06-25 18:27:28.981 471 496 I WifiHAL : call wifi_get_link_stats handler
06-25 18:27:28.981 471 496 I WifiHAL : Creating message to get link statistics; iface = 16
06-25 18:27:28.982 471 496 D WifiHAL : error code -95 mapped to -3
06-25 18:27:28.982 688 823 E WifiStaIfaceAidlImpl: getLinkLayerStats failed with service-specific exception: android.os.ServiceSpecificException: (code 4)
06-25 18:27:29.003 455 1195 I android.hardware.bluetooth@1.0-impl: [HandleIncomingEvent-549]: rec adv direct packet
06-25 18:27:29.381 281 3714 D MesonDisplay: read /sys/class/amhdmitx/amhdmitx0/hdcp_lstore, result length:0, val:
06-25 18:27:29.394 3453 3615 I virtual Data FFDemuxer::read(): read frame ret: End of file latestReceivedTime: 191591 getTotalTimeMillis: 7500 is exit: 0
06-25 18:27:29.395 3453 3615 I virtual Data FFDemuxer::read(): list smooth loop
06-25 18:27:29.401 3453 3615 I virtual StreamInfo FFDemuxer::getVideoStreamInfo(): video width: 1920 video height: 1080 video pixelFormat: 0 fps: 30
06-25 18:27:29.401 3453 3615 D virtual Data FFDemuxer::read(): open next url: /data/user/0/com.dangbei.lerad.screensaver/files/download/61/city_2.mp4
06-25 18:27:29.512 688 864 D HDMI : [S]: 40:83
06-25 18:27:29.593 463 463 D hdmicecd: [CEC]:printCecMessage, [4 -> 0] len: 1, body: 83, result:success
06-25 18:27:29.699 460 3626 I VDA : [0##5]"ServiceDeviceTask INs=1142/1149, OUTs=1139/1144"" {IN=7/8, OUT=8/13[kAtAccelerator(0) kAtDevice(5) kAtClient(8)]}"
06-25 18:27:30.382 281 3714 D MesonDisplay: read /sys/class/amhdmitx/amhdmitx0/hdcp_lstore, result length:0, val:
06-25 18:27:30.729 460 3626 I VDA : [0##5]"ServiceDeviceTask INs=1174/1181, OUTs=1172/1175"" {IN=7/8, OUT=10/13[kAtAccelerator(0) kAtDevice(3) kAtClient(10)]}"
06-25 18:27:30.807 455 1195 I android.hardware.bluetooth@1.0-impl: [HandleIncomingEvent-549]: rec adv direct packet
06-25 18:27:31.382 281 3714 D MesonDisplay: read /sys/class/amhdmitx/amhdmitx0/hdcp_lstore, result length:0, val:
06-25 18:27:31.382 281 3714 D MesonDisplay: read /sys/class/amhdmitx/amhdmitx0/hdcp_lstore, result length:0, val:
06-25 18:27:31.382 281 3714 I MesonDisplay: [/HDCPTxAuth.cpp, authInit, 223] hdcp_tx key:
06-25 18:27:31.513 463 463 D hdmicecd: [HdmiCecControl]:getPhysicalAddress, physical addr: 1000, last pa: 1000, ret = 0
06-25 18:27:31.513 688 688 D HDMI : addCecDevice new:CEC: logical_address: 0x04 device_type: 4 cec_version: 5 vendor_id: 1877008 display_name: DBBOX-A3 power_status: 0 physical_address: 0x1000 port_id: 0 old:null
06-25 18:27:31.759 460 3626 I VDA : [0##5]"ServiceDeviceTask INs=1204/1211, OUTs=1202/1206"" {IN=7/8, OUT=9/13[kAtAccelerator(0) kAtDevice(4) kAtClient(9)]}"
06-25 18:27:31.855 460 3598 I DebugUtil: [0##5]in/out status {INS/OUTS=1215(1)/1204(0)}, pipeline status {IN=8/8, OUT=9/13[Component(0) Accelerator(4) Client(9)]}
06-25 18:27:31.988 471 496 I WifiHAL : call wifi_get_link_stats handler
06-25 18:27:31.989 471 496 I WifiHAL : Creating message to get link statistics; iface = 16
06-25 18:27:31.989 471 496 D WifiHAL : error code -95 mapped to -3
06-25 18:27:31.990 688 823 E WifiStaIfaceAidlImpl: getLinkLayerStats failed with service-specific exception: android.os.ServiceSpecificException: (code 4)
06-25 18:27:32.824 460 3626 I VDA : [0##5]"ServiceDeviceTask INs=1236/1243, OUTs=1234/1238"" {IN=7/8, OUT=9/13[kAtAccelerator(0) kAtDevice(4) kAtClient(9)]}"
06-25 18:27:33.512 3453 3592 D BufferPoolAccessor2.0: bufferpool2 0xe3fb0988 : 8(12582912 size) total buffers - 8(12582912 size) used buffers - 0/9 (recycle/alloc) - 9/1266 (fetch/transfer)
06-25 18:27:33.824 3453 3614 I virtual void MediaDecoder::run(): notify decode next url: /data/user/0/com.dangbei.lerad.screensaver/files/download/61/city_1.mp4
06-25 18:27:33.825 3453 3614 E screen_saver2: onDecodeNextStream: 0
06-25 18:27:33.825 3453 3614 E screen_saver2: 本地记录index和回调的不一致
06-25 18:27:33.825 3453 3453 D AdManager: advertisementNum: 4
06-25 18:27:33.853 460 3626 I VDA : [0##5]"ServiceDeviceTask INs=1268/1275, OUTs=1265/1269"" {IN=7/8, OUT=9/13[kAtAccelerator(0) kAtDevice(4) kAtClient(9)]}"
06-25 18:27:34.883 460 3626 I VDA : [0##5]"ServiceDeviceTask INs=1299/1306, OUTs=1297/1300"" {IN=7/8, OUT=10/13[kAtAccelerator(0) kAtDevice(3) kAtClient(10)]}"
06-25 18:27:34.997 471 496 I WifiHAL : call wifi_get_link_stats handler
06-25 18:27:34.997 471 496 I WifiHAL : Creating message to get link statistics; iface = 16
06-25 18:27:34.997 471 496 D WifiHAL : error code -95 mapped to -3
06-25 18:27:34.997 688 823 E WifiStaIfaceAidlImpl: getLinkLayerStats failed with service-specific exception: android.os.ServiceSpecificException: (code 4)
06-25 18:27:35.915 460 3626 I VDA : [0##5]"ServiceDeviceTask INs=1329/1336, OUTs=1327/1331"" {IN=7/8, OUT=9/13[kAtAccelerator(0) kAtDevice(4) kAtClient(9)]}"
06-25 18:27:36.855 460 3598 I DebugUtil: [0##5]in/out status {INS/OUTS=1366(1)/1355(0)}, pipeline status {IN=8/8, OUT=10/13[Component(0) Accelerator(3) Client(10)]}
06-25 18:27:36.939 460 3626 I VDA : [0##5]"ServiceDeviceTask INs=1360/1367, OUTs=1357/1361"" {IN=7/8, OUT=9/13[kAtAccelerator(0) kAtDevice(4) kAtClient(9)]}"
06-25 18:27:36.981 3453 3615 I virtual Data FFDemuxer::read(): read frame ret: End of file latestReceivedTime: 198258 getTotalTimeMillis: 6666 is exit: 0
06-25 18:27:36.981 3453 3615 I virtual Data FFDemuxer::read(): list smooth loop
06-25 18:27:36.985 3453 3615 I virtual StreamInfo FFDemuxer::getVideoStreamInfo(): video width: 1920 video height: 1080 video pixelFormat: 0 fps: 30
06-25 18:27:36.985 3453 3615 D virtual Data FFDemuxer::read(): open next url: /data/user/0/com.dangbei.lerad.screensaver/files/download/61/city_1.mp4
06-25 18:27:37.506 2291 2353 I TDLog : [APP] New data found, Submitting...
06-25 18:27:37.511 443 3744 I resolv : GetAddrInfoHandler::run: {100 786532 100 983140 1000 0}
06-25 18:27:37.513 443 3745 I resolv : res_nmkquery: (QUERY, IN, A)
06-25 18:27:37.513 443 3745 I resolv : resolv_cache_lookup: FOUND IN CACHE entry=0xecf818d0
06-25 18:27:37.513 443 3745 I resolv : doQuery: rcode=0, ancount=1, return value=47
06-25 18:27:37.514 2291 2353 D TrafficStats: tagSocket(92) with statsTag=0xffffffff, statsUid=-1
06-25 18:27:37.517 2291 2353 I TDLog : [APP] Failed to submit data!
06-25 18:27:37.971 460 3626 I VDA : [0##5]"ServiceDeviceTask INs=1391/1398, OUTs=1388/1392"" {IN=7/8, OUT=9/13[kAtAccelerator(0) kAtDevice(4) kAtClient(9)]}"
06-25 18:27:38.006 471 496 I WifiHAL : call wifi_get_link_stats handler
06-25 18:27:38.006 471 496 I WifiHAL : Creating message to get link statistics; iface = 16
06-25 18:27:38.006 471 496 D WifiHAL : error code -95 mapped to -3
06-25 18:27:38.007 688 823 E WifiStaIfaceAidlImpl: getLinkLayerStats failed with service-specific exception: android.os.ServiceSpecificException: (code 4)
06-25 18:27:38.540 2291 2355 D UtilLog : 日志批量上报 进行正常循环 !!!!!!本次有0次请求,共0条数据
06-25 18:27:38.662 3453 3592 D BufferPoolAccessor2.0: bufferpool2 0xe3fb0988 : 8(12582912 size) total buffers - 8(12582912 size) used buffers - 0/9 (recycle/alloc) - 9/1420 (fetch/transfer)
06-25 18:27:39.005 460 3626 I VDA : [0##5]"ServiceDeviceTask INs=1421/1428, OUTs=1419/1423"" {IN=7/8, OUT=9/13[kAtAccelerator(0) kAtDevice(4) kAtClient(9)]}"
06-25 18:27:40.035 460 3626 I VDA : [0##5]"ServiceDeviceTask INs=1453/1460, OUTs=1451/1454"" {IN=7/8, OUT=10/13[kAtAccelerator(0) kAtDevice(3) kAtClient(10)]}"
06-25 18:27:40.568 443 541 I netd : tetherGetStats() -> {[]} <2.51ms>
06-25 18:27:40.585 443 541 I netd : bandwidthSetGlobalAlert(2097152) <0.52ms>
06-25 18:27:41.012 471 496 I WifiHAL : call wifi_get_link_stats handler
06-25 18:27:41.012 471 496 I WifiHAL : Creating message to get link statistics; iface = 16
06-25 18:27:41.013 471 496 D WifiHAL : error code -95 mapped to -3
06-25 18:27:41.013 688 823 E WifiStaIfaceAidlImpl: getLinkLayerStats failed with service-specific exception: android.os.ServiceSpecificException: (code 4)
06-25 18:27:41.036 460 3626 I VDA : [0##5]"ServiceDeviceTask INs=1483/1490, OUTs=1481/1484"" {IN=7/8, OUT=10/13[kAtAccelerator(0) kAtDevice(3) kAtClient(10)]}"
06-25 18:27:41.322 3453 3614 I virtual void MediaDecoder::run(): notify decode next url: /data/user/0/com.dangbei.lerad.screensaver/files/download/61/city_2.mp4
06-25 18:27:41.322 3453 3614 E screen_saver2: onDecodeNextStream: 1
06-25 18:27:41.322 3453 3453 D AdManager: advertisementNum: 3
06-25 18:27:41.642 455 1195 I android.hardware.bluetooth@1.0-impl: [HandleIncomingEvent-549]: rec adv direct packet
06-25 18:27:41.855 460 3598 I DebugUtil: [0##5]in/out status {INS/OUTS=1516(1)/1505(0)}, pipeline status {IN=8/8, OUT=10/13[Component(0) Accelerator(3) Client(10)]}
06-25 18:27:42.041 460 3626 I VDA : [0##5]"ServiceDeviceTask INs=1513/1520, OUTs=1511/1514"" {IN=7/8, OUT=10/13[kAtAccelerator(0) kAtDevice(3) kAtClient(10)]}"
06-25 18:27:42.184 454 646 I audio_hw_hal_alsamgr: alsa format =0x1 delay frames =768 total frames=17478400
06-25 18:27:43.074 460 3626 I VDA : [0##5]"ServiceDeviceTask INs=1544/1551, OUTs=1542/1545"" {IN=7/8, OUT=10/13[kAtAccelerator(0) kAtDevice(3) kAtClient(10)]}"
06-25 18:27:43.591 3453 3615 I virtual Data FFDemuxer::read(): read frame ret: End of file latestReceivedTime: 205757 getTotalTimeMillis: 7500 is exit: 0
06-25 18:27:43.592 3453 3615 I virtual Data FFDemuxer::read(): list smooth loop
06-25 18:27:43.598 3453 3615 I virtual StreamInfo FFDemuxer::getVideoStreamInfo(): video width: 1920 video height: 1080 video pixelFormat: 0 fps: 30
06-25 18:27:43.598 3453 3615 D virtual Data FFDemuxer::read(): open next url: /data/user/0/com.dangbei.lerad.screensaver/files/download/61/city_2.mp4
06-25 18:27:43.897 3453 3592 D BufferPoolAccessor2.0: bufferpool2 0xe3fb0988 : 8(12582912 size) total buffers - 8(12582912 size) used buffers - 0/9 (recycle/alloc) - 9/1578 (fetch/transfer)
06-25 18:27:44.020 471 496 I WifiHAL : call wifi_get_link_stats handler
06-25 18:27:44.021 471 496 I WifiHAL : Creating message to get link statistics; iface = 16
06-25 18:27:44.021 471 496 D WifiHAL : error code -95 mapped to -3
06-25 18:27:44.022 688 823 E WifiStaIfaceAidlImpl: getLinkLayerStats failed with service-specific exception: android.os.ServiceSpecificException: (code 4)
