06-25 18:26:51.971 247 247 I mali_gralloc: am_gralloc_get_uvm_decoder_para: parameters:[slot_id=0,w*h(1920*1088),w_align=64,h_align=64,size=0,compress=0]
06-25 18:26:51.971 247 247 I mali_gralloc: am_gralloc_get_uvm_decoder_para: parameters:[slot_id=0,w*h(1920*1088),w_align=64,h_align=64,size=0,compress=0]
06-25 18:26:51.972 460 3626 I VDA : [0##5]"----enqueue output STREAMON----\n"
06-25 18:26:51.973 3453 3615 I virtual StreamInfo FFDemuxer::getVideoStreamInfo(): video width: 1920 video height: 1080 video pixelFormat: 0 fps: 30
06-25 18:26:51.973 3453 3615 D virtual Data FFDemuxer::read(): open next url: /data/user/0/com.dangbei.lerad.screensaver/files/download/61/city_2.mp4
06-25 18:26:51.974 460 3598 I C2VdecBlockPoolUtil: Fetch the new block(ino:90 fd:71 dup fd:74 id:1) and append.
06-25 18:26:51.974 460 3598 I V4l2Adaptor: importBufferForPicture pictureBufferId 1, dmabufFd 75, metaFd -1
06-25 18:26:51.975 460 3619 I V4l2Adaptor: onImportBufferForPicture pictureBufferId 1, dmabufFd 75, metaFd -1, plane size 1
06-25 18:26:51.975 460 3619 I V4l2Adaptor: onImportBufferForPicture addr 0x0, stride 0, offset 0, size 0
06-25 18:26:51.975 247 247 I mali_gralloc: am_gralloc_get_uvm_decoder_para: parameters:[slot_id=0,w*h(1920*1088),w_align=64,h_align=64,size=0,compress=0]
06-25 18:26:51.975 460 3626 I VDA : [0##5]"ImportDynamicCaptureBufferForPictureTask fd=75, index=1\n"" {IN=8/8, OUT=0/2[kAtAccelerator(1) kAtDevice(1) kAtClient(0)]}"
06-25 18:26:51.975 247 247 I mali_gralloc: am_gralloc_get_uvm_decoder_para: parameters:[slot_id=0,w*h(1920*1088),w_align=64,h_align=64,size=0,compress=0]
06-25 18:26:51.985 0 0 D [0 T239 ..] [h265]: [0]hevc->performance_profile 0
06-25 18:26:51.985 0 0 D [0 T239 ..] [h265]: [0]set pic_list_init_flag 1
06-25 18:26:51.985 0 0 D [2 T313 ..] [h265]: [0]init_buf_spec2 1920 1080
06-25 18:26:51.985 0 0 D [2 T313 ..] [h265]: [0]set pic_list_init_flag to 2
06-25 18:26:51.985 0 0 D [0 T239 ..] [h265]: [0]set pic_list_init_flag to 3
06-25 18:26:51.985 0 0 D [0 T239 ..] [h265]: [vdec_kpi][vh265_isr_thread_fn] First I frame coming.
06-25 18:26:51.979 3453 3615 I virtual Data FFDemuxer::read(): read frame ret: End of file latestReceivedTime: 70764 getTotalTimeMillis: 6666 is exit: 0
06-25 18:26:51.979 3453 3615 I virtual Data FFDemuxer::read(): list smooth loop
06-25 18:26:51.982 460 3598 I C2VdecBlockPoolUtil: Fetch the new block(ino:92 fd:79 dup fd:82 id:2) and append.
06-25 18:26:51.982 460 3598 I V4l2Adaptor: importBufferForPicture pictureBufferId 2, dmabufFd 83, metaFd -1
06-25 18:26:51.982 460 3619 I V4l2Adaptor: onImportBufferForPicture pictureBufferId 2, dmabufFd 83, metaFd -1, plane size 1
06-25 18:26:51.982 460 3619 I V4l2Adaptor: onImportBufferForPicture addr 0x0, stride 0, offset 0, size 0
06-25 18:26:51.982 3453 3615 I virtual StreamInfo FFDemuxer::getVideoStreamInfo(): video width: 1920 video height: 1080 video pixelFormat: 0 fps: 30
06-25 18:26:51.982 3453 3615 D virtual Data FFDemuxer::read(): open next url: /data/user/0/com.dangbei.lerad.screensaver/files/download/61/city_1.mp4
06-25 18:26:51.983 247 247 I mali_gralloc: am_gralloc_get_uvm_decoder_para: parameters:[slot_id=0,w*h(1920*1088),w_align=64,h_align=64,size=0,compress=0]
06-25 18:26:51.983 247 247 I mali_gralloc: am_gralloc_get_uvm_decoder_para: parameters:[slot_id=0,w*h(1920*1088),w_align=64,h_align=64,size=0,compress=0]
06-25 18:26:51.984 460 3626 I VDA : [0##5]"ImportDynamicCaptureBufferForPictureTask fd=83, index=2\n"" {IN=8/8, OUT=0/3[kAtAccelerator(1) kAtDevice(2) kAtClient(0)]}"
06-25 18:26:52.000 0 0 D [0 T239 ..] [h265]: [0]VH265: output first frame poc 0
06-25 18:26:51.987 460 3598 I C2VdecBlockPoolUtil: Fetch the new block(ino:94 fd:87 dup fd:90 id:3) and append.
06-25 18:26:52.000 0 0 D [0 T239 ..] [h265]: [0]decoder duration change old: 0 new: 3200
06-25 18:26:51.988 460 3598 I V4l2Adaptor: importBufferForPicture pictureBufferId 3, dmabufFd 91, metaFd -1
06-25 18:26:51.988 460 3619 I V4l2Adaptor: onImportBufferForPicture pictureBufferId 3, dmabufFd 91, metaFd -1, plane size 1
06-25 18:26:52.000 0 0 D [0 T239 ..] [h265]: [vdec_kpi][post_video_frame] First I frame decoded.
06-25 18:26:51.988 460 3619 I V4l2Adaptor: onImportBufferForPicture addr 0x0, stride 0, offset 0, size 0
06-25 18:26:51.988 460 3626 I VDA : [0##5]"reportFrameRate set [3200] framerate[30.000000]"
06-25 18:26:51.988 460 3626 V android.hardware.media.c2@1.2-service: [0625/182651.988592:VERBOSE1:v4l2_video_decode_accelerator.cc(4638)] NotifyEvent():
06-25 18:26:51.988 460 3626 I VideoDecWraper: [0##5]"event 5, param 0xea638a74, paramsize:4\n"
06-25 18:26:51.988 460 3626 I C2VdecComponent: NotifyEvent:event:5
06-25 18:26:51.988 247 247 I mali_gralloc: am_gralloc_get_uvm_decoder_para: parameters:[slot_id=0,w*h(1920*1088),w_align=64,h_align=64,size=0,compress=0]
06-25 18:26:51.989 247 247 I mali_gralloc: am_gralloc_get_uvm_decoder_para: parameters:[slot_id=0,w*h(1920*1088),w_align=64,h_align=64,size=0,compress=0]
06-25 18:26:51.989 460 3619 I C2VdecDeviceUtil: [0#5]"Update color aspect p:1/1, r:2/2, m:1/1, t:3/3"
06-25 18:26:51.989 3453 3615 I virtual Data FFDemuxer::read(): read frame ret: End of file latestReceivedTime: 78263 getTotalTimeMillis: 7500 is exit: 0
06-25 18:26:51.989 3453 3615 I virtual Data FFDemuxer::read(): list smooth loop
06-25 18:26:51.989 460 3626 V android.hardware.media.c2@1.2-service: [0625/182651.989664:VERBOSE1:v4l2_video_decode_accelerator.cc(4580)] CheckInterlaced():
06-25 18:26:51.989 460 3626 I VDA : [0##5]"VIDIOC_G_FMT format.fmt.pix.width 1920\n"
06-25 18:26:51.989 460 3626 I VDA : [0##5]"[GetVisibleSize] visible width 1920, height 1080\n"
06-25 18:26:51.989 460 3626 I VDA : [0##5]"CheckInterlaced format.fmt.pix.field 1\n"
06-25 18:26:51.989 460 3626 V android.hardware.media.c2@1.2-service: [0625/182651.989878:VERBOSE1:v4l2_video_decode_accelerator.cc(4638)] NotifyEvent():
06-25 18:26:51.989 460 3626 I VideoDecWraper: [0##5]"event 2, param 0x0, paramsize:0\n"
06-25 18:26:51.989 460 3626 I C2VdecComponent: NotifyEvent:event:2
06-25 18:26:51.989 460 3626 I AmlManagePts: [0]"setInterlace set interlace[0]\n"
06-25 18:26:51.990 460 3626 I VDA : [0##5]"ImportDynamicCaptureBufferForPictureTask fd=91, index=3\n"" {IN=7/8, OUT=1/4[kAtAccelerator(1) kAtDevice(2) kAtClient(1)]}"
06-25 18:26:51.992 3453 3615 I virtual StreamInfo FFDemuxer::getVideoStreamInfo(): video width: 1920 video height: 1080 video pixelFormat: 0 fps: 30
06-25 18:26:51.992 3453 3615 D virtual Data FFDemuxer::read(): open next url: /data/user/0/com.dangbei.lerad.screensaver/files/download/61/city_2.mp4
06-25 18:26:51.997 3453 3615 I virtual Data FFDemuxer::read(): read frame ret: End of file latestReceivedTime: 84930 getTotalTimeMillis: 6666 is exit: 0
06-25 18:26:51.997 3453 3615 I virtual Data FFDemuxer::read(): list smooth loop
06-25 18:26:52.000 3453 3615 I virtual StreamInfo FFDemuxer::getVideoStreamInfo(): video width: 1920 video height: 1080 video pixelFormat: 0 fps: 30
06-25 18:26:52.000 3453 3615 D virtual Data FFDemuxer::read(): open next url: /data/user/0/com.dangbei.lerad.screensaver/files/download/61/city_1.mp4
06-25 18:26:52.004 460 3598 I C2VdecBlockPoolUtil: Fetch the new block(ino:96 fd:93 dup fd:96 id:4) and append.
06-25 18:26:52.004 460 3598 I V4l2Adaptor: importBufferForPicture pictureBufferId 4, dmabufFd 97, metaFd -1
06-25 18:26:52.004 460 3619 I V4l2Adaptor: onImportBufferForPicture pictureBufferId 4, dmabufFd 97, metaFd -1, plane size 1
06-25 18:26:52.004 460 3619 I V4l2Adaptor: onImportBufferForPicture addr 0x0, stride 0, offset 0, size 0
06-25 18:26:52.004 460 3626 I VDA : [0##5]"ImportDynamicCaptureBufferForPictureTask fd=97, index=4\n"" {IN=7/8, OUT=1/5[kAtAccelerator(1) kAtDevice(3) kAtClient(1)]}"
06-25 18:26:52.005 247 247 I mali_gralloc: am_gralloc_get_uvm_decoder_para: parameters:[slot_id=0,w*h(1920*1088),w_align=64,h_align=64,size=0,compress=0]
06-25 18:26:52.005 247 247 I mali_gralloc: am_gralloc_get_uvm_decoder_para: parameters:[slot_id=0,w*h(1920*1088),w_align=64,h_align=64,size=0,compress=0]
06-25 18:26:52.009 460 3598 I C2VdecBlockPoolUtil: Fetch the new block(ino:98 fd:99 dup fd:102 id:5) and append.
06-25 18:26:52.009 460 3598 I V4l2Adaptor: importBufferForPicture pictureBufferId 5, dmabufFd 40, metaFd -1
06-25 18:26:52.009 460 3619 I V4l2Adaptor: onImportBufferForPicture pictureBufferId 5, dmabufFd 40, metaFd -1, plane size 1
06-25 18:26:52.009 460 3619 I V4l2Adaptor: onImportBufferForPicture addr 0x0, stride 0, offset 0, size 0
06-25 18:26:52.010 460 3626 I VDA : [0##5]"ImportDynamicCaptureBufferForPictureTask fd=40, index=5\n"" {IN=5/8, OUT=1/6[kAtAccelerator(1) kAtDevice(4) kAtClient(1)]}"
06-25 18:26:52.010 247 247 I mali_gralloc: am_gralloc_get_uvm_decoder_para: parameters:[slot_id=0,w*h(1920*1088),w_align=64,h_align=64,size=0,compress=0]
06-25 18:26:52.010 247 247 I mali_gralloc: am_gralloc_get_uvm_decoder_para: parameters:[slot_id=0,w*h(1920*1088),w_align=64,h_align=64,size=0,compress=0]
06-25 18:26:52.011 460 3626 V android.hardware.media.c2@1.2-service: [0625/182652.011548:VERBOSE1:v4l2_video_decode_accelerator.cc(4580)] CheckInterlaced():
06-25 18:26:52.011 460 3626 I VDA : [0##5]"VIDIOC_G_FMT format.fmt.pix.width 1920\n"
06-25 18:26:52.011 460 3626 I VDA : [0##5]"[GetVisibleSize] visible width 1920, height 1080\n"
06-25 18:26:52.011 460 3626 I VDA : [0##5]"CheckInterlaced format.fmt.pix.field 1\n"
06-25 18:26:52.012 460 3626 V android.hardware.media.c2@1.2-service: [0625/182652.011988:VERBOSE1:v4l2_video_decode_accelerator.cc(4638)] NotifyEvent():
06-25 18:26:52.012 460 3626 I VideoDecWraper: [0##5]"event 2, param 0x0, paramsize:0\n"
06-25 18:26:52.012 460 3626 I C2VdecComponent: NotifyEvent:event:2
06-25 18:26:52.012 460 3626 I AmlManagePts: [0]"setInterlace set interlace[0]\n"
06-25 18:26:52.016 460 3598 I C2VdecBlockPoolUtil: Fetch the new block(ino:100 fd:48 dup fd:51 id:6) and append.
06-25 18:26:52.016 460 3598 I V4l2Adaptor: importBufferForPicture pictureBufferId 6, dmabufFd 103, metaFd -1
06-25 18:26:52.016 460 3619 I V4l2Adaptor: onImportBufferForPicture pictureBufferId 6, dmabufFd 103, metaFd -1, plane size 1
06-25 18:26:52.016 460 3619 I V4l2Adaptor: onImportBufferForPicture addr 0x0, stride 0, offset 0, size 0
06-25 18:26:52.016 460 3626 I VDA : [0##5]"ImportDynamicCaptureBufferForPictureTask fd=103, index=6\n"" {IN=2/8, OUT=4/7[kAtAccelerator(1) kAtDevice(2) kAtClient(4)]}"
06-25 18:26:52.017 247 247 I mali_gralloc: am_gralloc_get_uvm_decoder_para: parameters:[slot_id=0,w*h(1920*1088),w_align=64,h_align=64,size=0,compress=0]
06-25 18:26:52.017 247 247 I mali_gralloc: am_gralloc_get_uvm_decoder_para: parameters:[slot_id=0,w*h(1920*1088),w_align=64,h_align=64,size=0,compress=0]
06-25 18:26:52.018 3453 3615 I virtual Data FFDemuxer::read(): read frame ret: End of file latestReceivedTime: 92429 getTotalTimeMillis: 7500 is exit: 0
06-25 18:26:52.018 3453 3615 I virtual Data FFDemuxer::read(): list smooth loop
06-25 18:26:52.020 460 3598 I C2VdecBlockPoolUtil: Fetch the new block(ino:102 fd:107 dup fd:110 id:7) and append.
06-25 18:26:52.020 460 3598 I V4l2Adaptor: importBufferForPicture pictureBufferId 7, dmabufFd 111, metaFd -1
06-25 18:26:52.020 460 3619 I V4l2Adaptor: onImportBufferForPicture pictureBufferId 7, dmabufFd 111, metaFd -1, plane size 1
06-25 18:26:52.020 460 3619 I V4l2Adaptor: onImportBufferForPicture addr 0x0, stride 0, offset 0, size 0
06-25 18:26:52.020 460 3626 I VDA : [0##5]"ImportDynamicCaptureBufferForPictureTask fd=111, index=7\n"" {IN=2/8, OUT=4/8[kAtAccelerator(1) kAtDevice(3) kAtClient(4)]}"
06-25 18:26:52.021 247 247 I mali_gralloc: am_gralloc_get_uvm_decoder_para: parameters:[slot_id=0,w*h(1920*1088),w_align=64,h_align=64,size=0,compress=0]
06-25 18:26:52.021 247 247 I mali_gralloc: am_gralloc_get_uvm_decoder_para: parameters:[slot_id=0,w*h(1920*1088),w_align=64,h_align=64,size=0,compress=0]
06-25 18:26:52.024 460 3598 I C2VdecBlockPoolUtil: Fetch the new block(ino:104 fd:113 dup fd:116 id:8) and append.
06-25 18:26:52.025 460 3598 I V4l2Adaptor: importBufferForPicture pictureBufferId 8, dmabufFd 117, metaFd -1
06-25 18:26:52.025 460 3619 I V4l2Adaptor: onImportBufferForPicture pictureBufferId 8, dmabufFd 117, metaFd -1, plane size 1
06-25 18:26:52.025 460 3619 I V4l2Adaptor: onImportBufferForPicture addr 0x0, stride 0, offset 0, size 0
06-25 18:26:52.026 460 3626 I VDA : [0##5]"ImportDynamicCaptureBufferForPictureTask fd=117, index=8\n"" {IN=0/8, OUT=5/9[kAtAccelerator(1) kAtDevice(3) kAtClient(5)]}"
06-25 18:26:52.026 247 247 I mali_gralloc: am_gralloc_get_uvm_decoder_para: parameters:[slot_id=0,w*h(1920*1088),w_align=64,h_align=64,size=0,compress=0]
06-25 18:26:52.026 3453 3615 I virtual StreamInfo FFDemuxer::getVideoStreamInfo(): video width: 1920 video height: 1080 video pixelFormat: 0 fps: 30
06-25 18:26:52.026 3453 3615 D virtual Data FFDemuxer::read(): open next url: /data/user/0/com.dangbei.lerad.screensaver/files/download/61/city_2.mp4
06-25 18:26:52.026 247 247 I mali_gralloc: am_gralloc_get_uvm_decoder_para: parameters:[slot_id=0,w*h(1920*1088),w_align=64,h_align=64,size=0,compress=0]
06-25 18:26:52.029 460 3598 I C2VdecBlockPoolUtil: Fetch the new block(ino:106 fd:119 dup fd:122 id:9) and append.
06-25 18:26:52.029 460 3598 I V4l2Adaptor: importBufferForPicture pictureBufferId 9, dmabufFd 123, metaFd -1
06-25 18:26:52.029 460 3598 I C2VdecComponent: [0##5]"Update dequeue buffer num: 13 -> 5 out delay buffer margin:0"
06-25 18:26:52.029 460 3619 I V4l2Adaptor: onImportBufferForPicture pictureBufferId 9, dmabufFd 123, metaFd -1, plane size 1
06-25 18:26:52.029 460 3619 I V4l2Adaptor: onImportBufferForPicture addr 0x0, stride 0, offset 0, size 0
06-25 18:26:52.029 460 3626 I VDA : [0##5]"ImportDynamicCaptureBufferForPictureTask fd=123, index=9\n"" {IN=0/8, OUT=5/10[kAtAccelerator(1) kAtDevice(4) kAtClient(5)]}"
06-25 18:26:52.029 460 3598 I C2VdecDequeueThreadUtil: [0##5]"StartRunDequeueTask task loop:1 alloc loop:0 duration:33333 minfetchinterval:8333"
06-25 18:26:52.029 3453 3593 D Codec2-OutputBufferQueue: set max dequeue count 12 from update
06-25 18:26:52.029 460 3598 I C2VdecComponentIntfImpl: [2##0]config picture w:1920 h:1080
06-25 18:26:52.029 460 3633 I C2VdecDequeueThreadUtil: debug.vendor.media.c2.vdec.priority is not set used def = 0
06-25 18:26:52.030 460 3598 I C2VdecComponent: video size changed
06-25 18:26:52.030 247 247 I mali_gralloc: am_gralloc_get_uvm_decoder_para: parameters:[slot_id=0,w*h(1920*1088),w_align=64,h_align=64,size=0,compress=0]
06-25 18:26:52.030 247 247 I mali_gralloc: am_gralloc_get_uvm_decoder_para: parameters:[slot_id=0,w*h(1920*1088),w_align=64,h_align=64,size=0,compress=0]
06-25 18:26:52.033 3453 3615 I virtual Data FFDemuxer::read(): read frame ret: End of file latestReceivedTime: 99096 getTotalTimeMillis: 6666 is exit: 0
06-25 18:26:52.033 3453 3615 I virtual Data FFDemuxer::read(): list smooth loop
06-25 18:26:52.036 3453 3615 I virtual StreamInfo FFDemuxer::getVideoStreamInfo(): video width: 1920 video height: 1080 video pixelFormat: 0 fps: 30
06-25 18:26:52.036 3453 3615 D virtual Data FFDemuxer::read(): open next url: /data/user/0/com.dangbei.lerad.screensaver/files/download/61/city_1.mp4
06-25 18:26:52.042 3453 3615 I virtual Data FFDemuxer::read(): read frame ret: End of file latestReceivedTime: 106595 getTotalTimeMillis: 7500 is exit: 0
06-25 18:26:52.042 3453 3615 I virtual Data FFDemuxer::read(): list smooth loop
06-25 18:26:52.046 3453 3615 I virtual StreamInfo FFDemuxer::getVideoStreamInfo(): video width: 1920 video height: 1080 video pixelFormat: 0 fps: 30
06-25 18:26:52.046 3453 3615 D virtual Data FFDemuxer::read(): open next url: /data/user/0/com.dangbei.lerad.screensaver/files/download/61/city_2.mp4
06-25 18:26:52.051 3453 3615 I virtual Data FFDemuxer::read(): read frame ret: End of file latestReceivedTime: 113262 getTotalTimeMillis: 6666 is exit: 0
06-25 18:26:52.051 3453 3615 I virtual Data FFDemuxer::read(): list smooth loop
06-25 18:26:52.053 460 3633 I C2VdecBlockPoolUtil: Fetch the new block(ino:108 fd:31 dup fd:38 id:10) and append.
06-25 18:26:52.053 3453 3593 D CCodecConfig: c2 config diff is c2::u32 raw.color.matrix = 1
06-25 18:26:52.053 3453 3593 D CCodecConfig: c2::u32 raw.color.primaries = 1
06-25 18:26:52.053 3453 3593 D CCodecConfig: c2::u32 raw.color.range = 2
06-25 18:26:52.053 3453 3593 D CCodecConfig: c2::u32 raw.color.transfer = 3
06-25 18:26:52.053 3453 3593 D CCodecConfig: c2::u32 raw.crop.height = 1080
06-25 18:26:52.053 3453 3593 D CCodecConfig: c2::u32 raw.crop.left = 0
06-25 18:26:52.053 3453 3593 D CCodecConfig: c2::u32 raw.crop.top = 0
06-25 18:26:52.053 3453 3593 D CCodecConfig: c2::u32 raw.crop.width = 1920
06-25 18:26:52.053 460 3598 I V4l2Adaptor: importBufferForPicture pictureBufferId 10, dmabufFd 12, metaFd -1
06-25 18:26:52.053 247 247 I mali_gralloc: am_gralloc_get_uvm_decoder_para: parameters:[slot_id=0,w*h(1920*1088),w_align=64,h_align=64,size=0,compress=0]
06-25 18:26:52.053 247 247 I mali_gralloc: am_gralloc_get_uvm_decoder_para: parameters:[slot_id=0,w*h(1920*1088),w_align=64,h_align=64,size=0,compress=0]
06-25 18:26:52.053 460 3619 I V4l2Adaptor: onImportBufferForPicture pictureBufferId 10, dmabufFd 12, metaFd -1, plane size 1
06-25 18:26:52.053 460 3619 I V4l2Adaptor: onImportBufferForPicture addr 0x0, stride 0, offset 0, size 0
06-25 18:26:52.053 460 3626 I VDA : [0##5]"ImportDynamicCaptureBufferForPictureTask fd=12, index=10\n"" {IN=0/8, OUT=5/11[kAtAccelerator(1) kAtDevice(5) kAtClient(5)]}"
06-25 18:26:52.055 460 3626 I VDA : [0##5]"DecodeBufferTask decoder_state_ = kPictureBuffersReady -> kDecoding"
06-25 18:26:52.058 3453 3615 I virtual StreamInfo FFDemuxer::getVideoStreamInfo(): video width: 1920 video height: 1080 video pixelFormat: 0 fps: 30
06-25 18:26:52.058 3453 3615 D virtual Data FFDemuxer::read(): open next url: /data/user/0/com.dangbei.lerad.screensaver/files/download/61/city_1.mp4
06-25 18:26:52.067 3453 3615 I virtual Data FFDemuxer::read(): read frame ret: End of file latestReceivedTime: 120761 getTotalTimeMillis: 7500 is exit: 0
06-25 18:26:52.067 3453 3615 I virtual Data FFDemuxer::read(): list smooth loop
06-25 18:26:52.067 3453 3617 I void Player::setState(PLAYER_STATE): state changed newState: 3 oldState: 2
06-25 18:26:52.067 3453 3617 D LeradPlayer: player newState: 3 oldState: 2
06-25 18:26:52.068 460 3633 I C2VdecBlockPoolUtil: Fetch the new block(ino:110 fd:134 dup fd:137 id:11) and append.
06-25 18:26:52.068 460 3598 I V4l2Adaptor: importBufferForPicture pictureBufferId 11, dmabufFd 15, metaFd -1
06-25 18:26:52.068 460 3619 I V4l2Adaptor: onImportBufferForPicture pictureBufferId 11, dmabufFd 15, metaFd -1, plane size 1
06-25 18:26:52.068 460 3619 I V4l2Adaptor: onImportBufferForPicture addr 0x0, stride 0, offset 0, size 0
06-25 18:26:52.068 460 3626 I VDA : [0##5]"ImportDynamicCaptureBufferForPictureTask fd=15, index=11\n"" {IN=0/8, OUT=6/12[kAtAccelerator(1) kAtDevice(5) kAtClient(6)]}"
06-25 18:26:52.071 247 247 I mali_gralloc: am_gralloc_get_uvm_decoder_para: parameters:[slot_id=0,w*h(1920*1088),w_align=64,h_align=64,size=0,compress=0]
06-25 18:26:52.072 247 247 I mali_gralloc: am_gralloc_get_uvm_decoder_para: parameters:[slot_id=0,w*h(1920*1088),w_align=64,h_align=64,size=0,compress=0]
06-25 18:26:52.082 460 3633 I C2VdecBlockPoolUtil: Fetch the new block(ino:116 fd:150 dup fd:153 id:12) and append.
06-25 18:26:52.082 460 3598 I V4l2Adaptor: importBufferForPicture pictureBufferId 12, dmabufFd 154, metaFd -1
06-25 18:26:52.082 460 3619 I V4l2Adaptor: onImportBufferForPicture pictureBufferId 12, dmabufFd 154, metaFd -1, plane size 1
06-25 18:26:52.082 460 3619 I V4l2Adaptor: onImportBufferForPicture addr 0x0, stride 0, offset 0, size 0
06-25 18:26:52.082 460 3626 I VDA : [0##5]"ImportDynamicCaptureBufferForPictureTask fd=154, index=12\n"" {IN=3/8, OUT=9/13[kAtAccelerator(1) kAtDevice(3) kAtClient(9)]}"
06-25 18:26:52.080 3453 3453 I RenderThread: type=1400 audit(0.0:1402): avc: denied { getattr } for name="/" dev="dmabuf" ino=1 scontext=u:r:untrusted_app:s0:c44,c256,c512,c768 tcontext=u:object_r:unlabeled:s0 tclass=filesystem permissive=1 app=com.dangbei.lerad.screensaver
06-25 18:26:52.087 3453 3615 I virtual StreamInfo FFDemuxer::getVideoStreamInfo(): video width: 1920 video height: 1080 video pixelFormat: 0 fps: 30
06-25 18:26:52.088 3453 3615 D virtual Data FFDemuxer::read(): open next url: /data/user/0/com.dangbei.lerad.screensaver/files/download/61/city_2.mp4
06-25 18:26:52.095 3453 3615 I virtual Data FFDemuxer::read(): read frame ret: End of file latestReceivedTime: 127428 getTotalTimeMillis: 6666 is exit: 0
06-25 18:26:52.095 3453 3615 I virtual Data FFDemuxer::read(): list smooth loop
06-25 18:26:52.098 3453 3615 I virtual StreamInfo FFDemuxer::getVideoStreamInfo(): video width: 1920 video height: 1080 video pixelFormat: 0 fps: 30
06-25 18:26:52.098 3453 3615 D virtual Data FFDemuxer::read(): open next url: /data/user/0/com.dangbei.lerad.screensaver/files/download/61/city_1.mp4
06-25 18:26:52.106 3453 3615 I virtual Data FFDemuxer::read(): read frame ret: End of file latestReceivedTime: 134927 getTotalTimeMillis: 7500 is exit: 0
06-25 18:26:52.106 3453 3615 I virtual Data FFDemuxer::read(): list smooth loop
06-25 18:26:52.109 3453 3615 I virtual StreamInfo FFDemuxer::getVideoStreamInfo(): video width: 1920 video height: 1080 video pixelFormat: 0 fps: 30
06-25 18:26:52.110 3453 3615 D virtual Data FFDemuxer::read(): open next url: /data/user/0/com.dangbei.lerad.screensaver/files/download/61/city_2.mp4
06-25 18:26:52.117 3453 3615 I virtual Data FFDemuxer::read(): read frame ret: End of file latestReceivedTime: 141594 getTotalTimeMillis: 6666 is exit: 0
06-25 18:26:52.117 3453 3615 I virtual Data FFDemuxer::read(): list smooth loop
06-25 18:26:52.126 3453 3615 I virtual StreamInfo FFDemuxer::getVideoStreamInfo(): video width: 1920 video height: 1080 video pixelFormat: 0 fps: 30
06-25 18:26:52.126 3453 3615 D virtual Data FFDemuxer::read(): open next url: /data/user/0/com.dangbei.lerad.screensaver/files/download/61/city_1.mp4
06-25 18:26:52.132 3453 3615 I virtual Data FFDemuxer::read(): read frame ret: End of file latestReceivedTime: 149093 getTotalTimeMillis: 7500 is exit: 0
06-25 18:26:52.132 3453 3615 I virtual Data FFDemuxer::read(): list smooth loop
06-25 18:26:52.135 3453 3615 I virtual StreamInfo FFDemuxer::getVideoStreamInfo(): video width: 1920 video height: 1080 video pixelFormat: 0 fps: 30
06-25 18:26:52.135 3453 3615 D virtual Data FFDemuxer::read(): open next url: /data/user/0/com.dangbei.lerad.screensaver/files/download/61/city_2.mp4
06-25 18:26:52.189 0 0 W : [3 T896 ..] [SP FRAME RX] arp req,vif_idx:0 sender:[c2:09:a1:aa:11:60 192.168.3.249]receiver:[00:00:00:00:00:00 192.168.3.75]
06-25 18:26:52.190 0 0 W : [3 T896 ..] [SP FRAME TX] arp rsp,vif_idx:0 sender:[1c:79:2d:20:62:cb 192.168.3.75]receiver:[c2:09:a1:aa:11:60 192.168.3.249]
06-25 18:26:52.484 0 0 W : [0 T313 ..] [aml_send_sync_trace 4388] sync token[64698]
06-25 18:26:52.484 0 0 W : [0 T313 ..] >>> aml_send_msg()
06-25 18:26:52.485 0 0 W : [1 T895 ..] ipc_sdio_host_msgack_handler 000000002da1cbd4
06-25 18:26:52.485 0 0 W : [1 T895 ..] [aml_msgackind 2039] msg ack hostid=0xffffff807d30d180
06-25 18:26:52.486 0 0 W : [1 T895 ..] [cmd_mgr_llind 329] cmd tkn[38] flags:0008 result: -4 cmd: 105-MM_SYNC_TRACE - reqcfm( 0-none)
06-25 18:26:52.488 0 0 W : [1 T895 ..] [cmd_complete 65] cmd tkn[38] flags:0000 result: -4 cmd: 105-MM_SYNC_TRACE - reqcfm( 0-none)
06-25 18:26:52.616 1409 1409 E CrashHandler: clear CrashInfo
06-25 18:26:52.616 1409 1409 I FrameWorkHelper: setLastCrashInfo:
06-25 18:26:52.884 471 496 I WifiHAL : call wifi_get_link_stats handler
06-25 18:26:52.885 471 496 I WifiHAL : Creating message to get link statistics; iface = 16
06-25 18:26:52.885 471 496 D WifiHAL : error code -95 mapped to -3
06-25 18:26:52.886 688 823 E WifiStaIfaceAidlImpl: getLinkLayerStats failed with service-specific exception: android.os.ServiceSpecificException: (code 4)
06-25 18:26:52.911 460 3626 I VDA : [0##5]"ServiceDeviceTask INs=38/45, OUTs=36/41"" {IN=7/8, OUT=8/13[kAtAccelerator(0) kAtDevice(5) kAtClient(8)]}"
06-25 18:26:53.554 2291 2353 I TDLog : [APP] New data found, Submitting...
06-25 18:26:53.560 443 3648 I resolv : GetAddrInfoHandler::run: {100 786532 100 983140 1000 0}
06-25 18:26:53.563 443 3649 I resolv : res_nmkquery: (QUERY, IN, A)
06-25 18:26:53.563 443 3649 I resolv : resolv_cache_lookup: FOUND IN CACHE entry=0xecf818d0
06-25 18:26:53.563 443 3649 I resolv : doQuery: rcode=0, ancount=1, return value=47
06-25 18:26:53.564 2291 2353 D TrafficStats: tagSocket(109) with statsTag=0xffffffff, statsUid=-1
06-25 18:26:53.569 2291 2353 I TDLog : [APP] Failed to submit data!
06-25 18:26:53.943 460 3626 I VDA : [0##5]"ServiceDeviceTask INs=69/76, OUTs=67/71"" {IN=7/8, OUT=9/13[kAtAccelerator(0) kAtDevice(4) kAtClient(9)]}"
06-25 18:26:54.468 3453 3615 I virtual Data FFDemuxer::read(): read frame ret: End of file latestReceivedTime: 155760 getTotalTimeMillis: 6666 is exit: 0
06-25 18:26:54.468 3453 3615 I virtual Data FFDemuxer::read(): list smooth loop
06-25 18:26:54.474 3453 3615 I virtual StreamInfo FFDemuxer::getVideoStreamInfo(): video width: 1920 video height: 1080 video pixelFormat: 0 fps: 30
06-25 18:26:54.474 3453 3615 D virtual Data FFDemuxer::read(): open next url: /data/user/0/com.dangbei.lerad.screensaver/files/download/61/city_1.mp4
06-25 18:26:54.946 460 3626 I VDA : [0##5]"ServiceDeviceTask INs=100/107, OUTs=98/102"" {IN=7/8, OUT=9/13[kAtAccelerator(0) kAtDevice(4) kAtClient(9)]}"
06-25 18:26:55.676 2858 2858 I cling--ap-7: type=1400 audit(0.0:1403): avc: denied { search } for name="net" dev="sysfs" ino=12345 scontext=u:r:untrusted_app_27:s0:c43,c256,c512,c768 tcontext=u:object_r:sysfs_net:s0 tclass=dir permissive=1 app=com.dangbei.screencast
06-25 18:26:55.680 2858 2858 I cling--ap-7: type=1400 audit(0.0:1404): avc: denied { read } for name="address" dev="sysfs" ino=22127 scontext=u:r:untrusted_app_27:s0:c43,c256,c512,c768 tcontext=u:object_r:sysfs_net:s0 tclass=file permissive=1 app=com.dangbei.screencast
06-25 18:26:55.680 2858 2858 I cling--ap-7: type=1400 audit(0.0:1405): avc: denied { open } for path="/sys/devices/virtual/net/dummy0/address" dev="sysfs" ino=22127 scontext=u:r:untrusted_app_27:s0:c43,c256,c512,c768 tcontext=u:object_r:sysfs_net:s0 tclass=file permissive=1 app=com.dangbei.screencast
06-25 18:26:55.680 2858 2858 I cling--ap-7: type=1400 audit(0.0:1406): avc: denied { getattr } for path="/sys/devices/virtual/net/dummy0/address" dev="sysfs" ino=22127 scontext=u:r:untrusted_app_27:s0:c43,c256,c512,c768 tcontext=u:object_r:sysfs_net:s0 tclass=file permissive=1 app=com.dangbei.screencast
06-25 18:26:55.890 471 496 I WifiHAL : call wifi_get_link_stats handler
06-25 18:26:55.890 471 496 I WifiHAL : Creating message to get link statistics; iface = 16
06-25 18:26:55.891 471 496 D WifiHAL : error code -95 mapped to -3
06-25 18:26:55.891 688 823 E WifiStaIfaceAidlImpl: getLinkLayerStats failed with service-specific exception: android.os.ServiceSpecificException: (code 4)
06-25 18:26:56.013 460 3626 I VDA : [0##5]"ServiceDeviceTask INs=130/137, OUTs=128/134"" {IN=7/8, OUT=7/13[kAtAccelerator(0) kAtDevice(6) kAtClient(7)]}"
06-25 18:26:56.153 3453 3488 I efs.config: No update is required, less than 8h since the last update
06-25 18:26:56.314 443 542 I netd : setProcSysNet(4, 2, wlan0, retrans_time_ms, 1000) <0.25ms>
06-25 18:26:56.315 443 542 I netd : setProcSysNet(4, 2, wlan0, ucast_solicit, 15) <0.14ms>
06-25 18:26:56.315 443 542 I netd : setProcSysNet(6, 2, wlan0, retrans_time_ms, 1000) <0.15ms>
06-25 18:26:56.316 443 542 I netd : setProcSysNet(6, 2, wlan0, ucast_solicit, 15) <0.12ms>
06-25 18:26:56.853 460 3598 I DebugUtil: [0##5]in/out status {INS/OUTS=166(1)/155(0)}, pipeline status {IN=8/8, OUT=9/13[Component(0) Accelerator(4) Client(9)]}
06-25 18:26:56.856 3453 3596 D BufferPoolAccessor2.0: bufferpool2 0xe3fb0988 : 9(14155776 size) total buffers - 8(12582912 size) used buffers - 0/9 (recycle/alloc) - 9/166 (fetch/transfer)
06-25 18:26:56.856 3453 3596 D BufferPoolAccessor2.0: evictor expired: 1, evicted: 1
06-25 18:26:56.886 454 646 I audio_hw_hal_alsamgr: alsa format =0x1 delay frames =640 total frames=15303680
06-25 18:26:57.054 460 3626 I VDA : [0##5]"ServiceDeviceTask INs=162/169, OUTs=159/165"" {IN=7/8, OUT=7/13[kAtAccelerator(0) kAtDevice(6) kAtClient(7)]}"
06-25 18:26:57.067 3453 3656 D ProfileInstaller: Installing profile for com.dangbei.lerad.screensaver
06-25 18:26:57.504 2858 2858 I cling--ap-3: type=1400 audit(0.0:1407): avc: denied { read } for name="address" dev="sysfs" ino=22127 scontext=u:r:untrusted_app_27:s0:c43,c256,c512,c768 tcontext=u:object_r:sysfs_net:s0 tclass=file permissive=1 app=com.dangbei.screencast
06-25 18:26:57.508 2858 2858 I cling--ap-3: type=1400 audit(0.0:1408): avc: denied { open } for path="/sys/devices/virtual/net/dummy0/address" dev="sysfs" ino=22127 scontext=u:r:untrusted_app_27:s0:c43,c256,c512,c768 tcontext=u:object_r:sysfs_net:s0 tclass=file permissive=1 app=com.dangbei.screencast
06-25 18:26:57.508 2858 2858 I cling--ap-3: type=1400 audit(0.0:1409): avc: denied { getattr } for path="/sys/devices/virtual/net/dummy0/address" dev="sysfs" ino=22127 scontext=u:r:untrusted_app_27:s0:c43,c256,c512,c768 tcontext=u:object_r:sysfs_net:s0 tclass=file permissive=1 app=com.dangbei.screencast
06-25 18:26:58.062 460 3626 I VDA : [0##5]"ServiceDeviceTask INs=193/200, OUTs=191/195"" {IN=7/8, OUT=9/13[kAtAccelerator(0) kAtDevice(4) kAtClient(9)]}"
06-25 18:26:58.095 443 3659 I resolv : GetAddrInfoHandler::run: {100 100 100 983140 10044 0}
06-25 18:26:58.099 443 3660 I resolv : res_nmkquery: (QUERY, IN, A)
06-25 18:26:58.099 443 3660 I resolv : resolv_cache_lookup: FOUND IN CACHE entry=0xeb180010
06-25 18:26:58.099 443 3660 I resolv : doQuery: rcode=0, ancount=4, return value=481
06-25 18:26:58.100 3453 3494 D TrafficStats: tagSocket(151) with statsTag=0xffffffff, statsUid=-1
06-25 18:26:58.539 2291 2355 D UtilLog : 日志批量上报 进行正常循环 !!!!!!本次有0次请求,共0条数据
06-25 18:26:58.833 3453 3614 I virtual void MediaDecoder::run(): notify decode next url: /data/user/0/com.dangbei.lerad.screensaver/files/download/61/city_2.mp4
06-25 18:26:58.833 3453 3614 E screen_saver2: onDecodeNextStream: 1
06-25 18:26:58.843 3453 3453 D AdManager: advertisementNum: 9
06-25 18:26:58.896 471 496 I WifiHAL : call wifi_get_link_stats handler
06-25 18:26:58.896 471 496 I WifiHAL : Creating message to get link statistics; iface = 16
06-25 18:26:58.897 471 496 D WifiHAL : error code -95 mapped to -3
06-25 18:26:58.897 688 823 E WifiStaIfaceAidlImpl: getLinkLayerStats failed with service-specific exception: android.os.ServiceSpecificException: (code 4)
06-25 18:26:59.068 460 3626 I VDA : [0##5]"ServiceDeviceTask INs=224/231, OUTs=222/225"" {IN=7/8, OUT=10/13[kAtAccelerator(0) kAtDevice(3) kAtClient(10)]}"
06-25 18:27:00.070 460 3626 I VDA : [0##5]"ServiceDeviceTask INs=254/261, OUTs=252/255"" {IN=7/8, OUT=10/13[kAtAccelerator(0) kAtDevice(3) kAtClient(10)]}"
06-25 18:27:00.726 3453 3494 D MobclickAgent: 本次启动数据: 发送成功!
06-25 18:27:00.748 443 3666 I resolv : GetAddrInfoHandler::run: {100 100 100 983140 10044 0}
06-25 18:27:00.750 443 3667 I resolv : res_nmkquery: (QUERY, IN, A)
06-25 18:27:00.750 443 3667 I resolv : resolv_cache_lookup: FOUND IN CACHE entry=0xeb180010
06-25 18:27:00.750 443 3667 I resolv : doQuery: rcode=0, ancount=4, return value=481
06-25 18:27:00.751 3453 3494 D TrafficStats: tagSocket(175) with statsTag=0xffffffff, statsUid=-1
06-25 18:27:00.955 3453 3461 I rad.screensaver: Background concurrent copying GC freed 97560(14MB) AllocSpace objects, 305(8324KB) LOS objects, 49% free, 3299KB/6599KB, paused 229us,79us total 105.026ms
06-25 18:27:00.970 3453 3494 D MobclickAgent: 普通统计数据: 发送成功!
06-25 18:27:01.071 460 3626 I VDA : [0##5]"ServiceDeviceTask INs=284/291, OUTs=282/285"" {IN=7/8, OUT=10/13[kAtAccelerator(0) kAtDevice(3) kAtClient(10)]}"
06-25 18:27:01.073 3453 3615 I virtual Data FFDemuxer::read(): read frame ret: End of file latestReceivedTime: 163259 getTotalTimeMillis: 7500 is exit: 0
06-25 18:27:01.073 3453 3615 I virtual Data FFDemuxer::read(): list smooth loop
06-25 18:27:01.078 3453 3615 I virtual StreamInfo FFDemuxer::getVideoStreamInfo(): video width: 1920 video height: 1080 video pixelFormat: 0 fps: 30
06-25 18:27:01.078 3453 3615 D virtual Data FFDemuxer::read(): open next url: /data/user/0/com.dangbei.lerad.screensaver/files/download/61/city_2.mp4
06-25 18:27:01.853 460 3598 I DebugUtil: [0##5]in/out status {INS/OUTS=315(1)/304(0)}, pipeline status {IN=8/8, OUT=9/13[Component(0) Accelerator(4) Client(9)]}
06-25 18:27:01.903 471 496 I WifiHAL : call wifi_get_link_stats handler
06-25 18:27:01.903 471 496 I WifiHAL : Creating message to get link statistics; iface = 16
06-25 18:27:01.903 471 496 D WifiHAL : error code -95 mapped to -3
06-25 18:27:01.904 688 823 E WifiStaIfaceAidlImpl: getLinkLayerStats failed with service-specific exception: android.os.ServiceSpecificException: (code 4)
06-25 18:27:02.105 460 3626 I VDA : [0##5]"ServiceDeviceTask INs=315/322, OUTs=313/316"" {IN=7/8, OUT=10/13[kAtAccelerator(0) kAtDevice(3) kAtClient(10)]}"
06-25 18:27:02.105 3453 3592 D BufferPoolAccessor2.0: bufferpool2 0xe3fb0988 : 8(12582912 size) total buffers - 8(12582912 size) used buffers - 0/9 (recycle/alloc) - 9/324 (fetch/transfer)
06-25 18:27:03.109 460 3626 I VDA : [0##5]"ServiceDeviceTask INs=345/352, OUTs=343/346"" {IN=7/8, OUT=10/13[kAtAccelerator(0) kAtDevice(3) kAtClient(10)]}"
06-25 18:27:04.112 460 3626 I VDA : [0##5]"ServiceDeviceTask INs=375/382, OUTs=373/376"" {IN=7/8, OUT=10/13[kAtAccelerator(0) kAtDevice(3) kAtClient(10)]}"
06-25 18:27:04.306 2998 3055 D nStackXCoAP: IsInSameNetwork:[276] :IsInSameNetwork exec
06-25 18:27:04.306 2998 3055 I nStackXDFinder: GetLocalInterfaceDetail:[461] :GetLocalInterfaceDetail in
06-25 18:27:04.306 2998 3055 E nStackXCoAP: IsInSameNetwork:[281] :IsInSameNetwork: not priority process
06-25 18:27:04.306 2998 3055 D nStackXCoAP: ParseServiceDiscover:[330] :new device join
06-25 18:27:04.306 2998 3055 I nStackXDFinder: NotifyDeviceListChanged:[540] :notify callback: device list changed callback is null
06-25 18:27:04.306 2998 3055 E nStackXDFinder: GetLocalIp:[401] :GetLocalIp exec
06-25 18:27:04.320 0 0 W : [3 T3055 ..] [SP FRAME TX] arp req,vif_idx:0 sender:[1c:79:2d:20:62:cb 192.168.3.75]receiver:[00:00:00:00:00:00 192.168.3.190]
06-25 18:27:04.329 0 0 W : [0 T896 ..] [SP FRAME RX] arp rsp,vif_idx:0 sender:[12:2c:8d:45:1c:5f 192.168.3.190]receiver:[1c:79:2d:20:62:cb 192.168.3.75]
06-25 18:27:04.327 2998 3055 D nStackXCoAP: CoapMessageHandler:[133] :2.01
06-25 18:27:04.417 2998 3055 D nStackXCoAP: IsInSameNetwork:[276] :IsInSameNetwork exec
06-25 18:27:04.418 2998 3055 I nStackXDFinder: GetLocalInterfaceDetail:[461] :GetLocalInterfaceDetail in
06-25 18:27:04.418 2998 3055 E nStackXCoAP: IsInSameNetwork:[281] :IsInSameNetwork: not priority process
06-25 18:27:04.418 2998 3055 D nStackXCoAP: ParseServiceDiscover:[330] :new device join
06-25 18:27:04.418 2998 3055 E nStackXDFinder: GetLocalIp:[401] :GetLocalIp exec
06-25 18:27:04.428 2998 3055 D nStackXCoAP: CoapMessageHandler:[133] :2.01
06-25 18:27:04.617 2998 3055 D nStackXCoAP: IsInSameNetwork:[276] :IsInSameNetwork exec
06-25 18:27:04.617 2998 3055 I nStackXDFinder: GetLocalInterfaceDetail:[461] :GetLocalInterfaceDetail in
06-25 18:27:04.617 2998 3055 E nStackXCoAP: IsInSameNetwork:[281] :IsInSameNetwork: not priority process
06-25 18:27:04.617 2998 3055 D nStackXCoAP: ParseServiceDiscover:[330] :new device join
06-25 18:27:04.617 2998 3055 E nStackXDFinder: GetLocalIp:[401] :GetLocalIp exec
06-25 18:27:04.623 2998 3055 D nStackXCoAP: CoapMessageHandler:[133] :2.01
06-25 18:27:04.910 471 496 I WifiHAL : call wifi_get_link_stats handler
06-25 18:27:04.910 471 496 I WifiHAL : Creating message to get link statistics; iface = 16
06-25 18:27:04.910 471 496 D WifiHAL : error code -95 mapped to -3
06-25 18:27:04.910 688 823 E WifiStaIfaceAidlImpl: getLinkLayerStats failed with service-specific exception: android.os.ServiceSpecificException: (code 4)
06-25 18:27:05.112 460 3626 I VDA : [0##5]"ServiceDeviceTask INs=404/411, OUTs=401/406"" {IN=7/8, OUT=8/13[kAtAccelerator(0) kAtDevice(5) kAtClient(8)]}"
06-25 18:27:05.330 2998 3055 D nStackXCoAP: IsInSameNetwork:[276] :IsInSameNetwork exec
06-25 18:27:05.330 2998 3055 I nStackXDFinder: GetLocalInterfaceDetail:[461] :GetLocalInterfaceDetail in
06-25 18:27:05.330 2998 3055 E nStackXCoAP: IsInSameNetwork:[281] :IsInSameNetwork: not priority process
06-25 18:27:05.330 2998 3055 D nStackXCoAP: ParseServiceDiscover:[330] :new device join
06-25 18:27:05.330 2998 3055 E nStackXDFinder: GetLocalIp:[401] :GetLocalIp exec
06-25 18:27:05.338 2998 3055 D nStackXCoAP: CoapMessageHandler:[133] :2.01
06-25 18:27:05.497 3453 3614 I virtual void MediaDecoder::run(): notify decode next url: /data/user/0/com.dangbei.lerad.screensaver/files/download/61/city_1.mp4
06-25 18:27:05.498 3453 3614 E screen_saver2: onDecodeNextStream: 0
06-25 18:27:05.498 3453 3614 E screen_saver2: 本地记录index和回调的不一致
06-25 18:27:05.498 3453 3453 D AdManager: advertisementNum: 8
06-25 18:27:05.851 2998 3055 D nStackXCoAP: IsInSameNetwork:[276] :IsInSameNetwork exec
06-25 18:27:05.851 2998 3055 I nStackXDFinder: GetLocalInterfaceDetail:[461] :GetLocalInterfaceDetail in
06-25 18:27:05.851 2998 3055 E nStackXCoAP: IsInSameNetwork:[281] :IsInSameNetwork: not priority process
06-25 18:27:05.851 2998 3055 D nStackXCoAP: ParseServiceDiscover:[330] :new device join
06-25 18:27:05.851 2998 3055 E nStackXDFinder: GetLocalIp:[401] :GetLocalIp exec
06-25 18:27:05.872 2998 3055 D nStackXCoAP: CoapMessageHandler:[133] :2.01
06-25 18:27:06.154 460 3626 I VDA : [0##5]"ServiceDeviceTask INs=435/443, OUTs=435/438"" {IN=8/8, OUT=10/13[kAtAccelerator(0) kAtDevice(3) kAtClient(10)]}"
06-25 18:27:06.208 3453 3485 I crashsdk: crashsdk uploading logs
06-25 18:27:06.354 2998 3055 D nStackXCoAP: IsInSameNetwork:[276] :IsInSameNetwork exec
06-25 18:27:06.354 2998 3055 I nStackXDFinder: GetLocalInterfaceDetail:[461] :GetLocalInterfaceDetail in
06-25 18:27:06.354 2998 3055 E nStackXCoAP: IsInSameNetwork:[281] :IsInSameNetwork: not priority process
06-25 18:27:06.354 2998 3055 D nStackXCoAP: ParseServiceDiscover:[330] :new device join
06-25 18:27:06.354 2998 3055 E nStackXDFinder: GetLocalIp:[401] :GetLocalIp exec
06-25 18:27:06.367 2998 3055 D nStackXCoAP: CoapMessageHandler:[133] :2.01
06-25 18:27:06.786 2998 3055 D nStackXCoAP: IsInSameNetwork:[276] :IsInSameNetwork exec
06-25 18:27:06.786 2998 3055 I nStackXDFinder: GetLocalInterfaceDetail:[461] :GetLocalInterfaceDetail in
06-25 18:27:06.786 2998 3055 E nStackXCoAP: IsInSameNetwork:[281] :IsInSameNetwork: not priority process
06-25 18:27:06.786 2998 3055 D nStackXCoAP: ParseServiceDiscover:[330] :new device join
06-25 18:27:06.787 2998 3055 E nStackXDFinder: GetLocalIp:[401] :GetLocalIp exec
06-25 18:27:06.829 2998 3055 D nStackXCoAP: CoapMessageHandler:[133] :2.01
06-25 18:27:06.854 460 3598 I DebugUtil: [0##5]in/out status {INS/OUTS=465(1)/454(0)}, pipeline status {IN=8/8, OUT=9/13[Component(0) Accelerator(4) Client(9)]}
06-25 18:27:07.215 460 3626 I VDA : [0##5]"ServiceDeviceTask INs=467/474, OUTs=465/469"" {IN=7/8, OUT=9/13[kAtAccelerator(0) kAtDevice(4) kAtClient(9)]}"
06-25 18:27:07.290 2998 3055 D nStackXCoAP: IsInSameNetwork:[276] :IsInSameNetwork exec
06-25 18:27:07.290 2998 3055 I nStackXDFinder: GetLocalInterfaceDetail:[461] :GetLocalInterfaceDetail in
06-25 18:27:07.290 2998 3055 E nStackXCoAP: IsInSameNetwork:[281] :IsInSameNetwork: not priority process
06-25 18:27:07.290 2998 3055 D nStackXCoAP: ParseServiceDiscover:[330] :new device join
06-25 18:27:07.291 2998 3055 E nStackXDFinder: GetLocalIp:[401] :GetLocalIp exec
06-25 18:27:07.297 2998 3055 D nStackXCoAP: CoapMessageHandler:[133] :2.01
06-25 18:27:07.352 3453 3592 D BufferPoolAccessor2.0: bufferpool2 0xe3fb0988 : 8(12582912 size) total buffers - 8(12582912 size) used buffers - 0/9 (recycle/alloc) - 9/480 (fetch/transfer)
06-25 18:27:07.793 2998 3055 D nStackXCoAP: IsInSameNetwork:[276] :IsInSameNetwork exec
06-25 18:27:07.793 2998 3055 I nStackXDFinder: GetLocalInterfaceDetail:[461] :GetLocalInterfaceDetail in
06-25 18:27:07.793 2998 3055 E nStackXCoAP: IsInSameNetwork:[281] :IsInSameNetwork: not priority process
06-25 18:27:07.793 2998 3055 D nStackXCoAP: ParseServiceDiscover:[330] :new device join
06-25 18:27:07.793 2998 3055 E nStackXDFinder: GetLocalIp:[401] :GetLocalIp exec
06-25 18:27:07.804 2998 3055 D nStackXCoAP: CoapMessageHandler:[133] :2.01
06-25 18:27:07.916 471 496 I WifiHAL : call wifi_get_link_stats handler
06-25 18:27:07.916 471 496 I WifiHAL : Creating message to get link statistics; iface = 16
06-25 18:27:07.917 471 496 D WifiHAL : error code -95 mapped to -3
06-25 18:27:07.917 688 823 E WifiStaIfaceAidlImpl: getLinkLayerStats failed with service-specific exception: android.os.ServiceSpecificException: (code 4)
06-25 18:27:08.215 460 3626 I VDA : [0##5]"ServiceDeviceTask INs=498/505, OUTs=496/500"" {IN=7/8, OUT=9/13[kAtAccelerator(0) kAtDevice(4) kAtClient(9)]}"
06-25 18:27:08.299 2998 3055 D nStackXCoAP: IsInSameNetwork:[276] :IsInSameNetwork exec
06-25 18:27:08.299 2998 3055 I nStackXDFinder: GetLocalInterfaceDetail:[461] :GetLocalInterfaceDetail in
06-25 18:27:08.299 2998 3055 E nStackXCoAP: IsInSameNetwork:[281] :IsInSameNetwork: not priority process
06-25 18:27:08.299 2998 3055 D nStackXCoAP: ParseServiceDiscover:[330] :new device join
06-25 18:27:08.299 2998 3055 E nStackXDFinder: GetLocalIp:[401] :GetLocalIp exec
06-25 18:27:08.306 2998 3055 D nStackXCoAP: CoapMessageHandler:[133] :2.01
06-25 18:27:08.540 2291 2355 D UtilLog : 日志批量上报 进行正常循环 !!!!!!本次有0次请求,共0条数据
06-25 18:27:08.663 3453 3615 I virtual Data FFDemuxer::read(): read frame ret: End of file latestReceivedTime: 169926 getTotalTimeMillis: 6666 is exit: 0
06-25 18:27:08.663 3453 3615 I virtual Data FFDemuxer::read(): list smooth loop
06-25 18:27:08.669 3453 3615 I virtual StreamInfo FFDemuxer::getVideoStreamInfo(): video width: 1920 video height: 1080 video pixelFormat: 0 fps: 30
06-25 18:27:08.669 3453 3615 D virtual Data FFDemuxer::read(): open next url: /data/user/0/com.dangbei.lerad.screensaver/files/download/61/city_1.mp4
06-25 18:27:08.815 2998 3055 D nStackXCoAP: IsInSameNetwork:[276] :IsInSameNetwork exec
06-25 18:27:08.815 2998 3055 I nStackXDFinder: GetLocalInterfaceDetail:[461] :GetLocalInterfaceDetail in
06-25 18:27:08.815 2998 3055 E nStackXCoAP: IsInSameNetwork:[281] :IsInSameNetwork: not priority process
06-25 18:27:08.816 2998 3055 D nStackXCoAP: ParseServiceDiscover:[330] :new device join
06-25 18:27:08.816 2998 3055 E nStackXDFinder: GetLocalIp:[401] :GetLocalIp exec
06-25 18:27:08.835 2998 3055 D nStackXCoAP: CoapMessageHandler:[133] :2.01
06-25 18:27:09.247 460 3626 I VDA : [0##5]"ServiceDeviceTask INs=530/537, OUTs=527/531"" {IN=7/8, OUT=9/13[kAtAccelerator(0) kAtDevice(4) kAtClient(9)]}"
06-25 18:27:09.439 0 0 W : [2 T896 ..] [SP FRAME RX] DHCP[0 1], vif_idx:0
06-25 18:27:09.449 0 0 W : [2 T896 ..] [SP FRAME RX] arp req,vif_idx:0 sender:[12:2c:8d:45:1c:5f 192.168.3.190]receiver:[00:00:00:00:00:00 192.168.3.75]
06-25 18:27:09.451 0 0 W : [2 T896 ..] [SP FRAME TX] arp rsp,vif_idx:0 sender:[1c:79:2d:20:62:cb 192.168.3.75]receiver:[12:2c:8d:45:1c:5f 192.168.3.190]
06-25 18:27:10.277 460 3626 I VDA : [0##5]"ServiceDeviceTask INs=559/566, OUTs=557/561"" {IN=7/8, OUT=9/13[kAtAccelerator(0) kAtDevice(4) kAtClient(9)]}"
06-25 18:27:10.923 471 496 I WifiHAL : call wifi_get_link_stats handler
06-25 18:27:10.923 471 496 I WifiHAL : Creating message to get link statistics; iface = 16
06-25 18:27:10.923 471 496 D WifiHAL : error code -95 mapped to -3
06-25 18:27:10.924 688 823 E WifiStaIfaceAidlImpl: getLinkLayerStats failed with service-specific exception: android.os.ServiceSpecificException: (code 4)
06-25 18:27:10.936 688 854 D InstantWifi: Receive Wifi is connected, freq = 5260 and currentNetworkId : 0, wifiinfo = SSID: , BSSID: 02:00:00:00:00:00, MAC: 02:00:00:00:00:00, IP: /192.168.3.75, Security type: 2, Supplicant state: COMPLETED, Wi-Fi standard: 6, RSSI: -56, Link speed: 1200Mbps, Tx Link speed: 1200Mbps, Max Supported Tx Link speed: 1200Mbps, Rx Link speed: 6Mbps, Max Supported Rx Link speed: 1200Mbps, Frequency: 5260MHz, Net ID: -1, Metered hint: false, score: 60, isUsable: true, CarrierMerged: false, SubscriptionId: -1, IsPrimary: 1, Trusted: true, Restricted: false, Ephemeral: false, OEM paid: false, OEM private: false, OSU AP: false, FQDN: , Provider friendly name: , Requesting package name: MLO Information: , Is TID-To-Link negotiation supported by the AP: false, AP MLD Address: , AP MLO Link Id: , AP MLO Affiliated links:
06-25 18:27:11.310 460 3626 I VDA : [0##5]"ServiceDeviceTask INs=590/597, OUTs=589/593"" {IN=7/8, OUT=9/13[kAtAccelerator(0) kAtDevice(4) kAtClient(9)]}"
06-25 18:27:11.854 460 3598 I DebugUtil: [0##5]in/out status {INS/OUTS=615(1)/604(0)}, pipeline status {IN=8/8, OUT=10/13[Component(0) Accelerator(3) Client(10)]}
06-25 18:27:12.340 460 3626 I VDA : [0##5]"ServiceDeviceTask INs=622/629, OUTs=620/623"" {IN=7/8, OUT=10/13[kAtAccelerator(0) kAtDevice(3) kAtClient(10)]}"
06-25 18:27:12.616 3453 3592 D BufferPoolAccessor2.0: bufferpool2 0xe3fb0988 : 8(12582912 size) total buffers - 8(12582912 size) used buffers - 0/9 (recycle/alloc) - 9/639 (fetch/transfer)
06-25 18:27:12.999 3453 3614 I virtual void MediaDecoder::run(): notify decode next url: /data/user/0/com.dangbei.lerad.screensaver/files/download/61/city_2.mp4
06-25 18:27:12.999 3453 3614 E screen_saver2: onDecodeNextStream: 1
06-25 18:27:13.002 3453 3453 D AdManager: advertisementNum: 7
06-25 18:27:13.372 460 3626 I VDA : [0##5]"ServiceDeviceTask INs=653/660, OUTs=651/654"" {IN=7/8, OUT=10/13[kAtAccelerator(0) kAtDevice(3) kAtClient(10)]}"
06-25 18:27:13.934 471 496 I WifiHAL : call wifi_get_link_stats handler
06-25 18:27:13.934 471 496 I WifiHAL : Creating message to get link statistics; iface = 16
06-25 18:27:13.935 471 496 D WifiHAL : error code -95 mapped to -3
06-25 18:27:13.935 688 823 E WifiStaIfaceAidlImpl: getLinkLayerStats failed with service-specific exception: android.os.ServiceSpecificException: (code 4)
06-25 18:27:13.946 688 854 D InstantWifi: Receive Wifi is connected, freq = 5260 and currentNetworkId : 0, wifiinfo = SSID: , BSSID: 02:00:00:00:00:00, MAC: 02:00:00:00:00:00, IP: /192.168.3.75, Security type: 2, Supplicant state: COMPLETED, Wi-Fi standard: 6, RSSI: -55, Link speed: 1200Mbps, Tx Link speed: 1200Mbps, Max Supported Tx Link speed: 1200Mbps, Rx Link speed: 6Mbps, Max Supported Rx Link speed: 1200Mbps, Frequency: 5260MHz, Net ID: -1, Metered hint: false, score: 60, isUsable: true, CarrierMerged: false, SubscriptionId: -1, IsPrimary: 1, Trusted: true, Restricted: false, Ephemeral: false, OEM paid: false, OEM private: false, OSU AP: false, FQDN: , Provider friendly name: , Requesting package name: MLO Information: , Is TID-To-Link negotiation supported by the AP: false, AP MLD Address: , AP MLO Link Id: , AP MLO Affiliated links:
06-25 18:27:14.405 460 3626 I VDA : [0##5]"ServiceDeviceTask INs=684/691, OUTs=682/685"" {IN=7/8, OUT=10/13[kAtAccelerator(0) kAtDevice(3) kAtClient(10)]}"
06-25 18:27:15.232 3453 3615 I virtual Data FFDemuxer::read(): read frame ret: End of file latestReceivedTime: 177425 getTotalTimeMillis: 7500 is exit: 0
06-25 18:27:15.232 3453 3615 I virtual Data FFDemuxer::read(): list smooth loop
06-25 18:27:15.237 3453 3615 I virtual StreamInfo FFDemuxer::getVideoStreamInfo(): video width: 1920 video height: 1080 video pixelFormat: 0 fps: 30
06-25 18:27:15.237 3453 3615 D virtual Data FFDemuxer::read(): open next url: /data/user/0/com.dangbei.lerad.screensaver/files/download/61/city_2.mp4
06-25 18:27:15.436 460 3626 I VDA : [0##5]"ServiceDeviceTask INs=715/722, OUTs=713/716"" {IN=7/8, OUT=10/13[kAtAccelerator(0) kAtDevice(3) kAtClient(10)]}"
06-25 18:27:16.233 688 784 D OomAdjuster: Not killing cached processes
06-25 18:27:16.237 1478 1478 D bbb : onStartCommand begin !!!!!!! data分区剩余 53783MB
06-25 18:27:16.292 0 0 W : [0 T0 .s] [SP FRAME TX] arp req,vif_idx:0 sender:[1c:79:2d:20:62:cb 192.168.3.75]receiver:[00:00:00:00:00:00 192.168.3.1]
06-25 18:27:16.293 0 0 W : [0 T0 .s] [SP FRAME TX] arp req,vif_idx:0 sender:[1c:79:2d:20:62:cb 192.168.3.75]receiver:[00:00:00:00:00:00 192.168.3.22]
06-25 18:27:16.293 443 542 I netd : setProcSysNet(4, 2, wlan0, retrans_time_ms, 1000) <0.18ms>
06-25 18:27:16.294 443 542 I netd : setProcSysNet(4, 2, wlan0, ucast_solicit, 15) <0.12ms>
06-25 18:27:16.295 443 542 I netd : setProcSysNet(6, 2, wlan0, retrans_time_ms, 1000) <0.15ms>
06-25 18:27:16.295 443 541 I netd : setProcSysNet(6, 2, wlan0, ucast_solicit, 15) <0.14ms>
06-25 18:27:16.303 0 0 W : [3 T896 ..] [SP FRAME RX] arp rsp,vif_idx:0 sender:[70:3a:a6:36:a8:d7 192.168.3.1]receiver:[1c:79:2d:20:62:cb 192.168.3.75]
06-25 18:27:16.304 0 0 W : [3 T896 ..] [SP FRAME RX] arp rsp,vif_idx:0 sender:[2a:43:89:33:57:b3 192.168.3.22]receiver:[1c:79:2d:20:62:cb 192.168.3.75]
06-25 18:27:16.437 460 3626 I VDA : [0##5]"ServiceDeviceTask INs=745/752, OUTs=743/746"" {IN=7/8, OUT=10/13[kAtAccelerator(0) kAtDevice(3) kAtClient(10)]}"
06-25 18:27:16.854 460 3598 I DebugUtil: [0##5]in/out status {INS/OUTS=767(1)/756(0)}, pipeline status {IN=8/8, OUT=10/13[Component(0) Accelerator(3) Client(10)]}
06-25 18:27:16.944 471 496 I WifiHAL : call wifi_get_link_stats handler
06-25 18:27:16.944 471 496 I WifiHAL : Creating message to get link statistics; iface = 16
06-25 18:27:16.944 471 496 D WifiHAL : error code -95 mapped to -3
06-25 18:27:16.945 688 823 E WifiStaIfaceAidlImpl: getLinkLayerStats failed with service-specific exception: android.os.ServiceSpecificException: (code 4)
