01-01 08:00:13.218 688 688 W PackageSettings: Missing permission state for package com.android.tv.overlay.settingsprovider on user 0
01-01 08:00:13.218 688 688 W PackageSettings: Missing permission state for package com.android.safetycenter.resources on user 0
01-01 08:00:13.218 688 688 W PackageSettings: Missing permission state for package com.android.connectivity.resources on user 0
01-01 08:00:13.218 688 688 W PackageSettings: Missing permission state for package com.android.systemui.auto_generated_rro_vendor__ on user 0
01-01 08:00:13.218 688 688 W PackageSettings: Missing permission state for package com.android.tv.overlay.networkstack on user 0
01-01 08:00:13.218 688 688 W PackageSettings: Missing permission state for package com.android.dreams.basic on user 0
01-01 08:00:13.218 688 688 W PackageSettings: Missing permission state for package com.android.tv.overlay.wifi.resources on user 0
01-01 08:00:13.218 688 688 W PackageSettings: Missing permission state for package com.droidlogic.systemui.overlay on user 0
01-01 08:00:13.218 688 688 W PackageSettings: Missing permission state for package android.ext.shared on user 0
01-01 08:00:13.218 688 688 W PackageSettings: Missing permission state for package com.dlg.framework.overlay on user 0
01-01 08:00:13.219 688 688 W PackageSettings: Missing permission state for package com.android.wifi.resources on user 0
01-01 08:00:13.219 688 688 W PackageSettings: Missing permission state for package com.android.cameraextensions on user 0
01-01 08:00:13.219 688 688 W PackageSettings: Missing permission state for package com.android.networkstack.tethering.droidlogic on user 0
01-01 08:00:13.219 688 688 W PackageSettings: Missing permission state for package com.droidlogic.tvsettings.energymode.resoverlay on user 0
01-01 08:00:13.219 688 688 W PackageSettings: Missing permission state for package com.amlogic.tv.overlay.matchcontent on user 0
01-01 08:00:13.219 688 688 W PackageSettings: Missing permission state for package com.droidlogic.wifitetheringoverlay on user 0
01-01 08:00:13.220 688 688 W PackageSettings: Missing permission state for package com.droidlogic.wifion on user 0
01-01 08:00:13.220 688 688 W PackageSettings: Missing permission state for package com.android.tv.overlay.framework on user 0
01-01 08:00:13.221 688 688 W PackageSettings: Missing permission state for package com.droidlogic.overlay on user 0
01-01 08:00:13.221 688 688 W PackageSettings: Missing permission state for package android.auto_generated_rro_vendor__ on user 0
01-01 08:00:13.222 688 688 W PackageSettings: Missing permission state for shared user: android.uid.log
01-01 08:00:13.222 688 688 W PackageSettings: Missing permission state for shared user: android.uid.nfc
01-01 08:00:13.222 688 688 W PackageSettings: Missing permission state for shared user: android.uid.uwb
01-01 08:00:13.223 688 688 W PackageSettings: Missing permission state for shared user: android.uid.phone
01-01 08:00:13.225 688 688 V PackageManagerTiming: read user settings took to complete: 196ms
01-01 08:00:13.250 688 688 D PackageManager: Directories scanned as system partitions: [/system:0, /vendor:524288, /odm:4194304, /oem:262144, /product:1048576, /system_ext:2097152, /apex/com.android.runtime:41943040, /apex/com.android.vndk.v34:41943040, /apex/com.android.resolv:41943040, /apex/com.android.i18n:41943040, /apex/com.android.appsearch:41943040, /apex/com.android.media:41943040, /apex/com.android.configinfrastructure:41943040, /apex/com.android.scheduling:41943040, /apex/com.google.android.widevine:42467328, /apex/com.android.neuralnetworks:41943040, /apex/com.android.adservices:41943040, /apex/com.android.ondevicepersonalization:41943040, /apex/com.android.tethering:41943040, /apex/com.android.ipsec:41943040, /apex/com.android.conscrypt:41943040, /apex/com.android.apex.cts.shim:41943040, /apex/com.android.media.swcodec:41943040, /apex/com.android.tzdata:41943040, /apex/com.android.healthfitness:41943040, /apex/com.android.virt:41943040, /apex/com.android.mediaprovider:41943040, /apex/com.android.sdkext:41943040, /apex/com.amlogic.mediaextractor:41943040, /apex/com.android.btservices:41943040, /apex/com.android.wifi:41943040, /apex/com.android.os.statsd:41943040, /apex/com.android.devicelock:41943040, /apex/com.android.adbd:41943040, /apex/com.android.permission:41943040, /apex/com.android.uwb:41943040, /apex/com.android.rkpd:41943040, /apex/com.android.extservices:41943040, /apex/com.android.art:41943040]
01-01 08:00:13.251 688 688 D PackageManager: Keeping known cache 2507e1f6aa46ab7902aa4087bed3874a7164f273
01-01 08:00:13.251 688 688 W PackageManager: Wiping cache directory because the system partition changed.
01-01 08:00:13.266 0 0 I [2 T414 ..] apexd: getAllPackages received by ApexService
01-01 08:00:13.310 688 688 I PackageManager: /system/apex/com.amlogic.mediaextractor.apex changed; collecting certs
01-01 08:00:13.327 688 688 D CompatibilityChangeReporter: Compat change id reported: 143539591; UID -1; state: DISABLED
01-01 08:00:13.327 688 688 D CompatibilityChangeReporter: Compat change id reported: 168782947; UID -1; state: ENABLED
01-01 08:00:13.328 688 688 W PackageManager: Odd, /system/apex/com.amlogic.mediaextractor.apex doesn't look like an APK
01-01 08:00:13.332 688 688 I PackageManager: /data/apex/decompressed/com.android.adservices@340090000.decompressed.apex changed; collecting certs
01-01 08:00:13.338 688 688 W PackageManager: Odd, /data/apex/decompressed/com.android.adservices@340090000.decompressed.apex doesn't look like an APK
01-01 08:00:13.338 688 688 W PackageManager: Unrecognized code path /data/apex/decompressed/com.android.adservices@340090000.decompressed.apex - using /data
01-01 08:00:13.343 688 688 I PackageManager: /system/apex/com.android.apex.cts.shim.apex changed; collecting certs
01-01 08:00:13.348 688 688 D CompatibilityChangeReporter: Compat change id reported: 168782947; UID -1; state: DISABLED
01-01 08:00:13.348 688 688 W PackageManager: Odd, /system/apex/com.android.apex.cts.shim.apex doesn't look like an APK
01-01 08:00:13.351 688 688 I PackageManager: /data/apex/decompressed/com.android.adbd@340090000.decompressed.apex changed; collecting certs
01-01 08:00:13.357 688 688 W PackageManager: Odd, /data/apex/decompressed/com.android.adbd@340090000.decompressed.apex doesn't look like an APK
01-01 08:00:13.357 688 688 W PackageManager: Unrecognized code path /data/apex/decompressed/com.android.adbd@340090000.decompressed.apex - using /data
01-01 08:00:13.360 688 688 I PackageManager: /data/apex/decompressed/com.android.configinfrastructure@340090000.decompressed.apex changed; collecting certs
01-01 08:00:13.366 688 688 W PackageManager: Odd, /data/apex/decompressed/com.android.configinfrastructure@340090000.decompressed.apex doesn't look like an APK
01-01 08:00:13.366 688 688 W PackageManager: Unrecognized code path /data/apex/decompressed/com.android.configinfrastructure@340090000.decompressed.apex - using /data
01-01 08:00:13.369 688 688 I PackageManager: /data/apex/decompressed/com.android.art@340090000.decompressed.apex changed; collecting certs
01-01 08:00:13.374 688 688 W PackageManager: Odd, /data/apex/decompressed/com.android.art@340090000.decompressed.apex doesn't look like an APK
01-01 08:00:13.374 688 688 W PackageManager: Unrecognized code path /data/apex/decompressed/com.android.art@340090000.decompressed.apex - using /data
01-01 08:00:13.377 688 688 I PackageManager: /system/apex/com.android.btservices.apex changed; collecting certs
01-01 08:00:13.385 688 688 W PackageManager: Odd, /system/apex/com.android.btservices.apex doesn't look like an APK
01-01 08:00:13.387 688 688 I PackageManager: /data/apex/decompressed/com.android.appsearch@340090000.decompressed.apex changed; collecting certs
01-01 08:00:13.392 688 688 W PackageManager: Odd, /data/apex/decompressed/com.android.appsearch@340090000.decompressed.apex doesn't look like an APK
01-01 08:00:13.392 688 688 W PackageManager: Unrecognized code path /data/apex/decompressed/com.android.appsearch@340090000.decompressed.apex - using /data
01-01 08:00:13.395 688 688 I PackageManager: /system/apex/com.android.devicelock.apex changed; collecting certs
01-01 08:00:13.401 688 688 W PackageManager: Odd, /system/apex/com.android.devicelock.apex doesn't look like an APK
01-01 08:00:13.404 688 688 I PackageManager: /data/apex/decompressed/com.android.conscrypt@340090000.decompressed.apex changed; collecting certs
01-01 08:00:13.410 688 688 W PackageManager: Odd, /data/apex/decompressed/com.android.conscrypt@340090000.decompressed.apex doesn't look like an APK
01-01 08:00:13.410 688 688 W PackageManager: Unrecognized code path /data/apex/decompressed/com.android.conscrypt@340090000.decompressed.apex - using /data
01-01 08:00:13.413 688 688 I PackageManager: /system/apex/com.android.healthfitness.apex changed; collecting certs
01-01 08:00:13.419 688 688 W PackageManager: Odd, /system/apex/com.android.healthfitness.apex doesn't look like an APK
01-01 08:00:13.423 688 688 I PackageManager: /data/apex/decompressed/com.android.extservices@340090000.decompressed.apex changed; collecting certs
01-01 08:00:13.429 688 688 W PackageManager: Odd, /data/apex/decompressed/com.android.extservices@340090000.decompressed.apex doesn't look like an APK
01-01 08:00:13.430 688 688 W PackageManager: Unrecognized code path /data/apex/decompressed/com.android.extservices@340090000.decompressed.apex - using /data
01-01 08:00:13.432 688 688 I PackageManager: /system/apex/com.android.i18n.apex changed; collecting certs
01-01 08:00:13.437 688 688 W PackageManager: Odd, /system/apex/com.android.i18n.apex doesn't look like an APK
01-01 08:00:13.440 688 688 I PackageManager: /data/apex/decompressed/com.android.media@340090000.decompressed.apex changed; collecting certs
01-01 08:00:13.446 688 688 W PackageManager: Odd, /data/apex/decompressed/com.android.media@340090000.decompressed.apex doesn't look like an APK
01-01 08:00:13.446 688 688 W PackageManager: Unrecognized code path /data/apex/decompressed/com.android.media@340090000.decompressed.apex - using /data
01-01 08:00:13.449 688 688 I PackageManager: /data/apex/decompressed/com.android.ipsec@340090000.decompressed.apex changed; collecting certs
01-01 08:00:13.455 688 688 W PackageManager: Odd, /data/apex/decompressed/com.android.ipsec@340090000.decompressed.apex doesn't look like an APK
01-01 08:00:13.455 688 688 W PackageManager: Unrecognized code path /data/apex/decompressed/com.android.ipsec@340090000.decompressed.apex - using /data
01-01 08:00:13.458 688 688 I PackageManager: /data/apex/decompressed/com.android.media.swcodec@340090000.decompressed.apex changed; collecting certs
01-01 08:00:13.466 688 688 W PackageManager: Odd, /data/apex/decompressed/com.android.media.swcodec@340090000.decompressed.apex doesn't look like an APK
01-01 08:00:13.466 688 688 W PackageManager: Unrecognized code path /data/apex/decompressed/com.android.media.swcodec@340090000.decompressed.apex - using /data
01-01 08:00:13.469 688 688 I PackageManager: /data/apex/decompressed/com.android.mediaprovider@340090000.decompressed.apex changed; collecting certs
01-01 08:00:13.474 688 688 W PackageManager: Odd, /data/apex/decompressed/com.android.mediaprovider@340090000.decompressed.apex doesn't look like an APK
01-01 08:00:13.474 688 688 W PackageManager: Unrecognized code path /data/apex/decompressed/com.android.mediaprovider@340090000.decompressed.apex - using /data
01-01 08:00:13.477 688 688 I PackageManager: /data/apex/decompressed/com.android.neuralnetworks@340090000.decompressed.apex changed; collecting certs
01-01 08:00:13.482 688 688 W PackageManager: Odd, /data/apex/decompressed/com.android.neuralnetworks@340090000.decompressed.apex doesn't look like an APK
01-01 08:00:13.482 688 688 W PackageManager: Unrecognized code path /data/apex/decompressed/com.android.neuralnetworks@340090000.decompressed.apex - using /data
01-01 08:00:13.485 688 688 I PackageManager: /data/apex/decompressed/com.android.ondevicepersonalization@340090000.decompressed.apex changed; collecting certs
01-01 08:00:13.490 688 688 W PackageManager: Odd, /data/apex/decompressed/com.android.ondevicepersonalization@340090000.decompressed.apex doesn't look like an APK
01-01 08:00:13.490 688 688 W PackageManager: Unrecognized code path /data/apex/decompressed/com.android.ondevicepersonalization@340090000.decompressed.apex - using /data
01-01 08:00:13.493 688 688 I PackageManager: /system/apex/com.android.os.statsd.apex changed; collecting certs
01-01 08:00:13.498 688 688 W PackageManager: Odd, /system/apex/com.android.os.statsd.apex doesn't look like an APK
01-01 08:00:13.503 688 688 I PackageManager: /data/apex/decompressed/com.android.permission@340090000.decompressed.apex changed; collecting certs
01-01 08:00:13.508 688 688 W PackageManager: Odd, /data/apex/decompressed/com.android.permission@340090000.decompressed.apex doesn't look like an APK
01-01 08:00:13.509 688 688 W PackageManager: Unrecognized code path /data/apex/decompressed/com.android.permission@340090000.decompressed.apex - using /data
01-01 08:00:13.511 688 688 I PackageManager: /data/apex/decompressed/com.android.resolv@340090000.decompressed.apex changed; collecting certs
01-01 08:00:13.516 688 688 W PackageManager: Odd, /data/apex/decompressed/com.android.resolv@340090000.decompressed.apex doesn't look like an APK
01-01 08:00:13.517 688 688 W PackageManager: Unrecognized code path /data/apex/decompressed/com.android.resolv@340090000.decompressed.apex - using /data
01-01 08:00:13.519 688 688 I PackageManager: /data/apex/decompressed/com.android.scheduling@340090000.decompressed.apex changed; collecting certs
01-01 08:00:13.524 688 688 W PackageManager: Odd, /data/apex/decompressed/com.android.scheduling@340090000.decompressed.apex doesn't look like an APK
01-01 08:00:13.525 688 688 W PackageManager: Unrecognized code path /data/apex/decompressed/com.android.scheduling@340090000.decompressed.apex - using /data
01-01 08:00:13.528 688 688 I PackageManager: /system/apex/com.android.runtime.apex changed; collecting certs
01-01 08:00:13.534 688 688 W PackageManager: Odd, /system/apex/com.android.runtime.apex doesn't look like an APK
01-01 08:00:13.539 688 688 I PackageManager: /system/apex/com.android.rkpd.apex changed; collecting certs
01-01 08:00:13.546 688 688 W PackageManager: Odd, /system/apex/com.android.rkpd.apex doesn't look like an APK
01-01 08:00:13.548 688 688 I PackageManager: /system/apex/com.android.sdkext.apex changed; collecting certs
01-01 08:00:13.554 688 688 W PackageManager: Odd, /system/apex/com.android.sdkext.apex doesn't look like an APK
01-01 08:00:13.557 688 688 I PackageManager: /data/apex/decompressed/com.android.tethering@340090000.decompressed.apex changed; collecting certs
01-01 08:00:13.562 688 688 W PackageManager: Odd, /data/apex/decompressed/com.android.tethering@340090000.decompressed.apex doesn't look like an APK
01-01 08:00:13.563 688 688 W PackageManager: Unrecognized code path /data/apex/decompressed/com.android.tethering@340090000.decompressed.apex - using /data
01-01 08:00:13.566 688 688 I PackageManager: /system/apex/com.android.tzdata.apex changed; collecting certs
01-01 08:00:13.571 688 688 W PackageManager: Odd, /system/apex/com.android.tzdata.apex doesn't look like an APK
01-01 08:00:13.574 688 688 I PackageManager: /data/apex/decompressed/com.android.uwb@340090000.decompressed.apex changed; collecting certs
01-01 08:00:13.579 688 688 W PackageManager: Odd, /data/apex/decompressed/com.android.uwb@340090000.decompressed.apex doesn't look like an APK
01-01 08:00:13.579 688 688 W PackageManager: Unrecognized code path /data/apex/decompressed/com.android.uwb@340090000.decompressed.apex - using /data
01-01 08:00:13.584 688 688 I PackageManager: /system/apex/com.android.virt.apex changed; collecting certs
01-01 08:00:13.590 688 688 W PackageManager: Odd, /system/apex/com.android.virt.apex doesn't look like an APK
01-01 08:00:13.592 688 688 I PackageManager: /system/apex/com.android.vndk.current.apex changed; collecting certs
01-01 08:00:13.597 688 688 W PackageManager: Odd, /system/apex/com.android.vndk.current.apex doesn't look like an APK
01-01 08:00:13.601 688 688 I PackageManager: /vendor/apex/com.google.android.widevine.nonupdatable.apex changed; collecting certs
01-01 08:00:13.607 688 688 W PackageManager: Odd, /vendor/apex/com.google.android.widevine.nonupdatable.apex doesn't look like an APK
01-01 08:00:13.609 688 688 I PackageManager: /data/apex/decompressed/com.android.wifi@340090000.decompressed.apex changed; collecting certs
01-01 08:00:13.615 688 688 W PackageManager: Odd, /data/apex/decompressed/com.android.wifi@340090000.decompressed.apex doesn't look like an APK
01-01 08:00:13.615 688 688 W PackageManager: Unrecognized code path /data/apex/decompressed/com.android.wifi@340090000.decompressed.apex - using /data
01-01 08:00:13.646 688 688 W PackageManager: Failed to parse /system/framework/arm: Missing base APK in /system/framework/arm
01-01 08:00:13.647 688 688 W PackageManager: Failed to parse /system/framework/oat: Missing base APK in /system/framework/oat/arm
01-01 08:00:13.711 688 688 I PackageManager: /system/priv-app/NetworkStack changed; collecting certs
01-01 08:00:13.715 688 688 I PackageManager: Update system package com.android.networkstack code path from /system/priv-app/NetworkStackNext to /system/priv-app/NetworkStack; Retain data and using new
01-01 08:00:13.721 688 688 I PackageManager: /system/priv-app/NetworkStackNext changed; collecting certs
01-01 08:00:13.725 688 688 W PackageManager: Failed to scan /system/priv-app/NetworkStackNext: Application package com.android.networkstack already installed. Skipping duplicate.
01-01 08:00:13.803 688 688 W PackageManager: Provider ComponentInfo{com.dangbei.leard.leradlauncher/androidx.core.content.FileProvider} already defined; ignoring
01-01 08:00:13.872 688 688 I ApexManager: Registering com.android.adservices.api as apk-in-apex of com.android.adservices
01-01 08:00:13.874 688 688 W Permission: New decl PackageSetting{f2685b8 com.android.adservices.api/10068} of permission android.permission.ACCESS_ADSERVICES_TOPICS is system; overriding com.android.ext.adservices.api
01-01 08:00:13.874 688 688 W Permission: New decl PackageSetting{f2685b8 com.android.adservices.api/10068} of permission android.permission.ACCESS_ADSERVICES_ATTRIBUTION is system; overriding com.android.ext.adservices.api
01-01 08:00:13.874 688 688 W Permission: New decl PackageSetting{f2685b8 com.android.adservices.api/10068} of permission android.permission.ACCESS_ADSERVICES_CUSTOM_AUDIENCE is system; overriding com.android.ext.adservices.api
01-01 08:00:13.874 688 688 W Permission: New decl PackageSetting{f2685b8 com.android.adservices.api/10068} of permission android.permission.ACCESS_ADSERVICES_AD_ID is system; overriding com.android.ext.adservices.api
01-01 08:00:13.874 688 688 W Permission: New decl PackageSetting{f2685b8 com.android.adservices.api/10068} of permission android.permission.ACCESS_PRIVILEGED_AD_ID is system; overriding com.android.ext.adservices.api
01-01 08:00:13.875 688 688 W Permission: New decl PackageSetting{f2685b8 com.android.adservices.api/10068} of permission android.permission.ACCESS_PRIVILEGED_APP_SET_ID is system; overriding com.android.ext.adservices.api
01-01 08:00:13.875 688 688 W Permission: New decl PackageSetting{f2685b8 com.android.adservices.api/10068} of permission android.permission.MODIFY_ADSERVICES_STATE is system; overriding com.android.ext.adservices.api
01-01 08:00:13.875 688 688 W Permission: New decl PackageSetting{f2685b8 com.android.adservices.api/10068} of permission android.permission.ACCESS_ADSERVICES_STATE is system; overriding com.android.ext.adservices.api
01-01 08:00:13.875 688 688 W Permission: New decl PackageSetting{f2685b8 com.android.adservices.api/10068} of permission android.permission.ACCESS_ADSERVICES_MANAGER is system; overriding com.android.ext.adservices.api
01-01 08:00:13.879 688 688 I ApexManager: Registering com.android.sdksandbox as apk-in-apex of com.android.adservices
01-01 08:00:13.885 688 688 I ApexManager: Registering com.android.ondevicepersonalization.services as apk-in-apex of com.android.ondevicepersonalization
01-01 08:00:13.887 688 688 I ApexManager: Registering com.android.federatedcompute.services as apk-in-apex of com.android.ondevicepersonalization
01-01 08:00:13.893 688 688 I ApexManager: Registering com.android.connectivity.resources as apk-in-apex of com.android.tethering
01-01 08:00:13.895 688 688 I ApexManager: Registering com.android.networkstack.tethering as apk-in-apex of com.android.tethering
01-01 08:00:13.901 688 688 I ApexManager: Registering com.android.nearby.halfsheet as apk-in-apex of com.android.tethering
01-01 08:00:13.909 688 688 I ApexManager: Registering com.android.cts.priv.ctsshim as apk-in-apex of com.android.apex.cts.shim
01-01 08:00:13.913 688 688 I ApexManager: Registering com.android.cts.ctsshim as apk-in-apex of com.android.apex.cts.shim
01-01 08:00:13.920 688 688 I ApexManager: Registering com.android.healthconnect.controller as apk-in-apex of com.android.healthfitness
01-01 08:00:13.927 688 688 I ApexManager: Registering com.android.health.connect.backuprestore as apk-in-apex of com.android.healthfitness
01-01 08:00:13.932 688 688 I ApexManager: Registering com.android.virtualmachine.res as apk-in-apex of com.android.virt
01-01 08:00:13.940 688 688 I ApexManager: Registering com.android.providers.media.module as apk-in-apex of com.android.mediaprovider
01-01 08:00:13.951 688 688 I ApexManager: Registering com.android.bluetooth as apk-in-apex of com.android.btservices
01-01 08:00:13.958 688 688 I ApexManager: Registering com.android.wifi.resources as apk-in-apex of com.android.wifi
01-01 08:00:13.964 688 688 I ApexManager: Registering com.android.wifi.dialog as apk-in-apex of com.android.wifi
01-01 08:00:13.966 688 688 I ApexManager: Registering com.android.hotspot2.osulogin as apk-in-apex of com.android.wifi
01-01 08:00:13.972 688 688 I ApexManager: Registering com.android.devicelockcontroller as apk-in-apex of com.android.devicelock
01-01 08:00:13.979 688 688 I ApexManager: Registering com.android.safetycenter.resources as apk-in-apex of com.android.permission
01-01 08:00:13.982 688 688 I ApexManager: Registering com.android.permissioncontroller as apk-in-apex of com.android.permission
01-01 08:00:13.991 688 688 I ApexManager: Registering com.android.uwb.resources as apk-in-apex of com.android.uwb
01-01 08:00:13.996 688 688 I ApexManager: Registering com.android.rkpdapp as apk-in-apex of com.android.rkpd
01-01 08:00:14.003 688 688 I ApexManager: Registering com.android.ext.adservices.api as apk-in-apex of com.android.extservices
01-01 08:00:14.007 688 688 I ApexManager: Registering android.ext.services as apk-in-apex of com.android.extservices
01-01 08:00:14.019 688 688 I PackageManager: Finished scanning system apps. Time: 771 ms, packageCount: 142 , timePerPackage: 5 , cached: 143
01-01 08:00:14.027 688 688 D CompatibilityChangeReporter: Compat change id reported: 133396946; UID -1; state: DISABLED
01-01 08:00:14.030 688 688 I PackageManager: Finished scanning non-system apps. Time: 11 ms, packageCount: 1 , timePerPackage: 11 , cached: 1
01-01 08:00:14.041 688 688 I PackageManager: Time to scan packages: 0.793 seconds
01-01 08:00:14.041 688 688 I PermissionManager: Permission ownership changed. Updating all permissions.
01-01 08:00:14.043 688 688 W PermissionManager: Package com.android.adservices.api is an APK in APEX, but has permission allowlist on the system image. Please bundle the allowlist in the com.android.adservices APEX instead.
01-01 08:00:14.069 688 688 W PermissionManager: Privileged permission android.permission.LOCAL_MAC_ADDRESS for package com.dangbei.hqguide (/system/priv-app/dangbei-boot-guide) not in privapp-permissions allowlist
01-01 08:00:14.070 688 688 W PermissionManager: Privileged permission android.permission.BLUETOOTH_PRIVILEGED for package com.dangbei.hqguide (/system/priv-app/dangbei-boot-guide) not in privapp-permissions allowlist
01-01 08:00:14.070 688 688 W PermissionManager: Privileged permission android.permission.WRITE_SECURE_SETTINGS for package com.dangbei.hqguide (/system/priv-app/dangbei-boot-guide) not in privapp-permissions allowlist
01-01 08:00:14.095 688 688 W PermissionManager: Package com.android.providers.media.module is an APK in APEX, but has permission allowlist on the system image. Please bundle the allowlist in the com.android.mediaprovider APEX instead.
01-01 08:00:14.095 688 688 W PermissionManager: Package com.android.providers.media.module is an APK in APEX, but has permission allowlist on the system image. Please bundle the allowlist in the com.android.mediaprovider APEX instead.
01-01 08:00:14.095 688 688 W PermissionManager: Package com.android.providers.media.module is an APK in APEX, but has permission allowlist on the system image. Please bundle the allowlist in the com.android.mediaprovider APEX instead.
01-01 08:00:14.095 688 688 W PermissionManager: Package com.android.providers.media.module is an APK in APEX, but has permission allowlist on the system image. Please bundle the allowlist in the com.android.mediaprovider APEX instead.
01-01 08:00:14.095 688 688 W PermissionManager: Package com.android.providers.media.module is an APK in APEX, but has permission allowlist on the system image. Please bundle the allowlist in the com.android.mediaprovider APEX instead.
01-01 08:00:14.096 688 688 W PermissionManager: Package com.android.providers.media.module is an APK in APEX, but has permission allowlist on the system image. Please bundle the allowlist in the com.android.mediaprovider APEX instead.
01-01 08:00:14.096 688 688 W PermissionManager: Package com.android.providers.media.module is an APK in APEX, but has permission allowlist on the system image. Please bundle the allowlist in the com.android.mediaprovider APEX instead.
01-01 08:00:14.096 688 688 W PermissionManager: Package com.android.providers.media.module is an APK in APEX, but has permission allowlist on the system image. Please bundle the allowlist in the com.android.mediaprovider APEX instead.
01-01 08:00:14.096 688 688 W PermissionManager: Package com.android.providers.media.module is an APK in APEX, but has permission allowlist on the system image. Please bundle the allowlist in the com.android.mediaprovider APEX instead.
01-01 08:00:14.097 688 688 W PermissionManager: Package com.android.providers.media.module is an APK in APEX, but has permission allowlist on the system image. Please bundle the allowlist in the com.android.mediaprovider APEX instead.
01-01 08:00:14.097 688 688 W PermissionManager: Package com.android.providers.media.module is an APK in APEX, but has permission allowlist on the system image. Please bundle the allowlist in the com.android.mediaprovider APEX instead.
01-01 08:00:14.097 688 688 W PermissionManager: Package com.android.providers.media.module is an APK in APEX, but has permission allowlist on the system image. Please bundle the allowlist in the com.android.mediaprovider APEX instead.
01-01 08:00:14.097 688 688 W PermissionManager: Package com.android.providers.media.module is an APK in APEX, but has permission allowlist on the system image. Please bundle the allowlist in the com.android.mediaprovider APEX instead.
01-01 08:00:14.112 688 688 V PackageManager: reconcileAppsData for null u0 0x1 migrateAppData=true
01-01 08:00:14.193 688 688 V PackageManager: reconcileAppsData finished 16 packages
01-01 08:00:14.194 688 688 D PackageManagerTiming: write settings
01-01 08:00:14.194 688 750 D SystemServerTimingAsync: InitThreadPoolExec:prepareAppData
01-01 08:00:14.194 688 750 D SystemServerInitThreadPool: Started executing prepareAppData
01-01 08:00:14.247 688 688 V PackageManagerTiming: write settings took to complete: 53ms
01-01 08:00:14.248 688 688 W PackageManager: Domain verification agent not found
01-01 08:00:14.252 688 688 D PackageManager: Ephemeral resolver NOT found; no matching intent filters
01-01 08:00:14.252 688 688 D PackageManager: Instant App installer not found with android.intent.action.INSTALL_INSTANT_APP_PACKAGE
01-01 08:00:14.252 688 688 D PackageManager: Clear ephemeral installer activity
01-01 08:00:14.261 688 688 D PackageManagerTiming: GC
01-01 08:00:14.261 688 688 V PackageManagerTiming: GC took to complete: 0ms
01-01 08:00:14.261 688 688 I PackageManager: Fix for b/169414761 is applied
01-01 08:00:14.261 688 688 V PackageManagerTiming: create package manager took to complete: 1276ms
01-01 08:00:14.262 688 688 V UserSystemPackageInstaller: Checking that all system packages are whitelisted.
01-01 08:00:14.264 688 688 W UserSystemPackageInstaller: checkWhitelistedSystemPackages(mode=d) has 1 warnings:
01-01 08:00:14.264 688 688 W UserSystemPackageInstaller: com.android.settings is allowlisted but not present.
01-01 08:00:14.268 688 688 I Watchdog: Resuming HandlerChecker: main thread for reason: packagemanagermain. Pause count: 0
01-01 08:00:14.271 688 688 V SystemServerTiming: StartPackageManagerService took to complete: 1287ms
01-01 08:00:14.271 688 688 D SystemServerTiming: DexUseManagerLocal
01-01 08:00:14.295 688 688 V SystemServerTiming: DexUseManagerLocal took to complete: 24ms
01-01 08:00:14.295 688 688 D SystemServerTiming: StartOtaDexOptService
01-01 08:00:14.296 688 688 I Watchdog: Pausing HandlerChecker: main thread for reason: moveab. Pause count: 1
01-01 08:00:14.297 688 688 D OTADexopt: No upgrade, skipping A/B artifacts check.
01-01 08:00:14.297 688 688 I Watchdog: Resuming HandlerChecker: main thread for reason: moveab. Pause count: 0
01-01 08:00:14.297 688 688 V SystemServerTiming: StartOtaDexOptService took to complete: 2ms
01-01 08:00:14.297 688 688 D SystemServerTiming: StartUserManagerService
01-01 08:00:14.297 688 688 I SystemServiceManager: Starting com.android.server.pm.UserManagerService$LifeCycle
01-01 08:00:14.298 688 688 V SystemServerTiming: StartUserManagerService took to complete: 1ms
01-01 08:00:14.298 688 688 D SystemServerTiming: InitAttributerCache
01-01 08:00:14.298 688 688 V SystemServerTiming: InitAttributerCache took to complete: 0ms
01-01 08:00:14.298 688 688 D SystemServerTiming: SetSystemProcess
01-01 08:00:14.308 688 703 V HistoricalRegistry: Interaction before persistence initialized
01-01 08:00:14.309 688 702 V HistoricalRegistry: Interaction before persistence initialized
01-01 08:00:14.313 688 721 I ActivityManager: Connection with lmkd established
01-01 08:00:14.317 688 688 V SystemServerTiming: SetSystemProcess took to complete: 18ms
01-01 08:00:14.320 688 688 D CompatibilityChangeReporter: Compat change id reported: 161145287; UID 1000; state: ENABLED
01-01 08:00:14.321 688 688 D CompatibilityChangeReporter: Compat change id reported: 161145287; UID 1000; state: DISABLED
01-01 08:00:14.323 688 703 V HistoricalRegistry: Interaction before persistence initialized
01-01 08:00:14.325 688 688 D SystemServerTiming: InitWatchdog
01-01 08:00:14.326 688 688 V SystemServerTiming: InitWatchdog took to complete: 1ms
01-01 08:00:14.327 688 688 D SystemServerTiming: StartOverlayManagerService
01-01 08:00:14.332 585 755 I storaged: storaged: Start
01-01 08:00:14.373 688 750 V SystemServerTimingAsync: AppDataFixup took to complete: 179ms
01-01 08:00:14.373 688 750 W PackageManager: Skipping preparing app data for com.android.configinfrastructure
01-01 08:00:14.374 688 750 W PackageManager: Skipping preparing app data for com.android.appsearch
01-01 08:00:14.374 688 750 W PackageManager: Skipping preparing app data for com.android.adservices
01-01 08:00:14.374 688 750 W PackageManager: Skipping preparing app data for com.android.scheduling
01-01 08:00:14.374 688 750 W PackageManager: Skipping preparing app data for com.google.android.widevine.nonupdatable
01-01 08:00:14.375 688 750 W PackageManager: Skipping preparing app data for com.android.permission
01-01 08:00:14.375 688 750 W PackageManager: Skipping preparing app data for com.android.art
01-01 08:00:14.375 688 750 W PackageManager: Skipping preparing app data for com.android.uwb
01-01 08:00:14.375 688 750 W PackageManager: Skipping preparing app data for com.android.tethering
01-01 08:00:14.375 688 750 W PackageManager: Skipping preparing app data for com.android.btservices
01-01 08:00:14.375 688 750 W PackageManager: Skipping preparing app data for com.android.media.swcodec
01-01 08:00:14.375 688 750 W PackageManager: Skipping preparing app data for com.android.conscrypt
01-01 08:00:14.376 688 750 W PackageManager: Skipping preparing app data for com.android.adbd
01-01 08:00:14.376 688 750 W PackageManager: Skipping preparing app data for com.android.i18n
01-01 08:00:14.376 688 750 W PackageManager: Skipping preparing app data for com.android.rkpd
01-01 08:00:14.377 688 750 W PackageManager: Skipping preparing app data for com.android.virt
01-01 08:00:14.377 688 750 W PackageManager: Skipping preparing app data for com.android.wifi
01-01 08:00:14.377 688 750 W PackageManager: Skipping preparing app data for com.android.runtime
01-01 08:00:14.377 688 750 W PackageManager: Skipping preparing app data for com.android.devicelock
01-01 08:00:14.377 688 750 W PackageManager: Skipping preparing app data for com.android.apex.cts.shim
01-01 08:00:14.377 688 750 W PackageManager: Skipping preparing app data for com.android.neuralnetworks
01-01 08:00:14.377 688 750 W PackageManager: Skipping preparing app data for com.android.healthfitness
01-01 08:00:14.378 688 750 W PackageManager: Skipping preparing app data for com.android.resolv
01-01 08:00:14.378 688 750 W PackageManager: Skipping preparing app data for com.android.sdkext
01-01 08:00:14.378 688 750 W PackageManager: Skipping preparing app data for com.android.tzdata
01-01 08:00:14.378 688 750 W PackageManager: Skipping preparing app data for com.android.vndk.v34
01-01 08:00:14.378 688 750 W PackageManager: Skipping preparing app data for com.android.os.statsd
01-01 08:00:14.378 688 750 W PackageManager: Skipping preparing app data for com.android.extservices
01-01 08:00:14.378 688 750 W PackageManager: Skipping preparing app data for com.amlogic.mediaextractor
01-01 08:00:14.378 688 750 W PackageManager: Skipping preparing app data for com.android.ipsec
01-01 08:00:14.379 688 750 W PackageManager: Skipping preparing app data for com.android.media
01-01 08:00:14.379 688 750 W PackageManager: Skipping preparing app data for com.android.sdksandbox
01-01 08:00:14.379 688 750 W PackageManager: Skipping preparing app data for com.android.mediaprovider
01-01 08:00:14.380 688 750 W PackageManager: Skipping preparing app data for com.android.ondevicepersonalization
01-01 08:00:14.447 688 688 V SystemServerTiming: StartOverlayManagerService took to complete: 120ms
01-01 08:00:14.447 688 688 D SystemServerTiming: StartResourcesManagerService
01-01 08:00:14.450 688 688 V SystemServerTiming: StartResourcesManagerService took to complete: 3ms
01-01 08:00:14.450 688 688 D SystemServerTiming: StartSensorPrivacyService
01-01 08:00:14.462 688 710 W ActivityTaskManager: Skip updateConfiguration because mWindowManager isn't set
01-01 08:00:14.465 688 710 W BroadcastLoopers: Found previously unknown looper Thread[android.fg,5,main]
01-01 08:00:14.486 688 688 V SystemServerTiming: StartSensorPrivacyService took to complete: 34ms
01-01 08:00:14.486 688 688 D SystemServerTiming: StartSensorService
01-01 08:00:14.486 688 688 I SystemServiceManager: Starting com.android.server.sensors.SensorService
01-01 08:00:14.487 688 688 V SystemServerTiming: StartSensorService took to complete: 1ms
01-01 08:00:14.487 688 688 V SystemServerTiming: startBootstrapServices took to complete: 1892ms
01-01 08:00:14.487 688 688 D SystemServerTiming: startCoreServices
01-01 08:00:14.487 688 688 D SystemServerTiming: StartSystemConfigService
01-01 08:00:14.487 688 688 I SystemServiceManager: Starting com.android.server.SystemConfigService
01-01 08:00:14.489 688 688 V SystemServerTiming: StartSystemConfigService took to complete: 2ms
01-01 08:00:14.489 688 688 D SystemServerTiming: StartBatteryService
01-01 08:00:14.489 688 688 I SystemServiceManager: Starting com.android.server.BatteryService
01-01 08:00:14.490 688 760 D SystemServerTimingAsync: InitThreadPoolExec:StartNativeSensorService
01-01 08:00:14.490 688 760 D SystemServerInitThreadPool: Started executing StartNativeSensorService
01-01 08:00:14.490 688 760 D SystemServerTimingAsync: StartNativeSensorService
01-01 08:00:14.502 0 0 I [1 T216 ..] servicemanager: Could not find android.hardware.sensors.ISensors/default in the VINTF manifest.
01-01 08:00:14.507 0 0 I [0 T216 ..] servicemanager: Found android.hardware.health.IHealth/default in device VINTF manifest.
01-01 08:00:14.510 0 0 W [3 T459 ..] healthd: battery none chg=
01-01 08:00:14.499 688 688 I HealthServiceWrapperAidl: health: HealthServiceWrapper listening to AIDL HAL
01-01 08:00:14.502 688 688 I BatteryService: health: Waited 2ms and received the update.
01-01 08:00:14.504 688 760 V SystemServerTimingAsync: StartNativeSensorService took to complete: 14ms
01-01 08:00:14.504 688 760 D SystemServerInitThreadPool: Finished executing StartNativeSensorService
01-01 08:00:14.504 688 760 V SystemServerTimingAsync: InitThreadPoolExec:StartNativeSensorService took to complete: 14ms
01-01 08:00:14.505 688 688 V SystemServerTiming: StartBatteryService took to complete: 16ms
01-01 08:00:14.505 688 688 D SystemServerTiming: StartUsageService
01-01 08:00:14.505 688 688 I SystemServiceManager: Starting com.android.server.usage.UsageStatsService
01-01 08:00:14.516 688 688 V SystemServerTiming: StartUsageService took to complete: 11ms
01-01 08:00:14.516 688 688 D SystemServerTiming: StartWebViewUpdateService
01-01 08:00:14.516 688 688 I SystemServiceManager: Starting com.android.server.webkit.WebViewUpdateService
01-01 08:00:14.520 688 688 V SystemServerTiming: StartWebViewUpdateService took to complete: 4ms
01-01 08:00:14.520 688 688 D SystemServerTiming: StartCachedDeviceStateService
01-01 08:00:14.521 688 688 I SystemServiceManager: Starting com.android.server.CachedDeviceStateService
01-01 08:00:14.521 688 688 V SystemServerTiming: StartCachedDeviceStateService took to complete: 1ms
01-01 08:00:14.521 688 688 D SystemServerTiming: StartBinderCallsStatsService
01-01 08:00:14.521 688 688 I SystemServiceManager: Starting com.android.server.BinderCallsStatsService$LifeCycle
01-01 08:00:14.523 688 688 V SystemServerTiming: StartBinderCallsStatsService took to complete: 2ms
01-01 08:00:14.524 688 688 D SystemServerTiming: StartLooperStatsService
01-01 08:00:14.524 688 688 I SystemServiceManager: Starting com.android.server.LooperStatsService$Lifecycle
01-01 08:00:14.526 688 688 V SystemServerTiming: StartLooperStatsService took to complete: 1ms
01-01 08:00:14.526 688 688 D SystemServerTiming: StartRollbackManagerService
01-01 08:00:14.526 688 688 I SystemServiceManager: Starting com.android.server.rollback.RollbackManagerService
01-01 08:00:14.534 688 688 I PackageWatchdog: Syncing state, reason: added new observer
01-01 08:00:14.534 688 688 I PackageWatchdog: Not pruning observers, elapsed time: 0ms
01-01 08:00:14.534 688 688 I PackageWatchdog: Cancelling state sync, nothing to sync
01-01 08:00:14.534 688 718 I PackageWatchdog: Saving observer state to file
01-01 08:00:14.539 688 688 V SystemServerTiming: StartRollbackManagerService took to complete: 13ms
01-01 08:00:14.539 688 688 D SystemServerTiming: StartNativeTombstoneManagerService
01-01 08:00:14.540 688 688 I SystemServiceManager: Starting com.android.server.os.NativeTombstoneManagerService
01-01 08:00:14.541 688 688 V SystemServerTiming: StartNativeTombstoneManagerService took to complete: 1ms
01-01 08:00:14.541 688 688 D SystemServerTiming: StartBugreportManagerService
01-01 08:00:14.541 688 688 I SystemServiceManager: Starting com.android.server.os.BugreportManagerService
01-01 08:00:14.543 688 688 V SystemServerTiming: StartBugreportManagerService took to complete: 2ms
01-01 08:00:14.543 688 688 D SystemServerTiming: GpuService
01-01 08:00:14.543 688 688 I SystemServiceManager: Starting com.android.server.gpu.GpuService
01-01 08:00:14.543 688 688 V SystemServerTiming: GpuService took to complete: 0ms
01-01 08:00:14.543 688 688 D SystemServerTiming: StartRemoteProvisioningService
01-01 08:00:14.544 688 688 I SystemServiceManager: Starting com.android.server.security.rkp.RemoteProvisioningService
01-01 08:00:14.546 688 688 V SystemServerTiming: StartRemoteProvisioningService took to complete: 3ms
01-01 08:00:14.546 688 688 D SystemServerTiming: CpuMonitorService
01-01 08:00:14.546 688 688 I SystemServiceManager: Starting com.android.server.cpu.CpuMonitorService
01-01 08:00:14.563 688 688 I CpuMonitorService: Starting debug monitoring
01-01 08:00:14.564 688 688 V SystemServerTiming: CpuMonitorService took to complete: 18ms
01-01 08:00:14.564 688 688 V SystemServerTiming: startCoreServices took to complete: 77ms
01-01 08:00:14.564 688 688 D SystemServerTiming: startOtherServices
01-01 08:00:14.565 688 688 D SystemServerTiming: StartKeyAttestationApplicationIdProviderService
01-01 08:00:14.566 688 776 D SystemServerTimingAsync: InitThreadPoolExec:SecondaryZygotePreload
01-01 08:00:14.566 688 776 D SystemServerInitThreadPool: Started executing SecondaryZygotePreload
01-01 08:00:14.566 688 776 I SystemServer: SecondaryZygotePreload
01-01 08:00:14.566 688 776 D SystemServerTimingAsync: SecondaryZygotePreload
01-01 08:00:14.567 688 688 V SystemServerTiming: StartKeyAttestationApplicationIdProviderService took to complete: 2ms
01-01 08:00:14.567 688 688 D SystemServerTiming: StartKeyChainSystemService
01-01 08:00:14.567 688 688 I SystemServiceManager: Starting com.android.server.security.KeyChainSystemService
01-01 08:00:14.568 688 688 V SystemServerTiming: StartKeyChainSystemService took to complete: 1ms
01-01 08:00:14.568 688 688 D SystemServerTiming: StartBinaryTransparencyService
01-01 08:00:14.569 688 688 I SystemServiceManager: Starting com.android.server.BinaryTransparencyService
01-01 08:00:14.571 688 775 W CpuMonitorService: Skipping reading from device and returning the last read CpuInfos. Last read was 12 ms ago, min read interval is 500 ms
01-01 08:00:14.578 688 776 E SystemServer: Unable to preload default resources for secondary
01-01 08:00:14.578 688 776 V SystemServerTimingAsync: SecondaryZygotePreload took to complete: 12ms
01-01 08:00:14.578 688 776 D SystemServerInitThreadPool: Finished executing SecondaryZygotePreload
01-01 08:00:14.578 688 776 V SystemServerTimingAsync: InitThreadPoolExec:SecondaryZygotePreload took to complete: 12ms
01-01 08:00:14.579 0 0 E [3 T664 ..] [snd-soc]: aml_audio_set_spdif_mute(), no pinctrl
01-01 08:00:14.587 0 0 I [0 T216 ..] servicemanager: Found vendor.amlogic.hardware.droidaudio.IDroidAudio/default in framework VINTF manifest.
01-01 08:00:14.580 688 688 I TransparencyService: Started BinaryTransparencyService
01-01 08:00:14.580 688 688 V SystemServerTiming: StartBinaryTransparencyService took to complete: 12ms
01-01 08:00:14.580 688 688 D SystemServerTiming: StartSchedulingPolicyService
01-01 08:00:14.589 688 717 D SystemServerTimingAsync: InitThreadPoolExec:SchedulingPolicyService.
01-01 08:00:14.589 688 717 D SystemServerInitThreadPool: Started executing SchedulingPolicyService.
01-01 08:00:14.589 688 688 V SystemServerTiming: StartSchedulingPolicyService took to complete: 9ms
01-01 08:00:14.590 688 688 D SystemServerTiming: StartTelephonyRegistry
01-01 08:00:14.592 688 688 V SystemServerTiming: StartTelephonyRegistry took to complete: 2ms
01-01 08:00:14.592 688 688 D SystemServerTiming: StartEntropyMixer
01-01 08:00:14.593 688 688 I EntropyMixer: Loaded existing seed file
01-01 08:00:14.596 688 688 I EntropyMixer: Updated seed file
01-01 08:00:14.596 688 688 V SystemServerTiming: StartEntropyMixer took to complete: 4ms
01-01 08:00:14.596 688 688 D SystemServerTiming: StartAccountManagerService
01-01 08:00:14.597 688 688 I SystemServiceManager: Starting com.android.server.accounts.AccountManagerService$Lifecycle
01-01 08:00:14.601 688 717 D SystemServerInitThreadPool: Finished executing SchedulingPolicyService.
01-01 08:00:14.602 688 717 V SystemServerTimingAsync: InitThreadPoolExec:SchedulingPolicyService. took to complete: 13ms
01-01 08:00:14.608 688 688 V SystemServerTiming: StartAccountManagerService took to complete: 12ms
01-01 08:00:14.609 688 688 D SystemServerTiming: StartContentService
01-01 08:00:14.609 688 688 I SystemServiceManager: Starting com.android.server.content.ContentService$Lifecycle
01-01 08:00:14.612 688 688 V SystemServerTiming: StartContentService took to complete: 3ms
01-01 08:00:14.612 688 688 D SystemServerTiming: InstallSystemProviders
01-01 08:00:14.646 688 750 V SystemServerTimingAsync: AppDataPrepare took to complete: 273ms
01-01 08:00:14.646 688 750 I PackageManager: Deferred reconcileAppsData finished 127 packages
01-01 08:00:14.646 688 750 D SystemServerInitThreadPool: Finished executing prepareAppData
01-01 08:00:14.646 688 750 V SystemServerTimingAsync: InitThreadPoolExec:prepareAppData took to complete: 452ms
01-01 08:00:14.667 688 688 W SettingsState: No settings state /data/system/users/0/settings_config.xml
01-01 08:00:14.704 688 688 D ActivityManager: Checking cgroup freezer: /sys/fs/cgroup/uid_0/pid_444/cgroup.freeze
01-01 08:00:14.705 688 688 D ActivityManager: Checking binder freezer ioctl
01-01 08:00:14.705 688 688 D ActivityManager: Checking freezer profiles
01-01 08:00:14.705 688 688 D ActivityManager: Freezer supported: true
01-01 08:00:14.706 688 688 D ActivityManager: Freezer timeout set to 10000
01-01 08:00:14.706 688 688 D ActivityManager: Freezer exemption set to true
01-01 08:00:14.706 688 719 D ActivityManager: Freezer enabled
01-01 08:00:14.706 688 719 D ActivityManager: freezer override set to false
01-01 08:00:14.707 688 688 I SystemServiceManager: Starting com.android.server.deviceconfig.DeviceConfigInit$Lifecycle
01-01 08:00:14.707 688 688 V SystemServerTiming: InstallSystemProviders took to complete: 95ms
01-01 08:00:14.707 688 688 D SystemServerTiming: StartDropBoxManager
01-01 08:00:14.708 688 688 I SystemServiceManager: Starting com.android.server.DropBoxManagerService
01-01 08:00:14.710 688 688 V SystemServerTiming: StartDropBoxManager took to complete: 3ms
01-01 08:00:14.710 688 688 D SystemServerTiming: StartRoleManagerService
01-01 08:00:14.711 688 688 I SystemServiceManager: Starting com.android.role.RoleService
01-01 08:00:14.716 688 688 V SystemServerTiming: StartRoleManagerService took to complete: 6ms
01-01 08:00:14.717 688 688 D SystemServerTiming: StartVibratorManagerService
01-01 08:00:14.717 688 688 I SystemServiceManager: Starting com.android.server.vibrator.VibratorManagerService$Lifecycle
01-01 08:00:14.734 0 0 I [2 T216 ..] servicemanager: Could not find android.hardware.vibrator.IVibratorManager/default in the VINTF manifest.
01-01 08:00:14.735 0 0 I [2 T216 ..] servicemanager: Could not find android.hardware.vibrator.IVibrator/default in the VINTF manifest.
01-01 08:00:14.726 688 688 V SystemServerTiming: StartVibratorManagerService took to complete: 9ms
01-01 08:00:14.726 688 688 D SystemServerTiming: StartDynamicSystemService
01-01 08:00:14.727 688 688 V SystemServerTiming: StartDynamicSystemService took to complete: 1ms
01-01 08:00:14.727 688 688 D SystemServerTiming: StartResourceEconomy
01-01 08:00:14.728 688 688 I SystemServiceManager: Starting com.android.server.tare.InternalResourceService
01-01 08:00:14.735 688 688 V SystemServerTiming: StartResourceEconomy took to complete: 8ms
01-01 08:00:14.735 688 688 D SystemServerTiming: StartAlarmManagerService
01-01 08:00:14.736 688 688 I SystemServiceManager: Starting com.android.server.alarm.AlarmManagerService
01-01 08:00:14.743 688 688 I SystemClockTime: Current time only 14743, advancing to build time 1750397768000
06-20 13:36:08.011 688 688 V SystemServerTiming: StartAlarmManagerService took to complete: 20ms
06-20 13:36:08.011 688 688 D SystemServerTiming: StartInputManagerService
06-20 13:36:08.023 688 688 I InputManager: Initializing input manager, mUseDevInputEventForAudioJack=false
06-20 13:36:08.024 688 688 V SystemServerTiming: StartInputManagerService took to complete: 12ms
06-20 13:36:08.024 688 688 D SystemServerTiming: DeviceStateManagerService
06-20 13:36:08.024 688 688 I SystemServiceManager: Starting com.android.server.devicestate.DeviceStateManagerService
06-20 13:36:08.029 688 688 E DeviceStateManagerService: Cannot notify device state info change before the initial state has been committed.
06-20 13:36:08.029 688 688 I DeviceStateManagerService: Cannot notify device state info change when pending state is present.
06-20 13:36:08.031 688 688 V SystemServerTiming: DeviceStateManagerService took to complete: 8ms
06-20 13:36:08.031 688 688 D SystemServerTiming: StartCameraServiceProxy
06-20 13:36:08.031 688 688 I SystemServiceManager: Starting com.android.server.camera.CameraServiceProxy
06-20 13:36:08.034 688 688 V SystemServerTiming: StartCameraServiceProxy took to complete: 2ms
06-20 13:36:08.034 688 688 D SystemServerTiming: StartWindowManagerService
06-20 13:36:08.034 688 688 I SystemServiceManager: Starting phase 200
06-20 13:36:08.034 688 688 D SystemServerTiming: OnBootPhase_200
06-20 13:36:08.034 688 688 D SystemServerTiming: OnBootPhase_200_com.android.server.security.FileIntegrityService
06-20 13:36:08.034 688 688 V SystemServerTiming: OnBootPhase_200_com.android.server.security.FileIntegrityService took to complete: 0ms
06-20 13:36:08.034 688 688 D SystemServerTiming: OnBootPhase_200_com.android.server.pm.Installer
06-20 13:36:08.034 688 688 V SystemServerTiming: OnBootPhase_200_com.android.server.pm.Installer took to complete: 0ms
06-20 13:36:08.034 688 688 D SystemServerTiming: OnBootPhase_200_com.android.server.os.DeviceIdentifiersPolicyService
