06-25 18:27:16.959 688 854 D InstantWifi: Receive Wifi is connected, freq = 5260 and currentNetworkId : 0, wifiinfo = SSID: , BSSID: 02:00:00:00:00:00, MAC: 02:00:00:00:00:00, IP: /192.168.3.75, Security type: 2, Supplicant state: COMPLETED, Wi-Fi standard: 6, RSSI: -57, Link speed: 1200Mbps, Tx Link speed: 1200Mbps, Max Supported Tx Link speed: 1200Mbps, Rx Link speed: 6Mbps, Max Supported Rx Link speed: 1200Mbps, Frequency: 5260MHz, Net ID: -1, Metered hint: false, score: 60, isUsable: true, CarrierMerged: false, SubscriptionId: -1, IsPrimary: 1, Trusted: true, Restricted: false, Ephemeral: false, OEM paid: false, OEM private: false, OSU AP: false, FQDN: , Provider friendly name: , Requesting package name: MLO Information: , Is TID-To-Link negotiation supported by the AP: false, AP MLD Address: , AP MLO Link Id: , AP MLO Affiliated links:
06-25 18:27:17.468 460 3626 I VDA : [0##5]"ServiceDeviceTask INs=776/783, OUTs=774/777"" {IN=7/8, OUT=10/13[kAtAccelerator(0) kAtDevice(3) kAtClient(10)]}"
06-25 18:27:17.919 3453 3592 D BufferPoolAccessor2.0: bufferpool2 0xe3fb0988 : 8(12582912 size) total buffers - 8(12582912 size) used buffers - 0/9 (recycle/alloc) - 9/798 (fetch/transfer)
06-25 18:27:18.501 460 3626 I VDA : [0##5]"ServiceDeviceTask INs=806/813, OUTs=804/808"" {IN=7/8, OUT=9/13[kAtAccelerator(0) kAtDevice(4) kAtClient(9)]}"
06-25 18:27:18.540 2291 2355 D UtilLog : 日志批量上报 进行正常循环 !!!!!!本次有0次请求,共0条数据
06-25 18:27:19.480 0 0 I [0 T106 ..] [hdmitx: ] UTC+0 2025-06-25 10:27:19 HPD HIGH
06-25 18:27:19.504 460 3626 I VDA : [0##5]"ServiceDeviceTask INs=837/844, OUTs=835/838"" {IN=7/8, OUT=10/13[kAtAccelerator(0) kAtDevice(3) kAtClient(10)]}"
06-25 18:27:19.682 3453 3614 I virtual void MediaDecoder::run(): notify decode next url: /data/user/0/com.dangbei.lerad.screensaver/files/download/61/city_1.mp4
06-25 18:27:19.682 3453 3614 E screen_saver2: onDecodeNextStream: 0
06-25 18:27:19.682 3453 3614 E screen_saver2: 本地记录index和回调的不一致
06-25 18:27:19.684 3453 3453 D AdManager: advertisementNum: 6
06-25 18:27:19.961 471 496 I WifiHAL : call wifi_get_link_stats handler
06-25 18:27:19.961 471 496 I WifiHAL : Creating message to get link statistics; iface = 16
06-25 18:27:19.961 471 496 D WifiHAL : error code -95 mapped to -3
06-25 18:27:19.961 688 823 E WifiStaIfaceAidlImpl: getLinkLayerStats failed with service-specific exception: android.os.ServiceSpecificException: (code 4)
06-25 18:27:19.971 688 854 D InstantWifi: Receive Wifi is connected, freq = 5260 and currentNetworkId : 0, wifiinfo = SSID: , BSSID: 02:00:00:00:00:00, MAC: 02:00:00:00:00:00, IP: /192.168.3.75, Security type: 2, Supplicant state: COMPLETED, Wi-Fi standard: 6, RSSI: -49, Link speed: 1200Mbps, Tx Link speed: 1200Mbps, Max Supported Tx Link speed: 1200Mbps, Rx Link speed: 6Mbps, Max Supported Rx Link speed: 1200Mbps, Frequency: 5260MHz, Net ID: -1, Metered hint: false, score: 60, isUsable: true, CarrierMerged: false, SubscriptionId: -1, IsPrimary: 1, Trusted: true, Restricted: false, Ephemeral: false, OEM paid: false, OEM private: false, OSU AP: false, FQDN: , Provider friendly name: , Requesting package name: MLO Information: , Is TID-To-Link negotiation supported by the AP: false, AP MLD Address: , AP MLO Link Id: , AP MLO Affiliated links:
06-25 18:27:19.993 281 332 D MesonHwc: received Uevent: change@/devices/virtual/amhdmitx/amhdmitx0
06-25 18:27:19.993 281 332 D MesonHwc: received Uevent: ACTION=change
06-25 18:27:19.993 281 332 D MesonHwc: received Uevent: DEVPATH=/devices/virtual/amhdmitx/amhdmitx0
06-25 18:27:19.993 281 332 D MesonHwc: received Uevent: SUBSYSTEM=amhdmitx
06-25 18:27:19.993 281 332 D MesonHwc: received Uevent: hdmitx_current_status=6
06-25 18:27:19.993 281 332 D MesonHwc: received Uevent: MAJOR=492
06-25 18:27:19.993 281 332 D MesonHwc: received Uevent: MINOR=0
06-25 18:27:19.993 281 332 D MesonHwc: received Uevent: DEVNAME=amhdmitx0
06-25 18:27:19.993 281 332 D MesonHwc: received Uevent: SEQNUM=3449
06-25 18:27:19.993 281 332 D MesonHwc: received Uevent: 101
06-25 18:27:19.993 281 332 D MesonHwc: received Uevent: DEVNAME=framerate_dev
06-25 18:27:19.993 281 332 D MesonHwc: received Uevent: SEQNUM=3448
06-25 18:27:19.993 281 332 D MesonHwc: received Uevent: UM=3434
06-25 18:27:19.993 281 332 D MesonHwc: received Uevent: NUM=3349
06-25 18:27:19.993 281 332 D MesonHwc: received Uevent: 63
06-25 18:27:19.993 281 332 D MesonHwc: received Uevent: 77
06-25 18:27:19.993 281 332 D MesonHwc: received Uevent: _TYPE=wlan
06-25 18:27:19.993 281 332 D MesonHwc: received Uevent: RFKILL_STATE=1
06-25 18:27:19.993 281 332 D MesonHwc: received Uevent: RFKILL_HW_BLOCK_REASON=0x0
06-25 18:27:19.993 281 332 D MesonHwc: received Uevent: SEQNUM=3176
06-25 18:27:19.993 281 332 D MesonHwc: received Uevent: y@0
06-25 18:27:19.993 281 332 D MesonHwc: received Uevent: OF_COMPATIBLE_N=0
06-25 18:27:19.993 281 332 D MesonHwc: received Uevent: SEQNUM=3174
06-25 18:27:19.993 281 332 D MesonHwc: received Uevent: change@/devices/virtual/amhdmitx/amhdmitx0
06-25 18:27:19.993 281 332 D MesonHwc: received Uevent: ACTION=change
06-25 18:27:19.993 281 332 D MesonHwc: received Uevent: DEVPATH=/devices/virtual/amhdmitx/amhdmitx0
06-25 18:27:19.993 281 332 D MesonHwc: received Uevent: SUBSYSTEM=amhdmitx
06-25 18:27:19.993 281 332 D MesonHwc: received Uevent: hdmitx_current_status=6
06-25 18:27:19.993 281 332 D MesonHwc: received Uevent: MAJOR=492
06-25 18:27:19.993 281 332 D MesonHwc: received Uevent: MINOR=0
06-25 18:27:19.993 281 332 D MesonHwc: received Uevent: DEVNAME=amhdmitx0
06-25 18:27:19.993 281 332 D MesonHwc: received Uevent: SEQNUM=3449
06-25 18:27:19.994 281 332 D MesonHwc: received Uevent: 101
06-25 18:27:19.994 281 332 D MesonHwc: received Uevent: DEVNAME=framerate_dev
06-25 18:27:19.994 281 332 D MesonHwc: received Uevent: SEQNUM=3448
06-25 18:27:19.994 281 332 D MesonHwc: received Uevent: UM=3434
06-25 18:27:19.994 281 332 D MesonHwc: received Uevent: NUM=3349
06-25 18:27:19.994 281 332 D MesonHwc: received Uevent: 63
06-25 18:27:19.994 281 332 D MesonHwc: received Uevent: 77
06-25 18:27:19.994 281 332 D MesonHwc: received Uevent: _TYPE=wlan
06-25 18:27:19.994 281 332 D MesonHwc: received Uevent: RFKILL_STATE=1
06-25 18:27:19.994 281 332 D MesonHwc: received Uevent: RFKILL_HW_BLOCK_REASON=0x0
06-25 18:27:19.994 281 332 D MesonHwc: received Uevent: SEQNUM=3176
06-25 18:27:19.994 281 332 D MesonHwc: received Uevent: y@0
06-25 18:27:19.994 281 332 D MesonHwc: received Uevent: OF_COMPATIBLE_N=0
06-25 18:27:19.994 281 332 D MesonHwc: received Uevent: SEQNUM=3174
06-25 18:27:20.004 0 0 I [2 T313 ..] [hdmitx: ] system: plugin
06-25 18:27:19.994 302 309 I SystemControl: [/UEventObserver.cpp, HDMITxUenventThreadLoop, 451] HDMI TX switch_name:hdmitx_current_status, switch_state: 6
06-25 18:27:20.004 0 0 I [2 T313 ..] [hdmitx: ] plugin sequence id: 4294980320
06-25 18:27:20.041 0 0 I [1 T313 ..] cec: [hdmitx_notify_callback] unsupported notify:3
06-25 18:27:20.041 0 0 W : [1 T313 ..] [RX]-up_phy_addr = 1
06-25 18:27:20.041 0 0 I [1 T313 ..] [hdmitx: ] edid: blk0 raw data
06-25 18:27:20.042 0 0 I [1 T313 ..] [hdmitx: ] 00ffffffffffff0036743000010000000a160103807341780acf74a3574cb02309484c21080081804540614095000101010101010101023a801871382d40582c
06-25 18:27:20.042 0 0 I : [1 T313 ..] 4500c48e2100001e662150b051001b3040703600c48e2100001e000000fc0044616e67626569202020202020000000fd00324b1e5017000a202020202020015d
06-25 18:27:20.035 302 309 I SystemControl: [/UEventObserver.cpp, HDMITxUenventThreadLoop, 451] HDMI TX switch_name:hdmitx_current_status, switch_state: 7
06-25 18:27:20.048 0 0 I [1 T313 ..] [hdmitx: ] edid: blk1 raw data
06-25 18:27:20.048 0 0 I [1 T313 ..] [hdmitx: ] 020344f251010304050790121314169f2022020611152f097f071507505706003d07c05f7e0183010000e200ff6e030c001000784420008001020304e3051f01
06-25 18:27:20.048 0 0 I : [1 T313 ..] e3060f018c0ad08a20e02d10103e9600c48e210000188c0ad090204031200c405500c48e21000018011d00bc52d01e20b8285540c48e2100001e000000000001
06-25 18:27:20.039 281 332 D MesonHwc: received Uevent: change@/devices/virtual/amhdmitx/amhdmitx0
06-25 18:27:20.040 281 332 D MesonHwc: received Uevent: ACTION=change
06-25 18:27:20.040 281 332 D MesonHwc: received Uevent: DEVPATH=/devices/virtual/amhdmitx/amhdmitx0
06-25 18:27:20.040 281 332 D MesonHwc: received Uevent: SUBSYSTEM=amhdmitx
06-25 18:27:20.040 281 332 D MesonHwc: received Uevent: hdmitx_current_status=7
06-25 18:27:20.040 281 332 D MesonHwc: received Uevent: MAJOR=492
06-25 18:27:20.040 281 332 D MesonHwc: received Uevent: MINOR=0
06-25 18:27:20.040 281 332 D MesonHwc: received Uevent: DEVNAME=amhdmitx0
06-25 18:27:20.040 281 332 D MesonHwc: received Uevent: SEQNUM=3450
06-25 18:27:20.040 281 332 D MesonHwc: received Uevent: 101
06-25 18:27:20.040 281 332 D MesonHwc: received Uevent: DEVNAME=framerate_dev
06-25 18:27:20.040 281 332 D MesonHwc: received Uevent: SEQNUM=3448
06-25 18:27:20.040 281 332 D MesonHwc: received Uevent: UM=3434
06-25 18:27:20.040 281 332 D MesonHwc: received Uevent: NUM=3349
06-25 18:27:20.040 281 332 D MesonHwc: received Uevent: 63
06-25 18:27:20.042 281 332 D MesonHwc: received Uevent: 77
06-25 18:27:20.042 281 332 D MesonHwc: received Uevent: _TYPE=wlan
06-25 18:27:20.043 281 332 D MesonHwc: received Uevent: RFKILL_STATE=1
06-25 18:27:20.043 281 332 D MesonHwc: received Uevent: RFKILL_HW_BLOCK_REASON=0x0
06-25 18:27:20.043 281 332 D MesonHwc: received Uevent: SEQNUM=3176
06-25 18:27:20.043 281 332 D MesonHwc: received Uevent: y@0
06-25 18:27:20.043 281 332 D MesonHwc: received Uevent: OF_COMPATIBLE_N=0
06-25 18:27:20.043 281 332 D MesonHwc: received Uevent: SEQNUM=3174
06-25 18:27:20.043 281 332 D MesonHwc: received Uevent: change@/devices/virtual/amhdmitx/amhdmitx0
06-25 18:27:20.043 281 332 D MesonHwc: received Uevent: ACTION=change
06-25 18:27:20.043 281 332 D MesonHwc: received Uevent: DEVPATH=/devices/virtual/amhdmitx/amhdmitx0
06-25 18:27:20.043 281 332 D MesonHwc: received Uevent: SUBSYSTEM=amhdmitx
06-25 18:27:20.043 281 332 D MesonHwc: received Uevent: hdmitx_current_status=7
06-25 18:27:20.043 281 332 D MesonHwc: received Uevent: MAJOR=492
06-25 18:27:20.043 281 332 D MesonHwc: received Uevent: MINOR=0
06-25 18:27:20.043 281 332 D MesonHwc: received Uevent: DEVNAME=amhdmitx0
06-25 18:27:20.043 281 332 D MesonHwc: received Uevent: SEQNUM=3450
06-25 18:27:20.043 281 332 D MesonHwc: received Uevent: 101
06-25 18:27:20.043 281 332 D MesonHwc: received Uevent: DEVNAME=framerate_dev
06-25 18:27:20.043 281 332 D MesonHwc: received Uevent: SEQNUM=3448
06-25 18:27:20.043 281 332 D MesonHwc: received Uevent: UM=3434
06-25 18:27:20.043 281 332 D MesonHwc: received Uevent: NUM=3349
06-25 18:27:20.043 281 332 D MesonHwc: received Uevent: 63
06-25 18:27:20.043 281 332 D MesonHwc: received Uevent: 77
06-25 18:27:20.043 281 332 D MesonHwc: received Uevent: _TYPE=wlan
06-25 18:27:20.043 281 332 D MesonHwc: received Uevent: RFKILL_STATE=1
06-25 18:27:20.043 281 332 D MesonHwc: received Uevent: RFKILL_HW_BLOCK_REASON=0x0
06-25 18:27:20.043 281 332 D MesonHwc: received Uevent: SEQNUM=3176
06-25 18:27:20.043 281 332 D MesonHwc: received Uevent: y@0
06-25 18:27:20.043 281 332 D MesonHwc: received Uevent: OF_COMPATIBLE_N=0
06-25 18:27:20.043 281 332 D MesonHwc: received Uevent: SEQNUM=3174
06-25 18:27:20.045 302 309 I SystemControl: [/UEventObserver.cpp, HDMITxUenventThreadLoop, 451] HDMI TX switch_name:hdmitx_hpd, switch_state: 1
06-25 18:27:20.059 0 0 I : [2 T313 ..] [drm] drm hdmitx hpd notify
06-25 18:27:20.045 302 309 I SystemControl: [/DisplayMode.cpp, onTxEvent, 3267] onTxEvent switchName:hdmitx_hpd hpdstate:1 state: 1
06-25 18:27:20.046 302 309 I SystemControl: [/SysWrite.cpp, getKernelReleaseVersion, 701] getKernelReleaseVersion: 5.15
06-25 18:27:20.046 302 309 I SystemControl: [/Ubootenv.cpp, updateValue, 68] [ubootenv] update value name [ubootenv.var.bestdolbyvision]: value [true]
06-25 18:27:20.046 302 309 I SystemControl: [/Ubootenv.cpp, get, 336] [ubootenv] get key:bestdolbyvision envValue: true
06-25 18:27:20.046 302 309 I SystemControl: [/Ubootenv.cpp, get, 336] [ubootenv] get key:hdmimode envValue: none
06-25 18:27:20.047 302 309 I SystemControl: [/Ubootenv.cpp, get, 345] [ubootenv] search end and not find env:user_colorattribute
06-25 18:27:20.047 302 309 I SystemControl: [/Ubootenv.cpp, get, 345] [ubootenv] search end and not find env:hdr_force_mode
06-25 18:27:20.047 302 309 I SystemControl: [/DisplayMode.cpp, gethdrforcemode, 2742] get hdr force mode is [2]
06-25 18:27:20.047 302 309 I SystemControl: [/Ubootenv.cpp, get, 336] [ubootenv] get key:hdr_policy envValue: 0
06-25 18:27:20.047 302 309 I SystemControl: [/DisplayMode.cpp, getHdrStrategy, 2758] getHdrStrategy is [0]
06-25 18:27:20.047 302 309 I SystemControl: [/Ubootenv.cpp, get, 336] [ubootenv] get key:hdr_priority envValue: 268435472
06-25 18:27:20.047 302 309 I SystemControl: [/DisplayMode.cpp, getHdrPriority, 2891] getHdrPriority is [0x10000010]
06-25 18:27:20.047 302 309 I SystemControl: [/DisplayMode.cpp, getCommonData, 1534] isbestcolorspace:1, isbestpolicy:1, hdr_policy:0, hdr_priority :268435472, hdr_force_mode:2
06-25 18:27:20.047 281 332 D MesonHwc: received Uevent: change@/devices/virtual/amhdmitx/amhdmitx0
06-25 18:27:20.047 281 332 D MesonHwc: received Uevent: ACTION=change
06-25 18:27:20.047 281 332 D MesonHwc: received Uevent: DEVPATH=/devices/virtual/amhdmitx/amhdmitx0
06-25 18:27:20.047 281 332 D MesonHwc: received Uevent: SUBSYSTEM=amhdmitx
06-25 18:27:20.047 281 332 D MesonHwc: received Uevent: hdmitx_hpd=1
06-25 18:27:20.048 465 478 I hdmicecd: [HdmiCecControl]:Hotplug event port:0, now:1, prevStatus:0 power:1
06-25 18:27:20.048 302 337 I SystemControl: [/Ubootenv.cpp, get, 345] [ubootenv] search end and not find env:connector_type
06-25 18:27:20.049 281 332 D MesonHwc: sc_read_bootenv val is empty
06-25 18:27:20.049 281 332 D MesonHwc: getConnectorType, get ubootenv.var.connector_type from uboot env, return (null)
06-25 18:27:20.049 281 332 D MesonHwc: getConnectorType-0 get connector type hdmi--65536
06-25 18:27:20.049 281 332 D MesonHwc: DrmProperty: EDID (1), value [0]
06-25 18:27:20.049 281 332 D MesonHwc: DrmProperty: UPDATE (99), value [0]
06-25 18:27:20.049 465 478 I hdmiconnection: hot plug port id 0, is connected 1
06-25 18:27:20.049 281 332 E MesonHwc: read screen size 0x0 from vinfo
06-25 18:27:20.049 281 332 E MesonHwc: dolby vision driver is not ready
06-25 18:27:20.049 281 332 D MesonHwc: Connector CVBS loadDisplayModes get 5 modes
06-25 18:27:20.049 281 332 I MesonHwc: add display mode (576cvbs-576cvbs-112, 720x576, 50.000000) dpi(0,0), hskew(0)
06-25 18:27:20.049 281 332 I MesonHwc: add display mode (pal_n-pal_n-113, 720x576, 50.000000) dpi(0,0), hskew(0)
06-25 18:27:20.049 281 332 I MesonHwc: add display mode (480cvbs-480cvbs-114, 720x480, 60.000000) dpi(0,0), hskew(0)
06-25 18:27:20.049 281 332 I MesonHwc: add display mode (pal_m-pal_m-115, 720x480, 60.000000) dpi(0,0), hskew(0)
06-25 18:27:20.050 281 332 I MesonHwc: add display mode (ntsc_m-ntsc_m-116, 720x480, 60.000000) dpi(0,0), hskew(0)
06-25 18:27:20.050 281 332 I MesonHwc: loadDisplayModes (5) end
06-25 18:27:20.050 281 332 D MesonHwc: ERR: PLEASE FIX NON-IMPLEMENT FUN(update).
06-25 18:27:20.050 302 337 I SystemControl: [/Ubootenv.cpp, get, 345] [ubootenv] search end and not find env:connector_type
06-25 18:27:20.057 688 688 D HDMI : Hotplug event:[port:0, connected:true]
06-25 18:27:20.044 1825 1825 I xm_hidread: type=1400 audit(0.0:1410): avc: denied { read } for scontext=u:r:init:s0 tcontext=u:r:init:s0 tclass=netlink_kobject_uevent_socket permissive=1
06-25 18:27:20.059 281 332 D MesonHwc: sc_read_bootenv val is empty
06-25 18:27:20.059 281 332 D MesonHwc: getConnectorType, get ubootenv.var.connector_type from uboot env, return (null)
06-25 18:27:20.059 281 332 D MesonHwc: getConnectorType-0 get connector type hdmi--65536
06-25 18:27:20.059 281 332 D MesonHwc: getConnectorCfg: get display 0, connector 13
06-25 18:27:20.059 281 332 E MesonHwc: FixedDisplayPipe::getConnectorCfg 11
06-25 18:27:20.059 281 332 D MesonHwc: handleEvent DRM_EVENT_HDMITX_HOTPLUG 13 VS 11
06-25 18:27:20.059 463 463 D hdmicecd: [HdmiCecControl]:getPhysicalAddress, physical addr: 1000, last pa: ffff, ret = 0
06-25 18:27:20.060 465 465 D hdmicecd: [HdmiCecControl]:total port:1
06-25 18:27:20.060 465 465 I hdmicecd: [HdmiCecControl]:portId: 0, type:output, cec support:1, arc support:1, physical address:1000
06-25 18:27:20.060 465 465 I hdmicecd: [HdmiCecControl]:arc port:0
06-25 18:27:20.067 688 791 V WindowManager: app ------------- force_land :0
06-25 18:27:20.069 281 332 D MesonHwc: DrmProperty: EDID (1), value [121]
06-25 18:27:20.069 281 332 D MesonHwc: DrmProperty: content type (77), value [0]
06-25 18:27:20.069 281 332 D MesonHwc: DrmProperty: vrr_capable (78), value [0]
06-25 18:27:20.069 281 332 D MesonHwc: DrmProperty: UPDATE (79), value [0]
06-25 18:27:20.069 281 332 D MesonHwc: DrmProperty: color_depth (80), value [8]
06-25 18:27:20.069 281 332 D MesonHwc: DrmProperty: color_space (81), value [0]
06-25 18:27:20.069 281 332 D MesonHwc: DrmProperty: MESON_DRM_HDMITX_PROP_AVMUTE (82), value [0]
06-25 18:27:20.069 281 332 D MesonHwc: DrmProperty: hdmi_hdr_status (83), value [6]
06-25 18:27:20.069 281 332 D MesonHwc: DrmProperty: dv_cap (85), value [0]
06-25 18:27:20.069 281 332 D MesonHwc: DrmProperty: contenttype_cap (89), value [1]
06-25 18:27:20.069 281 332 D MesonHwc: DrmProperty: hdr_priority (91), value [0]
06-25 18:27:20.069 281 332 D MesonHwc: DrmProperty: ready (92), value [0]
06-25 18:27:20.069 281 332 D MesonHwc: DrmProperty: allm_cap (95), value [0]
06-25 18:27:20.069 281 332 D MesonHwc: DrmProperty: dc_cap (96), value [1016]
06-25 18:27:20.069 281 332 E MesonHwc: dolby vision driver is not ready
06-25 18:27:20.070 281 332 I MesonHwc: hdr_preference (dolby_vision)
06-25 18:27:20.071 281 332 E MesonHwc: dolby vision driver is not ready
06-25 18:27:20.072 1362 1362 E ccc : cccccc hdmi plug reset
06-25 18:27:20.073 1409 1409 E xxxxxxxxxxxxxxx: onReceive:mIsHDMIPlugged = true
06-25 18:27:20.074 465 465 D hdmiconnection: port id:0 physical:1000
06-25 18:27:20.075 688 688 D HDMI : initPortInfo port info:port_id: 0, type: HDMI_OUT, address: 0x1000, cec: true, arc: true, mhl: false, earc: false
06-25 18:27:20.075 281 332 D MesonHwc: dolby version:0, dv3:0, hlg:1, hdr10:1, hdr10+:0 max:0, avg:0, min:0
06-25 18:27:20.075 281 332 D MesonHwc: dolby version 4k30:0
06-25 18:27:20.075 281 332 D MesonHwc: Connector HDMI-A loadDisplayModes get 16 modes
06-25 18:27:20.075 688 791 I WiredAccessoryManager: MSG_NEW_DEVICE_STATE
06-25 18:27:20.075 281 332 D MesonHwc: add fraction display mode (1080p60hz)
06-25 18:27:20.075 281 332 I MesonHwc: add display mode (1080p60hz-1080p60hz-123, 1920x1080, 60.000000) dpi(42406,42203), hskew(1)
06-25 18:27:20.075 281 332 D MesonHwc: add fraction display mode (smpte24hz)
06-25 18:27:20.075 281 332 I MesonHwc: add display mode (smpte24hz-smpte24hz-125, 4096x2160, 24.000000) dpi(90468,84406), hskew(1)
06-25 18:27:20.075 281 332 D MesonHwc: add fraction display mode (2160p30hz)
06-25 18:27:20.075 281 332 I MesonHwc: add display mode (2160p30hz-2160p30hz-126, 3840x2160, 30.000000) dpi(84813,84406), hskew(1)
06-25 18:27:20.075 281 332 I MesonHwc: add display mode (2160p25hz-2160p25hz-127, 3840x2160, 25.000000) dpi(84813,84406), hskew(1)
06-25 18:27:20.075 281 332 D MesonHwc: add fraction display mode (2160p24hz)
06-25 18:27:20.075 463 463 I hdmicecd: [HdmiCecControl]:clearLogicaladdress
06-25 18:27:20.076 281 332 I MesonHwc: add display mode (2160p24hz-2160p24hz-128, 3840x2160, 24.000000) dpi(84813,84406), hskew(1)
06-25 18:27:20.076 281 332 D MesonHwc: add fraction display mode (1080i60hz)
06-25 18:27:20.076 281 332 I MesonHwc: add display mode (1080i60hz-1080i60hz-129, 1920x1080, 60.000000) dpi(42406,42203), hskew(1)
06-25 18:27:20.076 281 332 I MesonHwc: add display mode (1080p50hz-1080p50hz-130, 1920x1080, 50.000000) dpi(42406,42203), hskew(1)
06-25 18:27:20.076 281 332 I MesonHwc: add display mode (1080i50hz-1080i50hz-131, 1920x1080, 50.000000) dpi(42406,42203), hskew(1)
06-25 18:27:20.076 281 332 D MesonHwc: add fraction display mode (1080p30hz)
06-25 18:27:20.076 281 332 I MesonHwc: add display mode (1080p30hz-1080p30hz-132, 1920x1080, 30.000000) dpi(42406,42203), hskew(1)
06-25 18:27:20.076 281 332 D MesonHwc: add fraction display mode (1080p24hz)
06-25 18:27:20.076 281 332 I MesonHwc: add display mode (1080p24hz-1080p24hz-133, 1920x1080, 24.000000) dpi(42406,42203), hskew(1)
06-25 18:27:20.076 281 332 D MesonHwc: add fraction display mode (720p60hz)
06-25 18:27:20.077 281 332 I MesonHwc: add display mode (720p60hz-720p60hz-134, 1280x720, 60.000000) dpi(28271,28135), hskew(1)
06-25 18:27:20.077 688 688 I AS.AudioDeviceInventory: not sending NOISY: state=1
06-25 18:27:20.077 281 332 I MesonHwc: add display mode (720p50hz-720p50hz-135, 1280x720, 50.000000) dpi(28271,28135), hskew(1)
06-25 18:27:20.078 281 332 I MesonHwc: add display mode (576p50hz-576p50hz-136, 720x576, 50.000000) dpi(15902,22508), hskew(1)
06-25 18:27:20.078 281 332 I MesonHwc: add display mode (576i50hz-576i50hz-137, 720x576, 50.000000) dpi(15902,22508), hskew(1)
06-25 18:27:20.078 281 332 D MesonHwc: add fraction display mode (480p60hz)
06-25 18:27:20.078 281 332 I MesonHwc: add display mode (480p60hz-480p60hz-138, 720x480, 60.000000) dpi(15902,18756), hskew(1)
06-25 18:27:20.078 281 332 D MesonHwc: add fraction display mode (480i60hz)
06-25 18:27:20.078 281 332 I MesonHwc: add display mode (480i60hz-480i60hz-139, 720x480, 60.000000) dpi(15902,18756), hskew(1)
06-25 18:27:20.078 281 332 I MesonHwc: loadDisplayModes (26) end
06-25 18:27:20.078 281 332 D MesonHwc: HwcDisplayPipe::updatePipe 0.
06-25 18:27:20.078 302 337 I SystemControl: [/Ubootenv.cpp, get, 345] [ubootenv] search end and not find env:connector_type
06-25 18:27:20.079 688 843 D AudioService: setWiredDeviceConnectionState( type:400 state:DEVICE_STATE_AVAILABLE addr: name:) from android
06-25 18:27:20.079 281 326 E MesonHwc: getCrtc by id(0) failed.
06-25 18:27:20.079 281 326 V MesonDisplayServer: GetDisplayMode:
06-25 18:27:20.079 688 843 I AS.AudioDeviceInventory: handleDeviceConnection(true dev:400 address: name:)
06-25 18:27:20.079 688 843 I AS.AudioDeviceInventory: deviceKey:0x400:
06-25 18:27:20.079 302 309 I SystemControl: [/DisplayMode.cpp, getDisplayMode, 2331] getDisplayMode mode:
06-25 18:27:20.079 302 309 I SystemControl: [/Ubootenv.cpp, get, 336] [ubootenv] get key:hdmimode envValue: none
06-25 18:27:20.079 688 843 I AS.AudioDeviceInventory: deviceInfo:null is(already)Connected:false
06-25 18:27:20.079 302 309 I SystemControl: [/Ubootenv.cpp, get, 336] [ubootenv] get key:cvbsmode envValue: 576cvbs
06-25 18:27:20.079 302 309 I SystemControl: [/DisplayMode.cpp, getCommonData, 1542] hdmi_current_mode:, ubootenv hdmimode:none cvbsmode:576cvbs
06-25 18:27:20.080 281 326 E MesonHwc: getCrtc by id(0) failed.
06-25 18:27:20.080 281 326 D MesonDisplayServer: use connector getDisplayAttribute "HDMI Color ATTR": "rgb,8bit"
06-25 18:27:20.081 302 309 I SystemControl: [/Ubootenv.cpp, get, 345] [ubootenv] search end and not find env:user_colorattribute
06-25 18:27:20.081 302 309 I SystemControl: [/DisplayMode.cpp, getCommonData, 1554] hdmi_current_attr:rgb,8bit, ubootenv_colorattribute:none
06-25 18:27:20.081 302 309 I SystemControl: [/Ubootenv.cpp, get, 345] [ubootenv] search end and not find env:dv_enable
06-25 18:27:20.081 302 309 I SystemControl: [/DisplayMode.cpp, getCommonData, 1567] dv_enable:0
06-25 18:27:20.081 302 309 I SystemControl: [/Ubootenv.cpp, get, 345] [ubootenv] search end and not find env:user_prefer_dv_type
06-25 18:27:20.081 302 309 I SystemControl: [/DisplayMode.cpp, getCommonData, 1578] ubootenv_dv_type:0
06-25 18:27:20.081 302 309 I SystemControl: [/DisplayMode.cpp, getHdmiData, 1721] display sink type:1 [0:none, 1:sink, 2:repeater]
06-25 18:27:20.082 302 309 I SystemControl: [/DisplayMode.cpp, filterHdmiDispcap, 1398] before filtered HdmiDispcap: 480p60hz
06-25 18:27:20.082 302 309 I SystemControl: 720p60hz
06-25 18:27:20.082 302 309 I SystemControl: 1080i60hz
06-25 18:27:20.082 302 309 I SystemControl: 480i60hz
06-25 18:27:20.082 302 309 I SystemControl: 1080p60hz
06-25 18:27:20.082 302 309 I SystemControl: 576p50hz
06-25 18:27:20.082 302 309 I SystemControl: 720p50hz
06-25 18:27:20.082 302 309 I SystemControl: 1080i50hz
06-25 18:27:20.082 302 309 I SystemControl: 576i50hz
06-25 18:27:20.082 302 309 I SystemControl: 1080p50hz
06-25 18:27:20.082 302 309 I SystemControl: 1080p24hz
06-25 18:27:20.082 302 309 I SystemControl: 1080p30hz
06-25 18:27:20.082 302 309 I SystemControl: 2160p30hz
06-25 18:27:20.082 302 309 I SystemControl: 2160p25hz
06-25 18:27:20.082 302 309 I SystemControl: 2160p24hz
06-25 18:27:20.082 302 309 I SystemControl: smpte24hz
06-25 18:27:20.082 302 309 I SystemControl:
06-25 18:27:20.082 302 309 I SystemControl: [/DisplayMode.cpp, filterHdmiDispcap, 1427] after filtered HdmiDispcap: 480p60hz
06-25 18:27:20.082 302 309 I SystemControl: 720p60hz
06-25 18:27:20.082 302 309 I SystemControl: 1080i60hz
06-25 18:27:20.082 302 309 I SystemControl: 480i60hz
06-25 18:27:20.082 302 309 I SystemControl: 1080p60hz
06-25 18:27:20.082 302 309 I SystemControl: 576p50hz
06-25 18:27:20.082 302 309 I SystemControl: 720p50hz
06-25 18:27:20.082 302 309 I SystemControl: 1080i50hz
06-25 18:27:20.082 302 309 I SystemControl: 576i50hz
06-25 18:27:20.082 302 309 I SystemControl: 1080p50hz
06-25 18:27:20.082 302 309 I SystemControl: 1080p24hz
06-25 18:27:20.082 302 309 I SystemControl: 1080p30hz
06-25 18:27:20.082 302 309 I SystemControl: 2160p30hz
06-25 18:27:20.082 302 309 I SystemControl: 2160p25hz
06-25 18:27:20.082 302 309 I SystemControl: 2160p24hz
06-25 18:27:20.082 302 309 I SystemControl: smpte24hz
06-25 18:27:20.082 302 309 I SystemControl:
06-25 18:27:20.083 281 332 D MesonHwc: sc_read_bootenv val is empty
06-25 18:27:20.083 281 332 D MesonHwc: getConnectorType, get ubootenv.var.connector_type from uboot env, return (null)
06-25 18:27:20.083 281 332 D MesonHwc: getConnectorType-0 get connector type hdmi--65536
06-25 18:27:20.083 281 332 D MesonHwc: getConnectorCfg: get display 0, connector 11
06-25 18:27:20.083 281 332 E MesonHwc: FixedDisplayPipe::getConnectorCfg 11
06-25 18:27:20.083 281 332 D MesonHwc: HwcDisplayPipe::updatePipe (0) [CHANGED], crtc (0) connector (11)
06-25 18:27:20.083 281 332 D MesonHwc: HwcDisplayPipe::updatePipe 0 changed
06-25 18:27:20.083 281 332 D MesonHwc: ERR: PLEASE FIX NON-IMPLEMENT FUN(update).
06-25 18:27:20.084 281 332 D MesonHwc: DrmProperty: EDID (1), value [140]
06-25 18:27:20.084 281 332 D MesonHwc: DrmProperty: content type (77), value [0]
06-25 18:27:20.084 281 332 D MesonHwc: DrmProperty: vrr_capable (78), value [0]
06-25 18:27:20.084 281 332 D MesonHwc: DrmProperty: UPDATE (79), value [0]
06-25 18:27:20.084 281 332 D MesonHwc: DrmProperty: color_depth (80), value [8]
06-25 18:27:20.084 281 332 D MesonHwc: DrmProperty: color_space (81), value [0]
06-25 18:27:20.084 281 332 D MesonHwc: DrmProperty: MESON_DRM_HDMITX_PROP_AVMUTE (82), value [0]
06-25 18:27:20.084 688 791 E WiredAccessoryManager: No state change.
06-25 18:27:20.084 281 332 D MesonHwc: DrmProperty: hdmi_hdr_status (83), value [6]
06-25 18:27:20.084 281 332 D MesonHwc: DrmProperty: dv_cap (85), value [0]
06-25 18:27:20.084 281 332 D MesonHwc: DrmProperty: contenttype_cap (89), value [1]
06-25 18:27:20.084 454 454 I audio_hw_hal_primary: [adev_set_parameters:3856] dev:0xe7203270, kv: set_ARC_hdmi=updated_sad
06-25 18:27:20.084 281 332 D MesonHwc: DrmProperty: hdr_priority (91), value [0]
06-25 18:27:20.084 281 332 D MesonHwc: DrmProperty: ready (92), value [0]
06-25 18:27:20.084 281 332 D MesonHwc: DrmProperty: allm_cap (95), value [0]
06-25 18:27:20.084 454 454 D audio_hw_hal_hfp: [audio_extn_hfp_set_parameters:739] audio_extn_hfp_set_parameters
06-25 18:27:20.084 281 332 D MesonHwc: DrmProperty: dc_cap (96), value [1016]
06-25 18:27:20.086 281 332 E MesonHwc: dolby vision driver is not ready
06-25 18:27:20.080 3559 3559 I breathe : type=1400 audit(0.0:1411): avc: denied { ioctl } for path="/dev/spidev1.0" dev="tmpfs" ino=523 ioctlcmd=0x6b00 scontext=u:r:init:s0 tcontext=u:object_r:device:s0 tclass=chr_file permissive=1
06-25 18:27:20.087 281 332 I MesonHwc: hdr_preference (dolby_vision)
06-25 18:27:20.088 454 454 I audio_hw_hal_primary: [adev_set_device_connected_state_v7:8010] connected address:, num_descriptors:0, num_profiles:0
06-25 18:27:20.089 454 454 I audio_hw_hal_primary: [set_device_connect_state:3769] state:1, dev:OUT_HDMI(0x400), pre_out:0x80002, pre_in:0x4
06-25 18:27:20.089 454 454 D audio_hw_hal_resourcemgr: [set_output_device_avail:353] device:0x400 avail_out_devices:402 routed_out_devices:0x2
06-25 18:27:20.089 454 454 I audio_hw_hal_primary: [aml_audio_output_routing:3711] cur_devices:0x2 unmute_devices:0x400, mute_devices:0x2
06-25 18:27:20.089 454 454 I audio_hw_hal_primary: [aml_audio_outport_enable:3624] all: 0x80002, pre:0x2, mute device: OUT_SPEAKER
06-25 18:27:20.089 454 454 D audio_route: Apply path: speaker_off
06-25 18:27:20.089 454 454 D audio_hw_hal_resourcemgr: [do_output_device_routing:595] [RM] device:0x2 avail_out_devices:400 routed_out_device:0x0 is_force:0
06-25 18:27:20.089 454 454 I audio_hw_hal_primary: [aml_audio_outport_enable:3699] dev=0xe7203270 cur_out_device=0x0/
06-25 18:27:20.089 454 454 I audio_hw_hal_primary: [aml_audio_outport_enable:3624] all: 0x80002, pre:0, unmute device: OUT_HDMI
06-25 18:27:20.089 454 454 D audio_hw_hal_resourcemgr: [set_output_device_avail:353] device:0x400 avail_out_devices:400 routed_out_devices:0x0
06-25 18:27:20.089 454 454 D audio_route: Apply path: hdmi
06-25 18:27:20.092 454 454 D audio_hw_hal_resourcemgr: [do_output_device_routing:595] [ADD] device:0x400 avail_out_devices:400 routed_out_device:0x400 is_force:0
06-25 18:27:20.092 454 454 D audio_hw_hal_stream: update_sink_format_after_hotplug() active stream 0xe57c0850
06-25 18:27:20.092 454 454 D audio_hw_hal_profile: get_hdmi_sink_cap_new is running...
06-25 18:27:20.093 454 454 D audio_hw_hal_profile: query hdmi format...
06-25 18:27:20.093 454 454 D audio_hw_hal_profile: get_hdmi_sink_cap_new ddp is supported; ddp-joc(atmos) is unsupported;
06-25 18:27:20.093 454 454 I audio_hw_hal_profile: get_hdmi_sink_cap_new dts-hd vendor special byte3:0x1
06-25 18:27:20.093 454 454 I audio_hw_hal_profile: PCM cap Max channel =2
06-25 18:27:20.093 454 454 I audio_hw_hal_stream: get_sink_capability mbox+dvb case sink_capability = 0xa000000
06-25 18:27:20.093 454 454 I audio_hw_hal_stream: force ddp out =0
06-25 18:27:20.093 454 454 D audio_hw_hal_profile: get_hdmi_sink_cap_new is running...
06-25 18:27:20.093 454 454 D audio_hw_hal_profile: query hdmi format...
06-25 18:27:20.093 454 454 D audio_hw_hal_profile: get_hdmi_sink_cap_new ddp is supported; ddp-joc(atmos) is unsupported;
06-25 18:27:20.093 454 454 I audio_hw_hal_profile: get_hdmi_sink_cap_new dts-hd vendor special byte3:0x1
06-25 18:27:20.093 454 454 I audio_hw_hal_profile: PCM cap Max channel =2
06-25 18:27:20.093 454 454 I audio_hw_hal_stream: [get_sink_dts_capability:213] mbox+dvb case sink_capability: DTS_HD(0xc000000)
06-25 18:27:20.093 454 454 D audio_hw_hal_profile: get_hdmi_sink_cap_new is running...
06-25 18:27:20.093 454 454 D audio_hw_hal_profile: query hdmi format...
06-25 18:27:20.093 454 454 D audio_hw_hal_profile: get_hdmi_sink_cap_new ddp is supported; ddp-joc(atmos) is unsupported;
06-25 18:27:20.093 454 454 I audio_hw_hal_profile: get_hdmi_sink_cap_new dts-hd vendor special byte3:0x1
06-25 18:27:20.093 454 454 I audio_hw_hal_profile: PCM cap Max channel =2
06-25 18:27:20.093 454 454 I audio_hw_hal_stream: [get_sink_mpegh_capability:246] mbox+dvb case sink_capability: PCM_16_BIT(0x1)
06-25 18:27:20.093 454 454 D audio_hw_hal_profile: get_hdmi_sink_cap_new is running...
06-25 18:27:20.093 454 454 D audio_hw_hal_profile: [get_hdmi_sink_cap_new:967] query hdmi sample_rate... format: PCM_16_BIT(0x1)
06-25 18:27:20.093 454 454 I audio_hw_hal_profile: get_hdmi_sink_cap_new format =0x1 support rate =sup_sampling_rates=32000|44100|48000|88200|96000|176400|192000
06-25 18:27:20.093 454 454 I audio_hw_hal_stream: pcm_fmt support sample_rate_mask:0x7f
06-25 18:27:20.093 454 454 I audio_hw_hal_stream: get_sink_dv_capability : /sys/class/amhdmitx/amhdmitx0/hdmi_hdr_status = SDR
06-25 18:27:20.093 454 454 I audio_hw_hal_stream: get_sink_dv_capability : dv enable 0
06-25 18:27:20.093 454 454 I audio_hw_hal_stream: [get_sink_format:450] out:0xe57c0850 out devices:0x80002 cur_out_devices:0 format:PCM_16_BIT(0x1) digital_mode(PCM) sink cap:E_AC3(0xa000000)
06-25 18:27:20.093 454 454 I audio_hw_hal_stream: get_sink_format() HDMI ARC or mbox + dvb case
06-25 18:27:20.093 454 454 I audio_hw_hal_stream: [get_sink_format:649] sink_format:PCM_16_BIT(0x1) max channel:2 optical_format:PCM_16_BIT(0x1) dual_output 0
06-25 18:27:20.093 454 454 I audio_hw_hal_ms12common: audiohal_send_msg_2_ms12 mesg_type:MS12_MESG_TYPE_RESET_MS12_ENCODER entry
06-25 18:27:20.094 454 454 I audio_hw_hal_ms12common: audiohal_send_msg_2_ms12 mesg_type:MS12_MESG_TYPE_RESET_MS12_ENCODER exit
06-25 18:27:20.094 454 454 I audio_hw_hal_primary: [aml_audio_outport_enable:3699] dev=0xe7203270 cur_out_device=0x400/HDMI,
06-25 18:27:20.094 454 644 D audio_hw_hal_ms12common: ms12_message_threadloop(), msg type: MS12_MESG_TYPE_RESET_MS12_ENCODER
06-25 18:27:20.094 454 454 D audio_hw_hal_stream: update_sink_format_after_hotplug() active stream 0xe57c0850
06-25 18:27:20.094 454 644 I audio_hw_hal_ms12v2: +dolby_ms12_encoder_reconfig()
06-25 18:27:20.094 454 454 D audio_hw_hal_profile: get_hdmi_sink_cap_new is running...
06-25 18:27:20.094 454 644 D libdolbyms12: mch_enable 0
06-25 18:27:20.094 454 644 D audio_hw_hal_continuous_standby: audio_continuous_standby_set, type 1, params 8
06-25 18:27:20.094 454 454 D audio_hw_hal_profile: query hdmi format...
06-25 18:27:20.094 454 644 D audio_hw_hal_ms12common: ms12_message_threadloop mesg_list is empty, loop waiting......
06-25 18:27:20.094 454 454 D audio_hw_hal_profile: get_hdmi_sink_cap_new ddp is supported; ddp-joc(atmos) is unsupported;
06-25 18:27:20.094 454 454 I audio_hw_hal_profile: get_hdmi_sink_cap_new dts-hd vendor special byte3:0x1
06-25 18:27:20.094 454 454 I audio_hw_hal_profile: PCM cap Max channel =2
06-25 18:27:20.094 454 454 I audio_hw_hal_stream: get_sink_capability mbox+dvb case sink_capability = 0xa000000
06-25 18:27:20.094 454 454 I audio_hw_hal_stream: force ddp out =0
06-25 18:27:20.094 454 454 D audio_hw_hal_profile: get_hdmi_sink_cap_new is running...
06-25 18:27:20.094 454 646 D libdolbyms12: set runtime mch_enable 0
06-25 18:27:20.094 454 454 D audio_hw_hal_profile: query hdmi format...
06-25 18:27:20.094 454 454 D audio_hw_hal_profile: get_hdmi_sink_cap_new ddp is supported; ddp-joc(atmos) is unsupported;
06-25 18:27:20.094 454 454 I audio_hw_hal_profile: get_hdmi_sink_cap_new dts-hd vendor special byte3:0x1
06-25 18:27:20.094 454 454 I audio_hw_hal_profile: PCM cap Max channel =2
06-25 18:27:20.094 454 454 I audio_hw_hal_stream: [get_sink_dts_capability:213] mbox+dvb case sink_capability: DTS_HD(0xc000000)
06-25 18:27:20.094 454 454 D audio_hw_hal_profile: get_hdmi_sink_cap_new is running...
06-25 18:27:20.094 454 454 D audio_hw_hal_profile: query hdmi format...
06-25 18:27:20.094 454 454 D audio_hw_hal_profile: get_hdmi_sink_cap_new ddp is supported; ddp-joc(atmos) is unsupported;
06-25 18:27:20.094 454 454 I audio_hw_hal_profile: get_hdmi_sink_cap_new dts-hd vendor special byte3:0x1
06-25 18:27:20.094 454 454 I audio_hw_hal_profile: PCM cap Max channel =2
06-25 18:27:20.094 454 454 I audio_hw_hal_stream: [get_sink_mpegh_capability:246] mbox+dvb case sink_capability: PCM_16_BIT(0x1)
06-25 18:27:20.094 454 454 D audio_hw_hal_profile: get_hdmi_sink_cap_new is running...
06-25 18:27:20.094 454 454 D audio_hw_hal_profile: [get_hdmi_sink_cap_new:967] query hdmi sample_rate... format: PCM_16_BIT(0x1)
06-25 18:27:20.094 454 454 I audio_hw_hal_profile: get_hdmi_sink_cap_new format =0x1 support rate =sup_sampling_rates=32000|44100|48000|88200|96000|176400|192000
06-25 18:27:20.094 454 454 I audio_hw_hal_stream: pcm_fmt support sample_rate_mask:0x7f
06-25 18:27:20.094 454 454 I audio_hw_hal_stream: get_sink_dv_capability : /sys/class/amhdmitx/amhdmitx0/hdmi_hdr_status = SDR
06-25 18:27:20.094 454 454 I audio_hw_hal_stream: get_sink_dv_capability : dv enable 0
06-25 18:27:20.094 454 454 I audio_hw_hal_stream: [get_sink_format:450] out:0xe57c0850 out devices:0x80002 cur_out_devices:0x400 format:PCM_16_BIT(0x1) digital_mode(PCM) sink cap:E_AC3(0xa000000)
06-25 18:27:20.094 454 454 I audio_hw_hal_stream: get_sink_format() HDMI ARC or mbox + dvb case
06-25 18:27:20.094 454 454 I audio_hw_hal_stream: [get_sink_format:649] sink_format:PCM_16_BIT(0x1) max channel:2 optical_format:PCM_16_BIT(0x1) dual_output 0
06-25 18:27:20.094 454 454 I audio_hw_hal_ms12common: audiohal_send_msg_2_ms12 mesg_type:MS12_MESG_TYPE_RESET_MS12_ENCODER entry
06-25 18:27:20.094 454 454 I audio_hw_hal_ms12common: audiohal_send_msg_2_ms12 mesg_type:MS12_MESG_TYPE_RESET_MS12_ENCODER exit
06-25 18:27:20.094 454 644 D audio_hw_hal_ms12common: ms12_message_threadloop(), msg type: MS12_MESG_TYPE_RESET_MS12_ENCODER
06-25 18:27:20.094 454 454 D audio_hw_hal_ms12v2: set_dolby_ms12_continuous_state audio_continuous_standby_set status 0
06-25 18:27:20.094 454 644 I audio_hw_hal_ms12v2: +dolby_ms12_encoder_reconfig()
06-25 18:27:20.094 454 454 D audio_hw_hal_continuous_standby: audio_continuous_standby_set, type 0, params 0
06-25 18:27:20.094 454 454 I audio_hw_hal_ms12common: aml_set_ms12_scheduler_state ms12_scheduler_state:0, sch_state:0 SCHEDULER_RUNNING is sent to ms12
06-25 18:27:20.095 454 644 D libdolbyms12: mch_enable 0
06-25 18:27:20.095 454 644 D audio_hw_hal_continuous_standby: audio_continuous_standby_set, type 1, params 8
06-25 18:27:20.095 454 644 D audio_hw_hal_ms12common: ms12_message_threadloop mesg_list is empty, loop waiting......
06-25 18:27:20.096 454 646 D libdolbyms12: set runtime mch_enable 0
06-25 18:27:20.097 454 507 W DeviceHAL: Error from HAL Device in function get_audio_port_v7: Function not implemented
06-25 18:27:20.102 0 0 I [3 T454 ..] [hdmitx: ] hdmitx21_audio_mute_op: AUD_UNMUTE path=0x8000000
06-25 18:27:20.102 0 0 I [3 T454 ..] [hdmitx: ] audio state: AUDIO_UNMUTE
06-25 18:27:20.103 0 0 I [3 T454 ..] [hdmitx: ] hdmitx21_ext_set_audio_output enable:1
06-25 18:27:20.098 497 497 I AudioFlinger: openOutput() this 0xf40872d0, module 10 Device AUDIO_DEVICE_OUT_HDMI, @:, SamplingRate 32000, Format 0x000001, Channels 0x1, flags 0x41
06-25 18:27:20.098 454 664 D audio_hw_hal_primary: [adev_open_output_stream_new:7205] enter: dev=0xe7203270 handle=55 devices=0x400/'HDMI,' flags=0x41/'DIRECT,HW_AV_SYNC,' config=(rt=32000 ch_mask=0x1 fmt=0x1) address=''
06-25 18:27:20.098 454 664 D audio_hw_hal_primary: adev_open_output_stream_new: enter
06-25 18:27:20.098 454 664 I audio_hw_hal_primary: [adev_open_output_stream:3011] io 85: out:0xe57c2110 dev:OUT_HDMI(0x400) addr:
06-25 18:27:20.098 454 664 I audio_hw_hal_primary: [adev_open_output_stream:3013] ch_mask:0x1 rate:32000 format:PCM_16_BIT(0x1) flags:0x41
06-25 18:27:20.098 454 664 I audio_hw_utils_speed: aml_audio_speed_init_start_ts
06-25 18:27:20.098 454 664 I audio_hw_utils_speed: aml_audio_speed_clear_start_ts
06-25 18:27:20.098 454 664 I audio_hw_hal_primary: [adev_open_output_stream:3333] result profile ch_mask:0x1 rate:32000 format:PCM_16_BIT(0x1) streamType:PCM_HWSYNC
06-25 18:27:20.099 454 664 D audio_hw_hal_timer: func:audio_timer_create create timer.1 success.
06-25 18:27:20.099 454 664 D audio_hw_hal_timer: func:audio_timer_create create timer.2 success.
06-25 18:27:20.099 454 664 D audio_hw_hal_primary: [adev_open_output_stream_new:7306] timer_id:1
06-25 18:27:20.099 454 664 I audio_hw_hal_utils: aml_get_stream_dump_file_name line 3052 file_name /data/vendor/audiohal/output_stream_in.pcm
06-25 18:27:20.099 454 664 I aml_volume_shaper: [aml_volume_shaper_init:412] volume_shaper 0xe57c2850 done !
06-25 18:27:20.099 454 664 I audio_hw_hal_streamMgr: [aml_stream_register:408] mutexLock list_empty:0, pStreamInfos:0xe8705e50 lNode:0xe8705e50 pStream:0xe57c2110 aml_out:0xe57c2110, streamCount:3
06-25 18:27:20.099 454 664 I audio_hw_hal_primary: [adev_open_output_stream_new:7399] io 85: out: 0xe57c2110 card:0 alsa devices:0 exit ------
06-25 18:27:20.101 281 332 E MesonHwc: dolby vision driver is not ready
06-25 18:27:20.102 454 3692 I audio_hw_hal_primary: [out_get_buffer_size:510] out:0xe57c2110 config.rate=32000, format:PCM_16_BIT(0x1), stream format:PCM_16_BIT(0x1)
06-25 18:27:20.104 497 497 I AudioFlinger: HAL output buffer size 2068 frames, normal sink buffer size 2068 frames
06-25 18:27:20.119 0 0 I [3 T332 ..] vc: [0]get capability: min 64 64; max 4096 2160
06-25 18:27:20.119 0 0 I [3 T332 ..] vc: [1]get capability: min 64 64; max 2048 1080
06-25 18:27:20.108 302 302 I systemcontrol: type=1400 audit(0.0:1412): avc: denied { call } for scontext=u:r:system_control:s0 tcontext=u:r:hal_power_default:s0 tclass=binder permissive=1
06-25 18:27:20.105 281 332 D MesonHwc: dolby version:0, dv3:0, hlg:1, hdr10:1, hdr10+:0 max:0, avg:0, min:0
06-25 18:27:20.106 281 332 D MesonHwc: dolby version 4k30:0
06-25 18:27:20.106 281 332 D MesonHwc: Connector HDMI-A loadDisplayModes get 16 modes
06-25 18:27:20.106 281 332 D MesonHwc: add fraction display mode (1080p60hz)
06-25 18:27:20.106 281 332 I MesonHwc: add display mode (1080p60hz-1080p60hz-122, 1920x1080, 60.000000) dpi(42406,42203), hskew(1)
06-25 18:27:20.106 281 332 D MesonHwc: add fraction display mode (smpte24hz)
06-25 18:27:20.106 281 332 I MesonHwc: add display mode (smpte24hz-smpte24hz-123, 4096x2160, 24.000000) dpi(90468,84406), hskew(1)
06-25 18:27:20.106 281 332 D MesonHwc: add fraction display mode (2160p30hz)
06-25 18:27:20.106 281 332 I MesonHwc: add display mode (2160p30hz-2160p30hz-125, 3840x2160, 30.000000) dpi(84813,84406), hskew(1)
06-25 18:27:20.106 281 332 I MesonHwc: add display mode (2160p25hz-2160p25hz-126, 3840x2160, 25.000000) dpi(84813,84406), hskew(1)
06-25 18:27:20.106 281 332 D MesonHwc: add fraction display mode (2160p24hz)
06-25 18:27:20.106 281 332 I MesonHwc: add display mode (2160p24hz-2160p24hz-127, 3840x2160, 24.000000) dpi(84813,84406), hskew(1)
06-25 18:27:20.106 281 332 D MesonHwc: add fraction display mode (1080i60hz)
06-25 18:27:20.106 281 332 I MesonHwc: add display mode (1080i60hz-1080i60hz-128, 1920x1080, 60.000000) dpi(42406,42203), hskew(1)
06-25 18:27:20.106 281 332 I MesonHwc: add display mode (1080p50hz-1080p50hz-129, 1920x1080, 50.000000) dpi(42406,42203), hskew(1)
06-25 18:27:20.106 281 332 I MesonHwc: add display mode (1080i50hz-1080i50hz-130, 1920x1080, 50.000000) dpi(42406,42203), hskew(1)
06-25 18:27:20.106 281 332 D MesonHwc: add fraction display mode (1080p30hz)
06-25 18:27:20.106 281 332 I MesonHwc: add display mode (1080p30hz-1080p30hz-131, 1920x1080, 30.000000) dpi(42406,42203), hskew(1)
06-25 18:27:20.106 281 332 D MesonHwc: add fraction display mode (1080p24hz)
06-25 18:27:20.106 281 332 I MesonHwc: add display mode (1080p24hz-1080p24hz-132, 1920x1080, 24.000000) dpi(42406,42203), hskew(1)
06-25 18:27:20.106 281 332 D MesonHwc: add fraction display mode (720p60hz)
06-25 18:27:20.106 281 332 I MesonHwc: add display mode (720p60hz-720p60hz-133, 1280x720, 60.000000) dpi(28271,28135), hskew(1)
06-25 18:27:20.106 281 332 I MesonHwc: add display mode (720p50hz-720p50hz-134, 1280x720, 50.000000) dpi(28271,28135), hskew(1)
06-25 18:27:20.106 281 332 I MesonHwc: add display mode (576p50hz-576p50hz-135, 720x576, 50.000000) dpi(15902,22508), hskew(1)
06-25 18:27:20.106 281 332 I MesonHwc: add display mode (576i50hz-576i50hz-136, 720x576, 50.000000) dpi(15902,22508), hskew(1)
06-25 18:27:20.106 281 332 D MesonHwc: add fraction display mode (480p60hz)
06-25 18:27:20.106 281 332 I MesonHwc: add display mode (480p60hz-480p60hz-137, 720x480, 60.000000) dpi(15902,18756), hskew(1)
06-25 18:27:20.106 281 332 D MesonHwc: add fraction display mode (480i60hz)
06-25 18:27:20.106 281 332 I MesonHwc: add display mode (480i60hz-480i60hz-138, 720x480, 60.000000) dpi(15902,18756), hskew(1)
06-25 18:27:20.106 281 332 I MesonHwc: loadDisplayModes (26) end
06-25 18:27:20.107 281 332 D MesonHwc: unbind pipe (0)
06-25 18:27:20.107 281 332 D MesonHwc: bind pipe (0),crtc(63)connector(75)
06-25 18:27:20.107 281 332 D MesonHwc: RealModeMgr::update: nextModeId:2
06-25 18:27:20.107 454 3692 I audio_hw_hal_primary: [audiohal_get_latency:1036] io 85: out:0xe57c2110 frames:1152 rate:32000 whole_latency:36 alsa_latency:36
06-25 18:27:20.107 281 332 D MesonHwc: RealModeMgr::update get current mode:576cvbs
06-25 18:27:20.107 281 332 D MesonHwc: RealModeMgr::update use previous mode (1280x720-50.00)
06-25 18:27:20.107 281 332 D MesonHwc: updatePipe connector:HDMI-A, connected:1
06-25 18:27:20.107 281 332 I MesonHwc: HwcConfig::default frame buffer size (1920 x 1080)
06-25 18:27:20.107 281 326 D MesonDisplayServer: getDisplayAttribute "Dolby Vision CAP2": "The Rx don't support DolbyVision"
06-25 18:27:20.107 454 454 I audio_hw_hal_primary: [out_set_event_callback:2889] io 85: out:0xe57c2110, callback:0xe78379ed cookie:0xe80c0f10
06-25 18:27:20.108 454 454 I audio_hw_hal_primary: [audiohal_get_latency:1036] io 85: out:0xe57c2110 frames:1152 rate:32000 whole_latency:36 alsa_latency:36
06-25 18:27:20.108 281 332 D MesonHwc: Update composition MultiplanesWithDiComposition -> MultiplanesWithDiComposition
06-25 18:27:20.108 281 332 D MesonHwc: [setPendingMode] pending modes vector empty
06-25 18:27:20.108 281 332 D MesonHwc: displayID:0, On hot plug: [Plug in]
06-25 18:27:20.108 281 332 D MesonHwc: ModePolicy handle hotplug:1
06-25 18:27:20.108 281 332 V MesonDisplayServer: GetDisplayMode:576cvbs
06-25 18:27:20.108 302 309 E SystemControl: [/DisplayMode.cpp, getHdmiDvCap, 1618] TV isn't support dolby vision: The Rx don't support DolbyVision
06-25 18:27:20.108 281 332 I MesonHwc: getDisplayMode mode:576cvbs
06-25 18:27:20.108 302 309 I SystemControl: [/DisplayMode.cpp, onTxEvent, 3294] onTxEvent boot config enable do nothing, just return
06-25 18:27:20.108 454 3692 I audio_hw_hal_primary: [audiohal_get_latency:1036] io 85: out:0xe57c2110 frames:1152 rate:32000 whole_latency:36 alsa_latency:36
06-25 18:27:20.108 302 309 I SystemControl: [/UEventObserver.cpp, HDMITxUenventThreadLoop, 451] HDMI TX switch_name:hdmitx_audio, switch_state: 1
06-25 18:27:20.108 302 309 I SystemControl: [/DisplayMode.cpp, onTxEvent, 3267] onTxEvent switchName:hdmitx_audio hpdstate:1 state: 1
06-25 18:27:20.108 302 309 I SystemControl: [/SysWrite.cpp, getKernelReleaseVersion, 701] getKernelReleaseVersion: 5.15
06-25 18:27:20.108 302 309 I SystemControl: [/SystemControlHal.cpp, onEvent, 72] onEvent event:5, client size:5
06-25 18:27:20.109 302 337 I SystemControl: [/Ubootenv.cpp, get, 336] [ubootenv] get key:hdr_preferred_policy envValue: 0
06-25 18:27:20.109 462 480 I SystemControlClient: notifyCallback event type:5
06-25 18:27:20.109 462 480 I SystemControlClient: notifyCallback: listener is NULL.
06-25 18:27:20.110 461 484 I SystemControlClient: notifyCallback event type:5
06-25 18:27:20.110 461 484 I SystemControlClient: notifyCallback: listener is NULL.
06-25 18:27:20.110 302 309 I SystemControl: [/UEventObserver.cpp, HDMITxUenventThreadLoop, 451] HDMI TX switch_name:hdmitx_current_status, switch_state: 8
06-25 18:27:20.110 229 771 I SystemControlClient: notifyCallback event type:5
06-25 18:27:20.110 229 771 I SystemControlClient: notifyCallback: listener is NULL.
06-25 18:27:20.111 454 646 I audio_hw_hal_ms12v2: ms12_output_master reset hdmitx
06-25 18:27:20.112 460 1030 I SystemControlClient: notifyCallback event type:5
06-25 18:27:20.112 460 1030 I SystemControlClient: notifyCallback: listener is NULL.
06-25 18:27:20.111 1032 1100 I SystemControlEvent: system control callback event: 5
06-25 18:27:20.113 281 332 D MesonHwc: get key:ubootenv.var.hdr_preferred_policy value:0
06-25 18:27:20.113 281 332 I MesonHwc: getPreferredHdrStrategy is 0
06-25 18:27:20.108 302 302 I systemcontrol: type=1400 audit(0.0:1413): avc: denied { call } for scontext=u:r:system_control:s0 tcontext=u:r:hal_oemlock_default:s0 tclass=binder permissive=1
06-25 18:27:20.114 497 3695 I AudioFlinger: AudioFlinger's thread 0xee300010 tid=3695 ready to run
06-25 18:27:20.114 497 3695 D AudioFlinger: ro.audio.silent is ignored since no output device is set
06-25 18:27:20.116 302 337 I SystemControl: [/Ubootenv.cpp, get, 336] [ubootenv] get key:user_hdr_type envValue: 3
06-25 18:27:20.108 302 302 I systemcontrol: type=1400 audit(0.0:1414): avc: denied { call } for scontext=u:r:system_control:s0 tcontext=u:r:mediacodec:s0 tclass=binder permissive=1
06-25 18:27:20.116 281 332 D MesonHwc: get key:ubootenv.var.user_hdr_type value:3
06-25 18:27:20.116 281 332 D MesonHwc: allowedHdrType 0x3
06-25 18:27:20.116 281 332 D MesonDisplayServer: getDisplayAttribute "Dolby Vision CAP2": "The Rx don't support DolbyVision"
06-25 18:27:20.116 454 3692 D audio_hw_hal_primary: [out_standby_new:5484] io 85: out:0xe57c2110 streamType:PCM_HWSYNC
06-25 18:27:20.116 454 3692 I audio_hw_hal_primary: already standby, do nothing
06-25 18:27:20.116 281 332 D MesonHwc: hdr_policy:follow sink hdr_priority:HDR10_HLG priority outHdrConversionType:2
06-25 18:27:20.116 281 332 D MesonHwc: set key:ubootenv.var.hdr_policy value:0
06-25 18:27:20.116 302 337 I SystemControl: [/Ubootenv.cpp, updateValue, 68] [ubootenv] update value name [ubootenv.var.hdr_policy]: value [0]
06-25 18:27:20.117 497 3695 D AudioFlinger: ro.audio.silent is ignored since no output device is set
06-25 18:27:20.119 497 3695 D AudioFlinger: ro.audio.silent is ignored since no output device is set
06-25 18:27:20.119 497 3695 D AudioFlinger: ro.audio.silent is ignored since no output device is set
