06-20 13:36:13.092 587 587 I wificond: 2.4Ghz frequencies: 2412 2417 2422 2427 2432 2437 2442 2447 2452 2457 2462 2467 2472
06-20 13:36:13.092 587 587 I wificond: 5Ghz non-DFS frequencies: 5745 5765 5785 5805 5825
06-20 13:36:13.092 587 587 I wificond: 5Ghz DFS frequencies: 5180 5200 5220 5240 5260 5280 5300 5320
06-20 13:36:13.092 587 587 I wificond: 6Ghz frequencies:
06-20 13:36:13.092 587 587 I wificond: 60Ghz frequencies:
06-20 13:36:13.110 587 587 I wificond: Receive notifyCountryCodeChanged
06-20 13:36:13.110 587 587 I wificond: UpdateBandInfo
06-20 13:36:13.115 587 587 I wificond: 2.4Ghz frequencies: 2412 2417 2422 2427 2432 2437 2442 2447 2452 2457 2462 2467 2472
06-20 13:36:13.115 587 587 I wificond: 5Ghz non-DFS frequencies: 5745 5765 5785 5805 5825
06-20 13:36:13.115 587 587 I wificond: 5Ghz DFS frequencies: 5180 5200 5220 5240 5260 5280 5300 5320
06-20 13:36:13.115 587 587 I wificond: 6Ghz frequencies:
06-20 13:36:13.115 587 587 I wificond: 60Ghz frequencies:
06-20 13:36:13.122 688 688 D CompatibilityChangeReporter: Compat change id reported: 135634846; UID 1073; state: DISABLED
06-20 13:36:13.150 688 688 V SystemServerTiming: StartNetworkStack took to complete: 71ms
06-20 13:36:13.150 688 688 D SystemServerTiming: StartTethering
06-20 13:36:13.160 688 720 I ActivityManager: Start proc 979:com.android.networkstack.process/1073 for service {com.android.networkstack/com.android.server.NetworkStackService}
06-20 13:36:13.180 688 688 V SystemServerTiming: StartTethering took to complete: 30ms
06-20 13:36:13.180 688 688 D SystemServerTiming: MakeCountryDetectionServiceReady
06-20 13:36:13.180 688 688 V SystemServerTiming: MakeCountryDetectionServiceReady took to complete: 0ms
06-20 13:36:13.180 688 688 D SystemServerTiming: MakeNetworkTimeUpdateReady
06-20 13:36:13.186 688 688 V SystemServerTiming: MakeNetworkTimeUpdateReady took to complete: 7ms
06-20 13:36:13.187 688 688 D SystemServerTiming: MakeInputManagerServiceReady
06-20 13:36:13.207 907 907 V WindowManagerShell: Adding init callback for DisplayChangeController
06-20 13:36:13.207 907 907 V WindowManagerShell: Adding init callback for DisplayController
06-20 13:36:13.207 907 907 V WindowManagerShell: Adding init callback for DisplayInsetsController
06-20 13:36:13.207 907 907 V WindowManagerShell: Adding init callback for DisplayImeController
06-20 13:36:13.215 907 907 V WindowManagerShell: Adding init callback for ShellController
06-20 13:36:13.218 907 907 V WindowManagerShell: Adding init callback for DragAndDropController
06-20 13:36:13.235 0 0 I [1 T216 ..] servicemanager: Could not find android.hardware.input.processor.IInputProcessor/default in the VINTF manifest.
06-20 13:36:13.236 0 0 W : [1 T954 ..] [aml_android_priv_ioctl 128] vif idx=0 cmd=SETSUSPENDMODE 1
06-20 13:36:13.237 0 0 W : [1 T954 ..] [aml_android_set_suspend_mode 77] set google_cast 1
06-20 13:36:13.255 907 907 V WindowManagerShell: Adding init callback for CompatUIController
06-20 13:36:13.255 688 963 D GameManagerService: User ID '0' does not have a Game Mode selected for package: 'com.android.networkstack'
06-20 13:36:13.260 688 963 D CompatibilityChangeReporter: Compat change id reported: 168419799; UID 1073; state: DISABLED
06-20 13:36:13.261 688 963 D CompatibilityChangeReporter: Compat change id reported: 273564678; UID 1073; state: DISABLED
06-20 13:36:13.269 688 763 D CompatibilityChangeReporter: Compat change id reported: 265195908; UID 1073; state: ENABLED
06-20 13:36:13.270 907 907 V WindowManagerShell: Adding init callback for ShellTaskOrganizer
06-20 13:36:13.306 688 963 W ActivityManager: Slow operation: 52ms so far, now at attachApplicationLocked: after updateOomAdjLocked
06-20 13:36:13.311 688 688 V SystemServerTiming: MakeInputManagerServiceReady took to complete: 124ms
06-20 13:36:13.311 688 688 D SystemServerTiming: MakeTelephonyRegistryReady
06-20 13:36:13.311 688 688 V SystemServerTiming: MakeTelephonyRegistryReady took to complete: 1ms
06-20 13:36:13.311 688 688 D SystemServerTiming: MakeMediaRouterServiceReady
06-20 13:36:13.339 907 907 V WindowManagerShell: Adding init callback for DefaultTransitionHandler
06-20 13:36:13.340 907 907 V WindowManagerShell: addHandler: Default
06-20 13:36:13.340 907 907 V WindowManagerShell: addHandler: Remote
06-20 13:36:13.340 907 907 V WindowManagerShell: Adding init callback for Transitions
06-20 13:36:13.347 688 688 I MR2ServiceImpl: switchUser | user: 0
06-20 13:36:13.347 688 688 V SystemServerTiming: MakeMediaRouterServiceReady took to complete: 36ms
06-20 13:36:13.347 688 688 D SystemServerTiming: IncidentDaemonReady
06-20 13:36:13.350 907 907 V WindowManagerShell: Adding init callback for FullscreenTaskListener
06-20 13:36:13.351 688 688 V SystemServerTiming: IncidentDaemonReady took to complete: 3ms
06-20 13:36:13.351 688 688 D SystemServerTiming: MakeIncrementalServiceReady
06-20 13:36:13.351 688 688 V SystemServerTiming: MakeIncrementalServiceReady took to complete: 0ms
06-20 13:36:13.351 688 688 D SystemServerTiming: OdsignStatsLogger
06-20 13:36:13.351 688 688 V SystemServerTiming: OdsignStatsLogger took to complete: 0ms
06-20 13:36:13.351 688 688 D SystemServerTiming: getCurrentUser
06-20 13:36:13.351 688 688 I ActivityManager: Current user:0
06-20 13:36:13.351 688 688 V SystemServerTiming: getCurrentUser took to complete: 0ms
06-20 13:36:13.351 688 688 D SystemServerTiming: ActivityManagerStartApps
06-20 13:36:13.354 688 688 D SystemServerTimingAsync: ssm.StartUser-0
06-20 13:36:13.357 688 688 I SystemServiceManager: Calling onStartUser 0
06-20 13:36:13.358 688 688 D SystemServerTimingAsync: ssm.onStartUser-0_com.android.server.security.FileIntegrityService
06-20 13:36:13.358 688 688 V SystemServerTimingAsync: ssm.onStartUser-0_com.android.server.security.FileIntegrityService took to complete: 0ms
06-20 13:36:13.358 688 688 D SystemServerTimingAsync: ssm.onStartUser-0_com.android.server.pm.Installer
06-20 13:36:13.358 688 688 V SystemServerTimingAsync: ssm.onStartUser-0_com.android.server.pm.Installer took to complete: 0ms
06-20 13:36:13.358 688 688 D SystemServerTimingAsync: ssm.onStartUser-0_com.android.server.os.DeviceIdentifiersPolicyService
06-20 13:36:13.358 688 688 V SystemServerTimingAsync: ssm.onStartUser-0_com.android.server.os.DeviceIdentifiersPolicyService took to complete: 0ms
06-20 13:36:13.358 688 688 D SystemServerTimingAsync: ssm.onStartUser-0_com.android.server.flags.FeatureFlagsService
06-20 13:36:13.358 688 688 V SystemServerTimingAsync: ssm.onStartUser-0_com.android.server.flags.FeatureFlagsService took to complete: 0ms
06-20 13:36:13.358 688 688 D SystemServerTimingAsync: ssm.onStartUser-0_com.android.server.uri.UriGrantsManagerService$Lifecycle
06-20 13:36:13.358 688 688 V SystemServerTimingAsync: ssm.onStartUser-0_com.android.server.uri.UriGrantsManagerService$Lifecycle took to complete: 0ms
06-20 13:36:13.358 688 688 D SystemServerTimingAsync: ssm.onStartUser-0_com.android.server.powerstats.PowerStatsService
06-20 13:36:13.358 688 688 V SystemServerTimingAsync: ssm.onStartUser-0_com.android.server.powerstats.PowerStatsService took to complete: 0ms
06-20 13:36:13.358 688 688 D SystemServerTimingAsync: ssm.onStartUser-0_com.android.server.permission.access.AccessCheckingService
06-20 13:36:13.358 688 688 V SystemServerTimingAsync: ssm.onStartUser-0_com.android.server.permission.access.AccessCheckingService took to complete: 0ms
06-20 13:36:13.358 688 688 D SystemServerTimingAsync: ssm.onStartUser-0_com.android.server.wm.ActivityTaskManagerService$Lifecycle
06-20 13:36:13.358 688 688 V SystemServerTimingAsync: ssm.onStartUser-0_com.android.server.wm.ActivityTaskManagerService$Lifecycle took to complete: 1ms
06-20 13:36:13.358 688 688 D SystemServerTimingAsync: ssm.onStartUser-0_com.android.server.am.ActivityManagerService$Lifecycle
06-20 13:36:13.358 688 688 V SystemServerTimingAsync: ssm.onStartUser-0_com.android.server.am.ActivityManagerService$Lifecycle took to complete: 0ms
06-20 13:36:13.358 688 688 D SystemServerTimingAsync: ssm.onStartUser-0_com.android.server.pm.DataLoaderManagerService
06-20 13:36:13.358 688 688 V SystemServerTimingAsync: ssm.onStartUser-0_com.android.server.pm.DataLoaderManagerService took to complete: 0ms
06-20 13:36:13.358 688 688 D SystemServerTimingAsync: ssm.onStartUser-0_com.android.server.power.PowerManagerService
06-20 13:36:13.358 688 688 V SystemServerTimingAsync: ssm.onStartUser-0_com.android.server.power.PowerManagerService took to complete: 0ms
06-20 13:36:13.358 688 688 D SystemServerTimingAsync: ssm.onStartUser-0_com.android.server.power.ThermalManagerService
06-20 13:36:13.358 688 688 V SystemServerTimingAsync: ssm.onStartUser-0_com.android.server.power.ThermalManagerService took to complete: 0ms
06-20 13:36:13.358 688 688 D SystemServerTimingAsync: ssm.onStartUser-0_com.android.server.power.hint.HintManagerService
06-20 13:36:13.358 688 688 V SystemServerTimingAsync: ssm.onStartUser-0_com.android.server.power.hint.HintManagerService took to complete: 0ms
06-20 13:36:13.358 688 688 D SystemServerTimingAsync: ssm.onStartUser-0_com.android.server.recoverysystem.RecoverySystemService$Lifecycle
06-20 13:36:13.358 688 688 V SystemServerTimingAsync: ssm.onStartUser-0_com.android.server.recoverysystem.RecoverySystemService$Lifecycle took to complete: 0ms
06-20 13:36:13.358 688 688 D SystemServerTimingAsync: ssm.onStartUser-0_com.android.server.lights.LightsService
06-20 13:36:13.358 688 688 V SystemServerTimingAsync: ssm.onStartUser-0_com.android.server.lights.LightsService took to complete: 0ms
06-20 13:36:13.358 688 688 D SystemServerTimingAsync: ssm.onStartUser-0_com.android.server.display.DisplayManagerService
06-20 13:36:13.358 688 688 V SystemServerTimingAsync: ssm.onStartUser-0_com.android.server.display.DisplayManagerService took to complete: 0ms
06-20 13:36:13.358 688 688 D SystemServerTimingAsync: ssm.onStartUser-0_com.android.server.pm.verify.domain.DomainVerificationService
06-20 13:36:13.358 688 688 V SystemServerTimingAsync: ssm.onStartUser-0_com.android.server.pm.verify.domain.DomainVerificationService took to complete: 0ms
06-20 13:36:13.358 688 688 D SystemServerTimingAsync: ssm.onStartUser-0_com.android.server.pm.PackageInstallerService$Lifecycle
06-20 13:36:13.358 688 688 V SystemServerTimingAsync: ssm.onStartUser-0_com.android.server.pm.PackageInstallerService$Lifecycle took to complete: 0ms
06-20 13:36:13.358 688 688 D SystemServerTimingAsync: ssm.onStartUser-0_com.android.server.pm.UserManagerService$LifeCycle
06-20 13:36:13.358 688 688 V SystemServerTimingAsync: ssm.onStartUser-0_com.android.server.pm.UserManagerService$LifeCycle took to complete: 0ms
06-20 13:36:13.359 688 688 D SystemServerTimingAsync: ssm.onStartUser-0_com.android.server.om.OverlayManagerService
06-20 13:36:13.365 907 907 V WindowManagerShell: Adding init callback for ActivityEmbeddingController
06-20 13:36:13.371 688 703 D CompatibilityChangeReporter: Compat change id reported: 161145287; UID 10052; state: ENABLED
06-20 13:36:13.374 907 907 V WindowManagerShell: Adding init callback for StartingWindowController
06-20 13:36:13.374 907 907 V WindowManagerShell: Adding init callback for ProtoLogController
06-20 13:36:13.381 907 907 V WindowManagerShell: Adding init callback for TvPipTransition
06-20 13:36:13.484 907 907 D WindowManagerShell: TvPipActionsProvider: onMediaActionsChanged()
06-20 13:36:13.485 907 907 D WindowManagerShell: TvPipActionsProvider: replaceCustomActions, count: 0
06-20 13:36:13.485 907 907 D WindowManagerShell: TvPipMenuController: setDelegate(), delegate=com.android.wm.shell.pip.tv.TvPipController@a55baae
06-20 13:36:13.485 907 907 V WindowManagerShell: Adding init callback for TvPipController
06-20 13:36:13.486 907 907 V WindowManagerShell: Adding init callback for KeyguardTransitionHandler
06-20 13:36:13.495 907 907 V WindowManagerShell: Adding init callback for BackAnimationController
06-20 13:36:13.497 907 980 V WindowManagerShell: Initializing Shell Components: 18
06-20 13:36:13.499 907 980 V WindowManagerShell: DisplayChangeController init took 1ms
06-20 13:36:13.500 907 980 V WindowManagerShell: DisplayController init took 1ms
06-20 13:36:13.504 907 980 V WindowManagerShell: DisplayInsetsController init took 5ms
06-20 13:36:13.504 907 980 V WindowManagerShell: DisplayImeController init took 0ms
06-20 13:36:13.505 907 980 V WindowManagerShell: Adding dump callback for ShellController
06-20 13:36:13.505 907 980 V WindowManagerShell: ShellController init took 0ms
06-20 13:36:13.505 907 980 V WindowManagerShell: Adding external interface from DragAndDropController with key extra_shell_drag_and_drop
06-20 13:36:13.505 907 980 V WindowManagerShell: Adding dump callback for DragAndDropController
06-20 13:36:13.505 907 980 V WindowManagerShell: DragAndDropController init took 0ms
06-20 13:36:13.505 907 980 V WindowManagerShell: Adding command class compatui for CompatUIShellCommandHandler
06-20 13:36:13.505 907 980 V WindowManagerShell: CompatUIController init took 0ms
06-20 13:36:13.505 907 980 V WindowManagerShell: Adding dump callback for ShellTaskOrganizer
06-20 13:36:13.513 907 980 V WindowManagerShell: ShellTaskOrganizer init took 8ms
06-20 13:36:13.531 907 980 V WindowManagerShell: DefaultTransitionHandler init took 18ms
06-20 13:36:13.534 907 980 V WindowManagerShell: Adding external interface from Transitions with key extra_shell_shell_transitions
06-20 13:36:13.535 688 688 W SystemServiceManager: Service com.android.server.om.OverlayManagerService took 176 ms in onStartUser-0
06-20 13:36:13.535 688 688 V SystemServerTimingAsync: ssm.onStartUser-0_com.android.server.om.OverlayManagerService took to complete: 176ms
06-20 13:36:13.535 688 688 D SystemServerTimingAsync: ssm.onStartUser-0_com.android.server.resources.ResourcesManagerService
06-20 13:36:13.535 688 688 V SystemServerTimingAsync: ssm.onStartUser-0_com.android.server.resources.ResourcesManagerService took to complete: 0ms
06-20 13:36:13.535 688 688 D SystemServerTimingAsync: ssm.onStartUser-0_com.android.server.sensorprivacy.SensorPrivacyService
06-20 13:36:13.552 688 688 D CompatibilityChangeReporter: Compat change id reported: 265464455; UID 10052; state: DISABLED
06-20 13:36:13.552 688 688 D CompatibilityChangeReporter: Compat change id reported: 265452344; UID 10052; state: DISABLED
06-20 13:36:13.553 688 688 D CompatibilityChangeReporter: Compat change id reported: 266124927; UID 10052; state: DISABLED
06-20 13:36:13.553 688 688 D CompatibilityChangeReporter: Compat change id reported: 265451093; UID 10052; state: DISABLED
06-20 13:36:13.553 688 688 D CompatibilityChangeReporter: Compat change id reported: 265456536; UID 10052; state: DISABLED
06-20 13:36:13.554 688 688 D CompatibilityChangeReporter: Compat change id reported: 255940284; UID 10052; state: DISABLED
06-20 13:36:13.554 688 688 D CompatibilityChangeReporter: Compat change id reported: 236283604; UID 10052; state: DISABLED
06-20 13:36:13.554 688 688 D CompatibilityChangeReporter: Compat change id reported: 263959004; UID 10052; state: DISABLED
06-20 13:36:13.554 688 688 D CompatibilityChangeReporter: Compat change id reported: 264304459; UID 10052; state: DISABLED
06-20 13:36:13.554 688 688 D CompatibilityChangeReporter: Compat change id reported: 264301586; UID 10052; state: DISABLED
06-20 13:36:13.555 688 688 D CompatibilityChangeReporter: Compat change id reported: 254631730; UID 10052; state: DISABLED
06-20 13:36:13.555 688 688 D CompatibilityChangeReporter: Compat change id reported: 273509367; UID 10052; state: DISABLED
06-20 13:36:13.555 688 688 D CompatibilityChangeReporter: Compat change id reported: 263259275; UID 10052; state: DISABLED
06-20 13:36:13.556 688 688 D CompatibilityChangeReporter: Compat change id reported: 174042980; UID 10052; state: DISABLED
06-20 13:36:13.556 688 688 D CompatibilityChangeReporter: Compat change id reported: 174042936; UID 10052; state: DISABLED
06-20 13:36:13.557 688 688 D CompatibilityChangeReporter: Compat change id reported: 181136395; UID 10052; state: DISABLED
06-20 13:36:13.569 688 688 D CompatibilityChangeReporter: Compat change id reported: 194480991; UID 10052; state: ENABLED
06-20 13:36:13.573 688 688 W ActivityTaskManager: startActivity called from non-Activity context; forcing Intent.FLAG_ACTIVITY_NEW_TASK for: Intent { flg=0x840000 cmp=com.android.systemui/.sensorprivacy.television.TvSensorPrivacyChangedActivity (has extras) }
06-20 13:36:13.582 688 688 D CompatibilityChangeReporter: Compat change id reported: 184838306; UID 10052; state: DISABLED
06-20 13:36:13.584 688 688 D CompatibilityChangeReporter: Compat change id reported: 185004937; UID 10052; state: DISABLED
06-20 13:36:13.588 688 688 D CompatibilityChangeReporter: Compat change id reported: 197654537; UID 10052; state: ENABLED
06-20 13:36:13.607 688 688 I ActivityTaskManager: START u0 {flg=0x840000 cmp=com.android.systemui/.sensorprivacy.television.TvSensorPrivacyChangedActivity (has extras)} with LAUNCH_SINGLE_TOP from uid 1000 (BAL_ALLOW_ALLOWLISTED_UID) result code=0
06-20 13:36:13.609 688 703 E TransitionController: Set visible without transition ActivityRecord{fe43260 u0 com.android.systemui/.sensorprivacy.television.TvSensorPrivacyChangedActivity t2} playing=false caller=com.android.server.wm.EnsureActivitiesVisibleHelper.makeVisibleAndRestartIfNeeded:259
06-20 13:36:13.612 907 980 V WindowManagerShell: Adding command class transitions for Transitions
06-20 13:36:13.612 907 980 V WindowManagerShell: Transitions init took 80ms
06-20 13:36:13.612 907 980 V WindowManagerShell: FullscreenTaskListener init took 0ms
06-20 13:36:13.612 907 980 V WindowManagerShell: addHandler: ActivityEmbeddingController
06-20 13:36:13.612 907 980 V WindowManagerShell: ActivityEmbeddingController init took 0ms
06-20 13:36:13.612 907 980 V WindowManagerShell: Adding external interface from StartingWindowController with key extra_shell_starting_window
06-20 13:36:13.612 907 980 V WindowManagerShell: StartingWindowController init took 0ms
06-20 13:36:13.612 907 980 V WindowManagerShell: Adding command class protolog for ProtoLogController
06-20 13:36:13.612 907 980 V WindowManagerShell: ProtoLogController init took 0ms
06-20 13:36:13.612 907 980 V WindowManagerShell: addHandler: TvPipTransition
06-20 13:36:13.612 907 980 V WindowManagerShell: TvPipTransition init took 0ms
06-20 13:36:13.635 907 980 V WindowManagerShell: TvPipController init took 22ms
06-20 13:36:13.635 907 980 V WindowManagerShell: addHandler: KeyguardTransitionHandler
06-20 13:36:13.635 907 980 V WindowManagerShell: KeyguardTransitionHandler init took 0ms
06-20 13:36:13.642 907 980 D ShellBackPreview: Back animation enabled=false
06-20 13:36:13.643 688 688 W ActivityTaskManager: startActivity called from non-Activity context; forcing Intent.FLAG_ACTIVITY_NEW_TASK for: Intent { flg=0x840000 cmp=com.android.systemui/.sensorprivacy.television.TvSensorPrivacyChangedActivity (has extras) }
06-20 13:36:13.645 907 980 V WindowManagerShell: Adding external interface from BackAnimationController with key extra_shell_back_animation
06-20 13:36:13.647 688 688 I ActivityTaskManager: START u0 {flg=0x840000 cmp=com.android.systemui/.sensorprivacy.television.TvSensorPrivacyChangedActivity (has extras)} with LAUNCH_SINGLE_TOP from uid 1000 (BAL_ALLOW_ALLOWLISTED_UID) result code=3
06-20 13:36:13.652 688 688 W ActivityTaskManager: startActivity called from non-Activity context; forcing Intent.FLAG_ACTIVITY_NEW_TASK for: Intent { flg=0x840000 cmp=com.android.systemui/.sensorprivacy.television.TvSensorPrivacyChangedActivity (has extras) }
06-20 13:36:13.652 907 980 V WindowManagerShell: BackAnimationController init took 16ms
06-20 13:36:13.652 907 980 W Looper : Slow dispatch took 156ms wmshell.main h=android.os.Handler c=com.android.wm.shell.common.ShellExecutor$$ExternalSyntheticLambda0@7c02012 m=0
06-20 13:36:13.652 907 980 V ShellDragAndDrop: Display added: 0
06-20 13:36:13.655 688 688 I ActivityTaskManager: START u0 {flg=0x840000 cmp=com.android.systemui/.sensorprivacy.television.TvSensorPrivacyChangedActivity (has extras)} with LAUNCH_SINGLE_TOP from uid 1000 (BAL_ALLOW_ALLOWLISTED_UID) result code=3
06-20 13:36:13.659 688 688 W ActivityTaskManager: startActivity called from non-Activity context; forcing Intent.FLAG_ACTIVITY_NEW_TASK for: Intent { flg=0x840000 cmp=com.android.systemui/.sensorprivacy.television.TvSensorPrivacyChangedActivity (has extras) }
06-20 13:36:13.665 688 688 I ActivityTaskManager: START u0 {flg=0x840000 cmp=com.android.systemui/.sensorprivacy.television.TvSensorPrivacyChangedActivity (has extras)} with LAUNCH_SINGLE_TOP from uid 1000 (BAL_ALLOW_ALLOWLISTED_UID) result code=3
06-20 13:36:13.666 688 688 W SystemServiceManager: Service com.android.server.sensorprivacy.SensorPrivacyService took 131 ms in onStartUser-0
06-20 13:36:13.666 688 688 V SystemServerTimingAsync: ssm.onStartUser-0_com.android.server.sensorprivacy.SensorPrivacyService took to complete: 131ms
06-20 13:36:13.666 688 688 D SystemServerTimingAsync: ssm.onStartUser-0_com.android.server.sensors.SensorService
06-20 13:36:13.666 688 688 V SystemServerTimingAsync: ssm.onStartUser-0_com.android.server.sensors.SensorService took to complete: 0ms
06-20 13:36:13.666 688 688 D SystemServerTimingAsync: ssm.onStartUser-0_com.android.server.SystemConfigService
06-20 13:36:13.666 688 688 V SystemServerTimingAsync: ssm.onStartUser-0_com.android.server.SystemConfigService took to complete: 0ms
06-20 13:36:13.666 688 688 D SystemServerTimingAsync: ssm.onStartUser-0_com.android.server.BatteryService
06-20 13:36:13.666 688 688 V SystemServerTimingAsync: ssm.onStartUser-0_com.android.server.BatteryService took to complete: 0ms
06-20 13:36:13.666 688 688 D SystemServerTimingAsync: ssm.onStartUser-0_com.android.server.usage.UsageStatsService
06-20 13:36:13.666 688 688 V SystemServerTimingAsync: ssm.onStartUser-0_com.android.server.usage.UsageStatsService took to complete: 1ms
06-20 13:36:13.666 688 688 D SystemServerTimingAsync: ssm.onStartUser-0_com.android.server.webkit.WebViewUpdateService
06-20 13:36:13.666 688 688 V SystemServerTimingAsync: ssm.onStartUser-0_com.android.server.webkit.WebViewUpdateService took to complete: 0ms
06-20 13:36:13.666 688 688 D SystemServerTimingAsync: ssm.onStartUser-0_com.android.server.CachedDeviceStateService
06-20 13:36:13.666 688 688 V SystemServerTimingAsync: ssm.onStartUser-0_com.android.server.CachedDeviceStateService took to complete: 0ms
06-20 13:36:13.666 688 688 D SystemServerTimingAsync: ssm.onStartUser-0_com.android.server.BinderCallsStatsService$LifeCycle
06-20 13:36:13.666 688 688 V SystemServerTimingAsync: ssm.onStartUser-0_com.android.server.BinderCallsStatsService$LifeCycle took to complete: 0ms
06-20 13:36:13.666 688 688 D SystemServerTimingAsync: ssm.onStartUser-0_com.android.server.LooperStatsService$Lifecycle
06-20 13:36:13.666 688 688 V SystemServerTimingAsync: ssm.onStartUser-0_com.android.server.LooperStatsService$Lifecycle took to complete: 0ms
06-20 13:36:13.666 688 688 D SystemServerTimingAsync: ssm.onStartUser-0_com.android.server.rollback.RollbackManagerService
06-20 13:36:13.666 688 688 V SystemServerTimingAsync: ssm.onStartUser-0_com.android.server.rollback.RollbackManagerService took to complete: 0ms
06-20 13:36:13.666 688 688 D SystemServerTimingAsync: ssm.onStartUser-0_com.android.server.os.NativeTombstoneManagerService
06-20 13:36:13.666 688 688 V SystemServerTimingAsync: ssm.onStartUser-0_com.android.server.os.NativeTombstoneManagerService took to complete: 0ms
06-20 13:36:13.666 688 688 D SystemServerTimingAsync: ssm.onStartUser-0_com.android.server.os.BugreportManagerService
06-20 13:36:13.666 688 688 V SystemServerTimingAsync: ssm.onStartUser-0_com.android.server.os.BugreportManagerService took to complete: 0ms
06-20 13:36:13.666 688 688 D SystemServerTimingAsync: ssm.onStartUser-0_com.android.server.gpu.GpuService
06-20 13:36:13.666 688 688 V SystemServerTimingAsync: ssm.onStartUser-0_com.android.server.gpu.GpuService took to complete: 0ms
06-20 13:36:13.666 688 688 D SystemServerTimingAsync: ssm.onStartUser-0_com.android.server.security.rkp.RemoteProvisioningService
06-20 13:36:13.666 688 688 V SystemServerTimingAsync: ssm.onStartUser-0_com.android.server.security.rkp.RemoteProvisioningService took to complete: 0ms
06-20 13:36:13.666 688 688 D SystemServerTimingAsync: ssm.onStartUser-0_com.android.server.cpu.CpuMonitorService
06-20 13:36:13.666 688 688 V SystemServerTimingAsync: ssm.onStartUser-0_com.android.server.cpu.CpuMonitorService took to complete: 0ms
06-20 13:36:13.666 688 688 D SystemServerTimingAsync: ssm.onStartUser-0_com.android.server.security.KeyChainSystemService
06-20 13:36:13.666 688 688 V SystemServerTimingAsync: ssm.onStartUser-0_com.android.server.security.KeyChainSystemService took to complete: 0ms
06-20 13:36:13.666 688 688 D SystemServerTimingAsync: ssm.onStartUser-0_com.android.server.BinaryTransparencyService
06-20 13:36:13.666 688 688 V SystemServerTimingAsync: ssm.onStartUser-0_com.android.server.BinaryTransparencyService took to complete: 0ms
06-20 13:36:13.666 688 688 D SystemServerTimingAsync: ssm.onStartUser-0_com.android.server.accounts.AccountManagerService$Lifecycle
06-20 13:36:13.666 688 688 V SystemServerTimingAsync: ssm.onStartUser-0_com.android.server.accounts.AccountManagerService$Lifecycle took to complete: 0ms
06-20 13:36:13.666 688 688 D SystemServerTimingAsync: ssm.onStartUser-0_com.android.server.content.ContentService$Lifecycle
06-20 13:36:13.667 688 688 V SystemServerTimingAsync: ssm.onStartUser-0_com.android.server.content.ContentService$Lifecycle took to complete: 0ms
06-20 13:36:13.667 688 688 D SystemServerTimingAsync: ssm.onStartUser-0_com.android.server.deviceconfig.DeviceConfigInit$Lifecycle
06-20 13:36:13.667 688 688 V SystemServerTimingAsync: ssm.onStartUser-0_com.android.server.deviceconfig.DeviceConfigInit$Lifecycle took to complete: 0ms
06-20 13:36:13.667 688 688 D SystemServerTimingAsync: ssm.onStartUser-0_com.android.server.DropBoxManagerService
06-20 13:36:13.667 688 688 V SystemServerTimingAsync: ssm.onStartUser-0_com.android.server.DropBoxManagerService took to complete: 0ms
06-20 13:36:13.667 688 688 D SystemServerTimingAsync: ssm.onStartUser-0_com.android.role.RoleService
06-20 13:36:13.673 688 703 D CompatibilityChangeReporter: Compat change id reported: 253665015; UID 1073; state: ENABLED
06-20 13:36:13.674 688 703 D CompatibilityChangeReporter: Compat change id reported: 194532703; UID 1073; state: ENABLED
06-20 13:36:13.678 688 688 V SystemServerTimingAsync: ssm.onStartUser-0_com.android.role.RoleService took to complete: 11ms
06-20 13:36:13.678 688 688 D SystemServerTimingAsync: ssm.onStartUser-0_com.android.server.vibrator.VibratorManagerService$Lifecycle
06-20 13:36:13.678 688 688 V SystemServerTimingAsync: ssm.onStartUser-0_com.android.server.vibrator.VibratorManagerService$Lifecycle took to complete: 0ms
06-20 13:36:13.678 688 688 D SystemServerTimingAsync: ssm.onStartUser-0_com.android.server.tare.InternalResourceService
06-20 13:36:13.678 688 688 V SystemServerTimingAsync: ssm.onStartUser-0_com.android.server.tare.InternalResourceService took to complete: 0ms
06-20 13:36:13.678 688 688 D SystemServerTimingAsync: ssm.onStartUser-0_com.android.server.alarm.AlarmManagerService
06-20 13:36:13.678 688 688 V SystemServerTimingAsync: ssm.onStartUser-0_com.android.server.alarm.AlarmManagerService took to complete: 0ms
06-20 13:36:13.678 688 688 D SystemServerTimingAsync: ssm.onStartUser-0_com.android.server.devicestate.DeviceStateManagerService
06-20 13:36:13.678 688 688 V SystemServerTimingAsync: ssm.onStartUser-0_com.android.server.devicestate.DeviceStateManagerService took to complete: 0ms
06-20 13:36:13.678 688 688 D SystemServerTimingAsync: ssm.onStartUser-0_com.android.server.camera.CameraServiceProxy
06-20 13:36:13.680 688 688 V SystemServerTimingAsync: ssm.onStartUser-0_com.android.server.camera.CameraServiceProxy took to complete: 1ms
06-20 13:36:13.680 688 688 D SystemServerTimingAsync: ssm.onStartUser-0_com.android.server.bluetooth.BluetoothService
06-20 13:36:13.692 688 794 D CompatibilityChangeReporter: Compat change id reported: 135634846; UID 1002; state: DISABLED
06-20 13:36:13.725 688 703 D CompatibilityChangeReporter: Compat change id reported: 171306433; UID 1000; state: ENABLED
06-20 13:36:13.731 688 703 W WindowManager: [addWindow] title:ShellDropTarget
06-20 13:36:13.735 688 703 D GameManagerService: User ID '0' does not have a Game Mode selected for package: 'com.android.systemui'
06-20 13:36:13.735 688 718 D CountryDetector: Using custom country detector class: com.android.server.location.ComprehensiveCountryDetector
06-20 13:36:13.735 688 718 E CountryDetector: Could not instantiate the custom country detector class
06-20 13:36:13.736 688 718 D CountryDetector: Using default country detector
06-20 13:36:13.746 688 688 W SystemServiceManager: Service com.android.server.bluetooth.BluetoothService took 66 ms in onStartUser-0
06-20 13:36:13.746 688 688 V SystemServerTimingAsync: ssm.onStartUser-0_com.android.server.bluetooth.BluetoothService took to complete: 66ms
06-20 13:36:13.746 688 688 D SystemServerTimingAsync: ssm.onStartUser-0_com.android.server.connectivity.IpConnectivityMetrics
06-20 13:36:13.746 688 688 V SystemServerTimingAsync: ssm.onStartUser-0_com.android.server.connectivity.IpConnectivityMetrics took to complete: 0ms
06-20 13:36:13.746 688 688 D SystemServerTimingAsync: ssm.onStartUser-0_com.android.server.net.watchlist.NetworkWatchlistService$Lifecycle
06-20 13:36:13.746 688 688 V SystemServerTimingAsync: ssm.onStartUser-0_com.android.server.net.watchlist.NetworkWatchlistService$Lifecycle took to complete: 0ms
06-20 13:36:13.746 688 688 D SystemServerTimingAsync: ssm.onStartUser-0_com.android.server.PinnerService
06-20 13:36:13.746 688 688 V SystemServerTimingAsync: ssm.onStartUser-0_com.android.server.PinnerService took to complete: 0ms
06-20 13:36:13.746 688 688 D SystemServerTimingAsync: ssm.onStartUser-0_com.android.server.integrity.AppIntegrityManagerService
06-20 13:36:13.746 688 688 V SystemServerTimingAsync: ssm.onStartUser-0_com.android.server.integrity.AppIntegrityManagerService took to complete: 0ms
06-20 13:36:13.746 688 688 D SystemServerTimingAsync: ssm.onStartUser-0_com.android.server.logcat.LogcatManagerService
06-20 13:36:13.746 688 688 V SystemServerTimingAsync: ssm.onStartUser-0_com.android.server.logcat.LogcatManagerService took to complete: 0ms
06-20 13:36:13.746 688 688 D SystemServerTimingAsync: ssm.onStartUser-0_com.android.server.inputmethod.InputMethodManagerService$Lifecycle
06-20 13:36:13.746 688 688 V SystemServerTimingAsync: ssm.onStartUser-0_com.android.server.inputmethod.InputMethodManagerService$Lifecycle took to complete: 0ms
06-20 13:36:13.746 688 688 D SystemServerTimingAsync: ssm.onStartUser-0_com.android.server.accessibility.AccessibilityManagerService$Lifecycle
06-20 13:36:13.747 688 688 V SystemServerTimingAsync: ssm.onStartUser-0_com.android.server.accessibility.AccessibilityManagerService$Lifecycle took to complete: 0ms
06-20 13:36:13.747 688 688 D SystemServerTimingAsync: ssm.onStartUser-0_com.android.server.StorageManagerService$Lifecycle
06-20 13:36:13.749 688 688 V StorageManagerService: Package com.dangbei.lerad.leradwatcher has legacy storage
06-20 13:36:13.750 688 688 V StorageManagerService: Package com.android.cts.priv.ctsshim does not have legacy storage
06-20 13:36:13.750 688 688 V StorageManagerService: Package com.android.uwb.resources does not have legacy storage
06-20 13:36:13.750 688 688 V StorageManagerService: Package com.android.adservices.api does not have legacy storage
06-20 13:36:13.750 688 688 V StorageManagerService: Package com.android.dynsystem does not have legacy storage
06-20 13:36:13.750 688 688 V StorageManagerService: Package com.dangbei.lerad.rocky does not have legacy storage
06-20 13:36:13.750 688 688 V StorageManagerService: Package com.android.healthconnect.controller does not have legacy storage
06-20 13:36:13.750 688 688 V StorageManagerService: Package com.android.providers.calendar does not have legacy storage
06-20 13:36:13.750 688 688 V StorageManagerService: Package com.android.tv.settings does not have legacy storage
06-20 13:36:13.750 688 688 V StorageManagerService: Package com.android.providers.media does not have legacy storage
06-20 13:36:13.750 688 688 V StorageManagerService: Package com.android.health.connect.backuprestore does not have legacy storage
06-20 13:36:13.750 688 688 V StorageManagerService: Package com.android.virtualmachine.res does not have legacy storage
06-20 13:36:13.750 688 688 V StorageManagerService: Package com.dangbei.zhushou.os does not have legacy storage
06-20 13:36:13.750 688 688 V StorageManagerService: Package com.sohu.inputmethod.sogou.tv has legacy storage
06-20 13:36:13.750 688 688 V StorageManagerService: Package com.droidlogic.tvprovider.overlay does not have legacy storage
06-20 13:36:13.751 688 688 V StorageManagerService: Package com.android.externalstorage does not have legacy storage
06-20 13:36:13.751 688 688 V StorageManagerService: Package com.android.htmlviewer does not have legacy storage
06-20 13:36:13.751 907 980 W Looper : Slow delivery took 148ms wmshell.main h=android.os.Handler c=com.android.wm.shell.draganddrop.DragAndDropController$$ExternalSyntheticLambda3@9abb703 m=0
06-20 13:36:13.751 907 980 W Looper : Slow dispatch took 98ms wmshell.main h=android.os.Handler c=com.android.wm.shell.draganddrop.DragAndDropController$$ExternalSyntheticLambda3@9abb703 m=0
06-20 13:36:13.751 907 980 D WindowManagerShell: TvPipController: onImeVisibilityChanged(), visible=false, height=0
06-20 13:36:13.752 688 688 V StorageManagerService: Package com.android.companiondevicemanager does not have legacy storage
06-20 13:36:13.752 688 688 V StorageManagerService: Package com.android.providers.downloads does not have legacy storage
06-20 13:36:13.752 688 688 V StorageManagerService: Package com.android.providers.tv does not have legacy storage
06-20 13:36:13.752 688 688 V StorageManagerService: Package com.droidlogic.mediacenter does not have legacy storage
06-20 13:36:13.753 688 688 V StorageManagerService: Package com.android.federatedcompute.services does not have legacy storage
06-20 13:36:13.753 688 688 V StorageManagerService: Package com.droidlogic does not have legacy storage
06-20 13:36:13.753 688 688 V StorageManagerService: Package com.droidlogic.tv.settings does not have legacy storage
06-20 13:36:13.753 688 688 V StorageManagerService: Package com.oranth.ledstatus does not have legacy storage
06-20 13:36:13.753 688 703 D CoreBackPreview: Window{46eea1 u0 ShellDropTarget}: Setting back callback OnBackInvokedCallbackInfo{mCallback=android.window.IOnBackInvokedCallback$Stub$Proxy@1c33f20, mPriority=0, mIsAnimationCallback=false}
06-20 13:36:13.754 688 688 V StorageManagerService: Package com.dangbei.lerad.videoposter has legacy storage
06-20 13:36:13.754 688 688 V StorageManagerService: Package com.android.tv.overlay.settingsprovider does not have legacy storage
06-20 13:36:13.754 688 688 V StorageManagerService: Package com.android.safetycenter.resources does not have legacy storage
06-20 13:36:13.755 688 688 V StorageManagerService: Package com.android.pacprocessor does not have legacy storage
06-20 13:36:13.755 688 688 V StorageManagerService: Package com.android.networkstack does not have legacy storage
06-20 13:36:13.755 688 688 V StorageManagerService: Package com.android.connectivity.resources does not have legacy storage
06-20 13:36:13.755 688 688 V StorageManagerService: Package com.android.modulemetadata does not have legacy storage
06-20 13:36:13.755 688 688 V StorageManagerService: Package com.android.certinstaller does not have legacy storage
06-20 13:36:13.755 688 688 V StorageManagerService: Package com.android.wifi.dialog does not have legacy storage
06-20 13:36:13.755 688 688 V StorageManagerService: Package android does not have legacy storage
06-20 13:36:13.755 688 688 V StorageManagerService: Package com.android.camera2 does not have legacy storage
06-20 13:36:13.755 688 688 V StorageManagerService: Package com.android.mtp does not have legacy storage
06-20 13:36:13.755 688 688 V StorageManagerService: Package com.android.backupconfirm does not have legacy storage
06-20 13:36:13.755 688 688 V StorageManagerService: Package com.android.systemui.auto_generated_rro_vendor__ does not have legacy storage
06-20 13:36:13.755 688 688 V StorageManagerService: Package com.android.tv.overlay.networkstack does not have legacy storage
06-20 13:36:13.755 688 688 V StorageManagerService: Package com.android.statementservice does not have legacy storage
06-20 13:36:13.755 688 688 V StorageManagerService: Package com.dangbei.screencast has legacy storage
06-20 13:36:13.755 688 688 V StorageManagerService: Package com.android.settings.intelligence does not have legacy storage
06-20 13:36:13.755 688 688 V StorageManagerService: Package com.dangbei.leard.leradlauncher does not have legacy storage
06-20 13:36:13.755 688 688 V StorageManagerService: Package com.android.providers.settings does not have legacy storage
06-20 13:36:13.755 688 688 V StorageManagerService: Package com.android.sharedstoragebackup does not have legacy storage
06-20 13:36:13.755 688 688 V StorageManagerService: Package com.android.printspooler does not have legacy storage
06-20 13:36:13.755 688 688 V StorageManagerService: Package com.android.dreams.basic does not have legacy storage
06-20 13:36:13.756 688 688 V StorageManagerService: Package com.android.webview does not have legacy storage
06-20 13:36:13.756 688 688 V StorageManagerService: Package com.android.se does not have legacy storage
06-20 13:36:13.756 688 688 V StorageManagerService: Package com.android.inputdevices does not have legacy storage
06-20 13:36:13.756 688 688 V StorageManagerService: Package com.android.rkpdapp does not have legacy storage
06-20 13:36:13.756 688 688 V StorageManagerService: Package com.android.tv.overlay.wifi.resources does not have legacy storage
06-20 13:36:13.756 688 688 V StorageManagerService: Package com.oranth.inputmacsn does not have legacy storage
06-20 13:36:13.756 688 688 V StorageManagerService: Package com.android.musicfx does not have legacy storage
06-20 13:36:13.756 688 688 V StorageManagerService: Package com.dangbei.hqguide does not have legacy storage
06-20 13:36:13.756 688 688 V StorageManagerService: Package com.dangbei.hqmedia does not have legacy storage
06-20 13:36:13.756 688 688 V StorageManagerService: Package com.droidlogic.systemui.overlay does not have legacy storage
06-20 13:36:13.756 688 688 V StorageManagerService: Package android.ext.shared does not have legacy storage
06-20 13:36:13.756 688 688 V StorageManagerService: Package com.android.keychain does not have legacy storage
06-20 13:36:13.756 688 688 V StorageManagerService: Package com.dlg.framework.overlay does not have legacy storage
06-20 13:36:13.756 688 688 V StorageManagerService: Package android.ext.services does not have legacy storage
06-20 13:36:13.756 688 688 V StorageManagerService: Package com.android.wifi.resources does not have legacy storage
06-20 13:36:13.756 688 688 V StorageManagerService: Package com.android.cameraextensions does not have legacy storage
06-20 13:36:13.756 688 688 V StorageManagerService: Package com.android.localtransport does not have legacy storage
06-20 13:36:13.757 688 688 V StorageManagerService: Package com.android.networkstack.tethering.droidlogic does not have legacy storage
06-20 13:36:13.757 688 688 V StorageManagerService: Package com.droidlogic.mictoggle does not have legacy storage
06-20 13:36:13.757 688 720 W ActivityManager: Slow operation: 66ms so far, now at startProcess: done updating battery stats
06-20 13:36:13.757 688 688 V StorageManagerService: Package com.android.packageinstaller does not have legacy storage
06-20 13:36:13.757 688 688 V StorageManagerService: Package com.cskj.factorytest does not have legacy storage
06-20 13:36:13.757 688 688 V StorageManagerService: Package com.android.proxyhandler does not have legacy storage
06-20 13:36:13.757 688 688 V StorageManagerService: Package com.android.intentresolver does not have legacy storage
06-20 13:36:13.757 688 688 V StorageManagerService: Package com.android.nearby.halfsheet does not have legacy storage
06-20 13:36:13.757 688 688 V StorageManagerService: Package com.android.managedprovisioning does not have legacy storage
06-20 13:36:13.757 688 688 V StorageManagerService: Package com.oranth.usbopenft does not have legacy storage
06-20 13:36:13.757 688 688 V StorageManagerService: Package com.android.networkstack.tethering does not have legacy storage
06-20 13:36:13.757 688 688 V StorageManagerService: Package com.android.soundpicker does not have legacy storage
06-20 13:36:13.757 688 688 V StorageManagerService: Package com.droidlogic.tvsettings.energymode.resoverlay does not have legacy storage
06-20 13:36:13.757 688 688 V StorageManagerService: Package com.dangbei.lerad.etna.haqu does not have legacy storage
06-20 13:36:13.757 688 688 V StorageManagerService: Package com.droidlogic.miracast does not have legacy storage
06-20 13:36:13.757 688 688 V StorageManagerService: Package com.amlogic.tv.overlay.matchcontent does not have legacy storage
06-20 13:36:13.757 688 688 V StorageManagerService: Package com.droidlogic.wifitetheringoverlay does not have legacy storage
06-20 13:36:13.758 688 688 V StorageManagerService: Package com.tv.filemanager.os has legacy storage
06-20 13:36:13.758 688 688 V StorageManagerService: Package com.oranth.powerwindow does not have legacy storage
06-20 13:36:13.758 688 688 V StorageManagerService: Package com.android.cts.ctsshim does not have legacy storage
06-20 13:36:13.758 688 688 V StorageManagerService: Package com.dangbei.lerad.screensaver does not have legacy storage
06-20 13:36:13.758 688 688 V StorageManagerService: Package com.droidlogic.wifion does not have legacy storage
06-20 13:36:13.758 688 688 V StorageManagerService: Package com.android.vpndialogs does not have legacy storage
06-20 13:36:13.758 688 688 V StorageManagerService: Package com.android.music does not have legacy storage
06-20 13:36:13.758 688 688 V StorageManagerService: Package com.android.shell does not have legacy storage
06-20 13:36:13.758 688 688 V StorageManagerService: Package com.android.sdksandbox does not have legacy storage
06-20 13:36:13.758 688 688 V StorageManagerService: Package com.android.wallpaperbackup does not have legacy storage
06-20 13:36:13.758 688 688 V StorageManagerService: Package com.android.providers.userdictionary does not have legacy storage
06-20 13:36:13.758 688 720 W ActivityManager: Slow operation: 66ms so far, now at startProcess: building log message
06-20 13:36:13.758 688 720 I ActivityManager: Start proc 1011:com.android.bluetooth/1002 for service {com.android.bluetooth/com.android.bluetooth.btservice.AdapterService}
06-20 13:36:13.759 688 720 W ActivityManager: Slow operation: 68ms so far, now at startProcess: starting to update pids map
06-20 13:36:13.759 688 688 V StorageManagerService: Package com.android.providers.media.module does not have legacy storage
06-20 13:36:13.759 688 688 V StorageManagerService: Package com.oranth.storage does not have legacy storage
06-20 13:36:13.759 688 688 V StorageManagerService: Package com.android.hotspot2.osulogin does not have legacy storage
06-20 13:36:13.759 688 688 V StorageManagerService: Package com.android.location.fused does not have legacy storage
06-20 13:36:13.759 688 688 V StorageManagerService: Package com.android.deskclock does not have legacy storage
06-20 13:36:13.759 688 688 V StorageManagerService: Package com.android.systemui does not have legacy storage
06-20 13:36:13.759 688 688 V StorageManagerService: Package com.dangbei.haqusetting does not have legacy storage
06-20 13:36:13.759 688 688 V StorageManagerService: Package com.android.tv.overlay.framework does not have legacy storage
06-20 13:36:13.760 688 688 V StorageManagerService: Package com.android.permissioncontroller does not have legacy storage
06-20 13:36:13.760 688 688 V StorageManagerService: Package com.droidlogic.appinstall does not have legacy storage
06-20 13:36:13.760 688 688 V StorageManagerService: Package com.android.ondevicepersonalization.services does not have legacy storage
06-20 13:36:13.760 688 688 V StorageManagerService: Package com.android.bluetooth does not have legacy storage
06-20 13:36:13.760 688 688 V StorageManagerService: Package com.android.providers.contacts does not have legacy storage
06-20 13:36:13.760 688 688 V StorageManagerService: Package com.android.captiveportallogin does not have legacy storage
06-20 13:36:13.760 688 688 V StorageManagerService: Package com.droidlogic.overlay does not have legacy storage
06-20 13:36:13.760 688 688 V StorageManagerService: Package com.android.devicelockcontroller does not have legacy storage
06-20 13:36:13.761 688 688 V StorageManagerService: Package com.android.ext.adservices.api does not have legacy storage
06-20 13:36:13.762 688 688 V StorageManagerService: Package android.auto_generated_rro_vendor__ does not have legacy storage
06-20 13:36:13.764 688 720 W ActivityManager: Slow operation: 74ms so far, now at startProcess: done updating pids map
06-20 13:36:13.767 688 688 V SystemServerTimingAsync: ssm.onStartUser-0_com.android.server.StorageManagerService$Lifecycle took to complete: 19ms
06-20 13:36:13.767 688 688 D SystemServerTimingAsync: ssm.onStartUser-0_com.android.server.usage.StorageStatsService$Lifecycle
06-20 13:36:13.767 688 688 V SystemServerTimingAsync: ssm.onStartUser-0_com.android.server.usage.StorageStatsService$Lifecycle took to complete: 0ms
06-20 13:36:13.767 688 688 D SystemServerTimingAsync: ssm.onStartUser-0_com.android.server.UiModeManagerService
06-20 13:36:13.767 688 688 V SystemServerTimingAsync: ssm.onStartUser-0_com.android.server.UiModeManagerService took to complete: 0ms
06-20 13:36:13.767 688 688 D SystemServerTimingAsync: ssm.onStartUser-0_com.android.server.locales.LocaleManagerService
06-20 13:36:13.768 688 688 V SystemServerTimingAsync: ssm.onStartUser-0_com.android.server.locales.LocaleManagerService took to complete: 0ms
06-20 13:36:13.768 688 688 D SystemServerTimingAsync: ssm.onStartUser-0_com.android.server.grammaticalinflection.GrammaticalInflectionService
06-20 13:36:13.768 688 688 V SystemServerTimingAsync: ssm.onStartUser-0_com.android.server.grammaticalinflection.GrammaticalInflectionService took to complete: 0ms
06-20 13:36:13.768 688 688 D SystemServerTimingAsync: ssm.onStartUser-0_com.android.server.apphibernation.AppHibernationService
06-20 13:36:13.768 688 688 V SystemServerTimingAsync: ssm.onStartUser-0_com.android.server.apphibernation.AppHibernationService took to complete: 0ms
06-20 13:36:13.768 688 688 D SystemServerTimingAsync: ssm.onStartUser-0_com.android.server.locksettings.LockSettingsService$Lifecycle
06-20 13:36:13.768 688 688 V SystemServerTimingAsync: ssm.onStartUser-0_com.android.server.locksettings.LockSettingsService$Lifecycle took to complete: 0ms
06-20 13:36:13.768 688 688 D SystemServerTimingAsync: ssm.onStartUser-0_com.android.server.PersistentDataBlockService
06-20 13:36:13.768 688 688 V SystemServerTimingAsync: ssm.onStartUser-0_com.android.server.PersistentDataBlockService took to complete: 0ms
06-20 13:36:13.768 688 688 D SystemServerTimingAsync: ssm.onStartUser-0_com.android.server.testharness.TestHarnessModeService
06-20 13:36:13.768 688 688 V SystemServerTimingAsync: ssm.onStartUser-0_com.android.server.testharness.TestHarnessModeService took to complete: 0ms
06-20 13:36:13.768 688 688 D SystemServerTimingAsync: ssm.onStartUser-0_com.android.server.oemlock.OemLockService
06-20 13:36:13.768 688 688 V SystemServerTimingAsync: ssm.onStartUser-0_com.android.server.oemlock.OemLockService took to complete: 0ms
06-20 13:36:13.768 688 688 D SystemServerTimingAsync: ssm.onStartUser-0_com.android.server.DeviceIdleController
06-20 13:36:13.768 688 688 V SystemServerTimingAsync: ssm.onStartUser-0_com.android.server.DeviceIdleController took to complete: 0ms
06-20 13:36:13.768 688 688 D SystemServerTimingAsync: ssm.onStartUser-0_com.android.server.devicepolicy.DevicePolicyManagerService$Lifecycle
06-20 13:36:13.785 688 702 D GameManagerService: User ID '0' does not have a Game Mode selected for package: 'com.android.bluetooth'
06-20 13:36:13.786 688 702 D CompatibilityChangeReporter: Compat change id reported: 168419799; UID 1002; state: DISABLED
06-20 13:36:13.787 688 702 D CompatibilityChangeReporter: Compat change id reported: 273564678; UID 1002; state: DISABLED
06-20 13:36:13.793 688 688 V SystemServerTimingAsync: ssm.onStartUser-0_com.android.server.devicepolicy.DevicePolicyManagerService$Lifecycle took to complete: 25ms
06-20 13:36:13.793 688 688 D SystemServerTimingAsync: ssm.onStartUser-0_com.android.server.texttospeech.TextToSpeechManagerService
06-20 13:36:13.793 688 688 V SystemServerTimingAsync: ssm.onStartUser-0_com.android.server.texttospeech.TextToSpeechManagerService took to complete: 0ms
06-20 13:36:13.793 688 688 D SystemServerTimingAsync: ssm.onStartUser-0_com.android.server.ambientcontext.AmbientContextManagerService
06-20 13:36:13.793 688 688 V SystemServerTimingAsync: ssm.onStartUser-0_com.android.server.ambientcontext.AmbientContextManagerService took to complete: 0ms
06-20 13:36:13.793 688 688 D SystemServerTimingAsync: ssm.onStartUser-0_com.android.server.wearable.WearableSensingManagerService
06-20 13:36:13.794 688 688 V SystemServerTimingAsync: ssm.onStartUser-0_com.android.server.wearable.WearableSensingManagerService took to complete: 0ms
06-20 13:36:13.794 688 688 D SystemServerTimingAsync: ssm.onStartUser-0_com.android.server.speech.SpeechRecognitionManagerService
