06-20 13:36:11.177 688 688 E HealthConnectResContext: at com.android.server.SystemServiceManager.startService(SystemServiceManager.java:142)
06-20 13:36:11.177 688 688 E HealthConnectResContext: at com.android.server.SystemServer.startOtherServices(SystemServer.java:2877)
06-20 13:36:11.177 688 688 E HealthConnectResContext: at com.android.server.SystemServer.run(SystemServer.java:946)
06-20 13:36:11.177 688 688 E HealthConnectResContext: at com.android.server.SystemServer.main(SystemServer.java:668)
06-20 13:36:11.177 688 688 E HealthConnectResContext: at java.lang.reflect.Method.invoke(Native Method)
06-20 13:36:11.177 688 688 E HealthConnectResContext: at com.android.internal.os.RuntimeInit$MethodAndArgsCaller.run(RuntimeInit.java:552)
06-20 13:36:11.177 688 688 E HealthConnectResContext: at com.android.internal.os.ZygoteInit.main(ZygoteInit.java:956)
06-20 13:36:11.183 688 688 V SystemServerTiming: HealthConnectManagerService took to complete: 20ms
06-20 13:36:11.183 688 688 D SystemServerTiming: DeviceLockService
06-20 13:36:11.184 688 688 I SystemServiceManager: Starting com.android.server.devicelock.DeviceLockService
06-20 13:36:11.185 688 688 D DeviceLockService: DeviceLockService constructor
06-20 13:36:11.187 688 688 I DeviceLockService: Registering device_lock
06-20 13:36:11.187 688 688 V SystemServerTiming: DeviceLockService took to complete: 4ms
06-20 13:36:11.188 688 688 D SystemServerTiming: PhaseActivityManagerReady
06-20 13:36:11.188 688 688 D SystemServerTiming: controllersReady
06-20 13:36:11.196 688 760 D SystemServerTimingAsync: InitThreadPoolExec:Update app-ops uidState in case package com.dangbei.hqmedia changed
06-20 13:36:11.196 688 750 D SystemServerTimingAsync: InitThreadPoolExec:Update app-ops uidState in case package com.android.cts.priv.ctsshim changed
06-20 13:36:11.196 688 750 D SystemServerInitThreadPool: Started executing Update app-ops uidState in case package com.android.cts.priv.ctsshim changed
06-20 13:36:11.196 688 717 D SystemServerTimingAsync: InitThreadPoolExec:Update app-ops uidState in case package com.android.cts.ctsshim changed
06-20 13:36:11.196 688 717 D SystemServerInitThreadPool: Started executing Update app-ops uidState in case package com.android.cts.ctsshim changed
06-20 13:36:11.196 688 776 D SystemServerTimingAsync: InitThreadPoolExec:Update app-ops uidState in case package com.android.ondevicepersonalization.services changed
06-20 13:36:11.197 688 776 D SystemServerInitThreadPool: Started executing Update app-ops uidState in case package com.android.ondevicepersonalization.services changed
06-20 13:36:11.197 688 760 D SystemServerInitThreadPool: Started executing Update app-ops uidState in case package com.dangbei.hqmedia changed
06-20 13:36:11.198 688 750 D SystemServerInitThreadPool: Finished executing Update app-ops uidState in case package com.android.cts.priv.ctsshim changed
06-20 13:36:11.198 688 717 D SystemServerInitThreadPool: Finished executing Update app-ops uidState in case package com.android.cts.ctsshim changed
06-20 13:36:11.198 688 750 V SystemServerTimingAsync: InitThreadPoolExec:Update app-ops uidState in case package com.android.cts.priv.ctsshim changed took to complete: 2ms
06-20 13:36:11.198 688 760 D SystemServerInitThreadPool: Finished executing Update app-ops uidState in case package com.dangbei.hqmedia changed
06-20 13:36:11.198 688 760 V SystemServerTimingAsync: InitThreadPoolExec:Update app-ops uidState in case package com.dangbei.hqmedia changed took to complete: 2ms
06-20 13:36:11.198 688 760 D SystemServerTimingAsync: InitThreadPoolExec:Update app-ops uidState in case package com.android.rkpdapp changed
06-20 13:36:11.198 688 760 D SystemServerInitThreadPool: Started executing Update app-ops uidState in case package com.android.rkpdapp changed
06-20 13:36:11.198 688 776 D SystemServerInitThreadPool: Finished executing Update app-ops uidState in case package com.android.ondevicepersonalization.services changed
06-20 13:36:11.198 688 750 D SystemServerTimingAsync: InitThreadPoolExec:Update app-ops uidState in case package com.android.federatedcompute.services changed
06-20 13:36:11.198 688 776 V SystemServerTimingAsync: InitThreadPoolExec:Update app-ops uidState in case package com.android.ondevicepersonalization.services changed took to complete: 2ms
06-20 13:36:11.198 688 776 D SystemServerTimingAsync: InitThreadPoolExec:Update app-ops uidState in case package com.android.sdksandbox changed
06-20 13:36:11.198 688 776 D SystemServerInitThreadPool: Started executing Update app-ops uidState in case package com.android.sdksandbox changed
06-20 13:36:11.198 688 750 D SystemServerInitThreadPool: Started executing Update app-ops uidState in case package com.android.federatedcompute.services changed
06-20 13:36:11.198 688 776 D SystemServerInitThreadPool: Finished executing Update app-ops uidState in case package com.android.sdksandbox changed
06-20 13:36:11.199 688 776 V SystemServerTimingAsync: InitThreadPoolExec:Update app-ops uidState in case package com.android.sdksandbox changed took to complete: 0ms
06-20 13:36:11.199 688 750 D SystemServerInitThreadPool: Finished executing Update app-ops uidState in case package com.android.federatedcompute.services changed
06-20 13:36:11.199 688 750 V SystemServerTimingAsync: InitThreadPoolExec:Update app-ops uidState in case package com.android.federatedcompute.services changed took to complete: 0ms
06-20 13:36:11.199 688 750 D SystemServerTimingAsync: InitThreadPoolExec:Update app-ops uidState in case package com.android.virtualmachine.res changed
06-20 13:36:11.199 688 750 D SystemServerInitThreadPool: Started executing Update app-ops uidState in case package com.android.virtualmachine.res changed
06-20 13:36:11.199 688 750 D SystemServerInitThreadPool: Finished executing Update app-ops uidState in case package com.android.virtualmachine.res changed
06-20 13:36:11.199 688 750 V SystemServerTimingAsync: InitThreadPoolExec:Update app-ops uidState in case package com.android.virtualmachine.res changed took to complete: 0ms
06-20 13:36:11.199 688 760 D SystemServerInitThreadPool: Finished executing Update app-ops uidState in case package com.android.rkpdapp changed
06-20 13:36:11.199 688 760 V SystemServerTimingAsync: InitThreadPoolExec:Update app-ops uidState in case package com.android.rkpdapp changed took to complete: 0ms
06-20 13:36:11.199 688 760 D SystemServerTimingAsync: InitThreadPoolExec:Update app-ops uidState in case package com.android.safetycenter.resources changed
06-20 13:36:11.199 688 776 D SystemServerTimingAsync: InitThreadPoolExec:Update app-ops uidState in case package com.android.adservices.api changed
06-20 13:36:11.199 688 750 D SystemServerTimingAsync: InitThreadPoolExec:Update app-ops uidState in case package com.android.permissioncontroller changed
06-20 13:36:11.199 688 750 D SystemServerInitThreadPool: Started executing Update app-ops uidState in case package com.android.permissioncontroller changed
06-20 13:36:11.199 688 750 D SystemServerInitThreadPool: Finished executing Update app-ops uidState in case package com.android.permissioncontroller changed
06-20 13:36:11.199 688 750 V SystemServerTimingAsync: InitThreadPoolExec:Update app-ops uidState in case package com.android.permissioncontroller changed took to complete: 0ms
06-20 13:36:11.199 688 750 D SystemServerTimingAsync: InitThreadPoolExec:Update app-ops uidState in case package com.android.devicelockcontroller changed
06-20 13:36:11.199 688 750 D SystemServerInitThreadPool: Started executing Update app-ops uidState in case package com.android.devicelockcontroller changed
06-20 13:36:11.199 688 750 D SystemServerInitThreadPool: Finished executing Update app-ops uidState in case package com.android.devicelockcontroller changed
06-20 13:36:11.199 688 750 V SystemServerTimingAsync: InitThreadPoolExec:Update app-ops uidState in case package com.android.devicelockcontroller changed took to complete: 0ms
06-20 13:36:11.199 688 750 D SystemServerTimingAsync: InitThreadPoolExec:Update app-ops uidState in case package com.android.providers.media.module changed
06-20 13:36:11.199 688 750 D SystemServerInitThreadPool: Started executing Update app-ops uidState in case package com.android.providers.media.module changed
06-20 13:36:11.199 688 750 D SystemServerInitThreadPool: Finished executing Update app-ops uidState in case package com.android.providers.media.module changed
06-20 13:36:11.199 688 750 V SystemServerTimingAsync: InitThreadPoolExec:Update app-ops uidState in case package com.android.providers.media.module changed took to complete: 0ms
06-20 13:36:11.199 688 750 D SystemServerTimingAsync: InitThreadPoolExec:Update app-ops uidState in case package com.android.health.connect.backuprestore changed
06-20 13:36:11.199 688 750 D SystemServerInitThreadPool: Started executing Update app-ops uidState in case package com.android.health.connect.backuprestore changed
06-20 13:36:11.199 688 750 D SystemServerInitThreadPool: Finished executing Update app-ops uidState in case package com.android.health.connect.backuprestore changed
06-20 13:36:11.199 688 750 V SystemServerTimingAsync: InitThreadPoolExec:Update app-ops uidState in case package com.android.health.connect.backuprestore changed took to complete: 0ms
06-20 13:36:11.199 688 750 D SystemServerTimingAsync: InitThreadPoolExec:Update app-ops uidState in case package com.android.healthconnect.controller changed
06-20 13:36:11.199 688 750 D SystemServerInitThreadPool: Started executing Update app-ops uidState in case package com.android.healthconnect.controller changed
06-20 13:36:11.199 688 750 D SystemServerInitThreadPool: Finished executing Update app-ops uidState in case package com.android.healthconnect.controller changed
06-20 13:36:11.199 688 750 V SystemServerTimingAsync: InitThreadPoolExec:Update app-ops uidState in case package com.android.healthconnect.controller changed took to complete: 0ms
06-20 13:36:11.199 688 750 D SystemServerTimingAsync: InitThreadPoolExec:Update app-ops uidState in case package com.android.ext.adservices.api changed
06-20 13:36:11.199 688 750 D SystemServerInitThreadPool: Started executing Update app-ops uidState in case package com.android.ext.adservices.api changed
06-20 13:36:11.199 688 750 D SystemServerInitThreadPool: Finished executing Update app-ops uidState in case package com.android.ext.adservices.api changed
06-20 13:36:11.199 688 750 V SystemServerTimingAsync: InitThreadPoolExec:Update app-ops uidState in case package com.android.ext.adservices.api changed took to complete: 0ms
06-20 13:36:11.200 688 750 D SystemServerTimingAsync: InitThreadPoolExec:Update app-ops uidState in case package android.ext.services changed
06-20 13:36:11.200 688 750 D SystemServerInitThreadPool: Started executing Update app-ops uidState in case package android.ext.services changed
06-20 13:36:11.200 688 750 D SystemServerInitThreadPool: Finished executing Update app-ops uidState in case package android.ext.services changed
06-20 13:36:11.200 688 750 V SystemServerTimingAsync: InitThreadPoolExec:Update app-ops uidState in case package android.ext.services changed took to complete: 0ms
06-20 13:36:11.200 688 750 D SystemServerTimingAsync: InitThreadPoolExec:Update app-ops uidState in case package com.android.wifi.dialog changed
06-20 13:36:11.200 688 750 D SystemServerInitThreadPool: Started executing Update app-ops uidState in case package com.android.wifi.dialog changed
06-20 13:36:11.200 688 750 D SystemServerInitThreadPool: Finished executing Update app-ops uidState in case package com.android.wifi.dialog changed
06-20 13:36:11.200 688 750 V SystemServerTimingAsync: InitThreadPoolExec:Update app-ops uidState in case package com.android.wifi.dialog changed took to complete: 0ms
06-20 13:36:11.200 688 750 D SystemServerTimingAsync: InitThreadPoolExec:Update app-ops uidState in case package com.android.hotspot2.osulogin changed
06-20 13:36:11.200 688 750 D SystemServerInitThreadPool: Started executing Update app-ops uidState in case package com.android.hotspot2.osulogin changed
06-20 13:36:11.200 688 750 D SystemServerInitThreadPool: Finished executing Update app-ops uidState in case package com.android.hotspot2.osulogin changed
06-20 13:36:11.200 688 750 V SystemServerTimingAsync: InitThreadPoolExec:Update app-ops uidState in case package com.android.hotspot2.osulogin changed took to complete: 0ms
06-20 13:36:11.200 688 750 D SystemServerTimingAsync: InitThreadPoolExec:Update app-ops uidState in case package com.android.wifi.resources changed
06-20 13:36:11.200 688 750 D SystemServerInitThreadPool: Started executing Update app-ops uidState in case package com.android.wifi.resources changed
06-20 13:36:11.200 688 750 D SystemServerInitThreadPool: Finished executing Update app-ops uidState in case package com.android.wifi.resources changed
06-20 13:36:11.200 688 750 V SystemServerTimingAsync: InitThreadPoolExec:Update app-ops uidState in case package com.android.wifi.resources changed took to complete: 0ms
06-20 13:36:11.200 688 750 D SystemServerTimingAsync: InitThreadPoolExec:Update app-ops uidState in case package com.android.nearby.halfsheet changed
06-20 13:36:11.200 688 750 D SystemServerInitThreadPool: Started executing Update app-ops uidState in case package com.android.nearby.halfsheet changed
06-20 13:36:11.200 688 750 D SystemServerInitThreadPool: Finished executing Update app-ops uidState in case package com.android.nearby.halfsheet changed
06-20 13:36:11.201 688 750 V SystemServerTimingAsync: InitThreadPoolExec:Update app-ops uidState in case package com.android.nearby.halfsheet changed took to complete: 0ms
06-20 13:36:11.201 688 750 D SystemServerTimingAsync: InitThreadPoolExec:Update app-ops uidState in case package com.android.connectivity.resources changed
06-20 13:36:11.201 688 750 D SystemServerInitThreadPool: Started executing Update app-ops uidState in case package com.android.connectivity.resources changed
06-20 13:36:11.201 688 750 D SystemServerInitThreadPool: Finished executing Update app-ops uidState in case package com.android.connectivity.resources changed
06-20 13:36:11.201 688 750 V SystemServerTimingAsync: InitThreadPoolExec:Update app-ops uidState in case package com.android.connectivity.resources changed took to complete: 0ms
06-20 13:36:11.201 688 750 D SystemServerTimingAsync: InitThreadPoolExec:Update app-ops uidState in case package com.android.uwb.resources changed
06-20 13:36:11.201 688 750 D SystemServerInitThreadPool: Started executing Update app-ops uidState in case package com.android.uwb.resources changed
06-20 13:36:11.201 688 750 D SystemServerInitThreadPool: Finished executing Update app-ops uidState in case package com.android.uwb.resources changed
06-20 13:36:11.201 688 750 V SystemServerTimingAsync: InitThreadPoolExec:Update app-ops uidState in case package com.android.uwb.resources changed took to complete: 0ms
06-20 13:36:11.201 688 750 D SystemServerTimingAsync: InitThreadPoolExec:Update app-ops uidState in case package com.android.systemui changed
06-20 13:36:11.201 688 750 D SystemServerInitThreadPool: Started executing Update app-ops uidState in case package com.android.systemui changed
06-20 13:36:11.201 688 750 D SystemServerInitThreadPool: Finished executing Update app-ops uidState in case package com.android.systemui changed
06-20 13:36:11.201 688 750 V SystemServerTimingAsync: InitThreadPoolExec:Update app-ops uidState in case package com.android.systemui changed took to complete: 0ms
06-20 13:36:11.201 688 750 D SystemServerTimingAsync: InitThreadPoolExec:Update app-ops uidState in case package com.android.webview changed
06-20 13:36:11.201 688 750 D SystemServerInitThreadPool: Started executing Update app-ops uidState in case package com.android.webview changed
06-20 13:36:11.201 688 750 D SystemServerInitThreadPool: Finished executing Update app-ops uidState in case package com.android.webview changed
06-20 13:36:11.201 688 750 V SystemServerTimingAsync: InitThreadPoolExec:Update app-ops uidState in case package com.android.webview changed took to complete: 0ms
06-20 13:36:11.201 688 750 D SystemServerTimingAsync: InitThreadPoolExec:Update app-ops uidState in case package com.android.deskclock changed
06-20 13:36:11.201 688 750 D SystemServerInitThreadPool: Started executing Update app-ops uidState in case package com.android.deskclock changed
06-20 13:36:11.201 688 750 D SystemServerInitThreadPool: Finished executing Update app-ops uidState in case package com.android.deskclock changed
06-20 13:36:11.201 688 750 V SystemServerTimingAsync: InitThreadPoolExec:Update app-ops uidState in case package com.android.deskclock changed took to complete: 0ms
06-20 13:36:11.201 688 750 D SystemServerTimingAsync: InitThreadPoolExec:Update app-ops uidState in case package com.android.camera2 changed
06-20 13:36:11.201 688 750 D SystemServerInitThreadPool: Started executing Update app-ops uidState in case package com.android.camera2 changed
06-20 13:36:11.201 688 750 D SystemServerInitThreadPool: Finished executing Update app-ops uidState in case package com.android.camera2 changed
06-20 13:36:11.201 688 750 V SystemServerTimingAsync: InitThreadPoolExec:Update app-ops uidState in case package com.android.camera2 changed took to complete: 0ms
06-20 13:36:11.201 688 750 D SystemServerTimingAsync: InitThreadPoolExec:Update app-ops uidState in case package com.android.music changed
06-20 13:36:11.201 688 750 D SystemServerInitThreadPool: Started executing Update app-ops uidState in case package com.android.music changed
06-20 13:36:11.201 688 750 D SystemServerInitThreadPool: Finished executing Update app-ops uidState in case package com.android.music changed
06-20 13:36:11.201 688 750 V SystemServerTimingAsync: InitThreadPoolExec:Update app-ops uidState in case package com.android.music changed took to complete: 0ms
06-20 13:36:11.201 688 750 D SystemServerTimingAsync: InitThreadPoolExec:Update app-ops uidState in case package com.android.modulemetadata changed
06-20 13:36:11.201 688 750 D SystemServerInitThreadPool: Started executing Update app-ops uidState in case package com.android.modulemetadata changed
06-20 13:36:11.201 688 750 D SystemServerInitThreadPool: Finished executing Update app-ops uidState in case package com.android.modulemetadata changed
06-20 13:36:11.201 688 750 V SystemServerTimingAsync: InitThreadPoolExec:Update app-ops uidState in case package com.android.modulemetadata changed took to complete: 0ms
06-20 13:36:11.201 688 750 D SystemServerTimingAsync: InitThreadPoolExec:Update app-ops uidState in case package com.android.settings.intelligence changed
06-20 13:36:11.201 688 750 D SystemServerInitThreadPool: Started executing Update app-ops uidState in case package com.android.settings.intelligence changed
06-20 13:36:11.201 688 750 D SystemServerInitThreadPool: Finished executing Update app-ops uidState in case package com.android.settings.intelligence changed
06-20 13:36:11.201 688 750 V SystemServerTimingAsync: InitThreadPoolExec:Update app-ops uidState in case package com.android.settings.intelligence changed took to complete: 0ms
06-20 13:36:11.201 688 750 D SystemServerTimingAsync: InitThreadPoolExec:Update app-ops uidState in case package com.droidlogic.appinstall changed
06-20 13:36:11.202 688 750 D SystemServerInitThreadPool: Started executing Update app-ops uidState in case package com.droidlogic.appinstall changed
06-20 13:36:11.202 688 750 D SystemServerInitThreadPool: Finished executing Update app-ops uidState in case package com.droidlogic.appinstall changed
06-20 13:36:11.202 688 750 V SystemServerTimingAsync: InitThreadPoolExec:Update app-ops uidState in case package com.droidlogic.appinstall changed took to complete: 0ms
06-20 13:36:11.202 688 750 D SystemServerTimingAsync: InitThreadPoolExec:Update app-ops uidState in case package com.dangbei.lerad.screensaver changed
06-20 13:36:11.202 688 750 D SystemServerInitThreadPool: Started executing Update app-ops uidState in case package com.dangbei.lerad.screensaver changed
06-20 13:36:11.202 688 750 D SystemServerInitThreadPool: Finished executing Update app-ops uidState in case package com.dangbei.lerad.screensaver changed
06-20 13:36:11.202 688 750 V SystemServerTimingAsync: InitThreadPoolExec:Update app-ops uidState in case package com.dangbei.lerad.screensaver changed took to complete: 0ms
06-20 13:36:11.202 688 750 D SystemServerTimingAsync: InitThreadPoolExec:Update app-ops uidState in case package com.dangbei.screencast changed
06-20 13:36:11.202 688 750 D SystemServerInitThreadPool: Started executing Update app-ops uidState in case package com.dangbei.screencast changed
06-20 13:36:11.202 688 750 D SystemServerInitThreadPool: Finished executing Update app-ops uidState in case package com.dangbei.screencast changed
06-20 13:36:11.202 688 750 V SystemServerTimingAsync: InitThreadPoolExec:Update app-ops uidState in case package com.dangbei.screencast changed took to complete: 0ms
06-20 13:36:11.202 688 750 D SystemServerTimingAsync: InitThreadPoolExec:Update app-ops uidState in case package com.dangbei.lerad.videoposter changed
06-20 13:36:11.202 688 750 D SystemServerInitThreadPool: Started executing Update app-ops uidState in case package com.dangbei.lerad.videoposter changed
06-20 13:36:11.202 688 750 D SystemServerInitThreadPool: Finished executing Update app-ops uidState in case package com.dangbei.lerad.videoposter changed
06-20 13:36:11.202 688 750 V SystemServerTimingAsync: InitThreadPoolExec:Update app-ops uidState in case package com.dangbei.lerad.videoposter changed took to complete: 0ms
06-20 13:36:11.202 688 750 D SystemServerTimingAsync: InitThreadPoolExec:Update app-ops uidState in case package com.tv.filemanager.os changed
06-20 13:36:11.202 688 750 D SystemServerInitThreadPool: Started executing Update app-ops uidState in case package com.tv.filemanager.os changed
06-20 13:36:11.202 688 750 D SystemServerInitThreadPool: Finished executing Update app-ops uidState in case package com.tv.filemanager.os changed
06-20 13:36:11.202 688 750 V SystemServerTimingAsync: InitThreadPoolExec:Update app-ops uidState in case package com.tv.filemanager.os changed took to complete: 0ms
06-20 13:36:11.202 688 750 D SystemServerTimingAsync: InitThreadPoolExec:Update app-ops uidState in case package com.dangbei.lerad.leradwatcher changed
06-20 13:36:11.202 688 750 D SystemServerInitThreadPool: Started executing Update app-ops uidState in case package com.dangbei.lerad.leradwatcher changed
06-20 13:36:11.202 688 750 D SystemServerInitThreadPool: Finished executing Update app-ops uidState in case package com.dangbei.lerad.leradwatcher changed
06-20 13:36:11.202 688 750 V SystemServerTimingAsync: InitThreadPoolExec:Update app-ops uidState in case package com.dangbei.lerad.leradwatcher changed took to complete: 1ms
06-20 13:36:11.202 688 750 D SystemServerTimingAsync: InitThreadPoolExec:Update app-ops uidState in case package com.sohu.inputmethod.sogou.tv changed
06-20 13:36:11.202 688 750 D SystemServerInitThreadPool: Started executing Update app-ops uidState in case package com.sohu.inputmethod.sogou.tv changed
06-20 13:36:11.202 688 750 D SystemServerInitThreadPool: Finished executing Update app-ops uidState in case package com.sohu.inputmethod.sogou.tv changed
06-20 13:36:11.202 688 750 V SystemServerTimingAsync: InitThreadPoolExec:Update app-ops uidState in case package com.sohu.inputmethod.sogou.tv changed took to complete: 0ms
06-20 13:36:11.202 688 750 D SystemServerTimingAsync: InitThreadPoolExec:Update app-ops uidState in case package com.android.printspooler changed
06-20 13:36:11.202 688 750 D SystemServerInitThreadPool: Started executing Update app-ops uidState in case package com.android.printspooler changed
06-20 13:36:11.202 688 750 D SystemServerInitThreadPool: Finished executing Update app-ops uidState in case package com.android.printspooler changed
06-20 13:36:11.202 688 750 V SystemServerTimingAsync: InitThreadPoolExec:Update app-ops uidState in case package com.android.printspooler changed took to complete: 0ms
06-20 13:36:11.202 688 750 D SystemServerTimingAsync: InitThreadPoolExec:Update app-ops uidState in case package com.android.pacprocessor changed
06-20 13:36:11.202 688 750 D SystemServerInitThreadPool: Started executing Update app-ops uidState in case package com.android.pacprocessor changed
06-20 13:36:11.202 688 750 D SystemServerInitThreadPool: Finished executing Update app-ops uidState in case package com.android.pacprocessor changed
06-20 13:36:11.202 688 750 V SystemServerTimingAsync: InitThreadPoolExec:Update app-ops uidState in case package com.android.pacprocessor changed took to complete: 0ms
06-20 13:36:11.202 688 750 D SystemServerTimingAsync: InitThreadPoolExec:Update app-ops uidState in case package com.android.htmlviewer changed
06-20 13:36:11.202 688 750 D SystemServerInitThreadPool: Started executing Update app-ops uidState in case package com.android.htmlviewer changed
06-20 13:36:11.202 688 750 D SystemServerInitThreadPool: Finished executing Update app-ops uidState in case package com.android.htmlviewer changed
06-20 13:36:11.202 688 750 V SystemServerTimingAsync: InitThreadPoolExec:Update app-ops uidState in case package com.android.htmlviewer changed took to complete: 0ms
06-20 13:36:11.202 688 750 D SystemServerTimingAsync: InitThreadPoolExec:Update app-ops uidState in case package com.android.companiondevicemanager changed
06-20 13:36:11.202 688 750 D SystemServerInitThreadPool: Started executing Update app-ops uidState in case package com.android.companiondevicemanager changed
06-20 13:36:11.202 688 750 D SystemServerInitThreadPool: Finished executing Update app-ops uidState in case package com.android.companiondevicemanager changed
06-20 13:36:11.202 688 750 V SystemServerTimingAsync: InitThreadPoolExec:Update app-ops uidState in case package com.android.companiondevicemanager changed took to complete: 0ms
06-20 13:36:11.202 688 750 D SystemServerTimingAsync: InitThreadPoolExec:Update app-ops uidState in case package com.android.captiveportallogin changed
06-20 13:36:11.203 688 750 D SystemServerInitThreadPool: Started executing Update app-ops uidState in case package com.android.captiveportallogin changed
06-20 13:36:11.203 688 750 D SystemServerInitThreadPool: Finished executing Update app-ops uidState in case package com.android.captiveportallogin changed
06-20 13:36:11.203 688 750 V SystemServerTimingAsync: InitThreadPoolExec:Update app-ops uidState in case package com.android.captiveportallogin changed took to complete: 0ms
06-20 13:36:11.203 688 750 D SystemServerTimingAsync: InitThreadPoolExec:Update app-ops uidState in case package android.ext.shared changed
06-20 13:36:11.203 688 750 D SystemServerInitThreadPool: Started executing Update app-ops uidState in case package android.ext.shared changed
06-20 13:36:11.203 688 750 D SystemServerInitThreadPool: Finished executing Update app-ops uidState in case package android.ext.shared changed
06-20 13:36:11.203 688 750 V SystemServerTimingAsync: InitThreadPoolExec:Update app-ops uidState in case package android.ext.shared changed took to complete: 0ms
06-20 13:36:11.203 688 750 D SystemServerTimingAsync: InitThreadPoolExec:Update app-ops uidState in case package com.android.certinstaller changed
06-20 13:36:11.203 688 750 D SystemServerInitThreadPool: Started executing Update app-ops uidState in case package com.android.certinstaller changed
06-20 13:36:11.203 688 750 D SystemServerInitThreadPool: Finished executing Update app-ops uidState in case package com.android.certinstaller changed
06-20 13:36:11.203 688 750 V SystemServerTimingAsync: InitThreadPoolExec:Update app-ops uidState in case package com.android.certinstaller changed took to complete: 0ms
06-20 13:36:11.203 688 750 D SystemServerTimingAsync: InitThreadPoolExec:Update app-ops uidState in case package com.android.dreams.basic changed
06-20 13:36:11.203 688 750 D SystemServerInitThreadPool: Started executing Update app-ops uidState in case package com.android.dreams.basic changed
06-20 13:36:11.203 688 750 D SystemServerInitThreadPool: Finished executing Update app-ops uidState in case package com.android.dreams.basic changed
06-20 13:36:11.203 688 750 V SystemServerTimingAsync: InitThreadPoolExec:Update app-ops uidState in case package com.android.dreams.basic changed took to complete: 0ms
06-20 13:36:11.203 688 750 D SystemServerTimingAsync: InitThreadPoolExec:Update app-ops uidState in case package com.android.cameraextensions changed
06-20 13:36:11.203 688 750 D SystemServerInitThreadPool: Started executing Update app-ops uidState in case package com.android.cameraextensions changed
06-20 13:36:11.203 688 750 D SystemServerInitThreadPool: Finished executing Update app-ops uidState in case package com.android.cameraextensions changed
06-20 13:36:11.203 688 750 V SystemServerTimingAsync: InitThreadPoolExec:Update app-ops uidState in case package com.android.cameraextensions changed took to complete: 0ms
06-20 13:36:11.203 688 750 D SystemServerTimingAsync: InitThreadPoolExec:Update app-ops uidState in case package com.dangbei.hqguide changed
06-20 13:36:11.203 688 750 D SystemServerInitThreadPool: Started executing Update app-ops uidState in case package com.dangbei.hqguide changed
06-20 13:36:11.203 688 750 D SystemServerInitThreadPool: Finished executing Update app-ops uidState in case package com.dangbei.hqguide changed
06-20 13:36:11.203 688 750 V SystemServerTimingAsync: InitThreadPoolExec:Update app-ops uidState in case package com.dangbei.hqguide changed took to complete: 1ms
06-20 13:36:11.203 688 750 D SystemServerTimingAsync: InitThreadPoolExec:Update app-ops uidState in case package com.android.vpndialogs changed
06-20 13:36:11.203 688 750 D SystemServerInitThreadPool: Started executing Update app-ops uidState in case package com.android.vpndialogs changed
06-20 13:36:11.203 688 750 D SystemServerInitThreadPool: Finished executing Update app-ops uidState in case package com.android.vpndialogs changed
06-20 13:36:11.203 688 750 V SystemServerTimingAsync: InitThreadPoolExec:Update app-ops uidState in case package com.android.vpndialogs changed took to complete: 0ms
06-20 13:36:11.203 688 750 D SystemServerTimingAsync: InitThreadPoolExec:Update app-ops uidState in case package com.android.statementservice changed
06-20 13:36:11.203 688 750 D SystemServerInitThreadPool: Started executing Update app-ops uidState in case package com.android.statementservice changed
06-20 13:36:11.203 688 750 D SystemServerInitThreadPool: Finished executing Update app-ops uidState in case package com.android.statementservice changed
06-20 13:36:11.203 688 750 V SystemServerTimingAsync: InitThreadPoolExec:Update app-ops uidState in case package com.android.statementservice changed took to complete: 0ms
06-20 13:36:11.203 688 750 D SystemServerTimingAsync: InitThreadPoolExec:Update app-ops uidState in case package com.android.providers.tv changed
06-20 13:36:11.203 688 750 D SystemServerInitThreadPool: Started executing Update app-ops uidState in case package com.android.providers.tv changed
06-20 13:36:11.203 688 750 D SystemServerInitThreadPool: Finished executing Update app-ops uidState in case package com.android.providers.tv changed
06-20 13:36:11.203 688 750 V SystemServerTimingAsync: InitThreadPoolExec:Update app-ops uidState in case package com.android.providers.tv changed took to complete: 0ms
06-20 13:36:11.203 688 750 D SystemServerTimingAsync: InitThreadPoolExec:Update app-ops uidState in case package com.android.packageinstaller changed
06-20 13:36:11.203 688 750 D SystemServerInitThreadPool: Started executing Update app-ops uidState in case package com.android.packageinstaller changed
06-20 13:36:11.203 688 750 D SystemServerInitThreadPool: Finished executing Update app-ops uidState in case package com.android.packageinstaller changed
06-20 13:36:11.203 688 750 V SystemServerTimingAsync: InitThreadPoolExec:Update app-ops uidState in case package com.android.packageinstaller changed took to complete: 0ms
06-20 13:36:11.203 688 750 D SystemServerTimingAsync: InitThreadPoolExec:Update app-ops uidState in case package com.android.sharedstoragebackup changed
06-20 13:36:11.203 688 750 D SystemServerInitThreadPool: Started executing Update app-ops uidState in case package com.android.sharedstoragebackup changed
06-20 13:36:11.203 688 750 D SystemServerInitThreadPool: Finished executing Update app-ops uidState in case package com.android.sharedstoragebackup changed
06-20 13:36:11.204 688 750 V SystemServerTimingAsync: InitThreadPoolExec:Update app-ops uidState in case package com.android.sharedstoragebackup changed took to complete: 0ms
06-20 13:36:11.204 688 750 D SystemServerTimingAsync: InitThreadPoolExec:Update app-ops uidState in case package com.android.proxyhandler changed
06-20 13:36:11.204 688 750 D SystemServerInitThreadPool: Started executing Update app-ops uidState in case package com.android.proxyhandler changed
06-20 13:36:11.204 688 750 D SystemServerInitThreadPool: Finished executing Update app-ops uidState in case package com.android.proxyhandler changed
06-20 13:36:11.204 688 750 V SystemServerTimingAsync: InitThreadPoolExec:Update app-ops uidState in case package com.android.proxyhandler changed took to complete: 0ms
06-20 13:36:11.204 688 750 D SystemServerTimingAsync: InitThreadPoolExec:Update app-ops uidState in case package com.android.managedprovisioning changed
06-20 13:36:11.204 688 750 D SystemServerInitThreadPool: Started executing Update app-ops uidState in case package com.android.managedprovisioning changed
06-20 13:36:11.204 688 750 D SystemServerInitThreadPool: Finished executing Update app-ops uidState in case package com.android.managedprovisioning changed
06-20 13:36:11.204 688 750 V SystemServerTimingAsync: InitThreadPoolExec:Update app-ops uidState in case package com.android.managedprovisioning changed took to complete: 0ms
06-20 13:36:11.204 688 750 D SystemServerTimingAsync: InitThreadPoolExec:Update app-ops uidState in case package com.android.musicfx changed
06-20 13:36:11.204 688 750 D SystemServerInitThreadPool: Started executing Update app-ops uidState in case package com.android.musicfx changed
06-20 13:36:11.204 688 750 D SystemServerInitThreadPool: Finished executing Update app-ops uidState in case package com.android.musicfx changed
06-20 13:36:11.204 688 750 V SystemServerTimingAsync: InitThreadPoolExec:Update app-ops uidState in case package com.android.musicfx changed took to complete: 0ms
06-20 13:36:11.204 688 750 D SystemServerTimingAsync: InitThreadPoolExec:Update app-ops uidState in case package com.android.intentresolver changed
06-20 13:36:11.204 688 750 D SystemServerInitThreadPool: Started executing Update app-ops uidState in case package com.android.intentresolver changed
06-20 13:36:11.204 688 750 D SystemServerInitThreadPool: Finished executing Update app-ops uidState in case package com.android.intentresolver changed
06-20 13:36:11.204 688 750 V SystemServerTimingAsync: InitThreadPoolExec:Update app-ops uidState in case package com.android.intentresolver changed took to complete: 0ms
06-20 13:36:11.204 688 750 D SystemServerTimingAsync: InitThreadPoolExec:Update app-ops uidState in case package com.android.providers.media changed
06-20 13:36:11.204 688 750 D SystemServerInitThreadPool: Started executing Update app-ops uidState in case package com.android.providers.media changed
06-20 13:36:11.204 688 750 D SystemServerInitThreadPool: Finished executing Update app-ops uidState in case package com.android.providers.media changed
06-20 13:36:11.204 688 750 V SystemServerTimingAsync: InitThreadPoolExec:Update app-ops uidState in case package com.android.providers.media changed took to complete: 1ms
06-20 13:36:11.204 688 750 D SystemServerTimingAsync: InitThreadPoolExec:Update app-ops uidState in case package com.android.providers.downloads changed
06-20 13:36:11.204 688 750 D SystemServerInitThreadPool: Started executing Update app-ops uidState in case package com.android.providers.downloads changed
06-20 13:36:11.204 688 750 D SystemServerInitThreadPool: Finished executing Update app-ops uidState in case package com.android.providers.downloads changed
06-20 13:36:11.204 688 750 V SystemServerTimingAsync: InitThreadPoolExec:Update app-ops uidState in case package com.android.providers.downloads changed took to complete: 0ms
06-20 13:36:11.204 688 750 D SystemServerTimingAsync: InitThreadPoolExec:Update app-ops uidState in case package com.android.mtp changed
06-20 13:36:11.204 688 750 D SystemServerInitThreadPool: Started executing Update app-ops uidState in case package com.android.mtp changed
06-20 13:36:11.204 688 750 D SystemServerInitThreadPool: Finished executing Update app-ops uidState in case package com.android.mtp changed
06-20 13:36:11.204 688 750 V SystemServerTimingAsync: InitThreadPoolExec:Update app-ops uidState in case package com.android.mtp changed took to complete: 0ms
06-20 13:36:11.204 688 750 D SystemServerTimingAsync: InitThreadPoolExec:Update app-ops uidState in case package com.android.soundpicker changed
06-20 13:36:11.204 688 750 D SystemServerInitThreadPool: Started executing Update app-ops uidState in case package com.android.soundpicker changed
06-20 13:36:11.204 688 750 D SystemServerInitThreadPool: Finished executing Update app-ops uidState in case package com.android.soundpicker changed
06-20 13:36:11.204 688 750 V SystemServerTimingAsync: InitThreadPoolExec:Update app-ops uidState in case package com.android.soundpicker changed took to complete: 0ms
06-20 13:36:11.204 688 750 D SystemServerTimingAsync: InitThreadPoolExec:Update app-ops uidState in case package com.android.externalstorage changed
06-20 13:36:11.204 688 750 D SystemServerInitThreadPool: Started executing Update app-ops uidState in case package com.android.externalstorage changed
06-20 13:36:11.204 688 750 D SystemServerInitThreadPool: Finished executing Update app-ops uidState in case package com.android.externalstorage changed
06-20 13:36:11.204 688 750 V SystemServerTimingAsync: InitThreadPoolExec:Update app-ops uidState in case package com.android.externalstorage changed took to complete: 0ms
06-20 13:36:11.204 688 750 D SystemServerTimingAsync: InitThreadPoolExec:Update app-ops uidState in case package com.android.providers.userdictionary changed
06-20 13:36:11.205 688 750 D SystemServerInitThreadPool: Started executing Update app-ops uidState in case package com.android.providers.userdictionary changed
06-20 13:36:11.205 688 750 D SystemServerInitThreadPool: Finished executing Update app-ops uidState in case package com.android.providers.userdictionary changed
06-20 13:36:11.205 688 750 V SystemServerTimingAsync: InitThreadPoolExec:Update app-ops uidState in case package com.android.providers.userdictionary changed took to complete: 0ms
06-20 13:36:11.205 688 750 D SystemServerTimingAsync: InitThreadPoolExec:Update app-ops uidState in case package com.android.providers.contacts changed
06-20 13:36:11.205 688 750 D SystemServerInitThreadPool: Started executing Update app-ops uidState in case package com.android.providers.contacts changed
06-20 13:36:11.205 688 750 D SystemServerInitThreadPool: Finished executing Update app-ops uidState in case package com.android.providers.contacts changed
06-20 13:36:11.205 688 750 V SystemServerTimingAsync: InitThreadPoolExec:Update app-ops uidState in case package com.android.providers.contacts changed took to complete: 0ms
06-20 13:36:11.205 688 750 D SystemServerTimingAsync: InitThreadPoolExec:Update app-ops uidState in case package com.android.providers.calendar changed
06-20 13:36:11.205 688 750 D SystemServerInitThreadPool: Started executing Update app-ops uidState in case package com.android.providers.calendar changed
06-20 13:36:11.205 688 750 D SystemServerInitThreadPool: Finished executing Update app-ops uidState in case package com.android.providers.calendar changed
06-20 13:36:11.205 688 750 V SystemServerTimingAsync: InitThreadPoolExec:Update app-ops uidState in case package com.android.providers.calendar changed took to complete: 0ms
06-20 13:36:11.205 688 750 D SystemServerTimingAsync: InitThreadPoolExec:Update app-ops uidState in case package com.android.backupconfirm changed
06-20 13:36:11.205 688 750 D SystemServerInitThreadPool: Started executing Update app-ops uidState in case package com.android.backupconfirm changed
06-20 13:36:11.205 688 750 D SystemServerInitThreadPool: Finished executing Update app-ops uidState in case package com.android.backupconfirm changed
06-20 13:36:11.205 688 750 V SystemServerTimingAsync: InitThreadPoolExec:Update app-ops uidState in case package com.android.backupconfirm changed took to complete: 0ms
06-20 13:36:11.205 688 750 D SystemServerTimingAsync: InitThreadPoolExec:Update app-ops uidState in case package android.auto_generated_rro_vendor__ changed
06-20 13:36:11.205 688 750 D SystemServerInitThreadPool: Started executing Update app-ops uidState in case package android.auto_generated_rro_vendor__ changed
06-20 13:36:11.205 688 750 D SystemServerInitThreadPool: Finished executing Update app-ops uidState in case package android.auto_generated_rro_vendor__ changed
06-20 13:36:11.205 688 750 V SystemServerTimingAsync: InitThreadPoolExec:Update app-ops uidState in case package android.auto_generated_rro_vendor__ changed took to complete: 0ms
06-20 13:36:11.205 688 750 D SystemServerTimingAsync: InitThreadPoolExec:Update app-ops uidState in case package com.android.systemui.auto_generated_rro_vendor__ changed
06-20 13:36:11.205 688 750 D SystemServerInitThreadPool: Started executing Update app-ops uidState in case package com.android.systemui.auto_generated_rro_vendor__ changed
06-20 13:36:11.205 688 750 D SystemServerInitThreadPool: Finished executing Update app-ops uidState in case package com.android.systemui.auto_generated_rro_vendor__ changed
06-20 13:36:11.205 688 750 V SystemServerTimingAsync: InitThreadPoolExec:Update app-ops uidState in case package com.android.systemui.auto_generated_rro_vendor__ changed took to complete: 0ms
06-20 13:36:11.205 688 750 D SystemServerTimingAsync: InitThreadPoolExec:Update app-ops uidState in case package com.android.networkstack.tethering.droidlogic changed
06-20 13:36:11.205 688 750 D SystemServerInitThreadPool: Started executing Update app-ops uidState in case package com.android.networkstack.tethering.droidlogic changed
06-20 13:36:11.205 688 750 D SystemServerInitThreadPool: Finished executing Update app-ops uidState in case package com.android.networkstack.tethering.droidlogic changed
06-20 13:36:11.205 688 750 V SystemServerTimingAsync: InitThreadPoolExec:Update app-ops uidState in case package com.android.networkstack.tethering.droidlogic changed took to complete: 0ms
06-20 13:36:11.205 688 750 D SystemServerTimingAsync: InitThreadPoolExec:Update app-ops uidState in case package com.droidlogic.wifitetheringoverlay changed
06-20 13:36:11.205 688 750 D SystemServerInitThreadPool: Started executing Update app-ops uidState in case package com.droidlogic.wifitetheringoverlay changed
06-20 13:36:11.205 688 750 D SystemServerInitThreadPool: Finished executing Update app-ops uidState in case package com.droidlogic.wifitetheringoverlay changed
06-20 13:36:11.205 688 750 V SystemServerTimingAsync: InitThreadPoolExec:Update app-ops uidState in case package com.droidlogic.wifitetheringoverlay changed took to complete: 0ms
06-20 13:36:11.205 688 750 D SystemServerTimingAsync: InitThreadPoolExec:Update app-ops uidState in case package com.droidlogic.wifion changed
06-20 13:36:11.206 688 750 D SystemServerInitThreadPool: Started executing Update app-ops uidState in case package com.droidlogic.wifion changed
06-20 13:36:11.206 688 750 D SystemServerInitThreadPool: Finished executing Update app-ops uidState in case package com.droidlogic.wifion changed
06-20 13:36:11.206 688 750 V SystemServerTimingAsync: InitThreadPoolExec:Update app-ops uidState in case package com.droidlogic.wifion changed took to complete: 0ms
06-20 13:36:11.206 688 750 D SystemServerTimingAsync: InitThreadPoolExec:Update app-ops uidState in case package com.android.tv.overlay.wifi.resources changed
06-20 13:36:11.206 688 750 D SystemServerInitThreadPool: Started executing Update app-ops uidState in case package com.android.tv.overlay.wifi.resources changed
06-20 13:36:11.206 688 750 D SystemServerInitThreadPool: Finished executing Update app-ops uidState in case package com.android.tv.overlay.wifi.resources changed
06-20 13:36:11.206 688 750 V SystemServerTimingAsync: InitThreadPoolExec:Update app-ops uidState in case package com.android.tv.overlay.wifi.resources changed took to complete: 0ms
06-20 13:36:11.206 688 750 D SystemServerTimingAsync: InitThreadPoolExec:Update app-ops uidState in case package com.android.tv.overlay.settingsprovider changed
06-20 13:36:11.206 688 750 D SystemServerInitThreadPool: Started executing Update app-ops uidState in case package com.android.tv.overlay.settingsprovider changed
06-20 13:36:11.206 688 750 D SystemServerInitThreadPool: Finished executing Update app-ops uidState in case package com.android.tv.overlay.settingsprovider changed
06-20 13:36:11.206 688 750 V SystemServerTimingAsync: InitThreadPoolExec:Update app-ops uidState in case package com.android.tv.overlay.settingsprovider changed took to complete: 0ms
06-20 13:36:11.206 688 760 D SystemServerInitThreadPool: Started executing Update app-ops uidState in case package com.android.safetycenter.resources changed
06-20 13:36:11.206 688 760 D SystemServerInitThreadPool: Finished executing Update app-ops uidState in case package com.android.safetycenter.resources changed
06-20 13:36:11.206 688 760 V SystemServerTimingAsync: InitThreadPoolExec:Update app-ops uidState in case package com.android.safetycenter.resources changed took to complete: 8ms
06-20 13:36:11.206 688 760 D SystemServerTimingAsync: InitThreadPoolExec:Update app-ops uidState in case package com.android.tv.overlay.framework changed
06-20 13:36:11.206 688 760 D SystemServerInitThreadPool: Started executing Update app-ops uidState in case package com.android.tv.overlay.framework changed
06-20 13:36:11.206 688 760 D SystemServerInitThreadPool: Finished executing Update app-ops uidState in case package com.android.tv.overlay.framework changed
06-20 13:36:11.206 688 760 V SystemServerTimingAsync: InitThreadPoolExec:Update app-ops uidState in case package com.android.tv.overlay.framework changed took to complete: 0ms
06-20 13:36:11.206 688 760 D SystemServerTimingAsync: InitThreadPoolExec:Update app-ops uidState in case package com.droidlogic.tvprovider.overlay changed
06-20 13:36:11.206 688 760 D SystemServerInitThreadPool: Started executing Update app-ops uidState in case package com.droidlogic.tvprovider.overlay changed
06-20 13:36:11.206 688 760 D SystemServerInitThreadPool: Finished executing Update app-ops uidState in case package com.droidlogic.tvprovider.overlay changed
06-20 13:36:11.206 688 760 V SystemServerTimingAsync: InitThreadPoolExec:Update app-ops uidState in case package com.droidlogic.tvprovider.overlay changed took to complete: 0ms
06-20 13:36:11.206 688 760 D SystemServerTimingAsync: InitThreadPoolExec:Update app-ops uidState in case package com.amlogic.tv.overlay.matchcontent changed
06-20 13:36:11.206 688 760 D SystemServerInitThreadPool: Started executing Update app-ops uidState in case package com.amlogic.tv.overlay.matchcontent changed
06-20 13:36:11.207 688 760 D SystemServerInitThreadPool: Finished executing Update app-ops uidState in case package com.amlogic.tv.overlay.matchcontent changed
06-20 13:36:11.207 688 760 V SystemServerTimingAsync: InitThreadPoolExec:Update app-ops uidState in case package com.amlogic.tv.overlay.matchcontent changed took to complete: 0ms
06-20 13:36:11.207 688 760 D SystemServerTimingAsync: InitThreadPoolExec:Update app-ops uidState in case package com.android.tv.overlay.networkstack changed
06-20 13:36:11.207 688 760 D SystemServerInitThreadPool: Started executing Update app-ops uidState in case package com.android.tv.overlay.networkstack changed
06-20 13:36:11.207 688 760 D SystemServerInitThreadPool: Finished executing Update app-ops uidState in case package com.android.tv.overlay.networkstack changed
06-20 13:36:11.207 688 760 V SystemServerTimingAsync: InitThreadPoolExec:Update app-ops uidState in case package com.android.tv.overlay.networkstack changed took to complete: 0ms
06-20 13:36:11.207 688 760 D SystemServerTimingAsync: InitThreadPoolExec:Update app-ops uidState in case package com.droidlogic.overlay changed
06-20 13:36:11.207 688 760 D SystemServerInitThreadPool: Started executing Update app-ops uidState in case package com.droidlogic.overlay changed
06-20 13:36:11.207 688 760 D SystemServerInitThreadPool: Finished executing Update app-ops uidState in case package com.droidlogic.overlay changed
06-20 13:36:11.207 688 760 V SystemServerTimingAsync: InitThreadPoolExec:Update app-ops uidState in case package com.droidlogic.overlay changed took to complete: 0ms
06-20 13:36:11.207 688 760 D SystemServerTimingAsync: InitThreadPoolExec:Update app-ops uidState in case package com.droidlogic.systemui.overlay changed
06-20 13:36:11.207 688 760 D SystemServerInitThreadPool: Started executing Update app-ops uidState in case package com.droidlogic.systemui.overlay changed
06-20 13:36:11.207 688 760 D SystemServerInitThreadPool: Finished executing Update app-ops uidState in case package com.droidlogic.systemui.overlay changed
06-20 13:36:11.207 688 760 V SystemServerTimingAsync: InitThreadPoolExec:Update app-ops uidState in case package com.droidlogic.systemui.overlay changed took to complete: 0ms
06-20 13:36:11.207 688 760 D SystemServerTimingAsync: InitThreadPoolExec:Update app-ops uidState in case package com.dlg.framework.overlay changed
