01-01 08:00:01.186 0 0 D [2 T1 ..] [usb]: call amlogic_crg_drd_usb2_drv_init() success
01-01 08:00:01.186 0 0 E : [2 T1 ..] amlogic-crg-drd-usb3 fe358080.usbphy30: This phy has no usb port
01-01 08:00:01.186 0 0 I : [2 T1 ..] amlogic-crg-drd-usb3 fe358080.usbphy30: USB3 phy probe:phy_mem:0xfe358080, iomap phy_base:0xffffffc00aee3080
01-01 08:00:01.188 0 0 E : [2 T1 ..] amlogic-crg-drd-usb3 fe348080.usbphy31: This phy has no usb port
01-01 08:00:01.189 0 0 I : [2 T1 ..] amlogic-crg-drd-usb3 fe348080.usbphy31: USB3 phy probe:phy_mem:0xfe348080, iomap phy_base:0xffffffc00afbe080
01-01 08:00:01.191 0 0 D [2 T1 ..] [usb]: call amlogic_crg_drd_usb3_drv_init() success
01-01 08:00:01.191 0 0 I : [2 T1 ..] amlogic-crg-drd-usb2 fe348000.usbphy21: phy trim value= 0x000000ff
01-01 08:00:01.191 0 0 E : [2 T1 ..] crg_drd fe340000.crg: IRQ host not found
01-01 08:00:01.194 0 0 E : [2 T1 ..] crg_drd fe340000.crg: IRQ crg_usb3 not found
01-01 08:00:01.195 0 0 I : [2 T1 ..] xhci-hcd-meson xhci-hcd-meson.0.auto: meson-quirks=0x90006---
01-01 08:00:01.195 0 0 I : [2 T1 ..] amlogic-crg-drd-usb2 fe348000.usbphy21: phy trim value= 0x000000ff
01-01 08:00:01.196 0 0 I : [2 T1 ..] xhci-hcd-meson xhci-hcd-meson.0.auto: xHCI Host Controller
01-01 08:00:01.197 0 0 I : [2 T1 ..] xhci-hcd-meson xhci-hcd-meson.0.auto: new USB bus registered, assigned bus number 1
01-01 08:00:01.198 0 0 I : [2 T1 ..] xhci-hcd-meson xhci-hcd-meson.0.auto: hcc params 0x08000f80 hci version 0x110 quirks 0x0000200020810090
01-01 08:00:01.200 0 0 I : [2 T1 ..] xhci-hcd-meson xhci-hcd-meson.0.auto: irq 28, io mem 0xfe340000
01-01 08:00:01.201 0 0 I : [2 T1 ..] xhci-hcd-meson xhci-hcd-meson.0.auto: xHCI Host Controller
01-01 08:00:01.202 0 0 I : [2 T1 ..] xhci-hcd-meson xhci-hcd-meson.0.auto: new USB bus registered, assigned bus number 2
01-01 08:00:01.203 0 0 I : [2 T1 ..] xhci-hcd-meson xhci-hcd-meson.0.auto: Host supports USB 3.0 SuperSpeed
01-01 08:00:01.204 0 0 I : [2 T1 ..] usb usb1: New USB device found, idVendor=1d6b, idProduct=0002, bcdDevice= 5.15
01-01 08:00:01.205 0 0 I : [2 T1 ..] usb usb1: New USB device strings: Mfr=3, Product=2, SerialNumber=1
01-01 08:00:01.206 0 0 I : [2 T1 ..] usb usb1: Product: xHCI Host Controller
01-01 08:00:01.207 0 0 I : [2 T1 ..] usb usb1: Manufacturer: Linux 5.15.170-android14-11-gce7825878084-dirty xhci-hcd
01-01 08:00:01.208 0 0 I : [2 T1 ..] usb usb1: SerialNumber: xhci-hcd-meson.0.auto
01-01 08:00:01.209 0 0 D [2 T1 ..] [usb]: xHCI aml_xhci_add_endpoint called for root hub
01-01 08:00:01.209 0 0 D [2 T1 ..] [usb]: xHCI aml_xhci_check_bandwidth called for root hub
01-01 08:00:01.209 0 0 I : [2 T1 ..] hub 1-0:1.0: USB hub found
01-01 08:00:01.210 0 0 I : [2 T1 ..] hub 1-0:1.0: 1 port detected
01-01 08:00:01.211 0 0 I : [2 T1 ..] usb usb2: We don't know the algorithms for LPM for this host, disabling LPM.
01-01 08:00:01.211 0 0 I : [2 T1 ..] usb usb2: New USB device found, idVendor=1d6b, idProduct=0003, bcdDevice= 5.15
01-01 08:00:01.213 0 0 I : [2 T1 ..] usb usb2: New USB device strings: Mfr=3, Product=2, SerialNumber=1
01-01 08:00:01.214 0 0 I : [2 T1 ..] usb usb2: Product: xHCI Host Controller
01-01 08:00:01.214 0 0 I : [2 T1 ..] usb usb2: Manufacturer: Linux 5.15.170-android14-11-gce7825878084-dirty xhci-hcd
01-01 08:00:01.216 0 0 I : [2 T1 ..] usb usb2: SerialNumber: xhci-hcd-meson.0.auto
01-01 08:00:01.217 0 0 D [2 T1 ..] [usb]: xHCI aml_xhci_add_endpoint called for root hub
01-01 08:00:01.217 0 0 D [2 T1 ..] [usb]: xHCI aml_xhci_check_bandwidth called for root hub
01-01 08:00:01.217 0 0 I : [2 T1 ..] hub 2-0:1.0: USB hub found
01-01 08:00:01.217 0 0 E : [2 T1 ..] hub 2-0:1.0: config failed, hub doesn't have any ports! (err -19)
01-01 08:00:01.218 0 0 D [2 T1 ..] [usb]: call amlogic_crg_host_driver_init() success
01-01 08:00:01.219 0 0 I : [2 T1 ..] amlogic-crg-otg soc:crgotg@fe358000: controller_type is 1
01-01 08:00:01.219 0 0 I : [2 T1 ..] crg_force_device_mode is 0
01-01 08:00:01.219 0 0 I : [2 T1 ..] otg is 0
01-01 08:00:01.219 0 0 I [2 T1 ..] udc_name: 0xfe350000.crgudc
01-01 08:00:01.219 0 0 I [2 T1 ..] phy2_mem: 0xfe358000, iomap phy2_base:0xffffffc00afd5000
01-01 08:00:01.219 0 0 I [2 T1 ..] phy3_mem: 0xfe358080, iomap phy3_base:0xffffffc00afe1080
01-01 08:00:01.223 0 0 I [2 T1 ..] [usb]: crg init
01-01 08:00:01.224 0 0 I : [2 T1 ..] amlogic-crg-drd-usb2 fe358000.usbphy20: phy trim value= 0x000000ff
01-01 08:00:01.224 0 0 E : [2 T1 ..] crg_drd_otg fe350000.crgdrd: IRQ host not found
01-01 08:00:01.225 0 0 E : [2 T1 ..] crg_drd_otg fe350000.crgdrd: IRQ crg_usb3 not found
01-01 08:00:01.226 0 0 I : [2 T1 ..] xhci-hcd-meson xhci-hcd-meson.1.auto: meson-quirks=0x90006---
01-01 08:00:01.227 0 0 I : [2 T1 ..] amlogic-crg-drd-usb2 fe358000.usbphy20: phy trim value= 0x000000ff
01-01 08:00:01.228 0 0 I : [2 T1 ..] xhci-hcd-meson xhci-hcd-meson.1.auto: xHCI Host Controller
01-01 08:00:01.229 0 0 I : [2 T1 ..] xhci-hcd-meson xhci-hcd-meson.1.auto: new USB bus registered, assigned bus number 3
01-01 08:00:01.230 0 0 I : [2 T1 ..] xhci-hcd-meson xhci-hcd-meson.1.auto: hcc params 0x08000f80 hci version 0x110 quirks 0x0000200020810090
01-01 08:00:01.231 0 0 I : [2 T1 ..] xhci-hcd-meson xhci-hcd-meson.1.auto: irq 27, io mem 0xfe350000
01-01 08:00:01.232 0 0 I : [2 T1 ..] xhci-hcd-meson xhci-hcd-meson.1.auto: xHCI Host Controller
01-01 08:00:01.233 0 0 I : [2 T1 ..] xhci-hcd-meson xhci-hcd-meson.1.auto: new USB bus registered, assigned bus number 4
01-01 08:00:01.234 0 0 I : [2 T1 ..] xhci-hcd-meson xhci-hcd-meson.1.auto: Host supports USB 3.0 SuperSpeed
01-01 08:00:01.236 0 0 I : [2 T1 ..] usb usb3: New USB device found, idVendor=1d6b, idProduct=0002, bcdDevice= 5.15
01-01 08:00:01.237 0 0 I : [2 T1 ..] usb usb3: New USB device strings: Mfr=3, Product=2, SerialNumber=1
01-01 08:00:01.238 0 0 I : [2 T1 ..] usb usb3: Product: xHCI Host Controller
01-01 08:00:01.239 0 0 I : [2 T1 ..] usb usb3: Manufacturer: Linux 5.15.170-android14-11-gce7825878084-dirty xhci-hcd
01-01 08:00:01.240 0 0 I : [2 T1 ..] usb usb3: SerialNumber: xhci-hcd-meson.1.auto
01-01 08:00:01.241 0 0 D [2 T1 ..] [usb]: xHCI aml_xhci_add_endpoint called for root hub
01-01 08:00:01.241 0 0 D [2 T1 ..] [usb]: xHCI aml_xhci_check_bandwidth called for root hub
01-01 08:00:01.241 0 0 I : [2 T1 ..] hub 3-0:1.0: USB hub found
01-01 08:00:01.241 0 0 I : [2 T1 ..] hub 3-0:1.0: 1 port detected
01-01 08:00:01.242 0 0 I : [2 T1 ..] usb usb4: We don't know the algorithms for LPM for this host, disabling LPM.
01-01 08:00:01.243 0 0 I : [2 T1 ..] usb usb4: New USB device found, idVendor=1d6b, idProduct=0003, bcdDevice= 5.15
01-01 08:00:01.244 0 0 I : [2 T1 ..] usb usb4: New USB device strings: Mfr=3, Product=2, SerialNumber=1
01-01 08:00:01.245 0 0 I : [2 T1 ..] usb usb4: Product: xHCI Host Controller
01-01 08:00:01.246 0 0 I : [2 T1 ..] usb usb4: Manufacturer: Linux 5.15.170-android14-11-gce7825878084-dirty xhci-hcd
01-01 08:00:01.247 0 0 I : [2 T1 ..] usb usb4: SerialNumber: xhci-hcd-meson.1.auto
01-01 08:00:01.248 0 0 D [2 T1 ..] [usb]: xHCI aml_xhci_add_endpoint called for root hub
01-01 08:00:01.248 0 0 D [2 T1 ..] [usb]: xHCI aml_xhci_check_bandwidth called for root hub
01-01 08:00:01.248 0 0 I : [2 T1 ..] hub 4-0:1.0: USB hub found
01-01 08:00:01.248 0 0 E : [2 T1 ..] hub 4-0:1.0: config failed, hub doesn't have any ports! (err -19)
01-01 08:00:01.250 0 0 D [2 T1 ..] [usb]: call crg_otg_init() success
01-01 08:00:01.250 0 0 D [2 T1 ..] [usb]: call crg_otg_v2_init() success
01-01 08:00:01.250 0 0 D [2 T1 ..] [usb]: ### usb_main_init() end
01-01 08:00:01.265 0 0 E [2 T1 ..] [drm: meson_of_init [aml_drm]] *ERROR* osd_axi_sel parser failed and set default 0
01-01 08:00:01.265 0 0 I : [2 T1 ..] [drm] meson_video_parse_config:vfm_mode = 1
01-01 08:00:01.266 0 0 I [2 T1 ..] register_osd_status_cb: SBTM register osd enable status func
01-01 08:00:01.267 0 0 I : [2 T1 ..] register osd enable status func
01-01 08:00:01.268 0 0 I : [2 T1 ..] [drm] osd plane 0 create done, occupied-0 crtc_mask-0 type-1 osd_reverse-0
01-01 08:00:01.269 0 0 I : [2 T1 ..] [drm] osd plane 1 create done, occupied-0 crtc_mask-0 type-0 osd_reverse-0
01-01 08:00:01.270 0 0 I : [2 T1 ..] [drm] video plane 0 create done
01-01 08:00:01.271 0 0 I : [2 T1 ..] [drm] video plane 1 create done
01-01 08:00:01.272 0 0 I : [1 T1 ..] [drm] meson_vpu_reg_handle_register, vpp0-5
01-01 08:00:01.272 0 0 I : [1 T1 ..] [drm] skip gamma init
01-01 08:00:01.273 0 0 I : [1 T1 ..] secure_register module=0 ok
01-01 08:00:01.273 0 0 I : [1 T1 ..] secure_register module=0 ok
01-01 08:00:01.274 0 0 I : [1 T1 ..] [drm] video_hw_init:vfm_mode = 1
01-01 08:00:01.275 0 0 I : [1 T1 ..] [drm] video_hw_init:vfm_mode = 1
01-01 08:00:01.275 0 0 I : [1 T1 ..] meson drm-subsystem: bound ff900000.drm-vpu (ops am_meson_vpu_component_ops [aml_drm])
01-01 08:00:01.277 0 0 I [1 T1 ..] [hdmitx: ] meson_hdmitx_bind hdmi [0]
01-01 08:00:01.277 0 0 I : [1 T1 ..] meson drm-subsystem: bound ff000000.amhdmitx (ops meson_hdmitx_bind_ops [aml_media])
01-01 08:00:01.280 0 0 I [1 T1 ..] cvbsout: meson_cvbs_bind cvbs [0]
01-01 08:00:01.281 0 0 I : [1 T1 ..] meson drm-subsystem: bound drm-amcvbsout (ops meson_cvbs_bind_ops [aml_media])
01-01 08:00:01.284 0 0 I : [1 T1 ..] [drm] [meson_dummyl_dev_bind]-[190] called
01-01 08:00:01.285 0 0 E : [1 T1 ..] meson_dummyl_bind dummyl[0]
01-01 08:00:01.285 0 0 I : [1 T1 ..] meson drm-subsystem: bound dummy_venc (ops meson_dummyl_bind_ops [aml_media])
01-01 08:00:01.288 0 0 I : [1 T1 ..] [drm] logo_skip = 0
01-01 08:00:01.288 0 0 I : [1 T1 ..] [drm] allocate reserved mem
01-01 08:00:01.289 0 0 I : [1 T1 ..] [drm] of read reservememsize=0x800000--0x1f800000
01-01 08:00:01.290 0 0 I : [1 T1 ..] [drm] logo0 width=1920,height=1080,start_addr=0x0x000000001f800000,size=8388608
01-01 08:00:01.291 0 0 I : [1 T1 ..] [drm] Found Connector[13] mode[576cvbs]
01-01 08:00:01.292 0 0 I : [1 T1 ..] [drm] am_meson_crtc_atomic_enable-[0] in: new[576cvbs], old[], vmode[0-4], uboot[1]
01-01 08:00:01.293 0 0 I : [1 T1 ..] [drm] am_meson_crtc_atomic_enable-[0]: enable mode 576cvbs final vmode 1
01-01 08:00:01.294 0 0 I [1 T1 ..] cvbsout: mode is 1,sync_duration_den=1,sync_duration_num=50
01-01 08:00:01.295 0 0 I [1 T1 ..] cvbsout: clk_gate is already on
01-01 08:00:01.296 0 0 I : [1 T1 ..]
01-01 08:00:01.296 0 0 I [1 T1 ..] vdac_enable: 1, module_sel:0x8, private_flag:0x8
01-01 08:00:01.297 0 0 I [1 T1 ..] cvbsout: cvbs_vdac_output: 1
01-01 08:00:01.298 0 0 I [1 T1 ..] cvbsout: already display in uboot
01-01 08:00:01.298 0 0 I [1 T1 ..] DOLBY: vout_notify_callback: VOUT_EVENT_MODE_CHANGE
01-01 08:00:01.299 0 0 I : [1 T1 ..] vsync_pts_inc 1800 1/50
01-01 08:00:01.300 0 0 I : [1 T1 ..] [drm] meson_vout_update_mode_name: cvbs update vout 1 name 576cvbs.
01-01 08:00:01.313 0 0 I : [1 T1 ..] [drm] Initialized meson 2.0.0 20220603 for drm-subsystem on minor 0
01-01 08:00:01.315 0 0 I : [1 T1 ..] amfc_probe, socs:55, coherent:0, garbage page:397e, bounce:ffffffc00b1c8000, c:ffffff800397c800, d:ffffff800397c240
01-01 08:00:01.316 0 0 I : [1 T1 ..] AMFC VLSI version:100, feature:1, clk:666666656
01-01 08:00:01.493 0 0 I [1 T1 ..] fsck.f2fs: executing /system/bin/fsck.f2fs failed: Permission denied
01-01 08:00:01.493 0 0 I [1 T1 ..] fsck.f2fs: fsck.f2fs terminated by exit(255)
01-01 08:00:01.493 0 0 I : [1 T1 ..]
01-01 08:00:01.528 0 0 I : [1 T1 ..] F2FS-fs (mmcblk0p24): Mounted with checkpoint version = 25265f25
01-01 08:00:01.547 0 0 I [1 T1 ..] erofs: (device dm-0): mounted with root inode @ nid 59.
01-01 08:00:01.549 0 0 I [1 T1 ..] erofs: (device dm-4): mounted with root inode @ nid 39.
01-01 08:00:01.550 0 0 I [1 T1 ..] erofs: (device dm-6): mounted with root inode @ nid 38.
01-01 08:00:01.551 0 0 I [1 T1 ..] erofs: (device dm-1): mounted with root inode @ nid 46.
01-01 08:00:01.553 0 0 I [1 T1 ..] erofs: (device dm-2): mounted with root inode @ nid 39.
01-01 08:00:01.554 0 0 I [1 T1 ..] erofs: (device dm-3): mounted with root inode @ nid 40.
01-01 08:00:01.555 0 0 I [1 T1 ..] erofs: (device dm-5): mounted with root inode @ nid 40.
01-01 08:00:01.556 0 0 I [1 T1 ..] erofs: (device dm-7): mounted with root inode @ nid 38.
01-01 08:00:01.558 0 0 I : [1 T1 ..] EXT4-fs (mmcblk0p18): mounted filesystem with ordered data mode. Opts: barrier=1. Quota mode: none.
01-01 08:00:01.560 0 0 W : [1 T1 ..] EXT4-fs (mmcblk0p16): Ignoring removed nomblk_io_submit option
01-01 08:00:01.562 0 0 I : [1 T1 ..] EXT4-fs (mmcblk0p16): mounted filesystem with ordered data mode. Opts: nodelalloc,nomblk_io_submit,errors=panic. Quota mode: none.
01-01 08:00:01.563 0 0 I : [3 T83 ..] max high: 39
01-01 08:00:01.591 0 0 W [2 T1 ..] printk: init: 144 output lines suppressed due to ratelimiting
01-01 08:00:01.669 0 0 I [1 T1 ..] init: Opening SELinux policy
01-01 08:00:01.669 0 0 I [1 T1 ..] init: Falling back to standard signature check. TODO implement support for fsverity SEPolicy.
01-01 08:00:01.670 0 0 I [1 T1 ..] init: Error: Apex SEPolicy failed signature check
01-01 08:00:01.671 0 0 I [1 T1 ..] init: Loading APEX Sepolicy from /system/etc/selinux/apex/SEPolicy.zip
01-01 08:00:01.672 0 0 E [1 T1 ..] init: Failed to open package /system/etc/selinux/apex/SEPolicy.zip: No such file or directory
01-01 08:00:01.679 0 0 I [0 T1 ..] init: Loading SELinux policy
01-01 08:00:01.698 0 0 I [0 T1 ..] SELinux: Permission bpf in class capability2 not defined in policy.
01-01 08:00:01.698 0 0 I [0 T1 ..] SELinux: Permission checkpoint_restore in class capability2 not defined in policy.
01-01 08:00:01.700 0 0 I [0 T1 ..] SELinux: Permission bpf in class cap2_userns not defined in policy.
01-01 08:00:01.701 0 0 I [0 T1 ..] SELinux: Permission checkpoint_restore in class cap2_userns not defined in policy.
01-01 08:00:01.702 0 0 I [0 T1 ..] SELinux: Class mctp_socket not defined in policy.
01-01 08:00:01.703 0 0 I [0 T1 ..] SELinux: the above unknown classes and permissions will be denied
01-01 08:00:01.708 0 0 I [0 T1 ..] SELinux: policy capability network_peer_controls=1
01-01 08:00:01.709 0 0 I [0 T1 ..] SELinux: policy capability open_perms=1
01-01 08:00:01.709 0 0 I [0 T1 ..] SELinux: policy capability extended_socket_class=1
01-01 08:00:01.710 0 0 I [0 T1 ..] SELinux: policy capability always_check_network=0
01-01 08:00:01.711 0 0 I [0 T1 ..] SELinux: policy capability cgroup_seclabel=0
01-01 08:00:01.712 0 0 I [0 T1 ..] SELinux: policy capability nnp_nosuid_transition=1
01-01 08:00:01.713 0 0 I [0 T1 ..] SELinux: policy capability genfs_seclabel_symlinks=0
01-01 08:00:01.714 0 0 I [0 T1 ..] SELinux: policy capability ioctl_skip_cloexec=0
01-01 08:00:01.830 0 0 I [2 T1 ..] selinux: SELinux: Loaded file context from:
01-01 08:00:01.830 0 0 I [2 T1 ..] selinux: /system/etc/selinux/plat_file_contexts
01-01 08:00:01.831 0 0 I [2 T1 ..] selinux: /system_ext/etc/selinux/system_ext_file_contexts
01-01 08:00:01.832 0 0 I [2 T1 ..] selinux: /product/etc/selinux/product_file_contexts
01-01 08:00:01.837 0 0 W [1 T1 ..] printk: init: 2 output lines suppressed due to ratelimiting
01-01 08:00:01.852 0 0 I [1 T1 ..] init: init second stage started!
01-01 08:00:01.877 0 0 I [3 T1 ..] selinux: SELinux: Loaded file context from:
01-01 08:00:01.877 0 0 I [3 T1 ..] selinux: /system/etc/selinux/plat_file_contexts
01-01 08:00:01.878 0 0 I [3 T1 ..] selinux: /system_ext/etc/selinux/system_ext_file_contexts
01-01 08:00:01.879 0 0 I [3 T1 ..] selinux: /product/etc/selinux/product_file_contexts
01-01 08:00:01.880 0 0 I [3 T1 ..] selinux: /vendor/etc/selinux/vendor_file_contexts
01-01 08:00:01.899 0 0 I [3 T1 ..] init: Using Android DT directory /proc/device-tree/firmware/android/
01-01 08:00:01.903 0 0 E [3 T1 ..] init: Do not have permissions to set 'persist.bluetooth.btsnooplogmode' to 'disable' in property file '/system/build.prop': Property type check failed, value doesn't match expected type 'enum empty disabled filtered full'
01-01 08:00:01.909 0 0 W [2 T1 ..] init: Overriding previous property 'persist.bluetooth.btsnoopsize':'0xffff' with new value '0xfffffff'
01-01 08:00:01.916 0 0 W [2 T1 ..] init: Overriding previous property 'ro.sf.lcd_density':'320' with new value '240'
01-01 08:00:02.049 0 0 I [3 T142 ..] ueventd: ueventd started!
01-01 08:00:02.054 0 0 I [3 T142 ..] selinux: SELinux: Loaded file context from:
01-01 08:00:02.054 0 0 I [3 T142 ..] selinux: /system/etc/selinux/plat_file_contexts
01-01 08:00:02.055 0 0 I [3 T142 ..] selinux: /system_ext/etc/selinux/system_ext_file_contexts
01-01 08:00:02.056 0 0 I [3 T142 ..] selinux: /product/etc/selinux/product_file_contexts
01-01 08:00:02.057 0 0 I [3 T142 ..] selinux: /vendor/etc/selinux/vendor_file_contexts
01-01 08:00:02.058 0 0 I [3 T142 ..] ueventd: Parsing file /system/etc/ueventd.rc...
01-01 08:00:02.058 0 0 I [3 T142 ..] ueventd: Added '/vendor/etc/ueventd.rc' to import list
01-01 08:00:02.059 0 0 I [3 T142 ..] ueventd: Added '/odm/etc/ueventd.rc' to import list
01-01 08:00:02.061 0 0 I [1 T142 ..] ueventd: Parsing file /vendor/etc/ueventd.rc...
01-01 08:00:02.074 0 0 I [3 T143 ..] apexd: Bootstrap subcommand detected
01-01 08:00:02.074 0 0 E [3 T143 ..] cutils-trace: Error opening trace file: No such file or directory (2)
01-01 08:00:02.075 0 0 I [3 T143 ..] apexd-bootstrap: Scanning /system/apex for pre-installed ApexFiles
01-01 08:00:02.076 0 0 I [3 T143 ..] apexd-bootstrap: Found pre-installed APEX /system/apex/com.amlogic.mediaextractor.apex
01-01 08:00:02.080 0 0 I [3 T143 ..] apexd-bootstrap: Found pre-installed APEX /system/apex/com.android.adbd.capex
01-01 08:00:02.082 0 0 I [3 T143 ..] apexd-bootstrap: Found pre-installed APEX /system/apex/com.android.adservices.capex
01-01 08:00:02.085 0 0 I [3 T143 ..] apexd-bootstrap: Found pre-installed APEX /system/apex/com.android.apex.cts.shim.apex
01-01 08:00:02.087 0 0 I [3 T143 ..] apexd-bootstrap: Found pre-installed APEX /system/apex/com.android.appsearch.capex
01-01 08:00:02.089 0 0 I [3 T143 ..] apexd-bootstrap: Found pre-installed APEX /system/apex/com.android.art.capex
01-01 08:00:02.092 0 0 I [3 T143 ..] apexd-bootstrap: Found pre-installed APEX /system/apex/com.android.btservices.apex
01-01 08:00:03.100 0 0 I [2 T181 ..] loop0: detected capacity change from 0 to 34880
01-01 08:00:03.101 0 0 I [0 T184 ..] loop1: detected capacity change from 0 to 1616
01-01 08:00:03.108 0 0 I [0 T183 ..] loop2: detected capacity change from 0 to 7024
01-01 08:00:03.109 0 0 I [2 T182 ..] loop3: detected capacity change from 0 to 68064
01-01 08:00:03.131 0 0 I : [1 T184 ..] EXT4-fs (loop1): mounted filesystem without journal. Opts: (null). Quota mode: none.
01-01 08:00:03.137 0 0 I : [0 T183 ..] EXT4-fs (loop2): mounted filesystem without journal. Opts: (null). Quota mode: none.
01-01 08:00:03.137 0 0 I : [1 T181 ..] EXT4-fs (loop0): mounted filesystem without journal. Opts: (null). Quota mode: none.
01-01 08:00:03.145 0 0 I : [2 T182 ..] EXT4-fs (loop3): mounted filesystem without journal. Opts: (null). Quota mode: none.
01-01 08:00:03.158 0 0 W [2 T143 ..] printk: apexd: 49 output lines suppressed due to ratelimiting
01-01 08:00:03.221 0 0 W [2 T141 ..] protected_memory_allocator: loading out-of-tree module taints kernel.
01-01 08:00:03.223 0 0 E [2 T141 ..] [tee]: tee_pta_invoke_cmd invoke func failed, cmd = 0, ret= 0, res = 0xffff0006, origin = 0x4
01-01 08:00:03.223 0 0 E : [2 T141 ..] simple_protected_memory_allocator protected-memory-allocator: tee protect protected_memory fail!
01-01 08:00:03.225 0 0 I : [2 T141 ..] simple_protected_memory_allocator protected-memory-allocator: Protected memory allocator probed successfully
01-01 08:00:03.226 0 0 I : [2 T141 ..] simple_protected_memory_allocator protected-memory-allocator: Protected memory region: base=e5800000 num pages=0
01-01 08:00:03.237 0 0 W [1 T141 ..] amlogic_fbc_lib: module license 'Copyright (C) 2015 Amlogic, Inc. All rights reserved.' taints kernel.
01-01 08:00:03.237 0 0 W : [1 T141 ..] Disabling lock debugging due to kernel taint
01-01 08:00:03.239 0 0 W : [1 T141 ..] Kernel module BTF mismatch detected, BTF debug info may be unavailable for some modules
01-01 08:00:03.240 0 0 E : [1 T141 ..] register_amlogic_afbc_dec_fun
01-01 08:00:03.329 0 0 I : [1 T141 ..] cuva alg: 2024-01-17 V-0.3, cuvahdr2sdr proc with sdr path when >200nit init ok
01-01 08:00:03.331 0 0 I [2 T141 ..] hdr10_tmo_alg: hdr10_tmo_alg_driver_init insmod ok. v1.0_2023-2-14
01-01 08:00:03.361 0 0 I : [0 T200 ..] aml_crypto_dev fe440400.aml_dma:crypto: Aml crypto device (irq)
01-01 08:00:03.379 0 0 I [3 T200 ..] [wireless]: [wifi_dev_probe] wifi_pwm_tee = 0
01-01 08:00:03.379 0 0 I [3 T200 ..] [wireless]: [wifi_dev_probe] use double channel
01-01 08:00:03.396 0 0 I [3 T200 ..] [wireless]: [wifi_dev_probe] buf_level is :0
01-01 08:00:03.396 0 0 E [3 T200 ..] [wireless]: [dhd] STATIC-MSG) bcmdhd_init_wlan_mem : 101.10.361.31 (wlan=r892223-20230427-1)
01-01 08:00:03.397 0 0 E [3 T200 ..] [wireless]: [dhd] STATIC-MSG) dhd_init_wlan_mem : prealloc ok for index 0: 1583104(1546K)
01-01 08:00:03.399 0 0 I [3 T200 ..] [wireless]: amlogic rfkill init
01-01 08:00:03.400 0 0 I [2 T10 ..] input: input_btrcu as /devices/platform/aml_bt/input/input6
01-01 08:00:03.455 0 0 I [2 T200 ..] zram: Added device: zram0
01-01 08:00:03.473 0 0 I [0 T200 ..] usbcore: registered new interface driver rtl8150
01-01 08:00:03.479 0 0 I [1 T200 ..] usbcore: registered new device driver r8152-cfgselector
01-01 08:00:03.479 0 0 I [1 T200 ..] usbcore: registered new interface driver r8152
01-01 08:00:03.487 0 0 I [0 T200 ..] usbcore: registered new interface driver asix
01-01 08:00:03.491 0 0 I [0 T200 ..] usbcore: registered new interface driver ax88179_178a
01-01 08:00:03.494 0 0 I [0 T200 ..] usbcore: registered new interface driver cdc_ether
01-01 08:00:03.496 0 0 I [0 T200 ..] usbcore: registered new interface driver cdc_eem
01-01 08:00:03.500 0 0 I [0 T200 ..] usbcore: registered new interface driver cdc_ncm
01-01 08:00:03.503 0 0 I [0 T200 ..] usbcore: registered new interface driver aqc111
01-01 08:00:03.505 0 0 I [0 T200 ..] usbcore: registered new interface driver r8153_ecm
01-01 08:00:03.507 0 0 I [0 T200 ..] i2c_dev: i2c /dev entries driver
01-01 08:00:03.514 0 0 W [0 T200 ..] leds-gpio: probe of gpio_leds failed with error -2
01-01 08:00:03.525 0 0 W : [0 T200 ..] aml dvb init
01-01 08:00:03.538 0 0 D : [0 T200 ..]
01-01 08:00:03.538 0 0 W [0 T200 ..] DEBUG: dwc_otg_init:: dwc2_a init
01-01 08:00:03.538 0 0 W : [0 T200 ..]
01-01 08:00:03.543 0 0 I : [1 T200 ..] meson-vrtc fe010288.rtc: registered as rtc0
01-01 08:00:03.543 0 0 I : [1 T200 ..] meson-vrtc fe010288.rtc: setting system clock to 1970-01-01T00:00:03 UTC (3)
01-01 08:00:03.584 0 0 F : [2 T200 ..] Virtual kernel memory layout:
01-01 08:00:03.584 0 0 F [2 T200 ..] modules: 0xffffffc000000000 - 0xffffffc008000000 ( 128 MB)
01-01 08:00:03.585 0 0 F [2 T200 ..] vmalloc: 0xffffffc008000000 - 0xfffffffdf0000000 ( 247 GB)
01-01 08:00:03.586 0 0 F [2 T200 ..] fixed: 0xfffffffdfdbf9000 - 0xfffffffdfe000000 ( 4124 KB)
01-01 08:00:03.587 0 0 F : [2 T200 ..] PCI I/O : 0xfffffffdfe800000 - 0xfffffffdff800000 ( 16 MB)
01-01 08:00:03.588 0 0 F [2 T200 ..] vmemmap: 0xfffffffe00000000 - 0xffffffff00000000 ( 4 GB maximum)
01-01 08:00:03.595 0 0 I : [3 T200 ..] request usb_ctl pin: 472 ok !!
01-01 08:00:03.595 0 0 I : [3 T200 ..] load gpio drv ok !
01-01 08:00:03.596 0 0 I : [3 T200 ..] Shutdown notifier registered successfully
01-01 08:00:03.600 0 0 I : [0 T200 ..] [AML_WATERMARK] [ERROR] [Func: aml_watermark_driver_init, Line: 475] vxwm and ngwm both are disabled
01-01 08:00:03.619 0 0 I [3 T200 ..] [led]: aml_ledlight_init!
01-01 08:00:03.619 0 0 F [3 T200 ..] FD650: fd650_driver_init: FD650 Driver init.
01-01 08:00:03.620 0 0 F [3 T200 ..] FD655: fd655_driver_init: FD655 Driver init.
01-01 08:00:03.666 0 0 I : [3 T200 ..] meson8b-dwmac fe368000.ethernet: IRQ eth_wake_irq not found
01-01 08:00:03.666 0 0 I : [3 T200 ..] meson8b-dwmac fe368000.ethernet: IRQ eth_lpi not found
01-01 08:00:03.667 0 0 I : [3 T200 ..] meson8b-dwmac fe368000.ethernet: PTP uses main clock
01-01 08:00:03.669 0 0 I [2 T208 ..] aml_init_mm: ffffffc00a4e9f68
01-01 08:00:03.669 0 0 I : [0 T200 ..] meson8b-dwmac fe368000.ethernet: User ID: 0x50, Synopsys ID: 0x53
01-01 08:00:03.670 0 0 I : [0 T200 ..] meson8b-dwmac fe368000.ethernet: DWMAC4/5
01-01 08:00:03.671 0 0 I : [0 T200 ..] meson8b-dwmac fe368000.ethernet: DMA HW capability register supported
01-01 08:00:03.672 0 0 I : [0 T200 ..] meson8b-dwmac fe368000.ethernet: RX Checksum Offload Engine supported
01-01 08:00:03.673 0 0 I : [0 T200 ..] meson8b-dwmac fe368000.ethernet: TX Checksum insertion supported
01-01 08:00:03.674 0 0 I : [0 T200 ..] meson8b-dwmac fe368000.ethernet: Wake-Up On Lan supported
01-01 08:00:03.675 0 0 I : [0 T200 ..] meson8b-dwmac fe368000.ethernet: TSO supported
01-01 08:00:03.675 0 0 I : [0 T200 ..] meson8b-dwmac fe368000.ethernet: Enable RX Mitigation via HW Watchdog Timer
01-01 08:00:03.677 0 0 I : [0 T200 ..] meson8b-dwmac fe368000.ethernet: device MAC address 20:02:fe:19:c2:3f
01-01 08:00:03.678 0 0 I : [0 T200 ..] meson8b-dwmac fe368000.ethernet: Enabled L3L4 Flow TC (entries=1)
01-01 08:00:03.679 0 0 I : [0 T200 ..] meson8b-dwmac fe368000.ethernet: Enabled RFS Flow TC (entries=8)
01-01 08:00:03.680 0 0 I : [0 T200 ..] meson8b-dwmac fe368000.ethernet: Using 32 bits DMA width
01-01 08:00:03.682 0 0 I : [0 T200 ..] aml_cust_setting
01-01 08:00:03.682 0 0 I : [0 T200 ..] cover mc_val as 0x1621
01-01 08:00:03.682 0 0 I : [0 T200 ..] gpio 1
01-01 08:00:03.683 0 0 I [0 T200 ..] input: input_ethrcu as /devices/platform/soc/fe368000.ethernet/input/input7
01-01 08:00:03.784 0 0 I [0 T200 ..] usbcore: registered new interface driver aml_usbcam
01-01 08:00:03.892 0 0 I : [3 T200 ..] audio-ddr-manager fe330000.audiobus:ddr_manager: 0, irqs frddr 37
01-01 08:00:03.893 0 0 I : [3 T200 ..] audio-ddr-manager fe330000.audiobus:ddr_manager: 1, irqs frddr 38
01-01 08:00:03.894 0 0 I : [3 T200 ..] audio-ddr-manager fe330000.audiobus:ddr_manager: 2, irqs frddr 39
01-01 08:00:03.895 0 0 I : [3 T200 ..] audio-ddr-manager fe330000.audiobus:ddr_manager: 3, irqs frddr 40
01-01 08:00:03.898 0 0 I [3 T200 ..] [snd-soc]: extn_platform_probe, register soc platform
01-01 08:00:03.899 0 0 W : [3 T200 ..] snd_pdm fe330000.audiobus:pdm: Can't get pdm pinmux
01-01 08:00:03.899 0 0 I : [3 T200 ..] snd_pdm fe330000.audiobus:pdm: Can't retrieve xtal_clk clock
01-01 08:00:03.900 0 0 W : [3 T200 ..] snd_pdm fe330000.audiobus:pdm: no clk_src_cd clock for 44k case
01-01 08:00:03.902 0 0 W [3 T200 ..] [snd-soc]: failed to get data_lb_ratec
01-01 08:00:03.903 0 0 D [3 T200 ..] [snd-soc]: resample_platform_probe
01-01 08:00:03.903 0 0 D [3 T200 ..] [snd-soc]: resample_platform_probe sys-src clk rate from dts:491520000
01-01 08:00:03.903 0 0 W : [3 T200 ..] audioresample fe330000.audiobus:resample@0: no clk_src_cd clock for hifi1 case
01-01 08:00:03.903 0 0 I [3 T200 ..] [snd-soc]: new_resample_init: Start init new resample 0 parameters!
01-01 08:00:03.904 0 0 E : [3 T200 ..] Codec io: No support bus type 2 to write.
01-01 08:00:03.905 0 0 I [3 T200 ..] [snd-soc]: resample_clk_set:set hifi pll
01-01 08:00:03.906 0 0 I [3 T200 ..] [snd-soc]: resample_clk_set, resample_pll:491520000, sclk:12288000, clk:12288000
01-01 08:00:03.907 0 0 I [3 T200 ..] [snd-soc]: new_resample_set_ratio(), id = 0, phase_step = 0x10000000, input_sr = 48000, output_sr = 48000
01-01 08:00:03.907 0 0 I [3 T200 ..] [snd-soc]: resample id = 0, new resample = 2, resample_module = 8
01-01 08:00:03.940 0 0 I [0 T200 ..] [snd-soc]: Channel_Mask: lane_ss = 0
01-01 08:00:03.941 0 0 I [0 T200 ..] input: vad_keypad as /devices/platform/soc/fe330000.audiobus/fe330000.audiobus:vad/input/input8
01-01 08:00:03.944 0 0 E : [0 T200 ..] asoc-aml-card auge_sound: aml_card_dai_link_of, error dai-link idx:2, error getting codec dai, ret -517
01-01 08:00:03.952 0 0 E [0 T200 ..] [snd-soc]: aml_card_probe error ret:-517
01-01 08:00:03.954 0 0 E : [2 T8 ..] asoc-aml-card auge_sound: aml_card_dai_link_of, error dai-link idx:2, error getting codec dai, ret -517
01-01 08:00:03.955 0 0 E [2 T8 ..] [snd-soc]: aml_card_probe error ret:-517
01-01 08:00:03.956 0 0 E : [2 T8 ..] asoc-aml-card auge_sound: aml_card_dai_link_of, error dai-link idx:2, error getting codec dai, ret -517
01-01 08:00:03.957 0 0 E [2 T8 ..] [snd-soc]: aml_card_probe error ret:-517
01-01 08:00:03.961 0 0 I : [0 T200 ..] aml_codec_T9015 fe01a000.t9015: aml_T9015_audio_codec_probe
01-01 08:00:03.961 0 0 I [0 T200 ..] [snd-codec-t9015]: T9015 acodec tdmout index:2
01-01 08:00:03.963 0 0 E : [2 T8 ..] asoc-aml-card auge_sound: IRQ audio_exception64 not found
01-01 08:00:03.964 0 0 I [2 T8 ..] [snd-codec-t9015]: no call standard reset interface
01-01 08:00:03.967 0 0 W : [0 T200 ..] es8156_modinit enter
01-01 08:00:03.967 0 0 W : [0 T200 ..] es8156_i2c_probe start
01-01 08:00:03.972 0 0 E : [0 T200 ..] es8156 2-0008: failed to read i2c at addr 8
01-01 08:00:03.980 0 0 I : [2 T70 ..] lcd vlock_en=0, vlock_mode=0x8 i=101
01-01 08:00:04.233 0 0 D [0 T8 ..] [snd-soc]: spdifout_play_with_zerodata_free, spdif id:0
01-01 08:00:04.234 0 0 D [0 T8 ..] [snd-soc]: spdifout_play_with_zerodata_free, spdif id:1
01-01 08:00:04.234 0 0 I [0 T8 ..] [snd-soc]:
01-01 08:00:04.234 0 0 I : [0 T8 ..] loopback_dai_set_sysclk, 0, 12288000, 0
01-01 08:00:04.234 0 0 I [0 T8 ..] [snd-soc]: asoc loopback_dai_set_fmt, 0x4010, 0000000015677f95
01-01 08:00:04.237 0 0 W [0 T8 ..] [snd-soc]: no node audio_effect for eq/drc info!
01-01 08:00:04.300 0 0 I [1 T216 ..] servicemanager: Starting sm instance on /dev/binder
01-01 08:00:04.305 0 0 W [3 T216 ..] SELinux: Multiple same specifications for tv_remote.
01-01 08:00:04.306 0 0 I [3 T216 ..] SELinux: SELinux: Loaded service context from:
01-01 08:00:04.306 0 0 I [3 T216 ..] SELinux: /system/etc/selinux/plat_service_contexts
01-01 08:00:04.307 0 0 I [3 T216 ..] SELinux: /system_ext/etc/selinux/system_ext_service_contexts
01-01 08:00:04.308 0 0 I [3 T216 ..] SELinux: /product/etc/selinux/product_service_contexts
01-01 08:00:04.309 0 0 I [3 T216 ..] SELinux: /vendor/etc/selinux/vendor_service_contexts
01-01 08:00:04.375 0 0 I [0 T141 ..] [efuse-unifykey]: already inited!
01-01 08:00:04.379 0 0 I [3 T214 ..] logd.auditd: start
01-01 08:00:04.389 0 0 I [1 T214 ..] logd: Loaded bug_map file: /system_ext/etc/selinux/bug_map
01-01 08:00:04.403 0 0 I [1 T214 ..] logd: Loaded bug_map file: /vendor/etc/selinux/selinux_denial_metadata
01-01 08:00:04.411 0 0 I : [3 T10 ..] mali fd000000.valhall: Kernel DDK version r44p1-01eac0
01-01 08:00:04.412 0 0 I : [3 T10 ..] mali fd000000.valhall: GPU metrics tracepoint support enabled
01-01 08:00:04.413 0 0 I [1 T214 ..] logd: Loaded bug_map file: /system/etc/selinux/bug_map
01-01 08:00:04.414 0 0 I : [3 T10 ..] mali fd000000.valhall: r0p0 status 1 not found in HW issues table;
01-01 08:00:04.415 0 0 I : [3 T10 ..] mali fd000000.valhall: falling back to closest match: r0p0 status 0
01-01 08:00:04.416 0 0 I : [3 T10 ..] mali fd000000.valhall: Execution proceeding normally with fallback match
01-01 08:00:04.417 0 0 I : [3 T10 ..] mali fd000000.valhall: GPU identified as 0x4 arch 10.12.7 r0p0 status 1
01-01 08:00:04.418 0 0 I : [3 T10 ..] mali fd000000.valhall: No priority control manager is configured
01-01 08:00:04.419 0 0 I : [3 T10 ..] mali fd000000.valhall: No memory group manager is configured
01-01 08:00:04.420 0 0 I : [3 T10 ..] mali fd000000.valhall: Protected memory allocator not available
01-01 08:00:04.421 0 0 I : [3 T10 ..] mali fd000000.valhall: Using coherency mode 31 set from dtb
01-01 08:00:04.452 0 0 I : [1 T10 ..] mali fd000000.valhall: Probed as mali0
01-01 08:00:04.472 0 0 I [3 T141 ..] init: wait for '/dev/audio_utils' took 0ms
01-01 08:00:04.473 0 0 I [3 T141 ..] init: wait for '/dev/dolby_fw' took 0ms
01-01 08:00:04.473 0 0 I [3 T141 ..] init: wait for '/odm/lib/ms12' took 0ms
01-01 08:00:04.586 0 0 E [0 T216 ..] cutils-trace: Error opening trace file: Permission denied (13)
01-01 08:00:04.672 0 0 I [1 T141 ..] [media_clock]: dos_register_probe, res start fe320000, end fe32ffff, iomap: ffffffc00bf40000
01-01 08:00:04.673 0 0 I [1 T141 ..] [media_clock]: dos_register_probe, res start fe036000, end fe037fff, iomap: ffffffc00bcf6000
01-01 08:00:04.674 0 0 E [1 T141 ..] [media_clock]: of_address_to_resource failed
01-01 08:00:04.674 0 0 I [1 T141 ..] [media_clock]: initial_dos_device end, chip 71(0)
01-01 08:00:04.675 0 0 D [1 T141 ..] [media_clock]: set_clock_gate get hevc_mux_str
01-01 08:00:04.675 0 0 D [1 T141 ..] [media_clock]: set_clock_gate get hcodec mux
01-01 08:00:04.675 0 0 D [1 T141 ..] [media_clock]: set_clock_gate get vdec mux
01-01 08:00:04.680 0 0 I [3 T141 ..] [firmware]: read format in dts failed, ret = -22
01-01 08:00:04.717 0 0 E : [1 T141 ..] vdec vdec: Get pwrc-vdec-2 failed, pm-domain: 0
01-01 08:00:04.717 0 0 E : [1 T141 ..] vdec vdec: Get pwrc-hevcb failed, pm-domain: 0
01-01 08:00:04.718 0 0 E : [1 T141 ..] vdec vdec: Get pwrc-wave failed, pm-domain: 0 --------- beginning of system
01-01 08:00:04.712 232 232 I vold : Vold 3.0 (the awakening) firing up
01-01 08:00:04.713 232 232 D vold : Detected support for: ext4 f2fs vfat
01-01 08:00:04.739 0 0 E : [0 T141 ..] Amlogic A/V streaming port init
01-01 08:00:04.737 232 232 D vold : VoldNativeService::start() completed OK
01-01 08:00:04.872 0 0 I : [1 T8 ..] [TEE] E/TC:? 00 tee_rpmb_verify_key_sync_counter:1008 Verify key returning 0xffff0008
01-01 08:00:04.872 0 0 I : [1 T8 ..] [TEE] E/TA: MM-module-name:VDEC TA,Version:1.0.21-g006fb97(build:6823)
01-01 08:00:04.873 0 0 I : [1 T8 ..] [TEE] M/TA: support scs verify chip. 71
01-01 08:00:04.874 0 0 I : [1 T8 ..] [TEE] E/TA: fw_check_pack_version:301 the package has 17 fws totally.
01-01 08:00:04.875 0 0 I : [1 T8 ..] [TEE] E/TA: fw_check_pack_version:318 The TA ver is v1.0
01-01 08:00:04.876 0 0 I : [1 T8 ..] [TEE] E/TA: fw_check_pack_version:319 The fw ver is v0.4
01-01 08:00:04.877 0 0 I : [1 T8 ..] [TEE] E/TA: fw_data_insert:403 the fw with 372 KB will be loaded.
01-01 08:00:04.878 0 0 I : [1 T8 ..] [TEE] M/TA: TEE_Video_Load_FW success
01-01 08:00:04.892 0 0 I [2 T1 ..] tune2fs: tune2fs 1.46.6 (1-Feb-2023)
01-01 08:00:04.897 0 0 I [3 T1 ..] tune2fs: Warning: The journal is dirty. You may wish to replay the journal like:
01-01 08:00:04.898 0 0 I [3 T1 ..] tune2fs:
01-01 08:00:04.898 0 0 I [3 T1 ..] tune2fs: e2fsck -E journal_only /dev/block/by-name/param
01-01 08:00:04.899 0 0 I [3 T1 ..] tune2fs:
01-01 08:00:04.899 0 0 I [3 T1 ..] tune2fs: then rerun this command. Otherwise, any changes made may be overwritten
01-01 08:00:04.901 0 0 I [3 T1 ..] tune2fs: by journal recovery.
01-01 08:00:04.901 0 0 I [3 T1 ..] tune2fs: Cannot enable project quota; inode size too small.
01-01 08:00:04.904 0 0 I [3 T1 ..] tune2fs: tune2fs terminated by exit(1)
01-01 08:00:04.904 0 0 I : [3 T1 ..]
01-01 08:00:04.921 0 0 W : [0 T1 ..] EXT4-fs (mmcblk0p15): Ignoring removed nomblk_io_submit option
01-01 08:00:04.936 0 0 I [0 T216 ..] servicemanager: getDeviceHalManifest: Reading VINTF information.
01-01 08:00:04.942 0 0 I [0 T216 ..] servicemanager: getDeviceHalManifest: Successfully processed VINTF information
01-01 08:00:05.028 0 0 I : [1 T1 ..] EXT4-fs (mmcblk0p15): recovery complete
01-01 08:00:05.029 0 0 I : [1 T1 ..] EXT4-fs (mmcblk0p15): mounted filesystem with ordered data mode. Opts: errors=remount-ro,nomblk_io_submit. Quota mode: none.
01-01 08:00:05.067 0 0 I [0 T1 ..] e2fsck: e2fsck 1.46.6 (1-Feb-2023)
01-01 08:00:05.100 0 0 W : [3 T1 ..] EXT4-fs (mmcblk0p15): Ignoring removed nomblk_io_submit option
01-01 08:00:05.105 0 0 I : [2 T1 ..] EXT4-fs (mmcblk0p15): mounted filesystem with ordered data mode. Opts: nodelalloc,nomblk_io_submit,errors=panic. Quota mode: none.
01-01 08:00:05.111 0 0 W : [3 T1 ..] EXT4-fs (mmcblk0p9): Ignoring removed nomblk_io_submit option
01-01 08:00:05.118 0 0 I : [0 T1 ..] EXT4-fs (mmcblk0p9): recovery complete
01-01 08:00:05.119 0 0 I : [1 T1 ..] EXT4-fs (mmcblk0p9): mounted filesystem with ordered data mode. Opts: errors=remount-ro,nomblk_io_submit. Quota mode: none.
01-01 08:00:05.160 0 0 W : [1 T1 ..] EXT4-fs (mmcblk0p9): Ignoring removed nomblk_io_submit option
01-01 08:00:05.162 0 0 I : [2 T1 ..] EXT4-fs (mmcblk0p9): mounted filesystem with ordered data mode. Opts: nodelalloc,nomblk_io_submit,errors=panic. Quota mode: none.
01-01 08:00:05.169 0 0 W : [1 T1 ..] FAT-fs (mmcblk0p4): Volume was not properly unmounted. Some data may be corrupt. Please run fsck.
01-01 08:00:05.370 0 0 I : [2 T266 ..] mali fd000000.valhall: Loading Mali firmware 0x1010000
01-01 08:00:05.373 0 0 E : [2 T266 ..] mali fd000000.valhall: Protected memory allocator not found, Firmware protected mode entry will not be supported
01-01 08:00:05.374 0 0 I : [2 T266 ..] mali fd000000.valhall: Mali firmware git_sha: 7f8e423cba190d559c9c79e71e47d07beb193793
01-01 08:00:05.464 0 0 I [2 T275 ..] android.hardware.boot-service: boot_ctrl.roll_flag =
01-01 08:00:05.466 0 0 I [2 T275 ..] android.hardware.boot-service: IBootControl AIDL service running...
01-01 08:00:05.479 232 232 I vold : Using AIDL version of IBootControl
01-01 08:00:05.490 0 0 D [2 T282 ..] vdc: Waited 0ms for vold
01-01 08:00:05.492 0 0 I [2 T275 ..] android.hardware.boot-service: sys.boot_completed:
01-01 08:00:05.501 274 274 I keystore2: system/security/keystore2/src/keystore2_main.rs:61 - Keystore2 is starting.
01-01 08:00:05.501 274 274 I keystore2: system/security/keystore2/src/keystore2_main.rs:67 - Setting up sqlite logging for keystore2
01-01 08:00:05.505 274 274 W keystore2: system/security/keystore2/src/metrics_store.rs:577 - In update_keystore_crash_sysprop: Failed to read the existing system property due to: system/security/keystore2/src/metrics_store.rs:608: Property not set..Therefore, keystore crashes will not be logged.
01-01 08:00:05.507 232 232 D vold : fscrypt_mount_metadata_encrypted: /data encrypt: 0 format: 0 with null block device: /dev/block/by-name/userdata and zoned device:
01-01 08:00:05.507 232 232 D vold : metadata_key_dir/key: /metadata/vold/metadata_encryption/key
01-01 08:00:05.519 0 0 D [2 T283 ..] vdc: Waited 0ms for vold
01-01 08:00:05.509 274 274 I keystore2: system/security/keystore2/src/keystore2_main.rs:97 - Starting thread pool now.
01-01 08:00:05.509 232 232 D vold : Key exists, using: /metadata/vold/metadata_encryption/key
01-01 08:00:05.513 274 274 I keystore2: system/security/keystore2/src/globals.rs:256 - KeyMint device is current version (Some(300)) for security level: r#TRUSTED_ENVIRONMENT
01-01 08:00:05.525 274 274 I keystore2: system/security/keystore2/src/keystore2_main.rs:152 - Successfully registered Keystore 2.0 service.
01-01 08:00:05.526 274 274 I keystore2: system/security/keystore2/src/keystore2_main.rs:154 - Joining thread pool now.
01-01 08:00:05.526 274 284 I keystore2: system/security/keystore2/src/shared_secret_negotiation.rs:47 - Shared secret negotiation concluded successfully.
01-01 08:00:05.528 232 232 D vold : Mounting metadata-encrypted filesystem:/data
01-01 08:00:05.531 232 232 I vold : [libfs_mgr] Running /system/bin/fsck.f2fs -a -c 10000 --debug-cache /dev/block/dm-41
01-01 08:00:05.534 274 284 I keystore2: system/security/keystore2/src/shared_secret_negotiation.rs:294 - No StrongBox Keymint available, so no RoT transfer
01-01 08:00:05.561 0 0 I [1 T232 ..] fsck.f2fs: Info: Fix the reported corruption.
01-01 08:00:05.562 0 0 I [1 T232 ..] fsck.f2fs: Info: not exist /proc/version!
01-01 08:00:05.563 0 0 I [3 T232 ..] fsck.f2fs: Info: MKFS version
01-01 08:00:05.563 0 0 I [3 T232 ..] fsck.f2fs: "5.15.170-android14-11-gce7825878084-dirty"
01-01 08:00:05.564 0 0 I [3 T232 ..] fsck.f2fs: Info: FSCK version
01-01 08:00:05.565 0 0 I [3 T232 ..] fsck.f2fs: from "5.15.170-android14-11-gce7825878084-dirty"
01-01 08:00:05.566 0 0 I [3 T232 ..] fsck.f2fs: to "5.15.170-android14-11-gce7825878084-dirty"
01-01 08:00:05.567 0 0 I [3 T232 ..] fsck.f2fs: Info: superblock features = 1499 : encrypt verity extra_attr project_quota quota_ino casefold
01-01 08:00:05.568 0 0 I [3 T232 ..] fsck.f2fs: Info: superblock encrypt level = 0, salt = 00000000000000000000000000000000
01-01 08:00:05.569 0 0 I [3 T232 ..] fsck.f2fs: Info: Segments per section = 1
01-01 08:00:05.673 0 0 I : [1 T232 ..] F2FS-fs (dm-41): Using encoding defined by superblock: utf8-12.1.0 with flags 0x0
01-01 08:00:05.742 232 232 I vold : [libfs_mgr] __mount(source=/dev/block/dm-41,target=/data,type=f2fs)=0: Success
01-01 08:00:05.743 232 232 D vold : Mounted /data
01-01 08:00:05.754 0 0 I : [1 T232 ..] F2FS-fs (dm-41): Mounted with checkpoint version = 25269cf3
01-01 08:00:05.781 0 0 I [3 T1 ..] zram0: detected capacity change from 0 to 2485312
01-01 08:00:05.801 0 0 I : [3 T1 ..] Adding 1242652k swap on /dev/block/zram0. Priority:-2 extents:1 across:1242652k SS
01-01 08:00:05.817 232 232 I Checkpoint: cp_prepareCheckpoint called
01-01 08:00:05.840 232 232 I vold : fscrypt_initialize_systemwide_keys
01-01 08:00:05.841 232 232 D vold : Key exists, using: /data/unencrypted/key
01-01 08:00:05.852 0 0 D [0 T305 ..] vdc: Waited 0ms for vold
01-01 08:00:05.846 232 232 D vold : Installed fscrypt key with ref bd04aebcce2873fb42fa7c56aea6adb5 to /data
01-01 08:00:05.847 232 232 D vold : Added fscrypt-provisioning key for bd04aebcce2873fb42fa7c56aea6adb5 to session keyring
01-01 08:00:05.848 232 232 I vold : Wrote system DE key reference to:/data/unencrypted/ref
01-01 08:00:05.848 232 232 D vold : Generating standard storage key
01-01 08:00:05.848 232 232 D vold : Installed fscrypt key with ref faa9b436eb31270367b7660626500409 to /data
01-01 08:00:05.848 232 232 D vold : Added fscrypt-provisioning key for faa9b436eb31270367b7660626500409 to session keyring
01-01 08:00:05.849 232 232 I vold : Wrote per boot key reference to:/data/unencrypted/per_boot_ref
01-01 08:00:05.864 0 0 I [1 T1 ..] fscrypt: AES-256-CTS-CBC using implementation "cts-cbc-aes-ce"
01-01 08:00:05.867 0 0 I [1 T1 ..] fscrypt: AES-256-XTS using blk-crypto-fallback
01-01 08:00:05.883 0 0 I : [0 T302 ..] vt session 302-0 create
01-01 08:00:05.892 0 0 I : [1 T302 ..] [DV] module not install
01-01 08:00:05.890 232 232 I incfs : Initial API level of the device: 34
01-01 08:00:05.890 232 232 I incfs : ro.incremental.enable: yes
01-01 08:00:05.890 232 232 I incfs : isFsAvailable: true
01-01 08:00:05.890 232 232 I incfs : isFsAvailable: true
01-01 08:00:05.891 232 232 I incfs : IncFs_Features: v2
01-01 08:00:05.892 274 285 I keystore2: system/security/keystore2/src/maintenance.rs:206 - In early_boot_ended.
01-01 08:00:05.902 274 285 I keystore2: system/security/keystore2/src/globals.rs:66 - Touching Keystore 2.0 database for this first time since boot.
01-01 08:00:05.902 274 285 I keystore2: system/security/keystore2/src/globals.rs:68 - Calling cleanup leftovers.
01-01 08:00:05.903 274 285 I keystore2: system/security/keystore2/src/boot_level_keys.rs:57 - ro.keystore.boot_level_key.strategy not set, inferring from installed KM instances
01-01 08:00:05.903 274 285 I keystore2: system/security/keystore2/src/boot_level_keys.rs:115 - In get_level_zero_key: security_level=r#SOFTWARE, deny_later_strategy=EarlyBootOnly
01-01 08:00:05.908 274 285 I keystore2: system/security/keystore2/src/super_key.rs:293 - Starting boot level watcher.
01-01 08:00:05.908 274 285 I keystore2: system/security/keystore2/src/maintenance.rs:187 - Call to earlyBootEnded succeeded for security level TRUSTED_ENVIRONMENT.
01-01 08:00:05.908 274 318 I keystore2: system/security/keystore2/src/super_key.rs:325 - Read keystore.boot_level value 30
01-01 08:00:05.909 274 318 I keystore2: system/security/keystore2/src/super_key.rs:325 - Read keystore.boot_level value 30
01-01 08:00:05.910 274 285 E keystore2: system/security/keystore2/src/maintenance.rs:192 - Call to earlyBootEnded failed for security level STRONGBOX: system/security/keystore2/src/maintenance.rs:167: getting keymint device.
01-01 08:00:05.910 274 285 E keystore2: system/security/keystore2/src/error.rs:180 - system/security/keystore2/src/maintenance.rs:167: getting keymint device
01-01 08:00:05.910 274 285 E keystore2:
01-01 08:00:05.910 274 285 E keystore2: Caused by:
01-01 08:00:05.910 274 285 E keystore2: 0: system/security/keystore2/src/globals.rs:335: Cannot connect to Keymint
01-01 08:00:05.910 274 285 E keystore2: 1: system/security/keystore2/src/globals.rs:246: Trying to get Legacy wrapper.
01-01 08:00:05.910 274 285 E keystore2: 2: Error::Km(r#HARDWARE_TYPE_UNAVAILABLE)
01-01 08:00:05.910 232 232 E vold : keystore2 Keystore earlyBootEnded returned service specific error: -68
01-01 08:00:05.923 0 0 E [3 T232 ..] vold: keystore2 Keystore earlyBootEnded returned service specific error: -68
01-01 08:00:05.950 0 0 I [2 T226 ..] logd: logd reinit
01-01 08:00:05.961 0 0 I [3 T320 ..] apexd: Scanning /system/apex for pre-installed ApexFiles
01-01 08:00:05.962 0 0 I [3 T320 ..] apexd: Found pre-installed APEX /system/apex/com.amlogic.mediaextractor.apex
01-01 08:00:05.963 0 0 I [3 T320 ..] apexd: Found pre-installed APEX /system/apex/com.android.adbd.capex
01-01 08:00:05.964 0 0 I [3 T320 ..] apexd: Found pre-installed APEX /system/apex/com.android.adservices.capex
01-01 08:00:05.965 0 0 I [3 T320 ..] apexd: Found pre-installed APEX /system/apex/com.android.apex.cts.shim.apex
01-01 08:00:05.966 0 0 I [3 T320 ..] apexd: Found pre-installed APEX /system/apex/com.android.appsearch.capex
01-01 08:00:05.967 0 0 I [3 T320 ..] apexd: Found pre-installed APEX /system/apex/com.android.art.capex
01-01 08:00:05.968 0 0 I [3 T320 ..] apexd: Found pre-installed APEX /system/apex/com.android.btservices.apex
01-01 08:00:05.969 0 0 I [3 T320 ..] apexd: Found pre-installed APEX /system/apex/com.android.configinfrastructure.capex
01-01 08:00:05.971 0 0 I [3 T320 ..] apexd: Found pre-installed APEX /system/apex/com.android.conscrypt.capex
01-01 08:00:06.017 0 0 I : [1 T281 ..] video_composer_open iminor(inode) =0
01-01 08:00:06.017 0 0 I [1 T281 ..] vc: [0]vd_render_index_get: render_index is 0.
01-01 08:00:06.018 0 0 I [1 T281 ..] vc: [0]get capability: min 64 64; max 4096 2160
01-01 08:00:06.018 0 0 I : [1 T281 ..] video_composer_open iminor(inode) =1
01-01 08:00:06.019 0 0 I [1 T281 ..] vc: [1]vd_render_index_get: render_index is 1.
01-01 08:00:06.020 0 0 I [1 T281 ..] vc: [1]get capability: min 64 64; max 2048 1080
01-01 08:00:06.025 0 0 I [1 T281 ..] vc: [0]get capability: min 64 64; max 4096 2160
01-01 08:00:06.025 0 0 I [1 T281 ..] vc: [1]get capability: min 64 64; max 2048 1080
01-01 08:00:06.030 0 0 I [1 T281 ..] vout: enable display/debug to set voutmode.
01-01 08:00:06.113 0 0 I [2 T351 ..] loop4: detected capacity change from 0 to 536
01-01 08:00:06.114 0 0 I [0 T353 ..] loop5: detected capacity change from 0 to 25264
01-01 08:00:06.115 0 0 I [3 T352 ..] loop6: detected capacity change from 0 to 10392
01-01 08:00:06.116 0 0 I [1 T354 ..] loop7: detected capacity change from 0 to 20400
01-01 08:00:06.140 0 0 I : [3 T353 ..] EXT4-fs (loop5): mounted filesystem without journal. Opts: (null). Quota mode: none.
01-01 08:00:06.142 0 0 I [3 T353 ..] loop8: detected capacity change from 0 to 38416
01-01 08:00:06.147 0 0 I : [0 T351 ..] EXT4-fs (loop4): mounted filesystem without journal. Opts: (null). Quota mode: none.
01-01 08:00:06.147 0 0 I : [3 T352 ..] EXT4-fs (loop6): mounted filesystem without journal. Opts: (null). Quota mode: none.
01-01 08:00:06.151 0 0 I [0 T352 ..] loop9: detected capacity change from 0 to 576
01-01 08:00:06.151 0 0 I [3 T351 ..] loop10: detected capacity change from 0 to 2224
01-01 08:00:06.156 0 0 I : [1 T354 ..] EXT4-fs (loop7): mounted filesystem without journal. Opts: (null). Quota mode: none.
01-01 08:00:06.158 0 0 I [1 T354 ..] loop11: detected capacity change from 0 to 4320
01-01 08:00:06.163 0 0 I : [0 T353 ..] EXT4-fs (loop8): mounted filesystem without journal. Opts: (null). Quota mode: none.
01-01 08:00:06.166 0 0 I [0 T353 ..] loop12: detected capacity change from 0 to 7024
01-01 08:00:06.171 0 0 I : [0 T351 ..] EXT4-fs (loop10): mounted filesystem without journal. Opts: (null). Quota mode: none.
01-01 08:00:06.172 0 0 I : [1 T352 ..] EXT4-fs (loop9): mounted filesystem without journal. Opts: (null). Quota mode: none.
01-01 08:00:06.174 0 0 I [0 T351 ..] loop13: detected capacity change from 0 to 68064
01-01 08:00:06.174 0 0 I [1 T352 ..] loop14: detected capacity change from 0 to 1048
01-01 08:00:06.179 0 0 I : [3 T353 ..] EXT4-fs (loop12): mounted filesystem without journal. Opts: (null). Quota mode: none.
01-01 08:00:06.180 0 0 I : [3 T354 ..] EXT4-fs (loop11): mounted filesystem without journal. Opts: (null). Quota mode: none.
01-01 08:00:06.181 0 0 I [0 T353 ..] loop15: detected capacity change from 0 to 1616
01-01 08:00:06.182 0 0 I [3 T354 ..] loop16: detected capacity change from 0 to 34880
01-01 08:00:06.199 0 0 I : [1 T351 ..] EXT4-fs (loop13): mounted filesystem without journal. Opts: (null). Quota mode: none.
01-01 08:00:06.201 0 0 I [1 T351 ..] loop17: detected capacity change from 0 to 6248
01-01 08:00:06.203 0 0 I : [0 T352 ..] EXT4-fs (loop14): mounted filesystem without journal. Opts: (null). Quota mode: none.
01-01 08:00:06.205 0 0 I [0 T352 ..] loop18: detected capacity change from 0 to 8896
01-01 08:00:06.208 0 0 I : [1 T353 ..] EXT4-fs (loop15): mounted filesystem without journal. Opts: (null). Quota mode: none.
01-01 08:00:06.209 0 0 I [1 T353 ..] loop19: detected capacity change from 0 to 39832
01-01 08:00:06.212 0 0 I : [0 T354 ..] EXT4-fs (loop16): mounted filesystem without journal. Opts: (null). Quota mode: none.
01-01 08:00:06.214 0 0 I [0 T354 ..] loop20: detected capacity change from 0 to 5656
01-01 08:00:06.215 0 0 I : [1 T351 ..] EXT4-fs (loop17): mounted filesystem without journal. Opts: (null). Quota mode: none.
01-01 08:00:06.217 0 0 I [0 T351 ..] loop21: detected capacity change from 0 to 50632
01-01 08:00:06.222 0 0 I [1 T352 ..] device-mapper: verity: sha256 using implementation "sha256-ce"
