06-25 18:28:02.923 1011 1229 I bt_stack: [INFO:le_scanning_manager.cc(168)] Scan in shim layer stopped
06-25 18:28:02.923 1011 1134 I bluetooth: packages/modules/Bluetooth/system/gd/hci/le_address_manager.cc:193 unregister_client: Client unregistered
06-25 18:28:02.923 1011 1229 D BtGatt.ScanManager: configureRegularScanParams() - queue=0
06-25 18:28:02.923 1011 1229 D BtGatt.ScanManager: configureRegularScanParams() - queue empty, scan stopped
06-25 18:28:02.925 1011 1442 D BtGatt.GattService: unregisterScanner() - scannerId=1
06-25 18:28:02.925 1011 1442 I bt_stack: [INFO:le_scanning_manager.cc(162)] Unregister in shim layer, scanner_id:1
06-25 18:28:02.925 1362 1580 E dangbei111: cccccc rc is connected, stop scan =E4:BB:D3:57:C0:78
06-25 18:28:03.044 454 643 I vaudio_apps:
06-25 18:28:03.044 Nano_DevsEvent(333): list { 'add', 'hidraw0' }
06-25 18:28:03.044 454 640 I vaudio_apps:
06-25 18:28:03.044 Nano_HidrawOpen(1581): Match Dev Fail!!!
06-25 18:28:03.045 454 640 I vaudio_apps:
06-25 18:28:03.045 Nano_EventHandle(240): [0]Device Unkown
06-25 18:28:03.823 3453 3453 I Player::Player(): create success
06-25 18:28:03.823 3453 3453 I virtual Player *IPlayerBuilder::build(): build success playType:0, demuxType:0 decodeType:0
06-25 18:28:03.823 3453 3453 I void Player::setBufferSize(int): setBufferSize success 300
06-25 18:28:03.823 3453 3453 D void PlayerProxy::setDynamicExchangeSurface(long, bool): Player setDynamicExchangeSurface:1
06-25 18:28:03.823 3453 3453 I void PlayerProxy::enableSmoothLoop(long, bool): enable smooth: 0
06-25 18:28:03.823 3453 3453 I void PlayerProxy::enableListSmoothLoop(long, bool): enable list smooth: 1
06-25 18:28:03.823 3453 3453 I void PlayerProxy::initWindow(long, void *): start init window
06-25 18:28:03.823 3453 3453 I void PlayerProxy::initWindow(long, void *): init window success
06-25 18:28:03.824 3453 3791 D LeradPlayer: open: /data/user/0/com.dangbei.lerad.screensaver/files/download/61/city_1.mp4
06-25 18:28:03.824 3453 3791 D void Thread::stop(): Thread-Player start stop
06-25 18:28:03.824 3453 3791 D void Thread::stop(): Thread-Player stop success
06-25 18:28:03.824 3453 3791 I void Player::setState(PLAYER_STATE): state changed newState: 7 oldState: 0
06-25 18:28:03.824 3453 3791 D LeradPlayer: player newState: 7 oldState: 0
06-25 18:28:03.824 3453 3791 I void Player::close(): close success
06-25 18:28:03.824 3453 3791 I void Player::setState(PLAYER_STATE): state changed newState: 1 oldState: 7
06-25 18:28:03.825 3453 3791 D LeradPlayer: player newState: 1 oldState: 7
06-25 18:28:03.828 3453 3791 I virtual bool FFDemuxer::open(const char *): open success
06-25 18:28:03.828 3453 3791 D virtual bool FFDemuxer::open(const char *): use avformat_find_stream_info
06-25 18:28:03.828 3453 3791 E virtual bool FFDemuxer::open(const char *): has valid video size: 1 1 0
06-25 18:28:03.829 3453 3791 I void FFDemuxer::selectDefaultTrack(): audioStreamIndex: -1 audioTrackCount: 0 videoStreamIndex: 0 videoTrackCount: 1 subtitleStreamIndex: -1 subtitleTrackCount: 0
06-25 18:28:03.829 3453 3791 I virtual void IDemuxer::pause(bool): pause success 0
06-25 18:28:03.829 3453 3791 E void Player::open(const char *, int, int, int): audioDecoder open failed
06-25 18:28:03.829 3453 3791 I virtual StreamInfo FFDemuxer::getVideoStreamInfo(): video width: 1920 video height: 1080 video pixelFormat: 0 fps: 30
06-25 18:28:03.829 3453 3791 I bool DecoderBridge::initMediaCodec(const char *, int, int, int, uint8_t *, int, std::vector start codec:2 secure:0 isAudio:0
06-25 18:28:03.835 460 558 V C2VendorComponentStore: init libPath:libcodec2_aml_video_decoder.so --> isAudio:0, createFactoryName:CreateC2VdecH265Factory
06-25 18:28:03.835 460 558 V C2VdecComponent: create component H265 secure:0
06-25 18:28:03.835 460 558 I C2VendorComponentStore: GetCodec2VendorComponentStore, line:883
06-25 18:28:03.836 460 558 W C2VdecComponent: Initialize() instances: 0
06-25 18:28:03.836 460 558 E C2VdecCodecConfig: c2.amlogic.hevc.decoder can support 4K
06-25 18:28:03.836 460 558 I C2VdecCodecConfig: isCodecSupportHdr10Plus hdr10:(0)
06-25 18:28:03.836 460 558 E C2VdecCodecConfig: can support 8K
06-25 18:28:03.837 460 558 I C2VdecComponentIntfImpl: [onHdrDeclareParam:1048] mSupportHdr10Plus 0
06-25 18:28:03.838 460 558 I C2VdecComponentIntfImpl: not set prop not support 10bit
06-25 18:28:03.838 460 558 I C2VdecComponent: [3##-1]"Create C2VdecComponent(c2.amlogic.hevc.decoder)"
06-25 18:28:03.838 460 558 I C2VdecComponent: vendor.media.c2.loglevels is not set used def = 1
06-25 18:28:03.838 460 558 I DebugUtil: vendor.media.c2.loglevels is not set used def = 1
06-25 18:28:03.838 460 558 I DebugUtil: [DebugUtil:66]
06-25 18:28:03.838 460 558 I C2VdecDequeueThreadUtil: vendor.media.c2.loglevels is not set used def = 1
06-25 18:28:03.838 460 558 I C2VdecDequeueThreadUtil: Creat DequeueThreadUtil!!
06-25 18:28:03.838 460 558 V C2VendorComponentStore: In ~ComponentModule
06-25 18:28:03.838 460 558 V C2VendorComponentStore: Unloading dll
06-25 18:28:03.840 3453 3793 I CCodec : Created component [c2.amlogic.hevc.decoder]
06-25 18:28:03.840 3453 3793 W Codec2Client: query -- param skipped: index = 2684356613.
06-25 18:28:03.840 3453 3793 D CCodecConfig: Query domain & kind failed => BAD_INDEX
06-25 18:28:03.840 3453 3793 D CCodecConfig: read media type: video/hevc
06-25 18:28:03.840 3453 3793 D CCodecConfig: read media type: video/hevc
06-25 18:28:03.843 3453 3793 D ReflectedParamUpdater: extent() != 1 for single value type: input.buffers.allocator-ids.values
06-25 18:28:03.843 3453 3793 D ReflectedParamUpdater: extent() != 1 for single value type: output.buffers.allocator-ids.values
06-25 18:28:03.843 3453 3793 D ReflectedParamUpdater: extent() != 1 for single value type: output.buffers.pool-ids.values
06-25 18:28:03.847 3453 3793 D ReflectedParamUpdater: extent() != 1 for single value type: output.tunneled-render.sync-id
06-25 18:28:03.847 3453 3793 D ReflectedParamUpdater: extent() != 1 for single value type: output.tunnel-handle.values
06-25 18:28:03.849 3453 3793 D CCodecConfig: ignoring local param raw.size (0xd2001800) as it is already supported
06-25 18:28:03.849 3453 3793 D CCodecConfig: ignoring local param default.color (0x5200180b) as it is already supported
06-25 18:28:03.849 3453 3793 D CCodecConfig: ignoring local param raw.hdr-static-info (0xd200180a) as it is already supported
06-25 18:28:03.850 3453 3793 I CCodecConfig: query failed after returning 15 values (BAD_INDEX)
06-25 18:28:03.851 3453 3793 D CCodecConfig: c2 config diff is Dict {
06-25 18:28:03.851 3453 3793 D CCodecConfig: c2::u32 algo.delay.value = 0
06-25 18:28:03.851 3453 3793 D CCodecConfig: c2::u32 algo.low-latency.value = 0
06-25 18:28:03.851 3453 3793 D CCodecConfig: c2::float coded.frame-rate.value = 30
06-25 18:28:03.851 3453 3793 D CCodecConfig: c2::u32 coded.pl.level = 24838
06-25 18:28:03.851 3453 3793 D CCodecConfig: c2::u32 coded.pl.profile = 24576
06-25 18:28:03.851 3453 3793 D CCodecConfig: c2::u32 coded.vui.color.matrix = 0
06-25 18:28:03.851 3453 3793 D CCodecConfig: c2::u32 coded.vui.color.primaries = 0
06-25 18:28:03.851 3453 3793 D CCodecConfig: c2::u32 coded.vui.color.range = 0
06-25 18:28:03.851 3453 3793 D CCodecConfig: c2::u32 coded.vui.color.transfer = 0
06-25 18:28:03.851 3453 3793 D CCodecConfig: c2::u32 default.color.matrix = 0
06-25 18:28:03.851 3453 3793 D CCodecConfig: c2::u32 default.color.primaries = 0
06-25 18:28:03.851 3453 3793 D CCodecConfig: c2::u32 default.color.range = 0
06-25 18:28:03.851 3453 3793 D CCodecConfig: c2::u32 default.color.transfer = 0
06-25 18:28:03.851 3453 3793 D CCodecConfig: c2::u32 input.buffers.max-size.value = 1310720
06-25 18:28:03.851 3453 3793 D CCodecConfig: c2::u32 input.delay.value = 4
06-25 18:28:03.851 3453 3793 D CCodecConfig: string input.media-type.value = "video/hevc"
06-25 18:28:03.851 3453 3793 D CCodecConfig: c2::u32 output.delay.value = 3
06-25 18:28:03.851 3453 3793 D CCodecConfig: string output.media-type.value = "video/raw"
06-25 18:28:03.851 3453 3793 D CCodecConfig: c2::u32 output.tunnel-start-render.value = 0
06-25 18:28:03.851 3453 3793 D CCodecConfig: c2::u32 raw.color.matrix = 0
06-25 18:28:03.851 3453 3793 D CCodecConfig: c2::u32 raw.color.primaries = 0
06-25 18:28:03.851 3453 3793 D CCodecConfig: c2::u32 raw.color.range = 0
06-25 18:28:03.851 3453 3793 D CCodecConfig: c2::u32 raw.color.transfer = 0
06-25 18:28:03.851 3453 3793 D CCodecConfig: c2::float raw.hdr-static-info.mastering.blue.x = 0
06-25 18:28:03.851 3453 3793 D CCodecConfig: c2::float raw.hdr-static-info.mastering.blue.y = 0
06-25 18:28:03.851 3453 3793 D CCodecConfig: c2::float raw.hdr-static-info.maste
06-25 18:28:03.851 3453 3793 W ColorUtils: expected specified color aspects (0:0:0:0)
06-25 18:28:03.853 3453 3792 D MediaCodec: flushMediametrics
06-25 18:28:03.853 3453 3792 D SurfaceUtils: connecting to surface 0xeb9ec158, reason connectToSurface
06-25 18:28:03.853 3453 3792 I MediaCodec: [c2.amlogic.hevc.decoder] setting surface generation to 3535875
06-25 18:28:03.853 3453 3792 D SurfaceUtils: disconnecting from surface 0xeb9ec158, reason connectToSurface(reconnect)
06-25 18:28:03.853 3453 3792 D SurfaceUtils: connecting to surface 0xeb9ec158, reason connectToSurface(reconnect)
06-25 18:28:03.853 3453 3793 D CCodec : [c2.amlogic.hevc.decoder] buffers are bound to CCodec for this session
06-25 18:28:03.854 3453 3793 D CCodecConfig: no c2 equivalents for native-window
06-25 18:28:03.854 3453 3793 D CCodecConfig: no c2 equivalents for flags
06-25 18:28:03.854 460 558 I C2VdecComponentIntfImpl: [3##3]config picture w:1920 h:1080
06-25 18:28:03.855 3453 3793 D CCodecConfig: c2 config diff is c2::u32 raw.size.height = 1080
06-25 18:28:03.855 3453 3793 D CCodecConfig: c2::u32 raw.size.width = 1920
06-25 18:28:03.855 3453 3793 W Codec2Client: query -- param skipped: index = 1107298332.
06-25 18:28:03.856 3453 3793 D CCodec : encoding statistics level = 0
06-25 18:28:03.856 3453 3793 D CCodec : setup formats input: AMessage(what = 0x00000000) = {
06-25 18:28:03.856 3453 3793 D CCodec : int32_t frame-rate = 30
06-25 18:28:03.856 3453 3793 D CCodec : int32_t height = 1080
06-25 18:28:03.856 3453 3793 D CCodec : int32_t level = 8388608
06-25 18:28:03.856 3453 3793 D CCodec : int32_t max-input-size = 1572864
06-25 18:28:03.856 3453 3793 D CCodec : string mime = "video/hevc"
06-25 18:28:03.856 3453 3793 D CCodec : int32_t profile = 1
06-25 18:28:03.856 3453 3793 D CCodec : int32_t width = 1920
06-25 18:28:03.856 3453 3793 D CCodec : Rect crop(0, 0, 1919, 1079)
06-25 18:28:03.856 3453 3793 D CCodec : }
06-25 18:28:03.856 3453 3793 D CCodec : setup formats output: AMessage(what = 0x00000000) = {
06-25 18:28:03.856 3453 3793 D CCodec : int32_t android._video-scaling = 1
06-25 18:28:03.856 3453 3793 D CCodec : int32_t android._dataspace = 260
06-25 18:28:03.856 3453 3793 D CCodec : int32_t color-standard = 1
06-25 18:28:03.856 3453 3793 D CCodec : int32_t color-range = 2
06-25 18:28:03.856 3453 3793 D CCodec : int32_t color-transfer = 3
06-25 18:28:03.856 3453 3793 D CCodec : int32_t sar-height = 1
06-25 18:28:03.856 3453 3793 D CCodec : int32_t rotation-degrees = 0
06-25 18:28:03.856 3453 3793 D CCodec : Buffer hdr-static-info = {
06-25 18:28:03.856 3453 3793 D CCodec : 00000000: 00 00 00 00 00 00 00 00 00 00 00 00 00 00 00 00 ................
06-25 18:28:03.856 3453 3793 D CCodec : 00000010: 00 00 00 00 00 00 00 00 00 .........
06-25 18:28:03.856 3453 3793 D CCodec : }
06-25 18:28:03.856 3453 3793 D CCodec : int32_t sar-width = 1
06-25 18:28:03.856 3453 3793 D CCodec : Rect crop(0, 0, 1919, 1079)
06-25 18:28:03.856 3453 3793 D CCodec : int32_t width = 1920
06-25 18:28:03.856 3453 3793 D CCodec : int32_t frame-rate = 30
06-25 18:28:03.856 3453 3793 D CCodec : int32_t height = 1080
06-25 18:28:03.856 3453 3793 D CCodec : string mime = "video/raw"
06-25 18:28:03.856 3453 3793 D CCodec : int32_t color-format = 2130708361
06-25 18:28:03.856 3453 3793 D CCodec : }
06-25 18:28:03.856 3453 3793 I CCodecConfig: query failed after returning 15 values (BAD_INDEX)
06-25 18:28:03.856 3453 3793 D CCodecConfig: c2 config diff is c2::u32 input.buffers.max-size.value = 1572864
06-25 18:28:03.857 460 558 I C2VdecComponent: [3##-1]"[start]"
06-25 18:28:03.857 460 3794 I C2VdecComponent: [3##-1]"OnStart DolbyVision:0"
06-25 18:28:03.857 460 3794 I C2VdecComponent: debug.vendor.media.c2.vdec.priority is not set used def = 0
06-25 18:28:03.857 460 3794 I DebugUtil: [3##-1][setComponent:77]
06-25 18:28:03.857 460 3794 D C2DBG : adding client to C2_VDEC
06-25 18:28:03.857 460 3794 I VideoDecWraper: vendor.media.c2.loglevels is not set used def = 1
06-25 18:28:03.857 460 3794 I VideoDecWraper: [-1##-1]"VideoDecWraper"
06-25 18:28:03.857 460 3794 I C2VdecDeviceUtil: vendor.media.c2.loglevels is not set used def = 1
06-25 18:28:03.858 460 3794 I C2VdecCodecConfig: isCodecSupportHdr10Plus hdr10:(0)
06-25 18:28:03.858 460 3794 I C2VdecGrallocWraper: vendor.media.c2.loglevels is not set used def = 1
06-25 18:28:03.858 460 3794 I C2VdecDeviceUtil: [DeviceUtil:66]mSupportHdr10Plus:0
06-25 18:28:03.858 460 3794 I C2VdecDeviceUtil: [3##-1][setComponent:154]
06-25 18:28:03.858 460 3794 I C2VdecDeviceUtil: [3#-1]"No HDR ColorAspects set"
06-25 18:28:03.858 460 3794 I C2VdecDeviceUtil: setSkipReallocBufMode:0
06-25 18:28:03.858 460 3794 I C2VdecDeviceUtil: [0#-1]"[codecConfig:499] query frame rate:30.000000 updata mDurationUs = 33333, unstablePts :0 isAviDiscard :0"
06-25 18:28:03.858 460 3794 I C2VdecDeviceUtil: [0#-1]"Disable low latency mode to v4l2 decoder."
06-25 18:28:03.859 460 3794 I C2VdecDeviceUtil: [codecConfig:522] clear vendor.media.llp
06-25 18:28:03.859 460 3794 I C2VdecDeviceUtil: vendor.media.c2.vdec.h264_mmu_width is not set used def = 2560
06-25 18:28:03.859 460 3794 I C2VdecDeviceUtil: vendor.media.c2.vdec.h264_mmu_height is not set used def = 2160
06-25 18:28:03.859 460 3794 I C2VdecDeviceUtil: [0#-1]"mEnableAvc4kMMU = 1, mmu open width:2560, height:2160"
06-25 18:28:03.859 460 3794 I C2VdecDeviceUtil: [0#-1]"configure width:1920 height:1080"
06-25 18:28:03.859 460 3794 E C2VdecCodecConfig: can support 8K
06-25 18:28:03.859 460 3794 I C2VdecDeviceUtil: [0#-1]"[codecConfig:569] Codec is Support 8k"
06-25 18:28:03.859 460 3794 I C2VdecDeviceUtil: [0#-1]"DoubleWriteMode 3, margin:6 \n"
06-25 18:28:03.859 460 3794 I C2VdecDeviceUtil: [0#-1]"Enable DIPOST"
06-25 18:28:03.859 460 3794 I C2VdecDeviceUtil: [0#-1]"Buf dma mode 0x100000"
06-25 18:28:03.859 460 3794 I C2VdecDeviceUtil: [0#-1]"C2 need disable error policy"
06-25 18:28:03.859 460 3794 I C2VdecDeviceUtil: [codecConfig] set triple write:0
06-25 18:28:03.859 460 3794 I V4l2Adaptor: V4l2Adaptor::GetSupportedProfiles inputcoded 1, inputFormatFourcc 43564548
06-25 18:28:03.859 460 3794 I android.hardware.media.c2@1.2-service: vendor.mediahal.loglevels is not set, used defaultValue = 1
06-25 18:28:03.872 0 0 E : [3 T3794 ..] mediaproxy produce init [aml-vcodec-dec]
06-25 18:28:03.872 0 0 I : [3 T3794 ..] Mediaproxy is opened name[aml-vcodec-dec]\n
06-25 18:28:03.872 0 0 I : [3 T3794 ..] Mediaproxy is opened name[aml-vcodec-dec] end\n
06-25 18:28:03.872 0 0 E : [3 T3794 ..] mediaproxy produce start connect
06-25 18:28:03.874 0 0 I : [3 T3794 ..] find p kfifo size:[32][2]
06-25 18:28:03.875 0 0 I : [3 T3794 ..] mediaproxy_get_fifo get idx[2]
06-25 18:28:03.875 0 0 I : [3 T3794 ..] Session producer-2 is connected fifo idx [2]
06-25 18:28:03.876 0 0 E : [3 T3794 ..] mediaproxy produce connect [2]
06-25 18:28:03.877 0 0 I : [3 T3794 ..] mediaproxy produce msg type :0x40 module_name:aml-vcodec-dec
06-25 18:28:03.878 0 0 I : [0 T3794 ..] deinit session
06-25 18:28:03.878 0 0 I : [0 T3794 ..] deinit session producer-2
06-25 18:28:03.879 0 0 I : [0 T3794 ..] deinit has_unusing_fifo [1]
06-25 18:28:03.879 0 0 I : [2 T98 ..] p_fifo[2] name[aml-vcodec-dec] state[0] to MP_FIFO_UNUSED
06-25 18:28:03.880 0 0 E : [0 T3794 ..] mediaproxy produce init [aml-vcodec-dec]
06-25 18:28:03.881 0 0 I : [0 T3794 ..] Mediaproxy is opened name[aml-vcodec-dec]\n
06-25 18:28:03.881 0 0 I : [0 T3794 ..] Mediaproxy is opened name[aml-vcodec-dec] end\n
06-25 18:28:03.882 0 0 E : [0 T3794 ..] mediaproxy produce start connect
06-25 18:28:03.883 0 0 I : [0 T3794 ..] find p kfifo size:[32][2]
06-25 18:28:03.884 0 0 I : [0 T3794 ..] mediaproxy_get_fifo get idx[2]
06-25 18:28:03.885 0 0 I : [0 T3794 ..] Session producer-2 is connected fifo idx [2]
06-25 18:28:03.885 0 0 E : [0 T3794 ..] mediaproxy produce connect [2]
06-25 18:28:03.886 0 0 I : [0 T3794 ..] mediaproxy produce msg type :0x40 module_name:aml-vcodec-dec
06-25 18:28:03.888 0 0 I : [3 T3794 ..] deinit session
06-25 18:28:03.888 0 0 I : [3 T3794 ..] deinit session producer-2
06-25 18:28:03.877 460 3794 I VideoDecWraper: AmVideoDec_getSupportedProfiles data:0xecf40010, size:3
06-25 18:28:03.877 460 3794 I VideoDecWraper: [0##-1]"initialize:mime:video/hevc secureMode is 0 flags is 0x8001"
06-25 18:28:03.877 460 3794 E VideoDecWraper: version 1.1 use create AmVideoDec_create
06-25 18:28:03.877 460 3794 I AmVideoDec: AmVideoDec version: V3.32.72-gf47f57ff (drm.autobuild Sun Apr 27 10:25:39 CST 2025), mHalInstanceID 1, mHalInstancenum 0
06-25 18:28:03.877 460 3794 I android.hardware.media.c2@1.2-service: vendor.mediahal.loglevels is not set, used defaultValue = 1
06-25 18:28:03.877 460 3794 I AmVideoDec: [No--1]-[0]"new VideoDec\n"
06-25 18:28:03.877 460 3794 I AmVideoDec: open dec_stat fd -1 mLowMem:0
06-25 18:28:03.877 460 3794 I android.hardware.media.c2@1.2-service: vendor.amtsplayer.pipeline is not set, used defaultValue = 1
06-25 18:28:03.877 460 3794 I VideoDecWraper: GetAmVideoDec ok
06-25 18:28:03.877 460 3794 D ResmanWrapper: resManWrapper CODEC2-0 init, fd = 11
06-25 18:28:03.878 460 3794 I AmVideoDec: [No--1]-[0]"checkResource.-- mem size:60--dim:0 w:[1920]H[1080]\n"
06-25 18:28:03.888 0 0 I : [3 T3794 ..] deinit has_unusing_fifo [1]
06-25 18:28:03.889 0 0 I : [0 T98 ..] p_fifo[2] name[aml-vcodec-dec] state[0] to MP_FIFO_UNUSED
06-25 18:28:03.890 0 0 I : [3 T3794 ..] codec mem info:
06-25 18:28:03.890 0 0 I : [3 T3794 ..] total codec mem size:364 MB
06-25 18:28:03.891 0 0 I : [3 T3794 ..] alloced size= 71 MB
06-25 18:28:03.891 0 0 I : [3 T3794 ..] max alloced: 82 MB
06-25 18:28:03.892 0 0 I [3 T3794 ..] CMA: 71,RES:0,TVP:0,SYS:0,COHER:0,VMAPED:0 MB
06-25 18:28:03.893 0 0 I [3 T3794 ..] RES_EXT: 0 MB
06-25 18:28:03.893 0 0 I : [3 T3794 ..] [4]CMA size:364 MB:alloced: 71 MB,free:292 MB
06-25 18:28:03.894 0 0 I [3 T3794 d.] [16].0: SCATTER_MEM.0,addr=0xcf2d2000,size=8388608,from=4,cnt=1,flags=268439553,used:71932 ms
06-25 18:28:03.894 0 0 I [3 T3794 d.] [17].0: SCATTER_MEM.0,addr=0xcfad2000,size=8388608,from=4,cnt=1,flags=268439553,used:71928 ms
06-25 18:28:03.895 0 0 I [3 T3794 d.] [18].0: SCATTER_MEM.0,addr=0xd02d2000,size=8388608,from=4,cnt=1,flags=268439553,used:71928 ms
06-25 18:28:03.897 0 0 I [3 T3794 d.] [19].0: SCATTER_MEM.0,addr=0xd0ad2000,size=8388608,from=4,cnt=1,flags=268439553,used:71928 ms
06-25 18:28:03.898 0 0 I [3 T3794 d.] [20].0: CODEC_MM_DMA_BUF.0,addr=0xd12d2000,size=3133440,from=4,cnt=1,flags=1,used:71928 ms
06-25 18:28:03.919 460 3794 I AmVideoDec: [No--1]-[0]"res_status.v.query.avail 292 -mmsize: 60 -adjust 0\n"
06-25 18:28:03.899 0 0 I [3 T3794 d.] [21].5: v4ldec-m2m.0,addr=0xd15cf000,size=65536,from=4,cnt=1,flags=69633,used:71916 ms
06-25 18:28:03.919 460 3794 I resman : acquire fd:11, resid:7, preempt:1, time_out:10000, arg:
06-25 18:28:03.901 0 0 I [3 T3794 d.] [22].0: CODEC_MM_DMA_BUF.0,addr=0xd15df000,size=3133440,from=4,cnt=1,flags=1,used:71916 ms
06-25 18:28:03.902 0 0 I [3 T3794 d.] [24].0: CODEC_MM_DMA_BUF.0,addr=0xd191c000,size=3133440,from=4,cnt=1,flags=1,used:71908 ms
06-25 18:28:03.903 0 0 I [3 T3794 d.] [25].5: v4ldec-m2m.1,addr=0xd1c19000,size=65536,from=4,cnt=1,flags=69633,used:71908 ms
06-25 18:28:03.904 0 0 I [3 T3794 d.] [26].0: CODEC_MM_DMA_BUF.0,addr=0xd1c29000,size=3133440,from=4,cnt=1,flags=1,used:71908 ms
06-25 18:28:03.906 0 0 I [3 T3794 d.] [27].5: v4ldec-m2m.2,addr=0xd1f26000,size=65536,from=4,cnt=1,flags=69633,used:71908 ms
06-25 18:28:03.907 0 0 I [3 T3794 d.] [29].0: CODEC_MM_DMA_BUF.0,addr=0xd1f76000,size=3133440,from=4,cnt=1,flags=1,used:71892 ms
06-25 18:28:03.908 0 0 I [3 T3794 d.] [30].5: v4ldec-m2m.3,addr=0xd2273000,size=65536,from=4,cnt=1,flags=69633,used:71896 ms
06-25 18:28:03.910 0 0 I [3 T3794 d.] [31].5: v4ldec-m2m.4,addr=0xd2283000,size=65536,from=4,cnt=1,flags=69633,used:71892 ms
06-25 18:28:03.911 0 0 I [3 T3794 d.] [33].0: CODEC_MM_DMA_BUF.0,addr=0xd22d3000,size=3133440,from=4,cnt=1,flags=1,used:71892 ms
06-25 18:28:03.912 0 0 I [3 T3794 d.] [35].5: v4ldec-m2m.5,addr=0xd2610000,size=65536,from=4,cnt=1,flags=69633,used:71892 ms
06-25 18:28:03.913 0 0 I [3 T3794 d.] [36].0: CODEC_MM_DMA_BUF.0,addr=0xd2620000,size=3133440,from=4,cnt=1,flags=1,used:71888 ms
06-25 18:28:03.915 0 0 I [3 T3794 d.] [37].5: v4ldec-m2m.6,addr=0xd291d000,size=65536,from=4,cnt=1,flags=69633,used:71884 ms
06-25 18:28:03.916 0 0 I [3 T3794 d.] [38].0: CODEC_MM_DMA_BUF.0,addr=0xd292d000,size=3133440,from=4,cnt=1,flags=1,used:71888 ms
06-25 18:28:03.917 0 0 I [3 T3794 d.] [40].5: v4ldec-m2m.7,addr=0xd2c6a000,size=65536,from=4,cnt=1,flags=69633,used:71884 ms
06-25 18:28:03.918 0 0 I [3 T3794 d.] [41].0: CODEC_MM_DMA_BUF.0,addr=0xd2c7a000,size=3133440,from=4,cnt=1,flags=1,used:71884 ms
06-25 18:28:03.920 0 0 I [3 T3794 d.] [43].5: v4ldec-m2m.8,addr=0xd2fb7000,size=65536,from=4,cnt=1,flags=69633,used:71880 ms
06-25 18:28:03.921 0 0 I [3 T3794 d.] [44].0: CODEC_MM_DMA_BUF.0,addr=0xd2fc7000,size=3133440,from=4,cnt=1,flags=1,used:71884 ms
06-25 18:28:03.922 0 0 I [3 T3794 d.] [45].5: v4ldec-m2m.9,addr=0xd32c4000,size=65536,from=4,cnt=1,flags=69633,used:71876 ms
06-25 18:28:03.924 0 0 I [3 T3794 d.] [46].0: CODEC_MM_DMA_BUF.0,addr=0xd32d4000,size=3133440,from=4,cnt=1,flags=1,used:71876 ms
06-25 18:28:03.925 0 0 I [3 T3794 d.] [47].0: CODEC_MM_DMA_BUF.0,addr=0xd35d1000,size=3133440,from=4,cnt=1,flags=1,used:71860 ms
06-25 18:28:03.926 0 0 I [3 T3794 d.] [48].5: v4ldec-m2m.10,addr=0xd38ce000,size=65536,from=4,cnt=1,flags=69633,used:71860 ms
06-25 18:28:03.927 0 0 I [3 T3794 d.] [49].5: v4ldec-m2m.11,addr=0xd38de000,size=65536,from=4,cnt=1,flags=69633,used:71844 ms
06-25 18:28:03.929 0 0 I [3 T3794 d.] [50].0: CODEC_MM_DMA_BUF.0,addr=0xd38ee000,size=3133440,from=4,cnt=1,flags=1,used:71840 ms
06-25 18:28:03.930 0 0 I [3 T3794 d.] [51].5: v4ldec-m2m.12,addr=0xd3beb000,size=65536,from=4,cnt=1,flags=69633,used:71832 ms
06-25 18:28:03.932 0 0 I : [3 T3794 ..] codec mem info:
06-25 18:28:03.933 0 0 I : [3 T3794 ..] total codec mem size:364 MB
06-25 18:28:03.934 0 0 I : [3 T3794 ..] alloced size= 71 MB
06-25 18:28:03.934 0 0 I : [3 T3794 ..] max alloced: 82 MB
06-25 18:28:03.935 0 0 I [3 T3794 ..] CMA: 71,RES:0,TVP:0,SYS:0,COHER:0,VMAPED:0 MB
06-25 18:28:03.936 0 0 I [3 T3794 ..] RES_EXT: 0 MB
06-25 18:28:03.936 0 0 I : [3 T3794 ..] [4]CMA size:364 MB:alloced: 71 MB,free:292 MB
06-25 18:28:03.937 0 0 I [3 T3794 d.] [16].0: SCATTER_MEM.0,addr=0xcf2d2000,size=8388608,from=4,cnt=1,flags=268439553,used:71976 ms
06-25 18:28:03.937 0 0 I [3 T3794 d.] [17].0: SCATTER_MEM.0,addr=0xcfad2000,size=8388608,from=4,cnt=1,flags=268439553,used:71972 ms
06-25 18:28:03.938 0 0 I [3 T3794 d.] [18].0: SCATTER_MEM.0,addr=0xd02d2000,size=8388608,from=4,cnt=1,flags=268439553,used:71972 ms
06-25 18:28:03.939 0 0 I [3 T3794 d.] [19].0: SCATTER_MEM.0,addr=0xd0ad2000,size=8388608,from=4,cnt=1,flags=268439553,used:71968 ms
06-25 18:28:03.941 0 0 I [3 T3794 d.] [20].0: CODEC_MM_DMA_BUF.0,addr=0xd12d2000,size=3133440,from=4,cnt=1,flags=1,used:71968 ms
06-25 18:28:03.942 0 0 I [3 T3794 d.] [21].5: v4ldec-m2m.0,addr=0xd15cf000,size=65536,from=4,cnt=1,flags=69633,used:71956 ms
06-25 18:28:03.943 0 0 I [3 T3794 d.] [22].0: CODEC_MM_DMA_BUF.0,addr=0xd15df000,size=3133440,from=4,cnt=1,flags=1,used:71952 ms
06-25 18:28:03.945 0 0 I [3 T3794 d.] [24].0: CODEC_MM_DMA_BUF.0,addr=0xd191c000,size=3133440,from=4,cnt=1,flags=1,used:71944 ms
06-25 18:28:03.946 0 0 I [3 T3794 d.] [25].5: v4ldec-m2m.1,addr=0xd1c19000,size=65536,from=4,cnt=1,flags=69633,used:71944 ms
06-25 18:28:03.947 0 0 I [3 T3794 d.] [26].0: CODEC_MM_DMA_BUF.0,addr=0xd1c29000,size=3133440,from=4,cnt=1,flags=1,used:71940 ms
06-25 18:28:03.949 0 0 I [3 T3794 d.] [27].5: v4ldec-m2m.2,addr=0xd1f26000,size=65536,from=4,cnt=1,flags=69633,used:71940 ms
06-25 18:28:03.950 0 0 I [3 T3794 d.] [29].0: CODEC_MM_DMA_BUF.0,addr=0xd1f76000,size=3133440,from=4,cnt=1,flags=1,used:71924 ms
06-25 18:28:03.951 0 0 I [3 T3794 d.] [30].5: v4ldec-m2m.3,addr=0xd2273000,size=65536,from=4,cnt=1,flags=69633,used:71924 ms
06-25 18:28:03.952 0 0 I [3 T3794 d.] [31].5: v4ldec-m2m.4,addr=0xd2283000,size=65536,from=4,cnt=1,flags=69633,used:71920 ms
06-25 18:28:03.954 0 0 I [3 T3794 d.] [33].0: CODEC_MM_DMA_BUF.0,addr=0xd22d3000,size=3133440,from=4,cnt=1,flags=1,used:71936 ms
06-25 18:28:03.955 0 0 I [3 T3794 d.] [35].5: v4ldec-m2m.5,addr=0xd2610000,size=65536,from=4,cnt=1,flags=69633,used:71932 ms
06-25 18:28:03.956 0 0 I [3 T3794 d.] [36].0: CODEC_MM_DMA_BUF.0,addr=0xd2620000,size=3133440,from=4,cnt=1,flags=1,used:71932 ms
06-25 18:28:03.957 0 0 I [3 T3794 d.] [37].5: v4ldec-m2m.6,addr=0xd291d000,size=65536,from=4,cnt=1,flags=69633,used:71928 ms
06-25 18:28:03.959 0 0 I [3 T3794 d.] [38].0: CODEC_MM_DMA_BUF.0,addr=0xd292d000,size=3133440,from=4,cnt=1,flags=1,used:71928 ms
06-25 18:28:03.960 0 0 I [3 T3794 d.] [40].5: v4ldec-m2m.7,addr=0xd2c6a000,size=65536,from=4,cnt=1,flags=69633,used:71928 ms
06-25 18:28:03.961 0 0 I [3 T3794 d.] [41].0: CODEC_MM_DMA_BUF.0,addr=0xd2c7a000,size=3133440,from=4,cnt=1,flags=1,used:71928 ms
06-25 18:28:03.963 0 0 I [3 T3794 d.] [43].5: v4ldec-m2m.8,addr=0xd2fb7000,size=65536,from=4,cnt=1,flags=69633,used:71924 ms
06-25 18:28:03.964 0 0 I [3 T3794 d.] [44].0: CODEC_MM_DMA_BUF.0,addr=0xd2fc7000,size=3133440,from=4,cnt=1,flags=1,used:71928 ms
06-25 18:28:03.965 0 0 I [3 T3794 d.] [45].5: v4ldec-m2m.9,addr=0xd32c4000,size=65536,from=4,cnt=1,flags=69633,used:71920 ms
06-25 18:28:03.966 0 0 I [3 T3794 d.] [46].0: CODEC_MM_DMA_BUF.0,addr=0xd32d4000,size=3133440,from=4,cnt=1,flags=1,used:71920 ms
06-25 18:28:03.968 0 0 I [3 T3794 d.] [47].0: CODEC_MM_DMA_BUF.0,addr=0xd35d1000,size=3133440,from=4,cnt=1,flags=1,used:71900 ms
06-25 18:28:03.969 0 0 I [3 T3794 d.] [48].5: v4ldec-m2m.10,addr=0xd38ce000,size=65536,from=4,cnt=1,flags=69633,used:71900 ms
06-25 18:28:03.970 0 0 I [3 T3794 d.] [49].5: v4ldec-m2m.11,addr=0xd38de000,size=65536,from=4,cnt=1,flags=69633,used:71884 ms
06-25 18:28:03.972 0 0 I [3 T3794 d.] [50].0: CODEC_MM_DMA_BUF.0,addr=0xd38ee000,size=3133440,from=4,cnt=1,flags=1,used:71876 ms
06-25 18:28:03.973 0 0 I [3 T3794 d.] [51].5: v4ldec-m2m.12,addr=0xd3beb000,size=65536,from=4,cnt=1,flags=69633,used:71876 ms
06-25 18:28:03.974 0 0 D [3 T646 ..] [snd-soc]: spdif_a is set to disable
06-25 18:28:03.963 454 646 E audio_hw_hal_alsamgr: aml_alsa_output_get_delayframe:759, pcm_ioctl fail, ret:0xffffffff, error info:Broken pipe
06-25 18:28:03.963 454 646 I audio_hw_hal_alsamgr: aml_alsa_output_write alsa_running_status[0xe57c4a50] change from 1 to 0
06-25 18:28:03.963 460 3794 I resman : acquire fd:11, resid:5, preempt:1, time_out:10000, arg:size:60
06-25 18:28:03.964 460 3794 I V4l2Adaptor: V4l2Adaptor::initialize flags is 0x8001
06-25 18:28:03.964 460 3799 I V4l2Adaptor: V4l2Adaptor::onInit
06-25 18:28:03.964 460 3799 I android.hardware.media.c2@1.2-service: vendor.mediahal.loglevels is not set, used defaultValue = 1
06-25 18:28:03.964 460 3799 I android.hardware.media.c2@1.2-service: vendor.mediahal.loglevels is not set, used defaultValue = 1
06-25 18:28:03.964 460 3799 I VDA : [-1##-1]"open dec_stat fd -1, gloglevel 1 use_pts_id_ is 0 force dmabuf mode 0\n"
06-25 18:28:03.964 460 3799 I VDA : [-1##-1]"VDA Initialize flags is 32769\n"
06-25 18:28:03.964 460 3799 I VDA : [-1##-1]"Disabled LCEVC"
06-25 18:28:03.964 460 3799 I android.hardware.media.c2@1.2-service: vendor.mediahal.loglevels is not set, used defaultValue = 1
06-25 18:28:03.964 460 3799 I VDA : [-1##-1]"Initialize codec2_mode_:1," "stream_mode_:0," "use_pts_id_:0," "force_dmabuf_mode_:0," "use_input_buffercache_:0," "use_input_bufferpool_ :1," "use_dynamic_capture_buffer_:1," "use_uvm_:1," "use_pts_calculator_:1," "use_high_prio_:1," "use_secure_vdec_hal_:1," "use_low_latency_mode_:0," "add_csd_:1"
06-25 18:28:03.976 0 0 I [3 T646 ..] [snd-soc]: aml_audio_reset, reg 0xa, shift 9, use_vadtop 0
06-25 18:28:03.976 0 0 I [3 T646 ..] [snd-soc]: aml_audio_reset, reg 0xa, shift 14, use_vadtop 0
06-25 18:28:03.977 0 0 E : [2 T3799 ..] mediaproxy produce init [aml-vcodec-dec]
06-25 18:28:03.977 0 0 I [3 T646 ..] [snd-soc]: hdmitx src switch to spdif 0
06-25 18:28:03.978 0 0 I : [2 T3799 ..] Mediaproxy is opened name[aml-vcodec-dec]\n
06-25 18:28:03.979 0 0 I [3 T646 ..] [snd-soc]: sharebuffer_spdifout_prepare get_hdmitx_audio_src(rtd->card):0 spdif_id:0
06-25 18:28:03.979 0 0 I : [2 T3799 ..] Mediaproxy is opened name[aml-vcodec-dec] end\n
06-25 18:28:03.979 0 0 I [3 T646 ..] [hdmitx: ] hdmitx_audio_notify_callback[798] audio prepare
06-25 18:28:03.980 0 0 E : [2 T3799 ..] mediaproxy produce start connect
06-25 18:28:03.980 0 0 I : [2 T3799 ..] find p kfifo size:[32][2]
06-25 18:28:03.981 0 0 D [3 T646 ..] [snd-soc]: spdif_a fifo ctrl, frddr:0 type:1, 16 bits, chmask 0x3, swap 0x10
06-25 18:28:03.981 0 0 I [3 T646 ..] [hdmitx: ] hdmitx_audio_notify_callback[803] type:1 rate:3 size:1 chs:2 i2s_ch_mask:1 aud_src_if:0
06-25 18:28:03.982 0 0 I : [2 T3799 ..] mediaproxy_get_fifo get idx[2]
06-25 18:28:03.983 0 0 I [3 T646 ..] [hdmitx: ] aout notify format CT_PCM
06-25 18:28:03.983 0 0 I : [2 T3799 ..] Session producer-2 is connected fifo idx [2]
06-25 18:28:03.984 0 0 I [3 T646 ..] [hdmitx: ] set audio
06-25 18:28:03.984 0 0 I [3 T646 ..] [hdmitx: ] audio_param->chs = 1
06-25 18:28:03.985 0 0 E : [2 T3799 ..] mediaproxy produce connect [2]
06-25 18:28:03.986 0 0 I [3 T646 ..] [hdmitx: ] aud_src_if = 0
06-25 18:28:03.987 0 0 I : [2 T3799 ..] mediaproxy produce msg type :0x40 module_name:aml-vcodec-dec
06-25 18:28:03.987 0 0 I [3 T646 ..] [hdmitx: ] aud_n_para = 5824
06-25 18:28:03.989 0 0 I : [2 T3799 ..] deinit session
06-25 18:28:03.989 0 0 I [3 T646 ..] [hdmitx: ] audio state: AUDIO_UNMUTE
06-25 18:28:03.990 0 0 I : [2 T3799 ..] deinit session producer-2
06-25 18:28:03.991 0 0 I [3 T646 ..] [hdmitx: ] set audio param
06-25 18:28:03.991 0 0 I : [2 T3799 ..] deinit has_unusing_fifo [1]
06-25 18:28:03.992 0 0 D [3 T646 ..] [snd-soc]: spdif_a is set to enable
06-25 18:28:03.981 460 3799 I VDA : [-1##9]"Initialize decoder_instance_num_ = 9"
06-25 18:28:03.982 460 3799 I VDA : [-1##9]"v4l2 private parms, magic:1437256755 len:5, adaptiveback:0 height:1920 width:1080\n"
06-25 18:28:03.993 0 0 I : [0 T98 ..] p_fifo[2] name[aml-vcodec-dec] state[0] to MP_FIFO_UNUSED
06-25 18:28:03.993 0 0 E : [2 T3799 ..] mediaproxy produce init [aml-vcodec-dec]
06-25 18:28:03.993 0 0 I : [2 T3799 ..] Mediaproxy is opened name[aml-vcodec-dec]\n
06-25 18:28:03.993 0 0 I : [2 T3799 ..] Mediaproxy is opened name[aml-vcodec-dec] end\n
06-25 18:28:03.993 0 0 E : [2 T3799 ..] mediaproxy produce start connect
06-25 18:28:03.993 0 0 I : [2 T3799 ..] find p kfifo size:[32][2]
06-25 18:28:03.993 0 0 I : [2 T3799 ..] mediaproxy_get_fifo get idx[2]
06-25 18:28:03.993 0 0 I : [2 T3799 ..] Session producer-2 is connected fifo idx [2]
06-25 18:28:03.993 0 0 E : [2 T3799 ..] mediaproxy produce connect [2]
06-25 18:28:03.993 0 0 I : [2 T3799 ..] mediaproxy produce msg type :0x40 module_name:aml-vcodec-dec
06-25 18:28:03.994 0 0 I [1 T3799 ..] [amlv4l]: [9]: DW:3, TW:0, Margin:6
06-25 18:28:03.986 454 646 I audio_hw_hal_ms12v2: dolby_ms12_threadloop alsa is not running
06-25 18:28:03.986 454 646 I audio_hw_hal_alsamgr: aml_alsa_output_write alsa_running_status[0xe57c4a50] change from 0 to 1
06-25 18:28:03.991 460 3799 I android.hardware.media.c2@1.2-service: vendor.media.mediahal.videodec.pts.loglevels is not set, used defaultValue = 1
06-25 18:28:03.991 460 3799 I AmlManagePts: [0]"AmlManagePts into\n"
06-25 18:28:03.991 460 3799 I android.hardware.media.c2@1.2-service: (null) is not set, used defaultValue = 0
06-25 18:28:03.991 460 3794 I VDA : V4l2Adaptor::postAndReplyMsg callerinstanceid : 0
06-25 18:28:03.991 460 3804 I VDA : [0##9]"InitializeTask"
06-25 18:28:03.991 460 3794 I C2VdecDeviceUtil: [0#-1]"into set mUnstablePts = 0 "
06-25 18:28:03.991 460 3804 I VDA : [0##9]"not 8k use max input size\n"
06-25 18:28:03.991 460 3794 I AmlManagePts: [0]"setUnstablePts set unstable[0]\n"
06-25 18:28:03.991 460 3794 I C2VdecDeviceUtil: [0#-1]"into set mIsAviDiscard = 0 "
06-25 18:28:03.991 460 3794 I AmlManagePts: [0]"setAviDiscard set avi discard[0]\n"
06-25 18:28:03.991 460 3794 I C2VdecDeviceUtil: [0#-1]"into set mDurationUs = 33333 afr:0 mFramerate:30.000000"
06-25 18:28:03.991 460 3794 I AmlManagePts: [0]"setDuration set duration[33333]type[2]mDuration[33333]\n"
06-25 18:28:03.991 460 3794 I VDA : [0##9]"postAndReplyMsg set framerate [30.000000] afr_force_on:0"
06-25 18:28:03.991 460 3794 I VDA : [0##9]"setDurationToDecoder set [3200][30.000000]"
06-25 18:28:03.992 460 3794 I VDA : [0##9]"setDurationToDecoder set [3200]"
06-25 18:28:03.992 460 3794 I VDA : [0##9]"sendMessagetoDecoder set AML_V4L2_SET_VF_DURATION"
06-25 18:28:04.004 0 0 D [3 T3804 ..] [amlcom]: vdec_create instance 00000000db95616b, total 1, PM: power-domain
06-25 18:28:04.004 0 0 D [3 T3804 ..] [media_clock]: hevc mux clock is 799999988 Hz
06-25 18:28:03.994 1825 1850 D XM_HIDREAD: add@ add@/devices/platform/vdec/ammvdec_h265_v4l.0
06-25 18:28:04.004 0 0 I [3 T3804 ..] [amlcom]: dos_local_config end, id 3, is_on 1
06-25 18:28:04.004 0 0 I [3 T3804 ..] [amlcom]: vdec_init, dev_name:ammvdec_h265_v4l, vdec_type=VDEC_TYPE_FRAME_BLOCK, format: 11, total: 1
06-25 18:28:04.007 0 0 D [3 T3804 ..] [h265]: [0]pdata->config=parm_v4l_codec_enable:1;parm_v4l_buffer_margin:6;hevc_double_write_mode:3;hevc_triple_write_mode:0;hevc_buf_width:4096;hevc_buf_height:2304;save_buffer_mode:0;parm_v4l_canvas_mem_mode:0;parm_v4l_canvas_mem_endian:0;parm_v4l_low_latency_mode:0;parm_v4l_metadata_config_flag:1050626;parm_v4l_duration:0;dv_profile:0;parm_v4l_error_handle_info:0;
06-25 18:28:04.007 0 0 D [3 T3804 ..] [h265]: [0]discard dv data
06-25 18:28:04.007 0 0 D [3 T3804 ..] [h265]: [0]dv_profile: 0
06-25 18:28:04.007 0 0 D [3 T3804 ..] [h265]: [0]Correction: policy 0x2 mode 2 lcu_percentage_threshold 0
06-25 18:28:04.005 460 3804 I VDA : [0##9]"SetupOutputFormat set outformat:NV21"
06-25 18:28:04.005 460 3804 I VDA : IsSupportedOutputFormat v4l2_format 3132564e
06-25 18:28:04.005 460 3794 I android.hardware.media.c2@1.2-service: (null) is not set, used defaultValue = 0
06-25 18:28:04.005 460 3794 I VDA : [0##9]"sendMessagetoDecoder set AML_V4L2_SET_UEVENT_DURATION"
06-25 18:28:04.005 460 3804 I dmabufmanage: dmabufmanage_init-105 Register dmabuf manager success 3 1
06-25 18:28:04.005 460 3804 I BufferPoolWraper: [0]"BufferPoolWraper use dmabuf manager version 1"
06-25 18:28:04.005 460 3804 I android.hardware.media.c2@1.2-service: (null) is not set, used defaultValue = 1
06-25 18:28:04.005 460 3804 I BufferPoolWraper: [2]"BufferPoolWraper:149"
06-25 18:28:04.005 460 3804 I android.hardware.media.c2@1.2-service: (null) is not set, used defaultValue = 4194304
06-25 18:28:04.006 460 3794 I VDA : [0##9]"decoderID:9"
06-25 18:28:04.006 460 3794 I VideoDecWraper: [0##-1]"Query decoderID(9) success."
06-25 18:28:04.006 460 3794 I C2VdecDequeueThreadUtil: [0##9][setComponent:86]
06-25 18:28:04.006 302 309 I SystemControl: [/UEventObserver.cpp, HDMITxUenventThreadLoop, 451] HDMI TX switch_name:3200, switch_state:
06-25 18:28:04.006 460 558 I C2VdecComponent: [0##9]"[start] done"
06-25 18:28:04.006 302 309 I SystemControl-FRA: [/FrameRateAutoAdaption.cpp, isFrameRateOn, 176] hdmi frame rate is on
06-25 18:28:04.006 3453 3793 W Codec2Client: query -- param skipped: index = 1342179345.
06-25 18:28:04.016 0 0 D [3 T3804 ..] [h265]: [0]dynamic_buf_num_margin=6
06-25 18:28:04.006 3453 3793 W Codec2Client: query -- param skipped: index = 2415921170.
06-25 18:28:04.016 0 0 D [3 T3804 ..] [h265]: [0]double_write_mode=3
06-25 18:28:04.008 3453 3793 D CCodecBufferChannel: [c2.amlogic.hevc.decoder#799] Created input block pool with allocatorID 16 => poolID 18 - OK (0)
06-25 18:28:04.008 460 3804 I BufferPoolWraper: [2]"Init:190 fd:16 phyadr:0xffffffffceed2000 size:400000(400000)"
06-25 18:28:04.016 0 0 D [3 T3804 ..] [h265]: [0]nal_skip_policy=2
06-25 18:28:04.008 460 3804 I android.hardware.media.c2@1.2-service: (null) is not set, used defaultValue = 8
06-25 18:28:04.016 0 0 D [3 T3804 ..] [h265]: [0]h265:pts_unstable=0
06-25 18:28:04.008 460 3804 I VDA : [0##9]"CreateInputBuffers count 8 instance_num_: 0\n"
06-25 18:28:04.008 460 3804 I VDA : [0##9]"----create input VIDIOC_STREAMON----\n"
06-25 18:28:04.016 0 0 D [3 T3804 ..] [h265]: [0]h265: ver (201602101,0) decinfo: 0x0 rate=3600
06-25 18:28:04.008 460 3804 I VDA : [0##9]"StartDevicePoll\n"
06-25 18:28:04.016 0 0 D [3 T3804 ..] [h265]: ucode version 4.184, swap enable 1
06-25 18:28:04.017 0 0 D [3 T3804 ..] [media_clock]: hevc mux clock is 799999988 Hz
06-25 18:28:04.017 0 0 D [3 T3804 ..] [amlcom]: hevc video changed to 3840 x 2160 60 fps clk->800MHZ
06-25 18:28:04.017 0 0 I [1 T3794 ..] [amlv4l]: [9]: set vf duration: c80
06-25 18:28:04.009 3453 3793 I CCodecBufferChannel: [c2.amlogic.hevc.decoder#799] Created output block pool with allocatorID 18 => poolID 18 - OK
06-25 18:28:04.009 460 3804 I android.hardware.media.c2@1.2-service: (null) is not set, used defaultValue = 0
06-25 18:28:04.009 460 3806 I android.hardware.media.c2@1.2-service: (null) is not set, used defaultValue = 0
06-25 18:28:04.009 3453 3793 D CCodecBufferChannel: [c2.amlogic.hevc.decoder#799] Configured output block pool ids 18 => OK
06-25 18:28:04.010 3453 3793 D Codec2-OutputBufferQueue: C2SurfaceSyncMemory created 20(20)
06-25 18:28:04.010 3453 3793 D Codec2-OutputBufferQueue: remote graphic buffer migration 0/0
06-25 18:28:04.010 3453 3793 D Codec2Client: setOutputSurface -- generation=3535875 consumer usage=0x900 sync
06-25 18:28:04.010 460 3805 D C2BqBuffer: local generation change 3535875 , bqId: 14830522073089 migrated buffers # 0
06-25 18:28:04.010 3453 3793 D Codec2Client: Surface configure completed
06-25 18:28:04.011 460 3805 I C2VendorComponentStore: setDmaBufUsage 5
06-25 18:28:04.012 583 1160 W ResourceManagerService: Ignoring request to add new resource entry with value <= 0
06-25 18:28:04.013 3453 3791 I virtual bool MediaDecoder::open(DecodeParam): open success: video/hevc hevc_mp4toannexb
06-25 18:28:04.013 3453 3791 I virtual void IDecoder::pause(bool, bool): pause success: 0
06-25 18:28:04.013 3453 3791 I void Player::setState(PLAYER_STATE): state changed newState: 2 oldState: 1
06-25 18:28:04.013 3453 3791 D LeradPlayer: player newState: 2 oldState: 1
06-25 18:28:04.013 3453 3791 D LeradPlayer: openSuccess: 1002
06-25 18:28:04.018 3453 3453 E screen_saver2: mute player true
06-25 18:28:04.020 3453 3453 I void PlayerProxy::play(long): start play
06-25 18:28:04.020 3453 3453 D void Thread::start(): Thread-MediaDecoder start
06-25 18:28:04.021 3453 3453 D void Thread::start(): Thread-FFDemuxer start
06-25 18:28:04.021 3453 3453 D void Thread::start(): Thread-Player start
06-25 18:28:04.021 3453 3453 I void Player::play(): start success
06-25 18:28:04.022 3453 3810 I virtual void MediaDecoder::run(): start 2
06-25 18:28:04.022 3453 3812 I virtual void Player::run(): start
06-25 18:28:04.022 3453 3811 I virtual void IDemuxer::run(): start
06-25 18:28:04.023 3453 3813 I void MediaDecoder::render(): start 2
06-25 18:28:04.037 0 0 I [1 T3804 ..] [amlv4l]: [9]: reset mode: 1, es frames buffering: 0
06-25 18:28:04.024 460 3794 I C2VdecBlockPoolUtil: vendor.media.c2.loglevels is not set used def = 1
06-25 18:28:04.038 0 0 D [1 T3804 ..] [h265]: [0]h265:pts_unstable=0
06-25 18:28:04.024 460 3794 I C2VdecBlockPoolUtil: Create block pool success, allocatorId:18 poolId:18 use surface:1
06-25 18:28:04.024 460 3794 I C2VdecBlockPoolUtil: pool id:18 use surface:1
06-25 18:28:04.038 0 0 D [1 T3804 ..] [h265]: [0]h265: ver (201602101,0) decinfo: 0x0 rate=3600
06-25 18:28:04.024 460 3794 I C2VdecComponent: [0##9]"Bufferqueue-backed block pool is used. blockPool->getAllocatorId() 18, C2PlatformAllocatorStore::BUFFERQUEUE 18 "
06-25 18:28:04.024 460 3794 I VideoDecWraper: [0##9]"destroy"
06-25 18:28:04.024 460 3794 D ResmanWrapper: ~resManWrapper fd = 11
06-25 18:28:04.024 460 3794 D resman : release all resource, fd = 11
06-25 18:28:04.024 460 3799 I VDA : [0##9]"Destroy:1702"
06-25 18:28:04.024 460 3804 I VDA : [0##9]"DestroyTask INS=0/0, OUTS=0/0"" {IN=0/8, OUT=0/0[kAtAccelerator(0) kAtDevice(0) kAtClient(0)]}"
06-25 18:28:04.024 460 3804 I VDA : [0##9]"StopDevicePoll\n"
06-25 18:28:04.025 460 3804 I VDA : [0##9]"StopInputStream input_streamon 1, input_buffer_map_.size 8\n"
06-25 18:28:04.025 3453 3811 I virtual Data FFDemuxer::read(): read frame ret: End of file latestReceivedTime: 7433 getTotalTimeMillis: 7500 is exit: 0
06-25 18:28:04.025 3453 3811 I virtual Data FFDemuxer::read(): list smooth loop
06-25 18:28:04.029 3453 3811 I virtual StreamInfo FFDemuxer::getVideoStreamInfo(): video width: 1920 video height: 1080 video pixelFormat: 0 fps: 30
06-25 18:28:04.029 3453 3811 D virtual Data FFDemuxer::read(): open next url: /data/user/0/com.dangbei.lerad.screensaver/files/download/61/city_2.mp4
06-25 18:28:04.029 460 3804 I VDA : [0##9]"----stop input VIDIOC_STREAMOFF----\n"
06-25 18:28:04.029 460 3804 I AmlManagePts: [0]"resetPtsInfo into\n"
06-25 18:28:04.029 460 3804 I AmlManagePts: [0]"resetOutPutInfo into\n"
06-25 18:28:04.029 460 3804 I VDA : [0##9]"DestroyInputBuffers:5083"
06-25 18:28:04.029 460 3804 I VDA : [0##9]"DestroyOutputBuffers:5126"
06-25 18:28:04.029 460 3804 I VDA : [0##9]"DestroyTask:4223"
06-25 18:28:04.029 460 3804 I VDA : [0##9]"DestroyTask:4225 destroy done signal."
06-25 18:28:04.029 460 3799 I BufferPoolWraper: [2]"free bufferpool region memory"
06-25 18:28:04.030 460 3799 I dmabufmanage: dmabufmanage_uninit-122 UnRegister dmabuf manager success 3
06-25 18:28:04.030 460 3799 I BufferPoolWraper: [2]"~BufferPoolWraper:163"
06-25 18:28:04.030 460 3799 I AmlManagePts: [0]"~AmlManagePts into\n"
06-25 18:28:04.030 460 3799 I VDA : [0##9]"~V4L2VideoDecodeAccelerator:679"
06-25 18:28:04.032 3453 3811 I virtual Data FFDemuxer::read(): read frame ret: End of file latestReceivedTime: 14100 getTotalTimeMillis: 6666 is exit: 0
06-25 18:28:04.032 3453 3811 I virtual Data FFDemuxer::read(): list smooth loop
06-25 18:28:04.032 302 309 I SystemControl: [/UEventObserver.cpp, HDMITxUenventThreadLoop, 451] HDMI TX switch_name:0, switch_state:
06-25 18:28:04.033 302 309 I SystemControl-FRA: [/FrameRateAutoAdaption.cpp, isFrameRateOn, 176] hdmi frame rate is on
06-25 18:28:04.045 0 0 D [2 T3799 ..] [amlcom]: vdec_release instance 00000000db95616b, total 1
06-25 18:28:04.046 0 0 I [2 T3799 ..] [amlcom]: dos_local_config end, id 3, is_on 0
06-25 18:28:04.046 0 0 D [2 T3799 ..] [media_clock]: the clk_hevcf_mux clock off, ref cnt: 0
06-25 18:28:04.046 0 0 I : [2 T3799 ..] deinit session
06-25 18:28:04.046 0 0 I : [2 T3799 ..] deinit session producer-2
06-25 18:28:04.047 0 0 I : [2 T3799 ..] deinit has_unusing_fifo [1]
06-25 18:28:04.048 0 0 I : [0 T98 ..] p_fifo[2] name[aml-vcodec-dec] state[0] to MP_FIFO_UNUSED
06-25 18:28:04.033 1825 1850 D XM_HIDREAD: remove@ remove@/devices/platform/vdec/ammvdec_h265_v4l.0
06-25 18:28:04.035 3453 3811 I virtual StreamInfo FFDemuxer::getVideoStreamInfo(): video width: 1920 video height: 1080 video pixelFormat: 0 fps: 30
06-25 18:28:04.035 3453 3811 D virtual Data FFDemuxer::read(): open next url: /data/user/0/com.dangbei.lerad.screensaver/files/download/61/city_1.mp4
06-25 18:28:04.037 460 3794 I C2VdecDeviceUtil: [0#9]"[codecConfig:499] query frame rate:30.000000 updata mDurationUs = 33333, unstablePts :0 isAviDiscard :0"
06-25 18:28:04.037 460 3794 I C2VdecDeviceUtil: [0#9]"Disable low latency mode to v4l2 decoder."
06-25 18:28:04.038 460 3794 I C2VdecDeviceUtil: [codecConfig:522] clear vendor.media.llp
06-25 18:28:04.038 460 3794 I C2VdecDeviceUtil: vendor.media.c2.vdec.h264_mmu_width is not set used def = 2560
06-25 18:28:04.038 460 3794 I C2VdecDeviceUtil: vendor.media.c2.vdec.h264_mmu_height is not set used def = 2160
06-25 18:28:04.038 460 3794 I C2VdecDeviceUtil: [0#9]"mEnableAvc4kMMU = 1, mmu open width:2560, height:2160"
06-25 18:28:04.038 460 3794 I C2VdecDeviceUtil: [0#9]"configure width:1920 height:1080"
06-25 18:28:04.038 460 3794 E C2VdecCodecConfig: can support 8K
06-25 18:28:04.038 460 3794 I C2VdecDeviceUtil: [0#9]"[codecConfig:569] Codec is Support 8k"
06-25 18:28:04.038 460 3794 I C2VdecDeviceUtil: [0#9]"DoubleWriteMode 1, margin:6 \n"
06-25 18:28:04.038 460 3794 I C2VdecDeviceUtil: [0#9]"SurfaceText or noSurface unuse avbc out"
06-25 18:28:04.038 460 3794 I C2VdecDeviceUtil: [0#9]"Enable DIPOST"
06-25 18:28:04.038 460 3794 I C2VdecDeviceUtil: [0#9]"Buf dma mode 0x180000"
06-25 18:28:04.038 460 3794 I C2VdecDeviceUtil: [0#9]"C2 need disable error policy"
06-25 18:28:04.038 460 3794 I C2VdecDeviceUtil: [codecConfig] set triple write:0
06-25 18:28:04.038 460 3794 I VideoDecWraper: [0##9]"initialize:mime:video/hevc secureMode is 0 flags is 0x8001"
06-25 18:28:04.038 3453 3811 I virtual Data FFDemuxer::read(): read frame ret: End of file latestReceivedTime: 21599 getTotalTimeMillis: 7500 is exit: 0
06-25 18:28:04.038 3453 3811 I virtual Data FFDemuxer::read(): list smooth loop
06-25 18:28:04.039 460 3794 D ResmanWrapper: resManWrapper CODEC2-0 init, fd = 11
06-25 18:28:04.039 460 3794 I AmVideoDec: [No--1]-[0]"checkResource.-- mem size:60--dim:0 w:[1920]H[1080]\n"
06-25 18:28:04.051 0 0 I : [0 T3794 ..] codec mem info:
06-25 18:28:04.051 0 0 I : [0 T3794 ..] total codec mem size:364 MB
06-25 18:28:04.051 0 0 I : [0 T3794 ..] alloced size= 71 MB
06-25 18:28:04.052 0 0 I : [0 T3794 ..] max alloced: 82 MB
06-25 18:28:04.042 3453 3811 I virtual StreamInfo FFDemuxer::getVideoStreamInfo(): video width: 1920 video height: 1080 video pixelFormat: 0 fps: 30
06-25 18:28:04.042 3453 3811 D virtual Data FFDemuxer::read(): open next url: /data/user/0/com.dangbei.lerad.screensaver/files/download/61/city_2.mp4
06-25 18:28:04.045 3453 3811 I virtual Data FFDemuxer::read(): read frame ret: End of file latestReceivedTime: 28266 getTotalTimeMillis: 6666 is exit: 0
06-25 18:28:04.045 3453 3811 I virtual Data FFDemuxer::read(): list smooth loop
06-25 18:28:04.047 3453 3811 I virtual StreamInfo FFDemuxer::getVideoStreamInfo(): video width: 1920 video height: 1080 video pixelFormat: 0 fps: 30
06-25 18:28:04.047 3453 3811 D virtual Data FFDemuxer::read(): open next url: /data/user/0/com.dangbei.lerad.screensaver/files/download/61/city_1.mp4
06-25 18:28:04.050 3453 3811 I virtual Data FFDemuxer::read(): read frame ret: End of file latestReceivedTime: 35765 getTotalTimeMillis: 7500 is exit: 0
06-25 18:28:04.050 3453 3811 I virtual Data FFDemuxer::read(): list smooth loop
06-25 18:28:04.053 3453 3811 I virtual StreamInfo FFDemuxer::getVideoStreamInfo(): video width: 1920 video height: 1080 video pixelFormat: 0 fps: 30
06-25 18:28:04.053 3453 3811 D virtual Data FFDemuxer::read(): open next url: /data/user/0/com.dangbei.lerad.screensaver/files/download/61/city_2.mp4
06-25 18:28:04.056 3453 3811 I virtual Data FFDemuxer::read(): read frame ret: End of file latestReceivedTime: 42432 getTotalTimeMillis: 6666 is exit: 0
06-25 18:28:04.056 3453 3811 I virtual Data FFDemuxer::read(): list smooth loop
06-25 18:28:04.059 3453 3811 I virtual StreamInfo FFDemuxer::getVideoStreamInfo(): video width: 1920 video height: 1080 video pixelFormat: 0 fps: 30
06-25 18:28:04.059 3453 3811 D virtual Data FFDemuxer::read(): open next url: /data/user/0/com.dangbei.lerad.screensaver/files/download/61/city_1.mp4
06-25 18:28:04.061 3453 3811 I virtual Data FFDemuxer::read(): read frame ret: End of file latestReceivedTime: 49931 getTotalTimeMillis: 7500 is exit: 0
06-25 18:28:04.061 3453 3811 I virtual Data FFDemuxer::read(): list smooth loop
06-25 18:28:04.064 3453 3811 I virtual StreamInfo FFDemuxer::getVideoStreamInfo(): video width: 1920 video height: 1080 video pixelFormat: 0 fps: 30
06-25 18:28:04.064 3453 3811 D virtual Data FFDemuxer::read(): open next url: /data/user/0/com.dangbei.lerad.screensaver/files/download/61/city_2.mp4
06-25 18:28:04.067 3453 3811 I virtual Data FFDemuxer::read(): read frame ret: End of file latestReceivedTime: 56598 getTotalTimeMillis: 6666 is exit: 0
06-25 18:28:04.067 3453 3811 I virtual Data FFDemuxer::read(): list smooth loop
06-25 18:28:04.070 3453 3811 I virtual StreamInfo FFDemuxer::getVideoStreamInfo(): video width: 1920 video height: 1080 video pixelFormat: 0 fps: 30
06-25 18:28:04.070 3453 3811 D virtual Data FFDemuxer::read(): open next url: /data/user/0/com.dangbei.lerad.screensaver/files/download/61/city_1.mp4
06-25 18:28:04.073 3453 3811 I virtual Data FFDemuxer::read(): read frame ret: End of file latestReceivedTime: 64097 getTotalTimeMillis: 7500 is exit: 0
06-25 18:28:04.073 3453 3811 I virtual Data FFDemuxer::read(): list smooth loop
06-25 18:28:04.076 3453 3811 I virtual StreamInfo FFDemuxer::getVideoStreamInfo(): video width: 1920 video height: 1080 video pixelFormat: 0 fps: 30
06-25 18:28:04.076 3453 3811 D virtual Data FFDemuxer::read(): open next url: /data/user/0/com.dangbei.lerad.screensaver/files/download/61/city_2.mp4
06-25 18:28:04.078 3453 3811 I virtual Data FFDemuxer::read(): read frame ret: End of file latestReceivedTime: 70764 getTotalTimeMillis: 6666 is exit: 0
06-25 18:28:04.078 3453 3811 I virtual Data FFDemuxer::read(): list smooth loop
06-25 18:28:04.052 0 0 I [0 T3794 ..] CMA: 71,RES:0,TVP:0,SYS:0,COHER:0,VMAPED:0 MB
06-25 18:28:04.053 0 0 I [0 T3794 ..] RES_EXT: 0 MB
