06-20 13:36:08.034 688 688 V SystemServerTiming: OnBootPhase_200_com.android.server.os.DeviceIdentifiersPolicyService took to complete: 0ms
06-20 13:36:08.034 688 688 D SystemServerTiming: OnBootPhase_200_com.android.server.flags.FeatureFlagsService
06-20 13:36:08.034 688 688 V SystemServerTiming: OnBootPhase_200_com.android.server.flags.FeatureFlagsService took to complete: 0ms
06-20 13:36:08.034 688 688 D SystemServerTiming: OnBootPhase_200_com.android.server.uri.UriGrantsManagerService$Lifecycle
06-20 13:36:08.034 688 688 V SystemServerTiming: OnBootPhase_200_com.android.server.uri.UriGrantsManagerService$Lifecycle took to complete: 0ms
06-20 13:36:08.034 688 688 D SystemServerTiming: OnBootPhase_200_com.android.server.powerstats.PowerStatsService
06-20 13:36:08.034 688 688 V SystemServerTiming: OnBootPhase_200_com.android.server.powerstats.PowerStatsService took to complete: 0ms
06-20 13:36:08.034 688 688 D SystemServerTiming: OnBootPhase_200_com.android.server.permission.access.AccessCheckingService
06-20 13:36:08.034 688 688 V SystemServerTiming: OnBootPhase_200_com.android.server.permission.access.AccessCheckingService took to complete: 0ms
06-20 13:36:08.034 688 688 D SystemServerTiming: OnBootPhase_200_com.android.server.wm.ActivityTaskManagerService$Lifecycle
06-20 13:36:08.034 688 688 V SystemServerTiming: OnBootPhase_200_com.android.server.wm.ActivityTaskManagerService$Lifecycle took to complete: 0ms
06-20 13:36:08.034 688 688 D SystemServerTiming: OnBootPhase_200_com.android.server.am.ActivityManagerService$Lifecycle
06-20 13:36:08.034 688 688 V SystemServerTiming: OnBootPhase_200_com.android.server.am.ActivityManagerService$Lifecycle took to complete: 0ms
06-20 13:36:08.034 688 688 D SystemServerTiming: OnBootPhase_200_com.android.server.pm.DataLoaderManagerService
06-20 13:36:08.034 688 688 V SystemServerTiming: OnBootPhase_200_com.android.server.pm.DataLoaderManagerService took to complete: 0ms
06-20 13:36:08.034 688 688 D SystemServerTiming: OnBootPhase_200_com.android.server.power.PowerManagerService
06-20 13:36:08.034 688 688 V SystemServerTiming: OnBootPhase_200_com.android.server.power.PowerManagerService took to complete: 0ms
06-20 13:36:08.034 688 688 D SystemServerTiming: OnBootPhase_200_com.android.server.power.ThermalManagerService
06-20 13:36:08.034 688 688 V SystemServerTiming: OnBootPhase_200_com.android.server.power.ThermalManagerService took to complete: 0ms
06-20 13:36:08.034 688 688 D SystemServerTiming: OnBootPhase_200_com.android.server.power.hint.HintManagerService
06-20 13:36:08.034 688 688 V SystemServerTiming: OnBootPhase_200_com.android.server.power.hint.HintManagerService took to complete: 0ms
06-20 13:36:08.034 688 688 D SystemServerTiming: OnBootPhase_200_com.android.server.recoverysystem.RecoverySystemService$Lifecycle
06-20 13:36:08.034 688 688 V SystemServerTiming: OnBootPhase_200_com.android.server.recoverysystem.RecoverySystemService$Lifecycle took to complete: 0ms
06-20 13:36:08.034 688 688 D SystemServerTiming: OnBootPhase_200_com.android.server.lights.LightsService
06-20 13:36:08.034 688 688 V SystemServerTiming: OnBootPhase_200_com.android.server.lights.LightsService took to complete: 0ms
06-20 13:36:08.034 688 688 D SystemServerTiming: OnBootPhase_200_com.android.server.display.DisplayManagerService
06-20 13:36:08.035 688 688 V SystemServerTiming: OnBootPhase_200_com.android.server.display.DisplayManagerService took to complete: 0ms
06-20 13:36:08.035 688 688 D SystemServerTiming: OnBootPhase_200_com.android.server.pm.verify.domain.DomainVerificationService
06-20 13:36:08.035 688 688 V SystemServerTiming: OnBootPhase_200_com.android.server.pm.verify.domain.DomainVerificationService took to complete: 0ms
06-20 13:36:08.035 688 688 D SystemServerTiming: OnBootPhase_200_com.android.server.pm.PackageInstallerService$Lifecycle
06-20 13:36:08.035 688 688 V SystemServerTiming: OnBootPhase_200_com.android.server.pm.PackageInstallerService$Lifecycle took to complete: 0ms
06-20 13:36:08.035 688 688 D SystemServerTiming: OnBootPhase_200_com.android.server.pm.UserManagerService$LifeCycle
06-20 13:36:08.035 688 688 V SystemServerTiming: OnBootPhase_200_com.android.server.pm.UserManagerService$LifeCycle took to complete: 0ms
06-20 13:36:08.035 688 688 D SystemServerTiming: OnBootPhase_200_com.android.server.om.OverlayManagerService
06-20 13:36:08.035 688 688 V SystemServerTiming: OnBootPhase_200_com.android.server.om.OverlayManagerService took to complete: 0ms
06-20 13:36:08.035 688 688 D SystemServerTiming: OnBootPhase_200_com.android.server.resources.ResourcesManagerService
06-20 13:36:08.035 688 688 V SystemServerTiming: OnBootPhase_200_com.android.server.resources.ResourcesManagerService took to complete: 0ms
06-20 13:36:08.035 688 688 D SystemServerTiming: OnBootPhase_200_com.android.server.sensorprivacy.SensorPrivacyService
06-20 13:36:08.035 688 688 V SystemServerTiming: OnBootPhase_200_com.android.server.sensorprivacy.SensorPrivacyService took to complete: 0ms
06-20 13:36:08.035 688 688 D SystemServerTiming: OnBootPhase_200_com.android.server.sensors.SensorService
06-20 13:36:08.035 688 688 V SystemServerTiming: OnBootPhase_200_com.android.server.sensors.SensorService took to complete: 0ms
06-20 13:36:08.035 688 688 D SystemServerTiming: OnBootPhase_200_com.android.server.SystemConfigService
06-20 13:36:08.035 688 688 V SystemServerTiming: OnBootPhase_200_com.android.server.SystemConfigService took to complete: 0ms
06-20 13:36:08.035 688 688 D SystemServerTiming: OnBootPhase_200_com.android.server.BatteryService
06-20 13:36:08.035 688 688 V SystemServerTiming: OnBootPhase_200_com.android.server.BatteryService took to complete: 0ms
06-20 13:36:08.035 688 688 D SystemServerTiming: OnBootPhase_200_com.android.server.usage.UsageStatsService
06-20 13:36:08.035 688 688 V SystemServerTiming: OnBootPhase_200_com.android.server.usage.UsageStatsService took to complete: 0ms
06-20 13:36:08.035 688 688 D SystemServerTiming: OnBootPhase_200_com.android.server.webkit.WebViewUpdateService
06-20 13:36:08.035 688 688 V SystemServerTiming: OnBootPhase_200_com.android.server.webkit.WebViewUpdateService took to complete: 0ms
06-20 13:36:08.035 688 688 D SystemServerTiming: OnBootPhase_200_com.android.server.CachedDeviceStateService
06-20 13:36:08.035 688 688 V SystemServerTiming: OnBootPhase_200_com.android.server.CachedDeviceStateService took to complete: 0ms
06-20 13:36:08.035 688 688 D SystemServerTiming: OnBootPhase_200_com.android.server.BinderCallsStatsService$LifeCycle
06-20 13:36:08.035 688 688 V SystemServerTiming: OnBootPhase_200_com.android.server.BinderCallsStatsService$LifeCycle took to complete: 0ms
06-20 13:36:08.035 688 688 D SystemServerTiming: OnBootPhase_200_com.android.server.LooperStatsService$Lifecycle
06-20 13:36:08.035 688 688 V SystemServerTiming: OnBootPhase_200_com.android.server.LooperStatsService$Lifecycle took to complete: 0ms
06-20 13:36:08.035 688 688 D SystemServerTiming: OnBootPhase_200_com.android.server.rollback.RollbackManagerService
06-20 13:36:08.035 688 688 V SystemServerTiming: OnBootPhase_200_com.android.server.rollback.RollbackManagerService took to complete: 0ms
06-20 13:36:08.035 688 688 D SystemServerTiming: OnBootPhase_200_com.android.server.os.NativeTombstoneManagerService
06-20 13:36:08.035 688 688 V SystemServerTiming: OnBootPhase_200_com.android.server.os.NativeTombstoneManagerService took to complete: 0ms
06-20 13:36:08.035 688 688 D SystemServerTiming: OnBootPhase_200_com.android.server.os.BugreportManagerService
06-20 13:36:08.035 688 688 V SystemServerTiming: OnBootPhase_200_com.android.server.os.BugreportManagerService took to complete: 0ms
06-20 13:36:08.035 688 688 D SystemServerTiming: OnBootPhase_200_com.android.server.gpu.GpuService
06-20 13:36:08.035 688 688 V SystemServerTiming: OnBootPhase_200_com.android.server.gpu.GpuService took to complete: 0ms
06-20 13:36:08.035 688 688 D SystemServerTiming: OnBootPhase_200_com.android.server.security.rkp.RemoteProvisioningService
06-20 13:36:08.035 688 688 V SystemServerTiming: OnBootPhase_200_com.android.server.security.rkp.RemoteProvisioningService took to complete: 0ms
06-20 13:36:08.035 688 688 D SystemServerTiming: OnBootPhase_200_com.android.server.cpu.CpuMonitorService
06-20 13:36:08.035 688 688 V SystemServerTiming: OnBootPhase_200_com.android.server.cpu.CpuMonitorService took to complete: 0ms
06-20 13:36:08.035 688 688 D SystemServerTiming: OnBootPhase_200_com.android.server.security.KeyChainSystemService
06-20 13:36:08.035 688 688 V SystemServerTiming: OnBootPhase_200_com.android.server.security.KeyChainSystemService took to complete: 0ms
06-20 13:36:08.035 688 688 D SystemServerTiming: OnBootPhase_200_com.android.server.BinaryTransparencyService
06-20 13:36:08.035 688 688 V SystemServerTiming: OnBootPhase_200_com.android.server.BinaryTransparencyService took to complete: 0ms
06-20 13:36:08.035 688 688 D SystemServerTiming: OnBootPhase_200_com.android.server.accounts.AccountManagerService$Lifecycle
06-20 13:36:08.035 688 688 V SystemServerTiming: OnBootPhase_200_com.android.server.accounts.AccountManagerService$Lifecycle took to complete: 0ms
06-20 13:36:08.035 688 688 D SystemServerTiming: OnBootPhase_200_com.android.server.content.ContentService$Lifecycle
06-20 13:36:08.035 688 688 V SystemServerTiming: OnBootPhase_200_com.android.server.content.ContentService$Lifecycle took to complete: 0ms
06-20 13:36:08.035 688 688 D SystemServerTiming: OnBootPhase_200_com.android.server.deviceconfig.DeviceConfigInit$Lifecycle
06-20 13:36:08.035 688 688 V SystemServerTiming: OnBootPhase_200_com.android.server.deviceconfig.DeviceConfigInit$Lifecycle took to complete: 0ms
06-20 13:36:08.035 688 688 D SystemServerTiming: OnBootPhase_200_com.android.server.DropBoxManagerService
06-20 13:36:08.036 688 688 V SystemServerTiming: OnBootPhase_200_com.android.server.DropBoxManagerService took to complete: 0ms
06-20 13:36:08.036 688 688 D SystemServerTiming: OnBootPhase_200_com.android.role.RoleService
06-20 13:36:08.036 688 688 V SystemServerTiming: OnBootPhase_200_com.android.role.RoleService took to complete: 0ms
06-20 13:36:08.036 688 688 D SystemServerTiming: OnBootPhase_200_com.android.server.vibrator.VibratorManagerService$Lifecycle
06-20 13:36:08.036 688 688 V SystemServerTiming: OnBootPhase_200_com.android.server.vibrator.VibratorManagerService$Lifecycle took to complete: 0ms
06-20 13:36:08.036 688 688 D SystemServerTiming: OnBootPhase_200_com.android.server.tare.InternalResourceService
06-20 13:36:08.036 688 688 V SystemServerTiming: OnBootPhase_200_com.android.server.tare.InternalResourceService took to complete: 0ms
06-20 13:36:08.036 688 688 D SystemServerTiming: OnBootPhase_200_com.android.server.alarm.AlarmManagerService
06-20 13:36:08.036 688 688 V SystemServerTiming: OnBootPhase_200_com.android.server.alarm.AlarmManagerService took to complete: 0ms
06-20 13:36:08.036 688 688 D SystemServerTiming: OnBootPhase_200_com.android.server.devicestate.DeviceStateManagerService
06-20 13:36:08.036 688 688 V SystemServerTiming: OnBootPhase_200_com.android.server.devicestate.DeviceStateManagerService took to complete: 0ms
06-20 13:36:08.036 688 688 D SystemServerTiming: OnBootPhase_200_com.android.server.camera.CameraServiceProxy
06-20 13:36:08.036 688 688 V SystemServerTiming: OnBootPhase_200_com.android.server.camera.CameraServiceProxy took to complete: 0ms
06-20 13:36:08.036 688 688 V SystemServerTiming: OnBootPhase_200 took to complete: 2ms
06-20 13:36:08.039 688 688 I WindowManager: No existing display settings, starting empty
06-20 13:36:08.039 688 688 I WindowManager: No existing display settings, starting empty
06-20 13:36:08.069 688 688 V SystemServerTiming: StartWindowManagerService took to complete: 35ms
06-20 13:36:08.069 688 688 D SystemServerTiming: SetWindowManagerService
06-20 13:36:08.127 688 688 I ActivityTaskManager: Loaded persisted task ids for user 0
06-20 13:36:08.132 688 688 V SystemServerTiming: SetWindowManagerService took to complete: 63ms
06-20 13:36:08.132 688 688 D SystemServerTiming: WindowManagerServiceOnInitReady
06-20 13:36:08.151 688 711 W BroadcastLoopers: Found previously unknown looper Thread[android.ui,5,main]
06-20 13:36:08.154 688 688 V SystemServerTiming: WindowManagerServiceOnInitReady took to complete: 21ms
06-20 13:36:08.154 688 760 D SystemServerTimingAsync: InitThreadPoolExec:StartISensorManagerService
06-20 13:36:08.154 688 760 D SystemServerInitThreadPool: Started executing StartISensorManagerService
06-20 13:36:08.154 688 760 D SystemServerTimingAsync: StartISensorManagerService
06-20 13:36:08.154 688 776 D SystemServerTimingAsync: InitThreadPoolExec:StartHidlServices
06-20 13:36:08.154 688 776 D SystemServerInitThreadPool: Started executing StartHidlServices
06-20 13:36:08.154 688 776 D SystemServerTimingAsync: StartHidlServices
06-20 13:36:08.154 688 688 D SystemServerTiming: StartInputManager
06-20 13:36:08.154 688 688 I InputManager: Starting input manager
06-20 13:36:08.155 688 688 V SystemServerTiming: StartInputManager took to complete: 0ms
06-20 13:36:08.155 688 688 D SystemServerTiming: DisplayManagerWindowManagerAndInputReady
06-20 13:36:08.155 688 688 V HistoricalRegistry: Interaction before persistence initialized
06-20 13:36:08.156 688 776 V SystemServerTimingAsync: StartHidlServices took to complete: 1ms
06-20 13:36:08.156 688 776 D SystemServerInitThreadPool: Finished executing StartHidlServices
06-20 13:36:08.156 688 776 V SystemServerTimingAsync: InitThreadPoolExec:StartHidlServices took to complete: 1ms
06-20 13:36:08.156 688 688 V SystemServerTiming: DisplayManagerWindowManagerAndInputReady took to complete: 1ms
06-20 13:36:08.156 688 688 D SystemServerTiming: StartBluetoothService
06-20 13:36:08.157 688 688 I SystemServiceManager: Starting com.android.server.bluetooth.BluetoothService
06-20 13:36:08.159 688 760 V SystemServerTimingAsync: StartISensorManagerService took to complete: 4ms
06-20 13:36:08.159 688 760 D SystemServerInitThreadPool: Finished executing StartISensorManagerService
06-20 13:36:08.159 688 760 V SystemServerTimingAsync: InitThreadPoolExec:StartISensorManagerService took to complete: 5ms
06-20 13:36:08.170 0 0 I [3 T216 ..] servicemanager: Found android.frameworks.sensorservice.ISensorManager/default in framework VINTF manifest.
06-20 13:36:08.164 688 688 V SystemServerTiming: StartBluetoothService took to complete: 8ms
06-20 13:36:08.164 688 688 D SystemServerTiming: IpConnectivityMetrics
06-20 13:36:08.164 688 688 I SystemServiceManager: Starting com.android.server.connectivity.IpConnectivityMetrics
06-20 13:36:08.165 688 688 V SystemServerTiming: IpConnectivityMetrics took to complete: 1ms
06-20 13:36:08.165 688 688 D SystemServerTiming: NetworkWatchlistService
06-20 13:36:08.165 688 688 I SystemServiceManager: Starting com.android.server.net.watchlist.NetworkWatchlistService$Lifecycle
06-20 13:36:08.169 688 688 I WatchlistSettings: Reload watchlist settings done
06-20 13:36:08.171 688 795 I WatchlistLoggingHandler: Last report time is larger than current time, reset report
06-20 13:36:08.173 688 688 V SystemServerTiming: NetworkWatchlistService took to complete: 7ms
06-20 13:36:08.174 688 688 D SystemServerTiming: PinnerService
06-20 13:36:08.174 688 688 I SystemServiceManager: Starting com.android.server.PinnerService
06-20 13:36:08.177 688 688 V HistoricalRegistry: Interaction before persistence initialized
06-20 13:36:08.180 688 688 V SystemServerTiming: PinnerService took to complete: 6ms
06-20 13:36:08.181 688 688 D SystemServerTiming: SignedConfigService
06-20 13:36:08.182 688 688 V SystemServerTiming: SignedConfigService took to complete: 0ms
06-20 13:36:08.182 688 688 D SystemServerTiming: AppIntegrityService
06-20 13:36:08.182 688 688 I SystemServiceManager: Starting com.android.server.integrity.AppIntegrityManagerService
06-20 13:36:08.184 688 688 E IntegrityFileManager: Error creating staging and rules directory
06-20 13:36:08.186 688 795 I WatchlistLoggingHandler: No need to aggregate record yet.
06-20 13:36:08.186 688 795 I WatchlistLoggingHandler: Milliseconds spent on tryAggregateRecords(): 15
06-20 13:36:08.186 688 688 V SystemServerTiming: AppIntegrityService took to complete: 5ms
06-20 13:36:08.186 688 688 D SystemServerTiming: StartLogcatManager
06-20 13:36:08.187 688 688 I SystemServiceManager: Starting com.android.server.logcat.LogcatManagerService
06-20 13:36:08.191 688 688 V SystemServerTiming: StartLogcatManager took to complete: 4ms
06-20 13:36:08.214 688 688 I WindowManager: SAFE MODE not enabled
06-20 13:36:08.215 688 688 D SystemServerTiming: StartInputMethodManagerLifecycle
06-20 13:36:08.215 688 688 I SystemServiceManager: Starting com.android.server.inputmethod.InputMethodManagerService$Lifecycle
06-20 13:36:08.226 688 688 V SystemServerTiming: StartInputMethodManagerLifecycle took to complete: 12ms
06-20 13:36:08.226 688 688 D SystemServerTiming: StartAccessibilityManagerService
06-20 13:36:08.226 688 688 I SystemServiceManager: Starting com.android.server.accessibility.AccessibilityManagerService$Lifecycle
06-20 13:36:08.239 688 688 V SystemServerTiming: StartAccessibilityManagerService took to complete: 13ms
06-20 13:36:08.239 688 688 D SystemServerTiming: MakeDisplayReady
06-20 13:36:08.246 688 688 I ActivityTaskManager: Config changes=20005df8 {1.0 ?mcc0mnc [zh_CN] ldltr sw720dp w1280dp h720dp 240dpi xlrg long land ?uimode ?night -touch -keyb/v/h dpad/v winConfig={ mBounds=Rect(0, 0 - 1920, 1080) mAppBounds=Rect(0, 0 - 1920, 1080) mMaxBounds=Rect(0, 0 - 1920, 1080) mDisplayRotation=ROTATION_0 mWindowingMode=fullscreen mDisplayWindowingMode=fullscreen mActivityType=undefined mAlwaysOnTop=undefined mRotation=ROTATION_0} s.2 ?fontWeightAdjustment}
06-20 13:36:08.249 688 688 I WindowManager: Override config changes=60007dfc {1.0 ?mcc0mnc [zh_CN] ldltr sw720dp w1280dp h720dp 240dpi xlrg long land ?uimode ?night -touch -keyb/v/h dpad/v winConfig={ mBounds=Rect(0, 0 - 1920, 1080) mAppBounds=Rect(0, 0 - 1920, 1080) mMaxBounds=Rect(0, 0 - 1920, 1080) mDisplayRotation=ROTATION_0 mWindowingMode=fullscreen mDisplayWindowingMode=fullscreen mActivityType=undefined mAlwaysOnTop=undefined mRotation=ROTATION_0} s.2 ?fontWeightAdjustment} for displayId=0
06-20 13:36:08.256 688 688 I DisplayDevice: [0] Layerstack set to 0 for local:4625716335649126413
06-20 13:36:08.261 688 713 W BroadcastLoopers: Found previously unknown looper Thread[android.display,5,main]
06-20 13:36:08.262 688 688 V SystemServerTiming: MakeDisplayReady took to complete: 22ms
06-20 13:36:08.262 688 688 D SystemServerTiming: StartStorageManagerService
06-20 13:36:08.263 688 688 I SystemServiceManager: Starting com.android.server.StorageManagerService$Lifecycle
06-20 13:36:08.279 688 801 D StorageManagerService: Thinking about reset, mBootCompleted=false, mDaemonConnected=true
06-20 13:36:08.280 688 801 D StorageManagerService: Thinking about reset, mBootCompleted=false, mDaemonConnected=true
06-20 13:36:08.281 688 688 V SystemServerTiming: StartStorageManagerService took to complete: 18ms
06-20 13:36:08.281 688 688 D SystemServerTiming: StartStorageStatsService
06-20 13:36:08.281 688 688 I SystemServiceManager: Starting com.android.server.usage.StorageStatsService$Lifecycle
06-20 13:36:08.295 688 688 V SystemServerTiming: StartStorageStatsService took to complete: 14ms
06-20 13:36:08.295 688 688 D SystemServerTiming: StartUiModeManager
06-20 13:36:08.295 688 688 I SystemServiceManager: Starting com.android.server.UiModeManagerService
06-20 13:36:08.298 688 717 D SystemServerTimingAsync: InitThreadPoolExec:UiModeManager.onStart
06-20 13:36:08.298 688 717 D SystemServerInitThreadPool: Started executing UiModeManager.onStart
06-20 13:36:08.298 688 688 V SystemServerTiming: StartUiModeManager took to complete: 4ms
06-20 13:36:08.298 688 688 D SystemServerTiming: StartLocaleManagerService
06-20 13:36:08.299 688 688 I SystemServiceManager: Starting com.android.server.locales.LocaleManagerService
06-20 13:36:08.302 688 688 V SystemServerTiming: StartLocaleManagerService took to complete: 4ms
06-20 13:36:08.303 688 688 D SystemServerTiming: StartGrammarInflectionService
06-20 13:36:08.303 688 688 I SystemServiceManager: Starting com.android.server.grammaticalinflection.GrammaticalInflectionService
06-20 13:36:08.305 688 717 D SystemServerInitThreadPool: Finished executing UiModeManager.onStart
06-20 13:36:08.306 688 717 V SystemServerTimingAsync: InitThreadPoolExec:UiModeManager.onStart took to complete: 8ms
06-20 13:36:08.306 688 688 V SystemServerTiming: StartGrammarInflectionService took to complete: 4ms
06-20 13:36:08.306 688 688 D SystemServerTiming: StartAppHibernationService
06-20 13:36:08.307 688 688 I SystemServiceManager: Starting com.android.server.apphibernation.AppHibernationService
06-20 13:36:08.310 688 688 V SystemServerTiming: StartAppHibernationService took to complete: 4ms
06-20 13:36:08.311 688 688 D SystemServerTiming: ArtManagerLocal
06-20 13:36:08.313 688 688 V SystemServerTiming: ArtManagerLocal took to complete: 2ms
06-20 13:36:08.313 688 688 D SystemServerTiming: UpdatePackagesIfNeeded
06-20 13:36:08.313 688 688 I Watchdog: Pausing HandlerChecker: main thread for reason: dexopt. Pause count: 1
06-20 13:36:08.314 688 688 I Watchdog: Resuming HandlerChecker: main thread for reason: dexopt. Pause count: 0
06-20 13:36:08.314 688 688 V SystemServerTiming: UpdatePackagesIfNeeded took to complete: 1ms
06-20 13:36:08.314 688 688 D SystemServerTiming: PerformFstrimIfNeeded
06-20 13:36:08.315 688 688 V SystemServerTiming: PerformFstrimIfNeeded took to complete: 1ms
06-20 13:36:08.315 688 688 D SystemServerTiming: StartLockSettingsService
06-20 13:36:08.316 688 688 I SystemServiceManager: Starting com.android.server.locksettings.LockSettingsService$Lifecycle
06-20 13:36:08.336 688 688 V SystemServerTiming: StartLockSettingsService took to complete: 20ms
06-20 13:36:08.336 688 688 D SystemServerTiming: StartPersistentDataBlock
06-20 13:36:08.336 688 688 I SystemServiceManager: Starting com.android.server.PersistentDataBlockService
06-20 13:36:08.337 688 688 V SystemServerTiming: StartPersistentDataBlock took to complete: 1ms
06-20 13:36:08.337 688 750 D SystemServerTimingAsync: InitThreadPoolExec:PersistentDataBlockService.onStart
06-20 13:36:08.337 688 688 D SystemServerTiming: StartTestHarnessMode
06-20 13:36:08.337 688 750 D SystemServerInitThreadPool: Started executing PersistentDataBlockService.onStart
06-20 13:36:08.338 688 688 I SystemServiceManager: Starting com.android.server.testharness.TestHarnessModeService
06-20 13:36:08.339 688 688 V SystemServerTiming: StartTestHarnessMode took to complete: 1ms
06-20 13:36:08.339 688 688 D SystemServerTiming: StartOemLockService
06-20 13:36:08.339 688 688 I SystemServiceManager: Starting com.android.server.oemlock.OemLockService
06-20 13:36:08.342 688 688 I OemLock : Using vendor lock via the HAL(aidl)
06-20 13:36:08.352 0 0 I [3 T216 ..] servicemanager: Found android.hardware.oemlock.IOemLock/default in device VINTF manifest.
06-20 13:36:08.354 0 0 I [3 T216 ..] servicemanager: Found android.hardware.oemlock.IOemLock/default in device VINTF manifest.
06-20 13:36:08.349 688 688 V SystemServerTiming: StartOemLockService took to complete: 10ms
06-20 13:36:08.349 688 688 D SystemServerTiming: StartDeviceIdleController
06-20 13:36:08.350 688 688 I SystemServiceManager: Starting com.android.server.DeviceIdleController
06-20 13:36:08.360 688 688 V SystemServerTiming: StartDeviceIdleController took to complete: 11ms
06-20 13:36:08.360 688 688 D SystemServerTiming: StartDevicePolicyManager
06-20 13:36:08.360 688 688 I SystemServiceManager: Starting com.android.server.devicepolicy.DevicePolicyManagerService$Lifecycle
06-20 13:36:08.383 688 688 V SystemServerTiming: StartDevicePolicyManager took to complete: 23ms
06-20 13:36:08.383 688 688 D SystemServerTiming: StartStatusBarManagerService
06-20 13:36:08.387 688 688 V SystemServerTiming: StartStatusBarManagerService took to complete: 3ms
06-20 13:36:08.387 688 688 D SystemServer: MusicRecognitionManagerService not defined by OEM or disabled by flag
06-20 13:36:08.387 688 688 D SystemServer: ContentCaptureService disabled because resource is not overlaid
06-20 13:36:08.388 688 688 D SystemServer: AttentionService is not configured on this device
06-20 13:36:08.389 688 688 D SystemServer: RotationResolverService is not configured on this device
06-20 13:36:08.389 688 688 D SystemServer: SystemCaptionsManagerService disabled because resource is not overlaid
06-20 13:36:08.389 688 688 D SystemServerTiming: StartTextToSpeechManagerService
06-20 13:36:08.390 688 688 I SystemServiceManager: Starting com.android.server.texttospeech.TextToSpeechManagerService
06-20 13:36:08.393 688 688 V SystemServerTiming: StartTextToSpeechManagerService took to complete: 3ms
06-20 13:36:08.393 688 688 D SystemServerTiming: StartAmbientContextService
06-20 13:36:08.393 688 688 I SystemServiceManager: Starting com.android.server.ambientcontext.AmbientContextManagerService
06-20 13:36:08.396 688 688 V SystemServerTiming: StartAmbientContextService took to complete: 3ms
06-20 13:36:08.396 688 688 D SystemServerTiming: startWearableSensingService
06-20 13:36:08.396 688 688 I SystemServiceManager: Starting com.android.server.wearable.WearableSensingManagerService
06-20 13:36:08.408 688 688 V SystemServerTiming: startWearableSensingService took to complete: 13ms
06-20 13:36:08.408 688 688 D SystemServerTiming: StartSpeechRecognitionManagerService
06-20 13:36:08.409 688 688 I SystemServiceManager: Starting com.android.server.speech.SpeechRecognitionManagerService
06-20 13:36:08.413 688 688 V SystemServerTiming: StartSpeechRecognitionManagerService took to complete: 5ms
06-20 13:36:08.414 688 688 D SystemServer: AppPredictionService not defined by OEM
06-20 13:36:08.414 688 688 D SystemServer: ContentSuggestionsService not defined by OEM
06-20 13:36:08.414 688 688 D SystemServerTiming: StartSearchUiService
06-20 13:36:08.414 688 688 I SystemServiceManager: Starting com.android.server.searchui.SearchUiManagerService
06-20 13:36:08.417 688 688 V SystemServerTiming: StartSearchUiService took to complete: 3ms
06-20 13:36:08.417 688 688 D SystemServerTiming: StartSmartspaceService
06-20 13:36:08.417 688 688 I SystemServiceManager: Starting com.android.server.smartspace.SmartspaceManagerService
06-20 13:36:08.419 688 688 V SystemServerTiming: StartSmartspaceService took to complete: 3ms
06-20 13:36:08.419 688 688 D SystemServerTiming: InitConnectivityModuleConnector
06-20 13:36:08.420 688 688 V SystemServerTiming: InitConnectivityModuleConnector took to complete: 0ms
06-20 13:36:08.420 688 688 D SystemServerTiming: InitNetworkStackClient
06-20 13:36:08.420 688 688 V SystemServerTiming: InitNetworkStackClient took to complete: 1ms
06-20 13:36:08.420 688 688 D SystemServerTiming: StartNetworkManagementService
06-20 13:36:08.428 688 688 V SystemServerTiming: StartNetworkManagementService took to complete: 8ms
06-20 13:36:08.428 688 688 D SystemServerTiming: StartFontManagerService
06-20 13:36:08.442 688 750 D SystemServerInitThreadPool: Finished executing PersistentDataBlockService.onStart
06-20 13:36:08.442 688 750 V SystemServerTimingAsync: InitThreadPoolExec:PersistentDataBlockService.onStart took to complete: 105ms
06-20 13:36:08.640 688 688 V SystemServerTiming: StartFontManagerService took to complete: 211ms
06-20 13:36:08.640 688 688 D SystemServerTiming: StartTextServicesManager
06-20 13:36:08.640 688 688 I SystemServiceManager: Starting com.android.server.textservices.TextServicesManagerService$Lifecycle
06-20 13:36:08.643 688 688 V SystemServerTiming: StartTextServicesManager took to complete: 3ms
06-20 13:36:08.643 688 688 D SystemServerTiming: StartTextClassificationManagerService
06-20 13:36:08.643 688 688 I SystemServiceManager: Starting com.android.server.textclassifier.TextClassificationManagerService$Lifecycle
06-20 13:36:08.647 688 688 V SystemServerTiming: StartTextClassificationManagerService took to complete: 5ms
06-20 13:36:08.647 688 688 D SystemServerTiming: StartNetworkScoreService
06-20 13:36:08.647 688 688 I SystemServiceManager: Starting com.android.server.NetworkScoreService$Lifecycle
06-20 13:36:08.654 688 688 V SystemServerTiming: StartNetworkScoreService took to complete: 6ms
06-20 13:36:08.654 688 688 D SystemServerTiming: StartNetworkStatsService
06-20 13:36:08.674 688 688 I SystemServiceManager: Starting com.android.server.NetworkStatsServiceInitializer
06-20 13:36:08.725 688 688 V SystemServerTiming: StartNetworkStatsService took to complete: 71ms
06-20 13:36:08.725 688 688 D SystemServerTiming: StartNetworkPolicyManagerService
06-20 13:36:08.737 688 688 V SystemServerTiming: StartNetworkPolicyManagerService took to complete: 12ms
06-20 13:36:08.737 688 688 D SystemServerTiming: StartWifi
06-20 13:36:08.738 688 688 I SystemServiceManager: Starting com.android.server.wifi.WifiService
06-20 13:36:08.781 0 0 I [0 T216 ..] servicemanager: Found android.hardware.wifi.IWifi/default in device VINTF manifest.
06-20 13:36:08.785 0 0 I [0 T216 ..] servicemanager: Found android.hardware.wifi.supplicant.ISupplicant/default in device VINTF manifest.
06-20 13:36:08.811 587 587 I wificond: New wificond event callback registered
06-20 13:36:08.824 688 688 V HistoricalRegistry: Interaction before persistence initialized
06-20 13:36:08.825 688 688 V HistoricalRegistry: Interaction before persistence initialized
06-20 13:36:08.832 688 688 V SystemServerTiming: StartWifi took to complete: 94ms
06-20 13:36:08.832 688 688 D SystemServerTiming: StartWifiScanning
06-20 13:36:08.833 688 688 I SystemServiceManager: Starting com.android.server.wifi.scanner.WifiScanningService
06-20 13:36:08.837 688 688 V SystemServerTiming: StartWifiScanning took to complete: 4ms
06-20 13:36:08.837 688 688 D SystemServerTiming: StartWifiP2P
06-20 13:36:08.838 688 688 I SystemServiceManager: Starting com.android.server.wifi.p2p.WifiP2pService
06-20 13:36:08.848 688 688 V SystemServerTiming: StartWifiP2P took to complete: 11ms
06-20 13:36:08.848 688 688 D SystemServerTiming: StartPacProxyService
06-20 13:36:08.853 688 688 V SystemServerTiming: StartPacProxyService took to complete: 4ms
06-20 13:36:08.853 688 688 D SystemServerTiming: StartConnectivityService
06-20 13:36:08.853 688 688 I SystemServiceManager: Starting com.android.server.ConnectivityServiceInitializer
06-20 13:36:08.900 688 688 D CompatibilityChangeReporter: Compat change id reported: 182478738; UID 1000; state: ENABLED
06-20 13:36:08.915 688 836 W BroadcastLoopers: Found previously unknown looper Thread[NsdService,5,main]
06-20 13:36:08.933 688 688 V SystemServerTiming: StartConnectivityService took to complete: 80ms
06-20 13:36:08.933 688 688 D SystemServerTiming: StartVpnManagerService
06-20 13:36:08.939 688 688 V SystemServerTiming: StartVpnManagerService took to complete: 7ms
06-20 13:36:08.940 688 688 D SystemServerTiming: StartVcnManagementService
06-20 13:36:08.944 688 688 V SystemServerTiming: StartVcnManagementService took to complete: 4ms
06-20 13:36:08.944 688 688 D SystemServerTiming: StartSystemUpdateManagerService
06-20 13:36:08.945 688 688 I SystemUpdateManagerService: No existing info file /data/system/system-update-info.xml
06-20 13:36:08.946 688 688 V SystemServerTiming: StartSystemUpdateManagerService took to complete: 1ms
06-20 13:36:08.946 688 688 D SystemServerTiming: StartUpdateLockService
06-20 13:36:08.947 688 688 W BroadcastLoopers: Found previously unknown looper Thread[main,5,main]
06-20 13:36:08.947 688 688 V SystemServerTiming: StartUpdateLockService took to complete: 2ms
06-20 13:36:08.947 688 688 D SystemServerTiming: StartNotificationManager
06-20 13:36:08.948 688 688 I SystemServiceManager: Starting com.android.server.notification.NotificationManagerService
06-20 13:36:08.966 688 688 D ConditionProviders.SCP: new ScheduleConditionProvider()
06-20 13:36:08.981 688 688 D ConditionProviders: Subscribing to condition://android/event?userId=-10000&calendar=&reply=1 with ComponentInfo{android/com.android.server.notification.EventConditionProvider}
06-20 13:36:08.981 688 688 D ConditionProviders: Subscribing to condition://android/schedule?days=1.2.3.4.5.6.7&start=22.0&end=7.0&exitAtAlarm=true with ComponentInfo{android/com.android.server.notification.ScheduleConditionProvider}
06-20 13:36:08.993 688 688 I NotificationAssistants: Read notification assistant permissions from xml
06-20 13:36:08.993 688 688 I ConditionProviders: Read condition provider permissions from xml
06-20 13:36:08.994 688 688 I ConditionProviders: Read condition provider permissions from xml
06-20 13:36:08.994 688 688 D NotificationAssistants: Approving default notification assistant for user 0
06-20 13:36:08.994 688 688 I ConditionProviders: Allowing condition provider android.ext.services/android.ext.services.notification.Assistant (userSet: true)
06-20 13:36:09.007 688 688 V SystemServerTiming: StartNotificationManager took to complete: 60ms
06-20 13:36:09.007 688 688 D SystemServerTiming: StartDeviceMonitor
06-20 13:36:09.007 688 688 I SystemServiceManager: Starting com.android.server.storage.DeviceStorageMonitorService
06-20 13:36:09.010 688 688 V SystemServerTiming: StartDeviceMonitor took to complete: 2ms
06-20 13:36:09.010 688 688 D SystemServerTiming: StartTimeDetectorService
06-20 13:36:09.010 688 688 I SystemServiceManager: Starting com.android.server.timedetector.TimeDetectorService$Lifecycle
06-20 13:36:09.017 688 688 V SystemServerTiming: StartTimeDetectorService took to complete: 8ms
06-20 13:36:09.018 688 688 D SystemServerTiming: StartLocationManagerService
06-20 13:36:09.018 688 688 I SystemServiceManager: Starting com.android.server.location.LocationManagerService$Lifecycle
06-20 13:36:09.028 688 688 V SystemServerTiming: StartLocationManagerService took to complete: 10ms
06-20 13:36:09.028 688 688 D SystemServerTiming: StartCountryDetectorService
06-20 13:36:09.029 688 688 V SystemServerTiming: StartCountryDetectorService took to complete: 1ms
06-20 13:36:09.029 688 688 D SystemServerTiming: StartTimeZoneDetectorService
06-20 13:36:09.029 688 688 I SystemServiceManager: Starting com.android.server.timezonedetector.TimeZoneDetectorService$Lifecycle
06-20 13:36:09.036 688 688 V SystemServerTiming: StartTimeZoneDetectorService took to complete: 8ms
06-20 13:36:09.036 688 688 D SystemServerTiming: StartAltitudeService
06-20 13:36:09.036 688 688 I SystemServiceManager: Starting com.android.server.location.altitude.AltitudeService$Lifecycle
06-20 13:36:09.038 688 688 V SystemServerTiming: StartAltitudeService took to complete: 2ms
06-20 13:36:09.038 688 688 D SystemServerTiming: StartLocationTimeZoneManagerService
06-20 13:36:09.038 688 688 I SystemServiceManager: Starting com.android.server.timezonedetector.location.LocationTimeZoneManagerService$Lifecycle
06-20 13:36:09.039 688 688 D LocationTZDetector: Geo time zone detection feature is disabled in config
06-20 13:36:09.039 688 688 V SystemServerTiming: StartLocationTimeZoneManagerService took to complete: 0ms
06-20 13:36:09.039 688 688 D SystemServerTiming: StartSearchManagerService
06-20 13:36:09.039 688 688 I SystemServiceManager: Starting com.android.server.search.SearchManagerService$Lifecycle
06-20 13:36:09.041 688 688 V SystemServerTiming: StartSearchManagerService took to complete: 3ms
06-20 13:36:09.041 688 688 D SystemServerTiming: StartWallpaperManagerService
06-20 13:36:09.042 688 688 I SystemServiceManager: Starting com.android.server.wallpaper.WallpaperManagerService$Lifecycle
06-20 13:36:09.045 688 688 V SystemServerTiming: StartWallpaperManagerService took to complete: 4ms
06-20 13:36:09.045 688 688 D SystemServerTiming: StartWallpaperEffectsGenerationService
06-20 13:36:09.046 688 688 I SystemServiceManager: Starting com.android.server.wallpapereffectsgeneration.WallpaperEffectsGenerationManagerService
06-20 13:36:09.047 688 688 V SystemServerTiming: StartWallpaperEffectsGenerationService took to complete: 2ms
06-20 13:36:09.047 688 688 D SystemServerTiming: StartAudioService
06-20 13:36:09.047 688 688 I SystemServiceManager: Starting com.android.server.audio.AudioService$Lifecycle
06-20 13:36:09.106 688 688 V SystemServerTiming: StartAudioService took to complete: 58ms
06-20 13:36:09.106 688 688 D SystemServerTiming: StartSoundTriggerMiddlewareService
06-20 13:36:09.106 688 688 I SystemServiceManager: Starting com.android.server.soundtrigger_middleware.SoundTriggerMiddlewareService$Lifecycle
06-20 13:36:09.109 688 688 I SoundTriggerMiddlewareDefaultHalFactory: Connecting to default soundtrigger-V2.x.ISoundTriggerHw
06-20 13:36:09.110 688 688 E SoundTriggerMiddlewareImpl: Failed to add a SoundTriggerModule instance
06-20 13:36:09.110 688 688 E SoundTriggerMiddlewareImpl: java.util.NoSuchElementException
06-20 13:36:09.110 688 688 E SoundTriggerMiddlewareImpl: at android.os.HwBinder.getService(Native Method)
06-20 13:36:09.110 688 688 E SoundTriggerMiddlewareImpl: at android.hardware.soundtrigger.V2_0.ISoundTriggerHw.getService(ISoundTriggerHw.java:57)
06-20 13:36:09.110 688 688 E SoundTriggerMiddlewareImpl: at android.hardware.soundtrigger.V2_0.ISoundTriggerHw.getService(ISoundTriggerHw.java:64)
06-20 13:36:09.110 688 688 E SoundTriggerMiddlewareImpl: at com.android.server.soundtrigger_middleware.DefaultHalFactory.create(DefaultHalFactory.java:76)
06-20 13:36:09.110 688 688 E SoundTriggerMiddlewareImpl: at com.android.server.soundtrigger_middleware.SoundTriggerModule.attachToHal(SoundTriggerModule.java:176)
06-20 13:36:09.110 688 688 E SoundTriggerMiddlewareImpl: at com.android.server.soundtrigger_middleware.SoundTriggerModule.(SoundTriggerModule.java:105)
06-20 13:36:09.110 688 688 E SoundTriggerMiddlewareImpl: at com.android.server.soundtrigger_middleware.SoundTriggerMiddlewareImpl.(SoundTriggerMiddlewareImpl.java:86)
06-20 13:36:09.110 688 688 E SoundTriggerMiddlewareImpl: at com.android.server.soundtrigger_middleware.SoundTriggerMiddlewareService$Lifecycle.onStart(SoundTriggerMiddlewareService.java:248)
06-20 13:36:09.110 688 688 E SoundTriggerMiddlewareImpl: at com.android.server.SystemServiceManager.startService(SystemServiceManager.java:255)
06-20 13:36:09.110 688 688 E SoundTriggerMiddlewareImpl: at com.android.server.SystemServiceManager.startService(SystemServiceManager.java:233)
06-20 13:36:09.110 688 688 E SoundTriggerMiddlewareImpl: at com.android.server.SystemServer.startOtherServices(SystemServer.java:2226)
06-20 13:36:09.110 688 688 E SoundTriggerMiddlewareImpl: at com.android.server.SystemServer.run(SystemServer.java:946)
06-20 13:36:09.110 688 688 E SoundTriggerMiddlewareImpl: at com.android.server.SystemServer.main(SystemServer.java:668)
06-20 13:36:09.110 688 688 E SoundTriggerMiddlewareImpl: at java.lang.reflect.Method.invoke(Native Method)
06-20 13:36:09.110 688 688 E SoundTriggerMiddlewareImpl: at com.android.internal.os.RuntimeInit$MethodAndArgsCaller.run(RuntimeInit.java:552)
06-20 13:36:09.110 688 688 E SoundTriggerMiddlewareImpl: at com.android.internal.os.ZygoteInit.main(ZygoteInit.java:956)
06-20 13:36:09.115 688 688 V SystemServerTiming: StartSoundTriggerMiddlewareService took to complete: 9ms
06-20 13:36:09.116 688 688 D SystemServerTiming: StartWiredAccessoryManager
06-20 13:36:09.118 688 688 W WiredAccessoryManager: This kernel does not have wired headset support
06-20 13:36:09.118 688 688 W WiredAccessoryManager: This kernel does not have usb audio support
06-20 13:36:09.118 688 688 W WiredAccessoryManager: This kernel does not have HDMI audio support
06-20 13:36:09.119 688 688 V SystemServerTiming: StartWiredAccessoryManager took to complete: 3ms
06-20 13:36:09.119 688 688 D SystemServerTiming: StartAdbService
06-20 13:36:09.119 688 688 I SystemServiceManager: Starting com.android.server.adb.AdbService$Lifecycle
06-20 13:36:09.125 688 688 V SystemServerTiming: StartAdbService took to complete: 6ms
06-20 13:36:09.125 688 688 D SystemServerTiming: StartUsbService
06-20 13:36:09.126 688 688 I SystemServiceManager: Starting com.android.server.usb.UsbService$Lifecycle
06-20 13:36:09.126 688 688 V SystemServerTiming: StartUsbService took to complete: 1ms
06-20 13:36:09.126 688 776 D SystemServerTimingAsync: InitThreadPoolExec:UsbService$Lifecycle#onStart
06-20 13:36:09.126 688 776 D SystemServerInitThreadPool: Started executing UsbService$Lifecycle#onStart
06-20 13:36:09.126 688 688 D SystemServerTiming: StartSerialService
06-20 13:36:09.127 688 688 V SystemServerTiming: StartSerialService took to complete: 1ms
06-20 13:36:09.127 688 688 D SystemServerTiming: StartHardwarePropertiesManagerService
06-20 13:36:09.130 688 688 V SystemServerTiming: StartHardwarePropertiesManagerService took to complete: 2ms
06-20 13:36:09.130 688 688 D SystemServerTiming: StartTwilightService
06-20 13:36:09.130 688 688 I SystemServiceManager: Starting com.android.server.twilight.TwilightService
06-20 13:36:09.130 688 688 V SystemServerTiming: StartTwilightService took to complete: 1ms
06-20 13:36:09.131 688 688 D SystemServerTiming: StartColorDisplay
06-20 13:36:09.131 688 688 I SystemServiceManager: Starting com.android.server.display.color.ColorDisplayService
06-20 13:36:09.133 688 688 V SystemServerTiming: StartColorDisplay took to complete: 3ms
06-20 13:36:09.134 688 688 D SystemServerTiming: StartJobScheduler
06-20 13:36:09.136 688 776 I UsbDeviceManager: failed to write to /sys/class/android_usb/android0/f_rndis/ethaddr
06-20 13:36:09.137 688 688 I SystemServiceManager: Starting com.android.server.job.JobSchedulerService
06-20 13:36:09.138 688 776 D UsbPortManager: Querying USB Gadget HAL version
06-20 13:36:09.140 688 776 I UsbPortManager: USB Gadget HAL AIDL present
06-20 13:36:09.141 688 776 D UsbDeviceManager: getInstance done
06-20 13:36:09.146 688 776 W StorageManagerService: No primary storage defined yet; hacking together a stub
06-20 13:36:09.146 688 710 I UsbGadgetAidl: USB Gadget HAL AIDL version: GADGET_HAL_V2_0
06-20 13:36:09.149 688 703 E UsbDeviceManager: Usb getCurrentUsbFunctionsCb failed ,functions:1 ,status:3 ,transactionId:1
06-20 13:36:09.149 688 710 I UsbDeviceManager: processing MSG_GET_CURRENT_USB_FUNCTIONS
06-20 13:36:09.149 688 710 I UsbDeviceManager: updating mCurrentFunctions
06-20 13:36:09.150 688 710 I UsbDeviceManager: mCurrentFunctions:0applied:0
06-20 13:36:09.150 688 776 D UsbPortManager: Querying USB HAL version
06-20 13:36:09.151 688 776 I UsbPortManager: USB HAL AIDL present
06-20 13:36:09.154 688 712 D JobStore: Start tag: job-info
06-20 13:36:09.156 688 776 D UsbPortManager: getInstance done
06-20 13:36:09.158 688 754 I UsbPortManager: all: opID:1 successful
06-20 13:36:09.159 688 712 W JobStore: Periodic job for uid='1000' persisted run-time is too big [140:42:29, 164:42:29]. Clamping to [24:00:15,48:00:15]
06-20 13:36:09.163 688 776 D SystemServerInitThreadPool: Finished executing UsbService$Lifecycle#onStart
06-20 13:36:09.163 688 776 V SystemServerTimingAsync: InitThreadPoolExec:UsbService$Lifecycle#onStart took to complete: 37ms
06-20 13:36:09.164 688 712 D JobStore: Start tag: job-info
06-20 13:36:09.164 688 712 W JobStore: Periodic job for uid='10066' persisted run-time is too big [140:42:35, 164:42:35]. Clamping to [24:00:15,48:00:15]
06-20 13:36:09.166 688 712 W JobStore: Periodic job for uid='10066' persisted run-time is too big [476:42:35, 836:42:35]. Clamping to [360:00:15,720:00:15]
06-20 13:36:09.166 688 712 I JobStore: Read 5 jobs
06-20 13:36:09.171 688 688 V HistoricalRegistry: Interaction before persistence initialized
06-20 13:36:09.171 688 688 V HistoricalRegistry: Interaction before persistence initialized
06-20 13:36:09.173 688 688 W JobScheduler: !!! RTC not yet good; tracking time updates for job scheduling
06-20 13:36:09.175 688 688 V SystemServerTiming: StartJobScheduler took to complete: 41ms
06-20 13:36:09.175 688 688 D SystemServerTiming: StartSoundTrigger
06-20 13:36:09.175 688 688 I SystemServiceManager: Starting com.android.server.soundtrigger.SoundTriggerService
06-20 13:36:09.179 688 688 V SystemServerTiming: StartSoundTrigger took to complete: 5ms
06-20 13:36:09.180 688 688 D SystemServerTiming: StartTrustManager
06-20 13:36:09.180 688 688 I SystemServiceManager: Starting com.android.server.trust.TrustManagerService
06-20 13:36:09.184 688 688 V SystemServerTiming: StartTrustManager took to complete: 4ms
06-20 13:36:09.184 688 688 D SystemServerTiming: StartBackupManager
06-20 13:36:09.184 688 688 I SystemServiceManager: Starting com.android.server.backup.BackupManagerService$Lifecycle
06-20 13:36:09.186 688 688 D BackupManagerService: Default backup user id = 0
06-20 13:36:09.187 688 688 V SystemServerTiming: StartBackupManager took to complete: 3ms
06-20 13:36:09.187 688 688 D SystemServerTiming: StartAppWidgetService
06-20 13:36:09.188 688 688 I SystemServiceManager: Starting com.android.server.appwidget.AppWidgetService
06-20 13:36:09.193 688 688 V SystemServerTiming: StartAppWidgetService took to complete: 6ms
06-20 13:36:09.193 688 688 D SystemServerTiming: StartVoiceRecognitionManager
06-20 13:36:09.194 688 688 I SystemServiceManager: Starting com.android.server.voiceinteraction.VoiceInteractionManagerService
06-20 13:36:09.203 688 688 V SystemServerTiming: StartVoiceRecognitionManager took to complete: 10ms
06-20 13:36:09.204 688 688 D SystemServerTiming: StartGestureLauncher
06-20 13:36:09.204 688 688 I SystemServiceManager: Starting com.android.server.GestureLauncherService
06-20 13:36:09.205 688 688 V SystemServerTiming: StartGestureLauncher took to complete: 0ms
06-20 13:36:09.205 688 688 D SystemServerTiming: StartSensorNotification
06-20 13:36:09.205 688 688 I SystemServiceManager: Starting com.android.server.SensorNotificationService
06-20 13:36:09.205 688 688 V SystemServerTiming: StartSensorNotification took to complete: 0ms
06-20 13:36:09.205 688 688 D SystemServerTiming: StartDiskStatsService
06-20 13:36:09.207 688 688 D CompatibilityChangeReporter: Compat change id reported: 253665015; UID 1000; state: DISABLED
06-20 13:36:09.208 688 688 D CompatibilityChangeReporter: Compat change id reported: 253665015; UID 1000; state: ENABLED
06-20 13:36:09.209 688 688 D CompatibilityChangeReporter: Compat change id reported: 194532703; UID 1000; state: DISABLED
06-20 13:36:09.209 688 688 D CompatibilityChangeReporter: Compat change id reported: 194532703; UID 1000; state: ENABLED
06-20 13:36:09.212 688 688 V SystemServerTiming: StartDiskStatsService took to complete: 6ms
06-20 13:36:09.212 688 688 D SystemServerTiming: RuntimeService
06-20 13:36:09.213 688 688 V SystemServerTiming: RuntimeService took to complete: 1ms
06-20 13:36:09.213 688 688 D SystemServerTiming: StartNetworkTimeUpdateService
06-20 13:36:09.217 688 688 V SystemServerTiming: StartNetworkTimeUpdateService took to complete: 4ms
06-20 13:36:09.218 688 688 D SystemServerTiming: CertBlacklister
06-20 13:36:09.219 688 688 V SystemServerTiming: CertBlacklister took to complete: 1ms
06-20 13:36:09.219 688 688 D SystemServerTiming: StartEmergencyAffordanceService
06-20 13:36:09.219 688 688 I SystemServiceManager: Starting com.android.server.emergency.EmergencyAffordanceService
06-20 13:36:09.221 688 688 V SystemServerTiming: StartEmergencyAffordanceService took to complete: 1ms
06-20 13:36:09.221 688 688 D SystemServerTiming: startBlobStoreManagerService
06-20 13:36:09.222 688 688 I SystemServiceManager: Starting com.android.server.blob.BlobStoreManagerService
06-20 13:36:09.226 688 688 V SystemServerTiming: startBlobStoreManagerService took to complete: 4ms
06-20 13:36:09.226 688 688 D SystemServerTiming: StartDreamManager
06-20 13:36:09.226 688 688 I SystemServiceManager: Starting com.android.server.dreams.DreamManagerService
06-20 13:36:09.228 688 688 V SystemServerTiming: StartDreamManager took to complete: 3ms
06-20 13:36:09.228 688 688 D SystemServerTiming: AddGraphicsStatsService
06-20 13:36:09.234 688 688 V SystemServerTiming: AddGraphicsStatsService took to complete: 5ms
06-20 13:36:09.234 688 688 D SystemServerTiming: StartAttestationVerificationService
06-20 13:36:09.234 688 688 I SystemServiceManager: Starting com.android.server.security.AttestationVerificationManagerService
06-20 13:36:09.235 688 688 D AVF : Started
06-20 13:36:09.236 688 688 V SystemServerTiming: StartAttestationVerificationService took to complete: 2ms
06-20 13:36:09.236 688 688 D SystemServerTiming: StartRestrictionManager
06-20 13:36:09.237 688 688 I SystemServiceManager: Starting com.android.server.restrictions.RestrictionsManagerService
06-20 13:36:09.239 688 688 V SystemServerTiming: StartRestrictionManager took to complete: 2ms
06-20 13:36:09.239 688 688 D SystemServerTiming: StartMediaSessionService
06-20 13:36:09.239 688 688 I SystemServiceManager: Starting com.android.server.media.MediaSessionService
06-20 13:36:09.246 688 688 V SystemServerTiming: StartMediaSessionService took to complete: 7ms
06-20 13:36:09.246 688 688 D SystemServerTiming: StartHdmiControlService
06-20 13:36:09.246 688 688 I SystemServiceManager: Starting com.android.server.hdmi.HdmiControlService
06-20 13:36:09.252 688 688 D HdmiControlService: Initial power status is set to 0
06-20 13:36:09.254 688 688 D HDMI : updateEarcEnabled audioControlEnabled:true, earcFeatureEnabled:true res:true
06-20 13:36:09.255 688 688 D HDMI : initOthers
06-20 13:36:09.264 688 688 I HdmiControlService: Device does not support MHL-control.
06-20 13:36:09.265 688 688 W HDMI : [1]:Could not connect to eARC AIDL HAL.
06-20 13:36:09.265 688 688 I HdmiControlService: Device does not support eARC.
06-20 13:36:09.266 688 688 D HDMI : enableSystemCecControl: true
06-20 13:36:09.283 688 846 W BroadcastLoopers: Found previously unknown looper Thread[AudioService,5,main]
06-20 13:36:09.293 688 688 D HDMI : initPortInfo port info:port_id: 0, type: HDMI_OUT, address: 0x0000, cec: true, arc: true, mhl: false, earc: false
06-20 13:36:09.302 688 688 V SystemServerTiming: StartHdmiControlService took to complete: 56ms
