06-20 13:36:11.207 688 760 D SystemServerInitThreadPool: Started executing Update app-ops uidState in case package com.dlg.framework.overlay changed
06-20 13:36:11.207 688 760 D SystemServerInitThreadPool: Finished executing Update app-ops uidState in case package com.dlg.framework.overlay changed
06-20 13:36:11.207 688 760 V SystemServerTimingAsync: InitThreadPoolExec:Update app-ops uidState in case package com.dlg.framework.overlay changed took to complete: 0ms
06-20 13:36:11.207 688 760 D SystemServerTimingAsync: InitThreadPoolExec:Update app-ops uidState in case package com.android.shell changed
06-20 13:36:11.207 688 760 D SystemServerInitThreadPool: Started executing Update app-ops uidState in case package com.android.shell changed
06-20 13:36:11.207 688 760 D SystemServerInitThreadPool: Finished executing Update app-ops uidState in case package com.android.shell changed
06-20 13:36:11.207 688 760 V SystemServerTimingAsync: InitThreadPoolExec:Update app-ops uidState in case package com.android.shell changed took to complete: 0ms
06-20 13:36:11.207 688 760 D SystemServerTimingAsync: InitThreadPoolExec:Update app-ops uidState in case package com.android.networkstack changed
06-20 13:36:11.207 688 760 D SystemServerInitThreadPool: Started executing Update app-ops uidState in case package com.android.networkstack changed
06-20 13:36:11.207 688 760 D SystemServerInitThreadPool: Finished executing Update app-ops uidState in case package com.android.networkstack changed
06-20 13:36:11.207 688 760 V SystemServerTimingAsync: InitThreadPoolExec:Update app-ops uidState in case package com.android.networkstack changed took to complete: 0ms
06-20 13:36:11.207 688 760 D SystemServerTimingAsync: InitThreadPoolExec:Update app-ops uidState in case package com.android.networkstack.tethering changed
06-20 13:36:11.207 688 760 D SystemServerInitThreadPool: Started executing Update app-ops uidState in case package com.android.networkstack.tethering changed
06-20 13:36:11.207 688 760 D SystemServerInitThreadPool: Finished executing Update app-ops uidState in case package com.android.networkstack.tethering changed
06-20 13:36:11.207 688 760 V SystemServerTimingAsync: InitThreadPoolExec:Update app-ops uidState in case package com.android.networkstack.tethering changed took to complete: 0ms
06-20 13:36:11.207 688 760 D SystemServerTimingAsync: InitThreadPoolExec:Update app-ops uidState in case package com.android.se changed
06-20 13:36:11.207 688 760 D SystemServerInitThreadPool: Started executing Update app-ops uidState in case package com.android.se changed
06-20 13:36:11.207 688 760 D SystemServerInitThreadPool: Finished executing Update app-ops uidState in case package com.android.se changed
06-20 13:36:11.207 688 760 V SystemServerTimingAsync: InitThreadPoolExec:Update app-ops uidState in case package com.android.se changed took to complete: 0ms
06-20 13:36:11.207 688 760 D SystemServerTimingAsync: InitThreadPoolExec:Update app-ops uidState in case package com.android.bluetooth changed
06-20 13:36:11.207 688 760 D SystemServerInitThreadPool: Started executing Update app-ops uidState in case package com.android.bluetooth changed
06-20 13:36:11.208 688 760 D SystemServerInitThreadPool: Finished executing Update app-ops uidState in case package com.android.bluetooth changed
06-20 13:36:11.208 688 750 D SystemServerTimingAsync: InitThreadPoolExec:Update app-ops uidState in case package com.droidlogic.tvsettings.energymode.resoverlay changed
06-20 13:36:11.208 688 760 V SystemServerTimingAsync: InitThreadPoolExec:Update app-ops uidState in case package com.android.bluetooth changed took to complete: 0ms
06-20 13:36:11.208 688 750 D SystemServerInitThreadPool: Started executing Update app-ops uidState in case package com.droidlogic.tvsettings.energymode.resoverlay changed
06-20 13:36:11.208 688 750 D SystemServerInitThreadPool: Finished executing Update app-ops uidState in case package com.droidlogic.tvsettings.energymode.resoverlay changed
06-20 13:36:11.208 688 750 V SystemServerTimingAsync: InitThreadPoolExec:Update app-ops uidState in case package com.droidlogic.tvsettings.energymode.resoverlay changed took to complete: 0ms
06-20 13:36:11.208 688 750 D SystemServerTimingAsync: InitThreadPoolExec:Update app-ops uidState in case package com.dangbei.lerad.rocky changed
06-20 13:36:11.208 688 750 D SystemServerInitThreadPool: Started executing Update app-ops uidState in case package com.dangbei.lerad.rocky changed
06-20 13:36:11.208 688 750 D SystemServerInitThreadPool: Finished executing Update app-ops uidState in case package com.dangbei.lerad.rocky changed
06-20 13:36:11.208 688 750 V SystemServerTimingAsync: InitThreadPoolExec:Update app-ops uidState in case package com.dangbei.lerad.rocky changed took to complete: 0ms
06-20 13:36:11.208 688 750 D SystemServerTimingAsync: InitThreadPoolExec:Update app-ops uidState in case package com.android.tv.settings changed
06-20 13:36:11.208 688 750 D SystemServerInitThreadPool: Started executing Update app-ops uidState in case package com.android.tv.settings changed
06-20 13:36:11.208 688 750 D SystemServerInitThreadPool: Finished executing Update app-ops uidState in case package com.android.tv.settings changed
06-20 13:36:11.208 688 750 V SystemServerTimingAsync: InitThreadPoolExec:Update app-ops uidState in case package com.android.tv.settings changed took to complete: 0ms
06-20 13:36:11.208 688 750 D SystemServerTimingAsync: InitThreadPoolExec:Update app-ops uidState in case package com.dangbei.zhushou.os changed
06-20 13:36:11.209 688 750 D SystemServerInitThreadPool: Started executing Update app-ops uidState in case package com.dangbei.zhushou.os changed
06-20 13:36:11.209 688 750 D SystemServerInitThreadPool: Finished executing Update app-ops uidState in case package com.dangbei.zhushou.os changed
06-20 13:36:11.209 688 750 V SystemServerTimingAsync: InitThreadPoolExec:Update app-ops uidState in case package com.dangbei.zhushou.os changed took to complete: 0ms
06-20 13:36:11.209 688 750 D SystemServerTimingAsync: InitThreadPoolExec:Update app-ops uidState in case package com.droidlogic.mediacenter changed
06-20 13:36:11.209 688 750 D SystemServerInitThreadPool: Started executing Update app-ops uidState in case package com.droidlogic.mediacenter changed
06-20 13:36:11.209 688 750 D SystemServerInitThreadPool: Finished executing Update app-ops uidState in case package com.droidlogic.mediacenter changed
06-20 13:36:11.209 688 750 V SystemServerTimingAsync: InitThreadPoolExec:Update app-ops uidState in case package com.droidlogic.mediacenter changed took to complete: 0ms
06-20 13:36:11.209 688 750 D SystemServerTimingAsync: InitThreadPoolExec:Update app-ops uidState in case package com.droidlogic changed
06-20 13:36:11.209 688 750 D SystemServerInitThreadPool: Started executing Update app-ops uidState in case package com.droidlogic changed
06-20 13:36:11.209 688 750 D SystemServerInitThreadPool: Finished executing Update app-ops uidState in case package com.droidlogic changed
06-20 13:36:11.209 688 750 V SystemServerTimingAsync: InitThreadPoolExec:Update app-ops uidState in case package com.droidlogic changed took to complete: 1ms
06-20 13:36:11.209 688 750 D SystemServerTimingAsync: InitThreadPoolExec:Update app-ops uidState in case package com.droidlogic.tv.settings changed
06-20 13:36:11.209 688 750 D SystemServerInitThreadPool: Started executing Update app-ops uidState in case package com.droidlogic.tv.settings changed
06-20 13:36:11.209 688 750 D SystemServerInitThreadPool: Finished executing Update app-ops uidState in case package com.droidlogic.tv.settings changed
06-20 13:36:11.209 688 750 V SystemServerTimingAsync: InitThreadPoolExec:Update app-ops uidState in case package com.droidlogic.tv.settings changed took to complete: 0ms
06-20 13:36:11.209 688 750 D SystemServerTimingAsync: InitThreadPoolExec:Update app-ops uidState in case package com.oranth.ledstatus changed
06-20 13:36:11.209 688 750 D SystemServerInitThreadPool: Started executing Update app-ops uidState in case package com.oranth.ledstatus changed
06-20 13:36:11.209 688 750 D SystemServerInitThreadPool: Finished executing Update app-ops uidState in case package com.oranth.ledstatus changed
06-20 13:36:11.209 688 750 V SystemServerTimingAsync: InitThreadPoolExec:Update app-ops uidState in case package com.oranth.ledstatus changed took to complete: 0ms
06-20 13:36:11.209 688 750 D SystemServerTimingAsync: InitThreadPoolExec:Update app-ops uidState in case package android changed
06-20 13:36:11.209 688 750 D SystemServerInitThreadPool: Started executing Update app-ops uidState in case package android changed
06-20 13:36:11.209 688 750 D SystemServerInitThreadPool: Finished executing Update app-ops uidState in case package android changed
06-20 13:36:11.209 688 750 V SystemServerTimingAsync: InitThreadPoolExec:Update app-ops uidState in case package android changed took to complete: 0ms
06-20 13:36:11.209 688 750 D SystemServerTimingAsync: InitThreadPoolExec:Update app-ops uidState in case package com.dangbei.leard.leradlauncher changed
06-20 13:36:11.209 688 750 D SystemServerInitThreadPool: Started executing Update app-ops uidState in case package com.dangbei.leard.leradlauncher changed
06-20 13:36:11.209 688 750 D SystemServerInitThreadPool: Finished executing Update app-ops uidState in case package com.dangbei.leard.leradlauncher changed
06-20 13:36:11.209 688 750 V SystemServerTimingAsync: InitThreadPoolExec:Update app-ops uidState in case package com.dangbei.leard.leradlauncher changed took to complete: 0ms
06-20 13:36:11.210 688 750 D SystemServerTimingAsync: InitThreadPoolExec:Update app-ops uidState in case package com.android.providers.settings changed
06-20 13:36:11.210 688 750 D SystemServerInitThreadPool: Started executing Update app-ops uidState in case package com.android.providers.settings changed
06-20 13:36:11.210 688 750 D SystemServerInitThreadPool: Finished executing Update app-ops uidState in case package com.android.providers.settings changed
06-20 13:36:11.210 688 750 V SystemServerTimingAsync: InitThreadPoolExec:Update app-ops uidState in case package com.android.providers.settings changed took to complete: 0ms
06-20 13:36:11.210 688 750 D SystemServerTimingAsync: InitThreadPoolExec:Update app-ops uidState in case package com.android.inputdevices changed
06-20 13:36:11.210 688 750 D SystemServerInitThreadPool: Started executing Update app-ops uidState in case package com.android.inputdevices changed
06-20 13:36:11.210 688 750 D SystemServerInitThreadPool: Finished executing Update app-ops uidState in case package com.android.inputdevices changed
06-20 13:36:11.210 688 750 V SystemServerTimingAsync: InitThreadPoolExec:Update app-ops uidState in case package com.android.inputdevices changed took to complete: 0ms
06-20 13:36:11.210 688 750 D SystemServerTimingAsync: InitThreadPoolExec:Update app-ops uidState in case package com.oranth.inputmacsn changed
06-20 13:36:11.210 688 750 D SystemServerInitThreadPool: Started executing Update app-ops uidState in case package com.oranth.inputmacsn changed
06-20 13:36:11.210 688 750 D SystemServerInitThreadPool: Finished executing Update app-ops uidState in case package com.oranth.inputmacsn changed
06-20 13:36:11.210 688 750 V SystemServerTimingAsync: InitThreadPoolExec:Update app-ops uidState in case package com.oranth.inputmacsn changed took to complete: 0ms
06-20 13:36:11.210 688 750 D SystemServerTimingAsync: InitThreadPoolExec:Update app-ops uidState in case package com.android.keychain changed
06-20 13:36:11.210 688 750 D SystemServerInitThreadPool: Started executing Update app-ops uidState in case package com.android.keychain changed
06-20 13:36:11.210 688 750 D SystemServerInitThreadPool: Finished executing Update app-ops uidState in case package com.android.keychain changed
06-20 13:36:11.210 688 750 V SystemServerTimingAsync: InitThreadPoolExec:Update app-ops uidState in case package com.android.keychain changed took to complete: 0ms
06-20 13:36:11.210 688 750 D SystemServerTimingAsync: InitThreadPoolExec:Update app-ops uidState in case package com.android.localtransport changed
06-20 13:36:11.210 688 750 D SystemServerInitThreadPool: Started executing Update app-ops uidState in case package com.android.localtransport changed
06-20 13:36:11.210 688 750 D SystemServerInitThreadPool: Finished executing Update app-ops uidState in case package com.android.localtransport changed
06-20 13:36:11.210 688 750 V SystemServerTimingAsync: InitThreadPoolExec:Update app-ops uidState in case package com.android.localtransport changed took to complete: 0ms
06-20 13:36:11.210 688 750 D SystemServerTimingAsync: InitThreadPoolExec:Update app-ops uidState in case package com.droidlogic.mictoggle changed
06-20 13:36:11.210 688 750 D SystemServerInitThreadPool: Started executing Update app-ops uidState in case package com.droidlogic.mictoggle changed
06-20 13:36:11.210 688 750 D SystemServerInitThreadPool: Finished executing Update app-ops uidState in case package com.droidlogic.mictoggle changed
06-20 13:36:11.210 688 750 V SystemServerTimingAsync: InitThreadPoolExec:Update app-ops uidState in case package com.droidlogic.mictoggle changed took to complete: 0ms
06-20 13:36:11.210 688 750 D SystemServerTimingAsync: InitThreadPoolExec:Update app-ops uidState in case package com.cskj.factorytest changed
06-20 13:36:11.210 688 750 D SystemServerInitThreadPool: Started executing Update app-ops uidState in case package com.cskj.factorytest changed
06-20 13:36:11.210 688 750 D SystemServerInitThreadPool: Finished executing Update app-ops uidState in case package com.cskj.factorytest changed
06-20 13:36:11.210 688 750 V SystemServerTimingAsync: InitThreadPoolExec:Update app-ops uidState in case package com.cskj.factorytest changed took to complete: 0ms
06-20 13:36:11.210 688 750 D SystemServerTimingAsync: InitThreadPoolExec:Update app-ops uidState in case package com.oranth.usbopenft changed
06-20 13:36:11.210 688 750 D SystemServerInitThreadPool: Started executing Update app-ops uidState in case package com.oranth.usbopenft changed
06-20 13:36:11.210 688 750 D SystemServerInitThreadPool: Finished executing Update app-ops uidState in case package com.oranth.usbopenft changed
06-20 13:36:11.210 688 750 V SystemServerTimingAsync: InitThreadPoolExec:Update app-ops uidState in case package com.oranth.usbopenft changed took to complete: 0ms
06-20 13:36:11.210 688 750 D SystemServerTimingAsync: InitThreadPoolExec:Update app-ops uidState in case package com.dangbei.lerad.etna.haqu changed
06-20 13:36:11.210 688 750 D SystemServerInitThreadPool: Started executing Update app-ops uidState in case package com.dangbei.lerad.etna.haqu changed
06-20 13:36:11.210 688 750 D SystemServerInitThreadPool: Finished executing Update app-ops uidState in case package com.dangbei.lerad.etna.haqu changed
06-20 13:36:11.210 688 750 V SystemServerTimingAsync: InitThreadPoolExec:Update app-ops uidState in case package com.dangbei.lerad.etna.haqu changed took to complete: 0ms
06-20 13:36:11.210 688 750 D SystemServerTimingAsync: InitThreadPoolExec:Update app-ops uidState in case package com.droidlogic.miracast changed
06-20 13:36:11.210 688 750 D SystemServerInitThreadPool: Started executing Update app-ops uidState in case package com.droidlogic.miracast changed
06-20 13:36:11.211 688 717 V SystemServerTimingAsync: InitThreadPoolExec:Update app-ops uidState in case package com.android.cts.ctsshim changed took to complete: 2ms
06-20 13:36:11.211 688 717 D SystemServerTimingAsync: InitThreadPoolExec:Update app-ops uidState in case package com.oranth.powerwindow changed
06-20 13:36:11.211 688 717 D SystemServerInitThreadPool: Started executing Update app-ops uidState in case package com.oranth.powerwindow changed
06-20 13:36:11.211 688 717 D SystemServerInitThreadPool: Finished executing Update app-ops uidState in case package com.oranth.powerwindow changed
06-20 13:36:11.211 688 717 V SystemServerTimingAsync: InitThreadPoolExec:Update app-ops uidState in case package com.oranth.powerwindow changed took to complete: 0ms
06-20 13:36:11.211 688 717 D SystemServerTimingAsync: InitThreadPoolExec:Update app-ops uidState in case package com.android.wallpaperbackup changed
06-20 13:36:11.211 688 717 D SystemServerInitThreadPool: Started executing Update app-ops uidState in case package com.android.wallpaperbackup changed
06-20 13:36:11.211 688 717 D SystemServerInitThreadPool: Finished executing Update app-ops uidState in case package com.android.wallpaperbackup changed
06-20 13:36:11.211 688 717 V SystemServerTimingAsync: InitThreadPoolExec:Update app-ops uidState in case package com.android.wallpaperbackup changed took to complete: 0ms
06-20 13:36:11.211 688 717 D SystemServerTimingAsync: InitThreadPoolExec:Update app-ops uidState in case package com.oranth.storage changed
06-20 13:36:11.211 688 717 D SystemServerInitThreadPool: Started executing Update app-ops uidState in case package com.oranth.storage changed
06-20 13:36:11.211 688 717 D SystemServerInitThreadPool: Finished executing Update app-ops uidState in case package com.oranth.storage changed
06-20 13:36:11.211 688 717 V SystemServerTimingAsync: InitThreadPoolExec:Update app-ops uidState in case package com.oranth.storage changed took to complete: 0ms
06-20 13:36:11.211 688 717 D SystemServerTimingAsync: InitThreadPoolExec:Update app-ops uidState in case package com.android.location.fused changed
06-20 13:36:11.211 688 717 D SystemServerInitThreadPool: Started executing Update app-ops uidState in case package com.android.location.fused changed
06-20 13:36:11.211 688 717 D SystemServerInitThreadPool: Finished executing Update app-ops uidState in case package com.android.location.fused changed
06-20 13:36:11.211 688 717 V SystemServerTimingAsync: InitThreadPoolExec:Update app-ops uidState in case package com.android.location.fused changed took to complete: 0ms
06-20 13:36:11.211 688 717 D SystemServerTimingAsync: InitThreadPoolExec:Update app-ops uidState in case package com.dangbei.haqusetting changed
06-20 13:36:11.212 688 717 D SystemServerInitThreadPool: Started executing Update app-ops uidState in case package com.dangbei.haqusetting changed
06-20 13:36:11.212 688 717 D SystemServerInitThreadPool: Finished executing Update app-ops uidState in case package com.dangbei.haqusetting changed
06-20 13:36:11.212 688 717 V SystemServerTimingAsync: InitThreadPoolExec:Update app-ops uidState in case package com.dangbei.haqusetting changed took to complete: 0ms
06-20 13:36:11.212 688 760 D SystemServerTimingAsync: InitThreadPoolExec:Update app-ops uidState in case package com.android.dynsystem changed
06-20 13:36:11.212 688 760 D SystemServerInitThreadPool: Started executing Update app-ops uidState in case package com.android.dynsystem changed
06-20 13:36:11.212 688 760 D SystemServerInitThreadPool: Finished executing Update app-ops uidState in case package com.android.dynsystem changed
06-20 13:36:11.212 688 760 V SystemServerTimingAsync: InitThreadPoolExec:Update app-ops uidState in case package com.android.dynsystem changed took to complete: 0ms
06-20 13:36:11.212 688 776 D SystemServerInitThreadPool: Started executing Update app-ops uidState in case package com.android.adservices.api changed
06-20 13:36:11.212 688 776 D SystemServerInitThreadPool: Finished executing Update app-ops uidState in case package com.android.adservices.api changed
06-20 13:36:11.212 688 776 V SystemServerTimingAsync: InitThreadPoolExec:Update app-ops uidState in case package com.android.adservices.api changed took to complete: 14ms
06-20 13:36:11.212 688 750 D SystemServerInitThreadPool: Finished executing Update app-ops uidState in case package com.droidlogic.miracast changed
06-20 13:36:11.212 688 750 V SystemServerTimingAsync: InitThreadPoolExec:Update app-ops uidState in case package com.droidlogic.miracast changed took to complete: 2ms
06-20 13:36:11.215 688 688 V SystemServerTiming: controllersReady took to complete: 27ms
06-20 13:36:11.216 688 688 D SystemServerTiming: killProcesses
06-20 13:36:11.216 688 688 V SystemServerTiming: killProcesses took to complete: 0ms
06-20 13:36:11.216 688 688 I ActivityManager: System now ready
06-20 13:36:11.217 688 688 D SystemServerTiming: updateTopComponentForFactoryTest
06-20 13:36:11.217 688 688 V SystemServerTiming: updateTopComponentForFactoryTest took to complete: 0ms
06-20 13:36:11.217 688 688 D SystemServerTiming: registerActivityLaunchObserver
06-20 13:36:11.217 688 688 V SystemServerTiming: registerActivityLaunchObserver took to complete: 1ms
06-20 13:36:11.217 688 688 D SystemServerTiming: watchDeviceProvisioning
06-20 13:36:11.223 688 688 V SystemServerTiming: watchDeviceProvisioning took to complete: 5ms
06-20 13:36:11.223 688 688 D SystemServerTiming: retrieveSettings
06-20 13:36:11.226 688 688 I ActivityTaskManager: Config changes=10000000 {1.0 ?mcc0mnc [zh_CN] ldltr sw720dp w1280dp h720dp 240dpi xlrg long land television -touch -keyb/v/h dpad/v winConfig={ mBounds=Rect(0, 0 - 1920, 1080) mAppBounds=Rect(0, 0 - 1920, 1080) mMaxBounds=Rect(0, 0 - 1920, 1080) mDisplayRotation=ROTATION_0 mWindowingMode=fullscreen mDisplayWindowingMode=fullscreen mActivityType=undefined mAlwaysOnTop=undefined mRotation=ROTATION_0} s.6 fontWeightAdjustment=0}
06-20 13:36:11.227 688 688 I WindowManager: Override config changes=10000000 {1.0 ?mcc0mnc [zh_CN] ldltr sw720dp w1280dp h720dp 240dpi xlrg long land television -touch -keyb/v/h dpad/v winConfig={ mBounds=Rect(0, 0 - 1920, 1080) mAppBounds=Rect(0, 0 - 1920, 1080) mMaxBounds=Rect(0, 0 - 1920, 1080) mDisplayRotation=ROTATION_0 mWindowingMode=fullscreen mDisplayWindowingMode=fullscreen mActivityType=undefined mAlwaysOnTop=undefined mRotation=ROTATION_0} s.6 fontWeightAdjustment=0} for displayId=0
06-20 13:36:11.231 688 688 V SystemServerTiming: retrieveSettings took to complete: 8ms
06-20 13:36:11.231 688 688 D SystemServerTiming: Ugm.onSystemReady
06-20 13:36:11.231 688 688 V SystemServerTiming: Ugm.onSystemReady took to complete: 1ms
06-20 13:36:11.232 688 688 D SystemServerTiming: updateForceBackgroundCheck
06-20 13:36:11.232 688 688 V SystemServerTiming: updateForceBackgroundCheck took to complete: 0ms
06-20 13:36:11.232 688 688 I SystemServer: Making services ready
06-20 13:36:11.232 688 688 D SystemServerTiming: StartActivityManagerReadyPhase
06-20 13:36:11.232 688 688 I SystemServiceManager: Starting phase 550
06-20 13:36:11.232 688 688 D SystemServerTiming: OnBootPhase_550
06-20 13:36:11.232 688 688 D SystemServerTiming: OnBootPhase_550_com.android.server.security.FileIntegrityService
06-20 13:36:11.232 688 688 V SystemServerTiming: OnBootPhase_550_com.android.server.security.FileIntegrityService took to complete: 0ms
06-20 13:36:11.232 688 688 D SystemServerTiming: OnBootPhase_550_com.android.server.pm.Installer
06-20 13:36:11.232 688 688 V SystemServerTiming: OnBootPhase_550_com.android.server.pm.Installer took to complete: 0ms
06-20 13:36:11.232 688 688 D SystemServerTiming: OnBootPhase_550_com.android.server.os.DeviceIdentifiersPolicyService
06-20 13:36:11.232 688 688 V SystemServerTiming: OnBootPhase_550_com.android.server.os.DeviceIdentifiersPolicyService took to complete: 0ms
06-20 13:36:11.232 688 688 D SystemServerTiming: OnBootPhase_550_com.android.server.flags.FeatureFlagsService
06-20 13:36:11.232 688 688 V SystemServerTiming: OnBootPhase_550_com.android.server.flags.FeatureFlagsService took to complete: 0ms
06-20 13:36:11.232 688 688 D SystemServerTiming: OnBootPhase_550_com.android.server.uri.UriGrantsManagerService$Lifecycle
06-20 13:36:11.232 688 688 V SystemServerTiming: OnBootPhase_550_com.android.server.uri.UriGrantsManagerService$Lifecycle took to complete: 0ms
06-20 13:36:11.232 688 688 D SystemServerTiming: OnBootPhase_550_com.android.server.powerstats.PowerStatsService
06-20 13:36:11.232 688 688 V SystemServerTiming: OnBootPhase_550_com.android.server.powerstats.PowerStatsService took to complete: 0ms
06-20 13:36:11.232 688 688 D SystemServerTiming: OnBootPhase_550_com.android.server.permission.access.AccessCheckingService
06-20 13:36:11.232 688 688 V SystemServerTiming: OnBootPhase_550_com.android.server.permission.access.AccessCheckingService took to complete: 0ms
06-20 13:36:11.232 688 688 D SystemServerTiming: OnBootPhase_550_com.android.server.wm.ActivityTaskManagerService$Lifecycle
06-20 13:36:11.232 688 688 V SystemServerTiming: OnBootPhase_550_com.android.server.wm.ActivityTaskManagerService$Lifecycle took to complete: 0ms
06-20 13:36:11.233 688 688 D SystemServerTiming: OnBootPhase_550_com.android.server.am.ActivityManagerService$Lifecycle
06-20 13:36:11.235 688 688 V SystemServerTiming: OnBootPhase_550_com.android.server.am.ActivityManagerService$Lifecycle took to complete: 2ms
06-20 13:36:11.235 688 688 D SystemServerTiming: OnBootPhase_550_com.android.server.pm.DataLoaderManagerService
06-20 13:36:11.235 688 688 V SystemServerTiming: OnBootPhase_550_com.android.server.pm.DataLoaderManagerService took to complete: 0ms
06-20 13:36:11.235 688 688 D SystemServerTiming: OnBootPhase_550_com.android.server.power.PowerManagerService
06-20 13:36:11.235 688 688 V SystemServerTiming: OnBootPhase_550_com.android.server.power.PowerManagerService took to complete: 0ms
06-20 13:36:11.235 688 688 D SystemServerTiming: OnBootPhase_550_com.android.server.power.ThermalManagerService
06-20 13:36:11.237 688 688 I ThermalHalWrapper: Thermal HAL AIDL service connected.
06-20 13:36:11.242 688 688 E ThermalHalWrapper: Couldn't getTemperatureThresholds due to invalid status
06-20 13:36:11.242 688 688 E ThermalHalWrapper: java.lang.IllegalStateException: ThermalHal cannot read any sensor data
06-20 13:36:11.242 688 688 E ThermalHalWrapper: at android.os.Parcel.createExceptionOrNull(Parcel.java:3087)
06-20 13:36:11.242 688 688 E ThermalHalWrapper: at android.os.Parcel.createException(Parcel.java:3063)
06-20 13:36:11.242 688 688 E ThermalHalWrapper: at android.os.Parcel.readException(Parcel.java:3046)
06-20 13:36:11.242 688 688 E ThermalHalWrapper: at android.os.Parcel.readException(Parcel.java:2988)
06-20 13:36:11.242 688 688 E ThermalHalWrapper: at android.hardware.thermal.IThermal$Stub$Proxy.getTemperatureThresholdsWithType(IThermal.java:399)
06-20 13:36:11.242 688 688 E ThermalHalWrapper: at com.android.server.power.ThermalManagerService$ThermalHalAidlWrapper.getTemperatureThresholds(ThermalManagerService.java:831)
06-20 13:36:11.242 688 688 E ThermalHalWrapper: at com.android.server.power.ThermalManagerService$TemperatureWatcher.updateSevereThresholds(ThermalManagerService.java:1358)
06-20 13:36:11.242 688 688 E ThermalHalWrapper: at com.android.server.power.ThermalManagerService.onActivityManagerReady(ThermalManagerService.java:184)
06-20 13:36:11.242 688 688 E ThermalHalWrapper: at com.android.server.power.ThermalManagerService.onBootPhase(ThermalManagerService.java:146)
06-20 13:36:11.242 688 688 E ThermalHalWrapper: at com.android.server.SystemServiceManager.startBootPhase(SystemServiceManager.java:291)
06-20 13:36:11.242 688 688 E ThermalHalWrapper: at com.android.server.SystemServer.lambda$startOtherServices$6(SystemServer.java:2910)
06-20 13:36:11.242 688 688 E ThermalHalWrapper: at com.android.server.SystemServer.$r8$lambda$j-o4YiFI6CGg9c4nnNy8d-lY-7g(SystemServer.java:0)
06-20 13:36:11.242 688 688 E ThermalHalWrapper: at com.android.server.SystemServer$$ExternalSyntheticLambda6.run(R8$$SyntheticClass:0)
06-20 13:36:11.242 688 688 E ThermalHalWrapper: at com.android.server.am.ActivityManagerService.systemReady(ActivityManagerService.java:8683)
06-20 13:36:11.242 688 688 E ThermalHalWrapper: at com.android.server.SystemServer.startOtherServices(SystemServer.java:2907)
06-20 13:36:11.242 688 688 E ThermalHalWrapper: at com.android.server.SystemServer.run(SystemServer.java:946)
06-20 13:36:11.242 688 688 E ThermalHalWrapper: at com.android.server.SystemServer.main(SystemServer.java:668)
06-20 13:36:11.242 688 688 E ThermalHalWrapper: at java.lang.reflect.Method.invoke(Native Method)
06-20 13:36:11.242 688 688 E ThermalHalWrapper: at com.android.internal.os.RuntimeInit$MethodAndArgsCaller.run(RuntimeInit.java:552)
06-20 13:36:11.242 688 688 E ThermalHalWrapper: at com.android.internal.os.ZygoteInit.main(ZygoteInit.java:956)
06-20 13:36:11.242 688 688 V SystemServerTiming: OnBootPhase_550_com.android.server.power.ThermalManagerService took to complete: 8ms
06-20 13:36:11.242 688 688 D SystemServerTiming: OnBootPhase_550_com.android.server.power.hint.HintManagerService
06-20 13:36:11.242 688 688 V SystemServerTiming: OnBootPhase_550_com.android.server.power.hint.HintManagerService took to complete: 0ms
06-20 13:36:11.242 688 688 D SystemServerTiming: OnBootPhase_550_com.android.server.recoverysystem.RecoverySystemService$Lifecycle
06-20 13:36:11.242 688 688 V SystemServerTiming: OnBootPhase_550_com.android.server.recoverysystem.RecoverySystemService$Lifecycle took to complete: 0ms
06-20 13:36:11.242 688 688 D SystemServerTiming: OnBootPhase_550_com.android.server.lights.LightsService
06-20 13:36:11.242 688 688 V SystemServerTiming: OnBootPhase_550_com.android.server.lights.LightsService took to complete: 0ms
06-20 13:36:11.243 688 688 D SystemServerTiming: OnBootPhase_550_com.android.server.display.DisplayManagerService
06-20 13:36:11.243 688 688 V SystemServerTiming: OnBootPhase_550_com.android.server.display.DisplayManagerService took to complete: 0ms
06-20 13:36:11.243 688 688 D SystemServerTiming: OnBootPhase_550_com.android.server.pm.verify.domain.DomainVerificationService
06-20 13:36:11.243 688 688 V SystemServerTiming: OnBootPhase_550_com.android.server.pm.verify.domain.DomainVerificationService took to complete: 0ms
06-20 13:36:11.243 688 688 D SystemServerTiming: OnBootPhase_550_com.android.server.pm.PackageInstallerService$Lifecycle
06-20 13:36:11.243 688 688 V SystemServerTiming: OnBootPhase_550_com.android.server.pm.PackageInstallerService$Lifecycle took to complete: 0ms
06-20 13:36:11.243 688 688 D SystemServerTiming: OnBootPhase_550_com.android.server.pm.UserManagerService$LifeCycle
06-20 13:36:11.243 688 688 V SystemServerTiming: OnBootPhase_550_com.android.server.pm.UserManagerService$LifeCycle took to complete: 1ms
06-20 13:36:11.243 688 688 D SystemServerTiming: OnBootPhase_550_com.android.server.om.OverlayManagerService
06-20 13:36:11.243 688 688 V SystemServerTiming: OnBootPhase_550_com.android.server.om.OverlayManagerService took to complete: 0ms
06-20 13:36:11.243 688 688 D SystemServerTiming: OnBootPhase_550_com.android.server.resources.ResourcesManagerService
06-20 13:36:11.243 688 688 V SystemServerTiming: OnBootPhase_550_com.android.server.resources.ResourcesManagerService took to complete: 0ms
06-20 13:36:11.243 688 688 D SystemServerTiming: OnBootPhase_550_com.android.server.sensorprivacy.SensorPrivacyService
06-20 13:36:11.245 688 688 V SystemServerTiming: OnBootPhase_550_com.android.server.sensorprivacy.SensorPrivacyService took to complete: 1ms
06-20 13:36:11.245 688 688 D SystemServerTiming: OnBootPhase_550_com.android.server.sensors.SensorService
06-20 13:36:11.245 688 688 V SystemServerTiming: OnBootPhase_550_com.android.server.sensors.SensorService took to complete: 0ms
06-20 13:36:11.245 688 688 D SystemServerTiming: OnBootPhase_550_com.android.server.SystemConfigService
06-20 13:36:11.245 688 688 V SystemServerTiming: OnBootPhase_550_com.android.server.SystemConfigService took to complete: 0ms
06-20 13:36:11.245 688 688 D SystemServerTiming: OnBootPhase_550_com.android.server.BatteryService
06-20 13:36:11.246 688 688 V SystemServerTiming: OnBootPhase_550_com.android.server.BatteryService took to complete: 0ms
06-20 13:36:11.246 688 688 D SystemServerTiming: OnBootPhase_550_com.android.server.usage.UsageStatsService
06-20 13:36:11.246 688 688 V SystemServerTiming: OnBootPhase_550_com.android.server.usage.UsageStatsService took to complete: 0ms
06-20 13:36:11.246 688 688 D SystemServerTiming: OnBootPhase_550_com.android.server.webkit.WebViewUpdateService
06-20 13:36:11.246 688 688 V SystemServerTiming: OnBootPhase_550_com.android.server.webkit.WebViewUpdateService took to complete: 0ms
06-20 13:36:11.246 688 688 D SystemServerTiming: OnBootPhase_550_com.android.server.CachedDeviceStateService
06-20 13:36:11.246 688 688 V SystemServerTiming: OnBootPhase_550_com.android.server.CachedDeviceStateService took to complete: 0ms
06-20 13:36:11.246 688 688 D SystemServerTiming: OnBootPhase_550_com.android.server.BinderCallsStatsService$LifeCycle
06-20 13:36:11.246 688 688 V SystemServerTiming: OnBootPhase_550_com.android.server.BinderCallsStatsService$LifeCycle took to complete: 0ms
06-20 13:36:11.246 688 688 D SystemServerTiming: OnBootPhase_550_com.android.server.LooperStatsService$Lifecycle
06-20 13:36:11.246 688 688 V SystemServerTiming: OnBootPhase_550_com.android.server.LooperStatsService$Lifecycle took to complete: 0ms
06-20 13:36:11.246 688 688 D SystemServerTiming: OnBootPhase_550_com.android.server.rollback.RollbackManagerService
06-20 13:36:11.246 688 688 V SystemServerTiming: OnBootPhase_550_com.android.server.rollback.RollbackManagerService took to complete: 0ms
06-20 13:36:11.246 688 688 D SystemServerTiming: OnBootPhase_550_com.android.server.os.NativeTombstoneManagerService
06-20 13:36:11.248 688 688 V SystemServerTiming: OnBootPhase_550_com.android.server.os.NativeTombstoneManagerService took to complete: 1ms
06-20 13:36:11.248 688 688 D SystemServerTiming: OnBootPhase_550_com.android.server.os.BugreportManagerService
06-20 13:36:11.248 688 688 V SystemServerTiming: OnBootPhase_550_com.android.server.os.BugreportManagerService took to complete: 0ms
06-20 13:36:11.248 688 688 D SystemServerTiming: OnBootPhase_550_com.android.server.gpu.GpuService
06-20 13:36:11.248 688 688 V SystemServerTiming: OnBootPhase_550_com.android.server.gpu.GpuService took to complete: 0ms
06-20 13:36:11.248 688 688 D SystemServerTiming: OnBootPhase_550_com.android.server.security.rkp.RemoteProvisioningService
06-20 13:36:11.248 688 688 V SystemServerTiming: OnBootPhase_550_com.android.server.security.rkp.RemoteProvisioningService took to complete: 0ms
06-20 13:36:11.248 688 688 D SystemServerTiming: OnBootPhase_550_com.android.server.cpu.CpuMonitorService
06-20 13:36:11.248 688 688 V SystemServerTiming: OnBootPhase_550_com.android.server.cpu.CpuMonitorService took to complete: 0ms
06-20 13:36:11.248 688 688 D SystemServerTiming: OnBootPhase_550_com.android.server.security.KeyChainSystemService
06-20 13:36:11.248 688 688 V SystemServerTiming: OnBootPhase_550_com.android.server.security.KeyChainSystemService took to complete: 0ms
06-20 13:36:11.248 688 688 D SystemServerTiming: OnBootPhase_550_com.android.server.BinaryTransparencyService
06-20 13:36:11.248 688 688 V SystemServerTiming: OnBootPhase_550_com.android.server.BinaryTransparencyService took to complete: 0ms
06-20 13:36:11.248 688 688 D SystemServerTiming: OnBootPhase_550_com.android.server.accounts.AccountManagerService$Lifecycle
06-20 13:36:11.248 688 688 V SystemServerTiming: OnBootPhase_550_com.android.server.accounts.AccountManagerService$Lifecycle took to complete: 0ms
06-20 13:36:11.248 688 688 D SystemServerTiming: OnBootPhase_550_com.android.server.content.ContentService$Lifecycle
06-20 13:36:11.252 688 688 I SyncManager: No initial accounts
06-20 13:36:11.256 688 769 E NativeTombstoneManager: Tombstone's UID (1002) not an app, ignoring
06-20 13:36:11.265 688 688 V SystemServerTiming: OnBootPhase_550_com.android.server.content.ContentService$Lifecycle took to complete: 17ms
06-20 13:36:11.265 688 688 D SystemServerTiming: OnBootPhase_550_com.android.server.deviceconfig.DeviceConfigInit$Lifecycle
06-20 13:36:11.265 688 688 V SystemServerTiming: OnBootPhase_550_com.android.server.deviceconfig.DeviceConfigInit$Lifecycle took to complete: 0ms
06-20 13:36:11.265 688 688 D SystemServerTiming: OnBootPhase_550_com.android.server.DropBoxManagerService
06-20 13:36:11.266 688 688 V SystemServerTiming: OnBootPhase_550_com.android.server.DropBoxManagerService took to complete: 0ms
06-20 13:36:11.266 688 688 D SystemServerTiming: OnBootPhase_550_com.android.role.RoleService
06-20 13:36:11.266 688 688 V SystemServerTiming: OnBootPhase_550_com.android.role.RoleService took to complete: 0ms
06-20 13:36:11.266 688 688 D SystemServerTiming: OnBootPhase_550_com.android.server.vibrator.VibratorManagerService$Lifecycle
06-20 13:36:11.266 688 688 V SystemServerTiming: OnBootPhase_550_com.android.server.vibrator.VibratorManagerService$Lifecycle took to complete: 0ms
06-20 13:36:11.266 688 688 D SystemServerTiming: OnBootPhase_550_com.android.server.tare.InternalResourceService
06-20 13:36:11.266 688 688 V SystemServerTiming: OnBootPhase_550_com.android.server.tare.InternalResourceService took to complete: 0ms
06-20 13:36:11.266 688 688 D SystemServerTiming: OnBootPhase_550_com.android.server.alarm.AlarmManagerService
06-20 13:36:11.266 688 688 V SystemServerTiming: OnBootPhase_550_com.android.server.alarm.AlarmManagerService took to complete: 0ms
06-20 13:36:11.266 688 688 D SystemServerTiming: OnBootPhase_550_com.android.server.devicestate.DeviceStateManagerService
06-20 13:36:11.266 688 688 V SystemServerTiming: OnBootPhase_550_com.android.server.devicestate.DeviceStateManagerService took to complete: 0ms
06-20 13:36:11.266 688 688 D SystemServerTiming: OnBootPhase_550_com.android.server.camera.CameraServiceProxy
06-20 13:36:11.266 688 688 V SystemServerTiming: OnBootPhase_550_com.android.server.camera.CameraServiceProxy took to complete: 0ms
06-20 13:36:11.266 688 688 D SystemServerTiming: OnBootPhase_550_com.android.server.bluetooth.BluetoothService
06-20 13:36:11.266 688 688 V SystemServerTiming: OnBootPhase_550_com.android.server.bluetooth.BluetoothService took to complete: 0ms
06-20 13:36:11.266 688 688 D SystemServerTiming: OnBootPhase_550_com.android.server.connectivity.IpConnectivityMetrics
06-20 13:36:11.266 688 688 V SystemServerTiming: OnBootPhase_550_com.android.server.connectivity.IpConnectivityMetrics took to complete: 0ms
06-20 13:36:11.266 688 688 D SystemServerTiming: OnBootPhase_550_com.android.server.net.watchlist.NetworkWatchlistService$Lifecycle
06-20 13:36:11.268 688 688 V SystemServerTiming: OnBootPhase_550_com.android.server.net.watchlist.NetworkWatchlistService$Lifecycle took to complete: 2ms
06-20 13:36:11.268 688 688 D SystemServerTiming: OnBootPhase_550_com.android.server.PinnerService
06-20 13:36:11.268 688 769 E NativeTombstoneManager: Tombstone's UID (1002) not an app, ignoring
06-20 13:36:11.268 688 688 V SystemServerTiming: OnBootPhase_550_com.android.server.PinnerService took to complete: 0ms
06-20 13:36:11.268 688 688 D SystemServerTiming: OnBootPhase_550_com.android.server.integrity.AppIntegrityManagerService
06-20 13:36:11.268 688 688 V SystemServerTiming: OnBootPhase_550_com.android.server.integrity.AppIntegrityManagerService took to complete: 0ms
06-20 13:36:11.268 688 688 D SystemServerTiming: OnBootPhase_550_com.android.server.logcat.LogcatManagerService
06-20 13:36:11.268 688 688 V SystemServerTiming: OnBootPhase_550_com.android.server.logcat.LogcatManagerService took to complete: 0ms
06-20 13:36:11.268 688 688 D SystemServerTiming: OnBootPhase_550_com.android.server.inputmethod.InputMethodManagerService$Lifecycle
06-20 13:36:11.269 688 717 D SystemServerTimingAsync: InitThreadPoolExec:Lazily initialize IMMS#mImeDrawsImeNavBarRes
06-20 13:36:11.269 688 717 D SystemServerInitThreadPool: Started executing Lazily initialize IMMS#mImeDrawsImeNavBarRes
06-20 13:36:11.273 688 769 E NativeTombstoneManager: Tombstone's UID (1002) not an app, ignoring
06-20 13:36:11.279 688 769 E NativeTombstoneManager: Tombstone's UID (1002) not an app, ignoring
06-20 13:36:11.287 688 769 E NativeTombstoneManager: Tombstone's UID (1002) not an app, ignoring
06-20 13:36:11.295 688 769 E NativeTombstoneManager: Tombstone's UID (1002) not an app, ignoring
06-20 13:36:11.306 0 0 I : [1 T496 ..] sectoin 26, size 384640
06-20 13:36:11.307 0 0 W : [1 T496 ..] aml_pci_platform_enable(2494) irq_flag=0x418 irq=69
06-20 13:36:11.307 0 0 W : [1 T496 ..] aml_pci_platform_enable(2496) request_irq ret=0
06-20 13:36:11.308 0 0 W : [1 T496 ..] aml_sdio_platform_on 1991 end
06-20 13:36:11.308 0 0 W [1 T496 ..] aml_cfg80211_init: 6583
06-20 13:36:11.309 0 0 W : [1 T496 ..] >>> aml_send_reset()
06-20 13:36:11.309 0 0 W [1 T496 ..] aml_send_reset: 558
06-20 13:36:11.310 0 0 W : [1 T496 ..] >>> aml_send_msg()
06-20 13:36:11.311 0 0 W : [1 T895 ..] ipc_sdio_host_msgack_handler 000000002b0f9302
06-20 13:36:11.311 0 0 W : [1 T895 ..] [aml_msgackind 2039] msg ack hostid=0xffffff8024ed9280
06-20 13:36:11.312 0 0 W : [1 T895 ..] [cmd_mgr_llind 329] cmd tkn[0] flags:001a result: -4 cmd: 0-MM_RESET_REQ - reqcfm( 1-MM_RESET_CFM)
06-20 13:36:11.314 0 0 W : [1 T895 ..] [cmd_mgr_msgind 409] cmd tkn[0] flags:0012 result: -4 cmd: 0-MM_RESET_REQ - reqcfm( 1-MM_RESET_CFM)
06-20 13:36:11.316 0 0 W : [1 T895 ..] [cmd_complete 65] cmd tkn[0] flags:0002 result: -4 cmd: 0-MM_RESET_REQ - reqcfm( 1-MM_RESET_CFM)
06-20 13:36:11.317 0 0 W : [2 T496 ..] >>> aml_send_version_req()
06-20 13:36:11.306 688 769 E NativeTombstoneManager: Tombstone's UID (1002) not an app, ignoring
06-20 13:36:11.318 0 0 W : [2 T496 ..] >>> aml_send_msg()
06-20 13:36:11.319 0 0 W : [1 T895 ..] ipc_sdio_host_msgack_handler 0000000036c10596
06-20 13:36:11.319 0 0 W : [1 T895 ..] [aml_msgackind 2039] msg ack hostid=0xffffff8047dea580
06-20 13:36:11.320 0 0 W : [1 T895 ..] [cmd_mgr_llind 329] cmd tkn[1] flags:001a result: -4 cmd: 4-MM_VERSION_REQ - reqcfm( 5-MM_VERSION_CFM)
06-20 13:36:11.322 0 0 W : [1 T895 ..] [cmd_mgr_msgind 409] cmd tkn[1] flags:0012 result: -4 cmd: 4-MM_VERSION_REQ - reqcfm( 5-MM_VERSION_CFM)
06-20 13:36:11.310 688 769 E NativeTombstoneManager: Tombstone's UID (1002) not an app, ignoring
06-20 13:36:11.323 0 0 W : [1 T895 ..] [cmd_complete 65] cmd tkn[1] flags:0002 result: -4 cmd: 4-MM_VERSION_REQ - reqcfm( 5-MM_VERSION_CFM)
06-20 13:36:11.325 0 0 W : [1 T496 ..] >>> aml_set_vers()
06-20 13:36:11.326 0 0 I : [1 T496 ..] ieee80211 phy0: PHY features: [NSS=2][CHBW=80][LDPC][VHT][HE][BFMEE][MUMIMORX]
06-20 13:36:11.327 0 0 I : [1 T496 ..] ieee80211 phy0: FW features: [BCN][RADAR][PS][UAPSD][AMPDU][AMSDU][P2P][P2P_GO][UMAC][VHT][HE][BFMEE][WAPI][MFP][MU_MIMO_RX][TDLS][TWT][FTM_INIT][FAKE_FTM_RSP]
06-20 13:36:11.318 688 769 E NativeTombstoneManager: Tombstone's UID (1002) not an app, ignoring
06-20 13:36:11.322 688 688 W SystemServiceManager: Service com.android.server.inputmethod.InputMethodManagerService$Lifecycle took 55 ms in onBootPhase
06-20 13:36:11.323 688 688 V SystemServerTiming: OnBootPhase_550_com.android.server.inputmethod.InputMethodManagerService$Lifecycle took to complete: 55ms
06-20 13:36:11.323 688 688 D SystemServerTiming: OnBootPhase_550_com.android.server.accessibility.AccessibilityManagerService$Lifecycle
06-20 13:36:11.323 688 688 V SystemServerTiming: OnBootPhase_550_com.android.server.accessibility.AccessibilityManagerService$Lifecycle took to complete: 0ms
06-20 13:36:11.323 688 688 D SystemServerTiming: OnBootPhase_550_com.android.server.StorageManagerService$Lifecycle
06-20 13:36:11.323 688 688 V SystemServerTiming: OnBootPhase_550_com.android.server.StorageManagerService$Lifecycle took to complete: 0ms
06-20 13:36:11.323 688 688 D SystemServerTiming: OnBootPhase_550_com.android.server.usage.StorageStatsService$Lifecycle
06-20 13:36:11.323 688 688 V SystemServerTiming: OnBootPhase_550_com.android.server.usage.StorageStatsService$Lifecycle took to complete: 0ms
06-20 13:36:11.323 688 688 D SystemServerTiming: OnBootPhase_550_com.android.server.UiModeManagerService
06-20 13:36:11.323 688 688 V SystemServerTiming: OnBootPhase_550_com.android.server.UiModeManagerService took to complete: 0ms
06-20 13:36:11.323 688 688 D SystemServerTiming: OnBootPhase_550_com.android.server.locales.LocaleManagerService
06-20 13:36:11.323 688 688 V SystemServerTiming: OnBootPhase_550_com.android.server.locales.LocaleManagerService took to complete: 0ms
06-20 13:36:11.323 688 688 D SystemServerTiming: OnBootPhase_550_com.android.server.grammaticalinflection.GrammaticalInflectionService
06-20 13:36:11.323 688 688 V SystemServerTiming: OnBootPhase_550_com.android.server.grammaticalinflection.GrammaticalInflectionService took to complete: 0ms
06-20 13:36:11.323 688 688 D SystemServerTiming: OnBootPhase_550_com.android.server.apphibernation.AppHibernationService
06-20 13:36:11.323 688 688 V SystemServerTiming: OnBootPhase_550_com.android.server.apphibernation.AppHibernationService took to complete: 0ms
06-20 13:36:11.323 688 688 D SystemServerTiming: OnBootPhase_550_com.android.server.locksettings.LockSettingsService$Lifecycle
06-20 13:36:11.324 688 769 E NativeTombstoneManager: Tombstone's UID (1002) not an app, ignoring
06-20 13:36:11.329 0 0 W : [1 T496 ..] >>> aml_send_me_config_req()
06-20 13:36:11.330 0 0 I : [1 T496 ..] ieee80211 phy0: HT supp 1, VHT supp 1, HE supp 1
06-20 13:36:11.330 0 0 W : [1 T496 ..] >>> aml_send_msg()
06-20 13:36:11.331 0 0 W : [1 T895 ..] ipc_sdio_host_msgack_handler 000000002b0f9302
06-20 13:36:11.332 0 0 W : [1 T895 ..] [aml_msgackind 2039] msg ack hostid=0xffffff8024ed9280
06-20 13:36:11.333 0 0 W : [1 T895 ..] [cmd_mgr_llind 329] cmd tkn[2] flags:001a result: -4 cmd:5120-ME_CONFIG_REQ - reqcfm(5121-ME_CONFIG_CFM)
06-20 13:36:11.335 0 0 W : [1 T895 ..] [cmd_mgr_msgind 409] cmd tkn[2] flags:0012 result: -4 cmd:5120-ME_CONFIG_REQ - reqcfm(5121-ME_CONFIG_CFM)
06-20 13:36:11.336 0 0 W : [1 T895 ..] [cmd_complete 65] cmd tkn[2] flags:0002 result: -4 cmd:5120-ME_CONFIG_REQ - reqcfm(5121-ME_CONFIG_CFM)
06-20 13:36:11.326 688 688 I RebootEscrowManager: No reboot escrow data found for users, skipping loading escrow data
06-20 13:36:11.329 688 688 V SystemServerTiming: OnBootPhase_550_com.android.server.locksettings.LockSettingsService$Lifecycle took to complete: 5ms
06-20 13:36:11.329 688 688 D SystemServerTiming: OnBootPhase_550_com.android.server.PersistentDataBlockService
06-20 13:36:11.329 688 688 V SystemServerTiming: OnBootPhase_550_com.android.server.PersistentDataBlockService took to complete: 0ms
06-20 13:36:11.329 688 688 D SystemServerTiming: OnBootPhase_550_com.android.server.testharness.TestHarnessModeService
06-20 13:36:11.329 688 688 V SystemServerTiming: OnBootPhase_550_com.android.server.testharness.TestHarnessModeService took to complete: 0ms
06-20 13:36:11.329 688 688 D SystemServerTiming: OnBootPhase_550_com.android.server.oemlock.OemLockService
06-20 13:36:11.329 688 688 V SystemServerTiming: OnBootPhase_550_com.android.server.oemlock.OemLockService took to complete: 0ms
06-20 13:36:11.329 688 688 D SystemServerTiming: OnBootPhase_550_com.android.server.DeviceIdleController
06-20 13:36:11.329 688 688 V SystemServerTiming: OnBootPhase_550_com.android.server.DeviceIdleController took to complete: 0ms
06-20 13:36:11.329 688 688 D SystemServerTiming: OnBootPhase_550_com.android.server.devicepolicy.DevicePolicyManagerService$Lifecycle
06-20 13:36:11.329 688 688 V SystemServerTiming: OnBootPhase_550_com.android.server.devicepolicy.DevicePolicyManagerService$Lifecycle took to complete: 0ms
06-20 13:36:11.329 688 688 D SystemServerTiming: OnBootPhase_550_com.android.server.texttospeech.TextToSpeechManagerService
06-20 13:36:11.329 688 688 V SystemServerTiming: OnBootPhase_550_com.android.server.texttospeech.TextToSpeechManagerService took to complete: 0ms
06-20 13:36:11.329 688 688 D SystemServerTiming: OnBootPhase_550_com.android.server.ambientcontext.AmbientContextManagerService
06-20 13:36:11.329 688 688 V SystemServerTiming: OnBootPhase_550_com.android.server.ambientcontext.AmbientContextManagerService took to complete: 0ms
06-20 13:36:11.329 688 688 D SystemServerTiming: OnBootPhase_550_com.android.server.wearable.WearableSensingManagerService
06-20 13:36:11.329 688 688 V SystemServerTiming: OnBootPhase_550_com.android.server.wearable.WearableSensingManagerService took to complete: 0ms
06-20 13:36:11.329 688 688 D SystemServerTiming: OnBootPhase_550_com.android.server.speech.SpeechRecognitionManagerService
06-20 13:36:11.329 688 688 V SystemServerTiming: OnBootPhase_550_com.android.server.speech.SpeechRecognitionManagerService took to complete: 0ms
06-20 13:36:11.329 688 688 D SystemServerTiming: OnBootPhase_550_com.android.server.searchui.SearchUiManagerService
06-20 13:36:11.329 688 688 V SystemServerTiming: OnBootPhase_550_com.android.server.searchui.SearchUiManagerService took to complete: 0ms
06-20 13:36:11.329 688 688 D SystemServerTiming: OnBootPhase_550_com.android.server.smartspace.SmartspaceManagerService
06-20 13:36:11.329 688 688 V SystemServerTiming: OnBootPhase_550_com.android.server.smartspace.SmartspaceManagerService took to complete: 0ms
06-20 13:36:11.329 688 688 D SystemServerTiming: OnBootPhase_550_com.android.server.graphics.fonts.FontManagerService$Lifecycle
06-20 13:36:11.329 688 688 V SystemServerTiming: OnBootPhase_550_com.android.server.graphics.fonts.FontManagerService$Lifecycle took to complete: 0ms
06-20 13:36:11.329 688 688 D SystemServerTiming: OnBootPhase_550_com.android.server.textservices.TextServicesManagerService$Lifecycle
06-20 13:36:11.329 688 688 V SystemServerTiming: OnBootPhase_550_com.android.server.textservices.TextServicesManagerService$Lifecycle took to complete: 0ms
06-20 13:36:11.329 688 688 D SystemServerTiming: OnBootPhase_550_com.android.server.textclassifier.TextClassificationManagerService$Lifecycle
06-20 13:36:11.329 688 688 V SystemServerTiming: OnBootPhase_550_com.android.server.textclassifier.TextClassificationManagerService$Lifecycle took to complete: 0ms
06-20 13:36:11.329 688 688 D SystemServerTiming: OnBootPhase_550_com.android.server.NetworkScoreService$Lifecycle
06-20 13:36:11.329 688 688 V SystemServerTiming: OnBootPhase_550_com.android.server.NetworkScoreService$Lifecycle took to complete: 0ms
