01-01 08:00:12.627 688 688 D CompatConfig: Adding: com.android.server.compat.config.Change@862c644
01-01 08:00:12.627 688 688 D CompatConfig: Adding: com.android.server.compat.config.Change@70f532d
01-01 08:00:12.627 688 688 D CompatConfig: Adding: com.android.server.compat.config.Change@eac5062
01-01 08:00:12.627 688 688 D CompatConfig: Adding: com.android.server.compat.config.Change@da845f3
01-01 08:00:12.627 688 688 D CompatConfig: Adding: com.android.server.compat.config.Change@2e802b0
01-01 08:00:12.627 688 688 D CompatConfig: Adding: com.android.server.compat.config.Change@1baf529
01-01 08:00:12.627 688 688 D CompatConfig: Adding: com.android.server.compat.config.Change@a0310ae
01-01 08:00:12.627 688 688 D CompatConfig: Adding: com.android.server.compat.config.Change@6f74e4f
01-01 08:00:12.627 688 688 D CompatConfig: Adding: com.android.server.compat.config.Change@14299dc
01-01 08:00:12.627 688 688 D CompatConfig: Adding: com.android.server.compat.config.Change@64bae5
01-01 08:00:12.628 688 688 D CompatConfig: Adding: com.android.server.compat.config.Change@df389ba
01-01 08:00:12.628 688 688 D CompatConfig: Adding: com.android.server.compat.config.Change@484806b
01-01 08:00:12.628 688 688 D CompatConfig: Adding: com.android.server.compat.config.Change@94d77c8
01-01 08:00:12.628 688 688 D CompatConfig: Adding: com.android.server.compat.config.Change@d2b2061
01-01 08:00:12.628 688 688 D CompatConfig: Adding: com.android.server.compat.config.Change@b408786
01-01 08:00:12.628 688 688 D CompatConfig: Adding: com.android.server.compat.config.Change@b68b847
01-01 08:00:12.628 688 688 D CompatConfig: Adding: com.android.server.compat.config.Change@b98619d
01-01 08:00:12.628 688 688 D CompatConfig: Adding: com.android.server.compat.config.Change@a0d9612
01-01 08:00:12.628 688 688 D CompatConfig: Adding: com.android.server.compat.config.Change@f6e91e3
01-01 08:00:12.628 688 688 D CompatConfig: Adding: com.android.server.compat.config.Change@b1977e0
01-01 08:00:12.628 688 717 I SystemConfig: Reading permissions from /system/etc/permissions/javax.obex.xml
01-01 08:00:12.628 688 688 D CompatConfig: Adding: com.android.server.compat.config.Change@39e7a99
01-01 08:00:12.628 688 688 D CompatConfig: Adding: com.android.server.compat.config.Change@f2b015e
01-01 08:00:12.628 688 688 D CompatConfig: Adding: com.android.server.compat.config.Change@c6e693f
01-01 08:00:12.628 688 688 D CompatConfig: Adding: com.android.server.compat.config.Change@4ce320c
01-01 08:00:12.628 688 688 D CompatConfig: Adding: com.android.server.compat.config.Change@532755
01-01 08:00:12.628 688 688 D CompatConfig: Adding: com.android.server.compat.config.Change@a21d56a
01-01 08:00:12.628 688 688 D CompatConfig: Adding: com.android.server.compat.config.Change@96a5a5b
01-01 08:00:12.628 688 688 D CompatConfig: Adding: com.android.server.compat.config.Change@73262f8
01-01 08:00:12.628 688 688 D CompatConfig: Adding: com.android.server.compat.config.Change@e6be3d1
01-01 08:00:12.628 688 688 D CompatConfig: Adding: com.android.server.compat.config.Change@7ffde36
01-01 08:00:12.628 688 688 D CompatConfig: Adding: com.android.server.compat.config.Change@16a4137
01-01 08:00:12.628 688 688 D CompatConfig: Adding: com.android.server.compat.config.Change@1a6b6a4
01-01 08:00:12.628 688 688 D CompatConfig: Adding: com.android.server.compat.config.Change@679ec0d
01-01 08:00:12.628 688 688 D CompatConfig: Adding: com.android.server.compat.config.Change@6e3a7c2
01-01 08:00:12.628 688 688 D CompatConfig: Adding: com.android.server.compat.config.Change@e17b9d3
01-01 08:00:12.628 688 688 D CompatConfig: Adding: com.android.server.compat.config.Change@6ea9910
01-01 08:00:12.628 688 688 D CompatConfig: Adding: com.android.server.compat.config.Change@ee63c09
01-01 08:00:12.628 688 688 D CompatConfig: Adding: com.android.server.compat.config.Change@6487e0e
01-01 08:00:12.628 688 688 D CompatConfig: Adding: com.android.server.compat.config.Change@1a202f
01-01 08:00:12.628 688 688 D CompatConfig: Adding: com.android.server.compat.config.Change@448363c
01-01 08:00:12.628 688 688 D CompatConfig: Adding: com.android.server.compat.config.Change@1ad8fc5
01-01 08:00:12.629 688 717 I SystemConfig: Reading permissions from /system/etc/permissions/org.apache.http.legacy.xml
01-01 08:00:12.629 688 688 D CompatConfig: Adding: com.android.server.compat.config.Change@132904b
01-01 08:00:12.629 688 688 D CompatConfig: Adding: com.android.server.compat.config.Change@f807a28
01-01 08:00:12.629 688 688 D CompatConfig: Adding: com.android.server.compat.config.Change@1dc6341
01-01 08:00:12.629 688 688 D CompatConfig: Adding: com.android.server.compat.config.Change@65a40e6
01-01 08:00:12.629 688 688 D CompatConfig: Adding: com.android.server.compat.config.Change@c17e627
01-01 08:00:12.629 688 688 D CompatConfig: Adding: com.android.server.compat.config.Change@77710d4
01-01 08:00:12.629 688 688 D CompatConfig: Adding: com.android.server.compat.config.Change@ccaf27d
01-01 08:00:12.629 688 688 D CompatConfig: Adding: com.android.server.compat.config.Change@1f98572
01-01 08:00:12.629 688 688 D CompatConfig: Adding: com.android.server.compat.config.Change@612bdc3
01-01 08:00:12.629 688 688 D CompatConfig: Adding: com.android.server.compat.config.Change@39e6640
01-01 08:00:12.629 688 688 D CompatConfig: Adding: com.android.server.compat.config.Change@3193979
01-01 08:00:12.629 688 688 D CompatConfig: Adding: com.android.server.compat.config.Change@dd686be
01-01 08:00:12.629 688 688 D CompatConfig: Adding: com.android.server.compat.config.Change@659731f
01-01 08:00:12.629 688 688 D CompatConfig: Adding: com.android.server.compat.config.Change@e23a66c
01-01 08:00:12.629 688 688 D CompatConfig: Adding: com.android.server.compat.config.Change@56af435
01-01 08:00:12.629 688 688 D CompatConfig: Adding: com.android.server.compat.config.Change@af050ca
01-01 08:00:12.629 688 688 D CompatConfig: Adding: com.android.server.compat.config.Change@72c223b
01-01 08:00:12.629 688 688 D CompatConfig: Adding: com.android.server.compat.config.Change@4dabd58
01-01 08:00:12.629 688 688 D CompatConfig: Adding: com.android.server.compat.config.Change@e39eb1
01-01 08:00:12.629 688 688 D CompatConfig: Adding: com.android.server.compat.config.Change@92aaf96
01-01 08:00:12.629 688 688 D CompatConfig: Adding: com.android.server.compat.config.Change@cb0a717
01-01 08:00:12.629 688 688 D CompatConfig: Adding: com.android.server.compat.config.Change@cea5704
01-01 08:00:12.629 688 688 D CompatConfig: Adding: com.android.server.compat.config.Change@76274ed
01-01 08:00:12.629 688 688 D CompatConfig: Adding: com.android.server.compat.config.Change@da2f22
01-01 08:00:12.630 688 717 I SystemConfig: Reading permissions from /system/etc/permissions/privapp-permissions-oranth.xml
01-01 08:00:12.630 688 688 D CompatConfig: Adding: com.android.server.compat.config.Change@d8e9db3
01-01 08:00:12.630 688 688 D CompatConfig: Adding: com.android.server.compat.config.Change@f7e72e9
01-01 08:00:12.630 688 688 D CompatConfig: Adding: com.android.server.compat.config.Change@9101b6e
01-01 08:00:12.630 688 688 D CompatConfig: Adding: com.android.server.compat.config.Change@94b620f
01-01 08:00:12.630 688 688 D CompatConfig: Adding: com.android.server.compat.config.Change@393829c
01-01 08:00:12.630 688 688 D CompatConfig: Adding: com.android.server.compat.config.Change@84254a5
01-01 08:00:12.630 688 688 D CompatConfig: Adding: com.android.server.compat.config.Change@6a6807a
01-01 08:00:12.630 688 688 D CompatConfig: Adding: com.android.server.compat.config.Change@866102b
01-01 08:00:12.630 688 688 D CompatConfig: Adding: com.android.server.compat.config.Change@8a42c88
01-01 08:00:12.631 688 688 D CompatConfig: No directory /system/system_ext/etc/compatconfig, skipping
01-01 08:00:12.631 688 688 D ApexManagerTiming: getActiveApexInfos_noCache
01-01 08:00:12.631 688 717 I SystemConfig: Reading permissions from /system/etc/permissions/privapp-permissions-platform.xml
01-01 08:00:12.644 0 0 I [2 T216 ..] servicemanager: Notifying apexservice they do (previously: don't) have clients when service is guaranteed to be in use
01-01 08:00:12.645 0 0 I [0 T414 ..] AidlLazyServiceRegistrar: Process has 1 (of 1 available) client(s) in use after notification apexservice has clients: 1
01-01 08:00:12.647 0 0 I [0 T414 ..] AidlLazyServiceRegistrar: Shutdown prevented by forcePersist override flag.
01-01 08:00:12.648 0 0 I [1 T414 ..] apexd: getActivePackages received by ApexService
01-01 08:00:12.638 688 717 I SystemConfig: Reading permissions from /system/etc/permissions/privapp_allowlist_com.android.adservices.api.xml
01-01 08:00:12.639 688 717 I SystemConfig: Reading permissions from /system/etc/permissions/privapp_allowlist_com.android.providers.media.module.xml
01-01 08:00:12.639 688 717 I SystemConfig: Reading permissions from /system/etc/permissions/tv_core_hardware.xml
01-01 08:00:12.641 688 717 I SystemConfig: Reading permissions from /system/etc/permissions/platform.xml
01-01 08:00:12.644 688 717 I SystemConfig: Reading permissions from /vendor/etc/permissions/android.hardware.audio.output.xml
01-01 08:00:12.646 688 717 I SystemConfig: Reading permissions from /vendor/etc/permissions/android.hardware.bluetooth.xml
01-01 08:00:12.646 688 717 I SystemConfig: Reading permissions from /vendor/etc/permissions/android.hardware.bluetooth_le.xml
01-01 08:00:12.647 688 717 I SystemConfig: Reading permissions from /vendor/etc/permissions/android.hardware.camera.external.xml
01-01 08:00:12.648 688 717 I SystemConfig: Reading permissions from /vendor/etc/permissions/android.hardware.ethernet.xml
01-01 08:00:12.649 688 717 I SystemConfig: Reading permissions from /vendor/etc/permissions/android.hardware.gamepad.xml
01-01 08:00:12.650 688 717 I SystemConfig: Reading permissions from /vendor/etc/permissions/android.hardware.hardware_keystore.xml
01-01 08:00:12.651 688 717 I SystemConfig: Reading permissions from /vendor/etc/permissions/android.hardware.hdmi.cec.xml
01-01 08:00:12.652 688 717 I SystemConfig: Reading permissions from /vendor/etc/permissions/android.hardware.keystore.app_attest_key.xml
01-01 08:00:12.653 688 717 I SystemConfig: Reading permissions from /vendor/etc/permissions/android.hardware.location.xml
01-01 08:00:12.653 688 688 V ApexManagerTiming: getActiveApexInfos_noCache took to complete: 22ms
01-01 08:00:12.654 688 717 I SystemConfig: Reading permissions from /vendor/etc/permissions/android.hardware.opengles.aep.xml
01-01 08:00:12.654 688 688 D CompatConfig: No directory /apex/com.android.runtime/etc/compatconfig, skipping
01-01 08:00:12.654 688 688 D CompatConfig: No directory /apex/com.android.vndk.v34/etc/compatconfig, skipping
01-01 08:00:12.654 688 688 D CompatConfig: No directory /apex/com.android.resolv/etc/compatconfig, skipping
01-01 08:00:12.654 688 688 D CompatConfig: No directory /apex/com.android.i18n/etc/compatconfig, skipping
01-01 08:00:12.654 688 688 D CompatConfig: No directory /apex/com.android.appsearch/etc/compatconfig, skipping
01-01 08:00:12.654 688 717 I SystemConfig: Reading permissions from /vendor/etc/permissions/android.hardware.usb.host.xml
01-01 08:00:12.654 688 688 D CompatConfig: No directory /apex/com.android.media/etc/compatconfig, skipping
01-01 08:00:12.654 688 688 D CompatConfig: No directory /apex/com.android.configinfrastructure/etc/compatconfig, skipping
01-01 08:00:12.654 688 688 D CompatConfig: No directory /apex/com.android.scheduling/etc/compatconfig, skipping
01-01 08:00:12.655 688 688 D CompatConfig: No directory /apex/com.google.android.widevine/etc/compatconfig, skipping
01-01 08:00:12.655 688 688 D CompatConfig: No directory /apex/com.android.neuralnetworks/etc/compatconfig, skipping
01-01 08:00:12.655 688 688 D CompatConfig: No directory /apex/com.android.adservices/etc/compatconfig, skipping
01-01 08:00:12.655 688 688 D CompatConfig: No directory /apex/com.android.ondevicepersonalization/etc/compatconfig, skipping
01-01 08:00:12.655 688 717 I SystemConfig: Reading permissions from /vendor/etc/permissions/android.hardware.vulkan.compute.xml
01-01 08:00:12.656 688 717 I SystemConfig: Reading permissions from /vendor/etc/permissions/android.hardware.vulkan.level.xml
01-01 08:00:12.656 688 688 D CompatConfig: Found a config file: /apex/com.android.tethering/etc/compatconfig/connectivity-platform-compat-config.xml
01-01 08:00:12.657 688 717 I SystemConfig: Reading permissions from /vendor/etc/permissions/android.hardware.vulkan.version.xml
01-01 08:00:12.657 688 688 D CompatConfig: Adding: com.android.server.compat.config.Change@772b573
01-01 08:00:12.657 688 688 D CompatConfig: Adding: com.android.server.compat.config.Change@9127c30
01-01 08:00:12.658 688 688 D CompatConfig: Adding: com.android.server.compat.config.Change@bd5b0a9
01-01 08:00:12.658 688 688 D CompatConfig: Adding: com.android.server.compat.config.Change@185e62e
01-01 08:00:12.658 688 717 I SystemConfig: Reading permissions from /vendor/etc/permissions/android.hardware.wifi.direct.xml
01-01 08:00:12.658 688 717 I SystemConfig: Reading permissions from /vendor/etc/permissions/android.hardware.wifi.passpoint.xml
01-01 08:00:12.659 688 688 D CompatConfig: No directory /apex/com.android.ipsec/etc/compatconfig, skipping
01-01 08:00:12.659 688 688 D CompatConfig: No directory /apex/com.android.conscrypt/etc/compatconfig, skipping
01-01 08:00:12.659 688 688 D CompatConfig: No directory /apex/com.android.apex.cts.shim/etc/compatconfig, skipping
01-01 08:00:12.659 688 717 I SystemConfig: Reading permissions from /vendor/etc/permissions/android.hardware.wifi.xml
01-01 08:00:12.659 688 688 D CompatConfig: No directory /apex/com.android.media.swcodec/etc/compatconfig, skipping
01-01 08:00:12.659 688 688 D CompatConfig: No directory /apex/com.android.tzdata/etc/compatconfig, skipping
01-01 08:00:12.659 688 688 D CompatConfig: No directory /apex/com.android.healthfitness/etc/compatconfig, skipping
01-01 08:00:12.660 688 688 D CompatConfig: No directory /apex/com.android.virt/etc/compatconfig, skipping
01-01 08:00:12.660 688 717 I SystemConfig: Reading permissions from /vendor/etc/permissions/android.software.app_widgets.xml
01-01 08:00:12.661 688 688 D CompatConfig: Found a config file: /apex/com.android.mediaprovider/etc/compatconfig/media-provider-platform-compat-config.xml
01-01 08:00:12.661 688 717 I SystemConfig: Reading permissions from /vendor/etc/permissions/android.software.backup.xml
01-01 08:00:12.662 688 688 D CompatConfig: Adding: com.android.server.compat.config.Change@171cbe1
01-01 08:00:12.662 688 688 D CompatConfig: Adding: com.android.server.compat.config.Change@6900fc7
01-01 08:00:12.663 688 688 D CompatConfig: Adding: com.android.server.compat.config.Change@b0f89f4
01-01 08:00:12.663 688 688 D CompatConfig: Adding: com.android.server.compat.config.Change@85e451d
01-01 08:00:12.663 688 717 I SystemConfig: Reading permissions from /vendor/etc/permissions/android.software.cant_save_state.xml
01-01 08:00:12.663 688 688 D CompatConfig: Adding: com.android.server.compat.config.Change@aa07392
01-01 08:00:12.663 688 688 D CompatConfig: Adding: com.android.server.compat.config.Change@e73e163
01-01 08:00:12.663 688 688 D CompatConfig: Adding: com.android.server.compat.config.Change@b955160
01-01 08:00:12.665 688 688 D CompatConfig: No directory /apex/com.android.sdkext/etc/compatconfig, skipping
01-01 08:00:12.665 688 688 D CompatConfig: No directory /apex/com.amlogic.mediaextractor/etc/compatconfig, skipping
01-01 08:00:12.665 688 717 I SystemConfig: Reading permissions from /vendor/etc/permissions/android.software.farfield.xml
01-01 08:00:12.665 688 688 D CompatConfig: Found a config file: /apex/com.android.btservices/etc/compatconfig/bluetoothapk-platform-compat-config.xml
01-01 08:00:12.666 688 717 I SystemConfig: Reading permissions from /vendor/etc/permissions/android.software.ipsec_tunnels.xml
01-01 08:00:12.666 688 688 D CompatConfig: Adding: com.android.server.compat.config.Change@6ee238c
01-01 08:00:12.667 688 717 I SystemConfig: Reading permissions from /vendor/etc/permissions/android.software.opengles.deqp.level-2023-03-01.xml
01-01 08:00:12.667 688 688 D CompatConfig: Found a config file: /apex/com.android.btservices/etc/compatconfig/bluetooth-compat-config.xml
01-01 08:00:12.668 688 717 I SystemConfig: Reading permissions from /vendor/etc/permissions/android.software.verified_boot.xml
01-01 08:00:12.668 688 688 D CompatConfig: Adding: com.android.server.compat.config.Change@d1fec78
01-01 08:00:12.669 688 717 I SystemConfig: Reading permissions from /vendor/etc/permissions/android.software.vulkan.deqp.level-2023-03-01.xml
01-01 08:00:12.669 688 717 I SystemConfig: Reading permissions from /vendor/etc/permissions/aosp_excluded_hardware.xml
01-01 08:00:12.669 688 688 D CompatConfig: Found a config file: /apex/com.android.btservices/etc/compatconfig/framework-bluetooth-compat-config.xml
01-01 08:00:12.670 688 717 D SystemConfig: Removed unavailable feature android.hardware.location.network
01-01 08:00:12.670 688 717 I SystemConfig: Reading permissions from /vendor/etc/permissions/com.droidlogic.appinstaller.xml
01-01 08:00:12.670 688 688 D CompatConfig: Adding: com.android.server.compat.config.Change@83faf8d
01-01 08:00:12.671 688 717 I SystemConfig: Reading permissions from /vendor/etc/permissions/com.google.android.feature.SILENT_OTA.xml
01-01 08:00:12.672 688 688 D CompatConfig: Found a config file: /apex/com.android.wifi/etc/compatconfig/wifi-compat-config.xml
01-01 08:00:12.672 688 717 I SystemConfig: Reading permissions from /vendor/etc/permissions/com.google.android.feature.fastpair.xml
01-01 08:00:12.673 688 717 I SystemConfig: Reading permissions from /vendor/etc/permissions/droidlogic.jasplayer.xml
01-01 08:00:12.673 688 688 D CompatConfig: Adding: com.android.server.compat.config.Change@4e4138e
01-01 08:00:12.673 688 688 D CompatConfig: Adding: com.android.server.compat.config.Change@e5c7af
01-01 08:00:12.673 688 688 D CompatConfig: Adding: com.android.server.compat.config.Change@50787bc
01-01 08:00:12.674 688 688 D CompatConfig: No directory /apex/com.android.os.statsd/etc/compatconfig, skipping
01-01 08:00:12.674 688 717 I SystemConfig: Reading permissions from /vendor/etc/permissions/droidlogic.jniasplayer.xml
01-01 08:00:12.674 688 688 D CompatConfig: No directory /apex/com.android.devicelock/etc/compatconfig, skipping
01-01 08:00:12.674 688 688 D CompatConfig: No directory /apex/com.android.adbd/etc/compatconfig, skipping
01-01 08:00:12.675 688 688 D CompatConfig: No directory /apex/com.android.permission/etc/compatconfig, skipping
01-01 08:00:12.675 688 688 D CompatConfig: No directory /apex/com.android.uwb/etc/compatconfig, skipping
01-01 08:00:12.675 688 688 D CompatConfig: No directory /apex/com.android.rkpd/etc/compatconfig, skipping
01-01 08:00:12.675 688 688 D CompatConfig: No directory /apex/com.android.extservices/etc/compatconfig, skipping
01-01 08:00:12.675 688 717 I SystemConfig: Reading permissions from /vendor/etc/permissions/droidlogic.software.core.xml
01-01 08:00:12.676 688 688 D CompatConfig: Found a config file: /apex/com.android.art/etc/compatconfig/libcore-platform-compat-config.xml
01-01 08:00:12.676 688 717 W SystemConfig: name is required for in START_TAG (empty) @27:35 in java.io.FileReader@ea363a8
01-01 08:00:12.677 688 717 I SystemConfig: Reading permissions from /vendor/etc/permissions/droidlogic.tv.software.core.xml
01-01 08:00:12.677 688 688 D CompatConfig: Adding: com.android.server.compat.config.Change@f230666
01-01 08:00:12.677 688 717 I SystemConfig: Ignore shared library droidlogic.tv.software.core: /vendor/framework/droidlogic.tv.software.core.jar does not exist
01-01 08:00:12.677 688 688 D CompatConfig: Adding: com.android.server.compat.config.Change@6c0fda7
01-01 08:00:12.677 688 688 D CompatConfig: Adding: com.android.server.compat.config.Change@39f1254
01-01 08:00:12.677 688 688 D CompatConfig: Adding: com.android.server.compat.config.Change@34895fd
01-01 08:00:12.677 688 688 D CompatConfig: Adding: com.android.server.compat.config.Change@24922f2
01-01 08:00:12.677 688 688 D CompatConfig: Adding: com.android.server.compat.config.Change@af5cd43
01-01 08:00:12.677 688 688 D CompatConfig: Adding: com.android.server.compat.config.Change@404ffc0
01-01 08:00:12.677 688 688 D CompatConfig: Adding: com.android.server.compat.config.Change@a8d94f9
01-01 08:00:12.677 688 688 D CompatConfig: Adding: com.android.server.compat.config.Change@3427c3e
01-01 08:00:12.677 688 688 D CompatConfig: Adding: com.android.server.compat.config.Change@b1dfa9f
01-01 08:00:12.677 688 688 D CompatConfig: Adding: com.android.server.compat.config.Change@41a57ec
01-01 08:00:12.678 688 717 I SystemConfig: Reading permissions from /vendor/etc/permissions/prime.xml
01-01 08:00:12.680 688 717 I SystemConfig: Reading permissions from /product/etc/sysconfig/atv-component-overrides.xml
01-01 08:00:12.681 688 688 V SystemServerTiming: PlatformCompat took to complete: 79ms
01-01 08:00:12.681 688 688 D SystemServerTiming: StartFileIntegrityService
01-01 08:00:12.681 688 688 I SystemServiceManager: Starting com.android.server.security.FileIntegrityService
01-01 08:00:12.681 688 717 I SystemConfig: Reading permissions from /product/etc/permissions/android.hardware.gamepad.xml
01-01 08:00:12.682 688 717 I SystemConfig: Reading permissions from /product/etc/permissions/com.android.settings.intelligence.xml
01-01 08:00:12.683 688 717 I SystemConfig: Reading permissions from /product/etc/permissions/com.google.android.apps.mediashell.vp9_mirror.xml
01-01 08:00:12.683 688 688 V SystemServerTiming: StartFileIntegrityService took to complete: 2ms
01-01 08:00:12.683 688 688 D SystemServerTiming: StartInstaller
01-01 08:00:12.683 688 688 I SystemServiceManager: Starting com.android.server.pm.Installer
01-01 08:00:12.684 688 717 W SystemConfig: No directory /system_ext/etc/sysconfig, skipping
01-01 08:00:12.684 688 717 I SystemConfig: Reading permissions from /system_ext/etc/permissions/com.android.systemui.xml
01-01 08:00:12.687 688 717 I SystemConfig: Reading permissions from /system_ext/etc/permissions/com.android.tv.settings.xml
01-01 08:00:12.688 688 717 I SystemConfig: Reading permissions from /system_ext/etc/permissions/com.droidlogic.tv.settings.xml
01-01 08:00:12.690 688 688 V SystemServerTiming: StartInstaller took to complete: 7ms
01-01 08:00:12.690 688 688 D SystemServerTiming: DeviceIdentifiersPolicyService
01-01 08:00:12.690 688 688 I SystemServiceManager: Starting com.android.server.os.DeviceIdentifiersPolicyService
01-01 08:00:12.690 688 717 I SystemConfig: Reading permissions from /system_ext/etc/permissions/droidlogic_permissions.xml
01-01 08:00:12.690 688 688 V SystemServerTiming: DeviceIdentifiersPolicyService took to complete: 0ms
01-01 08:00:12.691 688 688 D SystemServerTiming: StartFeatureFlagsService
01-01 08:00:12.691 688 688 I SystemServiceManager: Starting com.android.server.flags.FeatureFlagsService
01-01 08:00:12.691 688 688 D FeatureFlagsService: Started Feature Flag Service
01-01 08:00:12.692 688 717 I SystemConfig: Reading permissions from /apex/com.android.tethering/etc/permissions/permissions.xml
01-01 08:00:12.694 688 688 V SystemServerTiming: StartFeatureFlagsService took to complete: 3ms
01-01 08:00:12.694 688 688 D SystemServerTiming: UriGrantsManagerService
01-01 08:00:12.694 688 688 I SystemServiceManager: Starting com.android.server.uri.UriGrantsManagerService$Lifecycle
01-01 08:00:12.695 688 717 I SystemConfig: Reading permissions from /apex/com.android.permission/etc/permissions/privapp_allowlist_com.android.permissioncontroller.xml
01-01 08:00:12.695 688 688 V SystemServerTiming: UriGrantsManagerService took to complete: 1ms
01-01 08:00:12.695 688 688 D SystemServerTiming: StartPowerStatsService
01-01 08:00:12.695 688 688 I SystemServiceManager: Starting com.android.server.powerstats.PowerStatsService
01-01 08:00:12.697 688 717 I SystemConfig: Reading permissions from /apex/com.android.extservices/etc/permissions/privapp_allowlist_android.ext.services.xml
01-01 08:00:12.708 0 0 I [1 T216 ..] servicemanager: Could not find android.hardware.power.stats.IPowerStats/default in the VINTF manifest.
01-01 08:00:12.702 688 688 V SystemServerTiming: StartPowerStatsService took to complete: 7ms
01-01 08:00:12.702 688 688 D SystemServerTiming: StartIStatsService
01-01 08:00:12.703 688 717 I SystemConfig: Reading permissions from /apex/com.android.mediaprovider/etc/permissions/privapp_allowlist_com.android.providers.media.module.xml
01-01 08:00:12.705 688 688 V SystemServerTiming: StartIStatsService took to complete: 3ms
01-01 08:00:12.705 688 688 D SystemServerTiming: MemtrackProxyService
01-01 08:00:12.707 688 688 V SystemServerTiming: MemtrackProxyService took to complete: 2ms
01-01 08:00:12.707 688 688 D SystemServerTiming: StartAccessCheckingService
01-01 08:00:12.708 688 717 I SystemConfig: Reading permissions from /apex/com.android.ipsec/etc/permissions/android.net.ipsec.ike.xml
01-01 08:00:12.708 688 688 I SystemServiceManager: Starting com.android.server.permission.access.AccessCheckingService
01-01 08:00:12.716 0 0 I [3 T216 ..] servicemanager: Found android.frameworks.stats.IStats/default in framework VINTF manifest.
01-01 08:00:12.718 0 0 I [3 T216 ..] servicemanager: Found android.hardware.memtrack.IMemtrack/default in device VINTF manifest.
01-01 08:00:12.708 688 688 V SystemServerTiming: StartAccessCheckingService took to complete: 1ms
01-01 08:00:12.708 688 688 D SystemServerTiming: StartActivityManager
01-01 08:00:12.709 688 688 I SystemServiceManager: Starting com.android.server.wm.ActivityTaskManagerService$Lifecycle
01-01 08:00:12.710 688 717 I SystemConfig: Reading permissions from /apex/com.android.adservices/etc/permissions/privapp_allowlist_com.android.adservices.api.xml
01-01 08:00:12.713 688 688 I SystemServiceManager: Starting com.android.server.am.ActivityManagerService$Lifecycle
01-01 08:00:12.713 688 717 I SystemConfig: Reading permissions from /apex/com.android.btservices/etc/permissions/privapp_allowlist_com.android.bluetooth.xml
01-01 08:00:12.714 688 717 I SystemConfig: Reading permissions from /apex/com.android.healthfitness/etc/permissions/privapp_allowlist_com.android.healthconnect.controller.xml
01-01 08:00:12.715 688 688 I ActivityManager: Memory class: 256
01-01 08:00:12.716 688 717 I SystemConfig: Reading permissions from /apex/com.android.devicelock/etc/permissions/privapp_allowlist_com.android.devicelockcontroller.xml
01-01 08:00:12.718 688 719 I Binder : Setting heavy hitter watcher config: false, 0, 0.0
01-01 08:00:12.721 688 717 W SystemConfig: Failed to read public libraries file /vendor/etc/public.libraries.txt
01-01 08:00:12.721 688 717 W SystemConfig: java.io.FileNotFoundException: /vendor/etc/public.libraries.txt: open failed: ENOENT (No such file or directory)
01-01 08:00:12.721 688 717 W SystemConfig: at libcore.io.IoBridge.open(IoBridge.java:574)
01-01 08:00:12.721 688 717 W SystemConfig: at java.io.FileInputStream.(FileInputStream.java:160)
01-01 08:00:12.721 688 717 W SystemConfig: at java.io.FileReader.(FileReader.java:75)
01-01 08:00:12.721 688 717 W SystemConfig: at com.android.server.SystemConfig.readPublicLibrariesListFile(SystemConfig.java:1818)
01-01 08:00:12.721 688 717 W SystemConfig: at com.android.server.SystemConfig.readPublicNativeLibrariesList(SystemConfig.java:1800)
01-01 08:00:12.721 688 717 W SystemConfig: at com.android.server.SystemConfig.(SystemConfig.java:565)
01-01 08:00:12.721 688 717 W SystemConfig: at com.android.server.SystemConfig.getInstance(SystemConfig.java:366)
01-01 08:00:12.721 688 717 W SystemConfig: at com.android.server.SystemServer$$ExternalSyntheticLambda2.run(R8$$SyntheticClass:0)
01-01 08:00:12.721 688 717 W SystemConfig: at com.android.server.SystemServerInitThreadPool.lambda$submitTask$0(SystemServerInitThreadPool.java:107)
01-01 08:00:12.721 688 717 W SystemConfig: at com.android.server.SystemServerInitThreadPool.$r8$lambda$iar571g8isa6ZrPZMHj1USmyX48(SystemServerInitThreadPool.java:0)
01-01 08:00:12.721 688 717 W SystemConfig: at com.android.server.SystemServerInitThreadPool$$ExternalSyntheticLambda1.run(R8$$SyntheticClass:0)
01-01 08:00:12.721 688 717 W SystemConfig: at java.util.concurrent.Executors$RunnableAdapter.call(Executors.java:487)
01-01 08:00:12.721 688 717 W SystemConfig: at java.util.concurrent.FutureTask.run(FutureTask.java:264)
01-01 08:00:12.721 688 717 W SystemConfig: at java.util.concurrent.ThreadPoolExecutor.runWorker(ThreadPoolExecutor.java:1145)
01-01 08:00:12.721 688 717 W SystemConfig: at java.util.concurrent.ThreadPoolExecutor$Worker.run(ThreadPoolExecutor.java:644)
01-01 08:00:12.721 688 717 W SystemConfig: at com.android.internal.util.ConcurrentUtils$1$1.run(ConcurrentUtils.java:65)
01-01 08:00:12.721 688 717 W SystemConfig: Caused by: android.system.ErrnoException: open failed: ENOENT (No such file or directory)
01-01 08:00:12.721 688 717 W SystemConfig: at libcore.io.Linux.open(Native Method)
01-01 08:00:12.721 688 717 W SystemConfig: at libcore.io.ForwardingOs.open(ForwardingOs.java:563)
01-01 08:00:12.721 688 717 W SystemConfig: at libcore.io.BlockGuardOs.open(BlockGuardOs.java:274)
01-01 08:00:12.721 688 717 W SystemConfig: at libcore.io.IoBridge.open(IoBridge.java:560)
01-01 08:00:12.721 688 717 W SystemConfig: ... 15 more
01-01 08:00:12.722 688 717 V SystemConfig: readAllPermissions took to complete: 120ms
01-01 08:00:12.722 688 717 D SystemServerInitThreadPool: Finished executing ReadingSystemConfig
01-01 08:00:12.722 688 717 V SystemServerTimingAsync: InitThreadPoolExec:ReadingSystemConfig took to complete: 120ms
01-01 08:00:12.748 688 688 D BatteryStatsImpl: Reading daily items from /data/system/batterystats-daily.xml
01-01 08:00:12.754 688 688 I KernelCpuUidFreqTimeReader: mPerClusterTimesAvailable=false
01-01 08:00:12.770 688 726 W KernelCpuProcStringReader: File not found. It's normal if not implemented: /proc/uid_concurrent_policy_time
01-01 08:00:12.778 688 726 W KernelMemoryBandwidthStats: No kernel memory bandwidth stats available
01-01 08:00:12.885 688 688 I IntentFirewall: Read new rules (A:0 B:0 S:0)
01-01 08:00:12.889 688 688 D OomAdjuster: Not killing cached processes
01-01 08:00:12.892 688 688 D AppOps : AppOpsService published
01-01 08:00:12.893 688 703 W android.permission.PermissionManager: Missing ActivityManager; assuming 1047 does not hold android.permission.MANAGE_APP_OPS_MODES
01-01 08:00:12.894 688 688 V SystemServerTiming: StartActivityManager took to complete: 186ms
01-01 08:00:12.894 688 688 D SystemServerTiming: StartDataLoaderManagerService
01-01 08:00:12.894 688 688 I SystemServiceManager: Starting com.android.server.pm.DataLoaderManagerService
01-01 08:00:12.896 688 688 V SystemServerTiming: StartDataLoaderManagerService took to complete: 2ms
01-01 08:00:12.896 688 688 D SystemServerTiming: StartIncrementalService
01-01 08:00:12.899 688 730 E CriticalEventLog: Error reading log from disk.
01-01 08:00:12.899 688 730 E CriticalEventLog: com.android.framework.protobuf.nano.InvalidProtocolBufferNanoException: Protocol message contained an invalid tag (zero).
01-01 08:00:12.899 688 730 E CriticalEventLog: at com.android.framework.protobuf.nano.CodedInputByteBufferNano.readTag(CodedInputByteBufferNano.java:79)
01-01 08:00:12.899 688 730 E CriticalEventLog: at com.android.server.criticalevents.nano.CriticalEventLogStorageProto.mergeFrom(CriticalEventLogStorageProto.java:70)
01-01 08:00:12.899 688 730 E CriticalEventLog: at com.android.server.criticalevents.nano.CriticalEventLogStorageProto.mergeFrom(CriticalEventLogStorageProto.java:5)
01-01 08:00:12.899 688 730 E CriticalEventLog: at com.android.framework.protobuf.nano.MessageNano.mergeFrom(MessageNano.java:143)
01-01 08:00:12.899 688 730 E CriticalEventLog: at com.android.framework.protobuf.nano.MessageNano.mergeFrom(MessageNano.java:131)
01-01 08:00:12.899 688 730 E CriticalEventLog: at com.android.server.criticalevents.nano.CriticalEventLogStorageProto.parseFrom(CriticalEventLogStorageProto.java:106)
01-01 08:00:12.899 688 730 E CriticalEventLog: at com.android.server.criticalevents.CriticalEventLog$LogLoader.loadLogFromFile(CriticalEventLog.java:427)
01-01 08:00:12.899 688 730 E CriticalEventLog: at com.android.server.criticalevents.CriticalEventLog$LogLoader.load(CriticalEventLog.java:415)
01-01 08:00:12.899 688 730 E CriticalEventLog: at com.android.server.criticalevents.CriticalEventLog.lambda$new$0(CriticalEventLog.java:101)
01-01 08:00:12.899 688 730 E CriticalEventLog: at com.android.server.criticalevents.CriticalEventLog.$r8$lambda$8jCWPuC9ORHivUcrfsuYZ4VTEfY(CriticalEventLog.java:0)
01-01 08:00:12.899 688 730 E CriticalEventLog: at com.android.server.criticalevents.CriticalEventLog$$ExternalSyntheticLambda1.run(R8$$SyntheticClass:0)
01-01 08:00:12.899 688 730 E CriticalEventLog: at android.os.Handler.handleCallback(Handler.java:958)
01-01 08:00:12.899 688 730 E CriticalEventLog: at android.os.Handler.dispatchMessage(Handler.java:99)
01-01 08:00:12.899 688 730 E CriticalEventLog: at android.os.Looper.loopOnce(Looper.java:205)
01-01 08:00:12.899 688 730 E CriticalEventLog: at android.os.Looper.loop(Looper.java:294)
01-01 08:00:12.899 688 730 E CriticalEventLog: at android.os.HandlerThread.run(HandlerThread.java:67)
01-01 08:00:12.903 688 688 V SystemServerTiming: StartIncrementalService took to complete: 7ms
01-01 08:00:12.903 688 688 D SystemServerTiming: StartPowerManager
01-01 08:00:12.903 688 688 I SystemServiceManager: Starting com.android.server.power.PowerManagerService
01-01 08:00:12.923 0 0 I [3 T216 ..] servicemanager: Found android.hardware.power.IPower/default in device VINTF manifest.
01-01 08:00:12.916 688 688 V SystemServerTiming: StartPowerManager took to complete: 13ms
01-01 08:00:12.916 688 688 D SystemServerTiming: StartThermalManager
01-01 08:00:12.916 688 688 I SystemServiceManager: Starting com.android.server.power.ThermalManagerService
01-01 08:00:12.917 688 688 V SystemServerTiming: StartThermalManager took to complete: 1ms
01-01 08:00:12.917 688 688 D SystemServerTiming: StartHintManager
01-01 08:00:12.917 688 688 I SystemServiceManager: Starting com.android.server.power.hint.HintManagerService
01-01 08:00:12.918 688 688 V SystemServerTiming: StartHintManager took to complete: 1ms
01-01 08:00:12.918 688 688 D SystemServerTiming: InitPowerManagement
01-01 08:00:12.920 688 688 V SystemServerTiming: InitPowerManagement took to complete: 2ms
01-01 08:00:12.920 688 688 D SystemServerTiming: StartRecoverySystemService
01-01 08:00:12.920 688 688 I SystemServiceManager: Starting com.android.server.recoverysystem.RecoverySystemService$Lifecycle
01-01 08:00:12.923 688 688 V SystemServerTiming: StartRecoverySystemService took to complete: 3ms
01-01 08:00:12.923 688 688 I PackageWatchdog: Syncing state, reason: added new observer
01-01 08:00:12.924 688 688 I PackageWatchdog: Not pruning observers, elapsed time: 0ms
01-01 08:00:12.924 688 688 I PackageWatchdog: Cancelling state sync, nothing to sync
01-01 08:00:12.924 688 718 I PackageWatchdog: Saving observer state to file
01-01 08:00:12.925 688 688 D SystemServerTiming: StartLightsService
01-01 08:00:12.925 688 688 I SystemServiceManager: Starting com.android.server.lights.LightsService
01-01 08:00:12.938 0 0 I [3 T216 ..] servicemanager: Found android.hardware.light.ILights/default in device VINTF manifest.
01-01 08:00:12.930 688 688 V SystemServerTiming: StartLightsService took to complete: 5ms
01-01 08:00:12.930 688 688 D SystemServerTiming: StartDisplayOffloadService
01-01 08:00:12.930 688 688 V SystemServerTiming: StartDisplayOffloadService took to complete: 0ms
01-01 08:00:12.930 688 688 D SystemServerTiming: StartSidekickService
01-01 08:00:12.930 688 688 V SystemServerTiming: StartSidekickService took to complete: 0ms
01-01 08:00:12.930 688 688 D SystemServerTiming: StartDisplayManager
01-01 08:00:12.931 688 688 I SystemServiceManager: Starting com.android.server.display.DisplayManagerService
01-01 08:00:12.943 688 688 V SystemServerTiming: StartDisplayManager took to complete: 13ms
01-01 08:00:12.944 688 688 D SystemServerTiming: WaitForDisplay
01-01 08:00:12.945 688 688 I SystemServiceManager: Starting phase 100
01-01 08:00:12.945 688 688 D SystemServerTiming: OnBootPhase_100
01-01 08:00:12.945 688 688 D SystemServerTiming: OnBootPhase_100_com.android.server.security.FileIntegrityService
01-01 08:00:12.945 688 688 V SystemServerTiming: OnBootPhase_100_com.android.server.security.FileIntegrityService took to complete: 0ms
01-01 08:00:12.945 688 688 D SystemServerTiming: OnBootPhase_100_com.android.server.pm.Installer
01-01 08:00:12.945 688 688 V SystemServerTiming: OnBootPhase_100_com.android.server.pm.Installer took to complete: 0ms
01-01 08:00:12.945 688 688 D SystemServerTiming: OnBootPhase_100_com.android.server.os.DeviceIdentifiersPolicyService
01-01 08:00:12.945 688 688 V SystemServerTiming: OnBootPhase_100_com.android.server.os.DeviceIdentifiersPolicyService took to complete: 0ms
01-01 08:00:12.945 688 688 D SystemServerTiming: OnBootPhase_100_com.android.server.flags.FeatureFlagsService
01-01 08:00:12.945 688 688 V SystemServerTiming: OnBootPhase_100_com.android.server.flags.FeatureFlagsService took to complete: 0ms
01-01 08:00:12.945 688 688 D SystemServerTiming: OnBootPhase_100_com.android.server.uri.UriGrantsManagerService$Lifecycle
01-01 08:00:12.945 688 688 V SystemServerTiming: OnBootPhase_100_com.android.server.uri.UriGrantsManagerService$Lifecycle took to complete: 0ms
01-01 08:00:12.945 688 688 D SystemServerTiming: OnBootPhase_100_com.android.server.powerstats.PowerStatsService
01-01 08:00:12.945 688 688 V SystemServerTiming: OnBootPhase_100_com.android.server.powerstats.PowerStatsService took to complete: 0ms
01-01 08:00:12.945 688 688 D SystemServerTiming: OnBootPhase_100_com.android.server.permission.access.AccessCheckingService
01-01 08:00:12.945 688 688 V SystemServerTiming: OnBootPhase_100_com.android.server.permission.access.AccessCheckingService took to complete: 0ms
01-01 08:00:12.946 688 688 D SystemServerTiming: OnBootPhase_100_com.android.server.wm.ActivityTaskManagerService$Lifecycle
01-01 08:00:12.946 688 688 V SystemServerTiming: OnBootPhase_100_com.android.server.wm.ActivityTaskManagerService$Lifecycle took to complete: 0ms
01-01 08:00:12.946 688 688 D SystemServerTiming: OnBootPhase_100_com.android.server.am.ActivityManagerService$Lifecycle
01-01 08:00:12.946 688 688 V SystemServerTiming: OnBootPhase_100_com.android.server.am.ActivityManagerService$Lifecycle took to complete: 0ms
01-01 08:00:12.946 688 688 D SystemServerTiming: OnBootPhase_100_com.android.server.pm.DataLoaderManagerService
01-01 08:00:12.946 688 688 V SystemServerTiming: OnBootPhase_100_com.android.server.pm.DataLoaderManagerService took to complete: 0ms
01-01 08:00:12.946 688 688 D SystemServerTiming: OnBootPhase_100_com.android.server.power.PowerManagerService
01-01 08:00:12.946 688 688 V SystemServerTiming: OnBootPhase_100_com.android.server.power.PowerManagerService took to complete: 0ms
01-01 08:00:12.946 688 688 D SystemServerTiming: OnBootPhase_100_com.android.server.power.ThermalManagerService
01-01 08:00:12.946 688 688 V SystemServerTiming: OnBootPhase_100_com.android.server.power.ThermalManagerService took to complete: 0ms
01-01 08:00:12.946 688 688 D SystemServerTiming: OnBootPhase_100_com.android.server.power.hint.HintManagerService
01-01 08:00:12.946 688 688 V SystemServerTiming: OnBootPhase_100_com.android.server.power.hint.HintManagerService took to complete: 0ms
01-01 08:00:12.946 688 688 D SystemServerTiming: OnBootPhase_100_com.android.server.recoverysystem.RecoverySystemService$Lifecycle
01-01 08:00:12.946 688 688 V SystemServerTiming: OnBootPhase_100_com.android.server.recoverysystem.RecoverySystemService$Lifecycle took to complete: 0ms
01-01 08:00:12.946 688 688 D SystemServerTiming: OnBootPhase_100_com.android.server.lights.LightsService
01-01 08:00:12.946 688 688 V SystemServerTiming: OnBootPhase_100_com.android.server.lights.LightsService took to complete: 0ms
01-01 08:00:12.946 688 688 D SystemServerTiming: OnBootPhase_100_com.android.server.display.DisplayManagerService
01-01 08:00:12.947 688 713 W LocalDisplayAdapter: DisplayModeSpecs base mode no longer available, using currently active mode.
01-01 08:00:12.957 688 713 I DisplayDeviceRepository: Display device added: DisplayDeviceInfo{"内置屏幕": uniqueId="local:4625716335649126413", 1280 x 720, modeId 1, renderFrameRate 50.0, defaultModeId 1, supportedModes [{id=1, width=1280, height=720, fps=50.0, alternativeRefreshRates=[], supportedHdrTypes=[]}, {id=2, width=1280, height=720, fps=60.000004, alternativeRefreshRates=[], supportedHdrTypes=[]}], colorMode 0, supportedColorModes [0], hdrCapabilities HdrCapabilities{mSupportedHdrTypes=[], mMaxLuminance=500.0, mMaxAverageLuminance=500.0, mMinLuminance=0.0}, allmSupported false, gameContentTypeSupported false, density 160, 0.0 x 0.0 dpi, appVsyncOff 2000000, presDeadline 17000000, touch INTERNAL, rotation 0, type INTERNAL, address {port=13, model=0x4031d87fca1678}, deviceProductInfo DeviceProductInfo{name=Linux FHD, manufacturerPnpId=LNX, productId=0, modelYear=null, manufactureDate=ManufactureDate{week=5, year=2012}, connectionToSinkType=0}, state UNKNOWN, committedState UNKNOWN, frameRateOverride , brightnessMinimum 0.0, brightnessMaximum 1.0, brightnessDefault 0.39763778, hdrSdrRatio NaN, FLAG_ALLOWED_TO_BE_DEFAULT_DISPLAY, FLAG_ROTATES_WITH_CONTENT, FLAG_SECURE, FLAG_SUPPORTS_PROTECTED_BUFFERS, FLAG_TRUSTED, installOrientation 0, displayShape DisplayShape{ spec=-1507169495 displayWidth=1280 displayHeight=720 physicalPixelDisplaySizeRatio=1.0 rotation=0 offsetX=0 offsetY=0 scale=1.0}}
01-01 08:00:12.960 688 713 I LogicalDisplayMapper: Applying layout: [{dispId: 0(ON), displayGroupName: , addr: {port=13, model=0x4031d87fca1678}, mThermalBrightnessThrottlingMapId: null, mRefreshRateZoneId: null, mLeadDisplayId: -1, mLeadDisplayAddress: null, mThermalRefreshRateThrottlingMapId: null}], Previous layout: null
01-01 08:00:12.966 688 713 I LogicalDisplayMapper: Setting new display group 0 for display 0, from previous group: null
01-01 08:00:12.968 688 713 I LogicalDisplayMapper: Adding new display: 0: DisplayInfo{"内置屏幕", displayId 0, displayGroupId 0, FLAG_SECURE, FLAG_SUPPORTS_PROTECTED_BUFFERS, FLAG_TRUSTED, real 1280 x 720, largest app 1280 x 720, smallest app 1280 x 720, appVsyncOff 2000000, presDeadline 17000000, mode 150.0, defaultMode 1, modes [{id=1, width=1280, height=720, fps=50.0, alternativeRefreshRates=[], supportedHdrTypes=[]}, {id=2, width=1280, height=720, fps=60.000004, alternativeRefreshRates=[], supportedHdrTypes=[]}], hdrCapabilities HdrCapabilities{mSupportedHdrTypes=[], mMaxLuminance=500.0, mMaxAverageLuminance=500.0, mMinLuminance=0.0}, userDisabledHdrTypes [], minimalPostProcessingSupported false, rotation 0, state UNKNOWN, committedState UNKNOWN, type INTERNAL, uniqueId "local:4625716335649126413", app 1280 x 720, density 160 (0.0 x 0.0) dpi, layerStack 0, colorMode 0, supportedColorModes [0], address {port=13, model=0x4031d87fca1678}, deviceProductInfo DeviceProductInfo{name=Linux FHD, manufacturerPnpId=LNX, productId=0, modelYear=null, manufactureDate=ManufactureDate{week=5, year=2012}, connectionToSinkType=0}, removeMode 0, refreshRateOverride 0.0, brightnessMinimum 0.0, brightnessMaximum 1.0, brightnessDefault 0.39763778, installOrientation ROTATION_0, layoutLimitedRefreshRate null, hdrSdrRatio not_available, thermalRefreshRateThrottling {}, thermalBrightnessThrottlingDataId default}
01-01 08:00:12.970 688 713 W android.permission.PermissionManager: Missing ActivityManager; assuming 1000 holds android.permission.READ_DEVICE_CONFIG
01-01 08:00:12.980 688 688 V SystemServerTiming: OnBootPhase_100_com.android.server.display.DisplayManagerService took to complete: 34ms
01-01 08:00:12.980 688 688 V SystemServerTiming: OnBootPhase_100 took to complete: 35ms
01-01 08:00:12.981 688 688 V SystemServerTiming: WaitForDisplay took to complete: 36ms
01-01 08:00:12.981 688 688 D SystemServerTiming: StartDomainVerificationService
01-01 08:00:12.983 688 688 V SystemServerTiming: StartDomainVerificationService took to complete: 2ms
01-01 08:00:12.983 688 688 D SystemServerTiming: StartPackageManagerService
01-01 08:00:12.984 688 688 I Watchdog: Pausing HandlerChecker: main thread for reason: packagemanagermain. Pause count: 1
01-01 08:00:12.985 688 688 D PackageManagerTiming: create package manager
01-01 08:00:12.988 688 688 D PackageManagerTiming: createSubComponents
01-01 08:00:12.991 688 688 I UserTypeFactory: Creating custom user type com.android.tv.profile
01-01 08:00:12.999 688 688 I UserManagerService: Upgrading users from userVersion 11 to 11
01-01 08:00:13.013 688 688 V PackageManagerTiming: createSubComponents took to complete: 24ms
01-01 08:00:13.013 688 688 D PackageManagerTiming: addSharedUsers
01-01 08:00:13.014 688 688 V PackageManagerTiming: addSharedUsers took to complete: 1ms
01-01 08:00:13.016 688 688 D PackageManagerTiming: get system config
01-01 08:00:13.016 688 688 V PackageManagerTiming: get system config took to complete: 0ms
01-01 08:00:13.023 688 688 D SELinuxMMAC: Using policy file /system/etc/selinux/plat_mac_permissions.xml
01-01 08:00:13.026 688 688 D SELinuxMMAC: Using policy file /system_ext/etc/selinux/system_ext_mac_permissions.xml
01-01 08:00:13.027 688 688 D SELinuxMMAC: Using policy file /product/etc/selinux/product_mac_permissions.xml
01-01 08:00:13.027 688 688 D SELinuxMMAC: Using policy file /vendor/etc/selinux/vendor_mac_permissions.xml
01-01 08:00:13.027 688 688 D PackageManagerTiming: loadFallbacks
01-01 08:00:13.029 688 688 V PackageManagerTiming: loadFallbacks took to complete: 2ms
01-01 08:00:13.029 688 688 D PackageManagerTiming: read user settings
01-01 08:00:13.168 688 688 W PackageManager: No package known for package restrictions com.android.configinfrastructure
01-01 08:00:13.169 688 688 W PackageManager: No package known for package restrictions com.android.appsearch
01-01 08:00:13.172 688 688 W PackageManager: No package known for package restrictions com.android.adservices
01-01 08:00:13.174 688 688 W PackageManager: No package known for package restrictions com.android.scheduling
01-01 08:00:13.174 688 688 W PackageManager: No package known for package restrictions com.google.android.widevine.nonupdatable
01-01 08:00:13.174 688 688 W PackageManager: No package known for package restrictions com.android.permission
01-01 08:00:13.176 688 688 W PackageManager: No package known for package restrictions com.android.art
01-01 08:00:13.177 688 688 W PackageManager: No package known for package restrictions com.android.uwb
01-01 08:00:13.177 688 688 W PackageManager: No package known for package restrictions com.android.tethering
01-01 08:00:13.181 688 688 W PackageManager: No package known for package restrictions com.android.btservices
01-01 08:00:13.181 688 688 W PackageManager: No package known for package restrictions com.android.media.swcodec
01-01 08:00:13.181 688 688 W PackageManager: No package known for package restrictions com.android.conscrypt
01-01 08:00:13.185 688 688 W PackageManager: No package known for package restrictions com.android.adbd
01-01 08:00:13.185 688 688 W PackageManager: No package known for package restrictions com.android.i18n
01-01 08:00:13.185 688 688 W PackageManager: No package known for package restrictions com.android.rkpd
01-01 08:00:13.185 688 688 W PackageManager: No package known for package restrictions com.android.virt
01-01 08:00:13.185 688 688 W PackageManager: No package known for package restrictions com.android.wifi
01-01 08:00:13.187 688 688 W PackageManager: No package known for package restrictions com.android.runtime
01-01 08:00:13.187 688 688 W PackageManager: No package known for package restrictions com.android.devicelock
01-01 08:00:13.188 688 688 W PackageManager: No package known for package restrictions com.android.apex.cts.shim
01-01 08:00:13.189 688 688 W PackageManager: No package known for package restrictions com.android.neuralnetworks
01-01 08:00:13.190 688 688 W PackageManager: No package known for package restrictions com.android.healthfitness
01-01 08:00:13.192 688 688 W PackageManager: No package known for package restrictions com.android.resolv
01-01 08:00:13.192 688 688 W PackageManager: No package known for package restrictions com.android.sdkext
01-01 08:00:13.193 688 688 W PackageManager: No package known for package restrictions com.android.tzdata
01-01 08:00:13.193 688 688 W PackageManager: No package known for package restrictions com.android.vndk.v34
01-01 08:00:13.193 688 688 W PackageManager: No package known for package restrictions com.android.os.statsd
01-01 08:00:13.194 688 688 W PackageManager: No package known for package restrictions com.android.extservices
01-01 08:00:13.194 688 688 W PackageManager: No package known for package restrictions com.amlogic.mediaextractor
01-01 08:00:13.195 688 688 W PackageManager: No package known for package restrictions com.android.ipsec
01-01 08:00:13.195 688 688 W PackageManager: No package known for package restrictions com.android.media
01-01 08:00:13.198 688 688 W PackageManager: No package known for package restrictions com.android.mediaprovider
01-01 08:00:13.202 688 688 W PackageManager: No package known for package restrictions com.android.ondevicepersonalization
01-01 08:00:13.217 688 688 V SLog : static_init took to complete: 1ms
01-01 08:00:13.217 688 688 W PackageSettings: Missing permission state for package com.android.uwb.resources on user 0
01-01 08:00:13.217 688 688 W PackageSettings: Missing permission state for package com.android.virtualmachine.res on user 0
01-01 08:00:13.217 688 688 W PackageSettings: Missing permission state for package com.droidlogic.tvprovider.overlay on user 0
01-01 08:00:13.217 688 688 W PackageSettings: Missing permission state for package com.android.htmlviewer on user 0
