06-26 11:31:20.372 261 261 I HidlServiceManagement: Removing namespace from process name android.hardware.gatekeeper@1.0-service-aw to gatekeeper@1.0-service-aw.
06-26 11:31:20.372 261 261 I LegacySupport: Registration complete for android.hardware.gatekeeper@1.0::IGatekeeper/default.
06-26 11:31:20.376 269 269 I AW_PowerHAL: AW Power HAL AIDL Service is starting.
06-26 11:31:20.378 269 269 I AW_PowerHAL: PowerHAL initiated
06-26 11:31:20.380 184 184 I servicemanager: Found android.hardware.power.IPower/default in device VINTF manifest.
06-26 11:31:20.399 248 248 I netd : Enabling bandwidth control: 55408us
06-26 11:31:20.400 267 267 I android.hardware.lights-service: Light Hal current version V2.0.0
06-26 11:31:20.400 267 267 D lights_device: success open disp device type=0.
06-26 11:31:20.404 266 266 E cutils-trace: Error opening trace file: No such file or directory (2)
06-26 11:31:20.405 248 248 I netd : Initializing RouteController: 5488us
06-26 11:31:20.406 248 248 D XfrmController: XfrmController::ipSecAddXfrmInterface, line=1479
06-26 11:31:20.409 248 248 D XfrmController: XfrmController::ipSecRemoveTunnelInterface, line=1692
06-26 11:31:20.409 248 248 D XfrmController: deviceName=ipsec_test
06-26 11:31:20.416 184 184 I servicemanager: Found android.hardware.light.ILights/default in device VINTF manifest.
06-26 11:31:20.423 266 266 W healthd : No battery devices found
06-26 11:31:20.421 266 266 I android.hardware.health@2.1-service: default instance initializing with healthd_config...
06-26 11:31:20.424 266 266 I HidlServiceManagement: Registered android.hardware.health@2.1::IHealth/default
06-26 11:31:20.425 266 266 I HidlServiceManagement: Removing namespace from process name android.hardware.health@2.1-service to health@2.1-service.
06-26 11:31:20.425 266 266 I android.hardware.health@2.1-service: default: Hal init done
06-26 11:31:20.434 266 266 W healthd : battery none chg=
06-26 11:31:20.443 254 254 I HidlServiceManagement: Registered android.hardware.audio@7.0::IDevicesFactory/default
06-26 11:31:20.444 254 254 I HidlServiceManagement: Removing namespace from process name android.hardware.audio.service to audio.service.
06-26 11:31:20.445 254 254 I LegacySupport: Registration complete for android.hardware.audio@7.0::IDevicesFactory/default.
06-26 11:31:20.448 276 276 I display.output-service: DisplayOutputManagerService is started
06-26 11:31:20.449 276 276 I display.output-service: DisplayOutputManagerService current version V2.2.0
06-26 11:31:20.450 276 276 E cutils-trace: Error opening trace file: No such file or directory (2)
06-26 11:31:20.452 262 262 E gralloc : Arm Module v1.0
06-26 11:31:20.455 186 186 I hwservicemanager: Since vendor.display.config@1.0::IDisplayConfig/default is not registered, trying to start it as a lazy HAL.
06-26 11:31:20.459 248 248 D XfrmController: Sending Netlink XFRM Message: XFRM_MSG_FLUSHSA
06-26 11:31:20.460 248 248 D XfrmController: Sending Netlink XFRM Message: XFRM_MSG_FLUSHPOLICY
06-26 11:31:20.460 248 248 I netd : Initializing XfrmController: 54983us
06-26 11:31:20.471 184 184 I servicemanager: Found android.hardware.rebootescrow.IRebootEscrow/default in device VINTF manifest.
06-26 11:31:20.478 248 248 E cutils-trace: Error opening trace file: No such file or directory (2)
06-26 11:31:20.481 186 186 I hwservicemanager: Since vendor.display.config@1.0::IDisplayConfig/default is not registered, trying to start it as a lazy HAL.
06-26 11:31:20.483 276 276 I HidlServiceManagement: getService: Trying again for vendor.display.config@1.0::IDisplayConfig/default...
06-26 11:31:20.486 262 262 I HidlServiceManagement: Registered android.hardware.graphics.allocator@2.0::IAllocator/default
06-26 11:31:20.486 262 262 I HidlServiceManagement: Removing namespace from process name android.hardware.graphics.allocator@2.0-service to allocator@2.0-service.
06-26 11:31:20.487 262 262 I LegacySupport: Registration complete for android.hardware.graphics.allocator@2.0::IAllocator/default.
06-26 11:31:20.493 186 284 W libc : Unable to set property "ctl.interface_start" to "vendor.display.config@1.0::IDisplayConfig/default": error code: 0x20
06-26 11:31:20.493 186 284 I hwservicemanager: Tried to start vendor.display.config@1.0::IDisplayConfig/default as a lazy service, but was unable to. Usually this happens when a service is not installed, but if the service is intended to be used as a lazy service, then it may be configured incorrectly.
06-26 11:31:20.496 186 300 W libc : Unable to set property "ctl.interface_start" to "vendor.display.config@1.0::IDisplayConfig/default": error code: 0x20
06-26 11:31:20.497 186 300 I hwservicemanager: Tried to start vendor.display.config@1.0::IDisplayConfig/default as a lazy service, but was unable to. Usually this happens when a service is not installed, but if the service is intended to be used as a lazy service, then it may be configured incorrectly.
06-26 11:31:20.496 169 169 I init : type=1400 audit(0.0:14): avc: denied { add_name } for name="runtime_enable" scontext=u:r:vendor_init:s0 tcontext=u:object_r:sysfs_disp:s0 tclass=dir permissive=1
06-26 11:31:20.496 169 169 I init : type=1400 audit(0.0:15): avc: denied { create } for name="runtime_enable" scontext=u:r:vendor_init:s0 tcontext=u:object_r:sysfs_disp:s0 tclass=file permissive=1
06-26 11:31:20.502 263 263 I sunxihwc: open: Loading: sunxi hwcomposer module
06-26 11:31:20.503 263 263 E cutils-trace: Error opening trace file: No such file or directory (2)
06-26 11:31:20.510 263 263 I HidlServiceManagement: Registered android.hardware.graphics.composer@2.2::IComposer/default
06-26 11:31:20.510 263 263 I HidlServiceManagement: Removing namespace from process name android.hardware.graphics.composer@2.2-service to composer@2.2-service.
06-26 11:31:20.511 254 254 I HidlServiceManagement: Registered android.hardware.audio.effect@7.0::IEffectsFactory/default
06-26 11:31:20.511 254 254 I LegacySupport: Registration complete for android.hardware.audio.effect@7.0::IEffectsFactory/default.
06-26 11:31:20.512 186 186 I hwservicemanager: getTransport: Cannot find entry android.hardware.soundtrigger@2.3::ISoundTriggerHw/default in either framework or device VINTF manifest.
06-26 11:31:20.517 272 272 E cutils-trace: Error opening trace file: No such file or directory (2)
06-26 11:31:20.531 169 169 I : file system registered
06-26 11:31:20.531 254 254 E LegacySupport: Could not get passthrough implementation for android.hardware.soundtrigger@2.3::ISoundTriggerHw/default.
06-26 11:31:20.531 186 186 I hwservicemanager: getTransport: Cannot find entry android.hardware.soundtrigger@2.2::ISoundTriggerHw/default in either framework or device VINTF manifest.
06-26 11:31:20.538 302 302 D Sunxi_PQ: ic_id=2, de_version=201 0x2
06-26 11:31:20.539 302 302 D Sunxi_PQ: /vendor/lib/libde201.so
06-26 11:31:20.541 302 302 D Sunxi_PQ: maybe /vendor/etc/firmware/disp_firmware, fd:-1 @O_RDONLY.
06-26 11:31:20.536 302 302 I pqd : type=1400 audit(0.0:16): avc: denied { read write } for name="disp_firmware" dev="mmcblk0p25" ino=217 scontext=u:r:pqd:s0 tcontext=u:object_r:system_data_root_file:s0 tclass=file permissive=1
06-26 11:31:20.536 302 302 I pqd : type=1400 audit(0.0:17): avc: denied { open } for path="/data/disp_firmware" dev="mmcblk0p25" ino=217 scontext=u:r:pqd:s0 tcontext=u:object_r:system_data_root_file:s0 tclass=file permissive=1
06-26 11:31:20.536 302 302 I pqd : type=1400 audit(0.0:18): avc: denied { map } for path="/data/disp_firmware" dev="mmcblk0p25" ino=217 scontext=u:r:pqd:s0 tcontext=u:object_r:system_data_root_file:s0 tclass=file permissive=1
06-26 11:31:20.542 302 302 D Sunxi_PQ: config display firmware completed...
06-26 11:31:20.542 302 302 D Sunxi_PQ: There is not the /vendor/etc/firmware/disp_firmware, creat it.
06-26 11:31:20.543 302 302 D Sunxi_PQ: sunxi PQ wait for client connect from tcp port:5005...
06-26 11:31:20.550 302 305 D Sunxi_PQ: Sunxi PQ entry tanslate thread.
06-26 11:31:20.551 302 306 D Sunxi_PQ: creat a connect thread to deal the socket.
06-26 11:31:20.562 1 1 I init : processing action (boot) from (/vendor/etc/init/hw/init.oranth.rc:12)
06-26 11:31:20.563 1 1 I init : starting service 'onstartup'...
06-26 11:31:20.560 274 274 E cutils-trace: Error opening trace file: No such file or directory (2)
06-26 11:31:20.562 254 254 E LegacySupport: Could not get passthrough implementation for android.hardware.soundtrigger@2.2::ISoundTriggerHw/default.
06-26 11:31:20.564 186 186 I hwservicemanager: getTransport: Cannot find entry android.hardware.soundtrigger@2.1::ISoundTriggerHw/default in either framework or device VINTF manifest.
06-26 11:31:20.564 254 254 E LegacySupport: Could not get passthrough implementation for android.hardware.soundtrigger@2.1::ISoundTriggerHw/default.
06-26 11:31:20.568 272 272 D hdmi-cec: Loading: sunxi HDMI CEC module
06-26 11:31:20.569 272 308 I hdmi-cec: HDMI-CEC EventThread start
06-26 11:31:20.574 186 186 I hwservicemanager: getTransport: Cannot find entry android.hardware.soundtrigger@2.0::ISoundTriggerHw/default in either framework or device VINTF manifest.
06-26 11:31:20.581 1 1 I init : starting service 'xiriservice'...
06-26 11:31:20.579 274 274 I HidlServiceManagement: Registered android.hardware.usb@1.0::IUsb/default
06-26 11:31:20.579 274 274 I HidlServiceManagement: Removing namespace from process name android.hardware.usb@1.0-service.aw to usb@1.0-service.aw.
06-26 11:31:20.582 254 254 E LegacySupport: Could not get passthrough implementation for android.hardware.soundtrigger@2.0::ISoundTriggerHw/default.
06-26 11:31:20.582 254 254 W audiohalservice: Could not register Soundtrigger API
06-26 11:31:20.593 1 1 I init : starting service 'check_xm_hidraw'...
06-26 11:31:20.591 186 186 I hwservicemanager: getTransport: Cannot find entry android.hardware.bluetooth.audio@2.1::IBluetoothAudioProvidersFactory/default in either framework or device VINTF manifest.
06-26 11:31:20.591 272 272 I HidlServiceManagement: Registered android.hardware.tv.cec@1.0::IHdmiCec/default
06-26 11:31:20.591 272 272 I HidlServiceManagement: Removing namespace from process name android.hardware.tv.cec@1.0-service to cec@1.0-service.
06-26 11:31:20.591 272 272 I LegacySupport: Registration complete for android.hardware.tv.cec@1.0::IHdmiCec/default.
06-26 11:31:20.588 310 310 I init : type=1400 audit(0.0:19): avc: denied { execute_no_trans } for path="/system/bin/xiriservice.sh" dev="dm-0" ino=1296 scontext=u:r:init:s0 tcontext=u:object_r:system_file:s0 tclass=file permissive=1
06-26 11:31:20.596 254 254 E LegacySupport: Could not get passthrough implementation for android.hardware.bluetooth.audio@2.1::IBluetoothAudioProvidersFactory/default.
06-26 11:31:20.612 274 274 I HidlServiceManagement: Registered android.hardware.usb.gadget@1.1::IUsbGadget/default
06-26 11:31:20.613 274 274 I android.hardware.usb@1.0-service: USB HAL Ready.
06-26 11:31:20.613 186 186 I hwservicemanager: getTransport: Cannot find entry android.hardware.bluetooth.audio@2.0::IBluetoothAudioProvidersFactory/default in either framework or device VINTF manifest.
06-26 11:31:20.614 254 254 E LegacySupport: Could not get passthrough implementation for android.hardware.bluetooth.audio@2.0::IBluetoothAudioProvidersFactory/default.
06-26 11:31:20.614 254 254 W audiohalservice: Could not register Bluetooth Audio API
06-26 11:31:20.615 186 186 I hwservicemanager: getTransport: Cannot find entry android.hardware.bluetooth.a2dp@1.0::IBluetoothAudioOffload/default in either framework or device VINTF manifest.
06-26 11:31:20.612 1 1 I init : type=1400 audit(0.0:20): avc: denied { setattr } for name="ext_csd" dev="debugfs" ino=6240 scontext=u:r:init:s0 tcontext=u:object_r:debugfs_mmc:s0 tclass=file permissive=1
06-26 11:31:20.617 254 254 E LegacySupport: Could not get passthrough implementation for android.hardware.bluetooth.a2dp@1.0::IBluetoothAudioOffload/default.
06-26 11:31:20.617 254 254 W audiohalservice: Could not register Bluetooth Audio Offload API
06-26 11:31:20.620 1 1 I init : processing action (boot) from (/system/etc/init/dumpstate.rc:1)
06-26 11:31:20.621 1 1 I init : processing action (boot) from (/system/etc/init/gsid.rc:25)
06-26 11:31:20.622 1 1 I init : starting service 'exec 13 (/system/bin/gsid run-startup-tasks)'...
06-26 11:31:20.620 307 307 I onstartup.sh: type=1400 audit(0.0:21): avc: denied { write search } for name="tmp" dev="mmcblk0p25" ino=85 scontext=u:r:onstartup:s0 tcontext=u:object_r:shell_data_file:s0 tclass=dir permissive=1
06-26 11:31:20.620 307 307 I onstartup.sh: type=1400 audit(0.0:22): avc: denied { getattr } for path="/data/local/tmp" dev="mmcblk0p25" ino=85 scontext=u:r:onstartup:s0 tcontext=u:object_r:shell_data_file:s0 tclass=dir permissive=1
06-26 11:31:20.633 1 1 I init : processing action (boot) from (/vendor/etc/init/android.hardware.usb@1.0-service.aw.rc:6)
06-26 11:31:20.633 281 281 I credstore: Registered binder service
06-26 11:31:20.650 1 1 I init : processing action (boot) from (/vendor/etc/init/display.output-service.rc:1)
06-26 11:31:20.657 1 1 I init : processing action (boot) from (/vendor/etc/init/hwinfo.rc:8)
06-26 11:31:20.658 169 169 I sunxi-rfkill soc@3000000: rfkill: set block: 0
06-26 11:31:20.658 169 169 I sunxi-rfkill soc@3000000: rfkill: bt power on success
06-26 11:31:20.656 310 310 I xiriservice.sh: type=1400 audit(0.0:23): avc: denied { write } for name="tmp" dev="mmcblk0p25" ino=85 scontext=u:r:init:s0 tcontext=u:object_r:shell_data_file:s0 tclass=dir permissive=1 bug=b/77873135
06-26 11:31:20.661 291 314 E GpuMem : Failed to retrieve pinned program from /sys/fs/bpf/prog_gpu_mem_tracepoint_gpu_mem_gpu_mem_total [2(No such file or directory)]
06-26 11:31:20.662 291 314 E GpuMemTracer: Cannot initialize GpuMemTracer before GpuMem
06-26 11:31:20.680 256 256 I ExtCamUtils@3.4: loadFromCfg: load external camera config succeed!
06-26 11:31:20.680 256 256 I ExtCamUtils@3.4: loadFromCfg: no internal ignored device specified
06-26 11:31:20.681 256 256 V CamPrvdr@2.4-external: Preferred HAL 3 minor version is 4
06-26 11:31:20.680 318 318 I init : type=1400 audit(0.0:24): avc: denied { write } for name="kmsg_debug" dev="tmpfs" ino=6246 scontext=u:r:init:s0 tcontext=u:object_r:kmsg_debug_device:s0 tclass=chr_file permissive=1
06-26 11:31:20.680 318 318 I init : type=1400 audit(0.0:25): avc: denied { open } for path="/dev/kmsg_debug" dev="tmpfs" ino=6246 scontext=u:r:init:s0 tcontext=u:object_r:kmsg_debug_device:s0 tclass=chr_file permissive=1
06-26 11:31:20.690 256 319 I CamPrvdr@2.4-external: threadLoop start monitoring new V4L2 devices
06-26 11:31:20.698 312 312 I gsid : no DSU: No such file or directory
06-26 11:31:20.700 256 256 I HidlServiceManagement: Registered android.hardware.camera.provider@2.4::ICameraProvider/external/0
06-26 11:31:20.696 307 307 I onstartup.sh: type=1400 audit(0.0:26): avc: denied { getattr } for path="/data/local/fast_apks_installed" dev="mmcblk0p25" ino=222 scontext=u:r:onstartup:s0 tcontext=u:object_r:onstartup_system_file:s0 tclass=file permissive=1
06-26 11:31:20.700 256 256 I HidlServiceManagement: Removing namespace from process name android.hardware.camera.provider@2.4-external-service to provider@2.4-external-service.
06-26 11:31:20.701 256 256 I LegacySupport: Registration complete for android.hardware.camera.provider@2.4::ICameraProvider/external/0.
06-26 11:31:20.721 316 316 D XiriService: XiriService version 2.5.0.11258
06-26 11:31:20.724 317 317 I pgrep : type=1400 audit(0.0:27): avc: denied { read } for scontext=u:r:toolbox:s0 tcontext=u:r:init:s0 tclass=file permissive=1
06-26 11:31:20.728 317 317 I pgrep : type=1400 audit(0.0:28): avc: denied { read } for scontext=u:r:toolbox:s0 tcontext=u:r:kernel:s0 tclass=file permissive=1
06-26 11:31:20.728 317 317 I pgrep : type=1400 audit(0.0:29): avc: denied { read } for scontext=u:r:toolbox:s0 tcontext=u:r:vendor_init:s0 tclass=file permissive=1
06-26 11:31:20.728 317 317 I pgrep : type=1400 audit(0.0:30): avc: denied { getattr } for path="/proc/1" dev="proc" ino=6260 scontext=u:r:toolbox:s0 tcontext=u:r:init:s0 tclass=dir permissive=1
06-26 11:31:20.728 317 317 I pgrep : type=1400 audit(0.0:31): avc: denied { search } for name="1" dev="proc" ino=6260 scontext=u:r:toolbox:s0 tcontext=u:r:init:s0 tclass=dir permissive=1
06-26 11:31:20.728 317 317 I pgrep : type=1400 audit(0.0:32): avc: denied { open } for path="/proc/1/stat" dev="proc" ino=8525 scontext=u:r:toolbox:s0 tcontext=u:r:init:s0 tclass=file permissive=1
06-26 11:31:20.732 316 316 I xiriservice_All: type=1400 audit(0.0:33): avc: denied { search } for name="com.android.connectivity.resources" dev="mmcblk0p25" ino=501 scontext=u:r:init:s0 tcontext=u:object_r:privapp_data_file:s0:c512,c768 tclass=dir permissive=1
06-26 11:31:20.732 316 316 I xiriservice_All: type=1400 audit(0.0:34): avc: denied { search } for name="android" dev="mmcblk0p25" ino=505 scontext=u:r:init:s0 tcontext=u:object_r:system_app_data_file:s0 tclass=dir permissive=1
06-26 11:31:20.732 317 317 I pgrep : type=1400 audit(0.0:35): avc: denied { getattr } for path="/proc/2" dev="proc" ino=8436 scontext=u:r:toolbox:s0 tcontext=u:r:kernel:s0 tclass=dir permissive=1
06-26 11:31:20.732 317 317 I pgrep : type=1400 audit(0.0:36): avc: denied { search } for name="2" dev="proc" ino=8436 scontext=u:r:toolbox:s0 tcontext=u:r:kernel:s0 tclass=dir permissive=1
06-26 11:31:20.732 317 317 I pgrep : type=1400 audit(0.0:37): avc: denied { open } for path="/proc/2/stat" dev="proc" ino=8526 scontext=u:r:toolbox:s0 tcontext=u:r:kernel:s0 tclass=file permissive=1
06-26 11:31:20.732 316 316 I xiriservice_All: type=1400 audit(0.0:38): avc: denied { read } for name="lib" dev="mmcblk0p25" ino=8337 scontext=u:r:init:s0 tcontext=u:object_r:system_app_data_file:s0 tclass=lnk_file permissive=1
06-26 11:31:20.740 323 323 I init : type=1400 audit(0.0:39): avc: denied { execute } for name="led_switch.sh" dev="dm-1" ino=129 scontext=u:r:init:s0 tcontext=u:object_r:vendor_file:s0 tclass=file permissive=1
06-26 11:31:20.740 323 323 I init : type=1400 audit(0.0:40): avc: denied { execute_no_trans } for path="/vendor/bin/led_switch.sh" dev="dm-1" ino=129 scontext=u:r:init:s0 tcontext=u:object_r:vendor_file:s0 tclass=file permissive=1
06-26 11:31:20.740 316 316 I xiriservice_All: type=1400 audit(0.0:41): avc: denied { search } for name="android.ext.shared" dev="mmcblk0p25" ino=522 scontext=u:r:init:s0 tcontext=u:object_r:app_data_file:s0:c512,c768 tclass=dir permissive=1
06-26 11:31:20.744 316 316 I xiriservice_All: type=1400 audit(0.0:42): avc: denied { read } for name="lib" dev="mmcblk0p25" ino=8348 scontext=u:r:init:s0 tcontext=u:object_r:app_data_file:s0:c512,c768 tclass=lnk_file permissive=1
06-26 11:31:20.744 316 316 I xiriservice_All: type=1400 audit(0.0:43): avc: denied { search } for name="com.android.permissioncontroller" dev="mmcblk0p25" ino=551 scontext=u:r:init:s0 tcontext=u:object_r:privapp_data_file:s0:c73,c256,c512,c768 tclass=dir permissive=1
06-26 11:31:20.748 316 316 I xiriservice_All: type=1400 audit(0.0:44): avc: denied { read } for name="lib" dev="mmcblk0p25" ino=8327 scontext=u:r:init:s0 tcontext=u:object_r:privapp_data_file:s0:c512,c768 tclass=lnk_file permissive=1
06-26 11:31:20.754 249 249 D AndroidRuntime: >>>>>> START com.android.internal.os.ZygoteInit uid 0 <<<<<<
06-26 11:31:20.752 317 317 I pgrep : type=1400 audit(0.0:45): avc: denied { getattr } for path="/proc/166" dev="proc" ino=8523 scontext=u:r:toolbox:s0 tcontext=u:r:kernel:s0 tclass=dir permissive=1
06-26 11:31:20.752 317 317 I pgrep : type=1400 audit(0.0:46): avc: denied { search } for name="166" dev="proc" ino=8523 scontext=u:r:toolbox:s0 tcontext=u:r:kernel:s0 tclass=dir permissive=1
06-26 11:31:20.752 317 317 I pgrep : type=1400 audit(0.0:47): avc: denied { sys_ptrace } for capability=19 scontext=u:r:toolbox:s0 tcontext=u:r:toolbox:s0 tclass=capability permissive=1
06-26 11:31:20.752 317 317 I pgrep : type=1400 audit(0.0:48): avc: denied { read } for scontext=u:r:toolbox:s0 tcontext=u:r:ueventd:s0 tclass=file permissive=1
06-26 11:31:20.752 317 317 I pgrep : type=1400 audit(0.0:49): avc: denied { read } for scontext=u:r:toolbox:s0 tcontext=u:r:logd:s0 tclass=file permissive=1
06-26 11:31:20.752 317 317 I pgrep : type=1400 audit(0.0:50): avc: denied { read } for scontext=u:r:toolbox:s0 tcontext=u:r:lmkd:s0 tclass=file permissive=1
06-26 11:31:20.752 317 317 I pgrep : type=1400 audit(0.0:51): avc: denied { read } for scontext=u:r:toolbox:s0 tcontext=u:r:servicemanager:s0 tclass=file permissive=1
06-26 11:31:20.752 317 317 I pgrep : type=1400 audit(0.0:52): avc: denied { read } for scontext=u:r:toolbox:s0 tcontext=u:r:hwservicemanager:s0 tclass=file permissive=1
06-26 11:31:20.752 317 317 I pgrep : type=1400 audit(0.0:53): avc: denied { read } for scontext=u:r:toolbox:s0 tcontext=u:r:vndservicemanager:s0 tclass=file permissive=1
06-26 11:31:20.752 317 317 I pgrep : type=1400 audit(0.0:54): avc: denied { read } for scontext=u:r:toolbox:s0 tcontext=u:r:shell:s0 tclass=file permissive=1
06-26 11:31:20.752 317 317 I pgrep : type=1400 audit(0.0:55): avc: denied { read } for scontext=u:r:toolbox:s0 tcontext=u:r:vold:s0 tclass=file permissive=1
06-26 11:31:20.752 317 317 I pgrep : type=1400 audit(0.0:56): avc: denied { read } for scontext=u:r:toolbox:s0 tcontext=u:r:system_suspend:s0 tclass=file permissive=1
06-26 11:31:20.752 317 317 I pgrep : type=1400 audit(0.0:57): avc: denied { read } for scontext=u:r:toolbox:s0 tcontext=u:r:keystore:s0 tclass=file permissive=1
06-26 11:31:20.752 317 317 I pgrep : type=1400 audit(0.0:58): avc: denied { read } for scontext=u:r:toolbox:s0 tcontext=u:r:hal_bootctl_default:s0 tclass=file permissive=1
06-26 11:31:20.752 317 317 I pgrep : type=1400 audit(0.0:59): avc: denied { read } for scontext=u:r:toolbox:s0 tcontext=u:r:hal_keymint_default:s0 tclass=file permissive=1
06-26 11:31:20.752 317 317 I pgrep : type=1400 audit(0.0:60): avc: denied { read } for scontext=u:r:toolbox:s0 tcontext=u:r:tee:s0 tclass=file permissive=1
06-26 11:31:20.752 317 317 I pgrep : type=1400 audit(0.0:61): avc: denied { read } for scontext=u:r:toolbox:s0 tcontext=u:r:tombstoned:s0 tclass=file permissive=1
06-26 11:31:20.752 317 317 I pgrep : type=1400 audit(0.0:62): avc: denied { read } for scontext=u:r:toolbox:s0 tcontext=u:r:statsd:s0 tclass=file permissive=1
06-26 11:31:20.752 316 316 I xiriservice_All: type=1400 audit(0.0:63): avc: denied { search } for name="com.android.internal.systemui.navbar.gestural_wide_back" dev="mmcblk0p25" ino=628 scontext=u:r:init:s0 tcontext=u:object_r:app_data_file:s0:c8,c256,c512,c768 tclass=dir permissive=1
06-26 11:31:20.752 317 317 I pgrep : type=1400 audit(0.0:64): avc: denied { read } for scontext=u:r:toolbox:s0 tcontext=u:r:netd:s0 tclass=file permissive=1
06-26 11:31:20.752 317 317 I pgrep : type=1400 audit(0.0:65): avc: denied { read } for scontext=u:r:toolbox:s0 tcontext=u:r:zygote:s0 tclass=file permissive=1
06-26 11:31:20.752 317 317 I pgrep : type=1400 audit(0.0:66): avc: denied { read } for scontext=u:r:toolbox:s0 tcontext=u:r:hal_allocator_default:s0 tclass=file permissive=1
06-26 11:31:20.752 317 317 I pgrep : type=1400 audit(0.0:67): avc: denied { read } for scontext=u:r:toolbox:s0 tcontext=u:r:hal_audio_default:s0 tclass=file permissive=1
06-26 11:31:20.752 317 317 I pgrep : type=1400 audit(0.0:68): avc: denied { read } for scontext=u:r:toolbox:s0 tcontext=u:r:hal_bluetooth_default:s0 tclass=file permissive=1
06-26 11:31:20.752 317 317 I pgrep : type=1400 audit(0.0:69): avc: denied { read } for scontext=u:r:toolbox:s0 tcontext=u:r:hal_camera_default:s0 tclass=file permissive=1
06-26 11:31:20.752 317 317 I pgrep : type=1400 audit(0.0:70): avc: denied { read } for scontext=u:r:toolbox:s0 tcontext=u:r:hal_cas_default:s0 tclass=file permissive=1
06-26 11:31:20.752 317 317 I pgrep : type=1400 audit(0.0:71): avc: denied { read } for scontext=u:r:toolbox:s0 tcontext=u:r:hal_gatekeeper_default:s0 tclass=file permissive=1
06-26 11:31:20.752 317 317 I pgrep : type=1400 audit(0.0:72): avc: denied { read } for scontext=u:r:toolbox:s0 tcontext=u:r:hal_graphics_allocator_default:s0 tclass=file permissive=1
06-26 11:31:20.752 317 317 I pgrep : type=1400 audit(0.0:73): avc: denied { read } for scontext=u:r:toolbox:s0 tcontext=u:r:hal_graphics_composer_default:s0 tclass=file permissive=1
06-26 11:31:20.752 317 317 I pgrep : type=1400 audit(0.0:74): avc: denied { read } for scontext=u:r:toolbox:s0 tcontext=u:r:hal_health_default:s0 tclass=file permissive=1
06-26 11:31:20.752 317 317 I pgrep : type=1400 audit(0.0:75): avc: denied { read } for scontext=u:r:toolbox:s0 tcontext=u:r:hal_light_default:s0 tclass=file permissive=1
06-26 11:31:20.752 317 317 I pgrep : type=1400 audit(0.0:76): avc: denied { read } for scontext=u:r:toolbox:s0 tcontext=u:r:hal_power_default:s0 tclass=file permissive=1
06-26 11:31:20.752 317 317 I pgrep : type=1400 audit(0.0:77): avc: denied { read } for scontext=u:r:toolbox:s0 tcontext=u:r:hal_tv_cec_default:s0 tclass=file permissive=1
06-26 11:31:20.752 317 317 I pgrep : type=1400 audit(0.0:78): avc: denied { read } for scontext=u:r:toolbox:s0 tcontext=u:r:hal_usb_impl:s0 tclass=file permissive=1
06-26 11:31:20.752 317 317 I pgrep : type=1400 audit(0.0:79): avc: denied { read } for scontext=u:r:toolbox:s0 tcontext=u:r:hal_awdisplayoutput_default:s0 tclass=file permissive=1
06-26 11:31:20.752 317 317 I pgrep : type=1400 audit(0.0:80): avc: denied { read } for scontext=u:r:toolbox:s0 tcontext=u:r:hal_rebootescrow_default:s0 tclass=file permissive=1
06-26 11:31:20.752 317 317 I pgrep : type=1400 audit(0.0:81): avc: denied { read } for scontext=u:r:toolbox:s0 tcontext=u:r:audioserver:s0 tclass=file permissive=1
06-26 11:31:20.752 317 317 I pgrep : type=1400 audit(0.0:82): avc: denied { read } for scontext=u:r:toolbox:s0 tcontext=u:r:credstore:s0 tclass=file permissive=1
06-26 11:31:20.752 317 317 I pgrep : type=1400 audit(0.0:83): avc: denied { read } for scontext=u:r:toolbox:s0 tcontext=u:r:gpuservice:s0 tclass=file permissive=1
06-26 11:31:20.752 317 317 I pgrep : type=1400 audit(0.0:84): avc: denied { read } for scontext=u:r:toolbox:s0 tcontext=u:r:surfaceflinger:s0 tclass=file permissive=1
06-26 11:31:20.752 317 317 I pgrep : type=1400 audit(0.0:85): avc: denied { read } for scontext=u:r:toolbox:s0 tcontext=u:r:pqd:s0 tclass=file permissive=1
06-26 11:31:20.752 317 317 I pgrep : type=1400 audit(0.0:86): avc: denied { getattr } for path="/proc/169" dev="proc" ino=2220 scontext=u:r:toolbox:s0 tcontext=u:r:vendor_init:s0 tclass=dir permissive=1
06-26 11:31:20.756 317 317 I pgrep : type=1400 audit(0.0:87): avc: denied { search } for name="169" dev="proc" ino=2220 scontext=u:r:toolbox:s0 tcontext=u:r:vendor_init:s0 tclass=dir permissive=1
06-26 11:31:20.756 317 317 I pgrep : type=1400 audit(0.0:88): avc: denied { open } for path="/proc/169/stat" dev="proc" ino=9286 scontext=u:r:toolbox:s0 tcontext=u:r:vendor_init:s0 tclass=file permissive=1
06-26 11:31:20.756 317 317 I pgrep : type=1400 audit(0.0:89): avc: denied { getattr } for path="/proc/172" dev="proc" ino=2262 scontext=u:r:toolbox:s0 tcontext=u:r:ueventd:s0 tclass=dir permissive=1
06-26 11:31:20.756 317 317 I pgrep : type=1400 audit(0.0:90): avc: denied { search } for name="172" dev="proc" ino=2262 scontext=u:r:toolbox:s0 tcontext=u:r:ueventd:s0 tclass=dir permissive=1
06-26 11:31:20.756 317 317 I pgrep : type=1400 audit(0.0:91): avc: denied { open } for path="/proc/172/stat" dev="proc" ino=9287 scontext=u:r:toolbox:s0 tcontext=u:r:ueventd:s0 tclass=file permissive=1
06-26 11:31:20.756 316 316 I xiriservice_All: type=1400 audit(0.0:92): avc: denied { search } for name="com.sohu.inputmethod.sogou.tv" dev="mmcblk0p25" ino=1406 scontext=u:r:init:s0 tcontext=u:object_r:app_data_file:s0:c48,c256,c512,c768 tclass=dir permissive=1
06-26 11:31:20.756 317 317 I pgrep : type=1400 audit(0.0:93): avc: denied { getattr } for path="/proc/182" dev="proc" ino=6732 scontext=u:r:toolbox:s0 tcontext=u:r:logd:s0 tclass=dir permissive=1
06-26 11:31:20.756 317 317 I pgrep : type=1400 audit(0.0:94): avc: denied { read } for scontext=u:r:toolbox:s0 tcontext=u:r:logd:s0 tclass=file permissive=1
06-26 11:31:20.756 317 317 I pgrep : type=1400 audit(0.0:95): avc: denied { search } for name="182" dev="proc" ino=6732 scontext=u:r:toolbox:s0 tcontext=u:r:logd:s0 tclass=dir permissive=1
06-26 11:31:20.756 317 317 I pgrep : type=1400 audit(0.0:96): avc: denied { open } for path="/proc/182/stat" dev="proc" ino=9288 scontext=u:r:toolbox:s0 tcontext=u:r:logd:s0 tclass=file permissive=1
06-26 11:31:20.756 317 317 I pgrep : type=1400 audit(0.0:97): avc: denied { getattr } for path="/proc/183" dev="proc" ino=2358 scontext=u:r:toolbox:s0 tcontext=u:r:lmkd:s0 tclass=dir permissive=1
06-26 11:31:20.756 317 317 I pgrep : type=1400 audit(0.0:98): avc: denied { search } for name="183" dev="proc" ino=2358 scontext=u:r:toolbox:s0 tcontext=u:r:lmkd:s0 tclass=dir permissive=1
06-26 11:31:20.756 317 317 I pgrep : type=1400 audit(0.0:99): avc: denied { open } for path="/proc/183/stat" dev="proc" ino=9289 scontext=u:r:toolbox:s0 tcontext=u:r:lmkd:s0 tclass=file permissive=1
06-26 11:31:20.756 317 317 I pgrep : type=1400 audit(0.0:100): avc: denied { getattr } for path="/proc/184" dev="proc" ino=1230 scontext=u:r:toolbox:s0 tcontext=u:r:servicemanager:s0 tclass=dir permissive=1
06-26 11:31:20.756 317 317 I pgrep : type=1400 audit(0.0:101): avc: denied { search } for name="184" dev="proc" ino=1230 scontext=u:r:toolbox:s0 tcontext=u:r:servicemanager:s0 tclass=dir permissive=1
06-26 11:31:20.756 317 317 I pgrep : type=1400 audit(0.0:102): avc: denied { open } for path="/proc/184/stat" dev="proc" ino=9290 scontext=u:r:toolbox:s0 tcontext=u:r:servicemanager:s0 tclass=file permissive=1
06-26 11:31:20.756 316 316 I xiriservice_All: type=1400 audit(0.0:103): avc: denied { read } for name="lib" dev="mmcblk0p25" ino=8333 scontext=u:r:init:s0 tcontext=u:object_r:app_data_file:s0:c48,c256,c512,c768 tclass=lnk_file permissive=1
06-26 11:31:20.756 317 317 I pgrep : type=1400 audit(0.0:104): avc: denied { getattr } for path="/proc/186" dev="proc" ino=2369 scontext=u:r:toolbox:s0 tcontext=u:r:hwservicemanager:s0 tclass=dir permissive=1
06-26 11:31:20.756 317 317 I pgrep : type=1400 audit(0.0:105): avc: denied { search } for name="186" dev="proc" ino=2369 scontext=u:r:toolbox:s0 tcontext=u:r:hwservicemanager:s0 tclass=dir permissive=1
06-26 11:31:20.756 317 317 I pgrep : type=1400 audit(0.0:106): avc: denied { open } for path="/proc/186/stat" dev="proc" ino=9292 scontext=u:r:toolbox:s0 tcontext=u:r:hwservicemanager:s0 tclass=file permissive=1
06-26 11:31:20.756 317 317 I pgrep : type=1400 audit(0.0:107): avc: denied { getattr } for path="/proc/187" dev="proc" ino=2373 scontext=u:r:toolbox:s0 tcontext=u:r:vndservicemanager:s0 tclass=dir permissive=1
06-26 11:31:20.756 317 317 I pgrep : type=1400 audit(0.0:108): avc: denied { search } for name="187" dev="proc" ino=2373 scontext=u:r:toolbox:s0 tcontext=u:r:vndservicemanager:s0 tclass=dir permissive=1
06-26 11:31:20.756 317 317 I pgrep : type=1400 audit(0.0:109): avc: denied { open } for path="/proc/187/stat" dev="proc" ino=9293 scontext=u:r:toolbox:s0 tcontext=u:r:vndservicemanager:s0 tclass=file permissive=1
06-26 11:31:20.756 317 317 I pgrep : type=1400 audit(0.0:110): avc: denied { getattr } for path="/proc/189" dev="proc" ino=848 scontext=u:r:toolbox:s0 tcontext=u:r:shell:s0 tclass=dir permissive=1
06-26 11:31:20.756 317 317 I pgrep : type=1400 audit(0.0:111): avc: denied { search } for name="189" dev="proc" ino=848 scontext=u:r:toolbox:s0 tcontext=u:r:shell:s0 tclass=dir permissive=1
06-26 11:31:20.756 317 317 I pgrep : type=1400 audit(0.0:112): avc: denied { open } for path="/proc/189/stat" dev="proc" ino=9295 scontext=u:r:toolbox:s0 tcontext=u:r:shell:s0 tclass=file permissive=1
06-26 11:31:20.756 317 317 I pgrep : type=1400 audit(0.0:113): avc: denied { getattr } for path="/proc/194" dev="proc" ino=1307 scontext=u:r:toolbox:s0 tcontext=u:r:vold:s0 tclass=dir permissive=1
06-26 11:31:20.756 317 317 I pgrep : type=1400 audit(0.0:114): avc: denied { search } for name="194" dev="proc" ino=1307 scontext=u:r:toolbox:s0 tcontext=u:r:vold:s0 tclass=dir permissive=1
06-26 11:31:20.756 317 317 I pgrep : type=1400 audit(0.0:115): avc: denied { open } for path="/proc/194/stat" dev="proc" ino=9297 scontext=u:r:toolbox:s0 tcontext=u:r:vold:s0 tclass=file permissive=1
06-26 11:31:20.756 316 316 I xiriservice_All: type=1400 audit(0.0:116): avc: denied { search } for name="com.android.htmlviewer" dev="mmcblk0p25" ino=699 scontext=u:r:init:s0 tcontext=u:object_r:app_data_file:s0:c35,c256,c512,c768 tclass=dir permissive=1
06-26 11:31:20.756 316 316 I xiriservice_All: type=1400 audit(0.0:117): avc: denied { search } for name="com.android.companiondevicemanager" dev="mmcblk0p25" ino=707 scontext=u:r:init:s0 tcontext=u:object_r:app_data_file:s0:c37,c256,c512,c768 tclass=dir permissive=1
06-26 11:31:20.756 316 316 I xiriservice_All: type=1400 audit(0.0:118): avc: denied { search } for name="com.android.internal.systemui.onehanded.gestural" dev="mmcblk0p25" ino=731 scontext=u:r:init:s0 tcontext=u:object_r:app_data_file:s0:c6,c256,c512,c768 tclass=dir permissive=1
06-26 11:31:20.756 317 317 I pgrep : type=1400 audit(0.0:119): avc: denied { getattr } for path="/proc/209" dev="proc" ino=912 scontext=u:r:toolbox:s0 tcontext=u:r:system_suspend:s0 tclass=dir permissive=1
06-26 11:31:20.756 317 317 I pgrep : type=1400 audit(0.0:120): avc: denied { search } for name="209" dev="proc" ino=912 scontext=u:r:toolbox:s0 tcontext=u:r:system_suspend:s0 tclass=dir permissive=1
06-26 11:31:20.756 317 317 I pgrep : type=1400 audit(0.0:121): avc: denied { open } for path="/proc/209/stat" dev="proc" ino=9303 scontext=u:r:toolbox:s0 tcontext=u:r:system_suspend:s0 tclass=file permissive=1
06-26 11:31:20.756 317 317 I pgrep : type=1400 audit(0.0:122): avc: denied { getattr } for path="/proc/210" dev="proc" ino=6828 scontext=u:r:toolbox:s0 tcontext=u:r:keystore:s0 tclass=dir permissive=1
06-26 11:31:20.756 317 317 I pgrep : type=1400 audit(0.0:123): avc: denied { search } for name="210" dev="proc" ino=6828 scontext=u:r:toolbox:s0 tcontext=u:r:keystore:s0 tclass=dir permissive=1
06-26 11:31:20.756 317 317 I pgrep : type=1400 audit(0.0:124): avc: denied { open } for path="/proc/210/stat" dev="proc" ino=9304 scontext=u:r:toolbox:s0 tcontext=u:r:keystore:s0 tclass=file permissive=1
06-26 11:31:20.756 317 317 I pgrep : type=1400 audit(0.0:125): avc: denied { getattr } for path="/proc/211" dev="proc" ino=945 scontext=u:r:toolbox:s0 tcontext=u:r:hal_bootctl_default:s0 tclass=dir permissive=1
06-26 11:31:20.760 317 317 I pgrep : type=1400 audit(0.0:126): avc: denied { search } for name="211" dev="proc" ino=945 scontext=u:r:toolbox:s0 tcontext=u:r:hal_bootctl_default:s0 tclass=dir permissive=1
06-26 11:31:20.760 317 317 I pgrep : type=1400 audit(0.0:127): avc: denied { open } for path="/proc/211/stat" dev="proc" ino=9305 scontext=u:r:toolbox:s0 tcontext=u:r:hal_bootctl_default:s0 tclass=file permissive=1
06-26 11:31:20.760 317 317 I pgrep : type=1400 audit(0.0:128): avc: denied { getattr } for path="/proc/212" dev="proc" ino=6842 scontext=u:r:toolbox:s0 tcontext=u:r:hal_keymint_default:s0 tclass=dir permissive=1
06-26 11:31:20.760 317 317 I pgrep : type=1400 audit(0.0:129): avc: denied { search } for name="212" dev="proc" ino=6842 scontext=u:r:toolbox:s0 tcontext=u:r:hal_keymint_default:s0 tclass=dir permissive=1
06-26 11:31:20.760 317 317 I pgrep : type=1400 audit(0.0:130): avc: denied { open } for path="/proc/212/stat" dev="proc" ino=9306 scontext=u:r:toolbox:s0 tcontext=u:r:hal_keymint_default:s0 tclass=file permissive=1
06-26 11:31:20.760 317 317 I pgrep : type=1400 audit(0.0:131): avc: denied { getattr } for path="/proc/213" dev="proc" ino=6844 scontext=u:r:toolbox:s0 tcontext=u:r:tee:s0 tclass=dir permissive=1
06-26 11:31:20.760 317 317 I pgrep : type=1400 audit(0.0:132): avc: denied { search } for name="213" dev="proc" ino=6844 scontext=u:r:toolbox:s0 tcontext=u:r:tee:s0 tclass=dir permissive=1
06-26 11:31:20.760 317 317 I pgrep : type=1400 audit(0.0:133): avc: denied { open } for path="/proc/213/stat" dev="proc" ino=9307 scontext=u:r:toolbox:s0 tcontext=u:r:tee:s0 tclass=file permissive=1
06-26 11:31:20.760 317 317 I pgrep : type=1400 audit(0.0:134): avc: denied { getattr } for path="/proc/225" dev="proc" ino=6891 scontext=u:r:toolbox:s0 tcontext=u:r:tombstoned:s0 tclass=dir permissive=1
06-26 11:31:20.760 317 317 I pgrep : type=1400 audit(0.0:135): avc: denied { search } for name="225" dev="proc" ino=6891 scontext=u:r:toolbox:s0 tcontext=u:r:tombstoned:s0 tclass=dir permissive=1
06-26 11:31:20.760 317 317 I pgrep : type=1400 audit(0.0:136): avc: denied { open } for path="/proc/225/stat" dev="proc" ino=9312 scontext=u:r:toolbox:s0 tcontext=u:r:tombstoned:s0 tclass=file permissive=1
06-26 11:31:20.760 317 317 I pgrep : type=1400 audit(0.0:137): avc: denied { getattr } for path="/proc/247" dev="proc" ino=2795 scontext=u:r:toolbox:s0 tcontext=u:r:statsd:s0 tclass=dir permissive=1
06-26 11:31:20.760 317 317 I pgrep : type=1400 audit(0.0:138): avc: denied { search } for name="247" dev="proc" ino=2795 scontext=u:r:toolbox:s0 tcontext=u:r:statsd:s0 tclass=dir permissive=1
06-26 11:31:20.760 317 317 I pgrep : type=1400 audit(0.0:139): avc: denied { open } for path="/proc/247/stat" dev="proc" ino=9313 scontext=u:r:toolbox:s0 tcontext=u:r:statsd:s0 tclass=file permissive=1
06-26 11:31:20.760 317 317 I pgrep : type=1400 audit(0.0:140): avc: denied { getattr } for path="/proc/248" dev="proc" ino=1523 scontext=u:r:toolbox:s0 tcontext=u:r:netd:s0 tclass=dir permissive=1
06-26 11:31:20.760 317 317 I pgrep : type=1400 audit(0.0:141): avc: denied { search } for name="248" dev="proc" ino=1523 scontext=u:r:toolbox:s0 tcontext=u:r:netd:s0 tclass=dir permissive=1
06-26 11:31:20.760 317 317 I pgrep : type=1400 audit(0.0:142): avc: denied { open } for path="/proc/248/stat" dev="proc" ino=9314 scontext=u:r:toolbox:s0 tcontext=u:r:netd:s0 tclass=file permissive=1
06-26 11:31:20.760 317 317 I pgrep : type=1400 audit(0.0:143): avc: denied { getattr } for path="/proc/249" dev="proc" ino=6999 scontext=u:r:toolbox:s0 tcontext=u:r:zygote:s0 tclass=dir permissive=1
06-26 11:31:20.760 317 317 I pgrep : type=1400 audit(0.0:144): avc: denied { search } for name="249" dev="proc" ino=6999 scontext=u:r:toolbox:s0 tcontext=u:r:zygote:s0 tclass=dir permissive=1
06-26 11:31:20.760 317 317 I pgrep : type=1400 audit(0.0:145): avc: denied { open } for path="/proc/249/stat" dev="proc" ino=9315 scontext=u:r:toolbox:s0 tcontext=u:r:zygote:s0 tclass=file permissive=1
06-26 11:31:20.760 317 317 I pgrep : type=1400 audit(0.0:146): avc: denied { getattr } for path="/proc/253" dev="proc" ino=2831 scontext=u:r:toolbox:s0 tcontext=u:r:hal_allocator_default:s0 tclass=dir permissive=1
06-26 11:31:20.760 317 317 I pgrep : type=1400 audit(0.0:147): avc: denied { search } for name="253" dev="proc" ino=2831 scontext=u:r:toolbox:s0 tcontext=u:r:hal_allocator_default:s0 tclass=dir permissive=1
06-26 11:31:20.760 317 317 I pgrep : type=1400 audit(0.0:148): avc: denied { open } for path="/proc/253/stat" dev="proc" ino=9316 scontext=u:r:toolbox:s0 tcontext=u:r:hal_allocator_default:s0 tclass=file permissive=1
06-26 11:31:20.760 317 317 I pgrep : type=1400 audit(0.0:149): avc: denied { getattr } for path="/proc/254" dev="proc" ino=7041 scontext=u:r:toolbox:s0 tcontext=u:r:hal_audio_default:s0 tclass=dir permissive=1
06-26 11:31:20.760 317 317 I pgrep : type=1400 audit(0.0:150): avc: denied { search } for name="254" dev="proc" ino=7041 scontext=u:r:toolbox:s0 tcontext=u:r:hal_audio_default:s0 tclass=dir permissive=1
06-26 11:31:20.760 317 317 I pgrep : type=1400 audit(0.0:151): avc: denied { open } for path="/proc/254/stat" dev="proc" ino=9317 scontext=u:r:toolbox:s0 tcontext=u:r:hal_audio_default:s0 tclass=file permissive=1
06-26 11:31:20.760 317 317 I pgrep : type=1400 audit(0.0:152): avc: denied { getattr } for path="/proc/255" dev="proc" ino=7038 scontext=u:r:toolbox:s0 tcontext=u:r:hal_bluetooth_default:s0 tclass=dir permissive=1
06-26 11:31:20.760 317 317 I pgrep : type=1400 audit(0.0:153): avc: denied { search } for name="255" dev="proc" ino=7038 scontext=u:r:toolbox:s0 tcontext=u:r:hal_bluetooth_default:s0 tclass=dir permissive=1
06-26 11:31:20.760 317 317 I pgrep : type=1400 audit(0.0:154): avc: denied { open } for path="/proc/255/stat" dev="proc" ino=9318 scontext=u:r:toolbox:s0 tcontext=u:r:hal_bluetooth_default:s0 tclass=file permissive=1
06-26 11:31:20.760 317 317 I pgrep : type=1400 audit(0.0:155): avc: denied { getattr } for path="/proc/256" dev="proc" ino=1565 scontext=u:r:toolbox:s0 tcontext=u:r:hal_camera_default:s0 tclass=dir permissive=1
06-26 11:31:20.760 317 317 I pgrep : type=1400 audit(0.0:156): avc: denied { search } for name="256" dev="proc" ino=1565 scontext=u:r:toolbox:s0 tcontext=u:r:hal_camera_default:s0 tclass=dir permissive=1
06-26 11:31:20.760 317 317 I pgrep : type=1400 audit(0.0:157): avc: denied { open } for path="/proc/256/stat" dev="proc" ino=9319 scontext=u:r:toolbox:s0 tcontext=u:r:hal_camera_default:s0 tclass=file permissive=1
06-26 11:31:20.760 317 317 I pgrep : type=1400 audit(0.0:158): avc: denied { getattr } for path="/proc/257" dev="proc" ino=2866 scontext=u:r:toolbox:s0 tcontext=u:r:hal_cas_default:s0 tclass=dir permissive=1
06-26 11:31:20.760 317 317 I pgrep : type=1400 audit(0.0:159): avc: denied { search } for name="257" dev="proc" ino=2866 scontext=u:r:toolbox:s0 tcontext=u:r:hal_cas_default:s0 tclass=dir permissive=1
06-26 11:31:20.760 317 317 I pgrep : type=1400 audit(0.0:160): avc: denied { open } for path="/proc/257/stat" dev="proc" ino=9320 scontext=u:r:toolbox:s0 tcontext=u:r:hal_cas_default:s0 tclass=file permissive=1
06-26 11:31:20.760 317 317 I pgrep : type=1400 audit(0.0:161): avc: denied { getattr } for path="/proc/261" dev="proc" ino=7079 scontext=u:r:toolbox:s0 tcontext=u:r:hal_gatekeeper_default:s0 tclass=dir permissive=1
06-26 11:31:20.760 317 317 I pgrep : type=1400 audit(0.0:162): avc: denied { search } for name="261" dev="proc" ino=7079 scontext=u:r:toolbox:s0 tcontext=u:r:hal_gatekeeper_default:s0 tclass=dir permissive=1
06-26 11:31:20.760 317 317 I pgrep : type=1400 audit(0.0:163): avc: denied { open } for path="/proc/261/stat" dev="proc" ino=9323 scontext=u:r:toolbox:s0 tcontext=u:r:hal_gatekeeper_default:s0 tclass=file permissive=1
06-26 11:31:20.760 317 317 I pgrep : type=1400 audit(0.0:164): avc: denied { getattr } for path="/proc/262" dev="proc" ino=2877 scontext=u:r:toolbox:s0 tcontext=u:r:hal_graphics_allocator_default:s0 tclass=dir permissive=1
06-26 11:31:20.760 317 317 I pgrep : type=1400 audit(0.0:165): avc: denied { search } for name="262" dev="proc" ino=2877 scontext=u:r:toolbox:s0 tcontext=u:r:hal_graphics_allocator_default:s0 tclass=dir permissive=1
06-26 11:31:20.760 317 317 I pgrep : type=1400 audit(0.0:166): avc: denied { open } for path="/proc/262/stat" dev="proc" ino=9324 scontext=u:r:toolbox:s0 tcontext=u:r:hal_graphics_allocator_default:s0 tclass=file permissive=1
06-26 11:31:20.760 317 317 I pgrep : type=1400 audit(0.0:167): avc: denied { getattr } for path="/proc/263" dev="proc" ino=2884 scontext=u:r:toolbox:s0 tcontext=u:r:hal_graphics_composer_default:s0 tclass=dir permissive=1
06-26 11:31:20.760 317 317 I pgrep : type=1400 audit(0.0:168): avc: denied { search } for name="263" dev="proc" ino=2884 scontext=u:r:toolbox:s0 tcontext=u:r:hal_graphics_composer_default:s0 tclass=dir permissive=1
06-26 11:31:20.760 317 317 I pgrep : type=1400 audit(0.0:169): avc: denied { open } for path="/proc/263/stat" dev="proc" ino=9325 scontext=u:r:toolbox:s0 tcontext=u:r:hal_graphics_composer_default:s0 tclass=file permissive=1
06-26 11:31:20.760 317 317 I pgrep : type=1400 audit(0.0:170): avc: denied { getattr } for path="/proc/266" dev="proc" ino=7109 scontext=u:r:toolbox:s0 tcontext=u:r:hal_health_default:s0 tclass=dir permissive=1
06-26 11:31:20.764 317 317 I pgrep : type=1400 audit(0.0:171): avc: denied { search } for name="266" dev="proc" ino=7109 scontext=u:r:toolbox:s0 tcontext=u:r:hal_health_default:s0 tclass=dir permissive=1
06-26 11:31:20.764 317 317 I pgrep : type=1400 audit(0.0:172): avc: denied { open } for path="/proc/266/stat" dev="proc" ino=9326 scontext=u:r:toolbox:s0 tcontext=u:r:hal_health_default:s0 tclass=file permissive=1
06-26 11:31:20.764 317 317 I pgrep : type=1400 audit(0.0:173): avc: denied { getattr } for path="/proc/267" dev="proc" ino=7609 scontext=u:r:toolbox:s0 tcontext=u:r:hal_light_default:s0 tclass=dir permissive=1
06-26 11:31:20.764 317 317 I pgrep : type=1400 audit(0.0:174): avc: denied { search } for name="267" dev="proc" ino=7609 scontext=u:r:toolbox:s0 tcontext=u:r:hal_light_default:s0 tclass=dir permissive=1
06-26 11:31:20.764 317 317 I pgrep : type=1400 audit(0.0:175): avc: denied { open } for path="/proc/267/stat" dev="proc" ino=9327 scontext=u:r:toolbox:s0 tcontext=u:r:hal_light_default:s0 tclass=file permissive=1
06-26 11:31:20.764 317 317 I pgrep : type=1400 audit(0.0:176): avc: denied { getattr } for path="/proc/269" dev="proc" ino=7122 scontext=u:r:toolbox:s0 tcontext=u:r:hal_power_default:s0 tclass=dir permissive=1
06-26 11:31:20.764 317 317 I pgrep : type=1400 audit(0.0:177): avc: denied { search } for name="269" dev="proc" ino=7122 scontext=u:r:toolbox:s0 tcontext=u:r:hal_power_default:s0 tclass=dir permissive=1
06-26 11:31:20.764 317 317 I pgrep : type=1400 audit(0.0:178): avc: denied { open } for path="/proc/269/stat" dev="proc" ino=9328 scontext=u:r:toolbox:s0 tcontext=u:r:hal_power_default:s0 tclass=file permissive=1
06-26 11:31:20.764 317 317 I pgrep : type=1400 audit(0.0:179): avc: denied { getattr } for path="/proc/272" dev="proc" ino=7141 scontext=u:r:toolbox:s0 tcontext=u:r:hal_tv_cec_default:s0 tclass=dir permissive=1
06-26 11:31:20.764 317 317 I pgrep : type=1400 audit(0.0:180): avc: denied { search } for name="272" dev="proc" ino=7141 scontext=u:r:toolbox:s0 tcontext=u:r:hal_tv_cec_default:s0 tclass=dir permissive=1
06-26 11:31:20.764 317 317 I pgrep : type=1400 audit(0.0:181): avc: denied { open } for path="/proc/272/stat" dev="proc" ino=9329 scontext=u:r:toolbox:s0 tcontext=u:r:hal_tv_cec_default:s0 tclass=file permissive=1
06-26 11:31:20.764 317 317 I pgrep : type=1400 audit(0.0:182): avc: denied { getattr } for path="/proc/274" dev="proc" ino=1714 scontext=u:r:toolbox:s0 tcontext=u:r:hal_usb_impl:s0 tclass=dir permissive=1
06-26 11:31:20.764 317 317 I pgrep : type=1400 audit(0.0:183): avc: denied { read } for scontext=u:r:toolbox:s0 tcontext=u:r:hal_usb_impl:s0 tclass=file permissive=1
06-26 11:31:20.764 317 317 I pgrep : type=1400 audit(0.0:184): avc: denied { search } for name="274" dev="proc" ino=1714 scontext=u:r:toolbox:s0 tcontext=u:r:hal_usb_impl:s0 tclass=dir permissive=1
06-26 11:31:20.764 317 317 I pgrep : type=1400 audit(0.0:185): avc: denied { open } for path="/proc/274/stat" dev="proc" ino=9330 scontext=u:r:toolbox:s0 tcontext=u:r:hal_usb_impl:s0 tclass=file permissive=1
06-26 11:31:20.764 317 317 I pgrep : type=1400 audit(0.0:186): avc: denied { getattr } for path="/proc/276" dev="proc" ino=7168 scontext=u:r:toolbox:s0 tcontext=u:r:hal_awdisplayoutput_default:s0 tclass=dir permissive=1
06-26 11:31:20.764 317 317 I pgrep : type=1400 audit(0.0:187): avc: denied { search } for name="276" dev="proc" ino=7168 scontext=u:r:toolbox:s0 tcontext=u:r:hal_awdisplayoutput_default:s0 tclass=dir permissive=1
06-26 11:31:20.764 317 317 I pgrep : type=1400 audit(0.0:188): avc: denied { open } for path="/proc/276/stat" dev="proc" ino=9331 scontext=u:r:toolbox:s0 tcontext=u:r:hal_awdisplayoutput_default:s0 tclass=file permissive=1
06-26 11:31:20.764 317 317 I pgrep : type=1400 audit(0.0:189): avc: denied { getattr } for path="/proc/277" dev="proc" ino=3024 scontext=u:r:toolbox:s0 tcontext=u:r:hal_rebootescrow_default:s0 tclass=dir permissive=1
06-26 11:31:20.764 317 317 I pgrep : type=1400 audit(0.0:190): avc: denied { read } for scontext=u:r:toolbox:s0 tcontext=u:r:hal_rebootescrow_default:s0 tclass=file permissive=1
06-26 11:31:20.764 317 317 I pgrep : type=1400 audit(0.0:191): avc: denied { search } for name="277" dev="proc" ino=3024 scontext=u:r:toolbox:s0 tcontext=u:r:hal_rebootescrow_default:s0 tclass=dir permissive=1
06-26 11:31:20.764 317 317 I pgrep : type=1400 audit(0.0:192): avc: denied { open } for path="/proc/277/stat" dev="proc" ino=9332 scontext=u:r:toolbox:s0 tcontext=u:r:hal_rebootescrow_default:s0 tclass=file permissive=1
06-26 11:31:20.764 317 317 I pgrep : type=1400 audit(0.0:193): avc: denied { getattr } for path="/proc/278" dev="proc" ino=7822 scontext=u:r:toolbox:s0 tcontext=u:r:audioserver:s0 tclass=dir permissive=1
06-26 11:31:20.764 317 317 I pgrep : type=1400 audit(0.0:194): avc: denied { read } for scontext=u:r:toolbox:s0 tcontext=u:r:audioserver:s0 tclass=file permissive=1
06-26 11:31:20.764 317 317 I pgrep : type=1400 audit(0.0:196): avc: denied { search } for name="278" dev="proc" ino=7822 scontext=u:r:toolbox:s0 tcontext=u:r:audioserver:s0 tclass=dir permissive=1
06-26 11:31:20.764 316 316 I xiriservice_All: type=1400 audit(0.0:195): avc: denied { search } for name="com.android.simappdialog" dev="mmcblk0p25" ino=772 scontext=u:r:init:s0 tcontext=u:object_r:app_data_file:s0:c34,c256,c512,c768 tclass=dir permissive=1
06-26 11:31:20.764 317 317 I pgrep : type=1400 audit(0.0:197): avc: denied { open } for path="/proc/278/stat" dev="proc" ino=9333 scontext=u:r:toolbox:s0 tcontext=u:r:audioserver:s0 tclass=file permissive=1
06-26 11:31:20.764 317 317 I pgrep : type=1400 audit(0.0:198): avc: denied { getattr } for path="/proc/281" dev="proc" ino=7826 scontext=u:r:toolbox:s0 tcontext=u:r:credstore:s0 tclass=dir permissive=1
06-26 11:31:20.764 317 317 I pgrep : type=1400 audit(0.0:199): avc: denied { read } for scontext=u:r:toolbox:s0 tcontext=u:r:credstore:s0 tclass=file permissive=1
