06-26 11:31:24.064 480 529 I SystemConfig: Reading permissions from /vendor/etc/permissions/android.hardware.camera.flash-autofocus.xml
06-26 11:31:24.064 480 480 I SystemServerTiming: StartInstaller
06-26 11:31:24.064 480 480 I SystemServiceManager: Starting com.android.server.pm.Installer
06-26 11:31:24.065 480 529 I SystemConfig: Reading permissions from /vendor/etc/permissions/android.hardware.hardware_keystore.xml
06-26 11:31:24.067 480 529 I SystemConfig: Reading permissions from /vendor/etc/permissions/android.hardware.wifi.direct.xml
06-26 11:31:24.069 480 529 I SystemConfig: Reading permissions from /vendor/etc/permissions/android.software.opengles.deqp.level.xml
06-26 11:31:24.070 378 384 D installd: Found quota mount /dev/block/by-name/userdata at /data
06-26 11:31:24.070 378 384 D installd: Found quota mount /dev/block/by-name/userdata at /data/user/0
06-26 11:31:24.070 480 529 I SystemConfig: Reading permissions from /vendor/etc/permissions/tv_core_hardware.xml
06-26 11:31:24.072 480 480 I SystemServerTiming: DeviceIdentifiersPolicyService
06-26 11:31:24.072 480 480 I SystemServiceManager: Starting com.android.server.os.DeviceIdentifiersPolicyService
06-26 11:31:24.073 480 529 I SystemConfig: Reading permissions from /vendor/etc/permissions/android.hardware.usb.host.xml
06-26 11:31:24.073 480 512 I Zygote : Preloading shared libraries...
06-26 11:31:24.073 480 480 I SystemServerTiming: UriGrantsManagerService
06-26 11:31:24.074 480 480 I SystemServiceManager: Starting com.android.server.uri.UriGrantsManagerService$Lifecycle
06-26 11:31:24.074 480 529 I SystemConfig: Reading permissions from /vendor/etc/permissions/android.software.backup.xml
06-26 11:31:24.072 272 272 I EventThread: type=1400 audit(0.0:305): avc: denied { search } for name="extcon" dev="sysfs" ino=18109 scontext=u:r:hal_tv_cec_default:s0 tcontext=u:object_r:sysfs_extcon:s0 tclass=dir permissive=1
06-26 11:31:24.078 480 529 I SystemConfig: Reading permissions from /vendor/etc/permissions/android.software.midi.xml
06-26 11:31:24.078 480 480 I SystemServerTiming: StartPowerStatsService
06-26 11:31:24.078 480 480 I SystemServiceManager: Starting com.android.server.powerstats.PowerStatsService
06-26 11:31:24.079 480 529 I SystemConfig: Reading permissions from /vendor/etc/permissions/android.hardware.reboot_escrow.xml
06-26 11:31:24.083 184 184 E servicemanager: Could not find android.hardware.power.stats.IPowerStats/default in the VINTF manifest.
06-26 11:31:24.086 480 529 I SystemConfig: Reading permissions from /vendor/etc/permissions/android.hardware.wifi.xml
06-26 11:31:24.087 186 186 I hwservicemanager: getTransport: Cannot find entry android.hardware.power.stats@1.0::IPowerStats/default in either framework or device VINTF manifest.
06-26 11:31:24.087 480 529 I SystemConfig: Reading permissions from /vendor/etc/permissions/android.hardware.touchscreen.multitouch.xml
06-26 11:31:24.088 480 480 E PowerStatsService: Unable to get power.stats HAL service.
06-26 11:31:24.088 480 480 E PowerStatsService: nativeInit failed to connect to power.stats HAL
06-26 11:31:24.089 480 480 I SystemServerTiming: StartIStatsService
06-26 11:31:24.090 186 186 I hwservicemanager: getTransport: Cannot find entry android.frameworks.stats@1.0::IStats/default in either framework or device VINTF manifest.
06-26 11:31:24.090 480 480 E HidlServiceManagement: Service android.frameworks.stats@1.0::IStats/default must be in VINTF manifest in order to register/get.
06-26 11:31:24.091 480 480 W system_server: Cannot register HIDL android.frameworks.stats@1.0::IStats: -2147483648
06-26 11:31:24.092 184 184 I servicemanager: Found android.frameworks.stats.IStats/default in framework VINTF manifest.
06-26 11:31:24.092 480 480 I SystemServerTiming: MemtrackProxyService
06-26 11:31:24.093 186 186 I hwservicemanager: getTransport: Cannot find entry android.hardware.memtrack@1.0::IMemtrack/default in either framework or device VINTF manifest.
06-26 11:31:24.094 184 184 E servicemanager: Could not find android.hardware.memtrack.IMemtrack/default in the VINTF manifest.
06-26 11:31:24.094 480 480 I Stability: Interface set with vintf stability wire protocol version 1 downgraded to system stability wire protocol version 1 stability
06-26 11:31:24.095 480 480 I SystemServerTiming: StartActivityManager
06-26 11:31:24.095 480 480 I SystemServiceManager: Starting com.android.server.wm.ActivityTaskManagerService$Lifecycle
06-26 11:31:24.096 480 529 I SystemConfig: Reading permissions from /product/etc/sysconfig/preinstalled-packages-platform-overlays.xml
06-26 11:31:24.106 480 529 I SystemConfig: Reading permissions from /product/etc/sysconfig/preinstalled-packages-platform-handheld-product.xml
06-26 11:31:24.107 480 480 I SystemServiceManager: Starting com.android.server.am.ActivityManagerService$Lifecycle
06-26 11:31:24.111 480 529 I SystemConfig: Reading permissions from /product/etc/permissions/com.android.tv.xml
06-26 11:31:24.113 480 529 I SystemConfig: Reading permissions from /product/etc/permissions/com.android.settings.intelligence.xml
06-26 11:31:24.115 480 529 W SystemConfig: No directory /system_ext/etc/sysconfig, skipping
06-26 11:31:24.118 480 529 I SystemConfig: Reading permissions from /system_ext/etc/permissions/provision-permissions.xml
06-26 11:31:24.121 480 529 I SystemConfig: Reading permissions from /system_ext/etc/permissions/com.android.carrierconfig.xml
06-26 11:31:24.122 480 480 I ActivityManager: Memory class: 256
06-26 11:31:24.123 480 529 I SystemConfig: Reading permissions from /system_ext/etc/permissions/com.softwinner.screenshot.xml
06-26 11:31:24.124 480 529 I SystemConfig: Reading permissions from /system_ext/etc/permissions/privapp-settingssetup.xml
06-26 11:31:24.126 480 529 I SystemConfig: Reading permissions from /system_ext/etc/permissions/com.android.tv.settings.xml
06-26 11:31:24.129 480 529 I SystemConfig: Reading permissions from /system_ext/etc/permissions/com.android.storagemanager.xml
06-26 11:31:24.128 519 519 I BootAnimation: type=1400 audit(0.0:306): avc: denied { search } for name="data" dev="mmcblk0p25" ino=87 scontext=u:r:bootanim:s0 tcontext=u:object_r:system_data_file:s0:c512,c768 tclass=dir permissive=1
06-26 11:31:24.133 480 536 I Binder : Setting heavy hitter watcher config: false, 0, 0.0
06-26 11:31:24.135 480 529 I SystemConfig: Reading permissions from /system_ext/etc/permissions/com.android.provision.xml
06-26 11:31:24.136 186 186 I hwservicemanager: getTransport: Cannot find entry android.hardware.configstore@1.0::ISurfaceFlingerConfigs/default in either framework or device VINTF manifest.
06-26 11:31:24.140 480 529 I SystemConfig: Reading permissions from /system_ext/etc/permissions/com.android.systemui.xml
06-26 11:31:24.146 480 529 I SystemConfig: Reading permissions from /apex/com.android.ipsec/etc/permissions/android.net.ipsec.ike.xml
06-26 11:31:24.159 480 529 W SystemConfig: Failed to read public libraries file /vendor/etc/public.libraries.txt
06-26 11:31:24.159 480 529 W SystemConfig: java.io.FileNotFoundException: /vendor/etc/public.libraries.txt: open failed: ENOENT (No such file or directory)
06-26 11:31:24.159 480 529 W SystemConfig: at libcore.io.IoBridge.open(IoBridge.java:575)
06-26 11:31:24.159 480 529 W SystemConfig: at java.io.FileInputStream.(FileInputStream.java:160)
06-26 11:31:24.159 480 529 W SystemConfig: at java.io.FileReader.(FileReader.java:72)
06-26 11:31:24.159 480 529 W SystemConfig: at com.android.server.SystemConfig.readPublicLibrariesListFile(SystemConfig.java:1601)
06-26 11:31:24.159 480 529 W SystemConfig: at com.android.server.SystemConfig.readPublicNativeLibrariesList(SystemConfig.java:1583)
06-26 11:31:24.159 480 529 W SystemConfig: at com.android.server.SystemConfig.(SystemConfig.java:484)
06-26 11:31:24.159 480 529 W SystemConfig: at com.android.server.SystemConfig.getInstance(SystemConfig.java:272)
06-26 11:31:24.159 480 529 W SystemConfig: at com.android.server.SystemServer$$ExternalSyntheticLambda7.run(Unknown Source:0)
06-26 11:31:24.159 480 529 W SystemConfig: at com.android.server.SystemServerInitThreadPool.lambda$submitTask$0$SystemServerInitThreadPool(SystemServerInitThreadPool.java:105)
06-26 11:31:24.159 480 529 W SystemConfig: at com.android.server.SystemServerInitThreadPool$$ExternalSyntheticLambda0.run(Unknown Source:6)
06-26 11:31:24.159 480 529 W SystemConfig: at java.util.concurrent.Executors$RunnableAdapter.call(Executors.java:462)
06-26 11:31:24.159 480 529 W SystemConfig: at java.util.concurrent.FutureTask.run(FutureTask.java:266)
06-26 11:31:24.159 480 529 W SystemConfig: at java.util.concurrent.ThreadPoolExecutor.runWorker(ThreadPoolExecutor.java:1167)
06-26 11:31:24.159 480 529 W SystemConfig: at java.util.concurrent.ThreadPoolExecutor$Worker.run(ThreadPoolExecutor.java:641)
06-26 11:31:24.159 480 529 W SystemConfig: at com.android.internal.util.ConcurrentUtils$1$1.run(ConcurrentUtils.java:65)
06-26 11:31:24.159 480 529 W SystemConfig: Caused by: android.system.ErrnoException: open failed: ENOENT (No such file or directory)
06-26 11:31:24.159 480 529 W SystemConfig: at libcore.io.Linux.open(Native Method)
06-26 11:31:24.159 480 529 W SystemConfig: at libcore.io.ForwardingOs.open(ForwardingOs.java:567)
06-26 11:31:24.159 480 529 W SystemConfig: at libcore.io.BlockGuardOs.open(BlockGuardOs.java:273)
06-26 11:31:24.159 480 529 W SystemConfig: at libcore.io.IoBridge.open(IoBridge.java:561)
06-26 11:31:24.159 480 529 W SystemConfig: ... 14 more
06-26 11:31:24.160 480 529 D SystemServerInitThreadPool: Finished executing ReadingSystemConfig
06-26 11:31:24.176 519 532 D BootAnimation: BootAnimationShownTiming start time: 10109ms
06-26 11:31:24.223 480 511 W Zygote : Class not found for preloading: android.view.SurfaceView$2
06-26 11:31:24.232 480 480 D BatteryStatsImpl: Reading daily items from /data/system/batterystats-daily.xml
06-26 11:31:24.239 186 186 I hwservicemanager: getTransport: Cannot find entry android.hardware.graphics.mapper@4.0::IMapper/default in either framework or device VINTF manifest.
06-26 11:31:24.239 519 532 I Gralloc4: mapper 4.x is not supported
06-26 11:31:24.240 186 186 I hwservicemanager: getTransport: Cannot find entry android.hardware.graphics.mapper@3.0::IMapper/default in either framework or device VINTF manifest.
06-26 11:31:24.240 519 532 W Gralloc3: mapper 3.x is not supported
06-26 11:31:24.247 519 532 E gralloc : Arm Module v1.0
06-26 11:31:24.248 186 186 I hwservicemanager: getTransport: Cannot find entry android.hardware.graphics.allocator@4.0::IAllocator/default in either framework or device VINTF manifest.
06-26 11:31:24.248 519 532 W Gralloc4: allocator 4.x is not supported
06-26 11:31:24.249 186 186 I hwservicemanager: getTransport: Cannot find entry android.hardware.graphics.allocator@3.0::IAllocator/default in either framework or device VINTF manifest.
06-26 11:31:24.249 519 532 W Gralloc3: allocator 3.x is not supported
06-26 11:31:24.253 262 299 I gralloc : alloc buffer:W:1920 H:1080 S:1920 PL[1920 1080] SZ:8294400 fmt:43 if:0 af:43 usg:20000b00 fg:00000004
06-26 11:31:24.254 519 532 E ion : ioctl c0044901 failed with code -1: Inappropriate ioctl for device
06-26 11:31:24.258 186 186 I hwservicemanager: getTransport: Cannot find entry android.hardware.power.stats@1.0::IPowerStats/default in either framework or device VINTF manifest.
06-26 11:31:24.258 480 550 E BatteryStatsService: Unable to load Power.Stats.HAL. Setting rail availability to false
06-26 11:31:24.264 480 550 E BluetoothAdapter: Bluetooth binder is null
06-26 11:31:24.265 480 550 I KernelCpuUidFreqTimeReader: mPerClusterTimesAvailable=false
06-26 11:31:24.274 480 550 W KernelCpuUidFreqTimeBpfMapReader: Failed to start tracking
06-26 11:31:24.276 480 550 W KernelCpuProcStringReader: File not found. It's normal if not implemented: /proc/uid_time_in_state
06-26 11:31:24.278 480 550 W KernelCpuUidActiveTimeBpfMapReader: Failed to start tracking
06-26 11:31:24.279 480 550 W KernelCpuProcStringReader: File not found. It's normal if not implemented: /proc/uid_concurrent_active_time
06-26 11:31:24.280 480 550 W KernelCpuUidClusterTimeBpfMapReader: Failed to start tracking
06-26 11:31:24.281 480 550 W KernelCpuProcStringReader: File not found. It's normal if not implemented: /proc/uid_concurrent_policy_time
06-26 11:31:24.281 480 550 E KernelCpuSpeedReader: Failed to read cpu-freq: /sys/devices/system/cpu/cpu0/cpufreq/stats/time_in_state: open failed: ENOENT (No such file or directory)
06-26 11:31:24.281 480 550 E system_server: Cannot read thread CPU times for PID 480
06-26 11:31:24.290 301 301 I SurfaceFlinger: Enter boot animation
06-26 11:31:24.280 209 209 I Binder:209_2: type=1400 audit(0.0:307): avc: denied { read } for name="event_count" dev="sysfs" ino=22115 scontext=u:r:system_suspend:s0 tcontext=u:object_r:sysfs:s0 tclass=file permissive=1
06-26 11:31:24.280 209 209 I Binder:209_2: type=1400 audit(0.0:308): avc: denied { open } for path="/sys/devices/platform/soc@3000000/7040000.s_cir/wakeup/wakeup4/event_count" dev="sysfs" ino=22115 scontext=u:r:system_suspend:s0 tcontext=u:object_r:sysfs:s0 tclass=file permissive=1
06-26 11:31:24.280 209 209 I Binder:209_2: type=1400 audit(0.0:309): avc: denied { getattr } for path="/sys/devices/platform/soc@3000000/7040000.s_cir/wakeup/wakeup4/event_count" dev="sysfs" ino=22115 scontext=u:r:system_suspend:s0 tcontext=u:object_r:sysfs:s0 tclass=file permissive=1
06-26 11:31:24.292 263 304 E ion : ioctl c0044901 failed with code -1: Inappropriate ioctl for device
06-26 11:31:24.297 480 550 W KernelMemoryBandwidthStats: No kernel memory bandwidth stats available
06-26 11:31:24.300 361 361 I : DVI mode selected: packets not configured
06-26 11:31:24.300 361 361 I : Error: set vsif failed
06-26 11:31:24.344 262 299 I gralloc : alloc buffer:W:1920 H:1080 S:1920 PL[1920 1080] SZ:8294400 fmt:43 if:0 af:43 usg:20000b00 fg:00000004
06-26 11:31:24.363 361 361 I : DVI mode selected: packets not configured
06-26 11:31:24.363 361 361 I : Error: set vsif failed
06-26 11:31:24.415 361 361 I : DVI mode selected: packets not configured
06-26 11:31:24.415 361 361 I : Error: set vsif failed
06-26 11:31:24.479 361 361 I : DVI mode selected: packets not configured
06-26 11:31:24.479 361 361 I : Error: set vsif failed
06-26 11:31:24.484 480 511 I Zygote : ...preloaded 7337 classes in 1030ms.
06-26 11:31:24.485 480 510 I Zygote : Called ZygoteHooks.endPreload()
06-26 11:31:24.486 480 510 I Zygote : Installed AndroidKeyStoreProvider in 1ms.
06-26 11:31:24.505 480 510 I Zygote : Warmed up JCA providers in 18ms.
06-26 11:31:24.505 480 510 D Zygote : Zygote:ThreadPreadloadClass took 1054ms.
06-26 11:31:24.516 480 480 I IntentFirewall: Read new rules (A:0 B:0 S:0)
06-26 11:31:24.530 361 361 I : DVI mode selected: packets not configured
06-26 11:31:24.530 361 361 I : Error: set vsif failed
06-26 11:31:24.536 480 480 E libprocessgroup: Failed to open /dev/memcg/apps: Permission denied
06-26 11:31:24.539 480 480 D AppOps : AppOpsService published
06-26 11:31:24.541 480 480 I SystemServerTiming: StartDataLoaderManagerService
06-26 11:31:24.541 480 480 I SystemServiceManager: Starting com.android.server.pm.DataLoaderManagerService
06-26 11:31:24.545 480 480 I SystemServerTiming: StartIncrementalService
06-26 11:31:24.549 480 480 I incfs-mounts: [incfs] Loaded incremental-fs mount info: 0 instances, 0 mount points
06-26 11:31:24.552 480 480 I SystemServerTiming: StartPowerManager
06-26 11:31:24.553 480 480 I SystemServiceManager: Starting com.android.server.power.PowerManagerService
06-26 11:31:24.565 184 184 I servicemanager: Found android.hardware.power.IPower/default in device VINTF manifest.
06-26 11:31:24.568 186 186 I hw-BpHwBinder: onLastStrongRef automatically unlinking death recipients
06-26 11:31:24.572 269 269 I AW_PowerHAL: Power setMode: INTERACTIVE to: 1
06-26 11:31:24.574 269 269 I AW_PowerHAL: not completed yet, ignore mode request other
06-26 11:31:24.580 361 361 I : DVI mode selected: packets not configured
06-26 11:31:24.580 361 361 I : Error: set vsif failed
06-26 11:31:24.575 269 269 I AW_PowerHAL: check: Mode 0 not Supported ,do nothing
06-26 11:31:24.577 480 480 I SystemServerTiming: StartThermalManager
06-26 11:31:24.578 480 480 I SystemServiceManager: Starting com.android.server.power.ThermalManagerService
06-26 11:31:24.579 480 480 I SystemServerTiming: StartHintManager
06-26 11:31:24.580 480 480 I SystemServiceManager: Starting com.android.server.power.hint.HintManagerService
06-26 11:31:24.582 480 480 E PowerHalController: getHintSessionPreferredRate failed: Status(-129, EX_TRANSACTION_FAILED): 'UNKNOWN_TRANSACTION: '
06-26 11:31:24.583 480 480 I SystemServerTiming: InitPowerManagement
06-26 11:31:24.585 480 480 I SystemServerTiming: StartRecoverySystemService
06-26 11:31:24.585 480 480 I SystemServiceManager: Starting com.android.server.recoverysystem.RecoverySystemService$Lifecycle
06-26 11:31:24.589 480 480 I PackageWatchdog: Syncing state, reason: added new observer
06-26 11:31:24.589 480 480 I PackageWatchdog: Not pruning observers, elapsed time: 0ms
06-26 11:31:24.589 480 480 I PackageWatchdog: Cancelling state sync, nothing to sync
06-26 11:31:24.589 480 535 I PackageWatchdog: Saving observer state to file
06-26 11:31:24.592 480 480 I SystemServerTiming: StartLightsService
06-26 11:31:24.592 480 480 I SystemServiceManager: Starting com.android.server.lights.LightsService
06-26 11:31:24.596 184 184 I servicemanager: Found android.hardware.light.ILights/default in device VINTF manifest.
06-26 11:31:24.598 267 267 I android.hardware.lights-service: Lights reporting supported lights size=1
06-26 11:31:24.600 480 480 I SystemServerTiming: StartSidekickService
06-26 11:31:24.600 480 480 I SystemServerTiming: StartDisplayManager
06-26 11:31:24.600 480 480 I SystemServiceManager: Starting com.android.server.display.DisplayManagerService
06-26 11:31:24.619 301 533 E HWComposer: getSupportedContentTypes: getSupportedContentTypes failed for display 0: Unsupported (8)
06-26 11:31:24.624 480 480 I SystemServerTiming: WaitForDisplay
06-26 11:31:24.625 480 480 I SystemServiceManager: Starting phase 100
06-26 11:31:24.625 480 480 I SystemServerTiming: OnBootPhase_100
06-26 11:31:24.635 480 525 I DisplayDeviceRepository: Display device added: DisplayDeviceInfo{"内置屏幕": uniqueId="local:0", 1920 x 1080, modeId 1, defaultModeId 1, supportedModes [{id=1, width=1920, height=1080, fps=60.000004, alternativeRefreshRates=[]}], colorMode 0, supportedColorModes [0], hdrCapabilities HdrCapabilities{mSupportedHdrTypes=[2, 3], mMaxLuminance=500.0, mMaxAverageLuminance=500.0, mMinLuminance=0.0}, allmSupported false, gameContentTypeSupported false, density 240, 0.16 x 0.16 dpi, appVsyncOff 1000000, presDeadline 16666666, touch INTERNAL, rotation 0, type INTERNAL, address {port=0}, deviceProductInfo null, state UNKNOWN, frameRateOverride , brightnessMinimum 0.0, brightnessMaximum 1.0, brightnessDefault 0.39763778, FLAG_DEFAULT_DISPLAY, FLAG_ROTATES_WITH_CONTENT, FLAG_SECURE, FLAG_SUPPORTS_PROTECTED_BUFFERS}
06-26 11:31:24.637 480 525 I LogicalDisplayMapper: Applying layout: [{addr: {port=0}, dispId: 0(ON)}], Previous layout: null
06-26 11:31:24.646 361 361 I : DVI mode selected: packets not configured
06-26 11:31:24.646 361 361 I : Error: set vsif failed
06-26 11:31:24.644 480 525 I LogicalDisplayMapper: Adding new display: 0: DisplayInfo{"内置屏幕", displayId 0", displayGroupId -1, FLAG_SECURE, FLAG_SUPPORTS_PROTECTED_BUFFERS, FLAG_TRUSTED, real 1920 x 1080, largest app 1920 x 1080, smallest app 1920 x 1080, appVsyncOff 1000000, presDeadline 16666666, mode 1, defaultMode 1, modes [{id=1, width=1920, height=1080, fps=60.000004, alternativeRefreshRates=[]}], hdrCapabilities HdrCapabilities{mSupportedHdrTypes=[2, 3], mMaxLuminance=500.0, mMaxAverageLuminance=500.0, mMinLuminance=0.0}, userDisabledHdrTypes [], minimalPostProcessingSupported false, rotation 0, state UNKNOWN, type INTERNAL, uniqueId "local:0", app 1920 x 1080, density 240 (0.16 x 0.16) dpi, layerStack 0, colorMode 0, supportedColorModes [0], address {port=0}, deviceProductInfo null, removeMode 0, refreshRateOverride 0.0, brightnessMinimum 0.0, brightnessMaximum 1.0, brightnessDefault 0.39763778}
06-26 11:31:24.644 480 525 I LogicalDisplayMapper: Setting new display group 0 for display 0, from previous group: null
06-26 11:31:24.646 480 480 I SystemServerTiming: StartDomainVerificationService
06-26 11:31:24.668 480 480 I SystemServerTiming: StartPackageManagerService
06-26 11:31:24.668 480 480 I Watchdog: Pausing HandlerChecker: main thread for reason: packagemanagermain. Pause count: 1
06-26 11:31:24.675 480 480 I PackageManagerTiming: create package manager
06-26 11:31:24.684 480 480 E PackageManager: /oem/delete.txt not exist
06-26 11:31:24.684 480 480 I PackageManagerTiming: createSubComponents
06-26 11:31:24.696 361 361 I : DVI mode selected: packets not configured
06-26 11:31:24.696 361 361 I : Error: set vsif failed
06-26 11:31:24.724 480 480 I PackageManagerTiming: addSharedUsers
06-26 11:31:24.726 480 480 I PackageManagerTiming: get system config
06-26 11:31:24.730 480 480 D PackageManager: Directories scanned as system partitions: [/system:0, /vendor:524288, /odm:4194304, /oem:262144, /product:1048576, /system/system_ext:2097152, /apex/com.android.wifi:8388608, /apex/com.android.vndk.v31:8388608, /apex/com.android.tzdata:8388608, /apex/com.android.tethering:8388608, /apex/com.android.sdkext:8388608, /apex/com.android.scheduling:8388608, /apex/com.android.runtime:8388608, /apex/com.android.resolv:8388608, /apex/com.android.permission:8388608, /apex/com.android.os.statsd:8388608, /apex/com.android.neuralnetworks:8388608, /apex/com.android.mediaprovider:8388608, /apex/com.android.media.swcodec:8388608, /apex/com.android.media:8388608, /apex/com.android.ipsec:8388608, /apex/com.android.i18n:8388608, /apex/com.android.extservices:8388608, /apex/com.android.conscrypt:8388608, /apex/com.android.art:8388608, /apex/com.android.appsearch:8388608, /apex/com.android.adbd:8388608]
06-26 11:31:24.736 480 480 D SELinuxMMAC: Using policy file /system/etc/selinux/plat_mac_permissions.xml
06-26 11:31:24.739 480 480 D SELinuxMMAC: Using policy file /system_ext/etc/selinux/system_ext_mac_permissions.xml
06-26 11:31:24.741 480 480 D SELinuxMMAC: Using policy file /vendor/etc/selinux/vendor_mac_permissions.xml
06-26 11:31:24.746 361 361 I : DVI mode selected: packets not configured
06-26 11:31:24.746 361 361 I : Error: set vsif failed
06-26 11:31:24.743 480 480 I PackageManagerTiming: loadFallbacks
06-26 11:31:24.746 480 480 D FallbackCategoryProvider: Found 1 fallback categories
06-26 11:31:24.746 480 480 I PackageManagerTiming: read user settings
06-26 11:31:24.772 480 521 D SystemServerInitThreadPool: Finished executing loadPreinstalledSystemFontMap
06-26 11:31:24.796 361 361 I : DVI mode selected: packets not configured
06-26 11:31:24.796 361 361 I : Error: set vsif failed
06-26 11:31:24.936 480 480 W android.permission.PermissionManager: Missing ActivityManager; assuming 1000 holds android.permission.SET_PREFERRED_APPLICATIONS
06-26 11:31:24.937 480 480 W android.permission.PermissionManager: Missing ActivityManager; assuming 1000 holds android.permission.SET_PREFERRED_APPLICATIONS
06-26 11:31:24.937 480 480 W android.permission.PermissionManager: Missing ActivityManager; assuming 1000 holds android.permission.SET_PREFERRED_APPLICATIONS
06-26 11:31:24.937 480 480 W android.permission.PermissionManager: Missing ActivityManager; assuming 1000 holds android.permission.SET_PREFERRED_APPLICATIONS
06-26 11:31:24.937 480 480 W android.permission.PermissionManager: Missing ActivityManager; assuming 1000 holds android.permission.SET_PREFERRED_APPLICATIONS
06-26 11:31:24.938 480 480 W android.permission.PermissionManager: Missing ActivityManager; assuming 1000 holds android.permission.SET_PREFERRED_APPLICATIONS
06-26 11:31:24.938 480 480 W android.permission.PermissionManager: Missing ActivityManager; assuming 1000 holds android.permission.SET_PREFERRED_APPLICATIONS
06-26 11:31:24.938 480 480 W android.permission.PermissionManager: Missing ActivityManager; assuming 1000 holds android.permission.SET_PREFERRED_APPLICATIONS
06-26 11:31:24.939 480 480 W android.permission.PermissionManager: Missing ActivityManager; assuming 1000 holds android.permission.SET_PREFERRED_APPLICATIONS
06-26 11:31:24.939 480 480 W android.permission.PermissionManager: Missing ActivityManager; assuming 1000 holds android.permission.SET_PREFERRED_APPLICATIONS
06-26 11:31:24.939 480 480 W android.permission.PermissionManager: Missing ActivityManager; assuming 1000 holds android.permission.SET_PREFERRED_APPLICATIONS
06-26 11:31:24.939 480 480 W android.permission.PermissionManager: Missing ActivityManager; assuming 1000 holds android.permission.SET_PREFERRED_APPLICATIONS
06-26 11:31:24.939 480 480 W android.permission.PermissionManager: Missing ActivityManager; assuming 1000 holds android.permission.SET_PREFERRED_APPLICATIONS
06-26 11:31:24.940 480 480 W android.permission.PermissionManager: Missing ActivityManager; assuming 1000 holds android.permission.SET_PREFERRED_APPLICATIONS
06-26 11:31:24.940 480 480 W android.permission.PermissionManager: Missing ActivityManager; assuming 1000 holds android.permission.SET_PREFERRED_APPLICATIONS
06-26 11:31:24.940 480 480 W android.permission.PermissionManager: Missing ActivityManager; assuming 1000 holds android.permission.SET_PREFERRED_APPLICATIONS
06-26 11:31:24.940 480 480 W android.permission.PermissionManager: Missing ActivityManager; assuming 1000 holds android.permission.SET_PREFERRED_APPLICATIONS
06-26 11:31:24.941 480 480 W android.permission.PermissionManager: Missing ActivityManager; assuming 1000 holds android.permission.SET_PREFERRED_APPLICATIONS
06-26 11:31:24.941 480 480 W android.permission.PermissionManager: Missing ActivityManager; assuming 1000 holds android.permission.SET_PREFERRED_APPLICATIONS
06-26 11:31:24.941 480 480 W android.permission.PermissionManager: Missing ActivityManager; assuming 1000 holds android.permission.SET_PREFERRED_APPLICATIONS
06-26 11:31:24.941 480 480 W android.permission.PermissionManager: Missing ActivityManager; assuming 1000 holds android.permission.SET_PREFERRED_APPLICATIONS
06-26 11:31:24.941 480 480 W android.permission.PermissionManager: Missing ActivityManager; assuming 1000 holds android.permission.SET_PREFERRED_APPLICATIONS
06-26 11:31:24.942 480 480 W android.permission.PermissionManager: Missing ActivityManager; assuming 1000 holds android.permission.SET_PREFERRED_APPLICATIONS
06-26 11:31:24.942 480 480 W android.permission.PermissionManager: Missing ActivityManager; assuming 1000 holds android.permission.SET_PREFERRED_APPLICATIONS
06-26 11:31:24.942 480 480 W android.permission.PermissionManager: Missing ActivityManager; assuming 1000 holds android.permission.SET_PREFERRED_APPLICATIONS
06-26 11:31:24.942 480 480 W android.permission.PermissionManager: Missing ActivityManager; assuming 1000 holds android.permission.SET_PREFERRED_APPLICATIONS
06-26 11:31:24.943 480 480 W android.permission.PermissionManager: Missing ActivityManager; assuming 1000 holds android.permission.SET_PREFERRED_APPLICATIONS
06-26 11:31:24.943 480 480 W android.permission.PermissionManager: Missing ActivityManager; assuming 1000 holds android.permission.SET_PREFERRED_APPLICATIONS
06-26 11:31:24.943 480 480 W android.permission.PermissionManager: Missing ActivityManager; assuming 1000 holds android.permission.SET_PREFERRED_APPLICATIONS
06-26 11:31:24.943 480 480 W android.permission.PermissionManager: Missing ActivityManager; assuming 1000 holds android.permission.SET_PREFERRED_APPLICATIONS
06-26 11:31:24.944 480 480 W android.permission.PermissionManager: Missing ActivityManager; assuming 1000 holds android.permission.SET_PREFERRED_APPLICATIONS
06-26 11:31:24.944 480 480 W android.permission.PermissionManager: Missing ActivityManager; assuming 1000 holds android.permission.SET_PREFERRED_APPLICATIONS
06-26 11:31:24.944 480 480 W android.permission.PermissionManager: Missing ActivityManager; assuming 1000 holds android.permission.SET_PREFERRED_APPLICATIONS
06-26 11:31:24.944 480 480 W android.permission.PermissionManager: Missing ActivityManager; assuming 1000 holds android.permission.SET_PREFERRED_APPLICATIONS
06-26 11:31:24.944 480 480 W android.permission.PermissionManager: Missing ActivityManager; assuming 1000 holds android.permission.SET_PREFERRED_APPLICATIONS
06-26 11:31:24.945 480 480 W android.permission.PermissionManager: Missing ActivityManager; assuming 1000 holds android.permission.SET_PREFERRED_APPLICATIONS
06-26 11:31:24.945 480 480 W android.permission.PermissionManager: Missing ActivityManager; assuming 1000 holds android.permission.SET_PREFERRED_APPLICATIONS
06-26 11:31:24.945 480 480 W android.permission.PermissionManager: Missing ActivityManager; assuming 1000 holds android.permission.SET_PREFERRED_APPLICATIONS
06-26 11:31:24.945 480 480 W android.permission.PermissionManager: Missing ActivityManager; assuming 1000 holds android.permission.SET_PREFERRED_APPLICATIONS
06-26 11:31:24.946 480 480 W android.permission.PermissionManager: Missing ActivityManager; assuming 1000 holds android.permission.SET_PREFERRED_APPLICATIONS
06-26 11:31:24.946 480 480 W android.permission.PermissionManager: Missing ActivityManager; assuming 1000 holds android.permission.SET_PREFERRED_APPLICATIONS
06-26 11:31:24.947 480 480 W android.permission.PermissionManager: Missing ActivityManager; assuming 1000 holds android.permission.SET_PREFERRED_APPLICATIONS
06-26 11:31:24.947 480 480 W android.permission.PermissionManager: Missing ActivityManager; assuming 1000 holds android.permission.SET_PREFERRED_APPLICATIONS
06-26 11:31:24.948 480 480 W android.permission.PermissionManager: Missing ActivityManager; assuming 1000 holds android.permission.SET_PREFERRED_APPLICATIONS
06-26 11:31:24.949 480 480 W android.permission.PermissionManager: Missing ActivityManager; assuming 1000 holds android.permission.SET_PREFERRED_APPLICATIONS
06-26 11:31:24.951 480 480 W android.permission.PermissionManager: Missing ActivityManager; assuming 1000 holds android.permission.SET_PREFERRED_APPLICATIONS
06-26 11:31:24.952 480 480 W android.permission.PermissionManager: Missing ActivityManager; assuming 1000 holds android.permission.SET_PREFERRED_APPLICATIONS
06-26 11:31:24.953 480 480 W android.permission.PermissionManager: Missing ActivityManager; assuming 1000 holds android.permission.SET_PREFERRED_APPLICATIONS
06-26 11:31:24.955 480 480 W android.permission.PermissionManager: Missing ActivityManager; assuming 1000 holds android.permission.SET_PREFERRED_APPLICATIONS
06-26 11:31:24.956 480 480 W android.permission.PermissionManager: Missing ActivityManager; assuming 1000 holds android.permission.SET_PREFERRED_APPLICATIONS
06-26 11:31:24.958 480 480 W android.permission.PermissionManager: Missing ActivityManager; assuming 1000 holds android.permission.SET_PREFERRED_APPLICATIONS
06-26 11:31:24.958 480 480 W android.permission.PermissionManager: Missing ActivityManager; assuming 1000 holds android.permission.SET_PREFERRED_APPLICATIONS
06-26 11:31:24.958 480 480 W android.permission.PermissionManager: Missing ActivityManager; assuming 1000 holds android.permission.SET_PREFERRED_APPLICATIONS
06-26 11:31:24.959 480 480 W android.permission.PermissionManager: Missing ActivityManager; assuming 1000 holds android.permission.SET_PREFERRED_APPLICATIONS
06-26 11:31:24.959 480 480 W android.permission.PermissionManager: Missing ActivityManager; assuming 1000 holds android.permission.SET_PREFERRED_APPLICATIONS
06-26 11:31:24.959 480 480 W android.permission.PermissionManager: Missing ActivityManager; assuming 1000 holds android.permission.SET_PREFERRED_APPLICATIONS
06-26 11:31:24.959 480 480 W android.permission.PermissionManager: Missing ActivityManager; assuming 1000 holds android.permission.SET_PREFERRED_APPLICATIONS
06-26 11:31:24.960 480 480 W android.permission.PermissionManager: Missing ActivityManager; assuming 1000 holds android.permission.SET_PREFERRED_APPLICATIONS
06-26 11:31:24.960 480 480 W android.permission.PermissionManager: Missing ActivityManager; assuming 1000 holds android.permission.SET_PREFERRED_APPLICATIONS
06-26 11:31:24.960 480 480 W android.permission.PermissionManager: Missing ActivityManager; assuming 1000 holds android.permission.SET_PREFERRED_APPLICATIONS
06-26 11:31:24.960 480 480 W android.permission.PermissionManager: Missing ActivityManager; assuming 1000 holds android.permission.SET_PREFERRED_APPLICATIONS
06-26 11:31:24.961 480 480 W android.permission.PermissionManager: Missing ActivityManager; assuming 1000 holds android.permission.SET_PREFERRED_APPLICATIONS
06-26 11:31:24.961 480 480 W android.permission.PermissionManager: Missing ActivityManager; assuming 1000 holds android.permission.SET_PREFERRED_APPLICATIONS
06-26 11:31:24.961 480 480 W android.permission.PermissionManager: Missing ActivityManager; assuming 1000 holds android.permission.SET_PREFERRED_APPLICATIONS
06-26 11:31:24.961 480 480 W android.permission.PermissionManager: Missing ActivityManager; assuming 1000 holds android.permission.SET_PREFERRED_APPLICATIONS
06-26 11:31:24.961 480 480 W android.permission.PermissionManager: Missing ActivityManager; assuming 1000 holds android.permission.SET_PREFERRED_APPLICATIONS
06-26 11:31:24.962 480 480 W android.permission.PermissionManager: Missing ActivityManager; assuming 1000 holds android.permission.SET_PREFERRED_APPLICATIONS
06-26 11:31:24.962 480 480 W android.permission.PermissionManager: Missing ActivityManager; assuming 1000 holds android.permission.SET_PREFERRED_APPLICATIONS
06-26 11:31:24.962 480 480 W android.permission.PermissionManager: Missing ActivityManager; assuming 1000 holds android.permission.SET_PREFERRED_APPLICATIONS
06-26 11:31:24.962 480 480 W android.permission.PermissionManager: Missing ActivityManager; assuming 1000 holds android.permission.SET_PREFERRED_APPLICATIONS
06-26 11:31:24.963 480 480 W android.permission.PermissionManager: Missing ActivityManager; assuming 1000 holds android.permission.SET_PREFERRED_APPLICATIONS
06-26 11:31:24.963 480 480 W android.permission.PermissionManager: Missing ActivityManager; assuming 1000 holds android.permission.SET_PREFERRED_APPLICATIONS
06-26 11:31:24.964 480 480 W android.permission.PermissionManager: Missing ActivityManager; assuming 1000 holds android.permission.SET_PREFERRED_APPLICATIONS
06-26 11:31:24.964 480 480 W android.permission.PermissionManager: Missing ActivityManager; assuming 1000 holds android.permission.SET_PREFERRED_APPLICATIONS
06-26 11:31:24.964 480 480 W android.permission.PermissionManager: Missing ActivityManager; assuming 1000 holds android.permission.SET_PREFERRED_APPLICATIONS
06-26 11:31:24.964 480 480 W android.permission.PermissionManager: Missing ActivityManager; assuming 1000 holds android.permission.SET_PREFERRED_APPLICATIONS
06-26 11:31:24.964 480 480 W android.permission.PermissionManager: Missing ActivityManager; assuming 1000 holds android.permission.SET_PREFERRED_APPLICATIONS
06-26 11:31:24.965 480 480 W android.permission.PermissionManager: Missing ActivityManager; assuming 1000 holds android.permission.SET_PREFERRED_APPLICATIONS
06-26 11:31:24.965 480 480 W android.permission.PermissionManager: Missing ActivityManager; assuming 1000 holds android.permission.SET_PREFERRED_APPLICATIONS
06-26 11:31:24.965 480 480 W android.permission.PermissionManager: Missing ActivityManager; assuming 1000 holds android.permission.SET_PREFERRED_APPLICATIONS
06-26 11:31:24.965 480 480 W android.permission.PermissionManager: Missing ActivityManager; assuming 1000 holds android.permission.SET_PREFERRED_APPLICATIONS
06-26 11:31:24.966 480 480 W android.permission.PermissionManager: Missing ActivityManager; assuming 1000 holds android.permission.SET_PREFERRED_APPLICATIONS
06-26 11:31:24.966 480 480 W android.permission.PermissionManager: Missing ActivityManager; assuming 1000 holds android.permission.SET_PREFERRED_APPLICATIONS
06-26 11:31:24.966 480 480 W android.permission.PermissionManager: Missing ActivityManager; assuming 1000 holds android.permission.SET_PREFERRED_APPLICATIONS
06-26 11:31:24.966 480 480 W android.permission.PermissionManager: Missing ActivityManager; assuming 1000 holds android.permission.SET_PREFERRED_APPLICATIONS
06-26 11:31:24.967 480 480 W android.permission.PermissionManager: Missing ActivityManager; assuming 1000 holds android.permission.SET_PREFERRED_APPLICATIONS
06-26 11:31:24.967 480 480 W android.permission.PermissionManager: Missing ActivityManager; assuming 1000 holds android.permission.SET_PREFERRED_APPLICATIONS
06-26 11:31:24.967 480 480 W android.permission.PermissionManager: Missing ActivityManager; assuming 1000 holds android.permission.SET_PREFERRED_APPLICATIONS
06-26 11:31:24.967 480 480 W android.permission.PermissionManager: Missing ActivityManager; assuming 1000 holds android.permission.SET_PREFERRED_APPLICATIONS
06-26 11:31:24.967 480 480 W android.permission.PermissionManager: Missing ActivityManager; assuming 1000 holds android.permission.SET_PREFERRED_APPLICATIONS
06-26 11:31:24.968 480 480 W android.permission.PermissionManager: Missing ActivityManager; assuming 1000 holds android.permission.SET_PREFERRED_APPLICATIONS
06-26 11:31:24.968 480 480 W android.permission.PermissionManager: Missing ActivityManager; assuming 1000 holds android.permission.SET_PREFERRED_APPLICATIONS
06-26 11:31:24.968 480 480 W android.permission.PermissionManager: Missing ActivityManager; assuming 1000 holds android.permission.SET_PREFERRED_APPLICATIONS
06-26 11:31:24.968 480 480 W android.permission.PermissionManager: Missing ActivityManager; assuming 1000 holds android.permission.SET_PREFERRED_APPLICATIONS
06-26 11:31:24.969 480 480 W android.permission.PermissionManager: Missing ActivityManager; assuming 1000 holds android.permission.SET_PREFERRED_APPLICATIONS
06-26 11:31:24.969 480 480 W android.permission.PermissionManager: Missing ActivityManager; assuming 1000 holds android.permission.SET_PREFERRED_APPLICATIONS
06-26 11:31:24.969 480 480 W android.permission.PermissionManager: Missing ActivityManager; assuming 1000 holds android.permission.SET_PREFERRED_APPLICATIONS
06-26 11:31:24.969 480 480 W android.permission.PermissionManager: Missing ActivityManager; assuming 1000 holds android.permission.SET_PREFERRED_APPLICATIONS
06-26 11:31:24.970 480 480 W android.permission.PermissionManager: Missing ActivityManager; assuming 1000 holds android.permission.SET_PREFERRED_APPLICATIONS
06-26 11:31:24.970 480 480 W android.permission.PermissionManager: Missing ActivityManager; assuming 1000 holds android.permission.SET_PREFERRED_APPLICATIONS
06-26 11:31:24.970 480 480 W android.permission.PermissionManager: Missing ActivityManager; assuming 1000 holds android.permission.SET_PREFERRED_APPLICATIONS
06-26 11:31:24.970 480 480 W android.permission.PermissionManager: Missing ActivityManager; assuming 1000 holds android.permission.SET_PREFERRED_APPLICATIONS
06-26 11:31:24.971 480 480 W android.permission.PermissionManager: Missing ActivityManager; assuming 1000 holds android.permission.SET_PREFERRED_APPLICATIONS
06-26 11:31:24.971 480 480 W android.permission.PermissionManager: Missing ActivityManager; assuming 1000 holds android.permission.SET_PREFERRED_APPLICATIONS
06-26 11:31:24.971 480 480 W android.permission.PermissionManager: Missing ActivityManager; assuming 1000 holds android.permission.SET_PREFERRED_APPLICATIONS
06-26 11:31:24.971 480 480 W android.permission.PermissionManager: Missing ActivityManager; assuming 1000 holds android.permission.SET_PREFERRED_APPLICATIONS
06-26 11:31:24.971 480 480 W android.permission.PermissionManager: Missing ActivityManager; assuming 1000 holds android.permission.SET_PREFERRED_APPLICATIONS
06-26 11:31:24.972 480 480 W android.permission.PermissionManager: Missing ActivityManager; assuming 1000 holds android.permission.SET_PREFERRED_APPLICATIONS
06-26 11:31:24.972 480 480 W android.permission.PermissionManager: Missing ActivityManager; assuming 1000 holds android.permission.SET_PREFERRED_APPLICATIONS
06-26 11:31:24.972 480 480 W android.permission.PermissionManager: Missing ActivityManager; assuming 1000 holds android.permission.SET_PREFERRED_APPLICATIONS
06-26 11:31:24.972 480 480 W android.permission.PermissionManager: Missing ActivityManager; assuming 1000 holds android.permission.SET_PREFERRED_APPLICATIONS
06-26 11:31:24.973 480 480 W android.permission.PermissionManager: Missing ActivityManager; assuming 1000 holds android.permission.SET_PREFERRED_APPLICATIONS
06-26 11:31:24.974 480 480 W android.permission.PermissionManager: Missing ActivityManager; assuming 1000 holds android.permission.SET_PREFERRED_APPLICATIONS
06-26 11:31:24.974 480 480 W android.permission.PermissionManager: Missing ActivityManager; assuming 1000 holds android.permission.SET_PREFERRED_APPLICATIONS
06-26 11:31:24.996 480 480 W PackageSettings: Missing permission state for package: com.android.cts.priv.ctsshim
06-26 11:31:24.996 480 480 W PackageSettings: Missing permission state for package: com.android.internal.systemui.navbar.gestural_wide_back
06-26 11:31:24.997 480 480 W PackageSettings: Missing permission state for package: com.softwinner.awlogsettings
06-26 11:31:24.997 480 480 W PackageSettings: Missing permission state for package: com.android.htmlviewer
06-26 11:31:24.997 480 480 W PackageSettings: Missing permission state for package: com.android.internal.systemui.onehanded.gestural
06-26 11:31:24.997 480 480 W PackageSettings: Missing permission state for package: com.android.simappdialog
06-26 11:31:24.997 480 480 W PackageSettings: Missing permission state for package: com.android.connectivity.resources
06-26 11:31:24.997 480 480 W PackageSettings: Missing permission state for package: com.android.modulemetadata
06-26 11:31:24.997 480 480 W PackageSettings: Missing permission state for package: com.google.android.apps.searchlite.overlay
06-26 11:31:24.997 480 480 W PackageSettings: Missing permission state for package: com.android.internal.systemui.navbar.threebutton
06-26 11:31:24.997 480 480 W PackageSettings: Missing permission state for package: com.google.android.networkstackconfig
06-26 11:31:24.998 480 480 W PackageSettings: Missing permission state for package: com.android.internal.systemui.navbar.gestural_extra_wide_back
06-26 11:31:24.998 480 480 W PackageSettings: Missing permission state for package: com.android.dreams.basic
06-26 11:31:24.998 480 480 W PackageSettings: Missing permission state for package: android.ext.shared
06-26 11:31:24.998 480 480 W PackageSettings: Missing permission state for package: com.google.android.networkstack.tetheringconfig
06-26 11:31:24.998 480 480 W PackageSettings: Missing permission state for package: com.android.wifi.resources
06-26 11:31:24.998 480 480 W PackageSettings: Missing permission state for package: com.android.theme.font.notoserifsource
06-26 11:31:24.999 480 480 W PackageSettings: Missing permission state for package: com.allwinnertech.packageoverride
06-26 11:31:24.999 480 480 W PackageSettings: Missing permission state for package: com.android.bookmarkprovider
06-26 11:31:24.999 480 480 W PackageSettings: Missing permission state for package: com.android.cts.ctsshim
06-26 11:31:24.999 480 480 W PackageSettings: Missing permission state for package: com.softwinner.theme.icon
06-26 11:31:24.999 480 480 W PackageSettings: Missing permission state for package: com.softwinner.theme.color
06-26 11:31:24.999 480 480 W PackageSettings: Missing permission state for package: com.android.internal.systemui.navbar.gestural
06-26 11:31:25.000 480 480 W PackageSettings: Missing permission state for package: com.android.internal.systemui.navbar.gestural_narrow_back
06-26 11:31:25.000 480 480 W PackageSettings: Missing permission state for package: android.auto_generated_rro_vendor__
06-26 11:31:25.001 480 480 W PackageSettings: Missing permission state for shared user: android.uid.log
06-26 11:31:25.001 480 480 W PackageSettings: Missing permission state for shared user: android.uid.nfc
06-26 11:31:25.001 480 480 W PackageSettings: Missing permission state for shared user: android.uid.uwb
06-26 11:31:25.010 480 480 D PackageManager: Keeping known cache 3dc8b134d3d58551e214cac5814125e8c098fd06
06-26 11:31:25.016 480 480 D PackageManager: No files in app dir /system/system_ext/overlay
06-26 11:31:25.028 480 480 I PackageBackwardCompatibility: Loaded android.content.pm.AndroidTestBaseUpdater
06-26 11:31:25.030 480 480 D CompatibilityChangeReporter: Compat change id reported: 143539591; UID -1; state: ENABLED
06-26 11:31:25.048 480 480 D PackageManager: No files in app dir /oem/overlay
06-26 11:31:25.048 480 480 D PackageManager: No files in app dir /odm/overlay
06-26 11:31:25.055 480 480 W PackageManager: Failed to parse /system/framework/arm: Missing base APK in /system/framework/arm
06-26 11:31:25.056 480 480 W PackageManager: Failed to parse /system/framework/oat: Missing base APK in /system/framework/oat/arm
06-26 11:31:25.136 480 480 D CompatibilityChangeReporter: Compat change id reported: 143539591; UID -1; state: DISABLED
06-26 11:31:25.136 480 480 D CompatibilityChangeReporter: Compat change id reported: 168782947; UID -1; state: DISABLED
06-26 11:31:25.155 480 570 D PackageParsing: homlet: force set orientation: 0
06-26 11:31:25.156 480 570 D CompatibilityChangeReporter: Compat change id reported: 150232615; UID -1; state: ENABLED
06-26 11:31:25.184 480 480 D CompatibilityChangeReporter: Compat change id reported: 168782947; UID -1; state: ENABLED
06-26 11:31:25.194 247 247 W ServiceManager: Service statscompanion didn't start. Returning NULL
06-26 11:31:25.197 247 247 I statsd : Statsd starts to listen to socket.
06-26 11:31:25.205 480 480 W PackageManager: Provider ComponentInfo{com.dangbei.leard.leradlauncher/androidx.core.content.FileProvider} already defined; ignoring
06-26 11:31:25.226 480 480 W PackageManager: Failed to parse /system/priv-app/SettingsAssist: /system/priv-app/SettingsAssist/SettingsAssist.apk (at Binary XML file line #34): com.softwinner.settingsassist.Recovery: Targeting S+ (version 31 and above) requires that an explicit value for android:exported be defined when intent filters are present
06-26 11:31:25.381 480 497 I system_server: Background young concurrent copying GC freed 192700(10MB) AllocSpace objects, 114(2828KB) LOS objects, 79% free, 6513KB/30MB, paused 213us total 215.696ms
06-26 11:31:25.393 480 480 D PackageManager: No files in app dir /vendor/priv-app
06-26 11:31:25.393 480 480 D PackageManager: No files in app dir /vendor/app
06-26 11:31:25.394 480 480 D PackageManager: No files in app dir /odm/priv-app
06-26 11:31:25.394 480 480 D PackageManager: No files in app dir /odm/app
06-26 11:31:25.394 480 480 D PackageManager: No files in app dir /oem/priv-app
06-26 11:31:25.394 480 480 D PackageManager: No files in app dir /oem/app
06-26 11:31:25.473 480 480 D PackageManager: No files in app dir /apex/com.android.vndk.v31/priv-app
06-26 11:31:25.473 480 480 D PackageManager: No files in app dir /apex/com.android.vndk.v31/app
06-26 11:31:25.473 480 480 D PackageManager: No files in app dir /apex/com.android.tzdata/priv-app
06-26 11:31:25.473 480 480 D PackageManager: No files in app dir /apex/com.android.tzdata/app
06-26 11:31:25.481 480 480 D PackageManager: No files in app dir /apex/com.android.tethering/app
06-26 11:31:25.481 480 480 D PackageManager: No files in app dir /apex/com.android.sdkext/priv-app
06-26 11:31:25.481 480 480 D PackageManager: No files in app dir /apex/com.android.sdkext/app
06-26 11:31:25.482 480 480 D PackageManager: No files in app dir /apex/com.android.scheduling/priv-app
06-26 11:31:25.482 480 480 D PackageManager: No files in app dir /apex/com.android.scheduling/app
06-26 11:31:25.482 480 480 D PackageManager: No files in app dir /apex/com.android.runtime/priv-app
06-26 11:31:25.482 480 480 D PackageManager: No files in app dir /apex/com.android.runtime/app
06-26 11:31:25.482 480 480 D PackageManager: No files in app dir /apex/com.android.resolv/priv-app
06-26 11:31:25.482 480 480 D PackageManager: No files in app dir /apex/com.android.resolv/app
06-26 11:31:25.498 480 480 D PackageManager: No files in app dir /apex/com.android.permission/app
06-26 11:31:25.498 480 480 D PackageManager: No files in app dir /apex/com.android.os.statsd/priv-app
06-26 11:31:25.498 480 480 D PackageManager: No files in app dir /apex/com.android.os.statsd/app
06-26 11:31:25.498 480 480 D PackageManager: No files in app dir /apex/com.android.neuralnetworks/priv-app
06-26 11:31:25.498 480 480 D PackageManager: No files in app dir /apex/com.android.neuralnetworks/app
06-26 11:31:25.504 480 480 D PackageManager: No files in app dir /apex/com.android.mediaprovider/app
06-26 11:31:25.505 480 480 D PackageManager: No files in app dir /apex/com.android.media.swcodec/priv-app
06-26 11:31:25.505 480 480 D PackageManager: No files in app dir /apex/com.android.media.swcodec/app
06-26 11:31:25.505 480 480 D PackageManager: No files in app dir /apex/com.android.media/priv-app
06-26 11:31:25.505 480 480 D PackageManager: No files in app dir /apex/com.android.media/app
06-26 11:31:25.505 480 480 D PackageManager: No files in app dir /apex/com.android.ipsec/priv-app
06-26 11:31:25.505 480 480 D PackageManager: No files in app dir /apex/com.android.ipsec/app
06-26 11:31:25.505 480 480 D PackageManager: No files in app dir /apex/com.android.i18n/priv-app
06-26 11:31:25.506 480 480 D PackageManager: No files in app dir /apex/com.android.i18n/app
06-26 11:31:25.513 480 480 D PackageManager: No files in app dir /apex/com.android.extservices/app
06-26 11:31:25.513 480 480 D PackageManager: No files in app dir /apex/com.android.conscrypt/priv-app
06-26 11:31:25.513 480 480 D PackageManager: No files in app dir /apex/com.android.conscrypt/app
