06-26 11:31:49.958 2644 2919 V UFUnilog: api_engine.cpp : 181 {fuc=APIEngine:Call(),logtag=pingback_getisp_22_30,interface_msg=Start Try!,try_count=0}
06-26 11:31:49.958 2644 2919 D UFUnilog: api_strategy_impl.cpp : 155 {fuc=APIStrategyImpl:JudgeStrategyOpporunity(),logtag=pingback_getisp_22_30,strategyname=antihijackhttps-strategy,interface_msg=Ignore Domain List,domain=msg.ptqy.gitv.tv}
06-26 11:31:49.958 2644 2919 V UFUnilog: api_strategy_impl.cpp : 378 {fuc=APIStrategyImpl:CreateStrategyResult(),logtag=pingback_getisp_22_30,strategyname=antihijackhttps-strategy,current_try_count=0,interface_msg=try to get ip list from dns_type = 1}
06-26 11:31:49.958 2644 2919 D UFUnilog: api_httpdns_query.cpp : 90 {fuc=APIHttpDnsQuery:GetIpListByDomainName(),interface_msg=try to get ip list by domain name msg.ptqy.gitv.tv}
06-26 11:31:49.958 2644 2919 D UFUnilog: api_httpdns_query.cpp : 113 {fuc=APIHttpDnsQuery:GetIpListByDomainName(),interface_msg=Get ip list success!,domain=msg.ptqy.gitv.tv}
06-26 11:31:49.958 2644 2919 V UFUnilog: api_strategy_impl.cpp : 485 {fuc=APIStrategyImpl:CreateStrategyResult(),logtag=pingback_getisp_22_30,strategyname=antihijackhttps-strategy,interface_msg=complete build strategy result,suggest_url_params=,suggest_protocol=}
06-26 11:31:49.959 2644 2919 V UFUnilog: UFNMultiCurlClientImpl.cpp : 24 {fuc=UFNMultiCurlClientImpl:Perform(),logtag=pingback_getisp_22_30,interface_msg=In}
06-26 11:31:49.959 2644 2919 V UFUnilog: UFNCurlClientHandleSocketPool.cpp : 46 {fuc=UFNMultiCurlClientHandleSocket:AddEasyHandle(),logtag=pingback_getisp_22_30,interface_msg=add easyCurl to MultiCurl!}
06-26 11:31:49.960 2644 2881 D TVUNIPLAYER: SDK/ErrorCodeWrapper : getInstance
06-26 11:31:49.961 2644 2946 V UFUnilog: UFNCurlClientHandleSocketPool.cpp : 46 {fuc=UFNMultiCurlClientHandleSocket:AddEasyHandle(),logtag=babelqos_pb_24,interface_msg=add easyCurl to MultiCurl!}
06-26 11:31:49.961 2644 2962 I UFUnilog: UFNCurlClientImpl.cpp : 827 {fuc=UFNCurlClientImpl:PerformInit(),logtag=itv_imgDocs_25,header=Authorization:1012441ef13ff000_Mi4xMTA3LjEuMjIwNDA4 B63BDF64FF37D1495B559AD9148403259FBA6B0F760F83FB851E3904A7B2305440FF315625DDC79BDBAB3C0B1379815E
06-26 11:31:49.961 2644 2962 I UFUnilog: Content-Type:application/json; charset=utf-8
06-26 11:31:49.961 2644 2962 I UFUnilog: Request-Id:MTc1MDkwODcwOTkzODIwOjAyOmZlOjE5OmMyOjBlNjExMTMwNzM2MzVjMzQxZjk5ZTU4NmQ4ODY3MmJjZWM3YmY5ZGViNzJh
06-26 11:31:49.961 2644 2962 I UFUnilog: qyid:tv_9ebeab0821cc109c90e4626ac3a506cd_1750906610804_8810912147
06-26 11:31:49.961 2644 2962 I UFUnilog: }
06-26 11:31:49.961 2644 2962 I UFUnilog: UFNCurlClientImpl.cpp : 937 {fuc=UFNCurlClientImpl:PerformInit(),logtag=itv_imgDocs_25,request_type=0,verifyssl=1,allow_redirect=0,max_redirect_number=0,connect_time_out=10000ms,transfer_time_out=15000ms,user_agent=Unified-X(arm-unknown-linux-androideabi);libcurl/7.73.0.6;BoringSSL;zlib/1.2.11;Universal_Foundation/v4.0.1_656_63af7fd3;Universal_Api/v4.1_1767_8b99c7b4(14025032401000000000),ipv6_allowed=0}
06-26 11:31:49.962 2644 2937 V UFUnilog: UFNCurlClientHandleSocket.cpp : 128 {fuc=UFNMultiCurlClientImpl:HandleSocket(),logtag=op_anyget_23,interface_msg=MultiCurlImpl get ok!}
06-26 11:31:49.962 2644 2961 I UFUnilog: UFNCurlClientImpl.cpp : 1199 {fuc=UFNCurlClientImpl:PerformEnd(),logtag=op_anyget_23,ufn_curl_client_code=0,http_code=200,code_msg=UFN Curl Client Success!}
06-26 11:31:49.962 2644 2961 I UFUnilog: UFNCurlClientImpl.cpp : 1322 {fuc=UFNCurlClientImpl:PerformEnd(),logtag=op_anyget_23,local_ip=192.168.3.161,server_ip=59.36.206.238,protocol_version=4,name_lookup_time=0ms,connect_time_out=10ms,ssl_connect_time=0ms,pre_transfer_time=11ms,start_transfer_time=18ms,redirect_time=0ms,response_time=19ms,curlclienttime=21ms,redirect_count=0,client_type=1,port=80}
06-26 11:31:49.962 2644 2961 I UFUnilog: UFNCurlClientImpl.cpp : 1325 {fuc=UFNCurlClientImpl:PerformEnd(),logtag=op_anyget_23,content_type=application/zip,recv_header_size=611,response_size=4572}
06-26 11:31:49.962 2644 2961 I UFUnilog: UFNCurlClientImpl.cpp : 1344 {fuc=UFNCurlClientImpl:PerformEnd(),logtag=op_anyget_23,verbose=Connecting to hostname: 59.36.206.238; Trying 59.36.206.238:80...;Connected to 59.36.206.238 (59.36.206.238) port 80 (#6);Mark bundle as not supporting multiuse;Connection #6 to host 59.36.206.238 left intact;}
06-26 11:31:49.962 2644 2961 I UFUnilog: UFNCurlClientImpl.cpp : 1352 {fuc=UFNCurlClientImpl:PerformEnd(),logtag=op_anyget_23,recv_data=PK
06-26 11:31:49.962 2644 2961 I UFUnilog: }
06-26 11:31:49.962 2644 2961 V UFUnilog: UFNMultiCurlClientImpl.cpp : 102 {fuc=UFNMultiCurlClientImpl:Perform(),logtag=op_anyget_23,interface_msg=Out}
06-26 11:31:49.962 2644 2961 V UFUnilog: api_engine.cpp : 181 {fuc=APIEngine:Call(),logtag=op_anyget_23,interface_msg=Start Try!,try_count=1}
06-26 11:31:49.962 2644 2961 D UFUnilog: api_strategy_impl.cpp : 890 {fuc=APIStrategyImpl:PickConfig(),logtag=op_anyget_23,strategyname=httpdns-strategy,interface_msg=pick prior custom dns strategy}
06-26 11:31:49.962 2644 2881 D TVUNIPLAYER: SDK/DiskCache : diskCache cache path: /data/user/0/com.tv.kuaisou/files
06-26 11:31:49.963 2644 2962 V UFUnilog: UFNCurlClientHandleSocketPool.cpp : 46 {fuc=UFNMultiCurlClientHandleSocket:AddEasyHandle(),logtag=itv_imgDocs_25,interface_msg=add easyCurl to MultiCurl!}
06-26 11:31:49.963 2644 2961 D UFUnilog: api_strategy_impl.cpp : 155 {fuc=APIStrategyImpl:JudgeStrategyOpporunity(),logtag=op_anyget_23,strategyname=httpdns-strategy,interface_msg=Ignore Domain List,domain=stv.ptqy.gitv.tv}
06-26 11:31:49.963 2644 2961 I UFUnilog: api_engine.cpp : 381 {fuc=APIEngine:Call(),logtag=op_anyget_23,try_count=1,curl_detail_code=0,curl_detail_time=21ms,curl_handle_detail_time=19ms,server_ip_detail=59.36.206.238,dns_detail_type=1,http_detail_code=200,ip_detail_net_type=0,total_time=27ms,apicode=0}
06-26 11:31:49.964 2644 2961 W UNIPLAYERSDK: ApiUtil.cpp:245 ApiUtil::parse error! logtag = op_anyget_23, isSuccess=0, value.isObject()=0
06-26 11:31:49.964 2644 2961 W UNIPLAYERSDK: Result.cpp:32 DataModel::ParseResponse logtag = op_anyget_23, code = -100, unepected response = PK
06-26 11:31:49.964 2644 2961 D CommonDataCallback-JNI: onDone!
06-26 11:31:49.964 2644 2961 D CommonDataCallback-JNI: onDone into!
06-26 11:31:49.964 2644 2961 E JNIHelper: getJNIEnv: Failed to obtain JNIEnv
06-26 11:31:49.964 2644 2972 D AccountManager-JNI: native_init
06-26 11:31:49.964 2644 2961 D CommonDataCallback-JNI: onDone JNIEnv!
06-26 11:31:49.964 2644 2972 I UNIPLAYERSDK: AccountManager.cpp:139 AccountManager::AddListener()!
06-26 11:31:49.964 2644 2961 E NetWorkData-JNI: gala_player_NetWorkData: apicode
06-26 11:31:49.964 2644 2961 E NetWorkData-JNI: gala_player_NetWorkData: httpCode
06-26 11:31:49.964 2644 2972 I UNIPLAYERSDK: AccountManager.cpp:154 AccountManager::mListeners.push_back()!
06-26 11:31:49.964 2644 2961 E NetWorkData-JNI: gala_player_NetWorkData: reponse
06-26 11:31:49.964 2644 2961 D CommonDataCallback-JNI: onDone networkData!
06-26 11:31:49.964 2644 2961 D CommonDataCallback-JNI: onDone mCallback not null!
06-26 11:31:49.964 2644 2961 D TVUNIPLAYER: BitStreamConfigParse@5c9c7cb : fetchNetDate bitStreamAnimator onDone:0/200
06-26 11:31:49.966 2644 2881 D TVUNIPLAYER: SDK/ErrorCodeWrapper : init mContext@com.tv.kuaisou.TV_application@2f4cf27
06-26 11:31:49.968 2644 2881 D TVUNIPLAYER: SDK/ErrorCodeWrapper : ---------------sendDownLoadErrorCodeMessage --------------
06-26 11:31:49.970 2644 2947 D UNIPLAYERSDK: WhiteListManager.cpp:161 key = b_puma_fast_switch_stream value = false
06-26 11:31:49.971 2644 2947 D UNIPLAYERSDK: WhiteListManager.cpp:161 key = bs_need_reset_surface value = 0
06-26 11:31:49.971 2644 2947 D UNIPLAYERSDK: WhiteListManager.cpp:161 key = danmaku_data_request value = 1
06-26 11:31:49.971 2644 2947 D UNIPLAYERSDK: WhiteListManager.cpp:161 key = danmaku_rows_support value = -1
06-26 11:31:49.971 2644 2947 D UNIPLAYERSDK: WhiteListManager.cpp:161 key = delay_destroy_surface value = 0
06-26 11:31:49.971 2644 2947 D UNIPLAYERSDK: WhiteListManager.cpp:161 key = develop_bitstream_json value = http://163.177.159.221/test/bs_level/0.json
06-26 11:31:49.971 2644 2947 D UNIPLAYERSDK: WhiteListManager.cpp:161 key = disableADCache value = false
06-26 11:31:49.971 2644 2947 D UNIPLAYERSDK: WhiteListManager.cpp:161 key = disable_killprocess_upgrade value = false
06-26 11:31:49.971 2644 2947 D UNIPLAYERSDK: WhiteListManager.cpp:161 key = disable_searchmp value = false
06-26 11:31:49.971 2644 2947 D UNIPLAYERSDK: WhiteListManager.cpp:161 key = disable_thirdparty_log value = false
06-26 11:31:49.971 2644 2961 D CommonDataCallback-JNI: onDone CallVoidMethod!
06-26 11:31:49.971 2644 2947 D UNIPLAYERSDK: WhiteListManager.cpp:161 key = drmv5_exempt_token value = 1
06-26 11:31:49.971 2644 2947 D UNIPLAYERSDK: WhiteListManager.cpp:161 key = enable_ad_cache_rename value = true
06-26 11:31:49.971 2644 2947 D UNIPLAYERSDK: WhiteListManager.cpp:161 key = enable_cache_module value = true
06-26 11:31:49.971 2644 2947 D UNIPLAYERSDK: WhiteListManager.cpp:161 key = enable_cdn_tracer value = false
06-26 11:31:49.971 2644 2947 D UNIPLAYERSDK: WhiteListManager.cpp:161 key = enable_dash_mus value = false
06-26 11:31:49.971 2644 2947 D UNIPLAYERSDK: WhiteListManager.cpp:161 key = enable_drm_m3u8_reduce value = true
06-26 11:31:49.972 2644 2947 D UNIPLAYERSDK: WhiteListManager.cpp:161 key = enable_fake_host_for_drm value = true
06-26 11:31:49.972 2644 2947 D UNIPLAYERSDK: WhiteListManager.cpp:161 key = enable_focus_preload value = true
06-26 11:31:49.972 2644 2947 D UNIPLAYERSDK: WhiteListManager.cpp:161 key = enable_focus_preload_useract_pb value = false
06-26 11:31:49.972 2644 2947 D UNIPLAYERSDK: WhiteListManager.cpp:161 key = enable_h265_new_device value = true
06-26 11:31:49.972 2644 2947 D UNIPLAYERSDK: WhiteListManager.cpp:161 key = enable_httpdns_download value = true
06-26 11:31:49.972 2644 2947 D UNIPLAYERSDK: WhiteListManager.cpp:161 key = enable_inspect_h265 value = false
06-26 11:31:49.972 2644 2947 D UNIPLAYERSDK: WhiteListManager.cpp:161 key = enable_intertrust value = false
06-26 11:31:49.972 2644 2947 D UNIPLAYERSDK: WhiteListManager.cpp:161 key = enable_license_cloud_config value = true
06-26 11:31:49.972 2644 2947 D UNIPLAYERSDK: WhiteListManager.cpp:161 key = enable_local_cfg value = false
06-26 11:31:49.972 2644 2947 D UNIPLAYERSDK: WhiteListManager.cpp:161 key = enable_logcat value = true
06-26 11:31:49.972 2644 2947 I UNIPLAYERSDK: PlayerSdkImpl.cpp:525 setEnableLogcat(1), force 1
06-26 11:31:49.972 2644 2947 D UNIPLAYERSDK: PlayerSdkImpl.cpp:535 updateLogConfig mEnableLogcat:1, mLogLevel:1
06-26 11:31:49.972 2644 2892 I UNIPLAYERSDK: UniPlayerDataProxy.cpp:1422 Received kMsgUpdSetEnableLogcat:
06-26 11:31:49.972 2644 2892 D UNIPLAYERSDK: UniPlayerDataProxy.cpp:1427 Process kMsgUpdSetLogLevel: targetLevel = 1, curLevel = 1, mFuncSetLogLevel=0x0
06-26 11:31:49.973 2644 2892 I UNIPLAYERSDK: UniPlayerDataProxy.cpp:1408 Received kMsgUpdSetLogLevel:
06-26 11:31:49.973 2644 2892 D UNIPLAYERSDK: UniPlayerDataProxy.cpp:1413 Process kMsgUpdSetLogLevel: targetLevel = 1, curLevel = 3, mFuncSetLogLevel=0x0
06-26 11:31:49.973 2644 2947 D UNIPLAYERSDK: PumaWrapper.cpp:454 PumaWrapper::setLogLevel() - logger=1
06-26 11:31:49.973 2644 2947 D UNIPLAYERSDK: WhiteListManager.cpp:161 key = enable_m3u8_reduce value = true
06-26 11:31:49.973 2644 2947 D UNIPLAYERSDK: WhiteListManager.cpp:161 key = enable_plugin_update_serial value = true
06-26 11:31:49.973 2644 2947 D UNIPLAYERSDK: WhiteListManager.cpp:161 key = enable_priority_play_with_enhance_audio value = false
06-26 11:31:49.973 2644 2947 D UNIPLAYERSDK: WhiteListManager.cpp:161 key = enable_puma_player_dobly_gain value = false
06-26 11:31:49.973 2644 2947 D UNIPLAYERSDK: WhiteListManager.cpp:161 key = enable_skip_front_ad_for_error_retry value = true
06-26 11:31:49.973 2644 2947 D UNIPLAYERSDK: WhiteListManager.cpp:161 key = enable_web_hw value = true
06-26 11:31:49.973 2644 2947 D UNIPLAYERSDK: WhiteListManager.cpp:161 key = enabled_tvs_pingback value = false
06-26 11:31:49.973 2644 2947 D UNIPLAYERSDK: WhiteListManager.cpp:161 key = error_config_info value = [{"module":106,"code":10002,"type":"restart_app"},{"module":102,"code":10002,"type":"restart_app"},{"module":106,"code":9000,"type":"restart_app"}]
06-26 11:31:49.973 2644 2947 D UNIPLAYERSDK: WhiteListManager.cpp:161 key = float_m3u8 value = 0
06-26 11:31:49.973 2644 2947 D UNIPLAYERSDK: WhiteListManager.cpp:161 key = focus_preload_delay value = 1000
06-26 11:31:49.973 2644 2947 D UNIPLAYERSDK: WhiteListManager.cpp:161 key = force_video_size_mode value = 200
06-26 11:31:49.973 2644 2947 D UNIPLAYERSDK: WhiteListManager.cpp:161 key = gala_apm_cfg value = {"io":{"enable":0,"record":0,"anr":0,"read":0,"write":0},"monitor":{"enable":0,"cpu":1,"cpuRecord":0,"floating":0},"trace":{"enable":1,"detect":0,"fps":0,"handleAnr":1,"traceIns":0}}
06-26 11:31:49.973 2644 2947 D UNIPLAYERSDK: WhiteListManager.cpp:161 key = get_hdcp_version value = 0
06-26 11:31:49.973 2644 2947 D UNIPLAYERSDK: WhiteListManager.cpp:161 key = get_media_codec_list value = 2
06-26 11:31:49.973 2644 2947 D UNIPLAYERSDK: WhiteListManager.cpp:161 key = get_profilelevels value = 2
06-26 11:31:49.973 2644 2947 D UNIPLAYERSDK: WhiteListManager.cpp:161 key = h265_gop_mode value = 0
06-26 11:31:49.974 2644 2947 D UNIPLAYERSDK: WhiteListManager.cpp:161 key = h265_support_video_in value = true
06-26 11:31:49.974 2644 2947 D UNIPLAYERSDK: WhiteListManager.cpp:161 key = hcdn.4k value = true
06-26 11:31:49.974 2644 2947 D UNIPLAYERSDK: WhiteListManager.cpp:161 key = hcdn.ad_f4v value = false
06-26 11:31:49.974 2644 2947 D UNIPLAYERSDK: WhiteListManager.cpp:161 key = hcdn.ad_ts value = true
06-26 11:31:49.974 2644 2947 D UNIPLAYERSDK: WhiteListManager.cpp:161 key = hcdn.b_hcdn_enable_stuck_pingback value = true
06-26 11:31:49.974 2644 2947 D UNIPLAYERSDK: WhiteListManager.cpp:161 key = hcdn.drm_nowatermark value = true
06-26 11:31:49.974 2644 2947 D UNIPLAYERSDK: WhiteListManager.cpp:161 key = hcdn.drm_watermark value = false
06-26 11:31:49.974 2644 2947 D UNIPLAYERSDK: WhiteListManager.cpp:161 key = hcdn.emmc_consumed_config value =
06-26 11:31:49.974 2644 2947 D UNIPLAYERSDK: WhiteListManager.cpp:161 key = hcdn.emmc_write_threshold value = 0
06-26 11:31:49.974 2644 2947 D UNIPLAYERSDK: WhiteListManager.cpp:161 key = hcdn.force_hls_when_livenet_error value = true
06-26 11:31:49.974 2644 2947 D UNIPLAYERSDK: WhiteListManager.cpp:161 key = hcdn.h211_vod value = true
06-26 11:31:49.974 2644 2947 D UNIPLAYERSDK: WhiteListManager.cpp:161 key = hcdn.h264_f4vtohls value = false
06-26 11:31:49.974 2644 2947 D UNIPLAYERSDK: WhiteListManager.cpp:161 key = hcdn.h264ts_vod value = true
06-26 11:31:49.974 2644 2947 D UNIPLAYERSDK: WhiteListManager.cpp:161 key = hcdn.hcdnls_enable_range value = true
06-26 11:31:49.974 2644 2947 D UNIPLAYERSDK: WhiteListManager.cpp:161 key = hcdn.i_cpu_limit_level value = 0
06-26 11:31:49.975 2644 2947 D UNIPLAYERSDK: WhiteListManager.cpp:161 key = hcdn.i_force_video_time value = 0
06-26 11:31:49.975 2644 2947 D UNIPLAYERSDK: WhiteListManager.cpp:161 key = hcdn.i_hcdn_max_disk_usage value = -1
06-26 11:31:49.975 2644 2947 D UNIPLAYERSDK: WhiteListManager.cpp:161 key = hcdn.i_hcdn_play_protect_interval value = 3000
06-26 11:31:49.975 2644 2947 D UNIPLAYERSDK: WhiteListManager.cpp:161 key = hcdn.i_hcdn_taskid_manage value = 1
06-26 11:31:49.975 2644 2947 D UNIPLAYERSDK: WhiteListManager.cpp:161 key = hcdn.i_hcdn_ts_complete_timeout value = -1
06-26 11:31:49.975 2644 2947 D UNIPLAYERSDK: WhiteListManager.cpp:161 key = hcdn.i_hcdn_ts_disconnect_timeout value = -1
06-26 11:31:49.975 2644 2947 D UNIPLAYERSDK: WhiteListManager.cpp:161 key = hcdn.live value = true
06-26 11:31:49.975 2644 2947 D UNIPLAYERSDK: WhiteListManager.cpp:161 key = hcdn.memory_level value = 0
06-26 11:31:49.975 2644 2947 D UNIPLAYERSDK: WhiteListManager.cpp:161 key = hcdn.multiaudio_audio value = false
06-26 11:31:49.975 2644 2947 D UNIPLAYERSDK: WhiteListManager.cpp:161 key = hcdn.multiaudio_video value = true
06-26 11:31:49.975 2644 2947 D UNIPLAYERSDK: WhiteListManager.cpp:161 key = hcdn.nodrm_watermark value = false
06-26 11:31:49.975 2644 2947 D UNIPLAYERSDK: WhiteListManager.cpp:161 key = hcdn.open_hcdn value = true
06-26 11:31:49.975 2644 2947 D UNIPLAYERSDK: WhiteListManager.cpp:161 key = hcdn.preview value = true
06-26 11:31:49.975 2644 2947 D UNIPLAYERSDK: WhiteListManager.cpp:161 key = hcdn.vipuser_close_p2p_upload value = false
06-26 11:31:49.975 2644 2947 D UNIPLAYERSDK: WhiteListManager.cpp:161 key = hdcp_version value = 0
06-26 11:31:49.975 2644 2947 D UNIPLAYERSDK: WhiteListManager.cpp:161 key = host_disable_https value = true
06-26 11:31:49.975 2644 2947 D UNIPLAYERSDK: WhiteListManager.cpp:161 key = ignore_mediacodec_enable_dolby value = false
06-26 11:31:49.975 2644 2947 D UNIPLAYERSDK: WhiteListManager.cpp:161 key = imgpvd_https_whitelist value = *.inter.ptqy.gitv.tv,static.ptqy.gitv.tv,stv.ptqy.gitv.tv,static-s.ptqy.gitv.tv,static-mix.ptqy.gitv.tv
06-26 11:31:49.975 2644 2947 D UNIPLAYERSDK: WhiteListManager.cpp:161 key = immersive_support_window value = true
06-26 11:31:49.976 2644 2947 D UNIPLAYERSDK: WhiteListManager.cpp:161 key = in_definition_abs_config value = false
06-26 11:31:49.976 2644 2947 D UNIPLAYERSDK: WhiteListManager.cpp:161 key = interactive_video value = {"exceptionTvids":[],"enable":true}
06-26 11:31:49.976 2644 2947 D UNIPLAYERSDK: WhiteListManager.cpp:161 key = ipv6_allowed value = false
06-26 11:31:49.976 2644 2947 D UNIPLAYERSDK: WhiteListManager.cpp:161 key = mac_info_condition value = {"brecord":true,"recordtime":3600}
06-26 11:31:49.976 2644 2947 D UNIPLAYERSDK: WhiteListManager.cpp:161 key = max_threadpool_size value = 16
06-26 11:31:49.983 2644 2959 I TVUNIPLAYER: BitStreamConfigParse@5c9c7cb : get network bitStreamAnimation data success: PK
06-26 11:31:49.983 2644 2973 D TVUNIPLAYER: SDK/ErrorCodeWrapper : updateErrorCode ERRORCODE_JSON_URL: static.ptqy.gitv.tv/ext/tv/sdk/error_msg.json
06-26 11:31:49.983 2644 2973 I SdkConfig-JNI: SdkConfig_nativeGetExtraInfo enable:
06-26 11:31:49.983 2644 2973 W TVUNIPLAYER: SDK/ErrorCodeWrapper : getNetworkData prefix ,ERRORCODE_JSON_URL http://static.ptqy.gitv.tv/ext/tv/sdk/error_msg.json
06-26 11:31:49.984 2644 2961 V UFUnilog: api_engine.cpp : 181 {fuc=APIEngine:Call(),logtag=op_anyget_26,interface_msg=Start Try!,try_count=0}
06-26 11:31:49.984 2644 2961 D UFUnilog: api_strategy_impl.cpp : 890 {fuc=APIStrategyImpl:PickConfig(),logtag=op_anyget_26,strategyname=httpdns-strategy,interface_msg=pick prior custom dns strategy}
06-26 11:31:49.984 2644 2961 D UFUnilog: api_strategy_impl.cpp : 155 {fuc=APIStrategyImpl:JudgeStrategyOpporunity(),logtag=op_anyget_26,strategyname=httpdns-strategy,interface_msg=Ignore Domain List,domain=stv.ptqy.gitv.tv}
06-26 11:31:49.984 2644 2961 I UFUnilog: api_strategy_impl.cpp : 205 {fuc=APIStrategyImpl:JudgeStrategyOpporunity(),logtag=op_anyget_26,strategyname=httpdns-strategy,interface_msg=Use strategy because force strategy invoke when first effective try number request}
06-26 11:31:49.984 2644 2961 V UFUnilog: api_strategy_impl.cpp : 378 {fuc=APIStrategyImpl:CreateStrategyResult(),logtag=op_anyget_26,strategyname=httpdns-strategy,current_try_count=0,interface_msg=try to get ip list from dns_type = 1}
06-26 11:31:49.984 2644 2961 D UFUnilog: api_httpdns_query.cpp : 90 {fuc=APIHttpDnsQuery:GetIpListByDomainName(),interface_msg=try to get ip list by domain name stv.ptqy.gitv.tv}
06-26 11:31:49.984 2644 2961 D UFUnilog: api_httpdns_query.cpp : 113 {fuc=APIHttpDnsQuery:GetIpListByDomainName(),interface_msg=Get ip list success!,domain=stv.ptqy.gitv.tv}
06-26 11:31:49.984 2644 2961 I UFUnilog: api_strategy_impl.cpp : 414 {fuc=APIStrategyImpl:CreateStrategyResult(),logtag=op_anyget_26,strategyname=httpdns-strategy,find_ip=59.36.206.238,domain=stv.ptqy.gitv.tv,dns=1 ,http_port :-1,https_port:-1}
06-26 11:31:49.984 2644 2961 V UFUnilog: api_strategy_impl.cpp : 485 {fuc=APIStrategyImpl:CreateStrategyResult(),logtag=op_anyget_26,strategyname=httpdns-strategy,interface_msg=complete build strategy result,suggest_url_params=,suggest_protocol=}
06-26 11:31:49.984 2644 2961 I UFUnilog: api_engine.cpp : 241 {fuc=APIEngine:Call(),logtag=op_anyget_26,current_try_count=1,default_max_try_count=5}
06-26 11:31:49.984 2644 2961 V UFUnilog: UFNMultiCurlClientImpl.cpp : 24 {fuc=UFNMultiCurlClientImpl:Perform(),logtag=op_anyget_26,interface_msg=In}
06-26 11:31:49.984 2644 2961 I UFUnilog: UFNCurlClientImpl.cpp : 679 {fuc=UFNCurlClientImpl:PerformInit(),logtag=op_anyget_26,url=http://stv.ptqy.gitv.tv/stv/20240320/28515012/0/lottie_4fc5c825171491f83d8923c43166f02d.zip}
06-26 11:31:49.985 2644 2961 I UFUnilog: UFNCurlClientImpl.cpp : 782 {fuc=UFNCurlClientImpl:PerformInit(),logtag=op_anyget_26,interface_msg=connect to aim ip!,domain=stv.ptqy.gitv.tv,ip=59.36.206.238,port=-1:}
06-26 11:31:49.985 2644 2961 I UFUnilog: UFNCurlClientImpl.cpp : 827 {fuc=UFNCurlClientImpl:PerformInit(),logtag=op_anyget_26,header=Authorization:1012441ef13ff000_Mi4xMTA3LjEuMjIwNDA4 B63BDF64FF37D1495B559AD9148403259FBA6B0F760F83FB851E3904A7B2305440FF315625DDC79BDBAB3C0B1379815E
06-26 11:31:49.985 2644 2961 I UFUnilog: }
06-26 11:31:49.985 2644 2961 I UFUnilog: UFNCurlClientImpl.cpp : 937 {fuc=UFNCurlClientImpl:PerformInit(),logtag=op_anyget_26,request_type=0,verifyssl=1,allow_redirect=0,max_redirect_number=0,connect_time_out=10000ms,transfer_time_out=15000ms,user_agent=Unified-X(arm-unknown-linux-androideabi);libcurl/7.73.0.6;BoringSSL;zlib/1.2.11;Universal_Foundation/v4.0.1_656_63af7fd3;Universal_Api/v4.1_1767_8b99c7b4(14025032401000000000),ipv6_allowed=0}
06-26 11:31:49.985 2644 2961 V UFUnilog: UFNCurlClientHandleSocketPool.cpp : 46 {fuc=UFNMultiCurlClientHandleSocket:AddEasyHandle(),logtag=op_anyget_26,interface_msg=add easyCurl to MultiCurl!}
06-26 11:31:49.985 2644 2881 D TVUNIPLAYER: PlayerSdkImpl@d148665 : initForTvSdk()
06-26 11:31:50.001 2644 2881 D TVUNIPLAYER: DeviceFingerInitTask : evninfo=
06-26 11:31:50.001 2644 2881 I SdkConfig-JNI: SdkConfig_nativeGetExtraInfo enable:
06-26 11:31:50.004 2644 2938 V UFUnilog: UFNCurlClientHandleSocket.cpp : 128 {fuc=UFNMultiCurlClientImpl:HandleSocket(),logtag=pingback_getisp_22_30,interface_msg=MultiCurlImpl get ok!}
06-26 11:31:50.005 2644 2919 V UFUnilog: UFNMultiCurlClientImpl.cpp : 102 {fuc=UFNMultiCurlClientImpl:Perform(),logtag=pingback_getisp_22_30,interface_msg=Out}
06-26 11:31:50.005 2644 2919 V UFUnilog: api_engine.cpp : 181 {fuc=APIEngine:Call(),logtag=pingback_getisp_22_30,interface_msg=Start Try!,try_count=1}
06-26 11:31:50.006 2644 2919 D UFUnilog: api_strategy_impl.cpp : 155 {fuc=APIStrategyImpl:JudgeStrategyOpporunity(),logtag=pingback_getisp_22_30,strategyname=antihijackhttps-strategy,interface_msg=Ignore Domain List,domain=msg.ptqy.gitv.tv}
06-26 11:31:50.007 2644 2919 D UFUnilog: api_pingback_sender.cpp : 33 {fuc=ApiPingbackSender:SendSync(),logtag=pingback_getisp_22,interface_msg=send success!}
06-26 11:31:50.007 2644 2919 V UFUnilog: api_pingback_sender.cpp : 46 {fuc=ApiPingbackSender:SendSync(),logtag=pingback_getisp_22,api_pingback_data=msg=[{"t":"11","pf":"3","p":"31","p1":"312","p2":"3128","hostv":"","mac":"20-02-FE-19-C2-0E","u":"tv_9ebeab0821cc109c90e4626ac3a506cd","deviceid":"tv_9ebeab0821cc109c90e4626ac3a506cd_1750906610804_8810912147","nu":"","v":"2.1107.1.220408","device_type":"20180903095708913MvpgVmPh11974","pu":"","firmver":"SP1A.211105.004","hwver":"DBBOX-A2","hu":"","window_disable":"","chip":"","mod":"cn_s","memory":"1960M","processid":"","re":"1920x1080","os":"31","core":"4","daynight":"","rammode":"","entermode":"","channel":"","network":"","cbv":"2.1107","aver":"v4.1_1767_8b99c7b4","fver":"v4.0.1_656_63af7fd3","rn":"307641794","ct":"170620_network_request","nin":"getisp","ngctc":"0","ngtpn":"","ngtpit":"0",}
06-26 11:31:50.007 2644 2919 V UFUnilog: api_pingback_sender.cpp : 46 {fuc=ApiPingbackSender:SendSync(),logtag=pingback_getisp_22,api_pingback_data="ngmrc":"3","ngct":"10000","ngtt":"20000","ngi":"true","nrqt":"get","nhc":"200","nanc":"0","nmsg":"UFN%20Curl%20Client%20Success%21","nhdr":"","naurl":"http%3A%2F%2Fdata.video.ptqy.gitv.tv%2Fv.f4v","neurl":"http%3A%2F%2Fdata.video.ptqy.gitv.tv%2Fv.f4v","ntc":"1","nipd":"59.39.2.6","nipl":"192.168.3.161","ncncn":"1","ncnct":"10","nnt":"0","npt":"10","nstt":"19","nttt":"19","nrdt":"0","nrdc":"0","ncntt":"application%2Fjson","nhsz":"219","nrsz":"201","nscc":"0","nsvr":"10000","nsv":"","ncc":"0","ntt":"22","naft":"1","ncft":"20","nuid":"22","ndt":"1","nsn":"antihijackhttps-strategy","ndtd":"1","natd":"1","nctd":"20","nsct":"0","naippd":"NULL%3A0","naipp":"NULL%3A0","namsgd":"","namsg":"","nasil"}
06-26 11:31:50.007 2644 2919 V UFUnilog: api_pingback_sender.cpp : 50 {fuc=ApiPingbackSender:SendSync(),logtag=pingback_getisp_22,api_pingback_data=:"","nart":"1750908710549","nrd":"data.video.ptqy.gitv.tv","ntp":"http","nri":"","nru":"","nrhc":"","nhcd":"200","nev":"","nipv":"4","nrw":"1","nrh":"","nct":"1","nfoc":"20000","ime":"0","nint":"0","nintd":"0","nba":"1","npa":"1","nsu":"1","nfrdt":"1","npd":"80","npr":"-1"}]}
06-26 11:31:50.011 2644 2938 V UFUnilog: UFNCurlClientHandleSocket.cpp : 128 {fuc=UFNMultiCurlClientImpl:HandleSocket(),logtag=op_anyget_26,interface_msg=MultiCurlImpl get ok!}
06-26 11:31:50.012 2644 2919 V UFUnilog: api_engine.cpp : 181 {fuc=APIEngine:Call(),logtag=pingback_op_anyget_23_31,interface_msg=Start Try!,try_count=0}
06-26 11:31:50.012 2644 2919 D UFUnilog: api_strategy_impl.cpp : 155 {fuc=APIStrategyImpl:JudgeStrategyOpporunity(),logtag=pingback_op_anyget_23_31,strategyname=antihijackhttps-strategy,interface_msg=Ignore Domain List,domain=msg.ptqy.gitv.tv}
06-26 11:31:50.012 2644 2919 V UFUnilog: api_strategy_impl.cpp : 378 {fuc=APIStrategyImpl:CreateStrategyResult(),logtag=pingback_op_anyget_23_31,strategyname=antihijackhttps-strategy,current_try_count=0,interface_msg=try to get ip list from dns_type = 1}
06-26 11:31:50.012 2644 2919 D UFUnilog: api_httpdns_query.cpp : 90 {fuc=APIHttpDnsQuery:GetIpListByDomainName(),interface_msg=try to get ip list by domain name msg.ptqy.gitv.tv}
06-26 11:31:50.012 2644 2919 D UFUnilog: api_httpdns_query.cpp : 113 {fuc=APIHttpDnsQuery:GetIpListByDomainName(),interface_msg=Get ip list success!,domain=msg.ptqy.gitv.tv}
06-26 11:31:50.012 2644 2919 V UFUnilog: api_strategy_impl.cpp : 485 {fuc=APIStrategyImpl:CreateStrategyResult(),logtag=pingback_op_anyget_23_31,strategyname=antihijackhttps-strategy,interface_msg=complete build strategy result,suggest_url_params=,suggest_protocol=}
06-26 11:31:50.012 2644 2919 V UFUnilog: UFNMultiCurlClientImpl.cpp : 24 {fuc=UFNMultiCurlClientImpl:Perform(),logtag=pingback_op_anyget_23_31,interface_msg=In}
06-26 11:31:50.015 2644 2961 I UFUnilog: UFNCurlClientImpl.cpp : 1199 {fuc=UFNCurlClientImpl:PerformEnd(),logtag=op_anyget_26,ufn_curl_client_code=0,http_code=200,code_msg=UFN Curl Client Success!}
06-26 11:31:50.015 2644 2961 I UFUnilog: UFNCurlClientImpl.cpp : 1322 {fuc=UFNCurlClientImpl:PerformEnd(),logtag=op_anyget_26,local_ip=192.168.3.161,server_ip=59.36.206.238,protocol_version=4,name_lookup_time=0ms,connect_time_out=12ms,ssl_connect_time=0ms,pre_transfer_time=13ms,start_transfer_time=25ms,redirect_time=0ms,response_time=25ms,curlclienttime=30ms,redirect_count=0,client_type=1,port=80}
06-26 11:31:50.015 2644 2961 I UFUnilog: UFNCurlClientImpl.cpp : 1325 {fuc=UFNCurlClientImpl:PerformEnd(),logtag=op_anyget_26,content_type=application/zip,recv_header_size=611,response_size=4572}
06-26 11:31:50.015 2644 2961 I UFUnilog: UFNCurlClientImpl.cpp : 1344 {fuc=UFNCurlClientImpl:PerformEnd(),logtag=op_anyget_26,verbose=Connecting to hostname: 59.36.206.238;Hostname 59.36.206.238 was found in DNS cache; Trying 59.36.206.238:80...;Connected to 59.36.206.238 (59.36.206.238) port 80 (#3);Mark bundle as not supporting multiuse;Connection #3 to host 59.36.206.238 left intact;}
06-26 11:31:50.015 2644 2961 I UFUnilog: UFNCurlClientImpl.cpp : 1352 {fuc=UFNCurlClientImpl:PerformEnd(),logtag=op_anyget_26,recv_data=PK
06-26 11:31:50.015 2644 2961 I UFUnilog: }
06-26 11:31:50.015 2644 2961 V UFUnilog: UFNMultiCurlClientImpl.cpp : 102 {fuc=UFNMultiCurlClientImpl:Perform(),logtag=op_anyget_26,interface_msg=Out}
06-26 11:31:50.015 2644 2944 I UNIPLAYERSDK: PluginHelper.cpp:62 [PluginHelper-libbasenetplugin]PluginHelper::correctModuleJsonPath, ret =1
06-26 11:31:50.015 2644 2944 I UNIPLAYERSDK: PluginManager.cpp:226 PluginManager::fillLocalPluginInfo(libbasenetplugin):, version=1.1107.0.16, path=/data/user/0/com.tv.kuaisou/files/libbasenetplugin/1.1107.0.16, pluginType=local
06-26 11:31:50.015 2644 2961 V UFUnilog: api_engine.cpp : 181 {fuc=APIEngine:Call(),logtag=op_anyget_26,interface_msg=Start Try!,try_count=1}
06-26 11:31:50.015 2644 2944 I UNIPLAYERSDK: PluginManager.cpp:532 PluginManager::WorkHandler::HandleMessage, what=20002, pluginId=LibPlayerPuma, observer=0xf2c02d00
06-26 11:31:50.015 2644 2944 I UNIPLAYERSDK: PluginManager.cpp:160 PluginManager::doCheckExistPlugin(LibPlayerPuma)
06-26 11:31:50.015 2644 2961 D UFUnilog: api_strategy_impl.cpp : 890 {fuc=APIStrategyImpl:PickConfig(),logtag=op_anyget_26,strategyname=httpdns-strategy,interface_msg=pick prior custom dns strategy}
06-26 11:31:50.015 2644 2944 I UNIPLAYERSDK: PlugInfoStore.cpp:400 PlugInfoStore::Buildin::getVersion(LibPlayerPuma) 0.0.0.0
06-26 11:31:50.015 2644 2961 D UFUnilog: api_strategy_impl.cpp : 155 {fuc=APIStrategyImpl:JudgeStrategyOpporunity(),logtag=op_anyget_26,strategyname=httpdns-strategy,interface_msg=Ignore Domain List,domain=stv.ptqy.gitv.tv}
06-26 11:31:50.016 2644 2961 I UFUnilog: api_engine.cpp : 381 {fuc=APIEngine:Call(),logtag=op_anyget_26,try_count=1,curl_detail_code=0,curl_detail_time=30ms,curl_handle_detail_time=25ms,server_ip_detail=59.36.206.238,dns_detail_type=1,http_detail_code=200,ip_detail_net_type=0,total_time=74ms,apicode=0}
06-26 11:31:50.016 2644 2961 W UNIPLAYERSDK: ApiUtil.cpp:245 ApiUtil::parse error! logtag = op_anyget_26, isSuccess=0, value.isObject()=0
06-26 11:31:50.016 2644 2961 W UNIPLAYERSDK: Result.cpp:32 DataModel::ParseResponse logtag = op_anyget_26, code = -100, unepected response = PK
06-26 11:31:50.016 2644 2944 I UNIPLAYERSDK: PlugInfoStore.cpp:677 PlugInfoStore::Server::getVersion(LibPlayerPuma) 4.8.1702.6907
06-26 11:31:50.016 2644 2944 I UNIPLAYERSDK: PlugInfoStore.cpp:448 PlugInfoStore::Local::getVersion(LibPlayerPuma) 0.0.0.0
06-26 11:31:50.016 2644 2944 I UNIPLAYERSDK: PlugInfoStore.cpp:251 PlugInfoStore::Default::getVersion(LibPlayerPuma) version = 4.8.1702.6611
06-26 11:31:50.016 2644 2944 I UNIPLAYERSDK: PlugInfoStore.cpp:510 PlugInfoStore::Candidate::getVersion(LibPlayerPuma) 4.8.1702.6907
06-26 11:31:50.016 2644 2944 I UNIPLAYERSDK: UpgradeStrategy.cpp:86 UpgradeStrategy::isNeedUpgrade( LibPlayerPuma ) - severValid = 1, defaultVer = 4.8.1702.6611, buildinVer = 0.0.0.0, localVer = 0.0.0.0, serverVer = 4.8.1702.6907, candicateVer = 4.8.1702.6907
06-26 11:31:50.016 2644 2944 I UNIPLAYERSDK: UpgradeStrategy.cpp:153 UpgradeStrategy::isNeedUpgrade( LibPlayerPuma ) isNeedUpgrade = 0, useVer = no version
06-26 11:31:50.016 2644 2944 I UNIPLAYERSDK: UpgradeStrategy.cpp:203 UpgradeStrategy::getUpgradeCtx() NULL
06-26 11:31:50.016 2644 2944 I UNIPLAYERSDK: PluginManager.cpp:182 PluginManager::fillLocalPluginInfo(LibPlayerPuma)
06-26 11:31:50.016 2644 2944 I UNIPLAYERSDK: PlugInfoStore.cpp:454 PlugInfoStore::Local::getLocalPluginInfo(LibPlayerPuma)
06-26 11:31:50.016 2644 2944 I UNIPLAYERSDK: PlugInfoStore.cpp:515 PlugInfoStore::Candidate::getCandidatePluginInfo(LibPlayerPuma)
06-26 11:31:50.017 2644 2944 I UNIPLAYERSDK: PlugInfoStore.cpp:386 PlugInfoStore::Buildin::getBuildinPluginInfo(LibPlayerPuma)
06-26 11:31:50.017 2644 2944 I UNIPLAYERSDK: PlugInfoStore.cpp:472 PlugInfoStore::Local::updateLocalInfo(LibPlayerPuma) new version = 4.8.1702.6907
06-26 11:31:50.017 2644 2944 D UNIUTIL : System.cpp:466 saveString _plugin_version : 4.8.1702.6907
06-26 11:31:50.021 2644 2919 V UFUnilog: UFNCurlClientHandleSocketPool.cpp : 46 {fuc=UFNMultiCurlClientHandleSocket:AddEasyHandle(),logtag=pingback_op_anyget_23_31,interface_msg=add easyCurl to MultiCurl!}
06-26 11:31:50.021 2644 2947 W UNIUTIL : ThreadPoolImpl.cpp:194 ThreadPoolImpl::setLargestPoolSize 16
06-26 11:31:50.021 2644 2947 W UNIUTIL : ThreadPoolImpl.cpp:194 ThreadPoolImpl::setLargestPoolSize 16
06-26 11:31:50.021 2644 2947 I UNIPLAYERSDK: WhiteListManager.cpp:180 WhiteListManager::updateConfig(), setMaxThreadPoolSize: 16
06-26 11:31:50.021 2644 2947 D UNIPLAYERSDK: WhiteListManager.cpp:161 key = mediaplayer_mp4 value = 2
06-26 11:31:50.022 2644 2947 D UNIPLAYERSDK: WhiteListManager.cpp:161 key = mediaplayer_set_volume value = 0
06-26 11:31:50.022 2644 2947 D UNIPLAYERSDK: WhiteListManager.cpp:161 key = min_retry_interval_time value = 15000
06-26 11:31:50.022 2644 2947 D UNIPLAYERSDK: WhiteListManager.cpp:161 key = need_filter_discontinuty value = 0
06-26 11:31:50.022 2644 2947 D UNIPLAYERSDK: WhiteListManager.cpp:161 key = network_config.common_strategy-apm_samplerate value = 100
06-26 11:31:50.022 2644 2947 D UNIPLAYERSDK: WhiteListManager.cpp:161 key = network_config.common_strategy-open_apm_monitor value = true
06-26 11:31:50.022 2644 2947 D UNIPLAYERSDK: WhiteListManager.cpp:161 key = network_config.itv_playCheck-strategy_config value = {"access_dispatch_enabled": true}
06-26 11:31:50.022 2644 2947 D UNIPLAYERSDK: WhiteListManager.cpp:161 key = network_config.multiexit_tracer-check_duration value = 180000
06-26 11:31:50.022 2644 2947 D UNIPLAYERSDK: WhiteListManager.cpp:161 key = network_config.multiexit_tracer-domain_list value = ["cache.video.ptqy.gitv.tv","data.video.ptqy.gitv.tv"]
06-26 11:31:50.022 2644 2947 D UNIPLAYERSDK: WhiteListManager.cpp:161 key = network_config.multiexit_tracer-func_open value = false
06-26 11:31:50.022 2644 2947 D UNIPLAYERSDK: WhiteListManager.cpp:161 key = network_config.ts_download-pingback_config value = {"sample_weight": 10, "force_pingback_failed": true, "batch_count": 1}
06-26 11:31:50.022 2644 2947 D UNIPLAYERSDK: WhiteListManager.cpp:161 key = network_config.vrs_dash-open_strategy_retry value = true
06-26 11:31:50.022 2644 2947 D UNIPLAYERSDK: WhiteListManager.cpp:161 key = network_config.vrs_dash-sdk_dash_domain_allow value = false
06-26 11:31:50.042 2644 2947 D UNIPLAYERSDK: WhiteListManager.cpp:161 key = open_ad_seamless_switch value = false
06-26 11:31:50.048 2644 2961 D CommonDataCallback-JNI: onDone!
06-26 11:31:50.048 2644 2961 D CommonDataCallback-JNI: onDone into!
06-26 11:31:50.048 2644 2961 E JNIHelper: getJNIEnv: Failed to obtain JNIEnv
06-26 11:31:50.066 2644 2938 V UFUnilog: UFNCurlClientHandleSocket.cpp : 128 {fuc=UFNMultiCurlClientImpl:HandleSocket(),logtag=pingback_op_anyget_23_31,interface_msg=MultiCurlImpl get ok!}
06-26 11:31:50.066 2644 2919 V UFUnilog: UFNMultiCurlClientImpl.cpp : 102 {fuc=UFNMultiCurlClientImpl:Perform(),logtag=pingback_op_anyget_23_31,interface_msg=Out}
06-26 11:31:50.067 2644 2919 V UFUnilog: api_engine.cpp : 181 {fuc=APIEngine:Call(),logtag=pingback_op_anyget_23_31,interface_msg=Start Try!,try_count=1}
06-26 11:31:50.070 2644 2919 D UFUnilog: api_strategy_impl.cpp : 155 {fuc=APIStrategyImpl:JudgeStrategyOpporunity(),logtag=pingback_op_anyget_23_31,strategyname=antihijackhttps-strategy,interface_msg=Ignore Domain List,domain=msg.ptqy.gitv.tv}
06-26 11:31:50.076 2644 2919 D UFUnilog: api_pingback_sender.cpp : 33 {fuc=ApiPingbackSender:SendSync(),logtag=pingback_op_anyget_23,interface_msg=send success!}
06-26 11:31:50.076 2644 2919 V UFUnilog: api_pingback_sender.cpp : 46 {fuc=ApiPingbackSender:SendSync(),logtag=pingback_op_anyget_23,api_pingback_data=msg=[{"t":"11","pf":"3","p":"31","p1":"312","p2":"3128","hostv":"","mac":"20-02-FE-19-C2-0E","u":"tv_9ebeab0821cc109c90e4626ac3a506cd","deviceid":"tv_9ebeab0821cc109c90e4626ac3a506cd_1750906610804_8810912147","nu":"","v":"2.1107.1.220408","device_type":"20180903095708913MvpgVmPh11974","pu":"","firmver":"SP1A.211105.004","hwver":"DBBOX-A2","hu":"","window_disable":"","chip":"","mod":"cn_s","memory":"1960M","processid":"","re":"1920x1080","os":"31","core":"4","daynight":"","rammode":"","entermode":"","channel":"","network":"","cbv":"2.1107","aver":"v4.1_1767_8b99c7b4","fver":"v4.0.1_656_63af7fd3","rn":"191363873","ct":"170620_network_request","nin":"op_anyget","ngctc":"0","ngtpn":"uniapi","ngt}
06-26 11:31:50.076 2644 2919 V UFUnilog: api_pingback_sender.cpp : 46 {fuc=ApiPingbackSender:SendSync(),logtag=pingback_op_anyget_23,api_pingback_data=pit":"60000","ngmrc":"5","ngct":"10000","ngtt":"15000","ngi":"true","nrqt":"get","nhc":"200","nanc":"0","nmsg":"UFN%20Curl%20Client%20Success%21","nhdr":"Authorization%3A1012441ef13ff000_Mi4xMTA3LjEuMjIwNDA4%20B63BDF64FF37D1495B559AD9148403259FBA6B0F760F83FB851E3904A7B2305440FF315625DDC79BDBAB3C0B1379815E%7C","naurl":"http%3A%2F%2Fstv.ptqy.gitv.tv%2Fstv%2F20240320%2F28515012%2F0%2Flottie_4fc5c825171491f83d8923c43166f02d.zip","neurl":"http%3A%2F%2Fstv.ptqy.gitv.tv%2Fstv%2F20240320%2F28515012%2F0%2Flottie_4fc5c825171491f83d8923c43166f02d.zip","ntc":"1","nipd":"59.36.206.238","nipl":"192.168.3.161","ncncn":"1","ncnct":"10","nnt":"0","npt":"11","nstt":"18","nttt":"19","nrdt":"0","nrdc":"0","ncnt}
06-26 11:31:50.076 2644 2919 V UFUnilog: api_pingback_sender.cpp : 50 {fuc=ApiPingbackSender:SendSync(),logtag=pingback_op_anyget_23,api_pingback_data=t":"application%2Fzip","nhsz":"611","nrsz":"4572","nscc":"0","nsvr":"10000","nsv":"","ncc":"0","ntt":"27","naft":"2","ncft":"21","nuid":"23","ndt":"1","nsn":"httpdns-strategy","ndtd":"1","natd":"2","nctd":"21","nsct":"0","naippd":"NULL%3A0","naipp":"NULL%3A0","namsgd":"","namsg":"","nasil":"","nart":"1750908710554","nrd":"stv.ptqy.gitv.tv","ntp":"http","nri":"","nru":"","nrhc":"","nhcd":"200","nev":"","nipv":"4","nrw":"1","nrh":"","nct":"1","nfoc":"20000","ime":"0","nint":"0","nintd":"0","nba":"1","npa":"1","nsu":"1","nfrdt":"1","npd":"80","npr":"-1"}]}
06-26 11:31:50.089 361 361 W hdr10p_Configure: 33 callbacks suppressed
06-26 11:31:50.089 361 361 I : DVI mode selected: packets not configured
06-26 11:31:50.089 361 361 W set_vsif_config: 33 callbacks suppressed
06-26 11:31:50.089 361 361 I : Error: set vsif failed
06-26 11:31:50.093 2644 2961 D CommonDataCallback-JNI: onDone JNIEnv!
06-26 11:31:50.098 2644 2919 V UFUnilog: api_engine.cpp : 181 {fuc=APIEngine:Call(),logtag=pingback_op_anyget_26_32,interface_msg=Start Try!,try_count=0}
06-26 11:31:50.098 2644 2919 D UFUnilog: api_strategy_impl.cpp : 155 {fuc=APIStrategyImpl:JudgeStrategyOpporunity(),logtag=pingback_op_anyget_26_32,strategyname=antihijackhttps-strategy,interface_msg=Ignore Domain List,domain=msg.ptqy.gitv.tv}
06-26 11:31:50.098 2644 2919 V UFUnilog: api_strategy_impl.cpp : 378 {fuc=APIStrategyImpl:CreateStrategyResult(),logtag=pingback_op_anyget_26_32,strategyname=antihijackhttps-strategy,current_try_count=0,interface_msg=try to get ip list from dns_type = 1}
06-26 11:31:50.098 2644 2919 D UFUnilog: api_httpdns_query.cpp : 90 {fuc=APIHttpDnsQuery:GetIpListByDomainName(),interface_msg=try to get ip list by domain name msg.ptqy.gitv.tv}
06-26 11:31:50.098 2644 2919 D UFUnilog: api_httpdns_query.cpp : 113 {fuc=APIHttpDnsQuery:GetIpListByDomainName(),interface_msg=Get ip list success!,domain=msg.ptqy.gitv.tv}
06-26 11:31:50.099 2644 2919 V UFUnilog: api_strategy_impl.cpp : 485 {fuc=APIStrategyImpl:CreateStrategyResult(),logtag=pingback_op_anyget_26_32,strategyname=antihijackhttps-strategy,interface_msg=complete build strategy result,suggest_url_params=,suggest_protocol=}
06-26 11:31:50.099 2644 2919 V UFUnilog: UFNMultiCurlClientImpl.cpp : 24 {fuc=UFNMultiCurlClientImpl:Perform(),logtag=pingback_op_anyget_26_32,interface_msg=In}
06-26 11:31:50.101 2644 2987 I galarytv_dfp: ping back readFromExternal: java.io.FileNotFoundException: /data/user/0/com.tv.kuaisou/files/.dfppb: open failed: ENOENT (No such file or directory)
06-26 11:31:50.103 2644 2919 V UFUnilog: UFNCurlClientHandleSocketPool.cpp : 46 {fuc=UFNMultiCurlClientHandleSocket:AddEasyHandle(),logtag=pingback_op_anyget_26_32,interface_msg=add easyCurl to MultiCurl!}
06-26 11:31:50.103 2644 2881 I galarytv_dfp: readFingerPrintLocalCache not expire dfp: 518ee055e2cebd4d098467c6a8e2312bd80b2c8fd462c959f135aeb1d9097bfd21
06-26 11:31:50.104 2644 2881 D TVUNIPLAYER: DeviceFingerInitTask : FingerPrintManager:success, fingerPrint=518ee055e2cebd4d098467c6a8e2312bd80b2c8fd462c959f135aeb1d9097bfd21
06-26 11:31:50.104 2644 2881 D TVUNIPLAYER: PlayerSdkImpl@d148665 : initSdkPluginUpgrade
06-26 11:31:50.104 2644 2881 I SdkConfig-JNI: SdkConfig_nativeGetExtraInfo enable: 1012441ef13ff000_Mi4xMTA3LjEuMjIwNDA4 B63BDF64FF37D1495B559AD9148403259FBA6B0F760F83FB851E3904A7B2305440FF315625DDC79BDBAB3C0B1379815E
06-26 11:31:50.115 361 361 I : DVI mode selected: packets not configured
06-26 11:31:50.115 361 361 I : Error: set vsif failed
06-26 11:31:50.110 2644 2881 W PluginManager: setUpdateFetcher:com.gala.video.player.PlayerSdkImpl$7@4d58938
06-26 11:31:50.111 2644 2881 W PluginManager: setDownloadListener:com.gala.video.player.PlayerSdkImpl$3@80aad11
06-26 11:31:50.112 2644 2881 W PluginHelper: setDownloadListener:com.gala.video.player.PlayerSdkImpl$3@80aad11
06-26 11:31:50.139 361 361 I : DVI mode selected: packets not configured
06-26 11:31:50.139 361 361 I : Error: set vsif failed
06-26 11:31:50.138 2644 2961 E NetWorkData-JNI: gala_player_NetWorkData: apicode
06-26 11:31:50.138 2644 2961 E NetWorkData-JNI: gala_player_NetWorkData: httpCode
06-26 11:31:50.138 2644 2961 E NetWorkData-JNI: gala_player_NetWorkData: reponse
06-26 11:31:50.138 2644 2961 D CommonDataCallback-JNI: onDone networkData!
06-26 11:31:50.138 2644 2961 D CommonDataCallback-JNI: onDone mCallback not null!
06-26 11:31:50.153 2644 2938 V UFUnilog: UFNCurlClientHandleSocket.cpp : 128 {fuc=UFNMultiCurlClientImpl:HandleSocket(),logtag=pingback_op_anyget_26_32,interface_msg=MultiCurlImpl get ok!}
06-26 11:31:50.154 2644 2919 V UFUnilog: UFNMultiCurlClientImpl.cpp : 102 {fuc=UFNMultiCurlClientImpl:Perform(),logtag=pingback_op_anyget_26_32,interface_msg=Out}
06-26 11:31:50.154 2644 2919 V UFUnilog: api_engine.cpp : 181 {fuc=APIEngine:Call(),logtag=pingback_op_anyget_26_32,interface_msg=Start Try!,try_count=1}
06-26 11:31:50.154 2644 2919 D UFUnilog: api_strategy_impl.cpp : 155 {fuc=APIStrategyImpl:JudgeStrategyOpporunity(),logtag=pingback_op_anyget_26_32,strategyname=antihijackhttps-strategy,interface_msg=Ignore Domain List,domain=msg.ptqy.gitv.tv}
06-26 11:31:50.154 2644 2919 D UFUnilog: api_pingback_sender.cpp : 33 {fuc=ApiPingbackSender:SendSync(),logtag=pingback_op_anyget_26,interface_msg=send success!}
06-26 11:31:50.154 2644 2919 V UFUnilog: api_pingback_sender.cpp : 46 {fuc=ApiPingbackSender:SendSync(),logtag=pingback_op_anyget_26,api_pingback_data=msg=[{"t":"11","pf":"3","p":"31","p1":"312","p2":"3128","hostv":"","mac":"20-02-FE-19-C2-0E","u":"tv_9ebeab0821cc109c90e4626ac3a506cd","deviceid":"tv_9ebeab0821cc109c90e4626ac3a506cd_1750906610804_8810912147","nu":"","v":"2.1107.1.220408","device_type":"20180903095708913MvpgVmPh11974","pu":"","firmver":"SP1A.211105.004","hwver":"DBBOX-A2","hu":"","window_disable":"","chip":"","mod":"cn_s","memory":"1960M","processid":"","re":"1920x1080","os":"31","core":"4","daynight":"","rammode":"","entermode":"","channel":"","network":"","cbv":"2.1107","aver":"v4.1_1767_8b99c7b4","fver":"v4.0.1_656_63af7fd3","rn":"191363873","ct":"170620_network_request","nin":"op_anyget","ngctc":"2","ngtpn":"uniapi","ngt}
06-26 11:31:50.154 2644 2919 V UFUnilog: api_pingback_sender.cpp : 46 {fuc=ApiPingbackSender:SendSync(),logtag=pingback_op_anyget_26,api_pingback_data=pit":"60000","ngmrc":"5","ngct":"10000","ngtt":"15000","ngi":"true","nrqt":"get","nhc":"200","nanc":"0","nmsg":"UFN%20Curl%20Client%20Success%21","nhdr":"Authorization%3A1012441ef13ff000_Mi4xMTA3LjEuMjIwNDA4%20B63BDF64FF37D1495B559AD9148403259FBA6B0F760F83FB851E3904A7B2305440FF315625DDC79BDBAB3C0B1379815E%7C","naurl":"http%3A%2F%2Fstv.ptqy.gitv.tv%2Fstv%2F20240320%2F28515012%2F0%2Flottie_4fc5c825171491f83d8923c43166f02d.zip","neurl":"http%3A%2F%2Fstv.ptqy.gitv.tv%2Fstv%2F20240320%2F28515012%2F0%2Flottie_4fc5c825171491f83d8923c43166f02d.zip","ntc":"1","nipd":"59.36.206.238","nipl":"192.168.3.161","ncncn":"1","ncnct":"12","nnt":"0","npt":"13","nstt":"25","nttt":"25","nrdt":"0","nrdc":"0","ncnt}
06-26 11:31:50.155 2644 2919 V UFUnilog: api_pingback_sender.cpp : 50 {fuc=ApiPingbackSender:SendSync(),logtag=pingback_op_anyget_26,api_pingback_data=t":"application%2Fzip","nhsz":"611","nrsz":"4572","nscc":"0","nsvr":"10000","nsv":"","ncc":"0","ntt":"74","naft":"1","ncft":"30","nuid":"26","ndt":"1","nsn":"httpdns-strategy","ndtd":"1","natd":"1","nctd":"30","nsct":"0","naippd":"NULL%3A0","naipp":"NULL%3A0","namsgd":"","namsg":"","nasil":"","nart":"1750908710599","nrd":"stv.ptqy.gitv.tv","ntp":"http","nri":"","nru":"","nrhc":"","nhcd":"200","nev":"","nipv":"4","nrw":"1","nrh":"","nct":"1","nfoc":"20000","ime":"0","nint":"0","nintd":"0","nba":"1","npa":"1","nsu":"1","nfrdt":"1","npd":"80","npr":"-1"}]}
06-26 11:31:50.152 2543 2543 I Timer-1 : type=1400 audit(0.0:1764): avc: denied { search } for name="net" dev="sysfs" ino=10442 scontext=u:r:platform_app:s0:c512,c768 tcontext=u:object_r:sysfs_net:s0 tclass=dir permissive=1 app=com.dangbei.screencast
06-26 11:31:50.164 361 361 I : DVI mode selected: packets not configured
06-26 11:31:50.164 361 361 I : Error: set vsif failed
06-26 11:31:50.160 2644 2881 I ImageProvider/Config: setMemoryCacheSize: memoryCacheSize = 5.0
06-26 11:31:50.160 2644 2881 I ImageProvider/Config: setInBitmapPoolSize: inBitmapPoolSize = 3.0
06-26 11:31:50.174 2601 2601 W audit : audit_lost=1301 audit_rate_limit=5 audit_backlog_limit=64
06-26 11:31:50.152 2543 2543 I Timer-1 : type=1400 audit(0.0:1765): avc: denied { read } for name="address" dev="sysfs" ino=16906 scontext=u:r:platform_app:s0:c512,c768 tcontext=u:object_r:sysfs_net:s0 tclass=file permissive=1 app=com.dangbei.screencast
06-26 11:31:50.174 2601 2601 E audit : rate limit exceeded
06-26 11:31:50.180 361 361 I : DVI mode selected: packets not configured
06-26 11:31:50.180 361 361 I : Error: set vsif failed
06-26 11:31:50.152 2543 2543 I Timer-1 : type=1400 audit(0.0:1766): avc: denied { open } for path="/sys/devices/virtual/net/dummy0/address" dev="sysfs" ino=16906 scontext=u:r:platform_app:s0:c512,c768 tcontext=u:object_r:sysfs_net:s0 tclass=file permissive=1 app=com.dangbei.screencast
06-26 11:31:50.152 2543 2543 I Timer-1 : type=1400 audit(0.0:1767): avc: denied { getattr } for path="/sys/devices/virtual/net/dummy0/address" dev="sysfs" ino=16906 scontext=u:r:platform_app:s0:c512,c768 tcontext=u:object_r:sysfs_net:s0 tclass=file permissive=1 app=com.dangbei.screencast
06-26 11:31:50.197 361 361 I : DVI mode selected: packets not configured
06-26 11:31:50.197 361 361 I : Error: set vsif failed
06-26 11:31:50.193 2644 2881 D TVUNIPLAYER: HookUtil : myUid != SYSTEM_UID, myUid = 10077
06-26 11:31:50.197 2644 2973 E TVUNIPLAYER: SDK/ErrorCodeWrapper : getNetworkData json { "data": [{ "code": "A00000", "type": "vrs", "desc": "请求成功", "content": "" }, { "code": "A00001", "type": "vrs", "desc": "请求参数无效", "content": "一个小意外发生了(A00001)\n请稍后重试" }, { "code": "A00002", "type": "vrs", "desc": "请求无权限", "content": "一个小意外发生了(A00002)\n请稍后重试" }, { "code": "A00003", "type": "vrs", "desc": "内部请求异常", "content": "一个小意外发生了(A00003)\n请稍后重试" }, { "code": "A00004", "type": "vrs", "desc": "请求无数据", "content": "一个小意外发生了(A00004)\n请稍后重试" }, { "code": "A00005", "type": "vrs", "desc": "请求数据为不可用状态,qipu is_enable=false或者没有is_enable字段", "content": "" }, { "code": "A00006", "type": "vrs", "desc": "tvid为负数或0", "content": "" }, { "code": "A00020", "type": "vrs", "desc": "时间戳
06-26 11:31:50.199 2644 2973 D TVUNIPLAYER: SDK/ErrorCodeWrapper : onSuccess: http://static.ptqy.gitv.tv/ext/tv/sdk/error_msg.json json is empty : false
06-26 11:31:50.199 2644 2973 D TVUNIPLAYER: SDK/ErrorCodeWrapper : >>>>>json length:50933
06-26 11:31:50.200 2644 2961 D TVUNIPLAYER: BitStreamConfigParse@3cc1ba8 : fetchNetDate bitStreamAnimator onDone:0/200
06-26 11:31:50.214 361 361 I : DVI mode selected: packets not configured
06-26 11:31:50.214 361 361 I : Error: set vsif failed
06-26 11:31:50.230 361 361 I : DVI mode selected: packets not configured
06-26 11:31:50.230 361 361 I : Error: set vsif failed
06-26 11:31:50.230 2644 2963 I TVUNIPLAYER: BitStreamConfigParse@3cc1ba8 : get network bitStreamAnimation data success: PK
06-26 11:31:50.230 2644 2961 D CommonDataCallback-JNI: onDone CallVoidMethod!
06-26 11:31:50.231 2644 2961 V UFUnilog: api_engine.cpp : 181 {fuc=APIEngine:Call(),logtag=itv_imgDocs_27,interface_msg=Start Try!,try_count=0}
06-26 11:31:50.231 2644 2961 D UFUnilog: api_strategy_impl.cpp : 890 {fuc=APIStrategyImpl:PickConfig(),logtag=itv_imgDocs_27,strategyname=httpdns-strategy,interface_msg=pick prior custom dns strategy}
06-26 11:31:50.231 2644 2961 I UFUnilog: api_strategy_impl.cpp : 205 {fuc=APIStrategyImpl:JudgeStrategyOpporunity(),logtag=itv_imgDocs_27,strategyname=httpdns-strategy,interface_msg=Use strategy because force strategy invoke when first effective try number request}
06-26 11:31:50.231 2644 2961 V UFUnilog: api_strategy_impl.cpp : 378 {fuc=APIStrategyImpl:CreateStrategyResult(),logtag=itv_imgDocs_27,strategyname=httpdns-strategy,current_try_count=0,interface_msg=try to get ip list from dns_type = 1}
06-26 11:31:50.231 2644 2961 D UFUnilog: api_httpdns_query.cpp : 90 {fuc=APIHttpDnsQuery:GetIpListByDomainName(),interface_msg=try to get ip list by domain name sdk.ptqy.gitv.tv}
06-26 11:31:50.231 2644 2961 D UFUnilog: api_httpdns_query.cpp : 113 {fuc=APIHttpDnsQuery:GetIpListByDomainName(),interface_msg=Get ip list success!,domain=sdk.ptqy.gitv.tv}
