06-26 11:31:39.110 1281 1281 I wpa_supplicant: wlan0: CTRL-EVENT-CONNECTED - Connection to 58:c7:ac:78:f0:02 completed [id=0 id_str=%7B%22configKey%22%3A%22%5C%22DZNB%5C%22WPA_PSK%22%2C%22creatorUid%22%3A%2210025%22%7D]
06-26 11:31:39.111 403 417 I adbd : jdwp connection from 1975
06-26 11:31:39.121 480 522 I EthernetTracker: interfaceLinkStateChanged, iface: wlan0, up: true
06-26 11:31:39.121 480 522 W PppoeNetworkFactory: interfaceLinkStateChanged
06-26 11:31:39.121 480 522 D PppoeNetworkFactory: updateInterface: mIface: mPhyIface:eth0 iface:wlan0 link:up
06-26 11:31:39.121 480 522 D PppoeNetworkFactory: not tracker interface
06-26 11:31:39.147 1111 1582 I dangbei ad sdk: AdSplashView::show offline ad
06-26 11:31:39.177 480 1247 D CompatibilityChangeReporter: Compat change id reported: 168419799; UID 10073; state: DISABLED
06-26 11:31:39.200 1975 1975 D CompatibilityChangeReporter: Compat change id reported: 171979766; UID 10073; state: DISABLED
06-26 11:31:39.209 1363 1363 D RockyReceiver: action: android.net.wifi.STATE_CHANGE
06-26 11:31:39.211 480 1247 E ConnectivityService: Exception = android.content.pm.PackageManager$NameNotFoundException: android.net.cts
06-26 11:31:39.212 480 611 I WifiService: onDriverCountryCodeChanged CN
06-26 11:31:39.215 480 497 I system_server: Background young concurrent copying GC freed 159308(8126KB) AllocSpace objects, 78(1880KB) LOS objects, 27% free, 14MB/20MB, paused 25.065ms total 1.258s
06-26 11:31:39.221 1111 1111 W eventbuscore: post Event:com.dangbei.leard.base.entity.event.NetWifiRssiEvent
06-26 11:31:39.242 1095 1095 E sprdwl : reorder_msdu_process: BA SESSION IS NO ACTIVE sta_lut_index: 6, tid: 0
06-26 11:31:39.252 1975 1975 D ApplicationLoaders: Returning zygote-cached class loader: /system/framework/android.test.base.jar
06-26 11:31:39.267 1363 1363 D RockyReceiver: action: android.net.wifi.STATE_CHANGE
06-26 11:31:39.268 480 1247 E ConnectivityService: Exception = android.content.pm.PackageManager$NameNotFoundException: android.net.cts
06-26 11:31:39.276 2016 2016 I rgb_led_ctl: type=1400 audit(0.0:628): avc: denied { write } for name="spidev1.0" dev="tmpfs" ino=6711 scontext=u:r:init:s0 tcontext=u:object_r:device:s0 tclass=chr_file permissive=1
06-26 11:31:39.276 2016 2016 I rgb_led_ctl: type=1400 audit(0.0:629): avc: denied { open } for path="/dev/spidev1.0" dev="tmpfs" ino=6711 scontext=u:r:init:s0 tcontext=u:object_r:device:s0 tclass=chr_file permissive=1
06-26 11:31:39.276 2016 2016 I rgb_led_ctl: type=1400 audit(0.0:630): avc: denied { ioctl } for path="/dev/spidev1.0" dev="tmpfs" ino=6711 ioctlcmd=0x6b01 scontext=u:r:init:s0 tcontext=u:object_r:device:s0 tclass=chr_file permissive=1
06-26 11:31:39.304 1363 1363 D RockyReceiver: action: android.net.wifi.STATE_CHANGE
06-26 11:31:39.305 480 1247 E ConnectivityService: Exception = android.content.pm.PackageManager$NameNotFoundException: android.net.cts
06-26 11:31:39.309 480 611 D ConnectivityService: registerNetworkAgent NetworkAgentInfo{network{100} handle{432902426637} ni{WIFI CONNECTING extra: } Score(60 ; KeepConnected : 0 ; Policies : IS_UNMETERED) lp{{LinkAddresses: [ ] DnsAddresses: [ ] Domains: null MTU: 0 Routes: [ ]}} nc{[ Transports: WIFI Capabilities: NOT_METERED&INTERNET&NOT_RESTRICTED&TRUSTED&NOT_VPN&NOT_ROAMING&FOREGROUND&NOT_CONGESTED&NOT_SUSPENDED&NOT_VCN_MANAGED LinkUpBandwidth>=866000Kbps LinkDnBandwidth>=866000Kbps Specifier: TransportInfo: OwnerUid: 10025 AdminUids: [10025] SSID: "DZNB"]}}
06-26 11:31:39.315 1281 1281 E wpa_supplicant: nl80211: kernel reports: unexpected nested data
06-26 11:31:39.325 1363 1363 D RockyReceiver: action: android.net.wifi.STATE_CHANGE
06-26 11:31:39.331 480 1433 E ConnectivityService: Exception = android.content.pm.PackageManager$NameNotFoundException: android.net.cts
06-26 11:31:39.332 655 655 E WifiHAL : wifi_get_packet_filter_capabilities: requestResponse() error: -3
06-26 11:31:39.332 655 655 I WifiHAL : Packet filtering is not supprted
06-26 11:31:39.345 655 655 E WifiHAL : wifi_get_link_stats: requestResponse Error:-5
06-26 11:31:39.347 480 611 E WifiVendorHal: getWifiLinkLayerStats_1_5_Internal(l.1191) failed {.code = ERROR_INVALID_ARGS, .description = }
06-26 11:31:39.368 480 1247 D CompatibilityChangeReporter: Compat change id reported: 171306433; UID 1073; state: ENABLED
06-26 11:31:39.371 1975 1975 V GraphicsEnvironment: ANGLE Developer option for 'com.android.permissioncontroller' set to: 'default'
06-26 11:31:39.371 1975 1975 V GraphicsEnvironment: Neither updatable production driver nor prerelease driver is supported.
06-26 11:31:39.368 785 785 I IpClient.wlan0: type=1400 audit(0.0:631): avc: denied { search } for name="net" dev="sysfs" ino=10442 scontext=u:r:network_stack:s0 tcontext=u:object_r:sysfs_net:s0 tclass=dir permissive=1
06-26 11:31:39.368 785 785 I IpClient.wlan0: type=1400 audit(0.0:632): avc: denied { read } for name="address" dev="sysfs" ino=16906 scontext=u:r:network_stack:s0 tcontext=u:object_r:sysfs_net:s0 tclass=file permissive=1
06-26 11:31:39.380 1975 1975 D NetworkSecurityConfig: No Network Security Config specified, using platform default
06-26 11:31:39.382 1421 1421 W audit : audit_lost=211 audit_rate_limit=5 audit_backlog_limit=64
06-26 11:31:39.381 1975 1975 D NetworkSecurityConfig: No Network Security Config specified, using platform default
06-26 11:31:39.382 1421 1421 E audit : rate limit exceeded
06-26 11:31:39.385 655 655 E WifiHAL : wifi_get_link_stats: requestResponse Error:-5
06-26 11:31:39.387 480 611 E WifiVendorHal: getWifiLinkLayerStats_1_5_Internal(l.1191) failed {.code = ERROR_INVALID_ARGS, .description = }
06-26 11:31:39.403 361 361 W hdr10p_Configure: 200 callbacks suppressed
06-26 11:31:39.403 361 361 I : DVI mode selected: packets not configured
06-26 11:31:39.403 361 361 W set_vsif_config: 200 callbacks suppressed
06-26 11:31:39.403 361 361 I : Error: set vsif failed
06-26 11:31:39.426 1975 1975 I CarUiInstaller: CarUiInstaller started for com.android.permissioncontroller
06-26 11:31:39.446 480 618 D ConnectivityService: [100 WIFI] EVENT_NETWORK_INFO_CHANGED, going from CONNECTING to CONNECTING
06-26 11:31:39.450 480 611 E WifiVendorHal: configureNeighborDiscoveryOffload(l.2704) failed {.code = ERROR_INVALID_ARGS, .description = }
06-26 11:31:39.461 480 618 D ConnectivityService: NetReassign [no changes]
06-26 11:31:39.469 480 618 D ConnectivityService: NetReassign [no changes]
06-26 11:31:39.472 1975 1975 W Role : Cannot get ApplicationInfo for default holder: com.android.messaging
06-26 11:31:39.479 361 361 I : DVI mode selected: packets not configured
06-26 11:31:39.479 361 361 I : Error: set vsif failed
06-26 11:31:39.514 480 618 D ConnectivityService: Adding iface wlan0 to network 100
06-26 11:31:39.520 1975 1975 I HibernationPolicy: scheduleHibernationJob with frequency 1296000000ms and threshold 7776000000ms
06-26 11:31:39.523 248 248 E Netd : no such netId 100
06-26 11:31:39.523 1975 1975 I HibernationPolicy: user 0 is a profileowner. Running hibernation job.
06-26 11:31:39.524 480 618 W ConnectivityService: Exception adding interface: android.os.ServiceSpecificException: Machine is not on the network (code 64)
06-26 11:31:39.525 1975 1975 I HibernationPolicy: Job already scheduled.
06-26 11:31:39.526 248 248 E Netd : no such netId 100
06-26 11:31:39.528 480 1472 D CompatibilityChangeReporter: Compat change id reported: 135634846; UID 10021; state: DISABLED
06-26 11:31:39.528 480 1472 D CompatibilityChangeReporter: Compat change id reported: 177438394; UID 10021; state: DISABLED
06-26 11:31:39.528 480 1472 D CompatibilityChangeReporter: Compat change id reported: 135772972; UID 10021; state: DISABLED
06-26 11:31:39.528 480 1472 D CompatibilityChangeReporter: Compat change id reported: 135754954; UID 10021; state: ENABLED
06-26 11:31:39.539 480 537 D CompatibilityChangeReporter: Compat change id reported: 143937733; UID 10021; state: ENABLED
06-26 11:31:39.563 361 361 I : DVI mode selected: packets not configured
06-26 11:31:39.563 361 361 I : Error: set vsif failed
06-26 11:31:39.563 480 618 W BestClock: java.time.DateTimeException: Missing NTP fix
06-26 11:31:39.564 249 249 D Zygote : Forked child process 2048
06-26 11:31:39.566 480 537 I ActivityManager: app.processName = com.android.providers.calendar
06-26 11:31:39.566 480 537 I ActivityManager: Start proc 2048:com.android.providers.calendar/u0a21 for broadcast {com.android.providers.calendar/com.android.providers.calendar.CalendarReceiver}
06-26 11:31:39.567 184 184 E SELinux : avc: denied { find } for pid=2041 uid=0 name=activity scontext=u:r:preinstall:s0 tcontext=u:object_r:activity_service:s0 tclass=service_manager permissive=1
06-26 11:31:39.581 1118 1118 D aaa : LedStatusService onStartCommand begin
06-26 11:31:39.585 2048 2048 I Zygote : seccomp disabled by setenforce 0
06-26 11:31:39.586 1118 2052 D aaa : topPkg is -------------- :com.dangbei.leard.leradlauncher
06-26 11:31:39.612 403 417 I adbd : jdwp connection from 2048
06-26 11:31:39.627 655 655 E WifiHAL : wifi_get_link_stats: requestResponse Error:-5
06-26 11:31:39.629 480 611 E WifiVendorHal: getWifiLinkLayerStats_1_5_Internal(l.1191) failed {.code = ERROR_INVALID_ARGS, .description = }
06-26 11:31:39.640 1111 1273 D AppManager: checkLocalAppsIsValid:
06-26 11:31:39.644 1111 1536 D hq : NetWorkStateReceiver:::检查网络,并且持续更新 isConnect=false
06-26 11:31:39.644 480 618 W BestClock: java.time.DateTimeException: Missing NTP fix
06-26 11:31:39.664 480 1472 D CompatibilityChangeReporter: Compat change id reported: 168419799; UID 10021; state: DISABLED
06-26 11:31:39.669 785 1421 D DhcpClient: l2key: Wd584830ee1ca39b4 lease address: /192.168.3.161 lease expiry: 1750912244403 current time: 1750908699667
06-26 11:31:39.672 1111 1540 E hq : ErrorCoroutineExceptionHandler:::runTry error:java.net.UnknownHostException: Unable to resolve host "ottdbui-tyapiqun7.yysh.mgtv.com": No address associated with hostname from=requestAppUpdateInfo 2
06-26 11:31:39.682 785 1421 D DhcpClient: Broadcasting DHCPREQUEST ciaddr=0.0.0.0 request=192.168.3.161 serverid=null
06-26 11:31:39.691 2048 2048 D CompatibilityChangeReporter: Compat change id reported: 171979766; UID 10021; state: ENABLED
06-26 11:31:39.695 480 609 W BestClock: java.time.DateTimeException: Missing NTP fix
06-26 11:31:39.696 480 609 W BestClock: java.time.DateTimeException: Missing NTP fix
06-26 11:31:39.747 480 523 D AW_CODE : rotation =0
06-26 11:31:39.753 480 480 W InputMethodManagerService: Illegal subtype state: old subtype = null, new subtype = android.view.inputmethod.InputMethodSubtype@129f21f8
06-26 11:31:39.754 480 523 D AW_CODE : rotation =0
06-26 11:31:39.757 480 523 D AW_CODE : rotation =0
06-26 11:31:39.772 2048 2048 V GraphicsEnvironment: ANGLE Developer option for 'com.android.providers.calendar' set to: 'default'
06-26 11:31:39.773 2048 2048 V GraphicsEnvironment: Neither updatable production driver nor prerelease driver is supported.
06-26 11:31:39.780 361 361 I : DVI mode selected: packets not configured
06-26 11:31:39.780 361 361 I : Error: set vsif failed
06-26 11:31:39.776 785 1421 D DhcpClient: Received packet: b4:2f:03:15:e8:b9 ACK: your new IP /192.168.3.161, netmask /255.255.254.0, gateways [/192.168.3.1] DNS servers: /202.96.134.133 /202.96.128.166 , lease time 3600
06-26 11:31:39.780 785 1421 D DhcpClient: Confirmed lease: android.net.networkstack.DhcpResults@ceeff49 DHCP server /192.168.3.1 Vendor info null lease 3600 seconds Servername
06-26 11:31:39.783 2048 2048 D NetworkSecurityConfig: No Network Security Config specified, using platform default
06-26 11:31:39.783 2048 2048 D NetworkSecurityConfig: No Network Security Config specified, using platform default
06-26 11:31:39.813 361 361 I : DVI mode selected: packets not configured
06-26 11:31:39.813 361 361 I : Error: set vsif failed
06-26 11:31:39.827 1363 1363 D RockyReceiver: action: android.net.wifi.STATE_CHANGE
06-26 11:31:39.829 480 1472 E ConnectivityService: Exception = android.content.pm.PackageManager$NameNotFoundException: android.net.cts
06-26 11:31:39.836 361 361 I : DVI mode selected: packets not configured
06-26 11:31:39.836 361 361 I : Error: set vsif failed
06-26 11:31:39.841 785 1421 D DhcpClient: Scheduling renewal in 1799s
06-26 11:31:39.841 785 1421 D DhcpClient: Scheduling rebind in 3149s
06-26 11:31:39.842 785 1421 D DhcpClient: Scheduling expiry in 3599s
06-26 11:31:39.849 248 248 E Netd : no such netId 100
06-26 11:31:39.849 480 618 E ConnectivityService: Exception in networkAddRouteParcel for non-gateway: android.os.ServiceSpecificException: Machine is not on the network (code 64)
06-26 11:31:39.850 248 248 E Netd : no such netId 100
06-26 11:31:39.852 480 618 E ConnectivityService: Exception in networkAddRouteParcel for gateway: android.os.ServiceSpecificException: Machine is not on the network (code 64)
06-26 11:31:39.863 361 361 I : DVI mode selected: packets not configured
06-26 11:31:39.863 361 361 I : Error: set vsif failed
06-26 11:31:39.880 361 361 I : DVI mode selected: packets not configured
06-26 11:31:39.880 361 361 I : Error: set vsif failed
06-26 11:31:39.875 1363 1363 D RockyReceiver: action: android.net.wifi.STATE_CHANGE
06-26 11:31:39.872 480 618 W BestClock: java.time.DateTimeException: Missing NTP fix
06-26 11:31:39.882 480 806 E ConnectivityService: Exception = android.content.pm.PackageManager$NameNotFoundException: android.net.cts
06-26 11:31:39.898 361 361 I : DVI mode selected: packets not configured
06-26 11:31:39.898 361 361 I : Error: set vsif failed
06-26 11:31:39.889 480 524 W IorapForwardingService: No service published for: iorapd
06-26 11:31:39.913 2048 2048 I CalendarProvider2: Created com.android.providers.calendar.CalendarAlarmManager@307d259(com.android.providers.calendar.CalendarProvider2@641de1e)
06-26 11:31:39.933 2048 2103 D CompatibilityChangeReporter: Compat change id reported: 160794467; UID 10021; state: ENABLED
06-26 11:31:39.935 480 618 W BestClock: java.time.DateTimeException: Missing NTP fix
06-26 11:31:39.944 480 609 W BestClock: java.time.DateTimeException: Missing NTP fix
06-26 11:31:39.945 480 609 W BestClock: java.time.DateTimeException: Missing NTP fix
06-26 11:31:39.946 480 618 D ConnectivityService: Setting DNS servers for network 100 to [/202.96.134.133, /202.96.128.166]
06-26 11:31:39.947 480 611 W WifiScoreReport: Cannot start external scoring netId=100 currentNetId=100 currentNetCapabilities=[ Transports: WIFI Capabilities: NOT_METERED&INTERNET&NOT_RESTRICTED&TRUSTED&NOT_VPN&NOT_ROAMING&NOT_CONGESTED&NOT_SUSPENDED&NOT_VCN_MANAGED LinkUpBandwidth>=12000Kbps LinkDnBandwidth>=60000Kbps Specifier: TransportInfo: SignalStrength: -46 OwnerUid: 10025 AdminUids: [10025] SSID: "DZNB"] sessionId=1008
06-26 11:31:39.958 480 618 W BestClock: java.time.DateTimeException: Missing NTP fix
06-26 11:31:39.965 480 1472 D CompatibilityChangeReporter: Compat change id reported: 171306433; UID 10021; state: ENABLED
06-26 11:31:39.969 480 806 D CompatibilityChangeReporter: Compat change id reported: 143231523; UID 10021; state: DISABLED
06-26 11:31:39.993 480 618 W BestClock: java.time.DateTimeException: Missing NTP fix
06-26 11:31:40.002 1 1 I init : Service 'preinstall' (pid 1631) exited with status 0 oneshot service took 3.304000 seconds in background
06-26 11:31:39.995 480 609 W BestClock: java.time.DateTimeException: Missing NTP fix
06-26 11:31:39.996 480 609 W BestClock: java.time.DateTimeException: Missing NTP fix
06-26 11:31:40.000 480 618 D ConnectivityService: [100 WIFI] EVENT_NETWORK_INFO_CHANGED, going from CONNECTING to CONNECTED
06-26 11:31:40.010 480 618 D DnsManager: sendDnsConfigurationForNetwork(100, [202.96.134.133, 202.96.128.166], [], 1800, 25, 8, 64, 0, 0, , [])
06-26 11:31:40.014 361 361 I : DVI mode selected: packets not configured
06-26 11:31:40.014 361 361 I : Error: set vsif failed
06-26 11:31:40.015 480 618 W DnsManager: updatePrivateDns(100, PrivateDnsConfig{true:/[]})
06-26 11:31:40.016 480 618 D ConnectivityService: Setting DNS servers for network 100 to [/202.96.134.133, /202.96.128.166]
06-26 11:31:40.021 480 618 D DnsManager: sendDnsConfigurationForNetwork(100, [202.96.134.133, 202.96.128.166], [], 1800, 25, 8, 64, 0, 0, , [202.96.134.133, 202.96.128.166])
06-26 11:31:40.024 480 618 D ConnectivityService: Adding iface wlan0 to network 100
06-26 11:31:40.029 248 2109 W resolv : Validating DnsTlsServer 202.96.128.166 with mark 0xf0064
06-26 11:31:40.030 248 2109 W resolv : Socket failed to connect: Network is unreachable
06-26 11:31:40.031 248 2109 W resolv : TCP Handshake failed: 101
06-26 11:31:40.031 248 2109 W resolv : query failed
06-26 11:31:40.031 248 2109 W resolv : validateDnsTlsServer returned 0 for 202.96.128.166
06-26 11:31:40.031 248 2109 W resolv : Validation failed
06-26 11:31:40.037 248 2110 W resolv : Validating DnsTlsServer 202.96.134.133 with mark 0xf0064
06-26 11:31:40.038 248 2110 W resolv : Socket failed to connect: Network is unreachable
06-26 11:31:40.040 248 2110 W resolv : TCP Handshake failed: 101
06-26 11:31:40.041 248 2110 W resolv : query failed
06-26 11:31:40.042 480 1463 D WifiMemoryStoreImpl: Set cluster G78c452f8e69b0d71 for Wc68a91597186e3f0: SUCCESS
06-26 11:31:40.042 248 2110 W resolv : validateDnsTlsServer returned 0 for 202.96.134.133
06-26 11:31:40.042 248 2110 W resolv : Validation failed
06-26 11:31:40.045 480 1433 D CompatibilityChangeReporter: Compat change id reported: 168419799; UID 10074; state: DISABLED
06-26 11:31:40.052 480 618 D ConnectivityService: Setting DNS servers for network 100 to [/202.96.134.133, /202.96.128.166]
06-26 11:31:40.053 480 618 D DnsManager: sendDnsConfigurationForNetwork(100, [202.96.134.133, 202.96.128.166], [], 1800, 25, 8, 64, 0, 0, , [202.96.134.133, 202.96.128.166])
06-26 11:31:40.055 248 2112 W resolv : Validating DnsTlsServer 202.96.128.166 with mark 0xf0064
06-26 11:31:40.059 248 2113 W resolv : Validating DnsTlsServer 202.96.134.133 with mark 0xf0064
06-26 11:31:40.080 480 1472 D CompatibilityChangeReporter: Compat change id reported: 168419799; UID 10017; state: DISABLED
06-26 11:31:40.085 480 1433 D WifiMemoryStoreImpl: Set cluster G78c452f8e69b0d71 for Waf9d7ad716a4965e: SUCCESS
06-26 11:31:40.089 480 618 W BestClock: java.time.DateTimeException: Missing NTP fix
06-26 11:31:40.101 1118 1118 D aaa : LedStatusService onStartCommand begin
06-26 11:31:40.101 1111 1273 D AppManager: checkLocalAppsIsValid: success
06-26 11:31:40.102 1118 2116 D aaa : topPkg is -------------- :com.dangbei.leard.leradlauncher
06-26 11:31:40.108 480 1433 D CompatibilityChangeReporter: Compat change id reported: 135634846; UID 10061; state: DISABLED
06-26 11:31:40.108 480 1433 D CompatibilityChangeReporter: Compat change id reported: 177438394; UID 10061; state: DISABLED
06-26 11:31:40.108 480 1433 D CompatibilityChangeReporter: Compat change id reported: 135772972; UID 10061; state: DISABLED
06-26 11:31:40.108 480 1433 D CompatibilityChangeReporter: Compat change id reported: 135754954; UID 10061; state: ENABLED
06-26 11:31:40.109 480 537 D CompatibilityChangeReporter: Compat change id reported: 143937733; UID 10061; state: ENABLED
06-26 11:31:40.137 249 249 D Zygote : Forked child process 2118
06-26 11:31:40.138 480 537 I ActivityManager: app.processName = com.android.remoteprovisioner
06-26 11:31:40.138 480 537 I ActivityManager: Start proc 2118:com.android.remoteprovisioner/u0a61 for broadcast {com.android.remoteprovisioner/com.android.remoteprovisioner.BootReceiver}
06-26 11:31:40.144 480 618 W BestClock: java.time.DateTimeException: Missing NTP fix
06-26 11:31:40.151 480 609 W BestClock: java.time.DateTimeException: Missing NTP fix
06-26 11:31:40.152 2118 2118 I Zygote : seccomp disabled by setenforce 0
06-26 11:31:40.154 480 609 W BestClock: java.time.DateTimeException: Missing NTP fix
06-26 11:31:40.187 403 417 I adbd : jdwp connection from 2118
06-26 11:31:40.220 480 1472 D CompatibilityChangeReporter: Compat change id reported: 168419799; UID 10061; state: DISABLED
06-26 11:31:40.238 480 1463 D WifiMemoryStoreImpl: Set cluster G78c452f8e69b0d71 for Wd584830ee1ca39b4: SUCCESS
06-26 11:31:40.242 480 618 D ConnectivityService: NetReassign [27 : null → 100, 21 : null → 100, 1 : null → 100, 17 : null → 100, 23 : null → 100, 10 : null → 100, 19 : null → 100, 3 : null → 100]
06-26 11:31:40.242 2118 2118 D CompatibilityChangeReporter: Compat change id reported: 171979766; UID 10061; state: ENABLED
06-26 11:31:40.247 480 618 D ConnectivityService: Switching to new default network for: uid/pid:1000/480 activeRequest: 1 callbackRequest: 1 [NetworkRequest [ REQUEST id=1, [ Capabilities: INTERNET&NOT_RESTRICTED&TRUSTED&NOT_VPN&NOT_VCN_MANAGED RequestorUid: 1000 RequestorPkg: android] ]] callback flags: 1 priority: 2147483647 using NetworkAgentInfo{network{100} handle{432902426637} ni{WIFI CONNECTED extra: } Score(60 ; KeepConnected : 0 ; Policies : TRANSPORT_PRIMARY&IS_UNMETERED) lp{{InterfaceName: wlan0 LinkAddresses: [ fe80::c175:c130:1ef1:4ed/64,192.168.3.161/23 ] DnsAddresses: [ /202.96.134.133,/202.96.128.166 ] Domains: null MTU: 0 ServerAddress: /192.168.3.1 TcpBufferSizes: 524288,1048576,2097152,262144,524288,1048576 Routes: [ fe80::/64 -> :: wlan0 mtu 0,192.168.2.0/23 -> 0.0.0.0 wlan0 mtu 0,0.0.0.0/0 -> 192.168.3.1 wlan0 mtu 0 ]}} nc{[ Transports: WIFI Capabilities: NOT_METERED&INTERNET&NOT_RESTRICTED&TRUSTED&NOT_VPN&NOT_ROAMING&FOREGROUND&NOT_CONGESTED&NOT_SUSPENDED&NOT_VCN_MANAGED LinkUpBandwidth>=12000Kbps LinkDnBandwidth>=60000Kbps Specifier: TransportInfo: SignalStrength: -46 OwnerUid: 10025 AdminUids: [10025] SSID: "DZNB"]}}
06-26 11:31:40.266 480 618 W BestClock: java.time.DateTimeException: Missing NTP fix
06-26 11:31:40.271 1111 1273 E hq : Etna:::sendInspectLauncherUpdate
06-26 11:31:40.274 785 2139 D NetworkMonitor/100: Validation disabled.
06-26 11:31:40.276 480 1433 D WifiMemoryStoreImpl: Set cluster G78c452f8e69b0d71 for Wae0428c9ba3368e9: SUCCESS
06-26 11:31:40.284 1060 1284 E ccc : cccccc SystemUpdateHelper launcherUpdate {"launcherCodeLocal":102942,"launcherCodeNet":0,"launcherVersionLocal":"2.9.4.2","launcherVersionNet":"","otaCodeLocal":0,"otaCodeNet":0,"remoteNeedUpdate":false,"updateType":""}
06-26 11:31:40.288 1111 1273 D etnaManager: 不需要更新桌面
06-26 11:31:40.303 480 618 W BestClock: java.time.DateTimeException: Missing NTP fix
06-26 11:31:40.288 2140 2140 I preinstall.sh: type=1400 audit(0.0:691): avc: denied { execute } for name="sh" dev="dm-0" ino=1201 scontext=u:r:system_server:s0 tcontext=u:object_r:shell_exec:s0 tclass=file permissive=1
06-26 11:31:40.288 2140 2140 I preinstall.sh: type=1400 audit(0.0:692): avc: denied { open } for path="/system/bin/sh" dev="dm-0" ino=1201 scontext=u:r:system_server:s0 tcontext=u:object_r:shell_exec:s0 tclass=file permissive=1
06-26 11:31:40.288 2140 2140 I settings: type=1400 audit(0.0:693): avc: denied { map } for path="/system/bin/sh" dev="dm-0" ino=1201 scontext=u:r:system_server:s0 tcontext=u:object_r:shell_exec:s0 tclass=file permissive=1
06-26 11:31:40.292 2140 2140 I settings: type=1400 audit(0.0:694): avc: denied { getattr } for path="/system/bin/sh" dev="dm-0" ino=1201 scontext=u:r:system_server:s0 tcontext=u:object_r:shell_exec:s0 tclass=file permissive=1
06-26 11:31:40.310 480 609 W BestClock: java.time.DateTimeException: Missing NTP fix
06-26 11:31:40.311 480 609 W BestClock: java.time.DateTimeException: Missing NTP fix
06-26 11:31:40.326 480 1433 D WifiMemoryStoreImpl: Set cluster G78c452f8e69b0d71 for Wd04095a382614ebd: SUCCESS
06-26 11:31:40.329 480 758 D NetworkTimeUpdateService: New default network 100; checking time.
06-26 11:31:40.338 480 609 W BestClock: java.time.DateTimeException: Missing NTP fix
06-26 11:31:40.341 785 901 D UpstreamNetworkMonitor: New default Internet network: 100
06-26 11:31:40.348 480 618 D ConnectivityService: Sending CONNECTED broadcast for type 1 [100 WIFI] isDefaultNetwork=true
06-26 11:31:40.349 785 2028 W UnsafeUtil: platform method missing - proto runtime falling back to safer methods: java.lang.NoSuchMethodException: sun.misc.Unsafe.copyMemory [class java.lang.Object, long, class java.lang.Object, long, long]
06-26 11:31:40.349 480 618 W ContextImpl: Calling a method in the system process without a qualified user: android.app.ContextImpl.sendStickyBroadcast:1559 com.android.server.ConnectivityService.sendStickyBroadcast:2884 com.android.server.ConnectivityService.sendGeneralBroadcast:2859 com.android.server.ConnectivityService.sendConnectedBroadcast:2832 com.android.server.ConnectivityService.sendLegacyNetworkBroadcast:8784
06-26 11:31:40.354 1111 1111 E hq : NetWorkStateReceiver:::NetWorkStateReceiver onReceive: 网络变化广播 >>>> intent.action=android.net.conn.CONNECTIVITY_CHANGE
06-26 11:31:40.356 1111 1111 E hq : NetWorkStateReceiver:::Network is available. isConnect=false 是否频次过快=false t=1750908700356
06-26 11:31:40.357 1111 1111 W eventbuscore: post Event:com.dangbei.leard.base.entity.event.NetStateEvent
06-26 11:31:40.358 1111 1540 D AppManager: requestBlackAndWhiteList
06-26 11:31:40.359 1111 1540 D AppListModel: requestAppFilterList: true , false
06-26 11:31:40.363 1363 1363 D RockyReceiver: action: android.net.conn.CONNECTIVITY_CHANGE
06-26 11:31:40.363 1111 1111 W eventbuscore: post Event:com.dangbei.leard.base.entity.event.NetChangeEvent
06-26 11:31:40.364 1118 1118 D aaa : action:android.net.conn.CONNECTIVITY_CHANGE
06-26 11:31:40.369 480 609 W BestClock: java.time.DateTimeException: Missing NTP fix
06-26 11:31:40.371 480 1471 E ConnectivityService: Exception = android.content.pm.PackageManager$NameNotFoundException: android.net.cts
06-26 11:31:40.374 1111 1277 D TheRouter::RouterInject: interception::===interface com.dangbei.leard.protocol.weather.CalendarManagerInterface===CalendarManager15695216
06-26 11:31:40.375 1111 1277 D yc_test : refreshWeather: null
06-26 11:31:40.375 480 609 W BestClock: java.time.DateTimeException: Missing NTP fix
06-26 11:31:40.379 1060 1060 D LanSocketServer: connect
06-26 11:31:40.379 1363 1363 I Receiver: 网络连接成功
06-26 11:31:40.387 1111 1536 E DangXiaoBeiManager: setMessageList: true
06-26 11:31:40.392 1111 1536 E hq : 当小贝:::message list add complete data.messageList:[]
06-26 11:31:40.392 1111 1536 E hq : data.tabList=[]
06-26 11:31:40.392 1111 1536 I hq : 当小贝:::showMessage from=net_change
06-26 11:31:40.395 1111 1536 I hq : 当小贝:::showMessage 没有消息需要显示
06-26 11:31:40.408 480 618 W ContextImpl: Calling a method in the system process without a qualified user: android.app.ContextImpl.sendStickyBroadcast:1559 com.android.server.ConnectivityService.sendStickyBroadcast:2884 com.android.server.ConnectivityService.sendGeneralBroadcast:2859 com.android.server.ConnectivityService.sendConnectedBroadcast:2832 com.android.server.ConnectivityService.sendLegacyNetworkBroadcast:8784
06-26 11:31:40.412 1060 1060 I lerad.etna.haqu: type=1400 audit(0.0:695): avc: denied { read } for name="address" dev="sysfs" ino=27837 scontext=u:r:system_app:s0 tcontext=u:object_r:sysfs:s0 tclass=file permissive=1
06-26 11:31:40.424 2118 2118 V GraphicsEnvironment: Neither updatable production driver nor prerelease driver is supported.
06-26 11:31:40.423 1060 1060 W audit : audit_lost=269 audit_rate_limit=5 audit_backlog_limit=64
06-26 11:31:40.423 1060 1060 E audit : rate limit exceeded
06-26 11:31:40.429 2118 2118 D NetworkSecurityConfig: No Network Security Config specified, using platform default
06-26 11:31:40.430 1118 1118 D aaa : action:android.net.conn.CONNECTIVITY_CHANGE
06-26 11:31:40.430 1363 1363 D RockyReceiver: action: android.net.conn.CONNECTIVITY_CHANGE
06-26 11:31:40.431 2118 2118 D NetworkSecurityConfig: No Network Security Config specified, using platform default
06-26 11:31:40.436 480 1433 E ConnectivityService: Exception = android.content.pm.PackageManager$NameNotFoundException: android.net.cts
06-26 11:31:40.437 480 609 W BestClock: java.time.DateTimeException: Missing NTP fix
06-26 11:31:40.437 2118 2118 I RemoteProvisioningBootReceiver: Caught boot intent, waking up.
06-26 11:31:40.437 480 609 W BestClock: java.time.DateTimeException: Missing NTP fix
06-26 11:31:40.440 480 618 D ConnectivityService: [100 WIFI] validation passed
06-26 11:31:40.450 1363 1363 I Receiver: 网络连接成功
06-26 11:31:40.469 480 618 D ConnectivityService: Setting DNS servers for network 100 to [/202.96.134.133, /202.96.128.166]
06-26 11:31:40.469 480 1433 D ConnectivityService: requestNetwork for uid/pid:1000/480 asUid: 10061 activeRequest: null callbackRequest: 29 [NetworkRequest [ REQUEST id=30, [ Capabilities: INTERNET&NOT_RESTRICTED&TRUSTED&NOT_VCN_MANAGED Uid: 10061 RequestorUid: 1000 RequestorPkg: android] ]] callback flags: 0 priority: 2147483647
06-26 11:31:40.472 480 618 D DnsManager: sendDnsConfigurationForNetwork(100, [202.96.134.133, 202.96.128.166], [], 1800, 25, 8, 64, 0, 0, , [202.96.134.133, 202.96.128.166])
06-26 11:31:40.492 480 618 W ContextImpl: Calling a method in the system process without a qualified user: android.app.ContextImpl.sendStickyBroadcast:1559 com.android.server.ConnectivityService.sendStickyBroadcast:2884 com.android.server.ConnectivityService.sendGeneralBroadcast:2859 com.android.server.ConnectivityService.sendInetConditionBroadcast:2836 com.android.server.ConnectivityService.updateInetCondition:8529
06-26 11:31:40.493 480 1472 I ActivityManager: com.android.shell is exempt from freezer
06-26 11:31:40.494 480 1472 D CompatibilityChangeReporter: Compat change id reported: 135634846; UID 2000; state: DISABLED
06-26 11:31:40.494 480 1472 D CompatibilityChangeReporter: Compat change id reported: 177438394; UID 2000; state: DISABLED
06-26 11:31:40.494 480 1472 D CompatibilityChangeReporter: Compat change id reported: 135772972; UID 2000; state: DISABLED
06-26 11:31:40.497 480 1472 D CompatibilityChangeReporter: Compat change id reported: 135754954; UID 2000; state: ENABLED
06-26 11:31:40.517 1060 1060 W System.err: SLF4J: Failed to load class "org.slf4j.impl.StaticLoggerBinder".
06-26 11:31:40.517 1060 1060 W System.err: SLF4J: Defaulting to no-operation (NOP) logger implementation
06-26 11:31:40.517 1060 1060 W System.err: SLF4J: See http://www.slf4j.org/codes.html#StaticLoggerBinder for further details.
06-26 11:31:40.517 480 618 D ConnectivityService: NetReassign [30 : null → 100]
06-26 11:31:40.520 480 1471 D WifiMemoryStoreImpl: Set cluster G78c452f8e69b0d71 for W67d1bf0ffa760e07: SUCCESS
06-26 11:31:40.528 249 249 D Zygote : Forked child process 2170
06-26 11:31:40.535 480 651 D Ethernet: got request NetworkRequest [ REQUEST id=30, [ Capabilities: INTERNET&NOT_RESTRICTED&TRUSTED&NOT_VCN_MANAGED Uid: 10061 RequestorUid: 1000 RequestorPkg: android] ]
06-26 11:31:40.535 480 651 D EthernetNetworkFactory: acceptRequest, request: NetworkRequest [ REQUEST id=30, [ Capabilities: INTERNET&NOT_RESTRICTED&TRUSTED&NOT_VCN_MANAGED Uid: 10061 RequestorUid: 1000 RequestorPkg: android] ]
06-26 11:31:40.535 480 651 I EthernetNetworkFactory: networkForRequest, request: NetworkRequest [ REQUEST id=30, [ Capabilities: INTERNET&NOT_RESTRICTED&TRUSTED&NOT_VCN_MANAGED Uid: 10061 RequestorUid: 1000 RequestorPkg: android] ], network: null
06-26 11:31:40.536 2170 2170 I Zygote : seccomp disabled by setenforce 0
06-26 11:31:40.538 480 537 I ActivityManager: app.processName = com.android.shell
06-26 11:31:40.538 480 537 I ActivityManager: Start proc 2170:com.android.shell/2000 for broadcast {com.android.shell/com.android.shell.HeapDumpReceiver}
06-26 11:31:40.541 1060 1500 E dangbei111: cccccc 检查遥控器是否连接: Dangbei E4:BB:D3:57:C0:18
06-26 11:31:40.542 1060 1060 D LanSocketServer: connect /192.168.3.161:6689
06-26 11:31:40.545 1060 1500 E dangbei111: cccccc 检查遥控器是否连接: 蓝牙的结果 Dangbei E4:BB:D3:57:C0:18 false
06-26 11:31:40.545 1060 1500 E dangbei111: cccccc input中没有遥控器存在
06-26 11:31:40.545 1060 1500 E dangbei111: cccccc 蓝牙状态连接 不是连接状态 啥都不干
06-26 11:31:40.545 2118 2118 I RemoteProvisioningService: Starting provisioning job
06-26 11:31:40.547 1060 1060 D LanSocketServer: connect start
06-26 11:31:40.547 1060 1060 E LanCommander: onNetWorkChanged: true
06-26 11:31:40.556 1060 1500 E dangbei111: cccccc 蓝牙状态连接 配对状态 尝试connect
06-26 11:31:40.557 1060 1060 E LanCommander: onNetWorkChanged: true
06-26 11:31:40.563 1060 1500 D BluetoothGatt: cancelOpen() - device: E4:BB:D3:57:C0:18
06-26 11:31:40.567 668 1019 E bt_stack: [ERROR:bta_gattc_act.cc(298)] No such connection need to be cancelled
06-26 11:31:40.567 668 1019 I bt_stack: [INFO:gatt_api.cc(1231)] GATT_CancelConnect: gatt_if:5, address: e4:bb:d3:57:c0:18, direct:0
06-26 11:31:40.574 403 417 I adbd : jdwp connection from 2170
06-26 11:31:40.587 480 1472 D WifiMemoryStoreImpl: Set cluster G78c452f8e69b0d71 for W90fa748a6c130ad0: SUCCESS
06-26 11:31:40.596 1060 1500 D BluetoothGatt: close()
06-26 11:31:40.596 1060 1500 D BluetoothGatt: unregisterApp() - mClientIf=5
06-26 11:31:40.599 668 1019 I bt_stack: [INFO:gatt_api.cc(1042)] GATT_Deregister gatt_if=5
06-26 11:31:40.607 1060 1500 D BluetoothGatt: connect() - device: E4:BB:D3:57:C0:18, auto: true
06-26 11:31:40.607 1060 1500 D BluetoothGatt: registerApp()
06-26 11:31:40.607 1060 1500 D BluetoothGatt: registerApp() - UUID=4d000c3b-ded1-43c9-8d8a-8d866d95628f
06-26 11:31:40.609 1060 2172 E LanCommander: onServerCreatedSuccess 192.168.3.161:6689
06-26 11:31:40.612 480 1433 D WifiMemoryStoreImpl: Set cluster G78c452f8e69b0d71 for W78c452f8e69b0d71: SUCCESS
06-26 11:31:40.615 480 611 D WifiClientModeImpl[wlan0]: Received signal strength thresholds: []
06-26 11:31:40.617 480 611 D WifiNetworkFactory: got request NetworkRequest [ REQUEST id=30, [ Capabilities: INTERNET&NOT_RESTRICTED&TRUSTED&NOT_VCN_MANAGED Uid: 10061 RequestorUid: 1000 RequestorPkg: android] ]
06-26 11:31:40.617 480 611 D UntrustedWifiNetworkFactory: got request NetworkRequest [ REQUEST id=30, [ Capabilities: INTERNET&NOT_RESTRICTED&TRUSTED&NOT_VCN_MANAGED Uid: 10061 RequestorUid: 1000 RequestorPkg: android] ]
06-26 11:31:40.618 480 611 D OemPaidWifiNetworkFactory: got request NetworkRequest [ REQUEST id=30, [ Capabilities: INTERNET&NOT_RESTRICTED&TRUSTED&NOT_VCN_MANAGED Uid: 10061 RequestorUid: 1000 RequestorPkg: android] ]
06-26 11:31:40.618 668 1019 I bluetooth: system/bt/stack/gatt/gatt_api.cc:1019 GATT_Register: Allocated name:GattClient uuid:66203a49-cb0a-4d5c-a4ff-aa963c52697d gatt_if:5 eatt_support:0
06-26 11:31:40.618 1060 1500 E dangbei111 : cccccc 开启检查任务
06-26 11:31:40.621 1060 1284 D BluetoothGatt: onClientRegistered() - status=0 clientIf=5
06-26 11:31:40.621 480 611 E WifiVendorHal: stopRssiMonitoring(l.2617) failed {.code = ERROR_NOT_AVAILABLE, .description = }
06-26 11:31:40.624 668 876 I bt_btif_config: system/bt/btif/src/btif_config.cc:137 btif_get_device_type: Device [e4:bb:d3:57:c0:18] device type 2
06-26 11:31:40.626 1060 1500 E dangbei111: cccccc 开始扫描
06-26 11:31:40.627 1060 1500 D BluetoothAdapter: isLeEnabled(): ON
06-26 11:31:40.631 480 611 W LastMileLogger: Failed to stop event tracing: /sys/kernel/debug/tracing/instances/wifi/tracing_on: open failed: ENOENT (No such file or directory)
06-26 11:31:40.650 480 1472 D CompatibilityChangeReporter: Compat change id reported: 168419799; UID 2000; state: DISABLED
06-26 11:31:40.696 1060 2172 E RCInfo : vid:
06-26 11:31:40.696 1060 2172 E RCInfo : pid:
06-26 11:31:40.696 1060 2172 E RCInfo : RCBrand:NA
06-26 11:31:40.697 1060 2172 E RCInfo : vid:
06-26 11:31:40.697 1060 2172 E RCInfo : pid:
06-26 11:31:40.698 1060 2172 E RCInfo : vid:
06-26 11:31:40.698 1060 2172 E RCInfo : pid:
06-26 11:31:40.698 480 1472 W ActivityManager: Slow operation: 51ms so far, now at attachApplicationLocked: after sendPendingBroadcastsLocked
06-26 11:31:40.698 1060 2172 E RCInfo : vid:
06-26 11:31:40.698 1060 2172 E RCInfo : pid:
06-26 11:31:40.698 1060 2172 E RCInfo : RCBrand:NA
06-26 11:31:40.705 2170 2170 D CompatibilityChangeReporter: Compat change id reported: 171979766; UID 2000; state: ENABLED
06-26 11:31:40.712 1060 2172 E RCInfo : vid:
06-26 11:31:40.712 1060 2172 E RCInfo : pid:
06-26 11:31:40.712 1060 2172 E RCInfo : vid:
06-26 11:31:40.712 1060 2172 E RCInfo : pid:
06-26 11:31:40.726 480 1463 D WifiMemoryStoreImpl: Set cluster G78c452f8e69b0d71 for Wd584830ee1ca39b4: SUCCESS
06-26 11:31:40.771 1111 1541 D AppListModel: requestAppFilterList: success
06-26 11:31:40.772 480 611 I WifiClientModeImpl: Default Gateway MAC address of 58:c7:ac:78:f0:02 from routes is : 70:3a:a6:36:a8:d7
06-26 11:31:40.772 1111 1541 D AppListModel: updateList
06-26 11:31:40.773 1111 1541 D AppListModel: updateList: resetAppList
06-26 11:31:40.780 1060 2172 D getEthernetMacAddr: getEthernetMacAddr use eth0
06-26 11:31:40.789 1060 1323 D getEthernetMacAddr: getEthernetMacAddr use eth0
06-26 11:31:40.802 480 611 D WifiConfigStore: Writing to stores completed in 5 ms.
06-26 11:31:40.807 655 655 E WifiHAL : wifi_get_link_stats: requestResponse Error:-5
06-26 11:31:40.809 480 611 E WifiVendorHal: getWifiLinkLayerStats_1_5_Internal(l.1191) failed {.code = ERROR_INVALID_ARGS, .description = }
06-26 11:31:40.811 1111 1273 E hq : WeatherRefresh:::请求网络地址后,更新的地理位置为:101280601
06-26 11:31:40.831 1060 2172 D getEthernetMacAddr: getEthernetMacAddr use eth0
06-26 11:31:40.866 1111 1111 I Choreographer: Skipped 30 frames! The application may be doing too much work on its main thread.
06-26 11:31:40.876 1111 1111 E hq : listenerNet:::重新来网了 key=image_error isConnect=true
06-26 11:31:40.877 1111 1111 E hq : listenerNet:::重新来网了 key=requestAppWhiteList isConnect=true
06-26 11:31:40.879 1111 1111 E hq : listenerNet:::重新来网了 key=ConfigureInterface:Init isConnect=true
06-26 11:31:40.880 2170 2170 V GraphicsEnvironment: ANGLE Developer option for 'com.android.shell' set to: 'default'
06-26 11:31:40.880 2170 2170 V GraphicsEnvironment: Neither updatable production driver nor prerelease driver is supported.
06-26 11:31:40.886 2170 2170 D NetworkSecurityConfig: No Network Security Config specified, using platform default
06-26 11:31:40.886 2170 2170 D NetworkSecurityConfig: No Network Security Config specified, using platform default
06-26 11:31:40.890 1111 1111 E hq : listenerNet:::重新来网了 key=requestGetMessageRemind isConnect=true
06-26 11:31:40.893 480 524 W IorapForwardingService: No service published for: iorapd
06-26 11:31:40.895 1111 1111 E hq : listenerNet:::重新来网了 key=requestMessageConfig isConnect=true
06-26 11:31:40.897 1111 1536 D yc_test : refreshWeather: null
06-26 11:31:40.899 1111 1111 E hq : listenerNet:::重新来网了 key=requestMessageDialog isConnect=true
06-26 11:31:40.899 1111 1111 E hq : listenerNet:::重新来网了 key=requestNetAppAdInfo isConnect=true
06-26 11:31:40.907 1111 1111 E hq : NetWorkStateReceiver:::NetWorkStateReceiver onReceive: 网络变化广播 >>>> intent.action=android.net.conn.CONNECTIVITY_CHANGE
06-26 11:31:40.910 1060 1323 D getEthernetMacAddr: getEthernetMacAddr use eth0
06-26 11:31:40.910 1111 1908 I System.out: true
06-26 11:31:40.913 1118 1118 D aaa : WiFi is connect
06-26 11:31:40.921 1118 1118 D aaa : WiFi is connect
06-26 11:31:40.928 1111 1111 E hq : NetWorkStateReceiver:::Network is available. isConnect=true 是否频次过快=true t=1750908700928
06-26 11:31:40.928 1111 1111 W eventbuscore: post Event:com.dangbei.leard.base.entity.event.NetChangeEvent
06-26 11:31:40.944 1118 1118 D aaa : WiFi is connect
06-26 11:31:40.953 2170 2170 D HeapDumpReceiver: onReceive(): Intent { act=android.intent.action.BOOT_COMPLETED flg=0x89000010 cmp=com.android.shell/.HeapDumpReceiver (has extras) }
06-26 11:31:40.955 2170 2213 D HeapDumpReceiver: Deleting from /data/user_de/0/com.android.shell/files/heapdumps
06-26 11:31:40.958 1118 1118 D aaa : WiFi is connect
06-26 11:31:40.967 480 1465 D CompatibilityChangeReporter: Compat change id reported: 135634846; UID 10030; state: DISABLED
06-26 11:31:40.968 480 1465 D CompatibilityChangeReporter: Compat change id reported: 177438394; UID 10030; state: DISABLED
06-26 11:31:40.969 480 1465 D CompatibilityChangeReporter: Compat change id reported: 135772972; UID 10030; state: DISABLED
06-26 11:31:40.969 480 1465 D CompatibilityChangeReporter: Compat change id reported: 135754954; UID 10030; state: DISABLED
06-26 11:31:40.971 480 537 D CompatibilityChangeReporter: Compat change id reported: 143937733; UID 10030; state: DISABLED
06-26 11:31:40.989 1363 1363 I Receiver: ----------netConnectInitSDK--------------
06-26 11:31:40.989 1363 1363 D RockyNetMessageUtil: initTipsList tipEntity = TipEntity{movieType=[我想看喜剧片, 动作片, 枪战片], movie=[庆余年, 误杀, 美丽人生, 爆笑虫子, 哪吒, 小猪佩奇, 胡歌的电视剧, 张艺谋导演的电影, 切换到1080P, 收藏], appController=[打开当贝市场, 下载哈趣影视, 爱奇艺, 卸载腾讯视频], weather=[今天的天气, 未来五天的天气, 杭州天气怎么样, 明天下不下雨], music=[我要听歌, 周杰伦的歌, 上一首, 下一首, 快进一分钟, 暂停], liveAppDownload='非常抱歉,根据监管部门政策管理要求,暂不提供相应服务。', subscreen=null, wakeUpVoiceResponse=[ProbabilityEntity{word='在呢', probability=30}, ProbabilityEntity{word='我在', probability=35}, ProbabilityEntity{word='你说', probability=15}, ProbabilityEntity{word='来啦', probability=20}], unrecognizedVoiceResponse=[ProbabilityEntity{word='可以再说一遍么', probability=45}, ProbabilityEntity{word='可以说的详细一点么', probability=30}, ProbabilityEntity{word='请问有什么可以帮您', probability=25}], notUnderstandVoiceResponse=[ProbabilityEntity{word='换个说法试试吧', probability=100}]} isRequestTipSuccess = false
06-26 11:31:40.991 1363 1720 D XHttpObservable: handleRequest: start https://tyapi.qun7.com/v1/voice/getsoundshowmsg ,,, isCache = false
06-26 11:31:40.992 1363 1363 D RockyNetMessageUtil: initMediaControlPage pageEntity = PageEntity{list=[ContentEntity{packageName='com.dangbei.leard.leradlauncher', activityName='FilmDetailActivity'}, ContentEntity{packageName='com.dangbei.leard.leradlauncher', activityName='FullScreenDetailActivity'}, ContentEntity{packageName='com.dangbei.leard.leradlauncher', activityName='TencentSportActivity'}, ContentEntity{packageName='com.dangbei.leradVideoPlugins', activityName='FilmDetailActivity'}, ContentEntity{packageName='com.dangbei.leradVideoPlugins', activityName='FullScreenDetailActivity'}, ContentEntity{packageName='com.dangbei.leradVideoPlugins', activityName='TencentSportActivity'}, ContentEntity{packageName='com.dangbei.leradVideoPlugins', activityName='ShortPlayActivity'}, ContentEntity{packageName='com.dangbei.hqmedia', activityName='FilmDetailActivity'}, ContentEntity{packageName='com.dangbei.hqmedia', activityName='FullScreenDetailActivity'}, ContentEntity{packageName='com.dangbei.leradVideoPlugins', activityName='MangoMediaActivity'}, ContentEntity{packageName='com.dangbei.leradVideoPlugins', activityName='VcinemaActivity'}]} isRequestPageControlSuccess = false
06-26 11:31:41.005 1111 1537 D AppManager: checkLocalAppsIsValid:
06-26 11:31:41.006 1363 1724 D XHttpObservable: handleRequest: start https://tyapi.qun7.com/v1/voice/getResponseControlPage ,,, isCache = false
06-26 11:31:41.010 249 249 D Zygote : Forked child process 2230
06-26 11:31:41.024 2230 2230 I Zygote : seccomp disabled by setenforce 0
06-26 11:31:41.030 480 537 W ActivityManager: Slow operation: 69ms so far, now at startProcess: done updating battery stats
06-26 11:31:41.039 480 537 W ActivityManager: Slow operation: 78ms so far, now at startProcess: building log message
06-26 11:31:41.039 480 537 I ActivityManager: app.processName = com.android.statementservice
06-26 11:31:41.039 480 537 I ActivityManager: Start proc 2230:com.android.statementservice/u0a30 for broadcast {com.android.statementservice/com.android.statementservice.domain.BootCompletedReceiver}
06-26 11:31:41.039 480 537 W ActivityManager: Slow operation: 78ms so far, now at startProcess: starting to update pids map
06-26 11:31:41.039 480 537 W ActivityManager: Slow operation: 79ms so far, now at startProcess: done updating pids map
06-26 11:31:41.083 1111 1335 E hq : WeatherRefresh:::请求网络地址后,更新的地理位置为:101280601
06-26 11:31:41.091 1060 2197 I okhttp.OkHttpClient: --> POST http://tymsgapi.qun7.com/v1/core/rom (525-byte body)
06-26 11:31:41.110 1111 1111 E SecondScreen: isShowSecondScreen()=0 getCurrentPageState()=com.monster.gamma.core.LoadService@3080d1
06-26 11:31:41.114 1060 2200 I okhttp.OkHttpClient: --> POST http://tyapi.qun7.com/v1/core/launcherota (525-byte body)
06-26 11:31:41.118 403 417 I adbd : jdwp connection from 2230
06-26 11:31:41.120 1060 1325 I okhttp.OkHttpClient: --> POST http://tymsgapi.qun7.com/v1/core/logip (592-byte body)
06-26 11:31:41.169 1060 2198 I okhttp.OkHttpClient: --> POST http://tyapi.qun7.com/v1/core/launcherota (525-byte body)
06-26 11:31:41.188 1060 2172 E HigherBroadcastServer: {"bluetoothBoot":false,"bluetoothController":false,"bluetoothMac":"B4:2F:03:15:73:2F","deviceModel":"DBBOX-A2","deviceModelNumber":"H5232","deviceName":"客厅的当贝盒子","findController":1,"hostName":"192.168.3.161","inetAddress":"192.168.3.161","mac":"20:02:FE:19:C2:0E","port":6689,"romCode":5013,"romVersion":"5.0.1.3","wifiMac":"B4:2F:03:15:E8:B9","deviceId":"21c64902019dc1b5a2d56996a3df215c","sn":"DZOH58251975972"}
06-26 11:31:41.189 1060 2172 W NsdServiceInfo: Key lengths > 9 are discouraged: deviceModel
06-26 11:31:41.189 1060 2172 W NsdServiceInfo: Key lengths > 9 are discouraged: deviceModelNumber
06-26 11:31:41.189 1060 2172 W NsdServiceInfo: Key lengths > 9 are discouraged: deviceName
06-26 11:31:41.189 1060 2172 W NsdServiceInfo: Key lengths > 9 are discouraged: romVersion
06-26 11:31:41.189 1060 2172 W NsdServiceInfo: Key lengths > 9 are discouraged: findController
06-26 11:31:41.194 1060 1323 I okhttp.OkHttpClient: --> POST http://tymsgapi.qun7.com/v1/core/rom (525-byte body)
06-26 11:31:41.199 1111 2215 D ProfileInstaller: Skipping profile installation for com.dangbei.leard.leradlauncher
06-26 11:31:41.238 1060 1325 I okhttp.OkHttpClient: <-- 200 OK http://tymsgapi.qun7.com/v1/core/logip (113ms, 81-byte body)
06-26 11:31:41.248 480 1466 D CompatibilityChangeReporter: Compat change id reported: 168419799; UID 10030; state: DISABLED
06-26 11:31:41.248 1060 2199 I okhttp.OkHttpClient: --> POST http://tymsgapi.qun7.com/v1/core/appupdate (3314-byte body)
06-26 11:31:41.254 1060 1324 I okhttp.OkHttpClient: --> POST http://tymsgapi.qun7.com/v1/core/appupdate (3314-byte body)
06-26 11:31:41.254 1060 2197 I okhttp.OkHttpClient: <-- 200 OK http://tymsgapi.qun7.com/v1/core/rom (162ms, unknown-length body)
06-26 11:31:41.255 1111 1536 E hq : ErrorCoroutineExceptionHandler:::runTry error:com.dangbei.leard.base.proider.error.EmptyApiException: 数据为空 from=requestMessageDialog from=requestMessageDialog
06-26 11:31:41.277 1060 2200 I okhttp.OkHttpClient: <-- 200 OK http://tyapi.qun7.com/v1/core/launcherota (162ms, unknown-length body)
06-26 11:31:41.281 2230 2230 D CompatibilityChangeReporter: Compat change id reported: 171979766; UID 10030; state: DISABLED
06-26 11:31:41.300 480 1466 D CompatibilityChangeReporter: Compat change id reported: 135634846; UID 10048; state: DISABLED
06-26 11:31:41.302 1060 1325 I HttpUtil: success
06-26 11:31:41.304 480 537 D CompatibilityChangeReporter: Compat change id reported: 143937733; UID 10048; state: DISABLED
06-26 11:31:41.305 480 621 D NsdService: Register service
06-26 11:31:41.307 480 621 D NsdService: registerService: 2 name: 192.168.3.161, type: _db_controller._tcp, host: /192.168.3.161, port: 6689, txtRecord: deviceModel=DBBOX-A2romVersion=5.0.1.3findController=1sn=DZOH58251975972mac=20:02:FE:19:C2:0E deviceName=客厅的当贝盒子)deviceId=21c64902019dc1b5a2d56996a3df215cdeviceModelNumber=H5232 romCode=5013
06-26 11:31:41.308 480 621 D NsdService: mdnssd [register, 2, 192.168.3.161, _db_controller._tcp, 6689, FGRldmljZU1vZGVsPURCQk9YLUEyEnJvbVZlcnNpb249NS4wLjEuMxBmaW5kQ29udHJvbGxlcj0xEnNuPURaT0g1ODI1MTk3NTk3MhVtYWM9MjA6MDI6RkU6MTk6QzI6MEUgZGV2aWNlTmFtZT3lrqLljoXnmoTlvZPotJ3nm5LlrZApZGV2aWNlSWQ9MjFjNjQ5MDIwMTlkYzFiNWEyZDU2OTk2YTNkZjIxNWMXZGV2aWNlTW9kZWxOdW1iZXI9SDUyMzIMcm9tQ29kZT01MDEz]
06-26 11:31:41.309 1060 1323 I okhttp.OkHttpClient: <-- 200 OK http://tymsgapi.qun7.com/v1/core/rom (114ms, unknown-length body)
06-26 11:31:41.311 480 621 D NsdService: Register 2 2
06-26 11:31:41.319 1060 2198 I okhttp.OkHttpClient: <-- 200 OK http://tyapi.qun7.com/v1/core/launcherota (149ms, unknown-length body)
06-26 11:31:41.321 1060 1060 E ccc : cccccc requestOtaInfo result BaseResponse{message='success', data=OtaUpdateBean{downloadId='3926', updateType=1, romVersionName='5.0.1.3', romCode=5555, current=0, romMd5v='5e822e73d6bf41053362548785add0e9', romLength=695954318, romSize='663.7 MB', downUrl='http://dl.qun7.com/H5/H5/5.0.1.3-20250625-ebx9/H5_H618_20250625_ota.zip', reUrl='http://dl.v5tv.com/H5/H5/5.0.1.3-20250625-ebx9/H5_H618_20250625_ota.zip', reUrl2='http://dl.tymcdn.com/H5/H5/5.0.1.3-20250625-ebx9/H5_H618_20250625_ota.zip', tempUrl='null', remark='H5 H618 20250625
06-26 11:31:41.321 1060 1060 E ccc : 链接: https://pan.baidu.com/s/1kldMhgQGmJfqaW4Eztrx3g?pwd=ebx9 提取码: ebx9
06-26 11:31:41.321 1060 1060 E ccc : 1、修复“野草”、"哈趣影视" 等第三方应用权限报错问题
06-26 11:31:41.321 1060 1060 E ccc : 2、版本号5013
06-26 11:31:41.321 1060 1060 E ccc : 3、log打印等级改成1,避免系统负载过重
06-26 11:31:41.321 1060 1060 E ccc : 4、避免电视管家杀掉输入法,强制再次使能输入法', status=idle, progress=0.0, filterMac=[], localPath='null', popup=1, isPaused=false, cancelled=false, extraInfo='null'}, code=0}
06-26 11:31:41.327 1363 1720 D XHttpObservable: createNetWorkObservable subscribe: ShowMessageEntity{code=0, data=TipEntity{movieType=[我想看喜剧片, 动作片, 枪战片], movie=[庆余年, 误杀, 美丽人生, 爆笑虫子, 哪吒, 小猪佩奇, 胡歌的电视剧, 张艺谋导演的电影, 切换到1080P, 收藏], appController=[打开当贝市场, 下载哈趣影视, 爱奇艺, 卸载腾讯视频], weather=[今天的天气, 未来五天的天气, 杭州天气怎么样, 明天下不下雨], music=[我要听歌, 周杰伦的歌, 上一首, 下一首, 快进一分钟, 暂停], liveAppDownload='非常抱歉,根据监管部门政策管理要求,暂不提供相应服务。', subscreen=null, wakeUpVoiceResponse=[ProbabilityEntity{word='在呢', probability=30}, ProbabilityEntity{word='我在', probability=35}, ProbabilityEntity{word='你说', probability=15}, ProbabilityEntity{word='来啦', probability=20}], unrecognizedVoiceResponse=[ProbabilityEntity{word='可以再说一遍么', probability=45}, ProbabilityEntity{word='可以说的详细一点么', probability=30}, ProbabilityEntity{word='请问有什么可以帮您', probability=25}], notUnderstandVoiceResponse=[ProbabilityEntity{word='换个说法试试吧', probability=100}]}, message='success'} ,,, isDisposed = false
