06-26 11:31:26.800 480 480 I WindowManager: Override config changes=60007dfc {1.0 ?mcc?mnc [zh_CN] ldltr sw720dp w1280dp h696dp 240dpi xlrg long land ?uimode ?night -touch qwerty/v/v dpad/v winConfig={ mBounds=Rect(0, 0 - 1920, 1080) mAppBounds=Rect(0, 0 - 1920, 1080) mMaxBounds=Rect(0, 0 - 1920, 1080) mWindowingMode=fullscreen mDisplayWindowingMode=fullscreen mActivityType=undefined mAlwaysOnTop=undefined mRotation=ROTATION_0} s.2 ?fontWeightAdjustment} for displayId=0
06-26 11:31:26.811 480 480 W InputReader: Device sunxi-ir-uinput is associated with display ADISPLAY_ID_NONE.
06-26 11:31:26.811 480 480 I SystemServerTiming: StartStorageManagerService
06-26 11:31:26.811 480 480 I SystemServiceManager: Starting com.android.server.StorageManagerService$Lifecycle
06-26 11:31:26.814 480 525 I InputManager-JNI: Viewport [0] to add: local:0, isActive: false
06-26 11:31:26.819 1 1 I init : processing action (sys.sysctl.extra_free_kbytes=*) from (/system/etc/init/hw/init.rc:1139)
06-26 11:31:26.815 480 600 I InputReader: Reconfiguring input devices, changes=DISPLAY_INFO |
06-26 11:31:26.817 378 378 D installd: Found quota mount /dev/block/by-name/userdata at /data
06-26 11:31:26.817 378 378 D installd: Found quota mount /dev/block/by-name/userdata at /data/user/0
06-26 11:31:26.820 331 331 I rainbow_flow: type=1400 audit(0.0:315): avc: denied { ioctl } for path="/dev/spidev1.0" dev="tmpfs" ino=6711 ioctlcmd=0x6b00 scontext=u:r:init:s0 tcontext=u:object_r:device:s0 tclass=chr_file permissive=1
06-26 11:31:26.827 480 605 D StorageManagerService: Thinking about init, mBootCompleted=false, mDaemonConnected=true
06-26 11:31:26.827 480 605 D StorageManagerService: Thinking about reset, mBootCompleted=false, mDaemonConnected=true
06-26 11:31:26.828 480 480 I SystemServerTiming: StartStorageStatsService
06-26 11:31:26.828 480 480 I SystemServiceManager: Starting com.android.server.usage.StorageStatsService$Lifecycle
06-26 11:31:26.828 480 605 D StorageManagerService: Thinking about init, mBootCompleted=false, mDaemonConnected=true
06-26 11:31:26.828 480 605 D StorageManagerService: Thinking about reset, mBootCompleted=false, mDaemonConnected=true
06-26 11:31:26.830 378 378 D installd: Found quota mount /dev/block/by-name/userdata at /data
06-26 11:31:26.830 378 378 D installd: Found quota mount /dev/block/by-name/userdata at /data/user/0
06-26 11:31:26.833 378 378 D installd: Found quota mount /dev/block/by-name/userdata at /data
06-26 11:31:26.833 378 378 D installd: Found quota mount /dev/block/by-name/userdata at /data/user/0
06-26 11:31:26.838 480 480 I SystemServerTiming: StartUiModeManager
06-26 11:31:26.838 480 480 I SystemServiceManager: Starting com.android.server.UiModeManagerService
06-26 11:31:26.840 480 521 I SystemServerTimingAsync: InitThreadPoolExec:UiModeManager.onStart
06-26 11:31:26.841 480 521 D SystemServerInitThreadPool: Started executing UiModeManager.onStart
06-26 11:31:26.845 480 480 I SystemServerTiming: UpdatePackagesIfNeeded
06-26 11:31:26.845 480 480 I Watchdog: Pausing HandlerChecker: main thread for reason: dexopt. Pause count: 1
06-26 11:31:26.845 480 480 I Watchdog: Resuming HandlerChecker: main thread for reason: dexopt. Pause count: 0
06-26 11:31:26.845 480 480 I SystemServerTiming: PerformFstrimIfNeeded
06-26 11:31:26.847 480 480 I SystemServerTiming: StartLockSettingsService
06-26 11:31:26.847 480 480 I SystemServiceManager: Starting com.android.server.locksettings.LockSettingsService$Lifecycle
06-26 11:31:26.847 480 521 D SystemServerInitThreadPool: Finished executing UiModeManager.onStart
06-26 11:31:26.867 249 249 D MtpDeviceJNI: register_android_mtp_MtpDevice
06-26 11:31:26.869 480 480 I SystemServerTiming: StartPersistentDataBlock
06-26 11:31:26.869 480 480 I SystemServiceManager: Starting com.android.server.PersistentDataBlockService
06-26 11:31:26.870 480 480 I SystemServerTiming: StartTestHarnessMode
06-26 11:31:26.870 480 583 I SystemServerTimingAsync: InitThreadPoolExec:PersistentDataBlockService.onStart
06-26 11:31:26.870 480 480 I SystemServiceManager: Starting com.android.server.testharness.TestHarnessModeService
06-26 11:31:26.870 480 583 D SystemServerInitThreadPool: Started executing PersistentDataBlockService.onStart
06-26 11:31:26.872 480 480 I SystemServerTiming: StartOemLockService
06-26 11:31:26.872 480 480 I SystemServiceManager: Starting com.android.server.oemlock.OemLockService
06-26 11:31:26.873 186 186 I hwservicemanager: getTransport: Cannot find entry android.hardware.oemlock@1.0::IOemLock/default in either framework or device VINTF manifest.
06-26 11:31:26.872 316 316 I xiriservice_All: type=1400 audit(0.0:316): avc: denied { search } for name="com.android.cts.priv.ctsshim" dev="mmcblk0p25" ino=567 scontext=u:r:init:s0 tcontext=u:object_r:privapp_data_file:s0:c512,c768 tclass=dir permissive=1
06-26 11:31:26.872 316 316 I xiriservice_All: type=1400 audit(0.0:317): avc: denied { read } for name="lib" dev="mmcblk0p25" ino=8742 scontext=u:r:init:s0 tcontext=u:object_r:privapp_data_file:s0:c512,c768 tclass=lnk_file permissive=1
06-26 11:31:26.874 316 316 D XiriService: check file name: /data/data/com.android.cts.priv.ctsshim/lib
06-26 11:31:26.876 480 480 I OemLock : OemLock HAL not present on device
06-26 11:31:26.876 480 480 I OemLock : Using persistent data block based lock
06-26 11:31:26.883 480 480 I SystemServerTiming: StartDeviceIdleController
06-26 11:31:26.883 480 480 I SystemServiceManager: Starting com.android.server.DeviceIdleController
06-26 11:31:26.884 316 316 D XiriService: check file name: /data/data/com.android.cts.priv.ctsshim/lib
06-26 11:31:26.884 316 316 D XiriService: check file name: /data/data/com.android.cts.priv.ctsshim/lib
06-26 11:31:26.884 316 316 D XiriService: check file name: /data/data/com.android.cts.priv.ctsshim/lib
06-26 11:31:26.884 316 316 D XiriService: check file name: /data/data/com.android.cts.priv.ctsshim/lib
06-26 11:31:26.885 316 316 D XiriService: check file name: /data/data/com.android.dynsystem/lib
06-26 11:31:26.886 316 316 D XiriService: check file name: /data/data/com.android.dynsystem/lib
06-26 11:31:26.880 316 316 I xiriservice_All: type=1400 audit(0.0:318): avc: denied { read } for name="lib" dev="mmcblk0p25" ino=8328 scontext=u:r:init:s0 tcontext=u:object_r:system_app_data_file:s0 tclass=lnk_file permissive=1
06-26 11:31:26.886 316 316 D XiriService: check file name: /data/data/com.android.dynsystem/lib
06-26 11:31:26.887 480 583 D SystemServerInitThreadPool: Finished executing PersistentDataBlockService.onStart
06-26 11:31:26.891 480 480 I SystemServerTiming: StartDevicePolicyManager
06-26 11:31:26.891 480 480 I SystemServiceManager: Starting com.android.server.devicepolicy.DevicePolicyManagerService$Lifecycle
06-26 11:31:26.895 316 316 D XiriService: check file name: /data/data/com.android.dynsystem/lib
06-26 11:31:26.895 316 316 D XiriService: check file name: /data/data/com.android.dynsystem/lib
06-26 11:31:26.895 316 316 D XiriService: check file name: /data/data/com.android.dynsystem/lib
06-26 11:31:26.895 316 316 D XiriService: check file name: /data/data/com.android.dynsystem/lib
06-26 11:31:26.896 316 316 D XiriService: check file name: /data/data/com.dangbei.lerad.rocky/lib
06-26 11:31:26.896 316 316 D XiriService: check file name: /data/data/com.dangbei.lerad.rocky/lib
06-26 11:31:26.896 316 316 D XiriService: check file name: /data/data/com.dangbei.lerad.rocky/lib
06-26 11:31:26.896 316 316 D XiriService: check file name: /data/data/com.dangbei.lerad.rocky/lib
06-26 11:31:26.902 480 480 I SystemServerTiming: StartStatusBarManagerService
06-26 11:31:26.904 316 316 D XiriService: check file name: /data/data/com.dangbei.lerad.rocky/lib
06-26 11:31:26.904 480 480 D SystemServer: MusicRecognitionManagerService not defined by OEM or disabled by flag
06-26 11:31:26.904 316 316 D XiriService: check file name: /data/data/com.dangbei.lerad.rocky/lib
06-26 11:31:26.904 316 316 D XiriService: check file name: /data/data/com.dangbei.lerad.rocky/lib
06-26 11:31:26.905 480 480 D SystemServer: ContentCaptureService disabled because resource is not overlaid
06-26 11:31:26.905 480 480 D SystemServer: AttentionService is not configured on this device
06-26 11:31:26.906 480 480 D SystemServer: RotationResolverService is not configured on this device
06-26 11:31:26.906 480 480 D SystemServer: SystemCaptionsManagerService disabled because resource is not overlaid
06-26 11:31:26.906 480 480 I SystemServerTiming: StartTextToSpeechManagerService
06-26 11:31:26.906 480 480 I SystemServiceManager: Starting com.android.server.texttospeech.TextToSpeechManagerService
06-26 11:31:26.908 480 480 I SystemServerTiming: StartSpeechRecognitionManagerService
06-26 11:31:26.909 480 480 I SystemServiceManager: Starting com.android.server.speech.SpeechRecognitionManagerService
06-26 11:31:26.912 316 316 D XiriService: check file name: /data/data/com.android.tv.settings/lib
06-26 11:31:26.912 316 316 D XiriService: check file name: /data/data/com.android.tv.settings/lib
06-26 11:31:26.912 480 480 D SystemServer: AppPredictionService not defined by OEM
06-26 11:31:26.912 480 480 D SystemServer: ContentSuggestionsService not defined by OEM
06-26 11:31:26.912 316 316 D XiriService: check file name: /data/data/com.android.tv.settings/lib
06-26 11:31:26.912 480 480 I SystemServerTiming: StartSearchUiService
06-26 11:31:26.912 316 316 D XiriService: check file name: /data/data/com.android.tv.settings/lib
06-26 11:31:26.912 480 480 I SystemServiceManager: Starting com.android.server.searchui.SearchUiManagerService
06-26 11:31:26.915 480 480 I SystemServerTiming: StartSmartspaceService
06-26 11:31:26.916 480 480 I SystemServiceManager: Starting com.android.server.smartspace.SmartspaceManagerService
06-26 11:31:26.921 480 480 I SystemServerTiming: InitConnectivityModuleConnector
06-26 11:31:26.921 480 480 D ConnectivityModuleConnector: Network stack init
06-26 11:31:26.924 316 316 D XiriService: check file name: /data/data/com.android.tv.settings/lib
06-26 11:31:26.925 316 316 D XiriService: check file name: /data/data/com.android.tv.settings/lib
06-26 11:31:26.925 316 316 D XiriService: check file name: /data/data/com.android.tv.settings/lib
06-26 11:31:26.925 316 316 D XiriService: check file name: /data/data/com.android.tv.settings/lib
06-26 11:31:26.928 480 480 I SystemServerTiming: InitNetworkStackClient
06-26 11:31:26.930 480 480 I SystemServerTiming: StartNetworkManagementService
06-26 11:31:26.933 316 316 D XiriService: check file name: /data/data/com.oranth.factory/lib
06-26 11:31:26.933 316 316 D XiriService: check file name: /data/data/com.oranth.factory/lib
06-26 11:31:26.933 316 316 D XiriService: check file name: /data/data/com.oranth.factory/lib
06-26 11:31:26.933 316 316 D XiriService: check file name: /data/data/com.oranth.factory/lib
06-26 11:31:26.937 480 480 I SystemServerTiming: StartIpSecService
06-26 11:31:26.939 316 316 D XiriService: check file name: /data/data/com.oranth.factory/lib
06-26 11:31:26.939 316 316 D XiriService: check file name: /data/data/com.oranth.factory/lib
06-26 11:31:26.939 316 316 D XiriService: check file name: /data/data/com.oranth.factory/lib
06-26 11:31:26.939 316 316 D XiriService: check file name: /data/data/com.oranth.factory/lib
06-26 11:31:26.943 480 480 I SystemServerTiming: StartTextServicesManager
06-26 11:31:26.943 480 480 I SystemServiceManager: Starting com.android.server.textservices.TextServicesManagerService$Lifecycle
06-26 11:31:26.945 480 480 I SystemServerTiming: StartTextClassificationManagerService
06-26 11:31:26.945 480 480 I SystemServiceManager: Starting com.android.server.textclassifier.TextClassificationManagerService$Lifecycle
06-26 11:31:26.945 480 521 I SystemServerTimingAsync: InitThreadPoolExec:START_FONT_MANAGER_SERVICE
06-26 11:31:26.945 480 521 D SystemServerInitThreadPool: Started executing START_FONT_MANAGER_SERVICE
06-26 11:31:26.945 480 521 I SystemServerTimingAsync: START_FONT_MANAGER_SERVICE
06-26 11:31:26.948 316 316 D XiriService: check file name: /data/data/com.dangbei.zhushou.os/lib
06-26 11:31:26.948 316 316 D XiriService: check file name: /data/data/com.dangbei.zhushou.os/lib
06-26 11:31:26.948 316 316 D XiriService: check file name: /data/data/com.dangbei.zhushou.os/lib
06-26 11:31:26.948 316 316 D XiriService: check file name: /data/data/com.dangbei.zhushou.os/lib
06-26 11:31:26.949 480 480 I SystemServerTiming: StartNetworkScoreService
06-26 11:31:26.949 480 480 I SystemServiceManager: Starting com.android.server.NetworkScoreService$Lifecycle
06-26 11:31:26.951 480 480 I NetworkScoreService: Registering network_score
06-26 11:31:26.952 480 480 I SystemServerTiming: StartNetworkStatsService
06-26 11:31:26.959 316 316 D XiriService: check file name: /data/data/com.dangbei.zhushou.os/lib
06-26 11:31:26.960 316 316 D XiriService: check file name: /data/data/com.dangbei.zhushou.os/lib
06-26 11:31:26.961 316 316 D XiriService: check file name: /data/data/com.dangbei.zhushou.os/lib
06-26 11:31:26.961 480 480 I SystemServerTiming: StartNetworkPolicyManagerService
06-26 11:31:26.961 316 316 D XiriService: check file name: /data/data/com.dangbei.zhushou.os/lib
06-26 11:31:26.968 480 480 I SystemServerTiming: StartWifi
06-26 11:31:26.993 316 316 D XiriService: check file name: /data/data/com.sohu.inputmethod.sogou.tv/lib
06-26 11:31:26.988 316 316 I xiriservice_All: type=1400 audit(0.0:319): avc: denied { search } for name="com.sohu.inputmethod.sogou.tv" dev="mmcblk0p25" ino=1406 scontext=u:r:init:s0 tcontext=u:object_r:app_data_file:s0:c48,c256,c512,c768 tclass=dir permissive=1
06-26 11:31:26.993 316 316 D XiriService: check file name: /data/data/com.sohu.inputmethod.sogou.tv/lib
06-26 11:31:26.993 316 316 D XiriService: check file name: /data/data/com.sohu.inputmethod.sogou.tv/lib
06-26 11:31:26.988 316 316 I xiriservice_All: type=1400 audit(0.0:320): avc: denied { read } for name="lib" dev="mmcblk0p25" ino=8754 scontext=u:r:init:s0 tcontext=u:object_r:app_data_file:s0:c48,c256,c512,c768 tclass=lnk_file permissive=1
06-26 11:31:26.994 316 316 D XiriService: check file name: /data/data/com.sohu.inputmethod.sogou.tv/lib
06-26 11:31:27.002 480 480 I SystemServiceManager: Starting com.android.server.wifi.WifiService
06-26 11:31:27.004 316 316 D XiriService: check file name: /data/data/com.sohu.inputmethod.sogou.tv/lib
06-26 11:31:27.005 316 316 D XiriService: check file name: /data/data/com.sohu.inputmethod.sogou.tv/lib
06-26 11:31:27.006 316 316 D XiriService: check file name: /data/data/com.sohu.inputmethod.sogou.tv/lib
06-26 11:31:27.031 480 480 I WifiContext: Found Wifi Resources APK at: com.android.wifi.resources
06-26 11:31:27.050 480 480 V NetworkScoreManager: registerNetworkScoreCallback: callback=com.android.server.wifi.WifiNetworkScoreCache@64f19f2, executor=com.android.wifi.x.android.os.HandlerExecutor@cc1f843
06-26 11:31:27.053 316 316 D XiriService: check file name: /data/data/com.oranth.ledstatus/lib
06-26 11:31:27.054 316 316 D XiriService: check file name: /data/data/com.oranth.ledstatus/lib
06-26 11:31:27.054 316 316 D XiriService: check file name: /data/data/com.oranth.ledstatus/lib
06-26 11:31:27.061 316 316 D XiriService: check file name: /data/data/com.oranth.ledstatus/lib
06-26 11:31:27.061 316 316 D XiriService: check file name: /data/data/com.oranth.ledstatus/lib
06-26 11:31:27.061 316 316 D XiriService: check file name: /data/data/com.oranth.ledstatus/lib
06-26 11:31:27.063 316 316 D XiriService: check file name: /data/data/com.dangbei.lerad.videoposter/lib
06-26 11:31:27.063 316 316 D XiriService: check file name: /data/data/com.dangbei.lerad.videoposter/lib
06-26 11:31:27.063 316 316 D XiriService: check file name: /data/data/com.dangbei.lerad.videoposter/lib
06-26 11:31:27.063 316 316 D XiriService: check file name: /data/data/com.dangbei.lerad.videoposter/lib
06-26 11:31:27.071 316 316 D XiriService: check file name: /data/data/com.dangbei.lerad.videoposter/lib
06-26 11:31:27.072 316 316 D XiriService: check file name: /data/data/com.dangbei.lerad.videoposter/lib
06-26 11:31:27.072 316 316 D XiriService: check file name: /data/data/com.dangbei.lerad.videoposter/lib
06-26 11:31:27.074 480 480 D ScanMetrics: Settings package: com.android.tv.settings
06-26 11:31:27.074 480 480 E ScanMetrics: Can't get GMS uid
06-26 11:31:27.076 272 272 I EventThread: type=1400 audit(0.0:321): avc: denied { search } for name="extcon" dev="sysfs" ino=18109 scontext=u:r:hal_tv_cec_default:s0 tcontext=u:object_r:sysfs_extcon:s0 tclass=dir permissive=1
06-26 11:31:27.097 480 480 I WifiCoexManager: Default coex algorithm is disabled.
06-26 11:31:27.103 316 316 D XiriService: check file name: /data/data/com.android.networkstack/lib
06-26 11:31:27.103 316 316 D XiriService: check file name: /data/data/com.android.networkstack/lib
06-26 11:31:27.103 316 316 D XiriService: check file name: /data/data/com.android.networkstack/lib
06-26 11:31:27.103 316 316 D XiriService: check file name: /data/data/com.android.networkstack/lib
06-26 11:31:27.100 316 316 I xiriservice_All: type=1400 audit(0.0:322): avc: denied { read } for name="lib" dev="mmcblk0p25" ino=8760 scontext=u:r:init:s0 tcontext=u:object_r:radio_data_file:s0 tclass=lnk_file permissive=1
06-26 11:31:27.112 316 316 D XiriService: check file name: /data/data/com.android.networkstack/lib
06-26 11:31:27.113 316 316 D XiriService: check file name: /data/data/com.android.networkstack/lib
06-26 11:31:27.113 316 316 D XiriService: check file name: /data/data/com.android.networkstack/lib
06-26 11:31:27.134 249 249 W Zygote : Class not found for preloading: android.view.SurfaceView$2
06-26 11:31:27.152 480 480 D WifiOpenNetworkNotifier: Settings toggle enabled=true
06-26 11:31:27.159 388 388 I wificond: New wificond event callback registered
06-26 11:31:27.160 480 480 D WifiNl80211Manager: registerCountryCodeEventListener called
06-26 11:31:27.160 480 480 D WifiCountryCode: Default country code from system property ro.boot.wificountrycode is CN
06-26 11:31:27.169 480 480 D WakeupController: WifiWake enabled
06-26 11:31:27.174 480 480 V HistoricalRegistry: Interaction before persistence initialized
06-26 11:31:27.182 480 480 I WifiService: Registering wifi
06-26 11:31:27.183 480 480 I SystemServerTiming: StartWifiScanning
06-26 11:31:27.184 480 480 I SystemServiceManager: Starting com.android.server.wifi.scanner.WifiScanningService
06-26 11:31:27.184 480 480 I WifiScanningService: Creating wifiscanner
06-26 11:31:27.203 480 480 I WifiScanningService: Publishing wifiscanner
06-26 11:31:27.208 480 480 I SystemServerTiming: StartWifiP2P
06-26 11:31:27.208 480 480 I SystemServiceManager: Starting com.android.server.wifi.p2p.WifiP2pService
06-26 11:31:27.216 480 480 I WifiP2pService: Registering wifip2p
06-26 11:31:27.217 480 480 I SystemServerTiming: StartEthernet
06-26 11:31:27.217 480 480 I SystemServiceManager: Starting com.android.server.ethernet.EthernetService
06-26 11:31:27.218 480 480 I EthernetService: Registering service ethernet
06-26 11:31:27.219 480 480 I SystemServerTiming: StartPacProxyService
06-26 11:31:27.223 480 480 I SystemServerTiming: StartPppoe
06-26 11:31:27.224 316 316 D XiriService: check file name: /data/data/com.dangbei.screencast/lib
06-26 11:31:27.224 480 480 I SystemServiceManager: Starting com.android.server.pppoe.PppoeService
06-26 11:31:27.224 316 316 D XiriService: check file name: /data/data/com.dangbei.screencast/lib
06-26 11:31:27.224 316 316 D XiriService: check file name: /data/data/com.dangbei.screencast/lib
06-26 11:31:27.224 480 480 I PppoeServiceImpl: Creating PppoeServiceImpl
06-26 11:31:27.225 316 316 D XiriService: check file name: /data/data/com.dangbei.screencast/lib
06-26 11:31:27.232 316 316 D XiriService: check file name: /data/data/com.dangbei.screencast/lib
06-26 11:31:27.232 316 316 D XiriService: check file name: /data/data/com.dangbei.screencast/lib
06-26 11:31:27.233 316 316 D XiriService: check file name: /data/data/com.dangbei.screencast/lib
06-26 11:31:27.233 316 316 D XiriService: check file name: /data/data/com.dangbei.screencast/lib
06-26 11:31:27.235 480 480 I PppoeService: Registering service pppoe
06-26 11:31:27.237 480 480 I SystemServerTiming: StartConnectivityService
06-26 11:31:27.251 480 521 D SystemServerInitThreadPool: Finished executing START_FONT_MANAGER_SERVICE
06-26 11:31:27.252 316 316 D XiriService: check file name: /data/data/com.dangbei.leard.leradlauncher/lib
06-26 11:31:27.252 316 316 D XiriService: check file name: /data/data/com.dangbei.leard.leradlauncher/lib
06-26 11:31:27.253 316 316 D XiriService: check file name: /data/data/com.dangbei.leard.leradlauncher/lib
06-26 11:31:27.253 316 316 D XiriService: check file name: /data/data/com.dangbei.leard.leradlauncher/lib
06-26 11:31:27.257 480 480 I SystemServiceManager: Starting com.android.server.ConnectivityServiceInitializer
06-26 11:31:27.260 316 316 D XiriService: check file name: /data/data/com.dangbei.leard.leradlauncher/lib
06-26 11:31:27.260 316 316 D XiriService: check file name: /data/data/com.dangbei.leard.leradlauncher/lib
06-26 11:31:27.260 316 316 D XiriService: check file name: /data/data/com.dangbei.leard.leradlauncher/lib
06-26 11:31:27.260 316 316 D XiriService: check file name: /data/data/com.dangbei.leard.leradlauncher/lib
06-26 11:31:27.267 316 316 D XiriService: check file name: /data/data/com.android.printspooler/lib
06-26 11:31:27.268 316 316 D XiriService: check file name: /data/data/com.android.printspooler/lib
06-26 11:31:27.264 316 316 I xiriservice_All: type=1400 audit(0.0:323): avc: denied { search } for name="com.android.printspooler" dev="mmcblk0p25" ino=935 scontext=u:r:init:s0 tcontext=u:object_r:app_data_file:s0:c41,c256,c512,c768 tclass=dir permissive=1
06-26 11:31:27.268 316 316 D XiriService: check file name: /data/data/com.android.printspooler/lib
06-26 11:31:27.264 316 316 I xiriservice_All: type=1400 audit(0.0:324): avc: denied { read } for name="lib" dev="mmcblk0p25" ino=8766 scontext=u:r:init:s0 tcontext=u:object_r:app_data_file:s0:c41,c256,c512,c768 tclass=lnk_file permissive=1
06-26 11:31:27.275 316 316 D XiriService: check file name: /data/data/com.android.printspooler/lib
06-26 11:31:27.275 316 316 D XiriService: check file name: /data/data/com.android.printspooler/lib
06-26 11:31:27.276 316 316 D XiriService: check file name: /data/data/com.android.printspooler/lib
06-26 11:31:27.284 480 480 D ConnectivityService: ConnectivityService starting up
06-26 11:31:27.280 316 316 I xiriservice_All: type=1400 audit(0.0:325): avc: denied { search } for name="com.android.webview" dev="mmcblk0p25" ino=951 scontext=u:r:init:s0 tcontext=u:object_r:app_data_file:s0:c60,c256,c512,c768 tclass=dir permissive=1
06-26 11:31:27.284 316 316 D XiriService: check file name: /data/data/com.android.webview/lib
06-26 11:31:27.285 316 316 D XiriService: check file name: /data/data/com.android.webview/lib
06-26 11:31:27.285 316 316 D XiriService: check file name: /data/data/com.android.webview/lib
06-26 11:31:27.280 316 316 I xiriservice_All: type=1400 audit(0.0:326): avc: denied { read } for name="lib" dev="mmcblk0p25" ino=8768 scontext=u:r:init:s0 tcontext=u:object_r:app_data_file:s0:c60,c256,c512,c768 tclass=lnk_file permissive=1
06-26 11:31:27.287 480 480 D pppoeNRI:: uid/pid:1000/480 activeRequest: null callbackRequest: 5 [NetworkRequest [ REQUEST id=5, [ Transports: PPPOE Capabilities: INTERNET&NOT_RESTRICTED&TRUSTED&NOT_VPN&NOT_VCN_MANAGED RequestorUid: 1000 RequestorPkg: android] ]] callback flags: 1 priority: 2147483647
06-26 11:31:27.293 480 480 E TAG : Exception = android.content.pm.PackageManager$NameNotFoundException: android.telephony.cts
06-26 11:31:27.294 480 480 E TAG : Exception = android.content.pm.PackageManager$NameNotFoundException: android.net.cts
06-26 11:31:27.295 316 316 D XiriService: check file name: /data/data/com.android.webview/lib
06-26 11:31:27.295 316 316 D XiriService: check file name: /data/data/com.android.webview/lib
06-26 11:31:27.295 316 316 D XiriService: check file name: /data/data/com.android.webview/lib
06-26 11:31:27.295 316 316 D XiriService: check file name: /data/data/com.android.webview/lib
06-26 11:31:27.307 316 316 D XiriService: check file name: /data/data/com.android.bips/lib
06-26 11:31:27.307 316 316 D XiriService: check file name: /data/data/com.android.bips/lib
06-26 11:31:27.308 316 316 D XiriService: check file name: /data/data/com.android.bips/lib
06-26 11:31:27.308 316 316 D XiriService: check file name: /data/data/com.android.bips/lib
06-26 11:31:27.315 316 316 D XiriService: check file name: /data/data/com.android.bips/lib
06-26 11:31:27.315 316 316 D XiriService: check file name: /data/data/com.android.bips/lib
06-26 11:31:27.315 316 316 D XiriService: check file name: /data/data/com.android.bips/lib
06-26 11:31:27.319 316 316 D XiriService: check file name: /data/data/com.oranth.inputmacsn/lib
06-26 11:31:27.319 316 316 D XiriService: check file name: /data/data/com.oranth.inputmacsn/lib
06-26 11:31:27.319 316 316 D XiriService: check file name: /data/data/com.oranth.inputmacsn/lib
06-26 11:31:27.319 316 316 D XiriService: check file name: /data/data/com.oranth.inputmacsn/lib
06-26 11:31:27.321 480 480 D CompatibilityChangeReporter: Compat change id reported: 182478738; UID 1000; state: ENABLED
06-26 11:31:27.329 316 316 D XiriService: check file name: /data/data/com.oranth.inputmacsn/lib
06-26 11:31:27.329 316 316 D XiriService: check file name: /data/data/com.oranth.inputmacsn/lib
06-26 11:31:27.329 316 316 D XiriService: check file name: /data/data/com.oranth.inputmacsn/lib
06-26 11:31:27.329 316 316 D XiriService: check file name: /data/data/com.oranth.inputmacsn/lib
06-26 11:31:27.330 480 480 I ConnectivityServiceInitializer: Registering connectivity
06-26 11:31:27.331 480 480 I SystemServerTiming: StartVpnManagerService
06-26 11:31:27.335 480 480 D VpnManagerService: VpnManagerService starting up
06-26 11:31:27.336 480 480 I SystemServerTiming: StartVcnManagementService
06-26 11:31:27.340 480 480 I SystemServerTiming: StartNsdService
06-26 11:31:27.341 480 480 D NsdService: Network service discovery is enabled
06-26 11:31:27.343 316 316 D XiriService: check file name: /data/data/com.dangbei.hqmedia/lib
06-26 11:31:27.340 316 316 I xiriservice_All: type=1400 audit(0.0:327): avc: denied { search } for name="com.dangbei.hqmedia" dev="mmcblk0p25" ino=3095 scontext=u:r:init:s0 tcontext=u:object_r:app_data_file:s0:c76,c256,c512,c768 tclass=dir permissive=1
06-26 11:31:27.340 316 316 I xiriservice_All: type=1400 audit(0.0:328): avc: denied { read } for name="lib" dev="mmcblk0p25" ino=8346 scontext=u:r:init:s0 tcontext=u:object_r:app_data_file:s0:c76,c256,c512,c768 tclass=lnk_file permissive=1
06-26 11:31:27.344 316 316 D XiriService: check file name: /data/data/com.dangbei.hqmedia/lib
06-26 11:31:27.345 480 480 I SystemServerTiming: StartSystemUpdateManagerService
06-26 11:31:27.345 316 316 D XiriService: check file name: /data/data/com.dangbei.hqmedia/lib
06-26 11:31:27.345 316 316 D XiriService: check file name: /data/data/com.dangbei.hqmedia/lib
06-26 11:31:27.340 316 316 I xiriservice_All: type=1400 audit(0.0:329): avc: denied { read } for name="lib" dev="mmcblk0p25" ino=8774 scontext=u:r:init:s0 tcontext=u:object_r:app_data_file:s0:c76,c256,c512,c768 tclass=lnk_file permissive=1
06-26 11:31:27.346 480 480 I SystemUpdateManagerService: No existing info file /data/system/system-update-info.xml
06-26 11:31:27.347 480 480 I SystemServerTiming: StartUpdateLockService
06-26 11:31:27.348 480 480 I SystemServerTiming: StartNotificationManager
06-26 11:31:27.348 480 480 I SystemServiceManager: Starting com.android.server.notification.NotificationManagerService
06-26 11:31:27.352 316 316 D XiriService: check file name: /data/data/com.android.keychain/lib
06-26 11:31:27.352 316 316 D XiriService: check file name: /data/data/com.android.keychain/lib
06-26 11:31:27.352 316 316 D XiriService: check file name: /data/data/com.android.keychain/lib
06-26 11:31:27.352 316 316 D XiriService: check file name: /data/data/com.android.keychain/lib
06-26 11:31:27.360 316 316 D XiriService: check file name: /data/data/com.android.keychain/lib
06-26 11:31:27.360 316 316 D XiriService: check file name: /data/data/com.android.keychain/lib
06-26 11:31:27.361 316 316 D XiriService: check file name: /data/data/com.android.keychain/lib
06-26 11:31:27.361 316 316 D XiriService: check file name: /data/data/com.android.keychain/lib
06-26 11:31:27.363 480 480 D ConditionProviders.SCP: new ScheduleConditionProvider()
06-26 11:31:27.377 316 316 D XiriService: check file name: /data/data/com.android.localtransport/lib
06-26 11:31:27.377 316 316 D XiriService: check file name: /data/data/com.android.localtransport/lib
06-26 11:31:27.377 316 316 D XiriService: check file name: /data/data/com.android.localtransport/lib
06-26 11:31:27.377 316 316 D XiriService: check file name: /data/data/com.android.localtransport/lib
06-26 11:31:27.383 316 316 D XiriService: check file name: /data/data/com.android.localtransport/lib
06-26 11:31:27.383 480 480 I NotificationAssistants: Read notification assistant permissions from xml
06-26 11:31:27.383 316 316 D XiriService: check file name: /data/data/com.android.localtransport/lib
06-26 11:31:27.383 316 316 D XiriService: check file name: /data/data/com.android.localtransport/lib
06-26 11:31:27.384 316 316 D XiriService: check file name: /data/data/com.android.localtransport/lib
06-26 11:31:27.385 316 316 D XiriService: check file name: /data/data/com.android.packageinstaller/lib
06-26 11:31:27.385 316 316 D XiriService: check file name: /data/data/com.android.packageinstaller/lib
06-26 11:31:27.385 480 480 I ConditionProviders: Read condition provider permissions from xml
06-26 11:31:27.385 480 480 I ConditionProviders: Read condition provider permissions from xml
06-26 11:31:27.385 316 316 D XiriService: check file name: /data/data/com.android.packageinstaller/lib
06-26 11:31:27.385 480 480 D NotificationAssistants: Approving default notification assistant for user 0
06-26 11:31:27.385 316 316 D XiriService: check file name: /data/data/com.android.packageinstaller/lib
06-26 11:31:27.386 480 480 I ConditionProviders: Allowing condition provider android.ext.services/android.ext.services.notification.Assistant (userSet: true)
06-26 11:31:27.389 480 480 D CompatibilityChangeReporter: Compat change id reported: 147600208; UID 1000; state: ENABLED
06-26 11:31:27.390 480 480 D CompatibilityChangeReporter: Compat change id reported: 157233955; UID 1000; state: ENABLED
06-26 11:31:27.392 316 316 D XiriService: check file name: /data/data/com.android.packageinstaller/lib
06-26 11:31:27.393 316 316 D XiriService: check file name: /data/data/com.android.packageinstaller/lib
06-26 11:31:27.393 316 316 D XiriService: check file name: /data/data/com.android.packageinstaller/lib
06-26 11:31:27.393 316 316 D XiriService: check file name: /data/data/com.android.packageinstaller/lib
06-26 11:31:27.394 249 249 I Zygote : ...preloaded 7337 classes in 959ms.
06-26 11:31:27.401 249 249 D ApplicationLoaders: Created zygote-cached class loader: /system/framework/android.hidl.base-V1.0-java.jar
06-26 11:31:27.401 480 480 I SystemServerTiming: StartDeviceMonitor
06-26 11:31:27.401 480 480 I SystemServiceManager: Starting com.android.server.storage.DeviceStorageMonitorService
06-26 11:31:27.403 480 480 I SystemServerTiming: StartLocationManagerService
06-26 11:31:27.404 480 480 I SystemServiceManager: Starting com.android.server.location.LocationManagerService$Lifecycle
06-26 11:31:27.406 249 249 D ApplicationLoaders: Created zygote-cached class loader: /system/framework/android.hidl.manager-V1.0-java.jar
06-26 11:31:27.410 316 316 D XiriService: check file name: /data/data/com.oranth.usbopenft/lib
06-26 11:31:27.410 316 316 D XiriService: check file name: /data/data/com.oranth.usbopenft/lib
06-26 11:31:27.410 249 249 D ApplicationLoaders: Created zygote-cached class loader: /system/framework/android.test.base.jar
06-26 11:31:27.410 249 249 I Zygote : Preloading resources...
06-26 11:31:27.410 316 316 D XiriService: check file name: /data/data/com.oranth.usbopenft/lib
06-26 11:31:27.410 316 316 D XiriService: check file name: /data/data/com.oranth.usbopenft/lib
06-26 11:31:27.413 480 480 I SystemServerTiming: StartCountryDetectorService
06-26 11:31:27.414 480 480 I SystemServerTiming: StartTimeDetectorService
06-26 11:31:27.414 480 480 I SystemServiceManager: Starting com.android.server.timedetector.TimeDetectorService$Lifecycle
06-26 11:31:27.416 480 480 I SystemServerTiming: StartTimeZoneDetectorService
06-26 11:31:27.417 480 480 I SystemServiceManager: Starting com.android.server.timezonedetector.TimeZoneDetectorService$Lifecycle
06-26 11:31:27.420 316 316 D XiriService: check file name: /data/data/com.oranth.usbopenft/lib
06-26 11:31:27.420 316 316 D XiriService: check file name: /data/data/com.oranth.usbopenft/lib
06-26 11:31:27.421 316 316 D XiriService: check file name: /data/data/com.oranth.usbopenft/lib
06-26 11:31:27.421 316 316 D XiriService: check file name: /data/data/com.oranth.usbopenft/lib
06-26 11:31:27.421 480 480 I SystemServerTiming: StartLocationTimeZoneManagerService
06-26 11:31:27.421 480 480 I SystemServiceManager: Starting com.android.server.timezonedetector.location.LocationTimeZoneManagerService$Lifecycle
06-26 11:31:27.421 316 316 D XiriService: check file name: /data/data/com.android.networkstack.tethering/lib
06-26 11:31:27.421 316 316 D XiriService: check file name: /data/data/com.android.networkstack.tethering/lib
06-26 11:31:27.422 480 480 I SystemServerTiming: StartSearchManagerService
06-26 11:31:27.422 480 480 I SystemServiceManager: Starting com.android.server.search.SearchManagerService$Lifecycle
06-26 11:31:27.422 316 316 D XiriService: check file name: /data/data/com.android.networkstack.tethering/lib
06-26 11:31:27.422 316 316 D XiriService: check file name: /data/data/com.android.networkstack.tethering/lib
06-26 11:31:27.424 480 480 I SystemServerTiming: StartWallpaperManagerService
06-26 11:31:27.425 480 480 I SystemServiceManager: Starting com.android.server.wallpaper.WallpaperManagerService$Lifecycle
06-26 11:31:27.426 480 480 I SystemServerTiming: StartAudioService
06-26 11:31:27.426 480 480 I SystemServiceManager: Starting com.android.server.audio.AudioService$Lifecycle
06-26 11:31:27.428 249 249 W Resources: Preloaded drawable resource #0x1080286 (android:drawable/dialog_background_material) that varies with configuration!!
06-26 11:31:27.430 316 316 D XiriService: check file name: /data/data/com.android.networkstack.tethering/lib
06-26 11:31:27.430 316 316 D XiriService: check file name: /data/data/com.android.networkstack.tethering/lib
06-26 11:31:27.430 316 316 D XiriService: check file name: /data/data/com.android.networkstack.tethering/lib
06-26 11:31:27.438 316 316 D XiriService: check file name: /data/data/com.dangbei.lerad.etna.haqu/lib
06-26 11:31:27.438 316 316 D XiriService: check file name: /data/data/com.dangbei.lerad.etna.haqu/lib
06-26 11:31:27.440 316 316 D XiriService: check file name: /data/data/com.dangbei.lerad.etna.haqu/lib
06-26 11:31:27.440 316 316 D XiriService: check file name: /data/data/com.dangbei.lerad.etna.haqu/lib
06-26 11:31:27.446 480 480 I android_os_HwBinder: HwBinder: Starting thread pool for getting: android.hidl.manager@1.0::IServiceManager/default
06-26 11:31:27.448 316 316 D XiriService: check file name: /data/data/com.dangbei.lerad.etna.haqu/lib
06-26 11:31:27.448 316 316 D XiriService: check file name: /data/data/com.dangbei.lerad.etna.haqu/lib
06-26 11:31:27.448 316 316 D XiriService: check file name: /data/data/com.dangbei.lerad.etna.haqu/lib
06-26 11:31:27.448 316 316 D XiriService: check file name: /data/data/com.dangbei.lerad.etna.haqu/lib
06-26 11:31:27.455 278 453 W AudioFlinger: no wake lock to update, system not ready yet
06-26 11:31:27.461 278 450 D PermissionCache: checking android.permission.MODIFY_AUDIO_ROUTING for uid=1000 => granted (930 us)
06-26 11:31:27.473 249 249 I Zygote : ...preloaded 64 resources in 63ms.
06-26 11:31:27.476 316 316 D XiriService: check file name: /data/data/com.oranth.powerwindow/lib
06-26 11:31:27.476 316 316 D XiriService: check file name: /data/data/com.oranth.powerwindow/lib
06-26 11:31:27.476 316 316 D XiriService: check file name: /data/data/com.oranth.powerwindow/lib
06-26 11:31:27.476 316 316 D XiriService: check file name: /data/data/com.oranth.powerwindow/lib
06-26 11:31:27.485 316 316 D XiriService: check file name: /data/data/com.oranth.powerwindow/lib
06-26 11:31:27.485 316 316 D XiriService: check file name: /data/data/com.oranth.powerwindow/lib
06-26 11:31:27.485 316 316 D XiriService: check file name: /data/data/com.oranth.powerwindow/lib
06-26 11:31:27.486 249 249 I Zygote : ...preloaded 41 resources in 12ms.
06-26 11:31:27.490 278 450 D PermissionCache: checking android.permission.MODIFY_AUDIO_SETTINGS for uid=1000 => granted (179 us)
06-26 11:31:27.502 316 316 D XiriService: check file name: /data/data/com.android.networkstack.permissionconfig/lib
06-26 11:31:27.502 316 316 D XiriService: check file name: /data/data/com.android.networkstack.permissionconfig/lib
06-26 11:31:27.502 316 316 D XiriService: check file name: /data/data/com.android.networkstack.permissionconfig/lib
06-26 11:31:27.502 316 316 D XiriService: check file name: /data/data/com.android.networkstack.permissionconfig/lib
06-26 11:31:27.503 278 278 D AudioFlinger: isLowRamDevice:false totalMemory:2055442432 mClientSharedHeapSize:4194304
06-26 11:31:27.510 480 480 I SystemServerTiming: StartSoundTriggerMiddlewareService
06-26 11:31:27.510 316 316 D XiriService: check file name: /data/data/com.android.networkstack.permissionconfig/lib
06-26 11:31:27.511 316 316 D XiriService: check file name: /data/data/com.android.networkstack.permissionconfig/lib
06-26 11:31:27.511 316 316 D XiriService: check file name: /data/data/com.android.networkstack.permissionconfig/lib
06-26 11:31:27.511 480 480 I SystemServiceManager: Starting com.android.server.soundtrigger_middleware.SoundTriggerMiddlewareService$Lifecycle
06-26 11:31:27.513 480 480 D SoundTriggerMiddlewareService: Connecting to default ISoundTriggerHw
06-26 11:31:27.515 249 249 D libEGL : loaded /vendor/lib/egl/libGLES_mali.so
06-26 11:31:27.516 186 186 I hwservicemanager: getTransport: Cannot find entry android.hardware.soundtrigger@2.0::ISoundTriggerHw/default in either framework or device VINTF manifest.
06-26 11:31:27.520 316 316 D XiriService: check file name: /data/data/com.dangbei.lerad.screensaver/lib
06-26 11:31:27.520 316 316 D XiriService: check file name: /data/data/com.dangbei.lerad.screensaver/lib
06-26 11:31:27.516 316 316 I xiriservice_All: type=1400 audit(0.0:330): avc: denied { search } for name="com.dangbei.lerad.screensaver" dev="mmcblk0p25" ino=1185 scontext=u:r:init:s0 tcontext=u:object_r:app_data_file:s0:c51,c256,c512,c768 tclass=dir permissive=1
06-26 11:31:27.516 316 316 I xiriservice_All: type=1400 audit(0.0:331): avc: denied { read } for name="lib" dev="mmcblk0p25" ino=8791 scontext=u:r:init:s0 tcontext=u:object_r:app_data_file:s0:c51,c256,c512,c768 tclass=lnk_file permissive=1
06-26 11:31:27.521 316 316 D XiriService: check file name: /data/data/com.dangbei.lerad.screensaver/lib
06-26 11:31:27.525 480 480 E SoundTriggerMiddlewareImpl: Failed to add a SoundTriggerModule instance
06-26 11:31:27.525 480 480 E SoundTriggerMiddlewareImpl: java.util.NoSuchElementException
06-26 11:31:27.525 480 480 E SoundTriggerMiddlewareImpl: at android.os.HwBinder.getService(Native Method)
06-26 11:31:27.525 480 480 E SoundTriggerMiddlewareImpl: at android.hardware.soundtrigger.V2_0.ISoundTriggerHw.getService(ISoundTriggerHw.java:57)
06-26 11:31:27.525 480 480 E SoundTriggerMiddlewareImpl: at android.hardware.soundtrigger.V2_0.ISoundTriggerHw.getService(ISoundTriggerHw.java:64)
06-26 11:31:27.525 480 480 E SoundTriggerMiddlewareImpl: at com.android.server.soundtrigger_middleware.SoundTriggerMiddlewareService$Lifecycle.lambda$onStart$0(SoundTriggerMiddlewareService.java:238)
06-26 11:31:27.525 480 480 E SoundTriggerMiddlewareImpl: at com.android.server.soundtrigger_middleware.SoundTriggerMiddlewareService$Lifecycle$$ExternalSyntheticLambda0.create(Unknown Source:0)
06-26 11:31:27.525 480 480 E SoundTriggerMiddlewareImpl: at com.android.server.soundtrigger_middleware.SoundTriggerModule.attachToHal(SoundTriggerModule.java:222)
06-26 11:31:27.525 480 480 E SoundTriggerMiddlewareImpl: at com.android.server.soundtrigger_middleware.SoundTriggerModule.(SoundTriggerModule.java:112)
06-26 11:31:27.525 480 480 E SoundTriggerMiddlewareImpl: at com.android.server.soundtrigger_middleware.SoundTriggerMiddlewareImpl.(SoundTriggerMiddlewareImpl.java:89)
06-26 11:31:27.525 480 480 E SoundTriggerMiddlewareImpl: at com.android.server.soundtrigger_middleware.SoundTriggerMiddlewareService$Lifecycle.onStart(SoundTriggerMiddlewareService.java:244)
06-26 11:31:27.525 480 480 E SoundTriggerMiddlewareImpl: at com.android.server.SystemServiceManager.startService(SystemServiceManager.java:205)
06-26 11:31:27.525 480 480 E SoundTriggerMiddlewareImpl: at com.android.server.SystemServiceManager.startService(SystemServiceManager.java:192)
06-26 11:31:27.525 480 480 E SoundTriggerMiddlewareImpl: at com.android.server.SystemServer.startOtherServices(SystemServer.java:2161)
06-26 11:31:27.525 480 480 E SoundTriggerMiddlewareImpl: at com.android.server.SystemServer.run(SystemServer.java:928)
06-26 11:31:27.525 480 480 E SoundTriggerMiddlewareImpl: at com.android.server.SystemServer.main(SystemServer.java:628)
06-26 11:31:27.525 480 480 E SoundTriggerMiddlewareImpl: at java.lang.reflect.Method.invoke(Native Method)
06-26 11:31:27.525 480 480 E SoundTriggerMiddlewareImpl: at com.android.internal.os.RuntimeInit$MethodAndArgsCaller.run(RuntimeInit.java:548)
06-26 11:31:27.525 480 480 E SoundTriggerMiddlewareImpl: at com.android.internal.os.ZygoteInit.main(ZygoteInit.java:1160)
06-26 11:31:27.528 480 480 I SystemServerTiming: StartDockObserver
06-26 11:31:27.529 480 480 I SystemServiceManager: Starting com.android.server.DockObserver
06-26 11:31:27.529 480 480 W DockObserver: This kernel does not have dock station support
06-26 11:31:27.531 480 480 I SystemServerTiming: StartWiredAccessoryManager
06-26 11:31:27.531 316 316 D XiriService: check file name: /data/data/com.dangbei.lerad.screensaver/lib
06-26 11:31:27.532 316 316 D XiriService: check file name: /data/data/com.dangbei.lerad.screensaver/lib
06-26 11:31:27.532 316 316 D XiriService: check file name: /data/data/com.dangbei.lerad.screensaver/lib
06-26 11:31:27.533 480 480 I SystemServer: Audio device manager Observer
06-26 11:31:27.533 480 480 E Environment: Path requests must specify a user by using UserEnvironment
06-26 11:31:27.533 480 480 E Environment: java.lang.Throwable
06-26 11:31:27.533 480 480 E Environment: at android.os.Environment.throwIfUserRequired(Environment.java:1449)
06-26 11:31:27.533 480 480 E Environment: at android.os.Environment.getExternalStorageDirectory(Environment.java:707)
06-26 11:31:27.533 480 480 E Environment: at com.android.server.SystemServer.startOtherServices(SystemServer.java:2192)
06-26 11:31:27.533 480 480 E Environment: at com.android.server.SystemServer.run(SystemServer.java:928)
06-26 11:31:27.533 480 480 E Environment: at com.android.server.SystemServer.main(SystemServer.java:628)
06-26 11:31:27.533 480 480 E Environment: at java.lang.reflect.Method.invoke(Native Method)
06-26 11:31:27.533 480 480 E Environment: at com.android.internal.os.RuntimeInit$MethodAndArgsCaller.run(RuntimeInit.java:548)
06-26 11:31:27.533 480 480 E Environment: at com.android.internal.os.ZygoteInit.main(ZygoteInit.java:1160)
06-26 11:31:27.537 480 480 W StorageManagerService: No primary storage defined yet; hacking together a stub
06-26 11:31:27.537 480 536 I DropBoxManagerService: add tag=system_server_wtf isTagEnabled=true flags=0x2
06-26 11:31:27.543 278 278 I CaptureStateNotifier: Registering a listener
06-26 11:31:27.544 480 632 I SoundTriggerMiddlewareLogging: setCaptureState[this=com.android.server.soundtrigger_middleware.SoundTriggerMiddlewareImpl@52c4ad0, client=null](false)
06-26 11:31:27.554 480 480 W system_server: ClassLoaderContext parent mismatch. (PCL[] | PCL[];PCL[/system/framework/com.android.location.provider.jar*3633238673:/system/framework/services.jar*324275400:/system/framework/services.jar!classes2.dex*52414530:/system/framework/ethernet-service.jar*655162001:/system/framework/pppoe-service.jar*2082030846:/apex/com.android.appsearch/javalib/service-appsearch.jar*4100577803:/apex/com.android.media/javalib/service-media-s.jar*3881732923:/apex/com.android.permission/javalib/service-permission.jar*62506796])
06-26 11:31:27.569 316 316 D XiriService: check file name: /data/data/com.android.wallpaperbackup/lib
06-26 11:31:27.569 316 316 D XiriService: check file name: /data/data/com.android.wallpaperbackup/lib
06-26 11:31:27.570 316 316 D XiriService: check file name: /data/data/com.android.wallpaperbackup/lib
06-26 11:31:27.570 316 316 D XiriService: check file name: /data/data/com.android.wallpaperbackup/lib
06-26 11:31:27.577 480 480 D DisplayOutputManager: ro.build.characteristics=homlet
06-26 11:31:27.578 184 184 E SELinux : avc: denied { find } for pid=480 uid=1000 name=vendor.display.output.IDisplayOutputManager/default scontext=u:r:system_server:s0 tcontext=u:object_r:hal_awdisplayoutput_service:s0 tclass=service_manager permissive=1
06-26 11:31:27.579 184 184 I servicemanager: Found vendor.display.output.IDisplayOutputManager/default in device VINTF manifest.
06-26 11:31:27.580 316 316 D XiriService: check file name: /data/data/com.android.wallpaperbackup/lib
06-26 11:31:27.581 316 316 D XiriService: check file name: /data/data/com.android.wallpaperbackup/lib
06-26 11:31:27.581 316 316 D XiriService: check file name: /data/data/com.android.wallpaperbackup/lib
06-26 11:31:27.582 480 480 D HomletDisplayOutputManager: get IDisplayOutputManager service success
06-26 11:31:27.582 480 480 D AudioManagerEx: AudioManagerEx
06-26 11:31:27.583 480 480 D AudioDeviceManagerObserver: AudioDeviceManagerObserver construct
06-26 11:31:27.584 480 480 I SystemServerTiming: StartMidiManager
06-26 11:31:27.584 480 480 I SystemServiceManager: Starting com.android.server.midi.MidiService$Lifecycle
06-26 11:31:27.586 480 480 I SystemServerTiming: StartAdbService
06-26 11:31:27.586 480 480 I SystemServiceManager: Starting com.android.server.adb.AdbService$Lifecycle
06-26 11:31:27.590 480 480 I SystemServerTiming: StartUsbService
06-26 11:31:27.590 480 480 I SystemServiceManager: Starting com.android.server.usb.UsbService$Lifecycle
06-26 11:31:27.591 480 480 I SystemServerTiming: StartSerialService
06-26 11:31:27.591 480 583 I SystemServerTimingAsync: InitThreadPoolExec:UsbService$Lifecycle#onStart
06-26 11:31:27.591 480 583 D SystemServerInitThreadPool: Started executing UsbService$Lifecycle#onStart
06-26 11:31:27.593 480 480 I SystemServerTiming: StartHardwarePropertiesManagerService
06-26 11:31:27.595 186 186 I hwservicemanager: getTransport: Cannot find entry android.hardware.thermal@1.0::IThermal/default in either framework or device VINTF manifest.
06-26 11:31:27.595 480 583 E UsbDeviceManager: failed to write to /sys/class/android_usb/android0/f_rndis/ethaddr
06-26 11:31:27.596 480 480 E HardwarePropertiesManagerService-JNI: Unable to get Thermal service.
06-26 11:31:27.597 480 480 I SystemServerTiming: StartTwilightService
06-26 11:31:27.597 480 480 I SystemServiceManager: Starting com.android.server.twilight.TwilightService
06-26 11:31:27.598 480 480 I SystemServerTiming: StartColorDisplay
06-26 11:31:27.598 480 480 I SystemServiceManager: Starting com.android.server.display.color.ColorDisplayService
06-26 11:31:27.599 480 583 I android_os_HwBinder: HwBinder: Starting thread pool for getting: android.hardware.usb.gadget@1.0::IUsbGadget/default
06-26 11:31:27.606 583 583 I : read descriptors
06-26 11:31:27.606 583 583 I : read strings
06-26 11:31:27.606 583 583 I : read descriptors
06-26 11:31:27.606 583 583 I : read strings
06-26 11:31:27.611 480 480 I SystemServerTiming: StartJobScheduler
06-26 11:31:27.613 480 480 I SystemServiceManager: Starting com.android.server.job.JobSchedulerService
06-26 11:31:27.613 249 249 I Zygote : Preloading shared libraries...
06-26 11:31:27.614 316 316 D XiriService: check file name: /data/data/com.android.providers.media.module/lib
06-26 11:31:27.608 316 316 I xiriservice_All: type=1400 audit(0.0:332): avc: denied { search } for name="com.android.providers.media.module" dev="mmcblk0p25" ino=1257 scontext=u:r:init:s0 tcontext=u:object_r:privapp_data_file:s0:c74,c256,c512,c768 tclass=dir permissive=1
06-26 11:31:27.608 316 316 I xiriservice_All: type=1400 audit(0.0:333): avc: denied { read } for name="lib" dev="mmcblk0p25" ino=8367 scontext=u:r:init:s0 tcontext=u:object_r:privapp_data_file:s0:c74,c256,c512,c768 tclass=lnk_file permissive=1
06-26 11:31:27.615 316 316 D XiriService: check file name: /data/data/com.android.providers.media.module/lib
06-26 11:31:27.615 316 316 D XiriService: check file name: /data/data/com.android.providers.media.module/lib
06-26 11:31:27.615 316 316 D XiriService: check file name: /data/data/com.android.providers.media.module/lib
06-26 11:31:27.619 480 583 W StorageManagerService: No primary storage defined yet; hacking together a stub
06-26 11:31:27.622 249 249 I Zygote : Called ZygoteHooks.endPreload()
06-26 11:31:27.623 480 480 D JobStore: Start tag: job-info
06-26 11:31:27.623 249 249 I Zygote : Installed AndroidKeyStoreProvider in 1ms.
06-26 11:31:27.629 480 480 I JobStore: Read 5 jobs
06-26 11:31:27.633 316 316 D XiriService: check file name: /data/data/com.android.providers.media.module/lib
06-26 11:31:27.634 480 583 I android_os_HwBinder: HwBinder: Starting thread pool for getting: android.hidl.manager@1.0::IServiceManager/default
