06-26 11:31:36.524 1111 1536 D View :
06-26 11:31:36.524 480 480 V AudioDeviceManagerObserver: AudioDeviceManagerObserver init()
06-26 11:31:36.524 480 480 D AudioDeviceManagerObserver: AudioDeviceManagerObserver: newCardId: /sys/class/sound/card0/id
06-26 11:31:36.525 1111 1536 D View :
06-26 11:31:36.525 1111 1536 D View :
06-26 11:31:36.526 480 480 D AudioDeviceManagerObserver: AudioDeviceManagerObserver: devName: pcmC0D0p
06-26 11:31:36.526 480 480 D AudioDeviceManagerObserver: ~~~~~~~~ AudioDeviceManagerObserver: findNameMap: id: audiocodec
06-26 11:31:36.526 480 480 D AudioDeviceManagerObserver: AudioDeviceManagerObserver: name_linux: audiocodec, name_android: AUDIO_CODEC
06-26 11:31:36.526 480 480 D AudioDeviceManagerObserver: AudioDeviceManagerObserver: newCardId: /sys/class/sound/card1/id
06-26 11:31:36.526 1111 1536 D View :
06-26 11:31:36.528 480 480 D AudioDeviceManagerObserver: AudioDeviceManagerObserver: devName: pcmC1D0c
06-26 11:31:36.528 480 480 D AudioDeviceManagerObserver: ~~~~~~~~ AudioDeviceManagerObserver: findNameMap: id: sndspdif
06-26 11:31:36.528 480 480 D AudioDeviceManagerObserver: AudioDeviceManagerObserver: devName: pcmC1D0p
06-26 11:31:36.528 480 480 D AudioDeviceManagerObserver: ~~~~~~~~ AudioDeviceManagerObserver: findNameMap: id: sndspdif
06-26 11:31:36.528 480 480 D AudioDeviceManagerObserver: AudioDeviceManagerObserver: name_linux: sndspdif, name_android: AUDIO_SPDIF
06-26 11:31:36.529 480 480 D AudioDeviceManagerObserver: AudioDeviceManagerObserver: newCardId: /sys/class/sound/card2/id
06-26 11:31:36.529 480 480 D AudioDeviceManagerObserver: AudioDeviceManagerObserver: name_linux: ahubdam, name_android: AUDIO_SPDIF
06-26 11:31:36.530 480 480 D AudioDeviceManagerObserver: AudioDeviceManagerObserver: newCardId: /sys/class/sound/card3/id
06-26 11:31:36.531 480 480 D AudioDeviceManagerObserver: AudioDeviceManagerObserver: devName: pcmC3D0c
06-26 11:31:36.531 480 480 D AudioDeviceManagerObserver: ~~~~~~~~ AudioDeviceManagerObserver: findNameMap: id: ahubhdmi
06-26 11:31:36.532 480 480 D AudioDeviceManagerObserver: AudioDeviceManagerObserver: devName: pcmC3D0p
06-26 11:31:36.532 480 480 D AudioDeviceManagerObserver: ~~~~~~~~ AudioDeviceManagerObserver: findNameMap: id: ahubhdmi
06-26 11:31:36.532 480 480 D AudioDeviceManagerObserver: AudioDeviceManagerObserver: name_linux: ahubhdmi, name_android: AUDIO_USB_ahubhdmi
06-26 11:31:36.532 480 480 D AudioDeviceManagerObserver: AudioDeviceManagerObserver: newCardId: /sys/class/sound/card4/id
06-26 11:31:36.533 480 480 D AudioDeviceManagerObserver: AudioDeviceManagerObserver: devName: pcmC4D0c
06-26 11:31:36.533 480 480 D AudioDeviceManagerObserver: ~~~~~~~~ AudioDeviceManagerObserver: findNameMap: id: ahubi2s2
06-26 11:31:36.533 480 480 D AudioDeviceManagerObserver: AudioDeviceManagerObserver: devName: pcmC4D0p
06-26 11:31:36.533 480 480 D AudioDeviceManagerObserver: ~~~~~~~~ AudioDeviceManagerObserver: findNameMap: id: ahubi2s2
06-26 11:31:36.533 480 480 D AudioDeviceManagerObserver: AudioDeviceManagerObserver: name_linux: ahubi2s2, name_android: AUDIO_USB_ahubi2s2
06-26 11:31:36.534 480 480 D AudioDeviceManagerObserver: AudioDeviceManagerObserver: newCardId: /sys/class/sound/card5/id
06-26 11:31:36.534 480 480 V AudioDeviceManagerObserver: This kernel does not have sound card5
06-26 11:31:36.537 480 480 D AudioManagerEx: AudioManagerEx
06-26 11:31:36.539 254 283 D audio_hw_primary: getAudioDevices()
06-26 11:31:36.539 254 283 D audio_hw_primary: out dev:AUDIO_CODEC
06-26 11:31:36.539 254 283 D audio_hw_primary: in dev:AUDIO_SPDIF
06-26 11:31:36.539 254 283 D audio_hw_primary: out dev:AUDIO_SPDIF
06-26 11:31:36.539 254 283 D audio_hw_primary: in dev:AUDIO_HDMI
06-26 11:31:36.539 254 283 D audio_hw_primary: out dev:AUDIO_HDMI
06-26 11:31:36.539 254 283 D audio_hw_primary: in dev:AUDIO_I2S2
06-26 11:31:36.539 254 283 D audio_hw_primary: out playback: AUDIO_CODEC,AUDIO_SPDIF,AUDIO_HDMI
06-26 11:31:36.540 254 254 D xm_audio: adev_get_parameters
06-26 11:31:36.541 278 448 I hash_map_utils: system/bt/osi/src/hash_map_utils.cc:81 hash_map_utils_dump_string_keys_string_values: key: 'audio_devices_out' value: ''
06-26 11:31:36.541 480 1607 I RecoverySystem: No recovery log file
06-26 11:31:36.542 480 480 D AudioManagerEx: type audio_devices_out list AUDIO_CODEC,AUDIO_SPDIF,AUDIO_HDMI=
06-26 11:31:36.543 480 480 D AudioManagerPolicy: get AUDIO_MANAGE_POLICY is 2
06-26 11:31:36.546 480 480 E AudioDeviceManagerObserver: Could not parse switch state for /sys/devices/virtual/switch/h2w/state ,fail because /sys/devices/virtual/switch/h2w/state: open failed: ENOENT (No such file or directory)
06-26 11:31:36.546 480 480 D AudioManagerPolicy: no usb audio i=3 size=3
06-26 11:31:36.549 480 480 D AudioManagerPolicy: curType4 isHdmiPlugin =true
06-26 11:31:36.550 480 480 D AudioManagerPolicy: hdmi is available on init.
06-26 11:31:36.550 480 480 D AudioManagerPolicy: notifyHdmiAvailable hdmi is available
06-26 11:31:36.556 480 1607 I DropBoxManagerService: add tag=SYSTEM_BOOT isTagEnabled=true flags=0x2
06-26 11:31:36.561 1385 1385 I ContactsPerf: VoicemailContentProvider.onCreate finish
06-26 11:31:36.567 480 1607 I BootReceiver: Copying audit failures to DropBox
06-26 11:31:36.569 480 1607 I BootReceiver: Checking for fsck errors
06-26 11:31:36.571 681 905 D CachedBluetoothDevice: updating profiles for Dangbei
06-26 11:31:36.580 1111 1536 D View :
06-26 11:31:36.581 1111 1536 D View :
06-26 11:31:36.582 1111 1536 D View :
06-26 11:31:36.588 1111 1536 D View :
06-26 11:31:36.591 1111 1536 D View :
06-26 11:31:36.592 1111 1536 D View :
06-26 11:31:36.593 1111 1536 D View :
06-26 11:31:36.593 681 681 D BluetoothMap: Proxy object connected
06-26 11:31:36.593 681 681 D BluetoothMap: getConnectedDevices()
06-26 11:31:36.594 1111 1536 D View :
06-26 11:31:36.598 1111 1378 D ExifInterface: No image meets the size requirements of a thumbnail image.
06-26 11:31:36.609 681 905 V CachedBluetoothDevice: Class: 1f00
06-26 11:31:36.615 480 1433 D CountryDetector: The first listener is added
06-26 11:31:36.619 681 905 V CachedBluetoothDevice: UUID:
06-26 11:31:36.619 1385 1385 I ContactsDatabaseHelper: updateUseStrictPhoneNumberComparison: CN
06-26 11:31:36.626 480 1607 D CompatibilityChangeReporter: Compat change id reported: 135634846; UID 10015; state: DISABLED
06-26 11:31:36.626 480 1607 D CompatibilityChangeReporter: Compat change id reported: 177438394; UID 10015; state: DISABLED
06-26 11:31:36.626 480 1607 D CompatibilityChangeReporter: Compat change id reported: 135772972; UID 10015; state: DISABLED
06-26 11:31:36.626 480 1607 D CompatibilityChangeReporter: Compat change id reported: 135754954; UID 10015; state: ENABLED
06-26 11:31:36.627 480 537 D CompatibilityChangeReporter: Compat change id reported: 143937733; UID 10015; state: ENABLED
06-26 11:31:36.627 1111 1536 D View :
06-26 11:31:36.635 681 905 V CachedBluetoothDevice: 00001812-0000-1000-8000-00805f9b34fb
06-26 11:31:36.641 1111 1536 D View :
06-26 11:31:36.651 249 249 D Zygote : Forked child process 1626
06-26 11:31:36.651 1111 1536 D View :
06-26 11:31:36.659 1111 1536 D View :
06-26 11:31:36.659 254 283 D audio_hw_primary: Mic get_audio_devices_active:
06-26 11:31:36.659 254 283 D audio_hw_primary: get_audio_devices_active: AUDIO_HDMI
06-26 11:31:36.659 254 254 D xm_audio: adev_get_parameters
06-26 11:31:36.660 278 448 I hash_map_utils: system/bt/osi/src/hash_map_utils.cc:81 hash_map_utils_dump_string_keys_string_values: key: 'audio_devices_out_active' value: ''
06-26 11:31:36.660 1111 1536 D View :
06-26 11:31:36.660 480 480 D AudioManagerEx: type audio_devices_out_active list AUDIO_HDMI=
06-26 11:31:36.660 480 480 D AudioManagerEx: AudioManagerEx
06-26 11:31:36.661 480 480 D AudioManagerPolicy: save audio is AUDIO_HDMI
06-26 11:31:36.661 480 480 D AudioManagerPolicy: get AUDIO_MANAGE_POLICY is 2
06-26 11:31:36.661 480 480 D AudioManagerPolicy: POLICY_2 Remove USB Audio or No USB Audio Output Device Connected!
06-26 11:31:36.663 1111 1536 D View :
06-26 11:31:36.663 1111 1536 D View :
06-26 11:31:36.665 1111 1536 D View :
06-26 11:31:36.666 480 480 D AudioManagerEx: state=audio_devices_out_active,dev=[AUDIO_HDMI]
06-26 11:31:36.667 480 480 D AudioManagerEx: enablePassThrough = true
06-26 11:31:36.667 1111 1536 D View :
06-26 11:31:36.667 1111 1536 D View :
06-26 11:31:36.668 480 480 D AudioManagerEx: Hdmi status true,true,1
06-26 11:31:36.668 480 480 D AudioManagerEx: HDMI AUDIO_HDMI
06-26 11:31:36.668 480 480 D AudioManagerEx: AUDIO_NAME_HDMI
06-26 11:31:36.669 254 283 V audio_hw_primary: adev_set_parameters, mediasw.sft.rawdata=HDMI_RAW
06-26 11:31:36.671 1111 1536 D View :
06-26 11:31:36.673 1111 1536 D View :
06-26 11:31:36.673 480 611 D chongyuzhao: reconnect again
06-26 11:31:36.677 35 35 I binder : undelivered transaction 25481, process died.
06-26 11:31:36.675 480 480 D AudioManagerEx: audio=AUDIO_HDMI
06-26 11:31:36.675 1111 1536 D View :
06-26 11:31:36.675 254 283 V audio_hw_primary: adev_set_parameters, audio_devices_out_active=AUDIO_HDMI
06-26 11:31:36.675 254 283 V audio_hw_primary: out AUDIO_PARAMETER_DEVICES_OUT_ACTIVE: AUDIO_HDMI
06-26 11:31:36.676 1626 1626 I Zygote : seccomp disabled by setenforce 0
06-26 11:31:36.680 1111 1536 D View :
06-26 11:31:36.680 480 537 W ActivityManager: Slow operation: 54ms so far, now at startProcess: returned from zygote!
06-26 11:31:36.681 1111 1536 D View :
06-26 11:31:36.684 1111 1536 D View :
06-26 11:31:36.685 1111 1536 D View :
06-26 11:31:36.692 1 1 I init : Service 'bootanim' (pid 519) exited with status 0 oneshot service took 13.021000 seconds in background
06-26 11:31:36.692 1 1 I init : Sending signal 9 to service 'bootanim' (pid 519) process group...
06-26 11:31:36.693 1 1 I libprocessgroup: Successfully killed process cgroup uid 1003 pid 519 in 0ms
06-26 11:31:36.694 1 1 I init : processing action (init.svc.bootanim=stopped) from (/vendor/etc/init/hw/init.oranth.rc:32)
06-26 11:31:36.695 1 1 I init : starting service 'preinstall'...
06-26 11:31:36.710 480 537 W ActivityManager: Slow operation: 85ms so far, now at startProcess: done updating battery stats
06-26 11:31:36.714 254 283 V audio_hw_primary: set property persist.vendor.audio.output.active: AUDIO_HDMI ok
06-26 11:31:36.719 254 283 V audio_hw_primary: AUDIO_HDMI output device will be active
06-26 11:31:36.730 403 417 I adbd : jdwp connection from 1626
06-26 11:31:36.737 480 480 D AudioManagerEx: Update Settings.System.AUDIO_OUTPUT_CHANNEL, now save audio is AUDIO_HDMI
06-26 11:31:36.737 480 480 D AudioManagerPolicy: get AUDIO_MANAGE_POLICY is 2
06-26 11:31:36.739 254 283 D audio_hw_primary: getAudioDevices()
06-26 11:31:36.739 254 283 D audio_hw_primary: out dev:AUDIO_CODEC
06-26 11:31:36.739 254 283 D audio_hw_primary: in dev:AUDIO_SPDIF
06-26 11:31:36.739 254 283 D audio_hw_primary: out dev:AUDIO_SPDIF
06-26 11:31:36.739 254 283 D audio_hw_primary: in dev:AUDIO_HDMI
06-26 11:31:36.739 254 283 D audio_hw_primary: out dev:AUDIO_HDMI
06-26 11:31:36.739 254 283 D audio_hw_primary: in dev:AUDIO_I2S2
06-26 11:31:36.739 254 283 D audio_hw_primary: in capture: AUDIO_SPDIF,AUDIO_HDMI,AUDIO_I2S2
06-26 11:31:36.741 254 282 D xm_audio: adev_get_parameters
06-26 11:31:36.741 278 448 I hash_map_utils: system/bt/osi/src/hash_map_utils.cc:81 hash_map_utils_dump_string_keys_string_values: key: 'audio_devices_in' value: ''
06-26 11:31:36.752 1048 1344 W ModernMediaScanner: Failed to visit /oem/media: java.nio.file.NoSuchFileException: /oem/media
06-26 11:31:36.771 480 537 W ActivityManager: Slow operation: 88ms so far, now at startProcess: building log message
06-26 11:31:36.772 480 537 I ActivityManager: app.processName = android.process.media
06-26 11:31:36.772 480 537 I ActivityManager: Start proc 1626:android.process.media/u0a15 for content provider {com.android.providers.downloads/com.android.providers.downloads.DownloadProvider}
06-26 11:31:36.772 480 537 W ActivityManager: Slow operation: 147ms so far, now at startProcess: starting to update pids map
06-26 11:31:36.772 480 480 D AudioManagerEx: type audio_devices_in list AUDIO_SPDIF,AUDIO_HDMI,AUDIO_I2S2=
06-26 11:31:36.773 480 480 D AudioManagerEx: state=audio_devices_in_active,dev=[AUDIO_CODEC]
06-26 11:31:36.775 681 681 D BluetoothHidHost: Proxy object connected
06-26 11:31:36.778 480 480 D AudioManagerEx: enablePassThrough = true
06-26 11:31:36.779 480 480 D AudioManagerEx: audio=AUDIO_CODEC
06-26 11:31:36.780 254 283 V audio_hw_primary: adev_set_parameters, audio_devices_in_active=AUDIO_CODEC
06-26 11:31:36.780 254 283 V audio_hw_primary: in AUDIO_PARAMETER_DEVICES_IN_ACTIVE: AUDIO_CODEC
06-26 11:31:36.782 480 537 W ActivityManager: Slow operation: 157ms so far, now at startProcess: done updating pids map
06-26 11:31:36.786 254 283 V audio_hw_primary: set property persist.vendor.audio.input.active: AUDIO_CODEC ok
06-26 11:31:36.787 681 681 D BluetoothHidDevice: Proxy object connected
06-26 11:31:36.796 480 480 W Looper : Slow dispatch took 272ms main h=android.app.ActivityThread$H c=android.app.LoadedApk$ReceiverDispatcher$Args$$ExternalSyntheticLambda0@284f3cc m=0
06-26 11:31:36.797 480 480 D AudioDeviceManagerObserver: name: AUDIO_HDMI, state: 0, type: 1
06-26 11:31:36.799 681 681 D BluetoothPan: Proxy object connected
06-26 11:31:36.801 681 681 V TvNotificationHandler: Notification not added because it isn't relevant for tv
06-26 11:31:36.807 480 480 W Looper : Slow delivery took 261ms main h=android.app.ActivityThread$H c=android.app.LoadedApk$ReceiverDispatcher$Args$$ExternalSyntheticLambda0@4f380b8 m=0
06-26 11:31:36.807 1048 1344 I MediaProvider: Scanned internal due to REASON_MOUNTED, found 0 items in 210ms, 0 inserts 0 updates 0 deletes
06-26 11:31:36.808 480 1247 D CompatibilityChangeReporter: Compat change id reported: 149924527; UID 10052; state: ENABLED
06-26 11:31:36.819 1111 1536 D View :
06-26 11:31:36.832 1111 1536 D View :
06-26 11:31:36.844 480 1247 D CompatibilityChangeReporter: Compat change id reported: 168419799; UID 10015; state: DISABLED
06-26 11:31:36.855 480 524 W IorapForwardingService: No service published for: iorapd
06-26 11:31:36.865 480 480 D AudioManagerPolicy: On Audio device plug in/out receive,name=AUDIO_HDMI type=1 state=0 extra=null
06-26 11:31:36.867 480 480 V AudioManagerPolicy: chengkan------------- hdmi inactive
06-26 11:31:36.870 480 480 D AudioManagerPolicy: get AUDIO_MANAGE_POLICY is 2
06-26 11:31:36.870 480 480 D AudioManagerPolicy: Policy2 HDMI Plug Out/In Switch! Booting
06-26 11:31:36.868 480 480 I system_server: type=1400 audit(0.0:526): avc: denied { call } for scontext=u:r:system_server:s0 tcontext=u:r:hal_awdisplayoutput_default:s0 tclass=binder permissive=1
06-26 11:31:36.872 480 480 D AudioManagerEx: AudioManagerEx
06-26 11:31:36.875 1363 1526 I UtilCommon: bluetoothMac=B4:2F:03:15:73:2F
06-26 11:31:36.875 1626 1626 D CompatibilityChangeReporter: Compat change id reported: 171979766; UID 10015; state: ENABLED
06-26 11:31:36.875 480 480 D AudioManagerPolicy: save audio is AUDIO_HDMI
06-26 11:31:36.875 480 480 D AudioManagerPolicy: get AUDIO_MANAGE_POLICY is 2
06-26 11:31:36.875 480 480 D AudioManagerPolicy: POLICY_2 Remove USB Audio or No USB Audio Output Device Connected!
06-26 11:31:36.876 480 480 D AudioManagerEx: state=audio_devices_out_active,dev=[AUDIO_HDMI]
06-26 11:31:36.877 480 480 D AudioManagerEx: enablePassThrough = true
06-26 11:31:36.881 480 806 D CompatibilityChangeReporter: Compat change id reported: 132649864; UID 10052; state: DISABLED
06-26 11:31:36.858 1111 1536 D View :
06-26 11:31:36.884 1111 1536 D View :
06-26 11:31:36.898 480 480 D AudioManagerEx: Hdmi status true,true,1
06-26 11:31:36.898 480 480 D AudioManagerEx: HDMI AUDIO_HDMI
06-26 11:31:36.898 480 480 D AudioManagerEx: AUDIO_NAME_HDMI
06-26 11:31:36.905 254 283 V audio_hw_primary: adev_set_parameters, mediasw.sft.rawdata=HDMI_RAW
06-26 11:31:36.913 480 480 D AudioManagerEx: audio=AUDIO_HDMI
06-26 11:31:36.914 254 283 V audio_hw_primary: adev_set_parameters, audio_devices_out_active=AUDIO_HDMI
06-26 11:31:36.915 254 283 V audio_hw_primary: out AUDIO_PARAMETER_DEVICES_OUT_ACTIVE: AUDIO_HDMI
06-26 11:31:36.916 1680 1680 I cmd : type=1400 audit(0.0:527): avc: denied { call } for scontext=u:r:preinstall:s0 tcontext=u:r:system_server:s0 tclass=binder permissive=1
06-26 11:31:36.916 1680 1680 I cmd : type=1400 audit(0.0:528): avc: denied { transfer } for scontext=u:r:preinstall:s0 tcontext=u:r:system_server:s0 tclass=binder permissive=1
06-26 11:31:36.916 1681 1681 I preinstall.sh: type=1400 audit(0.0:529): avc: denied { execute } for name="sh" dev="dm-0" ino=1201 scontext=u:r:system_server:s0 tcontext=u:object_r:shell_exec:s0 tclass=file permissive=1
06-26 11:31:36.920 1681 1681 I preinstall.sh: type=1400 audit(0.0:530): avc: denied { read open } for path="/system/bin/sh" dev="dm-0" ino=1201 scontext=u:r:system_server:s0 tcontext=u:object_r:shell_exec:s0 tclass=file permissive=1
06-26 11:31:36.932 1363 1363 W bei.lerad.rock: Class com.iflytek.aiui.AIUIAgent failed lock verification and will run slower.
06-26 11:31:36.932 1363 1363 W bei.lerad.rock: Common causes for lock verification issues are non-optimized dex code
06-26 11:31:36.932 1363 1363 W bei.lerad.rock: and incorrect proguard optimizations.
06-26 11:31:36.936 480 806 D CompatibilityChangeReporter: Compat change id reported: 182734110; UID 10052; state: DISABLED
06-26 11:31:36.939 1111 1536 D View :
06-26 11:31:36.939 1111 1536 D View :
06-26 11:31:36.940 1111 1536 D View :
06-26 11:31:36.940 1111 1536 D View :
06-26 11:31:36.941 1111 1536 D View :
06-26 11:31:36.941 1111 1536 D View :
06-26 11:31:36.942 1111 1536 D View :
06-26 11:31:36.943 1363 1682 W System.err: java.net.UnknownHostException: Unable to resolve host "tyapi.qun7.com": No address associated with hostname
06-26 11:31:36.943 1363 1682 W System.err: at java.net.Inet6AddressImpl.lookupHostByName(Inet6AddressImpl.java:156)
06-26 11:31:36.943 1363 1682 W System.err: at java.net.Inet6AddressImpl.lookupAllHostAddr(Inet6AddressImpl.java:103)
06-26 11:31:36.943 1363 1682 W System.err: at java.net.InetAddress.getAllByName(InetAddress.java:1152)
06-26 11:31:36.943 1363 1682 W System.err: at com.android.okhttp.Dns$1.lookup(Dns.java:41)
06-26 11:31:36.944 1363 1682 W System.err: at com.android.okhttp.internal.http.RouteSelector.resetNextInetSocketAddress(RouteSelector.java:178)
06-26 11:31:36.987 1111 1536 D View :
06-26 11:31:36.995 1363 1682 W System.err: at com.android.okhttp.internal.http.RouteSelector.nextProxy(RouteSelector.java:144)
06-26 11:31:36.996 1363 1682 W System.err: at com.android.okhttp.internal.http.RouteSelector.next(RouteSelector.java:86)
06-26 11:31:36.996 1363 1682 W System.err: at com.android.okhttp.internal.http.StreamAllocation.findConnection(StreamAllocation.java:176)
06-26 11:31:36.996 1363 1682 W System.err: at com.android.okhttp.internal.http.StreamAllocation.findHealthyConnection(StreamAllocation.java:128)
06-26 11:31:36.996 1363 1682 W System.err: at com.android.okhttp.internal.http.StreamAllocation.newStream(StreamAllocation.java:97)
06-26 11:31:36.996 1363 1682 W System.err: at com.android.okhttp.internal.http.HttpEngine.connect(HttpEngine.java:289)
06-26 11:31:36.996 1363 1682 W System.err: at com.android.okhttp.internal.http.HttpEngine.sendRequest(HttpEngine.java:232)
06-26 11:31:36.996 1363 1682 W System.err: at com.android.okhttp.internal.huc.HttpURLConnectionImpl.execute(HttpURLConnectionImpl.java:465)
06-26 11:31:36.996 1363 1682 W System.err: at com.android.okhttp.internal.huc.HttpURLConnectionImpl.getResponse(HttpURLConnectionImpl.java:411)
06-26 11:31:36.997 254 283 V audio_hw_primary: set property persist.vendor.audio.output.active: AUDIO_HDMI ok
06-26 11:31:36.997 254 283 V audio_hw_primary: AUDIO_HDMI output device will be active
06-26 11:31:37.000 480 480 D AudioManagerEx: Update Settings.System.AUDIO_OUTPUT_CHANNEL, now save audio is AUDIO_HDMI
06-26 11:31:37.003 480 480 W Looper : Slow dispatch took 139ms main h=android.app.ActivityThread$H c=android.app.LoadedApk$ReceiverDispatcher$Args$$ExternalSyntheticLambda0@1e6be01 m=0
06-26 11:31:37.005 1385 1624 D ContactsDatabaseHelper: WAL enabled for contacts2.db: true
06-26 11:31:37.007 480 480 I ActivityManager: com.android.dynsystem is exempt from freezer
06-26 11:31:37.007 480 480 D CompatibilityChangeReporter: Compat change id reported: 135634846; UID 1000; state: DISABLED
06-26 11:31:37.008 1363 1682 W System.err: at com.android.okhttp.internal.huc.HttpURLConnectionImpl.getResponseCode(HttpURLConnectionImpl.java:542)
06-26 11:31:37.014 1111 1536 D View :
06-26 11:31:37.015 1111 1536 D View :
06-26 11:31:37.015 1111 1536 D View :
06-26 11:31:37.025 1363 1363 I AiuiEngine: create aiui agent
06-26 11:31:37.035 1363 1363 D RockyVoice_AiUiDelegate: 初始化成功
06-26 11:31:37.036 1363 1363 D RockyNetMessageUtil: initTipsList tipEntity = null isRequestTipSuccess = false
06-26 11:31:37.037 249 249 D Zygote : Forked child process 1697
06-26 11:31:37.039 480 537 I ActivityManager: app.processName = com.android.dynsystem
06-26 11:31:37.042 480 537 I ActivityManager: Start proc 1697:com.android.dynsystem/1000 for broadcast {com.android.dynsystem/com.android.dynsystem.BootCompletedReceiver}
06-26 11:31:37.044 1363 1682 W System.err: at com.dangbei.statistics.UtilCommon.networkGetIp(UtilCommon.java:826)
06-26 11:31:37.044 1363 1682 W System.err: at com.dangbei.statistics.UtilCommon$1.accept(UtilCommon.java:807)
06-26 11:31:37.044 1363 1682 W System.err: at com.dangbei.statistics.UtilCommon$1.accept(UtilCommon.java:803)
06-26 11:31:37.044 1363 1682 W System.err: at io.reactivex.internal.operators.observable.ObservableDoOnEach$DoOnEachObserver.onNext(ObservableDoOnEach.java:93)
06-26 11:31:37.044 1363 1682 W System.err: at io.reactivex.internal.operators.observable.ObservableObserveOn$ObserveOnObserver.drainNormal(ObservableObserveOn.java:201)
06-26 11:31:37.044 1363 1682 W System.err: at io.reactivex.internal.operators.observable.ObservableObserveOn$ObserveOnObserver.run(ObservableObserveOn.java:255)
06-26 11:31:37.044 1363 1682 W System.err: at io.reactivex.internal.schedulers.ScheduledRunnable.run(ScheduledRunnable.java:66)
06-26 11:31:37.044 1363 1682 W System.err: at io.reactivex.internal.schedulers.ScheduledRunnable.call(ScheduledRunnable.java:57)
06-26 11:31:37.044 1363 1682 W System.err: at java.util.concurrent.FutureTask.run(FutureTask.java:266)
06-26 11:31:37.045 1363 1682 W System.err: at java.util.concurrent.ScheduledThreadPoolExecutor$ScheduledFutureTask.run(ScheduledThreadPoolExecutor.java:301)
06-26 11:31:37.045 1363 1682 W System.err: at java.util.concurrent.ThreadPoolExecutor.runWorker(ThreadPoolExecutor.java:1167)
06-26 11:31:37.045 1363 1682 W System.err: at java.util.concurrent.ThreadPoolExecutor$Worker.run(ThreadPoolExecutor.java:641)
06-26 11:31:37.045 1363 1682 W System.err: at java.lang.Thread.run(Thread.java:920)
06-26 11:31:37.045 1363 1682 W System.err: Caused by: android.system.GaiException: android_getaddrinfo failed: EAI_NODATA (No address associated with hostname)
06-26 11:31:37.047 1363 1682 W System.err: at libcore.io.Linux.android_getaddrinfo(Native Method)
06-26 11:31:37.049 1697 1697 I Zygote : seccomp disabled by setenforce 0
06-26 11:31:37.050 1363 1682 W System.err: at libcore.io.ForwardingOs.android_getaddrinfo(ForwardingOs.java:136)
06-26 11:31:37.059 1363 1682 W System.err: at libcore.io.BlockGuardOs.android_getaddrinfo(BlockGuardOs.java:221)
06-26 11:31:37.059 1363 1682 W System.err: at libcore.io.ForwardingOs.android_getaddrinfo(ForwardingOs.java:136)
06-26 11:31:37.059 1363 1682 W System.err: at java.net.Inet6AddressImpl.lookupHostByName(Inet6AddressImpl.java:135)
06-26 11:31:37.059 1363 1682 W System.err: ... 27 more
06-26 11:31:37.064 1111 1536 D View :
06-26 11:31:37.065 1111 1536 D View :
06-26 11:31:37.066 1111 1536 D View :
06-26 11:31:37.066 1111 1536 D View :
06-26 11:31:37.067 1111 1536 D View :
06-26 11:31:37.067 1111 1536 D View :
06-26 11:31:37.068 1111 1536 D View :
06-26 11:31:37.068 1111 1536 D View :
06-26 11:31:37.071 1111 1536 D View :
06-26 11:31:37.071 1111 1536 D View :
06-26 11:31:37.072 1111 1536 D View :
06-26 11:31:37.072 1111 1536 D View :
06-26 11:31:37.073 1111 1536 D View :
06-26 11:31:37.073 1111 1536 D View :
06-26 11:31:37.074 1111 1536 D View :
06-26 11:31:37.074 1111 1536 D View :
06-26 11:31:37.075 1111 1536 D View :
06-26 11:31:37.075 1111 1536 D View :
06-26 11:31:37.076 1111 1536 D View :
06-26 11:31:37.076 1111 1536 D View :
06-26 11:31:37.076 1111 1536 D View :
06-26 11:31:37.077 1111 1536 D View :
06-26 11:31:37.077 1111 1536 D View :
06-26 11:31:37.078 1111 1536 D View :
06-26 11:31:37.079 1111 1536 D View :
06-26 11:31:37.079 1111 1536 D View :
06-26 11:31:37.080 1111 1536 D View :
06-26 11:31:37.080 1111 1536 D View :
06-26 11:31:37.080 1111 1536 D View :
06-26 11:31:37.081 1111 1536 D View :
06-26 11:31:37.081 1111 1536 D View :
06-26 11:31:37.082 1111 1536 D View :
06-26 11:31:37.082 1111 1536 D View :
06-26 11:31:37.083 1111 1536 D View :
06-26 11:31:37.083 1111 1536 D View :
06-26 11:31:37.084 1111 1536 D View :
06-26 11:31:37.084 1111 1536 D View :
06-26 11:31:37.085 1111 1536 D View :
06-26 11:31:37.085 1111 1536 D View :
06-26 11:31:37.085 1111 1536 D View :
06-26 11:31:37.086 1111 1536 D View :
06-26 11:31:37.086 1385 1617 I CallLogProvider: Syncing call composer pics -- source user=0, isShadow=true, forAllUser=false
06-26 11:31:37.086 1111 1536 D View :
06-26 11:31:37.089 1111 1536 D View :
06-26 11:31:37.090 1111 1536 D View :
06-26 11:31:37.090 1111 1536 D View :
06-26 11:31:37.091 1111 1536 D View :
06-26 11:31:37.091 1111 1536 D View :
06-26 11:31:37.091 1111 1536 D View :
06-26 11:31:37.092 1111 1536 D View :
06-26 11:31:37.092 1111 1536 D View :
06-26 11:31:37.093 1111 1536 D View :
06-26 11:31:37.093 1111 1536 D View :
06-26 11:31:37.094 1111 1536 D View :
06-26 11:31:37.094 1111 1536 D View :
06-26 11:31:37.095 1111 1536 D View :
06-26 11:31:37.095 1111 1536 D View :
06-26 11:31:37.096 1111 1536 D View :
06-26 11:31:37.096 1111 1536 D View :
06-26 11:31:37.097 1111 1536 D View :
06-26 11:31:37.097 1111 1536 D View :
06-26 11:31:37.097 1111 1536 D View :
06-26 11:31:37.103 1363 1687 W bei.lerad.rock: Verification of java.lang.String com.iflytek.aiui.utils.c.g(android.content.Context, java.lang.String) took 128.013ms (124.99 bytecodes/s) (1096B approximate peak alloc)
06-26 11:31:37.109 1363 1687 W bei.lerad.rock: Class com.iflytek.aiui.utils.c failed lock verification and will run slower.
06-26 11:31:37.111 1111 1540 D AppManager: checkLocalAppsIsValid:
06-26 11:31:37.121 655 655 E WifiHAL : wifi_get_link_stats: requestResponse Error:-5
06-26 11:31:37.121 1111 1111 E hq : NetWorkStateReceiver:::NetWorkStateReceiver onReceive: 网络变化广播 >>>> intent.action=android.net.wifi.SCAN_RESULTS
06-26 11:31:37.140 403 417 I adbd : jdwp connection from 1697
06-26 11:31:37.147 1111 1536 E hq : ErrorCoroutineExceptionHandler:::runTry error:java.net.UnknownHostException: Unable to resolve host "ottdbui-tyapiqun7.yysh.mgtv.com": No address associated with hostname from=requestAppAdInfo
06-26 11:31:37.148 480 611 E WifiVendorHal: getWifiLinkLayerStats_1_5_Internal(l.1191) failed {.code = ERROR_INVALID_ARGS, .description = }
06-26 11:31:37.160 1363 1363 D RockyNetMessageUtil: initMediaControlPage pageEntity = null isRequestPageControlSuccess = false
06-26 11:31:37.171 1385 1617 I CallLogProvider: Fetching list of Uris to sync
06-26 11:31:37.172 1626 1626 V GraphicsEnvironment: ANGLE Developer option for 'com.android.providers.downloads' set to: 'default'
06-26 11:31:37.172 1626 1626 V GraphicsEnvironment: Neither updatable production driver nor prerelease driver is supported.
06-26 11:31:37.177 1626 1626 D NetworkSecurityConfig: No Network Security Config specified, using platform default
06-26 11:31:37.178 1626 1626 D NetworkSecurityConfig: No Network Security Config specified, using platform default
06-26 11:31:37.182 1363 1720 D XHttpObservable: handleRequest: start https://tyapi.qun7.com/v1/voice/getsoundshowmsg ,,, isCache = false
06-26 11:31:37.198 1363 1687 W bei.lerad.rock: Class com.iflytek.aiui.utils.l failed lock verification and will run slower.
06-26 11:31:37.236 1697 1697 D CompatibilityChangeReporter: Compat change id reported: 171979766; UID 1000; state: ENABLED
06-26 11:31:37.260 1363 1724 D XHttpObservable: handleRequest: start https://tyapi.qun7.com/v1/voice/getResponseControlPage ,,, isCache = false
06-26 11:31:37.268 1385 1426 I d.process.acor: Background young concurrent copying GC freed 10521(662KB) AllocSpace objects, 2(40KB) LOS objects, 88% free, 3139KB/27MB, paused 157us total 356.821ms
06-26 11:31:37.271 1363 1363 W SoundPool: Use of stream types is deprecated for operations other than volume control
06-26 11:31:37.271 1363 1363 W SoundPool: See the documentation of SoundPool() for what to use instead with android.media.AudioAttributes to qualify your playback use case
06-26 11:31:37.310 1697 1697 V GraphicsEnvironment: ANGLE Developer option for 'com.android.dynsystem' set to: 'default'
06-26 11:31:37.310 1697 1697 V GraphicsEnvironment: Neither updatable production driver nor prerelease driver is supported.
06-26 11:31:37.315 1363 1363 D RockyReceiver: action: android.net.wifi.WIFI_STATE_CHANGED
06-26 11:31:37.317 480 1463 E ConnectivityService: Exception = android.content.pm.PackageManager$NameNotFoundException: android.net.cts
06-26 11:31:37.334 1720 1720 W audit : audit_lost=133 audit_rate_limit=5 audit_backlog_limit=64
06-26 11:31:37.334 1720 1720 E audit : rate limit exceeded
06-26 11:31:37.353 1697 1697 D NetworkSecurityConfig: No Network Security Config specified, using platform default
06-26 11:31:37.354 1697 1697 D NetworkSecurityConfig: No Network Security Config specified, using platform default
06-26 11:31:37.365 480 1471 I ActivityManager: com.android.dynsystem is exempt from freezer
06-26 11:31:37.370 480 1471 D CompatibilityChangeReporter: Compat change id reported: 135634846; UID 1000; state: DISABLED
06-26 11:31:37.383 480 806 I ActivityManager: com.android.managedprovisioning is exempt from freezer
06-26 11:31:37.391 480 806 D CompatibilityChangeReporter: Compat change id reported: 135634846; UID 10019; state: DISABLED
06-26 11:31:37.392 480 806 D CompatibilityChangeReporter: Compat change id reported: 177438394; UID 10019; state: DISABLED
06-26 11:31:37.393 480 806 D CompatibilityChangeReporter: Compat change id reported: 135772972; UID 10019; state: DISABLED
06-26 11:31:37.393 480 806 D CompatibilityChangeReporter: Compat change id reported: 135754954; UID 10019; state: ENABLED
06-26 11:31:37.403 1363 1391 W System : A resource failed to call close.
06-26 11:31:37.404 1379 1593 D MusicProvider: Failed to move cursor to first row (no query result)
06-26 11:31:37.402 249 249 D Zygote : Forked child process 1746
06-26 11:31:37.408 480 537 I ActivityManager: app.processName = com.android.dynsystem:dynsystem
06-26 11:31:37.408 480 537 I ActivityManager: Start proc 1746:com.android.dynsystem:dynsystem/1000 for service {com.android.dynsystem/com.android.dynsystem.DynamicSystemInstallationService}
06-26 11:31:37.414 1746 1746 I Zygote : seccomp disabled by setenforce 0
06-26 11:31:37.417 480 537 W ActivityManager: Slow operation: 52ms so far, now at startProcess: done updating pids map
06-26 11:31:37.417 480 537 D CompatibilityChangeReporter: Compat change id reported: 143937733; UID 10019; state: ENABLED
06-26 11:31:37.434 403 417 I adbd : jdwp connection from 1746
06-26 11:31:37.451 249 249 D Zygote : Forked child process 1765
06-26 11:31:37.462 480 537 W ActivityManager: Slow operation: 80ms so far, now at startProcess: returned from zygote!
06-26 11:31:37.467 1765 1765 I Zygote : seccomp disabled by setenforce 0
06-26 11:31:37.468 480 537 W ActivityManager: Slow operation: 86ms so far, now at startProcess: done updating battery stats
06-26 11:31:37.468 480 537 W ActivityManager: Slow operation: 87ms so far, now at startProcess: building log message
06-26 11:31:37.468 480 537 I ActivityManager: app.processName = com.android.managedprovisioning
06-26 11:31:37.468 480 537 I ActivityManager: Start proc 1765:com.android.managedprovisioning/u0a19 for broadcast {com.android.managedprovisioning/com.android.managedprovisioning.BootReminder}
06-26 11:31:37.469 480 537 W ActivityManager: Slow operation: 87ms so far, now at startProcess: starting to update pids map
06-26 11:31:37.469 480 537 W ActivityManager: Slow operation: 87ms so far, now at startProcess: done updating pids map
06-26 11:31:37.495 403 417 I adbd : jdwp connection from 1765
06-26 11:31:37.506 480 1471 D CompatibilityChangeReporter: Compat change id reported: 168419799; UID 10019; state: DISABLED
06-26 11:31:37.534 480 480 W Looper : Drained
06-26 11:31:37.553 1765 1765 D CompatibilityChangeReporter: Compat change id reported: 171979766; UID 10019; state: ENABLED
06-26 11:31:37.575 1746 1746 D CompatibilityChangeReporter: Compat change id reported: 171979766; UID 1000; state: ENABLED
06-26 11:31:37.604 1379 1379 D music_MediaPlaybackSer: Received catalog result, success: true
06-26 11:31:37.605 1379 1379 D music_MediaPlaybackSer: OnLoadChildren.ROOT
06-26 11:31:37.606 1379 1379 D music_MediaPlaybackSer: OnLoadChildren sending 4 results for __ROOT__
06-26 11:31:37.614 668 668 D AvrcpBrowsablePlayerConnector: Received a message: msg.what=0
06-26 11:31:37.622 668 668 I AvrcpBrowsablePlayerConnector: Successfully added package to results: com.android.music
06-26 11:31:37.623 668 668 I AvrcpBrowsablePlayerConnector: Successfully connected to 1 browsable players.
06-26 11:31:37.623 668 668 I MediaPlayerList: init: Browsable Player list size is 1
06-26 11:31:37.623 668 668 D MediaPlayerList: Adding Browser Wrapper for com.android.music with id 1
06-26 11:31:37.623 668 668 I AvrcpBrowsedPlayerWrapper: getFolderItems: Grabbing cached data for mediaId: __ROOT__
06-26 11:31:37.624 668 668 D MediaPlayerList: Got the contents for: __ROOT__ : num results=4
06-26 11:31:37.624 668 668 D MediaPlayerList: Initializing list of current media players
06-26 11:31:37.624 1385 1617 I CallLogProvider: Will sync following Uris:[]
06-26 11:31:37.624 1385 1617 I CallLogProvider: Syncing call composer pics -- got []
06-26 11:31:37.642 1111 1335 D hq : NetWorkStateReceiver:::检查网络,并且持续更新 isConnect=false
06-26 11:31:37.643 1379 1379 D music_MediaPlaybackSer: onDestroy
06-26 11:31:37.643 1379 1379 D music_MusicApp: remove mount callback: com.android.music.MediaPlaybackService@38ebb34
06-26 11:31:37.643 1379 1379 D music_MediaPlaybackSer: handleStopRequest: mState=0 error=destroy
06-26 11:31:37.643 1379 1379 D music_MediaPlaybackSer: updatePlaybackState, playback state=1
06-26 11:31:37.644 1379 1379 D Playback: giveUpAudioFocus
06-26 11:31:37.644 1379 1379 D Playback: relaxResources. releaseMediaPlayer=true
06-26 11:31:37.647 1379 1379 D music_MediaPlaybackSer: updatePlaybackState, playback state=1
06-26 11:31:37.663 668 668 V MediaPlayerList: onActiveSessionsChanged: number of controllers: 0
06-26 11:31:37.702 480 611 W UnsafeUtil: platform method missing - proto runtime falling back to safer methods: java.lang.NoSuchMethodException: sun.misc.Unsafe.copyMemory [class java.lang.Object, long, class java.lang.Object, long, long]
06-26 11:31:37.713 1385 1624 I ContactLocale: AddressBook Labels [[zh_CN]]: […, A, B, C, D, E, F, G, H, I, J, K, L, M, N, O, P, Q, R, S, T, U, V, W, X, Y, Z, Α, Β, Γ, Δ, Ε, Ζ, Η, Θ, Ι, Κ, Λ, Μ, Ν, Ξ, Ο, Π, Ρ, Σ, Τ, Υ, Φ, Χ, Ψ, Ω, …, А, Б, В, Г, Д, Ђ, Е, Є, Ж, З, И, І, Й, Ј, К, Л, Љ, М, Н, Њ, О, П, Р, С, Т, Ћ, У, Ф, Х, Ц, Ч, Џ, Ш, Щ, Ю, Я, …, א, ב, ג, ד, ה, ו, ז, ח, ט, י, כ, ל, מ, נ, ס, ע, פ, צ, ק, ר, ש, ת, …, ا, ب, ت, ث, ج, ح, خ, د, ذ, ر, ز, س, ش, ص, ض, ط, ظ, ع, غ, ف, ق, ك, ل, م, ن, ه, و, ي, …, ก, ข, ฃ, ค, ฅ, ฆ, ง, จ, ฉ, ช, ซ, ฌ, ญ, ฎ, ฏ, ฐ, ฑ, ฒ, ณ, ด, ต, ถ, ท, ธ, น, บ, ป, ผ, ฝ, พ, ฟ, ภ, ม, ย, ร, ฤ, ล, ฦ, ว, ศ, ษ, ส, ห, ฬ, อ, ฮ, …, ㄱ, ㄴ, ㄷ, ㄹ, ㅁ, ㅂ, ㅅ, ㅇ, ㅈ, ㅊ, ㅋ, ㅌ, ㅍ, ㅎ, …, あ, か, さ, た, な, は, ま, や, ら, わ, #, …]
06-26 11:31:37.751 1765 1765 V GraphicsEnvironment: ANGLE Developer option for 'com.android.managedprovisioning' set to: 'default'
06-26 11:31:37.752 1765 1765 V GraphicsEnvironment: Neither updatable production driver nor prerelease driver is supported.
06-26 11:31:37.756 1765 1765 D NetworkSecurityConfig: No Network Security Config specified, using platform default
06-26 11:31:37.758 1765 1765 D NetworkSecurityConfig: No Network Security Config specified, using platform default
06-26 11:31:37.785 1746 1746 V GraphicsEnvironment: ANGLE Developer option for 'com.android.dynsystem' set to: 'default'
06-26 11:31:37.785 1746 1746 V GraphicsEnvironment: Neither updatable production driver nor prerelease driver is supported.
06-26 11:31:37.803 1746 1746 D NetworkSecurityConfig: No Network Security Config specified, using platform default
06-26 11:31:37.804 1746 1746 D NetworkSecurityConfig: No Network Security Config specified, using platform default
06-26 11:31:37.823 1765 1765 I CarUiInstaller: CarUiInstaller started for com.android.managedprovisioning
06-26 11:31:37.833 1746 1746 D DynamicSystemInstallationService: onStartCommand(): action=android.os.image.action.NOTIFY_IF_IN_USE
06-26 11:31:37.851 480 806 I DynamicSystemService: isInstalled(): false
06-26 11:31:37.856 480 1472 D CompatibilityChangeReporter: Compat change id reported: 168419799; UID 10015; state: DISABLED
06-26 11:31:37.860 480 524 W IorapForwardingService: No service published for: iorapd
06-26 11:31:37.874 1118 1118 D aaa : LedStatusService onStartCommand begin
06-26 11:31:37.888 1195 1195 D bbb : onStartCommand begin !!!!!!! data分区剩余 24579MB
06-26 11:31:37.894 1118 1840 D aaa : topPkg is -------------- :com.dangbei.leard.leradlauncher
06-26 11:31:37.920 480 1471 D CompatibilityChangeReporter: Compat change id reported: 171306433; UID 1000; state: ENABLED
06-26 11:31:38.121 1385 1624 D ContactsDatabaseHelper: WAL enabled for profile.db: true
06-26 11:31:38.152 1626 1626 D NetworkSecurityConfig: No Network Security Config specified, using platform default
06-26 11:31:38.192 480 1471 D CompatibilityChangeReporter: Compat change id reported: 135634846; UID 10055; state: DISABLED
06-26 11:31:38.196 480 1471 D CompatibilityChangeReporter: Compat change id reported: 177438394; UID 10055; state: DISABLED
06-26 11:31:38.197 480 1471 D CompatibilityChangeReporter: Compat change id reported: 135772972; UID 10055; state: DISABLED
06-26 11:31:38.197 480 1471 D CompatibilityChangeReporter: Compat change id reported: 135754954; UID 10055; state: ENABLED
06-26 11:31:38.199 480 537 D CompatibilityChangeReporter: Compat change id reported: 143937733; UID 10055; state: ENABLED
06-26 11:31:38.212 1874 1874 I pm : type=1400 audit(0.0:585): avc: denied { write search } for name="tmp" dev="mmcblk0p25" ino=85 scontext=u:r:preinstall:s0 tcontext=u:object_r:shell_data_file:s0 tclass=dir permissive=1
06-26 11:31:38.212 1874 1874 I pm : type=1400 audit(0.0:586): avc: denied { getattr } for path="/data/local/tmp" dev="mmcblk0p25" ino=85 scontext=u:r:preinstall:s0 tcontext=u:object_r:shell_data_file:s0 tclass=dir permissive=1
06-26 11:31:38.223 249 249 D Zygote : Forked child process 1877
06-26 11:31:38.225 480 537 I ActivityManager: app.processName = com.android.onetimeinitializer
06-26 11:31:38.225 480 537 I ActivityManager: Start proc 1877:com.android.onetimeinitializer/u0a55 for broadcast {com.android.onetimeinitializer/com.android.onetimeinitializer.OneTimeInitializerReceiver}
06-26 11:31:38.243 1877 1877 I Zygote : seccomp disabled by setenforce 0
06-26 11:31:38.252 1876 1876 I cmd : type=1400 audit(0.0:587): avc: denied { call } for scontext=u:r:preinstall:s0 tcontext=u:r:system_server:s0 tclass=binder permissive=1
06-26 11:31:38.252 1876 1876 I cmd : type=1400 audit(0.0:588): avc: denied { transfer } for scontext=u:r:preinstall:s0 tcontext=u:r:system_server:s0 tclass=binder permissive=1
06-26 11:31:38.260 1111 1111 I Thread-19: type=1400 audit(0.0:589): avc: denied { read } for name="address" dev="sysfs" ino=22019 scontext=u:r:system_app:s0 tcontext=u:object_r:sysfs:s0 tclass=file permissive=1
06-26 11:31:38.266 403 417 I adbd : jdwp connection from 1877
06-26 11:31:38.276 1111 1121 I d.leradlaunche: Background concurrent copying GC freed 80324(10MB) AllocSpace objects, 199(4172KB) LOS objects, 49% free, 6851KB/13MB, paused 249us total 1.410s
06-26 11:31:38.289 1111 1123 W System : A resource failed to call close.
06-26 11:31:38.310 480 1471 D WifiNl80211Manager: Scan result ready event
06-26 11:31:38.311 480 1471 D WifiNative: Scan result ready event
06-26 11:31:38.360 1898 1898 W audit : audit_lost=180 audit_rate_limit=5 audit_backlog_limit=64
06-26 11:31:38.360 480 1471 D CompatibilityChangeReporter: Compat change id reported: 168419799; UID 10055; state: DISABLED
06-26 11:31:38.360 1898 1898 E audit : rate limit exceeded
06-26 11:31:38.387 1877 1877 D CompatibilityChangeReporter: Compat change id reported: 171979766; UID 10055; state: ENABLED
06-26 11:31:38.473 1877 1877 D nativeloader: classloader namespace configured for unbundled product apk. library_path=/product/priv-app/OneTimeInitializer/lib/arm:/product/lib:/system/product/lib
06-26 11:31:38.515 480 611 D WifiScoreReport: setShouldReduceNetworkScore=false mNetworkAgent is null? true
06-26 11:31:38.516 480 611 D WifiClientModeImpl[wlan0]: CMD_START_CONNECT my state DisconnectedState nid=0 roam=false
06-26 11:31:38.517 1111 1111 W eventbuscore: post Event:com.dangbei.leard.base.entity.event.NetWifiRssiEvent
06-26 11:31:38.527 1111 1111 I Choreographer: Skipped 87 frames! The application may be doing too much work on its main thread.
06-26 11:31:38.533 480 615 D WificondScannerImpl: Filtering out 9 scan results.
06-26 11:31:38.575 480 1463 D CompatibilityChangeReporter: Compat change id reported: 172100307; UID 10074; state: DISABLED
06-26 11:31:38.577 1877 1877 V GraphicsEnvironment: ANGLE Developer option for 'com.android.onetimeinitializer' set to: 'default'
06-26 11:31:38.577 1877 1877 V GraphicsEnvironment: Neither updatable production driver nor prerelease driver is supported.
06-26 11:31:38.593 1877 1877 D NetworkSecurityConfig: No Network Security Config specified, using platform default
06-26 11:31:38.593 1877 1877 D NetworkSecurityConfig: No Network Security Config specified, using platform default
06-26 11:31:38.604 1877 1877 V OneTimeInitializerReceiver: OneTimeInitializerReceiver.onReceive
06-26 11:31:38.625 480 1472 I ActivityManager: com.android.packageinstaller is exempt from freezer
06-26 11:31:38.625 480 1472 D CompatibilityChangeReporter: Compat change id reported: 135634846; UID 1000; state: DISABLED
06-26 11:31:38.641 480 611 W LastMileLogger: Failed to open free_buffer pseudo-file: /sys/kernel/debug/tracing/instances/wifi/free_buffer: open failed: ENOENT (No such file or directory)
06-26 11:31:38.641 480 611 W LastMileLogger: Failed to arm fail-safe.
06-26 11:31:38.646 480 611 I WifiClientModeImpl[wlan0]: Connecting with b4:2f:03:15:e8:b9 as the mac address
06-26 11:31:38.647 388 388 W wificond: Scan is not started. Ignore abort request
06-26 11:31:38.647 249 249 D Zygote : Forked child process 1932
06-26 11:31:38.648 480 611 D SupplicantStaIfaceHal: connectToNetwork "DZNB"WPA_PSK
06-26 11:31:38.656 480 537 I ActivityManager: app.processName = com.android.packageinstaller
06-26 11:31:38.656 480 537 I ActivityManager: Start proc 1932:com.android.packageinstaller/1000 for broadcast {com.android.packageinstaller/com.android.packageinstaller.TemporaryFileManager}
06-26 11:31:38.656 1932 1932 I Zygote : seccomp disabled by setenforce 0
06-26 11:31:38.659 480 611 I SupplicantStaIfaceHal: addSupplicantStaNetwork via HIDL
06-26 11:31:38.711 403 417 I adbd : jdwp connection from 1932
06-26 11:31:38.729 480 611 D SupplicantStaNetworkHal: The target security params: Security Parameters:
06-26 11:31:38.729 480 611 D SupplicantStaNetworkHal: Type: 2
06-26 11:31:38.729 480 611 D SupplicantStaNetworkHal: Enabled: true
06-26 11:31:38.729 480 611 D SupplicantStaNetworkHal: KeyMgmt: WPA_PSK
06-26 11:31:38.729 480 611 D SupplicantStaNetworkHal: Protocols: WPA RSN
06-26 11:31:38.729 480 611 D SupplicantStaNetworkHal: AuthAlgorithms:
06-26 11:31:38.729 480 611 D SupplicantStaNetworkHal: PairwiseCiphers: TKIP CCMP
06-26 11:31:38.729 480 611 D SupplicantStaNetworkHal: GroupCiphers: WEP40 WEP104 TKIP CCMP
06-26 11:31:38.729 480 611 D SupplicantStaNetworkHal: GroupMgmtCiphers:
06-26 11:31:38.729 480 611 D SupplicantStaNetworkHal: SuiteBCiphers:
06-26 11:31:38.729 480 611 D SupplicantStaNetworkHal: RequirePmf: false
06-26 11:31:38.729 480 611 D SupplicantStaNetworkHal: IsAddedByAutoUpgrade: false
06-26 11:31:38.729 480 611 D SupplicantStaNetworkHal: IsSaeH2eOnlyMode: false
06-26 11:31:38.729 480 611 D SupplicantStaNetworkHal: IsSaePkOnlyMode: false
06-26 11:31:38.752 480 1472 D CompatibilityChangeReporter: Compat change id reported: 168419799; UID 1000; state: DISABLED
06-26 11:31:38.779 1932 1932 D CompatibilityChangeReporter: Compat change id reported: 171979766; UID 1000; state: ENABLED
06-26 11:31:38.786 1111 1540 D AppManager: checkLocalAppsIsValid: size
06-26 11:31:38.787 1111 1540 D AppManager: AppManager resetData:
06-26 11:31:38.879 480 524 W IorapForwardingService: No service published for: iorapd
06-26 11:31:38.899 255 1018 E bt_upio : upio_set : /proc/bluetooth/sleep/btwrite(-1) incorrent
06-26 11:31:38.906 1281 1281 I wpa_supplicant: wlan0: Trying to associate with 58:c7:ac:78:f0:02 (SSID='DZNB' freq=5180 MHz)
06-26 11:31:38.917 1363 1363 D RockyManager: switchWakeIsAllow isQuitBootGuide: true isBtMode: false
06-26 11:31:38.917 1363 1363 D RockyManager: switchWakeIsAllow isAllowFarWake: true
06-26 11:31:38.924 480 611 D WifiCountryCode: evaluateAllCmmStateAndApplyIfAllReady: {ConcreteClientModeManager{id=17621 iface=wlan0 role=ROLE_CLIENT_PRIMARY}=false}
06-26 11:31:38.924 480 611 D WifiClientModeImpl[wlan0]: Start Connecting Watchdog 1
06-26 11:31:38.954 1626 1640 I d.process.medi: Background young concurrent copying GC freed 8965(495KB) AllocSpace objects, 0(0B) LOS objects, 89% free, 3008KB/26MB, paused 155us total 251.043ms
06-26 11:31:38.983 269 269 I AW_PowerHAL: Power setMode: SUSTAINED_PERFORMANCE to: 0
06-26 11:31:38.987 1048 1189 W MediaProvider: getVolumePath for unknown volume: internal
06-26 11:31:38.988 269 269 I AW_PowerHAL: cur-mode:SCHEDUTIL-Home
06-26 11:31:38.998 1932 1932 V GraphicsEnvironment: ANGLE Developer option for 'com.android.packageinstaller' set to: 'default'
06-26 11:31:38.999 1932 1932 V GraphicsEnvironment: Neither updatable production driver nor prerelease driver is supported.
06-26 11:31:39.002 1932 1932 D NetworkSecurityConfig: No Network Security Config specified, using platform default
06-26 11:31:39.003 1048 1189 W MediaProvider: getVolumePath for unknown volume: internal
06-26 11:31:39.003 1932 1932 D NetworkSecurityConfig: No Network Security Config specified, using platform default
06-26 11:31:39.016 1111 1111 E hq : NetWorkStateReceiver:::NetWorkStateReceiver onReceive: 网络变化广播 >>>> intent.action=android.net.wifi.SCAN_RESULTS
06-26 11:31:39.027 655 655 E WifiHAL : wifi_get_link_stats: requestResponse Error:-5
06-26 11:31:39.034 480 611 E WifiVendorHal: getWifiLinkLayerStats_1_5_Internal(l.1191) failed {.code = ERROR_INVALID_ARGS, .description = }
06-26 11:31:39.042 480 1463 D CompatibilityChangeReporter: Compat change id reported: 135634846; UID 10073; state: DISABLED
06-26 11:31:39.042 480 1463 D CompatibilityChangeReporter: Compat change id reported: 177438394; UID 10073; state: DISABLED
06-26 11:31:39.042 480 1463 D CompatibilityChangeReporter: Compat change id reported: 135772972; UID 10073; state: DISABLED
06-26 11:31:39.042 480 1463 D CompatibilityChangeReporter: Compat change id reported: 135754954; UID 10073; state: DISABLED
06-26 11:31:39.044 480 537 D CompatibilityChangeReporter: Compat change id reported: 143937733; UID 10073; state: DISABLED
06-26 11:31:39.067 249 249 D Zygote : Forked child process 1975
06-26 11:31:39.076 1975 1975 I Zygote : seccomp disabled by setenforce 0
06-26 11:31:39.078 480 537 I ActivityManager: app.processName = com.android.permissioncontroller
06-26 11:31:39.078 480 537 I ActivityManager: Start proc 1975:com.android.permissioncontroller/u0a73 for broadcast {com.android.permissioncontroller/com.android.permissioncontroller.permission.service.LocationAccessCheck$SetupPeriodicBackgroundLocationAccessCheck}
06-26 11:31:39.087 388 388 I wificond: Regulatory domain changed to country: CN on wiphy_index: 0
06-26 11:31:39.088 480 806 D WifiNl80211Manager: OnRegDomainChanged CN
06-26 11:31:39.089 480 806 D WifiNative: onCountryCodeChanged: CN
06-26 11:31:39.089 480 806 I WifiCountryCode: Receive onDriverCountryCodeChanged CN
06-26 11:31:39.094 1281 1281 I wpa_supplicant: wlan0: Associated with 58:c7:ac:78:f0:02
06-26 11:31:39.094 1281 1281 I wpa_supplicant: wlan0: CTRL-EVENT-SUBNET-STATUS-UPDATE status=0
06-26 11:31:39.095 1281 1281 I wpa_supplicant: wlan0: CTRL-EVENT-REGDOM-CHANGE init=COUNTRY_IE type=COUNTRY alpha2=CN
06-26 11:31:39.099 388 388 I wificond: 2.4Ghz frequencies: 2412 2417 2422 2427 2432 2437 2442 2447 2452 2457 2462 2467 2472
06-26 11:31:39.099 388 388 I wificond: 5Ghz non-DFS frequencies: 5180 5200 5220 5240 5745 5765 5785 5805 5825
06-26 11:31:39.099 388 388 I wificond: 5Ghz DFS frequencies: 5260 5280 5300 5320
06-26 11:31:39.099 388 388 I wificond: 6Ghz frequencies:
06-26 11:31:39.099 388 388 I wificond: 60Ghz frequencies:
06-26 11:31:39.102 1281 1281 I wpa_supplicant: wlan0: WPA: RX message 1 of 4-Way Handshake from 58:c7:ac:78:f0:02 (ver=2)
06-26 11:31:39.103 1281 1281 I wpa_supplicant: wlan0: WPA: Sending EAPOL-Key 2/4
06-26 11:31:39.105 1281 1281 I wpa_supplicant: wlan0: WPA: RX message 3 of 4-Way Handshake from 58:c7:ac:78:f0:02 (ver=2)
06-26 11:31:39.105 1281 1281 I wpa_supplicant: wlan0: WPA: Sending EAPOL-Key 4/4
06-26 11:31:39.110 1281 1281 I wpa_supplicant: wlan0: WPA: Key negotiation completed with 58:c7:ac:78:f0:02 [PTK=CCMP GTK=TKIP]
