06-26 11:31:28.159 480 480 I WindowManager: Override config changes=10000000 {1.0 ?mcc?mnc [zh_CN] ldltr sw720dp w1280dp h696dp 240dpi xlrg long land television -touch qwerty/v/v dpad/v winConfig={ mBounds=Rect(0, 0 - 1920, 1080) mAppBounds=Rect(0, 0 - 1920, 1080) mMaxBounds=Rect(0, 0 - 1920, 1080) mWindowingMode=fullscreen mDisplayWindowingMode=fullscreen mActivityType=undefined mAlwaysOnTop=undefined mRotation=ROTATION_0} s.6 fontWeightAdjustment=0} for displayId=0
06-26 11:31:28.162 480 480 I SystemServerTiming: Ugm.onSystemReady
06-26 11:31:28.163 480 480 I SystemServerTiming: updateForceBackgroundCheck
06-26 11:31:28.163 480 480 I SystemServer: Making services ready
06-26 11:31:28.163 480 480 I SystemServerTiming: StartActivityManagerReadyPhase
06-26 11:31:28.163 480 480 I SystemServiceManager: Starting phase 550
06-26 11:31:28.163 480 480 I SystemServerTiming: OnBootPhase_550
06-26 11:31:28.165 186 186 I hwservicemanager: getTransport: Cannot find entry android.hardware.thermal@2.0::IThermal/default in either framework or device VINTF manifest.
06-26 11:31:28.165 480 480 E ThermalHalWrapper: Thermal HAL 2.0 service not connected.
06-26 11:31:28.166 186 186 I hwservicemanager: getTransport: Cannot find entry android.hardware.thermal@1.1::IThermal/default in either framework or device VINTF manifest.
06-26 11:31:28.166 480 480 E ThermalHalWrapper: Thermal HAL 1.1 service not connected.
06-26 11:31:28.167 186 186 I hwservicemanager: getTransport: Cannot find entry android.hardware.thermal@1.0::IThermal/default in either framework or device VINTF manifest.
06-26 11:31:28.167 480 480 E ThermalHalWrapper: Thermal HAL 1.0 service not connected.
06-26 11:31:28.167 480 480 W ThermalManagerService: No Thermal HAL service on this device
06-26 11:31:28.171 480 480 W ActivityManager: Unable to start service Intent { act=com.android.ITelecomService cmp=com.android.server.telecom/.components.TelecomService } U=0: not found
06-26 11:31:28.176 480 480 I SyncManager: No initial accounts
06-26 11:31:28.181 480 480 D BluetoothManagerService: Bluetooth boot completed
06-26 11:31:28.181 480 480 D BluetoothManagerService: Auto-enabling Bluetooth.
06-26 11:31:28.182 480 590 E NativeTombstoneManager: Tombstone's UID (1013) not an app, ignoring
06-26 11:31:28.183 480 480 D BluetoothA2dp: Binding service...
06-26 11:31:28.183 480 590 I DropBoxManagerService: add tag=SYSTEM_TOMBSTONE_PROTO isTagEnabled=true flags=0x4
06-26 11:31:28.187 480 480 I BluetoothAirplaneModeListener: start
06-26 11:31:28.187 480 524 D BluetoothManagerService: MESSAGE_ENABLE(0): mBluetooth = null
06-26 11:31:28.187 480 524 D BluetoothManagerService: binding Bluetooth service
06-26 11:31:28.191 480 524 D CompatibilityChangeReporter: Compat change id reported: 135634846; UID 1002; state: DISABLED
06-26 11:31:28.210 480 480 W InputMethodUtils: Found no fallback locale. imis=[InputMethodInfo{com.sohu.inputmethod.sogou.tv/.SogouIME, settings: com.sohu.inputmethod.sogou.SogouIMESettingsLauncher}]
06-26 11:31:28.211 480 480 W InputMethodUtils: No software keyboard is found. imis=[InputMethodInfo{com.sohu.inputmethod.sogou.tv/.SogouIME, settings: com.sohu.inputmethod.sogou.SogouIMESettingsLauncher}] systemLocale=zh_CN fallbackLocale=null
06-26 11:31:28.212 249 249 D Zygote : Forked child process 668
06-26 11:31:28.213 480 480 I RebootEscrowManager: No reboot escrow data found for users, skipping loading escrow data
06-26 11:31:28.215 480 537 I ActivityManager: app.processName = com.android.bluetooth
06-26 11:31:28.215 480 537 I ActivityManager: Start proc 668:com.android.bluetooth/1002 for service {com.android.bluetooth/com.android.bluetooth.btservice.AdapterService}
06-26 11:31:28.221 480 480 I WallpaperManagerService: No static wallpaper imagery; defaults will be shown
06-26 11:31:28.221 668 668 I Zygote : seccomp disabled by setenforce 0
06-26 11:31:28.221 480 480 V WallpaperManagerService: bindWallpaperComponentLocked: componentName=ComponentInfo{com.android.systemui/com.android.systemui.ImageWallpaper}
06-26 11:31:28.220 331 331 I rainbow_flow: type=1400 audit(0.0:335): avc: denied { ioctl } for path="/dev/spidev1.0" dev="tmpfs" ino=6711 ioctlcmd=0x6b00 scontext=u:r:init:s0 tcontext=u:object_r:device:s0 tclass=chr_file permissive=1
06-26 11:31:28.226 480 480 D CompatibilityChangeReporter: Compat change id reported: 135634846; UID 10067; state: DISABLED
06-26 11:31:28.226 480 480 D CompatibilityChangeReporter: Compat change id reported: 177438394; UID 10067; state: DISABLED
06-26 11:31:28.226 480 480 D CompatibilityChangeReporter: Compat change id reported: 135772972; UID 10067; state: DISABLED
06-26 11:31:28.227 480 480 D CompatibilityChangeReporter: Compat change id reported: 135754954; UID 10067; state: ENABLED
06-26 11:31:28.227 480 537 D CompatibilityChangeReporter: Compat change id reported: 143937733; UID 10067; state: ENABLED
06-26 11:31:28.240 403 417 I adbd : jdwp connection from 668
06-26 11:31:28.240 249 249 D Zygote : Forked child process 681
06-26 11:31:28.243 480 537 I ActivityManager: app.processName = com.android.systemui
06-26 11:31:28.243 480 537 I ActivityManager: Start proc 681:com.android.systemui/u0a67 for service {com.android.systemui/com.android.systemui.ImageWallpaper}
06-26 11:31:28.248 480 480 E BitmapFactory: Unable to decode stream: java.io.FileNotFoundException: /data/system/users/0/wallpaper_orig: open failed: ENOENT (No such file or directory)
06-26 11:31:28.248 480 480 W WallpaperManagerService: Invalid wallpaper data
06-26 11:31:28.248 480 480 E WallpaperManagerService: Unable to apply new wallpaper
06-26 11:31:28.251 480 480 D AdbService: systemReady
06-26 11:31:28.253 480 480 D SoundTriggerService: onBootPhase: 550 : false
06-26 11:31:28.255 480 480 I AppBindingService: Updating constants with: null
06-26 11:31:28.256 681 681 I Zygote : seccomp disabled by setenforce 0
06-26 11:31:28.257 480 529 I SystemServerTimingAsync: InitThreadPoolExec:UsbService$Lifecycle#onBootPhase
06-26 11:31:28.257 480 529 D SystemServerInitThreadPool: Started executing UsbService$Lifecycle#onBootPhase
06-26 11:31:28.260 274 274 E android.hardware.usb@1.0-service: Failed to open /sys/class/typec
06-26 11:31:28.261 480 560 E UsbPortManager: port status enquiry failed
06-26 11:31:28.261 480 529 D SystemServerInitThreadPool: Finished executing UsbService$Lifecycle#onBootPhase
06-26 11:31:28.269 254 283 V audio_hw_primary: adev_set_parameters, A2dpSuspended=false
06-26 11:31:28.271 480 628 D BluetoothManagerService: Trying to bind to profile: 1, while Bluetooth was disabled
06-26 11:31:28.276 403 417 I adbd : jdwp connection from 681
06-26 11:31:28.283 480 480 I PackageManager: Permission ownership changed. Updating all permissions.
06-26 11:31:28.328 480 480 W SystemServiceManager: Service com.android.server.policy.PermissionPolicyService took 72 ms in onBootPhase
06-26 11:31:28.328 480 480 I SystemServerTiming: StartObservingNativeCrashes
06-26 11:31:28.328 480 584 D CompatibilityChangeReporter: Compat change id reported: 168419799; UID 1002; state: DISABLED
06-26 11:31:28.329 480 584 W ActivityManager: Slow operation: 63ms so far, now at attachApplicationLocked: immediately before bindApplication
06-26 11:31:28.329 480 480 I SystemServerTiming: RegisterAppOpsPolicy
06-26 11:31:28.334 480 584 W ActivityManager: Slow operation: 69ms so far, now at attachApplicationLocked: immediately after bindApplication
06-26 11:31:28.335 480 584 W ActivityManager: Slow operation: 69ms so far, now at attachApplicationLocked: after updateLruProcessLocked
06-26 11:31:28.338 480 584 W ActivityManager: Slow operation: 73ms so far, now at attachApplicationLocked: after mServices.attachApplicationLocked
06-26 11:31:28.339 480 628 D BluetoothA2dp: Binding service...
06-26 11:31:28.341 668 668 D CompatibilityChangeReporter: Compat change id reported: 171979766; UID 1002; state: ENABLED
06-26 11:31:28.341 480 504 D CompatibilityChangeReporter: Compat change id reported: 168419799; UID 10067; state: DISABLED
06-26 11:31:28.350 681 681 D CompatibilityChangeReporter: Compat change id reported: 171979766; UID 10067; state: ENABLED
06-26 11:31:28.350 254 283 V audio_hw_primary: adev_set_parameters, BT_SCO=off
06-26 11:31:28.350 480 480 I SystemServerTiming: MakeNetworkManagementServiceReady
06-26 11:31:28.350 480 521 I SystemServerTimingAsync: InitThreadPoolExec:WebViewFactoryPreparation
06-26 11:31:28.350 480 521 D SystemServerInitThreadPool: Started executing WebViewFactoryPreparation
06-26 11:31:28.350 480 521 I SystemServer: WebViewFactoryPreparation
06-26 11:31:28.350 480 521 I SystemServerTimingAsync: WebViewFactoryPreparation
06-26 11:31:28.351 480 480 W NetworkManagement: setDataSaverMode(): already false
06-26 11:31:28.357 480 629 I AS.AudioDeviceInventory: removePreferredDevicesForStrategySync, strategy: 14
06-26 11:31:28.359 480 521 D CompatibilityChangeReporter: Compat change id reported: 135634846; UID 1000; state: DISABLED
06-26 11:31:28.359 480 521 D CompatibilityChangeReporter: Compat change id reported: 177438394; UID 1000; state: DISABLED
06-26 11:31:28.359 480 521 D CompatibilityChangeReporter: Compat change id reported: 135772972; UID 1000; state: DISABLED
06-26 11:31:28.360 480 521 D CompatibilityChangeReporter: Compat change id reported: 178038272; UID 1000; state: DISABLED
06-26 11:31:28.364 480 609 W NetworkPolicy: setRestrictBackgroundUL: already false
06-26 11:31:28.364 480 480 I SystemServerTiming: MakeIpSecServiceReady
06-26 11:31:28.366 254 283 D audio_hw_primary: Mic get_audio_devices_active:
06-26 11:31:28.366 254 283 D audio_hw_primary: get_audio_devices_active: AUDIO_HDMI
06-26 11:31:28.367 480 480 D IpSecService: IpSecService is ready
06-26 11:31:28.367 480 550 W BatteryExternalStatsWorker: error reading modem stats:ERROR_PHONE_NOT_AVAILABLE
06-26 11:31:28.370 480 480 I SystemServerTiming: MakeNetworkStatsServiceReady
06-26 11:31:28.373 254 283 D xm_audio: adev_get_parameters
06-26 11:31:28.374 278 450 I hash_map_utils: system/bt/osi/src/hash_map_utils.cc:81 hash_map_utils_dump_string_keys_string_values: key: 'audio_devices_out_active' value: ''
06-26 11:31:28.376 480 521 D SystemServerInitThreadPool: Finished executing WebViewFactoryPreparation
06-26 11:31:28.376 254 283 V audio_hw_primary: adev_set_parameters, mediasw.sft.rawdata=HDMI_RAW
06-26 11:31:28.377 249 249 D Zygote : Forked child process 704
06-26 11:31:28.372 1 1 I /system/bin/init: type=1107 audit(0.0:336): uid=0 auid=4294967295 ses=4294967295 subj=u:r:init:s0 msg='avc: denied { set } for property=vendor.mediasw.sft.rawdata pid=254 uid=1041 gid=1005 scontext=u:r:hal_audio_default:s0 tcontext=u:object_r:vendor_audio_prop:s0 tclass=property_service permissive=1'
06-26 11:31:28.379 480 537 I ActivityManager: app.processName = WebViewLoader-armeabi-v7a
06-26 11:31:28.379 480 537 I ActivityManager: Start proc 704:WebViewLoader-armeabi-v7a/1037 [android.webkit.WebViewLibraryLoader$RelroFileCreator] for null
06-26 11:31:28.385 480 480 W BestClock: java.time.DateTimeException: Missing NTP fix
06-26 11:31:28.386 704 704 I Zygote : seccomp disabled by setenforce 0
06-26 11:31:28.385 278 450 I AudioFlinger: systemReady
06-26 11:31:28.390 480 628 D AS.AudioService: No vibrator found
06-26 11:31:28.392 331 331 I rainbow_flow: type=1400 audit(0.0:337): avc: denied { ioctl } for path="/dev/spidev1.0" dev="tmpfs" ino=6711 ioctlcmd=0x6b00 scontext=u:r:init:s0 tcontext=u:object_r:device:s0 tclass=chr_file permissive=1
06-26 11:31:28.415 403 417 I adbd : jdwp connection from 704
06-26 11:31:28.422 480 609 W BestClock: java.time.DateTimeException: Missing NTP fix
06-26 11:31:28.424 480 504 D CompatibilityChangeReporter: Compat change id reported: 168419799; UID 1000; state: DISABLED
06-26 11:31:28.429 704 704 V WebViewLibraryLoader: RelroFileCreator (64bit = false), package: com.android.webview library: libwebviewchromium.so
06-26 11:31:28.434 480 618 D ConnectivityService: NetReassign [no changes]
06-26 11:31:28.440 480 480 I SystemServerTiming: MakeConnectivityServiceReady
06-26 11:31:28.442 480 480 D PermissionMonitor: Monitoring
06-26 11:31:28.457 382 474 D MediaCodecList: Allowing all OMX codecs
06-26 11:31:28.460 382 474 E cutils-trace: Error opening trace file: No such file or directory (2)
06-26 11:31:28.468 382 474 I OMXClient: IOmx service obtained
06-26 11:31:28.468 391 391 I OMXStore: makeComponentInstance(OMX.allwinner.video.decoder.avc) in android.hardwar process
06-26 11:31:28.475 480 480 D PermissionMonitor: Users: 1, Apps: 10
06-26 11:31:28.472 681 681 I ndroid.systemui: type=1400 audit(0.0:338): avc: denied { getattr } for path="/data/user_de/0/com.android.systemui" dev="mmcblk0p25" ino=484 scontext=u:r:platform_app:s0:c512,c768 tcontext=u:object_r:app_data_file:s0:c512,c768 tclass=dir permissive=1 app=com.softwinner.screenshot
06-26 11:31:28.479 480 504 W PackageManager: Loading a package that does not exist for the calling user. package=null, user=0
06-26 11:31:28.481 704 704 D nativeloader: classloader namespace configured for unbundled product apk. library_path=/product/app/webview/lib/arm:/product/app/webview/webview.apk!/lib/armeabi-v7a:/product/lib:/system/product/lib
06-26 11:31:28.528 391 391 I omx_vdec_aw: : OmxDecoderCreate.
06-26 11:31:28.529 391 391 W omx_vdec: <__AwOmxVdecSetParameter:1561>: Set Parameter called in valid state
06-26 11:31:28.529 391 429 W omx_vdec: : pParamProfileLevel->nProfileIndex[0x3] error!
06-26 11:31:28.529 391 429 E OMXNodeInstance: getParameter(0xf7699000:allwinner.decoder.avc, ParamVideoProfileLevelQuerySupported(0x600000f)) ERROR: BadParameter(0x80001005)
06-26 11:31:28.530 391 429 W omx_vdec: <__AwOmxVdecGetExtensionIndex:1737>: GetExtensionIndex OMX.google.android.index.describeColorFormat, err [0x80001001].
06-26 11:31:28.530 391 429 W omx_vdec: <__AwOmxVdecGetExtensionIndex:1737>: GetExtensionIndex OMX.google.android.index.describeColorFormat2, err [0x80001001].
06-26 11:31:28.530 391 429 E omx_vdec: : erro: pParamData->nIndex > m_sPortFormatType.nIndex
06-26 11:31:28.530 391 429 W omx_vdec: <__AwOmxVdecGetExtensionIndex:1737>: GetExtensionIndex OMX.google.android.index.describeColorFormat, err [0x80001001].
06-26 11:31:28.531 391 429 W omx_vdec: <__AwOmxVdecGetExtensionIndex:1737>: GetExtensionIndex OMX.google.android.index.describeColorFormat2, err [0x80001001].
06-26 11:31:28.531 391 429 E omx_vdec: : erro: pParamData->nIndex > m_sPortFormatType.nIndex
06-26 11:31:28.531 480 480 I SystemServerTiming: MakeVpnManagerServiceReady
06-26 11:31:28.531 391 429 W omx_vdec: <__AwOmxVdecGetExtensionIndex:1737>: GetExtensionIndex OMX.google.android.index.describeColorFormat, err [0x80001001].
06-26 11:31:28.531 391 429 W omx_vdec: <__AwOmxVdecGetExtensionIndex:1737>: GetExtensionIndex OMX.google.android.index.describeColorFormat2, err [0x80001001].
06-26 11:31:28.531 391 429 E omx_vdec: : erro: pParamData->nIndex > m_sPortFormatType.nIndex
06-26 11:31:28.531 391 429 W omx_vdec: <__AwOmxVdecGetExtensionIndex:1737>: GetExtensionIndex OMX.google.android.index.describeColorFormat, err [0x80001001].
06-26 11:31:28.531 391 429 W omx_vdec: <__AwOmxVdecGetExtensionIndex:1737>: GetExtensionIndex OMX.google.android.index.describeColorFormat2, err [0x80001001].
06-26 11:31:28.531 391 429 E omx_vdec: : erro: pParamData->nIndex > m_sPortFormatType.nIndex
06-26 11:31:28.531 480 618 D ConnectivityService: NetReassign [no changes]
06-26 11:31:28.531 391 429 W omx_vdec: <__AwOmxVdecGetExtensionIndex:1737>: GetExtensionIndex OMX.google.android.index.describeColorFormat, err [0x80001001].
06-26 11:31:28.532 391 429 W omx_vdec: <__AwOmxVdecGetExtensionIndex:1737>: GetExtensionIndex OMX.google.android.index.describeColorFormat2, err [0x80001001].
06-26 11:31:28.532 391 429 E omx_vdec: : erro: pParamData->nIndex > m_sPortFormatType.nIndex
06-26 11:31:28.532 391 429 W omx_vdec: <__AwOmxVdecGetExtensionIndex:1737>: GetExtensionIndex OMX.google.android.index.describeColorFormat, err [0x80001001].
06-26 11:31:28.533 391 429 W omx_vdec: <__AwOmxVdecGetExtensionIndex:1737>: GetExtensionIndex OMX.google.android.index.describeColorFormat2, err [0x80001001].
06-26 11:31:28.533 391 429 E omx_vdec: : erro: pParamData->nIndex > m_sPortFormatType.nIndex
06-26 11:31:28.533 391 429 W omx_vdec: <__AwOmxVdecGetExtensionIndex:1737>: GetExtensionIndex OMX.google.android.index.describeColorFormat, err [0x80001001].
06-26 11:31:28.533 391 429 W omx_vdec: <__AwOmxVdecGetExtensionIndex:1737>: GetExtensionIndex OMX.google.android.index.describeColorFormat2, err [0x80001001].
06-26 11:31:28.533 391 429 E omx_vdec: : erro: pParamData->nIndex > m_sPortFormatType.nIndex
06-26 11:31:28.533 391 429 W omx_vdec: <__AwOmxVdecGetExtensionIndex:1737>: GetExtensionIndex OMX.google.android.index.describeColorFormat, err [0x80001001].
06-26 11:31:28.533 391 429 W omx_vdec: <__AwOmxVdecGetExtensionIndex:1737>: GetExtensionIndex OMX.google.android.index.describeColorFormat2, err [0x80001001].
06-26 11:31:28.533 391 429 E omx_vdec: : erro: pParamData->nIndex > m_sPortFormatType.nIndex
06-26 11:31:28.534 391 429 W omx_vdec: <__AwOmxVdecGetExtensionIndex:1737>: GetExtensionIndex OMX.google.android.index.describeColorFormat, err [0x80001001].
06-26 11:31:28.534 391 429 W omx_vdec: <__AwOmxVdecGetExtensionIndex:1737>: GetExtensionIndex OMX.google.android.index.describeColorFormat2, err [0x80001001].
06-26 11:31:28.534 391 429 E omx_vdec: : erro: pParamData->nIndex > m_sPortFormatType.nIndex
06-26 11:31:28.534 391 429 W omx_vdec: <__AwOmxVdecGetExtensionIndex:1737>: GetExtensionIndex OMX.google.android.index.describeColorFormat, err [0x80001001].
06-26 11:31:28.535 391 429 W omx_vdec: <__AwOmxVdecGetExtensionIndex:1737>: GetExtensionIndex OMX.google.android.index.describeColorFormat2, err [0x80001001].
06-26 11:31:28.535 391 429 E omx_vdec: : erro: pParamData->nIndex > m_sPortFormatType.nIndex
06-26 11:31:28.535 391 429 W omx_vdec: <__AwOmxVdecGetExtensionIndex:1737>: GetExtensionIndex OMX.google.android.index.describeColorFormat, err [0x80001001].
06-26 11:31:28.535 391 429 W omx_vdec: <__AwOmxVdecGetExtensionIndex:1737>: GetExtensionIndex OMX.google.android.index.describeColorFormat2, err [0x80001001].
06-26 11:31:28.537 391 429 E omx_vdec: : erro: pParamData->nIndex > m_sPortFormatType.nIndex
06-26 11:31:28.537 391 429 W omx_vdec: <__AwOmxVdecGetExtensionIndex:1737>: GetExtensionIndex OMX.google.android.index.describeColorFormat, err [0x80001001].
06-26 11:31:28.537 391 429 W omx_vdec: <__AwOmxVdecGetExtensionIndex:1737>: GetExtensionIndex OMX.google.android.index.describeColorFormat2, err [0x80001001].
06-26 11:31:28.537 391 429 E omx_vdec: : erro: pParamData->nIndex > m_sPortFormatType.nIndex
06-26 11:31:28.537 391 429 W omx_vdec: <__AwOmxVdecGetExtensionIndex:1737>: GetExtensionIndex OMX.google.android.index.describeColorFormat, err [0x80001001].
06-26 11:31:28.537 391 429 W omx_vdec: <__AwOmxVdecGetExtensionIndex:1737>: GetExtensionIndex OMX.google.android.index.describeColorFormat2, err [0x80001001].
06-26 11:31:28.538 391 429 E omx_vdec: : erro: pParamData->nIndex > m_sPortFormatType.nIndex
06-26 11:31:28.542 391 429 W omx_vdec: <__AwOmxVdecGetExtensionIndex:1737>: GetExtensionIndex OMX.google.android.index.describeColorFormat, err [0x80001001].
06-26 11:31:28.542 391 429 W omx_vdec: <__AwOmxVdecGetExtensionIndex:1737>: GetExtensionIndex OMX.google.android.index.describeColorFormat2, err [0x80001001].
06-26 11:31:28.542 391 429 E omx_vdec: : erro: pParamData->nIndex > m_sPortFormatType.nIndex
06-26 11:31:28.542 480 480 I SystemServerTiming: MakeVcnManagementServiceReady
06-26 11:31:28.542 391 429 W omx_vdec: <__AwOmxVdecGetExtensionIndex:1737>: GetExtensionIndex OMX.google.android.index.describeColorFormat, err [0x80001001].
06-26 11:31:28.542 391 429 W omx_vdec: <__AwOmxVdecGetExtensionIndex:1737>: GetExtensionIndex OMX.google.android.index.describeColorFormat2, err [0x80001001].
06-26 11:31:28.542 391 429 E omx_vdec: : erro: pParamData->nIndex > m_sPortFormatType.nIndex
06-26 11:31:28.543 391 429 W omx_vdec: <__AwOmxVdecGetExtensionIndex:1737>: GetExtensionIndex OMX.google.android.index.describeColorFormat, err [0x80001001].
06-26 11:31:28.543 391 429 W omx_vdec: <__AwOmxVdecGetExtensionIndex:1737>: GetExtensionIndex OMX.google.android.index.describeColorFormat2, err [0x80001001].
06-26 11:31:28.543 480 618 D ConnectivityService: Got NetworkProvider Messenger for VcnNetworkProvider
06-26 11:31:28.543 391 429 E omx_vdec: : erro: pParamData->nIndex > m_sPortFormatType.nIndex
06-26 11:31:28.543 391 429 W omx_vdec: <__AwOmxVdecGetExtensionIndex:1737>: GetExtensionIndex OMX.google.android.index.describeColorFormat, err [0x80001001].
06-26 11:31:28.544 391 429 W omx_vdec: <__AwOmxVdecGetExtensionIndex:1737>: GetExtensionIndex OMX.google.android.index.describeColorFormat2, err [0x80001001].
06-26 11:31:28.544 391 429 E omx_vdec: : erro: pParamData->nIndex > m_sPortFormatType.nIndex
06-26 11:31:28.544 391 429 W omx_vdec: <__AwOmxVdecGetExtensionIndex:1737>: GetExtensionIndex OMX.google.android.index.describeColorFormat, err [0x80001001].
06-26 11:31:28.544 391 429 W omx_vdec: <__AwOmxVdecGetExtensionIndex:1737>: GetExtensionIndex OMX.google.android.index.describeColorFormat2, err [0x80001001].
06-26 11:31:28.544 391 429 E omx_vdec: : erro: pParamData->nIndex > m_sPortFormatType.nIndex
06-26 11:31:28.544 391 429 W omx_vdec: <__AwOmxVdecGetExtensionIndex:1737>: GetExtensionIndex OMX.google.android.index.describeColorFormat, err [0x80001001].
06-26 11:31:28.545 391 429 W omx_vdec: <__AwOmxVdecGetExtensionIndex:1737>: GetExtensionIndex OMX.google.android.index.describeColorFormat2, err [0x80001001].
06-26 11:31:28.545 391 429 E omx_vdec: : erro: pParamData->nIndex > m_sPortFormatType.nIndex
06-26 11:31:28.545 391 429 W omx_vdec: <__AwOmxVdecGetExtensionIndex:1737>: GetExtensionIndex OMX.google.android.index.describeColorFormat, err [0x80001001].
06-26 11:31:28.545 391 429 W omx_vdec: <__AwOmxVdecGetExtensionIndex:1737>: GetExtensionIndex OMX.google.android.index.describeColorFormat2, err [0x80001001].
06-26 11:31:28.545 391 429 E omx_vdec: : erro: pParamData->nIndex > m_sPortFormatType.nIndex
06-26 11:31:28.545 391 429 W omx_vdec: <__AwOmxVdecGetExtensionIndex:1737>: GetExtensionIndex OMX.google.android.index.describeColorFormat, err [0x80001001].
06-26 11:31:28.545 391 429 W omx_vdec: <__AwOmxVdecGetExtensionIndex:1737>: GetExtensionIndex OMX.google.android.index.describeColorFormat2, err [0x80001001].
06-26 11:31:28.546 391 429 E omx_vdec: : erro: pParamData->nIndex > m_sPortFormatType.nIndex
06-26 11:31:28.546 391 429 W omx_vdec: <__AwOmxVdecGetExtensionIndex:1737>: GetExtensionIndex OMX.google.android.index.describeColorFormat, err [0x80001001].
06-26 11:31:28.546 480 618 D ConnectivityService: NetReassign [no changes]
06-26 11:31:28.546 391 429 W omx_vdec: <__AwOmxVdecGetExtensionIndex:1737>: GetExtensionIndex OMX.google.android.index.describeColorFormat2, err [0x80001001].
06-26 11:31:28.546 391 429 E omx_vdec: : erro: pParamData->nIndex > m_sPortFormatType.nIndex
06-26 11:31:28.548 391 429 W omx_vdec: <__AwOmxVdecGetExtensionIndex:1737>: GetExtensionIndex OMX.google.android.index.describeColorFormat, err [0x80001001].
06-26 11:31:28.548 391 429 W omx_vdec: <__AwOmxVdecGetExtensionIndex:1737>: GetExtensionIndex OMX.google.android.index.describeColorFormat2, err [0x80001001].
06-26 11:31:28.549 391 429 E omx_vdec: : erro: pParamData->nIndex > m_sPortFormatType.nIndex
06-26 11:31:28.549 391 429 W omx_vdec: <__AwOmxVdecGetExtensionIndex:1737>: GetExtensionIndex OMX.google.android.index.describeColorFormat, err [0x80001001].
06-26 11:31:28.549 391 429 W omx_vdec: <__AwOmxVdecGetExtensionIndex:1737>: GetExtensionIndex OMX.google.android.index.describeColorFormat2, err [0x80001001].
06-26 11:31:28.549 391 429 E omx_vdec: : erro: pParamData->nIndex > m_sPortFormatType.nIndex
06-26 11:31:28.549 391 429 W omx_vdec: <__AwOmxVdecGetExtensionIndex:1737>: GetExtensionIndex OMX.google.android.index.describeColorFormat, err [0x80001001].
06-26 11:31:28.549 391 429 W omx_vdec: <__AwOmxVdecGetExtensionIndex:1737>: GetExtensionIndex OMX.google.android.index.describeColorFormat2, err [0x80001001].
06-26 11:31:28.549 391 429 E omx_vdec: : erro: pParamData->nIndex > m_sPortFormatType.nIndex
06-26 11:31:28.550 391 429 W omx_vdec: <__AwOmxVdecGetExtensionIndex:1737>: GetExtensionIndex OMX.google.android.index.describeColorFormat, err [0x80001001].
06-26 11:31:28.550 391 429 W omx_vdec: <__AwOmxVdecGetExtensionIndex:1737>: GetExtensionIndex OMX.google.android.index.describeColorFormat2, err [0x80001001].
06-26 11:31:28.550 480 480 I SystemServerTiming: MakeNetworkPolicyServiceReady
06-26 11:31:28.550 391 429 E omx_vdec: : erro: pParamData->nIndex > m_sPortFormatType.nIndex
06-26 11:31:28.550 391 429 W omx_vdec: <__AwOmxVdecGetExtensionIndex:1737>: GetExtensionIndex OMX.google.android.index.describeColorFormat, err [0x80001001].
06-26 11:31:28.550 391 429 W omx_vdec: <__AwOmxVdecGetExtensionIndex:1737>: GetExtensionIndex OMX.google.android.index.describeColorFormat2, err [0x80001001].
06-26 11:31:28.550 391 429 E omx_vdec: : erro: pParamData->nIndex > m_sPortFormatType.nIndex
06-26 11:31:28.550 391 429 W omx_vdec: <__AwOmxVdecGetExtensionIndex:1737>: GetExtensionIndex OMX.google.android.index.describeColorFormat, err [0x80001001].
06-26 11:31:28.551 391 429 W omx_vdec: <__AwOmxVdecGetExtensionIndex:1737>: GetExtensionIndex OMX.google.android.index.describeColorFormat2, err [0x80001001].
06-26 11:31:28.551 391 429 E omx_vdec: : erro: pParamData->nIndex > m_sPortFormatType.nIndex
06-26 11:31:28.551 391 429 W omx_vdec: <__AwOmxVdecGetExtensionIndex:1737>: GetExtensionIndex OMX.google.android.index.describeColorFormat, err [0x80001001].
06-26 11:31:28.551 391 429 W omx_vdec: <__AwOmxVdecGetExtensionIndex:1737>: GetExtensionIndex OMX.google.android.index.describeColorFormat2, err [0x80001001].
06-26 11:31:28.551 391 429 E omx_vdec: : erro: pParamData->nIndex > m_sPortFormatType.nIndex
06-26 11:31:28.551 391 429 W omx_vdec: <__AwOmxVdecGetExtensionIndex:1737>: GetExtensionIndex OMX.google.android.index.describeColorFormat, err [0x80001001].
06-26 11:31:28.551 391 429 W omx_vdec: <__AwOmxVdecGetExtensionIndex:1737>: GetExtensionIndex OMX.google.android.index.describeColorFormat2, err [0x80001001].
06-26 11:31:28.551 391 429 E omx_vdec: : erro: pParamData->nIndex > m_sPortFormatType.nIndex
06-26 11:31:28.551 391 429 W omx_vdec: <__AwOmxVdecGetExtensionIndex:1737>: GetExtensionIndex OMX.google.android.index.describeColorFormat, err [0x80001001].
06-26 11:31:28.551 391 429 W omx_vdec: <__AwOmxVdecGetExtensionIndex:1737>: GetExtensionIndex OMX.google.android.index.describeColorFormat2, err [0x80001001].
06-26 11:31:28.552 391 429 E omx_vdec: : erro: pParamData->nIndex > m_sPortFormatType.nIndex
06-26 11:31:28.552 391 429 W omx_vdec: <__AwOmxVdecGetExtensionIndex:1737>: GetExtensionIndex OMX.google.android.index.describeColorFormat, err [0x80001001].
06-26 11:31:28.552 391 429 W omx_vdec: <__AwOmxVdecGetExtensionIndex:1737>: GetExtensionIndex OMX.google.android.index.describeColorFormat2, err [0x80001001].
06-26 11:31:28.552 391 429 E omx_vdec: : erro: pParamData->nIndex > m_sPortFormatType.nIndex
06-26 11:31:28.552 391 429 W omx_vdec: <__AwOmxVdecGetExtensionIndex:1737>: GetExtensionIndex OMX.google.android.index.describeColorFormat, err [0x80001001].
06-26 11:31:28.552 391 429 W omx_vdec: <__AwOmxVdecGetExtensionIndex:1737>: GetExtensionIndex OMX.google.android.index.describeColorFormat2, err [0x80001001].
06-26 11:31:28.552 382 474 W ACodec : [OMX.allwinner.video.decoder.avc] stopping checking formats after 32: COLOR_FormatYUV420Planar(13)
06-26 11:31:28.552 391 429 W omx_vdec: <__AwOmxVdecGetExtensionIndex:1737>: GetExtensionIndex OMX.google.android.index.configureVideoTunnelMode, err [0x80001001].
06-26 11:31:28.552 391 429 E OMXNodeInstance: getExtensionIndex(0xf7699000:allwinner.decoder.avc, OMX.google.android.index.configureVideoTunnelMode) ERROR: Undefined(0x80001001)
06-26 11:31:28.552 382 474 D MediaCodecInfo: detail feature-tunneled-playback wasn't present to remove
06-26 11:31:28.552 391 429 W omx_vdec: <__AwOmxVdecGetExtensionIndex:1737>: GetExtensionIndex OMX.google.android.index.storeANWBufferInMetadata, err [0x80001001].
06-26 11:31:28.553 391 429 W omx_vdec_aw: <__anSetExtPara:3011>: Setparameter: unknown param 2131755011
06-26 11:31:28.553 391 429 W OMXNodeInstance: [0xf7699000:allwinner.decoder.avc] component does not support metadata mode; using fallback
06-26 11:31:28.553 391 730 W libc : invalid pthread_t (0) passed to pthread_join
06-26 11:31:28.553 391 730 W libc : invalid pthread_t (0) passed to pthread_join
06-26 11:31:28.553 391 730 W libc : invalid pthread_t (0) passed to pthread_join
06-26 11:31:28.553 480 618 D ConnectivityService: NetReassign [no changes]
06-26 11:31:28.557 382 474 I OMXClient: IOmx service obtained
06-26 11:31:28.558 391 429 I OMXStore: makeComponentInstance(OMX.allwinner.video.decoder.avc.secure) in android.hardwar process
06-26 11:31:28.558 668 668 V GraphicsEnvironment: ANGLE Developer option for 'com.android.bluetooth' set to: 'default'
06-26 11:31:28.558 668 668 V GraphicsEnvironment: Neither updatable production driver nor prerelease driver is supported.
06-26 11:31:28.560 480 480 I SystemServerTiming: PhaseThirdPartyAppsCanStart
06-26 11:31:28.560 480 480 I SystemServiceManager: Starting phase 600
06-26 11:31:28.560 480 480 I SystemServerTiming: OnBootPhase_600
06-26 11:31:28.561 668 668 D NetworkSecurityConfig: No Network Security Config specified, using platform default
06-26 11:31:28.562 668 668 D NetworkSecurityConfig: No Network Security Config specified, using platform default
06-26 11:31:28.566 391 429 E omx_vdec: : This platform does not support secure video playback
06-26 11:31:28.566 391 429 E omx_sem : : handle is null
06-26 11:31:28.566 391 429 E omx_sem : : handle is null
06-26 11:31:28.566 391 429 E omx_sem : : handle is null
06-26 11:31:28.566 391 429 E omx_sem : : handle is null
06-26 11:31:28.566 391 429 E omx_sem : : handle is null
06-26 11:31:28.566 391 429 W omx_vdec_aw: : pdec is null
06-26 11:31:28.566 391 429 E android.hardware.media.omx@1.0-service: Failed to allocate omx component 'OMX.allwinner.video.decoder.avc.secure' err=InvalidComponentName(0x80001002)
06-26 11:31:28.567 382 474 W OmxInfoBuilder: Fail to add media type video/avc to codec OMX.allwinner.video.decoder.avc.secure
06-26 11:31:28.568 480 480 I ExplicitHealthCheckController: Explicit health checks enabled.
06-26 11:31:28.568 480 480 I PackageWatchdog: Syncing state, reason: health check state enabled
06-26 11:31:28.568 480 480 I PackageWatchdog: Not pruning observers, elapsed time: 0ms
06-26 11:31:28.568 480 535 I PackageWatchdog: Saving observer state to file
06-26 11:31:28.568 480 480 I PackageWatchdog: Cancelling state sync, nothing to sync
06-26 11:31:28.569 382 474 I OMXClient: IOmx service obtained
06-26 11:31:28.569 391 429 I OMXStore: makeComponentInstance(OMX.allwinner.video.decoder.hevc) in android.hardwar process
06-26 11:31:28.570 391 429 I omx_vdec_aw: : OmxDecoderCreate.
06-26 11:31:28.571 391 429 W omx_vdec: <__AwOmxVdecSetParameter:1561>: Set Parameter called in valid state
06-26 11:31:28.571 391 429 W omx_vdec: : pParamProfileLevel->nProfileIndex[0x1] error!
06-26 11:31:28.571 391 429 E OMXNodeInstance: getParameter(0xf7699000:allwinner.decoder.hevc, ParamVideoProfileLevelQuerySupported(0x600000f)) ERROR: BadParameter(0x80001005)
06-26 11:31:28.572 391 429 W omx_vdec: <__AwOmxVdecGetExtensionIndex:1737>: GetExtensionIndex OMX.google.android.index.describeColorFormat, err [0x80001001].
06-26 11:31:28.572 391 429 W omx_vdec: <__AwOmxVdecGetExtensionIndex:1737>: GetExtensionIndex OMX.google.android.index.describeColorFormat2, err [0x80001001].
06-26 11:31:28.572 391 429 E omx_vdec: : erro: pParamData->nIndex > m_sPortFormatType.nIndex
06-26 11:31:28.572 391 429 W omx_vdec: <__AwOmxVdecGetExtensionIndex:1737>: GetExtensionIndex OMX.google.android.index.describeColorFormat, err [0x80001001].
06-26 11:31:28.572 391 429 W omx_vdec: <__AwOmxVdecGetExtensionIndex:1737>: GetExtensionIndex OMX.google.android.index.describeColorFormat2, err [0x80001001].
06-26 11:31:28.572 391 429 E omx_vdec: : erro: pParamData->nIndex > m_sPortFormatType.nIndex
06-26 11:31:28.572 391 429 W omx_vdec: <__AwOmxVdecGetExtensionIndex:1737>: GetExtensionIndex OMX.google.android.index.describeColorFormat, err [0x80001001].
06-26 11:31:28.573 391 429 W omx_vdec: <__AwOmxVdecGetExtensionIndex:1737>: GetExtensionIndex OMX.google.android.index.describeColorFormat2, err [0x80001001].
06-26 11:31:28.573 391 429 E omx_vdec: : erro: pParamData->nIndex > m_sPortFormatType.nIndex
06-26 11:31:28.573 391 429 W omx_vdec: <__AwOmxVdecGetExtensionIndex:1737>: GetExtensionIndex OMX.google.android.index.describeColorFormat, err [0x80001001].
06-26 11:31:28.573 391 429 W omx_vdec: <__AwOmxVdecGetExtensionIndex:1737>: GetExtensionIndex OMX.google.android.index.describeColorFormat2, err [0x80001001].
06-26 11:31:28.573 391 429 E omx_vdec: : erro: pParamData->nIndex > m_sPortFormatType.nIndex
06-26 11:31:28.573 391 429 W omx_vdec: <__AwOmxVdecGetExtensionIndex:1737>: GetExtensionIndex OMX.google.android.index.describeColorFormat, err [0x80001001].
06-26 11:31:28.573 391 429 W omx_vdec: <__AwOmxVdecGetExtensionIndex:1737>: GetExtensionIndex OMX.google.android.index.describeColorFormat2, err [0x80001001].
06-26 11:31:28.573 391 429 E omx_vdec: : erro: pParamData->nIndex > m_sPortFormatType.nIndex
06-26 11:31:28.573 391 429 W omx_vdec: <__AwOmxVdecGetExtensionIndex:1737>: GetExtensionIndex OMX.google.android.index.describeColorFormat, err [0x80001001].
06-26 11:31:28.574 391 429 W omx_vdec: <__AwOmxVdecGetExtensionIndex:1737>: GetExtensionIndex OMX.google.android.index.describeColorFormat2, err [0x80001001].
06-26 11:31:28.574 391 429 E omx_vdec: : erro: pParamData->nIndex > m_sPortFormatType.nIndex
06-26 11:31:28.574 391 429 W omx_vdec: <__AwOmxVdecGetExtensionIndex:1737>: GetExtensionIndex OMX.google.android.index.describeColorFormat, err [0x80001001].
06-26 11:31:28.574 391 429 W omx_vdec: <__AwOmxVdecGetExtensionIndex:1737>: GetExtensionIndex OMX.google.android.index.describeColorFormat2, err [0x80001001].
06-26 11:31:28.574 391 429 E omx_vdec: : erro: pParamData->nIndex > m_sPortFormatType.nIndex
06-26 11:31:28.574 391 429 W omx_vdec: <__AwOmxVdecGetExtensionIndex:1737>: GetExtensionIndex OMX.google.android.index.describeColorFormat, err [0x80001001].
06-26 11:31:28.574 391 429 W omx_vdec: <__AwOmxVdecGetExtensionIndex:1737>: GetExtensionIndex OMX.google.android.index.describeColorFormat2, err [0x80001001].
06-26 11:31:28.574 391 429 E omx_vdec: : erro: pParamData->nIndex > m_sPortFormatType.nIndex
06-26 11:31:28.574 391 429 W omx_vdec: <__AwOmxVdecGetExtensionIndex:1737>: GetExtensionIndex OMX.google.android.index.describeColorFormat, err [0x80001001].
06-26 11:31:28.575 391 429 W omx_vdec: <__AwOmxVdecGetExtensionIndex:1737>: GetExtensionIndex OMX.google.android.index.describeColorFormat2, err [0x80001001].
06-26 11:31:28.575 391 429 E omx_vdec: : erro: pParamData->nIndex > m_sPortFormatType.nIndex
06-26 11:31:28.575 391 429 W omx_vdec: <__AwOmxVdecGetExtensionIndex:1737>: GetExtensionIndex OMX.google.android.index.describeColorFormat, err [0x80001001].
06-26 11:31:28.575 391 429 W omx_vdec: <__AwOmxVdecGetExtensionIndex:1737>: GetExtensionIndex OMX.google.android.index.describeColorFormat2, err [0x80001001].
06-26 11:31:28.575 391 429 E omx_vdec: : erro: pParamData->nIndex > m_sPortFormatType.nIndex
06-26 11:31:28.575 391 429 W omx_vdec: <__AwOmxVdecGetExtensionIndex:1737>: GetExtensionIndex OMX.google.android.index.describeColorFormat, err [0x80001001].
06-26 11:31:28.575 391 429 W omx_vdec: <__AwOmxVdecGetExtensionIndex:1737>: GetExtensionIndex OMX.google.android.index.describeColorFormat2, err [0x80001001].
06-26 11:31:28.575 391 429 E omx_vdec: : erro: pParamData->nIndex > m_sPortFormatType.nIndex
06-26 11:31:28.575 391 429 W omx_vdec: <__AwOmxVdecGetExtensionIndex:1737>: GetExtensionIndex OMX.google.android.index.describeColorFormat, err [0x80001001].
06-26 11:31:28.576 391 429 W omx_vdec: <__AwOmxVdecGetExtensionIndex:1737>: GetExtensionIndex OMX.google.android.index.describeColorFormat2, err [0x80001001].
06-26 11:31:28.576 391 429 E omx_vdec: : erro: pParamData->nIndex > m_sPortFormatType.nIndex
06-26 11:31:28.576 391 429 W omx_vdec: <__AwOmxVdecGetExtensionIndex:1737>: GetExtensionIndex OMX.google.android.index.describeColorFormat, err [0x80001001].
06-26 11:31:28.576 391 429 W omx_vdec: <__AwOmxVdecGetExtensionIndex:1737>: GetExtensionIndex OMX.google.android.index.describeColorFormat2, err [0x80001001].
06-26 11:31:28.576 391 429 E omx_vdec: : erro: pParamData->nIndex > m_sPortFormatType.nIndex
06-26 11:31:28.576 391 429 W omx_vdec: <__AwOmxVdecGetExtensionIndex:1737>: GetExtensionIndex OMX.google.android.index.describeColorFormat, err [0x80001001].
06-26 11:31:28.576 391 429 W omx_vdec: <__AwOmxVdecGetExtensionIndex:1737>: GetExtensionIndex OMX.google.android.index.describeColorFormat2, err [0x80001001].
06-26 11:31:28.576 391 429 E omx_vdec: : erro: pParamData->nIndex > m_sPortFormatType.nIndex
06-26 11:31:28.576 391 429 W omx_vdec: <__AwOmxVdecGetExtensionIndex:1737>: GetExtensionIndex OMX.google.android.index.describeColorFormat, err [0x80001001].
06-26 11:31:28.577 391 429 W omx_vdec: <__AwOmxVdecGetExtensionIndex:1737>: GetExtensionIndex OMX.google.android.index.describeColorFormat2, err [0x80001001].
06-26 11:31:28.577 391 429 E omx_vdec: : erro: pParamData->nIndex > m_sPortFormatType.nIndex
06-26 11:31:28.577 391 429 W omx_vdec: <__AwOmxVdecGetExtensionIndex:1737>: GetExtensionIndex OMX.google.android.index.describeColorFormat, err [0x80001001].
06-26 11:31:28.577 391 429 W omx_vdec: <__AwOmxVdecGetExtensionIndex:1737>: GetExtensionIndex OMX.google.android.index.describeColorFormat2, err [0x80001001].
06-26 11:31:28.577 391 429 E omx_vdec: : erro: pParamData->nIndex > m_sPortFormatType.nIndex
06-26 11:31:28.577 391 429 W omx_vdec: <__AwOmxVdecGetExtensionIndex:1737>: GetExtensionIndex OMX.google.android.index.describeColorFormat, err [0x80001001].
06-26 11:31:28.577 391 429 W omx_vdec: <__AwOmxVdecGetExtensionIndex:1737>: GetExtensionIndex OMX.google.android.index.describeColorFormat2, err [0x80001001].
06-26 11:31:28.577 391 429 E omx_vdec: : erro: pParamData->nIndex > m_sPortFormatType.nIndex
06-26 11:31:28.577 391 429 W omx_vdec: <__AwOmxVdecGetExtensionIndex:1737>: GetExtensionIndex OMX.google.android.index.describeColorFormat, err [0x80001001].
06-26 11:31:28.577 391 429 W omx_vdec: <__AwOmxVdecGetExtensionIndex:1737>: GetExtensionIndex OMX.google.android.index.describeColorFormat2, err [0x80001001].
06-26 11:31:28.578 391 429 E omx_vdec: : erro: pParamData->nIndex > m_sPortFormatType.nIndex
06-26 11:31:28.578 391 429 W omx_vdec: <__AwOmxVdecGetExtensionIndex:1737>: GetExtensionIndex OMX.google.android.index.describeColorFormat, err [0x80001001].
06-26 11:31:28.578 391 429 W omx_vdec: <__AwOmxVdecGetExtensionIndex:1737>: GetExtensionIndex OMX.google.android.index.describeColorFormat2, err [0x80001001].
06-26 11:31:28.578 391 429 E omx_vdec: : erro: pParamData->nIndex > m_sPortFormatType.nIndex
06-26 11:31:28.578 391 429 W omx_vdec: <__AwOmxVdecGetExtensionIndex:1737>: GetExtensionIndex OMX.google.android.index.describeColorFormat, err [0x80001001].
06-26 11:31:28.578 391 429 W omx_vdec: <__AwOmxVdecGetExtensionIndex:1737>: GetExtensionIndex OMX.google.android.index.describeColorFormat2, err [0x80001001].
06-26 11:31:28.578 391 429 E omx_vdec: : erro: pParamData->nIndex > m_sPortFormatType.nIndex
06-26 11:31:28.578 391 429 W omx_vdec: <__AwOmxVdecGetExtensionIndex:1737>: GetExtensionIndex OMX.google.android.index.describeColorFormat, err [0x80001001].
06-26 11:31:28.578 391 429 W omx_vdec: <__AwOmxVdecGetExtensionIndex:1737>: GetExtensionIndex OMX.google.android.index.describeColorFormat2, err [0x80001001].
06-26 11:31:28.579 391 429 E omx_vdec: : erro: pParamData->nIndex > m_sPortFormatType.nIndex
06-26 11:31:28.579 391 429 W omx_vdec: <__AwOmxVdecGetExtensionIndex:1737>: GetExtensionIndex OMX.google.android.index.describeColorFormat, err [0x80001001].
06-26 11:31:28.579 391 429 W omx_vdec: <__AwOmxVdecGetExtensionIndex:1737>: GetExtensionIndex OMX.google.android.index.describeColorFormat2, err [0x80001001].
06-26 11:31:28.579 391 429 E omx_vdec: : erro: pParamData->nIndex > m_sPortFormatType.nIndex
06-26 11:31:28.579 391 429 W omx_vdec: <__AwOmxVdecGetExtensionIndex:1737>: GetExtensionIndex OMX.google.android.index.describeColorFormat, err [0x80001001].
06-26 11:31:28.579 391 429 W omx_vdec: <__AwOmxVdecGetExtensionIndex:1737>: GetExtensionIndex OMX.google.android.index.describeColorFormat2, err [0x80001001].
06-26 11:31:28.579 391 429 E omx_vdec: : erro: pParamData->nIndex > m_sPortFormatType.nIndex
06-26 11:31:28.579 391 429 W omx_vdec: <__AwOmxVdecGetExtensionIndex:1737>: GetExtensionIndex OMX.google.android.index.describeColorFormat, err [0x80001001].
06-26 11:31:28.579 391 429 W omx_vdec: <__AwOmxVdecGetExtensionIndex:1737>: GetExtensionIndex OMX.google.android.index.describeColorFormat2, err [0x80001001].
06-26 11:31:28.580 391 429 E omx_vdec: : erro: pParamData->nIndex > m_sPortFormatType.nIndex
06-26 11:31:28.580 391 429 W omx_vdec: <__AwOmxVdecGetExtensionIndex:1737>: GetExtensionIndex OMX.google.android.index.describeColorFormat, err [0x80001001].
06-26 11:31:28.580 391 429 W omx_vdec: <__AwOmxVdecGetExtensionIndex:1737>: GetExtensionIndex OMX.google.android.index.describeColorFormat2, err [0x80001001].
06-26 11:31:28.580 391 429 E omx_vdec: : erro: pParamData->nIndex > m_sPortFormatType.nIndex
06-26 11:31:28.580 391 429 W omx_vdec: <__AwOmxVdecGetExtensionIndex:1737>: GetExtensionIndex OMX.google.android.index.describeColorFormat, err [0x80001001].
06-26 11:31:28.580 391 429 W omx_vdec: <__AwOmxVdecGetExtensionIndex:1737>: GetExtensionIndex OMX.google.android.index.describeColorFormat2, err [0x80001001].
06-26 11:31:28.580 391 429 E omx_vdec: : erro: pParamData->nIndex > m_sPortFormatType.nIndex
06-26 11:31:28.580 480 480 W LocationManagerService: no network location provider found
06-26 11:31:28.580 391 429 W omx_vdec: <__AwOmxVdecGetExtensionIndex:1737>: GetExtensionIndex OMX.google.android.index.describeColorFormat, err [0x80001001].
06-26 11:31:28.580 391 429 W omx_vdec: <__AwOmxVdecGetExtensionIndex:1737>: GetExtensionIndex OMX.google.android.index.describeColorFormat2, err [0x80001001].
06-26 11:31:28.581 391 429 E omx_vdec: : erro: pParamData->nIndex > m_sPortFormatType.nIndex
06-26 11:31:28.581 391 429 W omx_vdec: <__AwOmxVdecGetExtensionIndex:1737>: GetExtensionIndex OMX.google.android.index.describeColorFormat, err [0x80001001].
06-26 11:31:28.581 391 429 W omx_vdec: <__AwOmxVdecGetExtensionIndex:1737>: GetExtensionIndex OMX.google.android.index.describeColorFormat2, err [0x80001001].
06-26 11:31:28.581 391 429 E omx_vdec: : erro: pParamData->nIndex > m_sPortFormatType.nIndex
06-26 11:31:28.581 391 429 W omx_vdec: <__AwOmxVdecGetExtensionIndex:1737>: GetExtensionIndex OMX.google.android.index.describeColorFormat, err [0x80001001].
06-26 11:31:28.581 391 429 W omx_vdec: <__AwOmxVdecGetExtensionIndex:1737>: GetExtensionIndex OMX.google.android.index.describeColorFormat2, err [0x80001001].
06-26 11:31:28.581 391 429 E omx_vdec: : erro: pParamData->nIndex > m_sPortFormatType.nIndex
06-26 11:31:28.581 391 429 W omx_vdec: <__AwOmxVdecGetExtensionIndex:1737>: GetExtensionIndex OMX.google.android.index.describeColorFormat, err [0x80001001].
06-26 11:31:28.581 391 429 W omx_vdec: <__AwOmxVdecGetExtensionIndex:1737>: GetExtensionIndex OMX.google.android.index.describeColorFormat2, err [0x80001001].
06-26 11:31:28.581 391 429 E omx_vdec: : erro: pParamData->nIndex > m_sPortFormatType.nIndex
06-26 11:31:28.582 391 429 W omx_vdec: <__AwOmxVdecGetExtensionIndex:1737>: GetExtensionIndex OMX.google.android.index.describeColorFormat, err [0x80001001].
06-26 11:31:28.582 391 429 W omx_vdec: <__AwOmxVdecGetExtensionIndex:1737>: GetExtensionIndex OMX.google.android.index.describeColorFormat2, err [0x80001001].
06-26 11:31:28.582 391 429 E omx_vdec: : erro: pParamData->nIndex > m_sPortFormatType.nIndex
06-26 11:31:28.582 391 429 W omx_vdec: <__AwOmxVdecGetExtensionIndex:1737>: GetExtensionIndex OMX.google.android.index.describeColorFormat, err [0x80001001].
06-26 11:31:28.582 391 429 W omx_vdec: <__AwOmxVdecGetExtensionIndex:1737>: GetExtensionIndex OMX.google.android.index.describeColorFormat2, err [0x80001001].
06-26 11:31:28.582 391 429 E omx_vdec: : erro: pParamData->nIndex > m_sPortFormatType.nIndex
06-26 11:31:28.582 391 429 W omx_vdec: <__AwOmxVdecGetExtensionIndex:1737>: GetExtensionIndex OMX.google.android.index.describeColorFormat, err [0x80001001].
06-26 11:31:28.582 391 429 W omx_vdec: <__AwOmxVdecGetExtensionIndex:1737>: GetExtensionIndex OMX.google.android.index.describeColorFormat2, err [0x80001001].
06-26 11:31:28.583 382 474 W ACodec : [OMX.allwinner.video.decoder.hevc] stopping checking formats after 32: COLOR_FormatYUV420Planar(13)
06-26 11:31:28.583 391 429 W omx_vdec: <__AwOmxVdecGetExtensionIndex:1737>: GetExtensionIndex OMX.google.android.index.configureVideoTunnelMode, err [0x80001001].
06-26 11:31:28.583 391 429 E OMXNodeInstance: getExtensionIndex(0xf7699000:allwinner.decoder.hevc, OMX.google.android.index.configureVideoTunnelMode) ERROR: Undefined(0x80001001)
06-26 11:31:28.583 382 474 D MediaCodecInfo: detail feature-tunneled-playback wasn't present to remove
06-26 11:31:28.583 391 429 W omx_vdec: <__AwOmxVdecGetExtensionIndex:1737>: GetExtensionIndex OMX.google.android.index.storeANWBufferInMetadata, err [0x80001001].
06-26 11:31:28.583 391 429 W omx_vdec_aw: <__anSetExtPara:3011>: Setparameter: unknown param 2131755011
06-26 11:31:28.583 391 429 W OMXNodeInstance: [0xf7699000:allwinner.decoder.hevc] component does not support metadata mode; using fallback
06-26 11:31:28.583 391 735 W libc : invalid pthread_t (0) passed to pthread_join
06-26 11:31:28.583 391 735 W libc : invalid pthread_t (0) passed to pthread_join
06-26 11:31:28.583 391 735 W libc : invalid pthread_t (0) passed to pthread_join
06-26 11:31:28.580 272 272 I EventThread: type=1400 audit(0.0:339): avc: denied { search } for name="extcon" dev="sysfs" ino=18109 scontext=u:r:hal_tv_cec_default:s0 tcontext=u:object_r:sysfs_extcon:s0 tclass=dir permissive=1
06-26 11:31:28.585 480 480 I ServiceWatcher: [fused] chose new implementation 1000/com.android.location.fused/.FusedLocationService@0
06-26 11:31:28.586 382 474 I OMXClient: IOmx service obtained
06-26 11:31:28.586 391 429 I OMXStore: makeComponentInstance(OMX.allwinner.video.decoder.hevc.secure) in android.hardwar process
06-26 11:31:28.587 391 429 E omx_vdec: : This platform does not support secure video playback
06-26 11:31:28.588 391 429 E omx_sem : : handle is null
06-26 11:31:28.588 391 429 E omx_sem : : handle is null
06-26 11:31:28.588 391 429 E omx_sem : : handle is null
06-26 11:31:28.588 391 429 E omx_sem : : handle is null
06-26 11:31:28.588 391 429 E omx_sem : : handle is null
06-26 11:31:28.588 391 429 W omx_vdec_aw: : pdec is null
06-26 11:31:28.588 391 429 E android.hardware.media.omx@1.0-service: Failed to allocate omx component 'OMX.allwinner.video.decoder.hevc.secure' err=InvalidComponentName(0x80001002)
06-26 11:31:28.588 382 474 W OmxInfoBuilder: Fail to add media type video/hevc to codec OMX.allwinner.video.decoder.hevc.secure
06-26 11:31:28.589 382 474 I OMXClient: IOmx service obtained
06-26 11:31:28.590 391 429 I OMXStore: makeComponentInstance(OMX.allwinner.video.decoder.mpeg2) in android.hardwar process
06-26 11:31:28.591 391 429 I omx_vdec_aw: : OmxDecoderCreate.
06-26 11:31:28.592 184 184 E servicemanager: Could not find android.hardware.gnss.IGnss/default in the VINTF manifest.
06-26 11:31:28.592 480 480 D GnssLocationProviderJni: Trying IGnss_V2_1::getService()
06-26 11:31:28.593 186 186 I hwservicemanager: getTransport: Cannot find entry android.hardware.gnss@2.1::IGnss/default in either framework or device VINTF manifest.
06-26 11:31:28.593 480 522 D CompatibilityChangeReporter: Compat change id reported: 168419799; UID 1000; state: DISABLED
06-26 11:31:28.593 480 480 D GnssLocationProviderJni: gnssHal 2.1 was null, trying 2.0
06-26 11:31:28.594 391 429 W omx_vdec: <__AwOmxVdecSetParameter:1561>: Set Parameter called in valid state
06-26 11:31:28.594 186 186 I hwservicemanager: getTransport: Cannot find entry android.hardware.gnss@2.0::IGnss/default in either framework or device VINTF manifest.
06-26 11:31:28.594 480 480 D GnssLocationProviderJni: gnssHal 2.0 was null, trying 1.1
06-26 11:31:28.594 186 186 I hwservicemanager: getTransport: Cannot find entry android.hardware.gnss@1.1::IGnss/default in either framework or device VINTF manifest.
06-26 11:31:28.594 480 480 D GnssLocationProviderJni: gnssHal 1.1 was null, trying 1.0
06-26 11:31:28.595 186 186 I hwservicemanager: getTransport: Cannot find entry android.hardware.gnss@1.0::IGnss/default in either framework or device VINTF manifest.
06-26 11:31:28.595 391 429 W omx_vdec: : pParamProfileLevel->nProfileIndex[0x2] error!
06-26 11:31:28.595 391 429 E OMXNodeInstance: getParameter(0xf7699000:allwinner.decoder.mpeg2, ParamVideoProfileLevelQuerySupported(0x600000f)) ERROR: BadParameter(0x80001005)
06-26 11:31:28.595 391 429 W omx_vdec: <__AwOmxVdecGetExtensionIndex:1737>: GetExtensionIndex OMX.google.android.index.describeColorFormat, err [0x80001001].
06-26 11:31:28.595 391 429 W omx_vdec: <__AwOmxVdecGetExtensionIndex:1737>: GetExtensionIndex OMX.google.android.index.describeColorFormat2, err [0x80001001].
06-26 11:31:28.595 391 429 E omx_vdec: : erro: pParamData->nIndex > m_sPortFormatType.nIndex
06-26 11:31:28.595 391 429 W omx_vdec: <__AwOmxVdecGetExtensionIndex:1737>: GetExtensionIndex OMX.google.android.index.describeColorFormat, err [0x80001001].
