06-26 11:31:25.513 480 480 D PackageManager: No files in app dir /apex/com.android.art/priv-app
06-26 11:31:25.513 480 480 D PackageManager: No files in app dir /apex/com.android.art/app
06-26 11:31:25.513 480 480 D PackageManager: No files in app dir /apex/com.android.appsearch/priv-app
06-26 11:31:25.514 480 480 D PackageManager: No files in app dir /apex/com.android.appsearch/app
06-26 11:31:25.514 480 480 D PackageManager: No files in app dir /apex/com.android.adbd/priv-app
06-26 11:31:25.514 480 480 D PackageManager: No files in app dir /apex/com.android.adbd/app
06-26 11:31:25.521 480 480 I PackageManager: Finished scanning system apps. Time: 514 ms, packageCount: 112 , timePerPackage: 4 , cached: 112
06-26 11:31:25.526 480 480 D CompatibilityChangeReporter: Compat change id reported: 133396946; UID -1; state: DISABLED
06-26 11:31:25.534 480 480 I PackageManager: Finished scanning non-system apps. Time: 13 ms, packageCount: 2 , timePerPackage: 6 , cached: 2
06-26 11:31:25.536 480 480 W PackageManager: There should probably be exactly one storage manager; found 2: matches=[ResolveInfo{6e18914 com.android.storagemanager/.deletionhelper.DeletionHelperActivity m=0x108000}, ResolveInfo{f43a5bd com.android.tv.settings/.device.StorageResetActivity m=0x108000}]
06-26 11:31:25.537 480 480 E PackageManager: There should probably be exactly one setup wizard; found 2: matches=[ResolveInfo{97b57b2 com.dangbei.hqguide/.main.MainActivity p=1000 m=0x108000}, ResolveInfo{3e8c303 com.softwinner.provision/.DefaultActivity p=1 m=0x108000}]
06-26 11:31:25.547 480 480 I PackageManager: Time to scan packages: 0.54 seconds
06-26 11:31:25.582 480 480 I PackageManager: Permission ownership changed. Updating all permissions.
06-26 11:31:25.632 480 480 V PackageManager: reconcileAppsData for null u0 0x3 migrateAppData=true
06-26 11:31:25.654 378 384 I SELinux : SELinux: Loaded file_contexts
06-26 11:31:25.771 316 316 D XiriService: check file name: /data/data/android/lib
06-26 11:31:25.768 316 316 I xiriservice_All: type=1400 audit(0.0:310): avc: denied { search } for name="android" dev="mmcblk0p25" ino=505 scontext=u:r:init:s0 tcontext=u:object_r:system_app_data_file:s0 tclass=dir permissive=1
06-26 11:31:25.772 316 316 D XiriService: check file name: /data/data/android/lib
06-26 11:31:25.773 316 316 D XiriService: check file name: /data/data/android/lib
06-26 11:31:25.768 316 316 I xiriservice_All: type=1400 audit(0.0:311): avc: denied { read } for name="lib" dev="mmcblk0p25" ino=8675 scontext=u:r:init:s0 tcontext=u:object_r:system_app_data_file:s0 tclass=lnk_file permissive=1
06-26 11:31:25.778 316 316 D XiriService: check file name: /data/data/android/lib
06-26 11:31:25.778 316 316 D XiriService: check file name: /data/data/android/lib
06-26 11:31:25.779 316 316 D XiriService: check file name: /data/data/android/lib
06-26 11:31:25.779 316 316 D XiriService: check file name: /data/data/android/lib
06-26 11:31:25.779 316 316 D XiriService: check file name: /data/data/com.android.providers.settings/lib
06-26 11:31:25.779 316 316 D XiriService: check file name: /data/data/com.android.providers.settings/lib
06-26 11:31:25.779 316 316 D XiriService: check file name: /data/data/com.android.providers.settings/lib
06-26 11:31:25.779 316 316 D XiriService: check file name: /data/data/com.android.providers.settings/lib
06-26 11:31:25.785 316 316 D XiriService: check file name: /data/data/com.android.providers.settings/lib
06-26 11:31:25.785 316 316 D XiriService: check file name: /data/data/com.android.providers.settings/lib
06-26 11:31:25.785 316 316 D XiriService: check file name: /data/data/com.android.providers.settings/lib
06-26 11:31:25.785 316 316 D XiriService: check file name: /data/data/com.android.providers.settings/lib
06-26 11:31:25.786 316 316 D XiriService: check file name: /data/data/com.android.inputdevices/lib
06-26 11:31:25.786 316 316 D XiriService: check file name: /data/data/com.android.inputdevices/lib
06-26 11:31:25.786 316 316 D XiriService: check file name: /data/data/com.android.inputdevices/lib
06-26 11:31:25.786 316 316 D XiriService: check file name: /data/data/com.android.inputdevices/lib
06-26 11:31:25.791 316 316 D XiriService: check file name: /data/data/com.android.inputdevices/lib
06-26 11:31:25.792 316 316 D XiriService: check file name: /data/data/com.android.inputdevices/lib
06-26 11:31:25.792 316 316 D XiriService: check file name: /data/data/com.android.inputdevices/lib
06-26 11:31:25.792 316 316 D XiriService: check file name: /data/data/com.android.inputdevices/lib
06-26 11:31:25.798 316 316 D XiriService: check file name: /data/data/android.ext.services/lib
06-26 11:31:25.798 316 316 D XiriService: check file name: /data/data/android.ext.services/lib
06-26 11:31:25.792 316 316 I xiriservice_All: type=1400 audit(0.0:312): avc: denied { search } for name="android.ext.services" dev="mmcblk0p25" ino=437 scontext=u:r:init:s0 tcontext=u:object_r:app_data_file:s0:c512,c768 tclass=dir permissive=1
06-26 11:31:25.799 316 316 D XiriService: check file name: /data/data/android.ext.services/lib
06-26 11:31:25.799 316 316 D XiriService: check file name: /data/data/android.ext.services/lib
06-26 11:31:25.796 316 316 I xiriservice_All: type=1400 audit(0.0:313): avc: denied { read } for name="lib" dev="mmcblk0p25" ino=8683 scontext=u:r:init:s0 tcontext=u:object_r:app_data_file:s0:c512,c768 tclass=lnk_file permissive=1
06-26 11:31:25.811 316 316 D XiriService: check file name: /data/data/android.ext.services/lib
06-26 11:31:25.811 316 316 D XiriService: check file name: /data/data/android.ext.services/lib
06-26 11:31:25.812 316 316 D XiriService: check file name: /data/data/android.ext.services/lib
06-26 11:31:25.835 316 316 D XiriService: check file name: /data/data/com.android.location.fused/lib
06-26 11:31:25.835 316 316 D XiriService: check file name: /data/data/com.android.location.fused/lib
06-26 11:31:25.836 316 316 D XiriService: check file name: /data/data/com.android.location.fused/lib
06-26 11:31:25.836 316 316 D XiriService: check file name: /data/data/com.android.location.fused/lib
06-26 11:31:25.842 316 316 D XiriService: check file name: /data/data/com.android.location.fused/lib
06-26 11:31:25.842 316 316 D XiriService: check file name: /data/data/com.android.location.fused/lib
06-26 11:31:25.842 316 316 D XiriService: check file name: /data/data/com.android.location.fused/lib
06-26 11:31:25.842 316 316 D XiriService: check file name: /data/data/com.android.location.fused/lib
06-26 11:31:25.854 480 480 V PackageManager: reconcileAppsData finished 14 packages
06-26 11:31:25.855 480 480 I PackageManagerTiming: write settings
06-26 11:31:25.855 480 576 I SystemServerTimingAsync: InitThreadPoolExec:prepareAppData
06-26 11:31:25.855 480 576 D SystemServerInitThreadPool: Started executing prepareAppData
06-26 11:31:25.856 378 575 E cutils-trace: Error opening trace file: No such file or directory (2)
06-26 11:31:25.859 378 575 W installd: Ignoring /data/data/android/lib with unexpected GID 0 instead of 1000
06-26 11:31:25.859 378 575 W installd: Ignoring /data/data/com.android.providers.settings/lib with unexpected GID 0 instead of 1000
06-26 11:31:25.859 378 575 W installd: Ignoring /data/data/com.android.inputdevices/lib with unexpected GID 0 instead of 1000
06-26 11:31:25.859 378 575 W installd: Ignoring /data/data/android.ext.services/lib with unexpected GID 0 instead of 10075
06-26 11:31:25.861 378 575 W installd: Ignoring /data/data/com.android.location.fused/lib with unexpected GID 0 instead of 1000
06-26 11:31:25.862 378 575 W installd: Ignoring /data/data/com.android.cts.priv.ctsshim/lib with unexpected GID 0 instead of 10018
06-26 11:31:25.862 378 575 W installd: Ignoring /data/data/com.android.dynsystem/lib with unexpected GID 0 instead of 1000
06-26 11:31:25.863 378 575 W installd: Ignoring /data/data/com.dangbei.lerad.rocky/lib with unexpected GID 0 instead of 1000
06-26 11:31:25.864 378 575 W installd: Ignoring /data/data/com.android.tv.settings/lib with unexpected GID 0 instead of 1000
06-26 11:31:25.866 378 575 W installd: Ignoring /data/data/com.oranth.factory/lib with unexpected GID 0 instead of 1000
06-26 11:31:25.869 378 575 W installd: Ignoring /data/data/com.dangbei.zhushou.os/lib with unexpected GID 0 instead of 1000
06-26 11:31:25.876 378 575 W installd: Ignoring /data/data/com.sohu.inputmethod.sogou.tv/lib with unexpected GID 0 instead of 10048
06-26 11:31:25.880 378 575 W installd: Ignoring /data/data/com.oranth.ledstatus/lib with unexpected GID 0 instead of 1000
06-26 11:31:25.881 378 575 W installd: Ignoring /data/data/com.dangbei.lerad.videoposter/lib with unexpected GID 0 instead of 10036
06-26 11:31:25.883 378 575 W installd: Ignoring /data/data/com.android.networkstack/lib with unexpected GID 0 instead of 1073
06-26 11:31:25.890 378 575 W installd: Ignoring /data/data/com.dangbei.screencast/lib with unexpected GID 0 instead of 10013
06-26 11:31:25.892 378 575 W installd: Ignoring /data/data/com.dangbei.leard.leradlauncher/lib with unexpected GID 0 instead of 1000
06-26 11:31:25.894 378 575 W installd: Ignoring /data/data/com.android.printspooler/lib with unexpected GID 0 instead of 10041
06-26 11:31:25.896 378 575 W installd: Ignoring /data/data/com.android.webview/lib with unexpected GID 0 instead of 10060
06-26 11:31:25.897 378 575 W installd: Ignoring /data/data/com.android.bips/lib with unexpected GID 0 instead of 10020
06-26 11:31:25.898 378 575 W installd: Ignoring /data/data/com.oranth.inputmacsn/lib with unexpected GID 0 instead of 1000
06-26 11:31:25.900 378 575 W installd: Ignoring /data/data/com.android.keychain/lib with unexpected GID 0 instead of 1000
06-26 11:31:25.902 378 575 W installd: Ignoring /data/data/com.android.localtransport/lib with unexpected GID 0 instead of 1000
06-26 11:31:25.902 378 575 W installd: Ignoring /data/data/com.android.packageinstaller/lib with unexpected GID 0 instead of 1000
06-26 11:31:25.903 378 575 W installd: Ignoring /data/data/com.oranth.usbopenft/lib with unexpected GID 0 instead of 1000
06-26 11:31:25.904 378 575 W installd: Ignoring /data/data/com.android.networkstack.tethering/lib with unexpected GID 0 instead of 1073
06-26 11:31:25.905 378 575 W installd: Ignoring /data/data/com.dangbei.lerad.etna.haqu/lib with unexpected GID 0 instead of 1000
06-26 11:31:25.906 480 480 I SELinux : SELinux: Loaded file_contexts
06-26 11:31:25.908 378 575 W installd: Ignoring /data/data/com.oranth.powerwindow/lib with unexpected GID 0 instead of 1000
06-26 11:31:25.909 378 575 W installd: Ignoring /data/data/com.android.networkstack.permissionconfig/lib with unexpected GID 0 instead of 1073
06-26 11:31:25.911 378 575 W installd: Ignoring /data/data/com.dangbei.lerad.screensaver/lib with unexpected GID 0 instead of 10051
06-26 11:31:25.913 378 575 W installd: Ignoring /data/data/com.android.wallpaperbackup/lib with unexpected GID 0 instead of 1000
06-26 11:31:25.915 378 575 W installd: Ignoring /data/data/com.android.providers.media.module/lib with unexpected GID 0 instead of 10074
06-26 11:31:25.916 378 575 W installd: Ignoring /data/data/com.oranth.storage/lib with unexpected GID 0 instead of 1000
06-26 11:31:25.918 378 575 W installd: Ignoring /data/data/com.dangbei.haqusetting/lib with unexpected GID 0 instead of 1000
06-26 11:31:25.919 378 575 W installd: Ignoring /data/data/com.softwinner.miracastReceiver/lib with unexpected GID 0 instead of 1000
06-26 11:31:25.921 378 575 W installd: Ignoring /data/data/com.android.bluetooth/lib with unexpected GID 0 instead of 1002
06-26 11:31:25.924 480 480 W PackageManager: There should probably be a verifier, but, none were found
06-26 11:31:25.924 378 575 W installd: Ignoring /data/data/com.tv.kuaisou/lib with unexpected GID 0 instead of 10077
06-26 11:31:25.925 480 480 W PackageManager: Domain verification agent not found
06-26 11:31:25.925 378 575 W installd: Ignoring /data/data/com.dangbei.hqmedia/lib with unexpected GID 0 instead of 10076
06-26 11:31:25.930 480 480 D PackageManager: Ephemeral resolver NOT found; no matching intent filters
06-26 11:31:25.931 480 480 D PackageManager: Instant App installer not found with android.intent.action.INSTALL_INSTANT_APP_PACKAGE
06-26 11:31:25.932 480 480 D PackageManager: Clear ephemeral installer activity
06-26 11:31:25.933 378 575 W installd: Ignoring /data/user_de/0/android/lib with unexpected GID 0 instead of 1000
06-26 11:31:25.935 378 575 W installd: Ignoring /data/user_de/0/com.android.providers.settings/lib with unexpected GID 0 instead of 1000
06-26 11:31:25.936 378 575 W installd: Ignoring /data/user_de/0/com.android.inputdevices/lib with unexpected GID 0 instead of 1000
06-26 11:31:25.940 378 575 W installd: Ignoring /data/user_de/0/com.android.location.fused/lib with unexpected GID 0 instead of 1000
06-26 11:31:25.945 480 480 I PackageManagerTiming: GC
06-26 11:31:25.945 480 480 I PackageManager: Fix for b/169414761 is applied
06-26 11:31:25.946 378 575 W installd: Ignoring /data/user_de/0/com.android.tv.settings/lib with unexpected GID 0 instead of 1000
06-26 11:31:25.951 378 575 W installd: Ignoring /data/user_de/0/com.sohu.inputmethod.sogou.tv/lib with unexpected GID 0 instead of 10048
06-26 11:31:25.957 378 575 W installd: Ignoring /data/user_de/0/com.android.networkstack/lib with unexpected GID 0 instead of 1073
06-26 11:31:25.970 378 575 W installd: Ignoring /data/user_de/0/com.android.packageinstaller/lib with unexpected GID 0 instead of 1000
06-26 11:31:25.971 378 575 W installd: Ignoring /data/user_de/0/com.android.networkstack.tethering/lib with unexpected GID 0 instead of 1073
06-26 11:31:25.975 399 399 I update_engine: [INFO:cleanup_previous_update_action.cc(112)] Executing task 3
06-26 11:31:25.977 399 399 I update_engine: [INFO:cleanup_previous_update_action.cc(124)] CleanupPreviousUpdateAction scheduled task ID 4 for WaitBootCompleted
06-26 11:31:25.986 378 575 W installd: Ignoring /data/user_de/0/com.android.bluetooth/lib with unexpected GID 0 instead of 1002
06-26 11:31:25.990 480 480 V UserManagerService: Checking that all system packages are whitelisted.
06-26 11:31:25.998 480 480 W UserManagerService: checkWhitelistedSystemPackages(mode=ENFORCE|IMPLICIT_WHITELIST|IMPLICIT_WHITELIST_SYSTEM) has 55 warnings:
06-26 11:31:25.998 480 480 W UserManagerService: com.android.internal.display.cutout.emulation.corner is allowlisted but not present.
06-26 11:31:25.998 480 480 W UserManagerService: com.android.internal.display.cutout.emulation.double is allowlisted but not present.
06-26 11:31:25.998 480 480 W UserManagerService: com.android.theme.color.amethyst is allowlisted but not present.
06-26 11:31:25.998 480 480 W UserManagerService: com.android.theme.icon.pebble is allowlisted but not present.
06-26 11:31:25.998 480 480 W UserManagerService: com.android.theme.color.sand is allowlisted but not present.
06-26 11:31:25.998 480 480 W UserManagerService: com.android.theme.icon.vessel is allowlisted but not present.
06-26 11:31:25.998 480 480 W UserManagerService: com.android.theme.color.cinnamon is allowlisted but not present.
06-26 11:31:25.998 480 480 W UserManagerService: com.android.theme.icon_pack.victor.settings is allowlisted but not present.
06-26 11:31:25.998 480 480 W UserManagerService: com.android.theme.icon_pack.rounded.systemui is allowlisted but not present.
06-26 11:31:25.998 480 480 W UserManagerService: com.android.theme.icon.taperedrect is allowlisted but not present.
06-26 11:31:25.998 480 480 W UserManagerService: com.android.theme.icon_pack.rounded.android is allowlisted but not present.
06-26 11:31:25.998 480 480 W UserManagerService: com.android.theme.icon_pack.victor.systemui is allowlisted but not present.
06-26 11:31:25.998 480 480 W UserManagerService: com.android.theme.icon_pack.circular.themepicker is allowlisted but not present.
06-26 11:31:25.998 480 480 W UserManagerService: com.android.theme.color.tangerine is allowlisted but not present.
06-26 11:31:25.998 480 480 W UserManagerService: com.android.theme.color.aquamarine is allowlisted but not present.
06-26 11:31:25.998 480 480 W UserManagerService: com.android.internal.display.cutout.emulation.hole is allowlisted but not present.
06-26 11:31:25.998 480 480 W UserManagerService: com.android.internal.display.cutout.emulation.tall is allowlisted but not present.
06-26 11:31:25.998 480 480 W UserManagerService: com.android.theme.color.black is allowlisted but not present.
06-26 11:31:25.998 480 480 W UserManagerService: com.android.theme.color.green is allowlisted but not present.
06-26 11:31:25.998 480 480 W UserManagerService: com.android.theme.color.ocean is allowlisted but not present.
06-26 11:31:25.998 480 480 W UserManagerService: com.android.theme.color.space is allowlisted but not present.
06-26 11:31:25.998 480 480 W UserManagerService: com.android.theme.icon_pack.rounded.launcher is allowlisted but not present.
06-26 11:31:25.998 480 480 W UserManagerService: com.android.theme.icon_pack.kai.settings is allowlisted but not present.
06-26 11:31:25.998 480 480 W UserManagerService: com.android.internal.systemui.navbar.twobutton is allowlisted but not present.
06-26 11:31:25.998 480 480 W UserManagerService: com.android.theme.icon_pack.sam.settings is allowlisted but not present.
06-26 11:31:25.998 480 480 W UserManagerService: com.android.theme.icon_pack.kai.themepicker is allowlisted but not present.
06-26 11:31:25.998 480 480 W UserManagerService: com.android.theme.icon_pack.victor.launcher is allowlisted but not present.
06-26 11:31:25.998 480 480 W UserManagerService: com.android.theme.icon_pack.filled.settings is allowlisted but not present.
06-26 11:31:25.998 480 480 W UserManagerService: com.android.theme.icon_pack.kai.systemui is allowlisted but not present.
06-26 11:31:25.998 480 480 W UserManagerService: com.android.theme.icon_pack.circular.settings is allowlisted but not present.
06-26 11:31:25.998 480 480 W UserManagerService: com.android.theme.icon_pack.sam.systemui is allowlisted but not present.
06-26 11:31:25.998 480 480 W UserManagerService: com.android.theme.icon.teardrop is allowlisted but not present.
06-26 11:31:25.998 480 480 W UserManagerService: com.android.theme.icon_pack.rounded.themepicker is allowlisted but not present.
06-26 11:31:25.998 480 480 W UserManagerService: com.android.theme.icon_pack.filled.systemui is allowlisted but not present.
06-26 11:31:25.998 480 480 W UserManagerService: com.android.theme.icon_pack.sam.android is allowlisted but not present.
06-26 11:31:25.998 480 480 W UserManagerService: com.android.theme.icon_pack.filled.android is allowlisted but not present.
06-26 11:31:25.998 480 480 W UserManagerService: com.android.internal.display.cutout.emulation.waterfall is allowlisted but not present.
06-26 11:31:25.999 480 480 W UserManagerService: com.android.theme.icon_pack.circular.systemui is allowlisted but not present.
06-26 11:31:25.999 480 480 W UserManagerService: com.android.theme.icon_pack.kai.android is allowlisted but not present.
06-26 11:31:25.999 480 480 W UserManagerService: com.android.theme.icon_pack.kai.launcher is allowlisted but not present.
06-26 11:31:25.999 480 480 W UserManagerService: com.android.theme.icon_pack.sam.launcher is allowlisted but not present.
06-26 11:31:25.999 480 480 W UserManagerService: com.android.theme.icon.squircle is allowlisted but not present.
06-26 11:31:25.999 480 480 W UserManagerService: com.android.theme.icon_pack.victor.android is allowlisted but not present.
06-26 11:31:25.999 480 480 W UserManagerService: com.android.theme.color.palette is allowlisted but not present.
06-26 11:31:25.999 480 480 W UserManagerService: com.android.theme.icon_pack.filled.launcher is allowlisted but not present.
06-26 11:31:25.999 480 480 W UserManagerService: com.android.theme.color.carbon is allowlisted but not present.
06-26 11:31:25.999 480 480 W UserManagerService: com.android.theme.icon_pack.circular.launcher is allowlisted but not present.
06-26 11:31:25.999 480 480 W UserManagerService: com.android.theme.icon_pack.filled.themepicker is allowlisted but not present.
06-26 11:31:25.999 480 480 W UserManagerService: com.android.theme.icon_pack.victor.themepicker is allowlisted but not present.
06-26 11:31:25.999 480 480 W UserManagerService: com.android.theme.color.orchid is allowlisted but not present.
06-26 11:31:25.999 480 480 W UserManagerService: com.android.theme.color.purple is allowlisted but not present.
06-26 11:31:25.999 480 480 W UserManagerService: com.android.theme.icon_pack.sam.themepicker is allowlisted but not present.
06-26 11:31:25.999 480 480 W UserManagerService: com.android.theme.icon.roundedrect is allowlisted but not present.
06-26 11:31:25.999 480 480 W UserManagerService: com.android.theme.icon_pack.rounded.settings is allowlisted but not present.
06-26 11:31:25.999 480 480 W UserManagerService: com.android.theme.icon_pack.circular.android is allowlisted but not present.
06-26 11:31:26.003 480 480 I Watchdog: Resuming HandlerChecker: main thread for reason: packagemanagermain. Pause count: 0
06-26 11:31:26.004 480 480 I SystemServerDexLoadReporter: Configuring system server dex reporter
06-26 11:31:26.020 480 480 I SystemServerTiming: StartOtaDexOptService
06-26 11:31:26.020 480 480 I Watchdog: Pausing HandlerChecker: main thread for reason: moveab. Pause count: 1
06-26 11:31:26.022 480 480 D OTADexopt: No upgrade, skipping A/B artifacts check.
06-26 11:31:26.022 480 480 I Watchdog: Resuming HandlerChecker: main thread for reason: moveab. Pause count: 0
06-26 11:31:26.022 480 480 I SystemServerTiming: StartUserManagerService
06-26 11:31:26.023 480 480 I SystemServiceManager: Starting com.android.server.pm.UserManagerService$LifeCycle
06-26 11:31:26.025 480 480 I SystemServerTiming: InitAttributerCache
06-26 11:31:26.025 480 480 I SystemServerTiming: SetSystemProcess
06-26 11:31:26.035 183 183 I lowmemorykiller: lmkd data connection established
06-26 11:31:26.036 480 545 I ActivityManager: Connection with lmkd established
06-26 11:31:26.040 381 439 I ServiceManager: Waiting for service 'package_native' on '/dev/binder' successful after waiting 3833ms
06-26 11:31:26.041 480 480 I SystemServerTiming: InitWatchdog
06-26 11:31:26.041 480 480 I SystemServerTiming: StartOverlayManagerService
06-26 11:31:26.042 381 439 W AudioAnalytics: (key=audio.flinger) Audioflinger constructor event detected
06-26 11:31:26.048 480 504 V HistoricalRegistry: Interaction before persistence initialized
06-26 11:31:26.050 480 504 V HistoricalRegistry: Interaction before persistence initialized
06-26 11:31:26.051 278 278 I audioserver: Waiting for sensor privacy service
06-26 11:31:26.054 363 363 I cameraserver: Waiting for sensor privacy service
06-26 11:31:26.066 1 1 I init : Control message: Processed ctl.start for 'idmap2d' from pid: 480 (system_server)
06-26 11:31:26.067 385 385 I ServiceManager: Waiting for service 'package_native' on '/dev/binder' successful after waiting 3978ms
06-26 11:31:26.067 374 389 E cutils-trace: Error opening trace file: No such file or directory (2)
06-26 11:31:26.084 385 581 I storaged: storaged: Start
06-26 11:31:26.108 374 389 W idmap2d : active ffro iterator was not previously released
06-26 11:31:26.122 480 480 I SystemServerTiming: StartSensorPrivacyService
06-26 11:31:26.133 480 480 I SystemServerTiming: StartSensorService
06-26 11:31:26.134 480 480 I SystemServiceManager: Starting com.android.server.sensors.SensorService
06-26 11:31:26.136 480 480 I SystemServerTiming: startCoreServices
06-26 11:31:26.136 480 480 I SystemServerTiming: StartSystemConfigService
06-26 11:31:26.136 480 480 I SystemServiceManager: Starting com.android.server.SystemConfigService
06-26 11:31:26.139 480 583 I SystemServerTimingAsync: InitThreadPoolExec:StartNativeSensorService
06-26 11:31:26.140 480 583 D SystemServerInitThreadPool: Started executing StartNativeSensorService
06-26 11:31:26.140 480 583 I SystemServerTimingAsync: StartNativeSensorService
06-26 11:31:26.140 480 583 D SensorService: nuSensorService starting...
06-26 11:31:26.144 186 186 I hwservicemanager: getTransport: Cannot find entry android.hardware.sensors@2.1::ISensors/default in either framework or device VINTF manifest.
06-26 11:31:26.145 480 480 I SystemServerTiming: StartBatteryService
06-26 11:31:26.145 480 480 I SystemServiceManager: Starting com.android.server.BatteryService
06-26 11:31:26.151 186 186 I hwservicemanager: getTransport: Cannot find entry android.hardware.sensors@2.0::ISensors/default in either framework or device VINTF manifest.
06-26 11:31:26.153 186 186 I hwservicemanager: getTransport: Cannot find entry android.hardware.sensors@1.0::ISensors/default in either framework or device VINTF manifest.
06-26 11:31:26.156 480 583 D SystemServerInitThreadPool: Finished executing StartNativeSensorService
06-26 11:31:26.163 480 480 I android_os_HwBinder: HwBinder: Starting thread pool for getting: android.hardware.health@2.0::IHealth/default
06-26 11:31:26.165 363 363 I HidlServiceManagement: Registered android.frameworks.cameraservice.service@2.2::ICameraService/default
06-26 11:31:26.166 363 363 I CameraService: CameraService pinged cameraservice proxy
06-26 11:31:26.167 363 363 I cameraserver: ServiceManager: 0xf554d960 done instantiate
06-26 11:31:26.175 266 266 W healthd : battery none chg=
06-26 11:31:26.173 480 480 I android_os_HwBinder: HwBinder: Starting thread pool for getting: android.hidl.manager@1.0::IServiceManager/default
06-26 11:31:26.175 480 480 I HealthServiceWrapper: health: HealthServiceWrapper listening to instance default
06-26 11:31:26.175 480 480 I BatteryService: health: Waited 0ms and received the update.
06-26 11:31:26.177 480 480 I SystemServerTiming: StartUsageService
06-26 11:31:26.177 480 480 I SystemServiceManager: Starting com.android.server.usage.UsageStatsService
06-26 11:31:26.187 480 586 I android_os_HwBinder: HwBinder: Starting thread pool for getting: android.hardware.health@2.0::IHealth/default
06-26 11:31:26.204 480 480 I SystemServerTiming: StartWebViewUpdateService
06-26 11:31:26.205 480 480 I SystemServiceManager: Starting com.android.server.webkit.WebViewUpdateService
06-26 11:31:26.209 480 480 I SystemServerTiming: StartCachedDeviceStateService
06-26 11:31:26.209 480 480 I SystemServiceManager: Starting com.android.server.CachedDeviceStateService
06-26 11:31:26.209 480 480 I SystemServerTiming: StartBinderCallsStatsService
06-26 11:31:26.209 480 480 I SystemServiceManager: Starting com.android.server.BinderCallsStatsService$LifeCycle
06-26 11:31:26.212 480 480 I SystemServerTiming: StartLooperStatsService
06-26 11:31:26.212 480 480 I SystemServiceManager: Starting com.android.server.LooperStatsService$Lifecycle
06-26 11:31:26.213 480 480 I SystemServerTiming: StartRollbackManagerService
06-26 11:31:26.213 480 480 I SystemServiceManager: Starting com.android.server.rollback.RollbackManagerService
06-26 11:31:26.216 378 378 D installd: Found quota mount /dev/block/by-name/userdata at /data
06-26 11:31:26.217 378 378 D installd: Found quota mount /dev/block/by-name/userdata at /data/user/0
06-26 11:31:26.220 480 480 I PackageWatchdog: Syncing state, reason: added new observer
06-26 11:31:26.220 480 480 I PackageWatchdog: Not pruning observers, elapsed time: 0ms
06-26 11:31:26.220 480 480 I PackageWatchdog: Cancelling state sync, nothing to sync
06-26 11:31:26.220 480 535 I PackageWatchdog: Saving observer state to file
06-26 11:31:26.229 480 480 I SystemServerTiming: StartNativeTombstoneManagerService
06-26 11:31:26.229 480 480 I SystemServiceManager: Starting com.android.server.os.NativeTombstoneManagerService
06-26 11:31:26.230 480 480 I SystemServerTiming: StartBugreportManagerService
06-26 11:31:26.231 480 480 I SystemServiceManager: Starting com.android.server.os.BugreportManagerService
06-26 11:31:26.232 480 480 I SystemServerTiming: GpuService
06-26 11:31:26.232 480 480 I SystemServiceManager: Starting com.android.server.gpu.GpuService
06-26 11:31:26.232 480 480 I SystemServerTiming: startOtherServices
06-26 11:31:26.233 480 480 I SystemServerTiming: StartKeyAttestationApplicationIdProviderService
06-26 11:31:26.233 480 529 I SystemServerTimingAsync: InitThreadPoolExec:SecondaryZygotePreload
06-26 11:31:26.233 480 529 D SystemServerInitThreadPool: Started executing SecondaryZygotePreload
06-26 11:31:26.233 480 529 I SystemServer: SecondaryZygotePreload
06-26 11:31:26.233 480 529 I SystemServerTimingAsync: SecondaryZygotePreload
06-26 11:31:26.237 249 249 I Zygote : Lazily preloading resources.
06-26 11:31:26.237 249 249 D Zygote : begin preload
06-26 11:31:26.237 249 249 I Zygote : Calling ZygoteHooks.beginPreload()
06-26 11:31:26.243 480 480 I SystemServerTiming: StartKeyChainSystemService
06-26 11:31:26.243 480 480 I SystemServiceManager: Starting com.android.server.security.KeyChainSystemService
06-26 11:31:26.243 480 480 I SystemServerTiming: StartSchedulingPolicyService
06-26 11:31:26.245 480 480 I SystemServerTiming: StartTelecomLoaderService
06-26 11:31:26.245 480 480 I SystemServiceManager: Starting com.android.server.telecom.TelecomLoaderService
06-26 11:31:26.247 480 521 I SystemServerTimingAsync: InitThreadPoolExec:SchedulingPolicyService.
06-26 11:31:26.247 480 521 D SystemServerInitThreadPool: Started executing SchedulingPolicyService.
06-26 11:31:26.251 480 480 I SystemServerTiming: StartTelephonyRegistry
06-26 11:31:26.256 480 480 I SystemServerTiming: StartEntropyMixer
06-26 11:31:26.284 480 480 I EntropyMixer: Writing entropy...
06-26 11:31:26.286 480 521 I SchedulingPolicyService: Moving 397 back to group default
06-26 11:31:26.288 480 521 D SystemServerInitThreadPool: Finished executing SchedulingPolicyService.
06-26 11:31:26.292 480 480 I SystemServerTiming: StartAccountManagerService
06-26 11:31:26.292 480 480 I SystemServiceManager: Starting com.android.server.accounts.AccountManagerService$Lifecycle
06-26 11:31:26.301 480 497 I system_server: Background concurrent copying GC freed 94617(4055KB) AllocSpace objects, 19(504KB) LOS objects, 49% free, 6914KB/13MB, paused 284us total 355.106ms
06-26 11:31:26.305 480 480 D CompatibilityChangeReporter: Compat change id reported: 148180766; UID 1000; state: ENABLED
06-26 11:31:26.307 480 480 I SystemServerTiming: StartContentService
06-26 11:31:26.307 480 480 I SystemServiceManager: Starting com.android.server.content.ContentService$Lifecycle
06-26 11:31:26.310 480 480 I SystemServerTiming: InstallSystemProviders
06-26 11:31:26.392 480 480 W SettingsState: No settings state /data/system/users/0/settings_config.xml
06-26 11:31:26.399 480 480 I SettingsState: directory info for directory/file /data/system/users/0/settings_config.xml with stacktrace
06-26 11:31:26.399 480 480 I SettingsState: java.lang.Exception
06-26 11:31:26.399 480 480 I SettingsState: at com.android.providers.settings.SettingsState.logSettingsDirectoryInformation(SettingsState.java:877)
06-26 11:31:26.399 480 480 I SettingsState: at com.android.providers.settings.SettingsState.readStateSyncLocked(SettingsState.java:1008)
06-26 11:31:26.399 480 480 I SettingsState: at com.android.providers.settings.SettingsState.(SettingsState.java:283)
06-26 11:31:26.399 480 480 I SettingsState: at com.android.providers.settings.SettingsProvider$SettingsRegistry.ensureSettingsStateLocked(SettingsProvider.java:2884)
06-26 11:31:26.399 480 480 I SettingsState: at com.android.providers.settings.SettingsProvider$SettingsRegistry.ensureSettingsForUserLocked(SettingsProvider.java:2849)
06-26 11:31:26.399 480 480 I SettingsState: at com.android.providers.settings.SettingsProvider$SettingsRegistry.peekSettingsStateLocked(SettingsProvider.java:3201)
06-26 11:31:26.399 480 480 I SettingsState: at com.android.providers.settings.SettingsProvider$SettingsRegistry.getSettingsNamesLocked(SettingsProvider.java:2814)
06-26 11:31:26.399 480 480 I SettingsState: at com.android.providers.settings.SettingsProvider$SettingsRegistry.syncSsaidTableOnStartLocked(SettingsProvider.java:2797)
06-26 11:31:26.399 480 480 I SettingsState: at com.android.providers.settings.SettingsProvider$SettingsRegistry.access$100(SettingsProvider.java:2667)
06-26 11:31:26.399 480 480 I SettingsState: at com.android.providers.settings.SettingsProvider.onCreate(SettingsProvider.java:397)
06-26 11:31:26.399 480 480 I SettingsState: at android.content.ContentProvider.attachInfo(ContentProvider.java:2404)
06-26 11:31:26.399 480 480 I SettingsState: at android.content.ContentProvider.attachInfo(ContentProvider.java:2374)
06-26 11:31:26.399 480 480 I SettingsState: at android.app.ActivityThread.installProvider(ActivityThread.java:7437)
06-26 11:31:26.399 480 480 I SettingsState: at android.app.ActivityThread.installContentProviders(ActivityThread.java:6954)
06-26 11:31:26.399 480 480 I SettingsState: at android.app.ActivityThread.installSystemProviders(ActivityThread.java:7624)
06-26 11:31:26.399 480 480 I SettingsState: at com.android.server.am.ContentProviderHelper.installSystemProviders(ContentProviderHelper.java:1247)
06-26 11:31:26.399 480 480 I SettingsState: at com.android.server.SystemServer.startOtherServices(SystemServer.java:1507)
06-26 11:31:26.399 480 480 I SettingsState: at com.android.server.SystemServer.run(SystemServer.java:928)
06-26 11:31:26.399 480 480 I SettingsState: at com.android.server.SystemServer.main(SystemServer.java:628)
06-26 11:31:26.399 480 480 I SettingsState: at java.lang.reflect.Method.invoke(Native Method)
06-26 11:31:26.399 480 480 I SettingsState: at com.android.internal.os.RuntimeInit$MethodAndArgsCaller.run(RuntimeInit.java:548)
06-26 11:31:26.399 480 480 I SettingsState: at com.android.internal.os.ZygoteInit.main(ZygoteInit.java:1160)
06-26 11:31:26.400 480 480 I SettingsState: ancestor directory /data/system/users/0 exists
06-26 11:31:26.401 480 480 I SettingsState: ancestor directory /data/system/users/0 permissions: r: true w: true x: true
06-26 11:31:26.401 480 480 I SettingsState: ancestor's parent directory /data/system/users permissions: r: true w: true x: true
06-26 11:31:26.434 249 249 I Zygote : Preloading classes...
06-26 11:31:26.459 480 536 D ActivityManager: Freezer enabled
06-26 11:31:26.459 480 536 D ActivityManager: freezer override set to false
06-26 11:31:26.466 480 480 I SystemServerTiming: StartDropBoxManager
06-26 11:31:26.466 480 480 I SystemServiceManager: Starting com.android.server.DropBoxManagerService
06-26 11:31:26.469 480 480 I SystemServerTiming: StartRoleManagerService
06-26 11:31:26.470 480 480 I SystemServiceManager: Starting com.android.role.RoleService
06-26 11:31:26.479 480 480 I SystemServerTiming: StartVibratorManagerService
06-26 11:31:26.480 480 480 I SystemServiceManager: Starting com.android.server.vibrator.VibratorManagerService$Lifecycle
06-26 11:31:26.485 184 184 E servicemanager: Could not find android.hardware.vibrator.IVibratorManager/default in the VINTF manifest.
06-26 11:31:26.485 184 184 E servicemanager: Could not find android.hardware.vibrator.IVibrator/default in the VINTF manifest.
06-26 11:31:26.488 186 186 I hwservicemanager: getTransport: Cannot find entry android.hardware.vibrator@1.0::IVibrator/default in either framework or device VINTF manifest.
06-26 11:31:26.491 480 480 I SystemServerTiming: StartDynamicSystemService
06-26 11:31:26.493 480 480 I SystemServerTiming: StartConsumerIrService
06-26 11:31:26.494 186 186 I hwservicemanager: getTransport: Cannot find entry android.hardware.ir@1.0::IConsumerIr/default in either framework or device VINTF manifest.
06-26 11:31:26.496 480 480 I SystemServerTiming: StartAlarmManagerService
06-26 11:31:26.498 480 480 I SystemServiceManager: Starting com.android.server.alarm.AlarmManagerService
06-26 11:31:26.496 336 336 I xiriservice_All: type=1400 audit(0.0:314): avc: denied { read } for scontext=u:r:init:s0 tcontext=u:r:init:s0 tclass=netlink_kobject_uevent_socket permissive=1
06-26 11:31:26.503 324 328 D XM_HIDREAD: add@ add@/devices/virtual/wakeup/wakeup13
06-26 11:31:26.506 324 328 D XM_HIDREAD: add@ add@/devices/virtual/wakeup/wakeup14
06-26 11:31:26.510 324 328 D XM_HIDREAD: add@ add@/devices/virtual/wakeup/wakeup15
06-26 11:31:26.513 324 328 D XM_HIDREAD: add@ add@/devices/virtual/wakeup/wakeup16
06-26 11:31:26.514 324 328 D XM_HIDREAD: add@ add@/devices/virtual/wakeup/wakeup17
06-26 11:31:26.515 324 328 D XM_HIDREAD: add@ add@/devices/virtual/wakeup/wakeup18
06-26 11:31:26.516 324 328 D XM_HIDREAD: add@ add@/devices/virtual/wakeup/wakeup19
06-26 11:31:26.517 480 480 D AlarmManagerService: Kernel timezone updated to -480 minutes west of GMT
06-26 11:31:26.518 480 480 D CompatibilityChangeReporter: Compat change id reported: 160794467; UID 1000; state: ENABLED
06-26 11:31:26.522 249 249 I Typeface: Preloading /system/fonts/Roboto-Regular.ttf
06-26 11:31:26.523 249 249 I Typeface: Preloading /system/fonts/RobotoStatic-Regular.ttf
06-26 11:31:26.525 480 480 I SystemServerTiming: StartInputManagerService
06-26 11:31:26.527 480 480 I InputManager: Initializing input manager, mUseDevInputEventForAudioJack=true
06-26 11:31:26.534 324 328 D XM_HIDREAD: add@ add@/devices/virtual/wakeup/wakeup20
06-26 11:31:26.536 324 328 D XM_HIDREAD: add@ add@/devices/virtual/wakeup/wakeup21
06-26 11:31:26.540 324 328 D XM_HIDREAD: add@ add@/devices/virtual/wakeup/wakeup22
06-26 11:31:26.543 247 251 I ServiceManager: Waiting for service 'statscompanion' on '/dev/binder'...
06-26 11:31:26.545 480 480 I SystemServerTiming: DeviceStateManagerService
06-26 11:31:26.546 480 480 I SystemServiceManager: Starting com.android.server.devicestate.DeviceStateManagerService
06-26 11:31:26.550 480 480 I SystemServerTiming: StartCameraServiceProxy
06-26 11:31:26.550 480 480 I SystemServiceManager: Starting com.android.server.camera.CameraServiceProxy
06-26 11:31:26.553 480 480 I SystemServerTiming: StartWindowManagerService
06-26 11:31:26.554 480 480 I SystemServiceManager: Starting phase 200
06-26 11:31:26.554 480 480 I SystemServerTiming: OnBootPhase_200
06-26 11:31:26.554 302 306 D Sunxi_PQ: has no clients connectted, close the socket.
06-26 11:31:26.557 480 480 I WindowManager: No existing display settings, starting empty
06-26 11:31:26.559 480 480 I WindowManager: No existing display settings, starting empty
06-26 11:31:26.573 480 525 I WindowTracing: Setting window tracing log level to 1
06-26 11:31:26.574 480 525 I WindowTracing: Setting window tracing buffer capacity to 2097152bytes
06-26 11:31:26.601 480 480 I SystemServerTiming: SetWindowManagerService
06-26 11:31:26.619 480 480 I InputDispatcher: Created monitor PointerEventDispatcher0 for display 0, gesture=false, pid=480
06-26 11:31:26.637 262 299 I gralloc : alloc buffer:W:1920 H:1080 S:1920 PL[1920 1080] SZ:8294400 fmt:43 if:0 af:43 usg:20000b00 fg:00000004
06-26 11:31:26.661 249 249 I Typeface: Preloading /system/fonts/NotoSansCJK-Regular.ttc
06-26 11:31:26.661 249 249 I Typeface: Preloading /system/fonts/NotoSerifCJK-Regular.ttc
06-26 11:31:26.677 480 480 I ActivityTaskManager: Loaded persisted task ids for user 0
06-26 11:31:26.683 480 480 I SystemServerTiming: WindowManagerServiceOnInitReady
06-26 11:31:26.701 480 523 D ExtconUEventObserver: FilenameExtconByName: /sys/class/extcon/extcon0
06-26 11:31:26.703 480 523 W WindowManager: /sys/class/extcon/hdmi/state not found while attempting to determine initial state
06-26 11:31:26.703 480 523 W WindowManager: java.io.FileNotFoundException: /sys/class/extcon/hdmi/state: open failed: ENOENT (No such file or directory)
06-26 11:31:26.703 480 523 W WindowManager: at libcore.io.IoBridge.open(IoBridge.java:575)
06-26 11:31:26.703 480 523 W WindowManager: at java.io.FileInputStream.(FileInputStream.java:160)
06-26 11:31:26.703 480 523 W WindowManager: at android.os.FileUtils.readTextFile(FileUtils.java:637)
06-26 11:31:26.703 480 523 W WindowManager: at com.android.server.ExtconStateObserver.parseStateFromFile(ExtconStateObserver.java:49)
06-26 11:31:26.703 480 523 W WindowManager: at com.android.server.policy.PhoneWindowManager$HdmiVideoExtconUEventObserver.init(PhoneWindowManager.java:5666)
06-26 11:31:26.703 480 523 W WindowManager: at com.android.server.policy.PhoneWindowManager$HdmiVideoExtconUEventObserver.access$5200(PhoneWindowManager.java:5658)
06-26 11:31:26.703 480 523 W WindowManager: at com.android.server.policy.PhoneWindowManager.initializeHdmiStateInternal(PhoneWindowManager.java:3425)
06-26 11:31:26.703 480 523 W WindowManager: at com.android.server.policy.PhoneWindowManager.initializeHdmiState(PhoneWindowManager.java:3389)
06-26 11:31:26.703 480 523 W WindowManager: at com.android.server.policy.PhoneWindowManager.init(PhoneWindowManager.java:1821)
06-26 11:31:26.703 480 523 W WindowManager: at com.android.server.policy.TvWindowManager.init(TvWindowManager.java:259)
06-26 11:31:26.703 480 523 W WindowManager: at com.android.server.wm.WindowManagerService$5.run(WindowManagerService.java:1199)
06-26 11:31:26.703 480 523 W WindowManager: at android.os.Handler$BlockingRunnable.run(Handler.java:961)
06-26 11:31:26.703 480 523 W WindowManager: at android.os.Handler.handleCallback(Handler.java:938)
06-26 11:31:26.703 480 523 W WindowManager: at android.os.Handler.dispatchMessage(Handler.java:99)
06-26 11:31:26.703 480 523 W WindowManager: at android.os.Looper.loopOnce(Looper.java:201)
06-26 11:31:26.703 480 523 W WindowManager: at android.os.Looper.loop(Looper.java:288)
06-26 11:31:26.703 480 523 W WindowManager: at android.os.HandlerThread.run(HandlerThread.java:67)
06-26 11:31:26.703 480 523 W WindowManager: at com.android.server.ServiceThread.run(ServiceThread.java:44)
06-26 11:31:26.703 480 523 W WindowManager: at com.android.server.UiThread.run(UiThread.java:45)
06-26 11:31:26.703 480 523 W WindowManager: Caused by: android.system.ErrnoException: open failed: ENOENT (No such file or directory)
06-26 11:31:26.703 480 523 W WindowManager: at libcore.io.Linux.open(Native Method)
06-26 11:31:26.703 480 523 W WindowManager: at libcore.io.ForwardingOs.open(ForwardingOs.java:567)
06-26 11:31:26.703 480 523 W WindowManager: at libcore.io.BlockGuardOs.open(BlockGuardOs.java:273)
06-26 11:31:26.703 480 523 W WindowManager: at libcore.io.IoBridge.open(IoBridge.java:561)
06-26 11:31:26.703 480 523 W WindowManager: ... 18 more
06-26 11:31:26.712 480 523 D com_softwinner_gpio: Gpio JNI_OnLoad()
06-26 11:31:26.712 480 523 D com_softwinner_gpio: init
06-26 11:31:26.713 184 184 E SELinux : avc: denied { find } for pid=480 uid=1000 name=softwinner.gpio scontext=u:r:system_server:s0 tcontext=u:object_r:default_android_service:s0 tclass=service_manager permissive=1
06-26 11:31:26.715 480 480 I SystemServerTiming: StartInputManager
06-26 11:31:26.715 249 249 E ActivityRecognitionHardware: activity_recognition HAL is deprecated. class_init is effectively a no-op
06-26 11:31:26.715 480 583 I SystemServerTimingAsync: InitThreadPoolExec:StartHidlServices
06-26 11:31:26.715 480 583 D SystemServerInitThreadPool: Started executing StartHidlServices
06-26 11:31:26.715 480 583 I SystemServerTimingAsync: StartHidlServices
06-26 11:31:26.716 480 480 I InputManager: Starting input manager
06-26 11:31:26.717 480 583 I HidlServiceManagement: Registered android.frameworks.sensorservice@1.0::ISensorManager/default
06-26 11:31:26.718 186 186 I hwservicemanager: getTransport: Cannot find entry android.frameworks.schedulerservice@1.0::ISchedulingPolicyService/default in either framework or device VINTF manifest.
06-26 11:31:26.719 480 583 W system_server: android.frameworks.schedulerservice@1.0::ISchedulingPolicyService is deprecated. Skipping registration.
06-26 11:31:26.719 480 583 D SystemServerInitThreadPool: Finished executing StartHidlServices
06-26 11:31:26.719 480 600 D EventHub: No input device configuration file found for device 'sunxi-ir-uinput'.
06-26 11:31:26.722 480 480 I InputManager: Enabling motion classifier because just booted: feature enabled, long press timeout = 400
06-26 11:31:26.722 480 480 I InputClassifier: Enabling motion classifier
06-26 11:31:26.725 480 480 I SystemServerTiming: DisplayManagerWindowManagerAndInputReady
06-26 11:31:26.726 186 186 I hwservicemanager: getTransport: Cannot find entry android.hardware.input.classifier@1.0::IInputClassifier/default in either framework or device VINTF manifest.
06-26 11:31:26.726 480 525 I LogicalDisplayMapper: Requesting Transition to state: 0
06-26 11:31:26.726 480 525 I LogicalDisplayMapper: Applying layout: [{addr: {port=0}, dispId: 0(ON)}], Previous layout: [{addr: {port=0}, dispId: 0(ON)}]
06-26 11:31:26.726 480 601 I InputClassifier: Could not obtain InputClassifier HAL
06-26 11:31:26.727 480 480 I SystemServerTiming: StartBluetoothService
06-26 11:31:26.727 480 480 I SystemServiceManager: Starting com.android.server.BluetoothService
06-26 11:31:26.729 480 480 D BluetoothManagerService: Loading stored name and address
06-26 11:31:26.730 480 480 D BluetoothManagerService: Stored bluetooth Name=DBBOX-A2,Address=B4:2F:03:15:73:2F
06-26 11:31:26.730 480 480 D BluetoothManagerService: Bluetooth persisted state: 1
06-26 11:31:26.730 480 480 D BluetoothManagerService: Startup: Bluetooth persisted state is ON.
06-26 11:31:26.730 480 480 D BluetoothManagerService: Detected SystemUiUid: 10067
06-26 11:31:26.730 480 480 I SystemServerTiming: IpConnectivityMetrics
06-26 11:31:26.731 480 480 I SystemServiceManager: Starting com.android.server.connectivity.IpConnectivityMetrics
06-26 11:31:26.731 324 328 D XM_HIDREAD: add@ add@/devices/virtual/wakeup/wakeup23
06-26 11:31:26.731 480 600 I EventHub: usingClockIoctl=true
06-26 11:31:26.731 480 600 I EventHub: New device: id=1, fd=164, path='/dev/input/event1', name='sunxi-ir-uinput', classes=KEYBOARD | ALPHAKEY | CURSOR | DPAD, configuration='', keyLayout='/system/usr/keylayout/sunxi-ir-uinput.kl', keyCharacterMap='/system/usr/keychars/Generic.kcm', builtinKeyboard=false,
06-26 11:31:26.732 480 480 I SystemServerTiming: NetworkWatchlistService
06-26 11:31:26.732 480 480 I SystemServiceManager: Starting com.android.server.net.watchlist.NetworkWatchlistService$Lifecycle
06-26 11:31:26.732 480 600 D EventHub: No input device configuration file found for device 'sunxi-ir'.
06-26 11:31:26.737 480 480 I WatchlistSettings: Reload watchlist settings done
06-26 11:31:26.738 324 328 D XM_HIDREAD: add@ add@/devices/virtual/wakeup/wakeup24
06-26 11:31:26.738 480 602 I WatchlistLoggingHandler: No need to aggregate record yet.
06-26 11:31:26.738 480 602 I WatchlistLoggingHandler: Milliseconds spent on tryAggregateRecords(): 0
06-26 11:31:26.739 480 600 I EventHub: usingClockIoctl=true
06-26 11:31:26.739 480 600 I EventHub: New device: id=2, fd=165, path='/dev/input/event0', name='sunxi-ir', classes=KEYBOARD, configuration='', keyLayout='/system/usr/keylayout/sunxi-ir.kl', keyCharacterMap='/system/usr/keychars/Generic.kcm', builtinKeyboard=false,
06-26 11:31:26.741 480 480 I SystemServerTiming: PinnerService
06-26 11:31:26.741 480 480 I SystemServiceManager: Starting com.android.server.PinnerService
06-26 11:31:26.742 480 480 V HistoricalRegistry: Interaction before persistence initialized
06-26 11:31:26.743 480 480 I SystemServerTiming: IorapForwardingService
06-26 11:31:26.744 480 480 I SystemServiceManager: Starting com.google.android.startop.iorap.IorapForwardingService
06-26 11:31:26.745 480 480 W IorapForwardingService: No service published for: iorapd
06-26 11:31:26.746 480 480 I SystemServerTiming: SignedConfigService
06-26 11:31:26.746 480 480 I SystemServerTiming: AppIntegrityService
06-26 11:31:26.746 480 480 I SystemServiceManager: Starting com.android.server.integrity.AppIntegrityManagerService
06-26 11:31:26.748 480 600 I InputReader: Device added: id=-1, eventHubId=-1, name='Virtual', descriptor='a718a782d34bc767f4689c232d64d527998ea7fd',sources=0x00000301
06-26 11:31:26.748 480 600 I InputReader: Device added: id=2, eventHubId=2, name='sunxi-ir', descriptor='485d69228e24f5e46da1598745890b214130dbc4',sources=0x00000101
06-26 11:31:26.749 480 600 W InputReader: Can't find the designated viewport with ID 0 to update cursor input mapper. Fall back to default display
06-26 11:31:26.749 480 480 E IntegrityFileManager: Error creating staging and rules directory
06-26 11:31:26.749 480 600 E InputReader: Still can't find a viable viewport to update cursor input mapper. Skip setting it to PointerController.
06-26 11:31:26.749 480 600 I InputReader: Device added: id=3, eventHubId=1, name='sunxi-ir-uinput', descriptor='0a253e777d1b2169367be63d7c9054e7991953a6',sources=0x00002303
06-26 11:31:26.752 480 480 I WindowManager: SAFE MODE not enabled
06-26 11:31:26.753 480 480 I SystemServerTiming: StartInputMethodManagerLifecycle
06-26 11:31:26.753 480 480 I SystemServiceManager: Starting com.android.server.inputmethod.InputMethodManagerService$Lifecycle
06-26 11:31:26.784 480 480 I SystemServerTiming: StartAccessibilityManagerService
06-26 11:31:26.784 480 480 I SystemServiceManager: Starting com.android.server.accessibility.AccessibilityManagerService$Lifecycle
06-26 11:31:26.791 480 480 I SystemServerTiming: MakeDisplayReady
06-26 11:31:26.795 480 480 W InputReader: Device sunxi-ir-uinput is associated with display ADISPLAY_ID_NONE.
06-26 11:31:26.796 480 480 W InputReader: Device sunxi-ir-uinput is associated with display ADISPLAY_ID_NONE.
06-26 11:31:26.796 480 480 I ActivityTaskManager: Config changes=20005df8 {1.0 ?mcc?mnc [zh_CN] ldltr sw720dp w1280dp h696dp 240dpi xlrg long land ?uimode ?night -touch qwerty/v/v dpad/v winConfig={ mBounds=Rect(0, 0 - 1920, 1080) mAppBounds=Rect(0, 0 - 1920, 1080) mMaxBounds=Rect(0, 0 - 1920, 1080) mWindowingMode=fullscreen mDisplayWindowingMode=fullscreen mActivityType=undefined mAlwaysOnTop=undefined mRotation=ROTATION_0} s.2 ?fontWeightAdjustment}
