06-26 11:31:50.231 2644 2961 I UFUnilog: api_strategy_impl.cpp : 414 {fuc=APIStrategyImpl:CreateStrategyResult(),logtag=itv_imgDocs_27,strategyname=httpdns-strategy,find_ip=116.211.189.170,domain=sdk.ptqy.gitv.tv,dns=1 ,http_port :-1,https_port:-1}
06-26 11:31:50.232 2644 2961 V UFUnilog: api_strategy_impl.cpp : 485 {fuc=APIStrategyImpl:CreateStrategyResult(),logtag=itv_imgDocs_27,strategyname=httpdns-strategy,interface_msg=complete build strategy result,suggest_url_params=,suggest_protocol=}
06-26 11:31:50.232 2644 2961 I UFUnilog: api_engine.cpp : 241 {fuc=APIEngine:Call(),logtag=itv_imgDocs_27,current_try_count=1,default_max_try_count=5}
06-26 11:31:50.232 2644 2961 V UFUnilog: UFNMultiCurlClientImpl.cpp : 24 {fuc=UFNMultiCurlClientImpl:Perform(),logtag=itv_imgDocs_27,interface_msg=In}
06-26 11:31:50.232 2644 2961 I UFUnilog: UFNCurlClientImpl.cpp : 679 {fuc=UFNCurlClientImpl:PerformInit(),logtag=itv_imgDocs_27,url=https://sdk.ptqy.gitv.tv/api/imgDocs}
06-26 11:31:50.232 2644 2961 I UFUnilog: UFNCurlClientImpl.cpp : 782 {fuc=UFNCurlClientImpl:PerformInit(),logtag=itv_imgDocs_27,interface_msg=connect to aim ip!,domain=sdk.ptqy.gitv.tv,ip=116.211.189.170,port=-1:}
06-26 11:31:50.232 2644 2961 I UFUnilog: UFNCurlClientImpl.cpp : 827 {fuc=UFNCurlClientImpl:PerformInit(),logtag=itv_imgDocs_27,header=Authorization:1012441ef13ff000_Mi4xMTA3LjEuMjIwNDA4 B63BDF64FF37D1495B559AD9148403259FBA6B0F760F83FB851E3904A7B2305440FF315625DDC79BDBAB3C0B1379815E
06-26 11:31:50.232 2644 2961 I UFUnilog: Content-Type:application/json; charset=utf-8
06-26 11:31:50.232 2644 2961 I UFUnilog: Request-Id:MTc1MDkwODcwOTk0MzIwOjAyOmZlOjE5OmMyOjBlMTU2NTY5MzM4OTVjMzQxZjk5ZTU4NmQ4ODY3MmJjZWM3YmY5ZGViNzJh
06-26 11:31:50.232 2644 2961 I UFUnilog: qyid:tv_9ebeab0821cc109c90e4626ac3a506cd_1750906610804_8810912147
06-26 11:31:50.232 2644 2961 I UFUnilog: }
06-26 11:31:50.232 2644 2961 I UFUnilog: UFNCurlClientImpl.cpp : 937 {fuc=UFNCurlClientImpl:PerformInit(),logtag=itv_imgDocs_27,request_type=0,verifyssl=1,allow_redirect=0,max_redirect_number=0,connect_time_out=10000ms,transfer_time_out=15000ms,user_agent=Unified-X(arm-unknown-linux-androideabi);libcurl/7.73.0.6;BoringSSL;zlib/1.2.11;Universal_Foundation/v4.0.1_656_63af7fd3;Universal_Api/v4.1_1767_8b99c7b4(14025032401000000000),ipv6_allowed=0}
06-26 11:31:50.232 2644 2961 V UFUnilog: UFNCurlClientHandleSocketPool.cpp : 46 {fuc=UFNMultiCurlClientHandleSocket:AddEasyHandle(),logtag=itv_imgDocs_27,interface_msg=add easyCurl to MultiCurl!}
06-26 11:31:50.248 361 361 I : DVI mode selected: packets not configured
06-26 11:31:50.248 361 361 I : Error: set vsif failed
06-26 11:31:50.255 2644 2881 I AdCacheUtils: [TID 2881] getFreeSize = 25772687360
06-26 11:31:50.255 2644 2881 I AdCacheUtils: [TID 2881] isStorageEnough: cachedFileSize 0, freeSize=25772687360
06-26 11:31:50.258 2644 2881 I AdCacheUtils: [TID 2881] foundCacheDir : sdcardFile = /storage/emulated/0/qcache/data/ad_cache ,sdcardDirExists = true ,sdcardRemovable = false ,sdcardStorageEnough = true
06-26 11:31:50.260 2644 2881 I TVUNIPLAYER: PlayerSdkImpl@d148665 : AdCacheUtils initForInteractAdCacheStrategy position = 1
06-26 11:31:50.262 2644 2947 D UNIPLAYERSDK: WhiteListManager.cpp:161 key = open_plugin_io_balance value = false
06-26 11:31:50.267 361 361 I : DVI mode selected: packets not configured
06-26 11:31:50.267 361 361 I : Error: set vsif failed
06-26 11:31:50.274 2644 2881 I AbsAdCacheStrategy: [TID 2881] <>addAdCacheStrategy stragety = :InteractAdCacheStrategy75c094d{mCacheAdType = 0x8mSharedType = 0x8, mMaxCacheMBytes = 4, mMinFreeMBytes = 30, mCachePath = /storage/emulated/0/qcache/data/hd_cache, mCacheMaxNum = -1}
06-26 11:31:50.310 2644 2947 D UNIPLAYERSDK: WhiteListManager.cpp:161 key = stucker_config.limit_maxstucktimes value = 100
06-26 11:31:50.310 2644 2881 D AdCacheManager-JNI: native_addAdCacheStrategy
06-26 11:31:50.310 2644 2881 D UNIPLAYERSDK: AdCacheManager.cpp:22 AdCacheManager::AdCacheManager()
06-26 11:31:50.310 480 809 W TelephonyPermissions: reportAccessDeniedToReadIdentifiers:com.dangbei.screencast:getSerial:-1
06-26 11:31:50.310 2644 2881 I UNIPLAYERSDK: AdCacheManager.cpp:36 addAdCacheStrategy, adType:8, maxCount:-1, path:/storage/emulated/0/qcache/data/hd_cache
06-26 11:31:50.310 2644 2881 D UNIPLAYERSDK: AdCacheManager.cpp:128 cacheStrateg, type:8, maxSize:4, minSysSize:30
06-26 11:31:50.312 2644 2947 D UNIPLAYERSDK: WhiteListManager.cpp:161 key = stucker_config.limit_minintervalts_index value = 2
06-26 11:31:50.330 2644 2881 D TVUNIPLAYER: player/utils/AppPreference : AppPreference --- save --- 【interact_video_cache_path,/storage/emulated/0/qcache/data/hd_cache】
06-26 11:31:50.335 2644 2947 D UNIPLAYERSDK: WhiteListManager.cpp:161 key = stucker_config.limit_minstucktimes value = 30
06-26 11:31:50.335 2644 2947 D UNIPLAYERSDK: WhiteListManager.cpp:161 key = stucker_config.verify_auto value = true
06-26 11:31:50.335 2644 2947 D UNIPLAYERSDK: WhiteListManager.cpp:161 key = subtitle_capability value = 0
06-26 11:31:50.335 2644 2947 D UNIPLAYERSDK: WhiteListManager.cpp:161 key = support_ad_high_definition value = true
06-26 11:31:50.335 2644 2947 D UNIPLAYERSDK: WhiteListManager.cpp:161 key = support_ad_max_view value = true
06-26 11:31:50.335 2644 2947 D UNIPLAYERSDK: WhiteListManager.cpp:198 WhiteListManager::updateConfig(), setSupportAdMaxView:true
06-26 11:31:50.335 2644 2947 I UNIPLAYERSDK: Advertisement.cpp:789 Advertisement::setCupidStatus(support_max_view, true)
06-26 11:31:50.342 1111 1537 D wenhc : getScreenInfo uri = content://com.dangbei.screencast.parts.info/screen_cast
06-26 11:31:50.344 2543 2543 D HiSight-SinkService: setDiscoverable true
06-26 11:31:50.345 2543 2543 D NearFieldManager: init.
06-26 11:31:50.346 2543 2543 D NearFieldManager: try check dmsdp
06-26 11:31:50.351 2644 2947 I CLog : 2025-06-26 11:31:50.335 T:2947 DEBUG: [CUPID]SetSdkStatusC(): status:{"support_max_view":"true"}
06-26 11:31:50.351 2644 2947 I CLog :
06-26 11:31:50.352 2644 2947 I CLog : 2025-06-26 11:31:50.352 T:2947 DEBUG: [CUPID]SetProxyServer(): proxy file path: /storage/emulated/0/qcache/adcache/proxy.conf
06-26 11:31:50.353 2644 2947 I CLog : 2025-06-26 11:31:50.353 T:2947 DEBUG: [CUPID]SetProxyServer(): proxy server:
06-26 11:31:50.353 2644 2947 D UNIPLAYERSDK: WhiteListManager.cpp:161 key = support_buffer_monitor value = true
06-26 11:31:50.353 2644 2947 D UNIPLAYERSDK: WhiteListManager.cpp:161 key = support_multi_audio_track value = 3
06-26 11:31:50.353 2644 2947 D UNIPLAYERSDK: WhiteListManager.cpp:161 key = support_parts_behind value = true
06-26 11:31:50.353 2644 2947 D UNIPLAYERSDK: WhiteListManager.cpp:161 key = support_pause_spotlight value = true
06-26 11:31:50.353 2644 2947 D UNIPLAYERSDK: WhiteListManager.cpp:213 WhiteListManager::updateConfig(), setSupportPauseSpotlight:true
06-26 11:31:50.353 2644 2947 I UNIPLAYERSDK: Advertisement.cpp:789 Advertisement::setCupidStatus(support_pause_spotlight, 1)
06-26 11:31:50.353 2644 2947 I CLog : 2025-06-26 11:31:50.353 T:2947 DEBUG: [CUPID]SetSdkStatusC(): status:{"support_pause_spotlight":"1"}
06-26 11:31:50.353 2644 2947 I CLog :
06-26 11:31:50.353 2644 2947 I CLog : 2025-06-26 11:31:50.353 T:2947 DEBUG: [CUPID]SetProxyServer(): proxy file path: /storage/emulated/0/qcache/adcache/proxy.conf
06-26 11:31:50.360 2644 2881 I AbsAdCacheStrategy: [TID 2881] createNoMediaFile type = 8 path = /storage/emulated/0/qcache/data/hd_cache/.nomedia
06-26 11:31:50.371 2543 2543 D NearFieldManager: package not exist
06-26 11:31:50.374 2644 2881 I AdCacheUtils: [TID 2881] checkExist: return false, fileName=/storage/emulated/0/qcache/data/hd_cache/.nomedia
06-26 11:31:50.379 480 809 D CompatibilityChangeReporter: Compat change id reported: 135634846; UID 10013; state: DISABLED
06-26 11:31:50.379 480 537 D CompatibilityChangeReporter: Compat change id reported: 143937733; UID 10013; state: DISABLED
06-26 11:31:50.381 2543 2543 D NearFieldManager: bind nearfield service true
06-26 11:31:50.385 2543 2543 D NearFieldManager: registerCallback true
06-26 11:31:50.386 2543 2543 D HiSight-Discovery: set deviceInfo type:46
06-26 11:31:50.386 2543 2543 D HiSight-Discovery: startAdvertise 1
06-26 11:31:50.393 2644 2947 I CLog : 2025-06-26 11:31:50.360 T:2947 DEBUG: [CUPID]SetProxyServer(): proxy server:
06-26 11:31:50.393 2644 2947 D UNIPLAYERSDK: WhiteListManager.cpp:161 key = support_start_restart value = false
06-26 11:31:50.394 2644 2947 D UNIPLAYERSDK: WhiteListManager.cpp:161 key = support_stuck_monitor value = true
06-26 11:31:50.394 2644 2947 D UNIPLAYERSDK: WhiteListManager.cpp:161 key = support_webview_overlay value = true
06-26 11:31:50.394 2644 2947 D UNIPLAYERSDK: WhiteListManager.cpp:205 WhiteListManager::updateConfig(), setSupportWebviewOverlay:true
06-26 11:31:50.394 2644 2947 I UNIPLAYERSDK: Advertisement.cpp:789 Advertisement::setCupidStatus(support_webview_overlay, 1)
06-26 11:31:50.394 2644 2947 I CLog : 2025-06-26 11:31:50.394 T:2947 DEBUG: [CUPID]SetSdkStatusC(): status:{"support_webview_overlay":"1"}
06-26 11:31:50.394 2644 2947 I CLog :
06-26 11:31:50.394 2644 2947 I CLog : 2025-06-26 11:31:50.394 T:2947 DEBUG: [CUPID]SetProxyServer(): proxy file path: /storage/emulated/0/qcache/adcache/proxy.conf
06-26 11:31:50.401 2644 2947 I CLog : 2025-06-26 11:31:50.401 T:2947 DEBUG: [CUPID]SetProxyServer(): proxy server:
06-26 11:31:50.401 2644 2947 D UNIPLAYERSDK: WhiteListManager.cpp:161 key = surfaceFormat value = 0
06-26 11:31:50.401 2644 2947 D UNIPLAYERSDK: WhiteListManager.cpp:161 key = sys_player_precise_startup value = true
06-26 11:31:50.401 2644 2947 D UNIPLAYERSDK: WhiteListManager.cpp:161 key = threadpool_watchdog value = {"bopen":true,"duration":5,"cachesize":100,"threadpoolstuckcondition":15,"runnablestuckcondition":30}
06-26 11:31:50.402 2644 2947 D UNIPLAYERSDK: WhiteListManager.cpp:161 key = threshold_ts_perf_ms value = 500
06-26 11:31:50.402 2644 2947 D UNIPLAYERSDK: WhiteListManager.cpp:161 key = timeout_block_value value = 10000
06-26 11:31:50.402 2644 2947 D UNIPLAYERSDK: WhiteListManager.cpp:161 key = uniplayerdata.adaptivehls value = 1
06-26 11:31:50.402 2644 2947 D UNIPLAYERSDK: WhiteListManager.cpp:161 key = uniplayerdata.adseamless value = false
06-26 11:31:50.402 2644 2947 D UNIPLAYERSDK: WhiteListManager.cpp:161 key = uniplayerdata.adts value = true
06-26 11:31:50.402 2644 2947 D UNIPLAYERSDK: WhiteListManager.cpp:161 key = uniplayerdata.chinadrm value = true
06-26 11:31:50.402 480 758 D SntpClient: request time failed: java.net.SocketTimeoutException: Poll timed out
06-26 11:31:50.402 2644 2947 D UNIPLAYERSDK: WhiteListManager.cpp:161 key = uniplayerdata.chinadrmremux value = true
06-26 11:31:50.402 2644 2947 D UNIPLAYERSDK: WhiteListManager.cpp:161 key = uniplayerdata.disable_void_dispatch_opt value = false
06-26 11:31:50.402 2644 2947 D UNIPLAYERSDK: WhiteListManager.cpp:161 key = uniplayerdata.dolby_pts_must_zero value = 0
06-26 11:31:50.402 2644 2947 D UNIPLAYERSDK: WhiteListManager.cpp:161 key = uniplayerdata.dolby_with_hcdn value = true
06-26 11:31:50.402 2644 2947 D UNIPLAYERSDK: WhiteListManager.cpp:161 key = uniplayerdata.down_http_code value = #400#401#403#404#405#500#502#504
06-26 11:31:50.402 2644 2947 D UNIPLAYERSDK: WhiteListManager.cpp:161 key = uniplayerdata.down_timeout value = 30
06-26 11:31:50.402 2644 2947 D UNIPLAYERSDK: WhiteListManager.cpp:161 key = uniplayerdata.dts_use_dvb_standard value = 0
06-26 11:31:50.402 2644 2947 D UNIPLAYERSDK: WhiteListManager.cpp:161 key = uniplayerdata.enalbe_internal_log_for_mhd value = true
06-26 11:31:50.402 2644 2947 D UNIPLAYERSDK: WhiteListManager.cpp:161 key = uniplayerdata.hcdnproxy value = true
06-26 11:31:50.402 2644 2947 D UNIPLAYERSDK: WhiteListManager.cpp:161 key = uniplayerdata.intertrustdrm value = true
06-26 11:31:50.403 2644 2947 D UNIPLAYERSDK: WhiteListManager.cpp:161 key = uniplayerdata.intertrustdrmremux value = true
06-26 11:31:50.403 2644 2947 D UNIPLAYERSDK: WhiteListManager.cpp:161 key = uniplayerdata.is_open value = 1
06-26 11:31:50.403 2644 2947 D UNIPLAYERSDK: WhiteListManager.cpp:161 key = uniplayerdata.live value = true
06-26 11:31:50.403 2644 2947 D UNIPLAYERSDK: WhiteListManager.cpp:161 key = uniplayerdata.localserver_debug_play value = false
06-26 11:31:50.403 2644 2947 D UNIPLAYERSDK: WhiteListManager.cpp:161 key = uniplayerdata.localserver_http_range_response_correctly value = 2
06-26 11:31:50.403 2644 2947 D UNIPLAYERSDK: WhiteListManager.cpp:161 key = uniplayerdata.localserver_m3u8_range value = false
06-26 11:31:50.403 2644 2947 D UNIPLAYERSDK: WhiteListManager.cpp:161 key = uniplayerdata.localserver_ts_range value = 0
06-26 11:31:50.403 2644 2947 D UNIPLAYERSDK: WhiteListManager.cpp:161 key = uniplayerdata.preparing_use_fake_ts value = 2
06-26 11:31:50.403 2644 2947 D UNIPLAYERSDK: WhiteListManager.cpp:161 key = uniplayerdata.rawhls value = true
06-26 11:31:50.403 2644 2947 D UNIPLAYERSDK: WhiteListManager.cpp:161 key = uniplayerdata.rawmp4 value = true
06-26 11:31:50.403 2644 2947 D UNIPLAYERSDK: WhiteListManager.cpp:161 key = uniplayerdata.rawts value = true
06-26 11:31:50.403 2644 2947 D UNIPLAYERSDK: WhiteListManager.cpp:161 key = uniplayerdata.remuxaudiotrack value = true
06-26 11:31:50.403 2644 2947 D UNIPLAYERSDK: WhiteListManager.cpp:161 key = uniplayerdata.use_dvb_standard value = 0
06-26 11:31:50.403 2644 2947 D UNIPLAYERSDK: WhiteListManager.cpp:161 key = uniplayerdata.use_hcdn_localserver_only value = 0
06-26 11:31:50.403 2644 2947 D UNIPLAYERSDK: WhiteListManager.cpp:161 key = uniplayerdata.vodtolive value = 0
06-26 11:31:50.403 2644 2947 D UNIPLAYERSDK: WhiteListManager.cpp:161 key = update_surfaceview_after_start value = 0
06-26 11:31:50.403 2644 2947 D UNIPLAYERSDK: WhiteListManager.cpp:161 key = use_capability_api_for_puma_player value = 0
06-26 11:31:50.403 2644 2947 D UNIPLAYERSDK: WhiteListManager.cpp:161 key = use_capability_api_for_system_player value = 0
06-26 11:31:50.404 2644 2947 D UNIPLAYERSDK: WhiteListManager.cpp:161 key = use_cdn_tracer_result value = false
06-26 11:31:50.404 2644 2947 D UNIPLAYERSDK: WhiteListManager.cpp:161 key = use_fd_local_playback value = 0
06-26 11:31:50.404 2644 2947 D UNIPLAYERSDK: WhiteListManager.cpp:161 key = use_qdsc value = true
06-26 11:31:50.404 2644 2947 D UNIPLAYERSDK: WhiteListManager.cpp:161 key = video_change_loading value = 2
06-26 11:31:50.404 2644 2947 D UNIPLAYERSDK: WhiteListManager.cpp:161 key = video_in_sys_player_switch value = true
06-26 11:31:50.402 249 249 D Zygote : Forked child process 3004
06-26 11:31:50.405 2644 2947 D UNIPLAYERSDK: WhiteListManager.cpp:221 WhiteListManager::updateConfig(), videoin enable:true
06-26 11:31:50.409 480 537 I ActivityManager: app.processName = com.huawei.connection
06-26 11:31:50.409 480 537 I ActivityManager: Start proc 3004:com.huawei.connection/u0a13 for service {com.dangbei.screencast/com.huawei.connection.service.NearFieldManagerService}
06-26 11:31:50.412 2644 2947 I UNIPLAYERSDK: Advertisement.cpp:789 Advertisement::setCupidStatus(unsupport_video_in_splits, 0)
06-26 11:31:50.417 2644 2947 I CLog : 2025-06-26 11:31:50.412 T:2947 DEBUG: [CUPID]SetSdkStatusC(): status:{"unsupport_video_in_splits":"0"}
06-26 11:31:50.417 2644 2947 I CLog :
06-26 11:31:50.417 2644 2947 I CLog : 2025-06-26 11:31:50.417 T:2947 DEBUG: [CUPID]SetProxyServer(): proxy file path: /storage/emulated/0/qcache/adcache/proxy.conf
06-26 11:31:50.417 3004 3004 I Zygote : seccomp disabled by setenforce 0
06-26 11:31:50.419 2644 2947 I CLog : 2025-06-26 11:31:50.419 T:2947 DEBUG: [CUPID]SetProxyServer(): proxy server:
06-26 11:31:50.419 2644 2947 D UNIPLAYERSDK: WhiteListManager.cpp:161 key = video_preload_expire_time value = 120
06-26 11:31:50.419 2644 2947 D UNIPLAYERSDK: WhiteListManager.cpp:161 key = video_preload_puma_load value = true
06-26 11:31:50.419 2644 2947 D UNIPLAYERSDK: WhiteListManager.cpp:161 key = video_preload_puma_type value = 1
06-26 11:31:50.419 2644 2947 D UNIPLAYERSDK: WhiteListManager.cpp:161 key = video_preload_type value = 3
06-26 11:31:50.419 2644 2947 D UNIPLAYERSDK: WhiteListManager.cpp:161 key = widevine_level_1 value = 0
06-26 11:31:50.421 2644 2944 D UNIUTIL : System.cpp:466 saveString _plugin_path_new : /data/user/0/com.tv.kuaisou/files/LibPlayerPuma/4.8.1702.6907/LibPlayerPuma.zip
06-26 11:31:50.437 2543 2601 V NFC : this device does not have NFC support
06-26 11:31:50.444 403 417 I adbd : jdwp connection from 3004
06-26 11:31:50.449 2644 2947 D UNIPLAYERSDK: FetchPlayerConfig.cpp:171 FetchPlayerConfig::saveFile /data/user/0/com.tv.kuaisou/files/playerCapability.json, Completed.
06-26 11:31:50.453 2644 2944 D UNIUTIL : System.cpp:466 saveString _plugin_url : http://static-mix.ptqy.gitv.tv/stv/20220307/27443625/0/LibPlayerPuma4.8.1702.6907_086abb44b23bac4db0af0217af14fb4f.zip
06-26 11:31:50.461 2644 2947 I UNIPLAYERSDK: FetchPlayerConfig.cpp:1047 notifyUpdated :2
06-26 11:31:50.463 2644 2947 E JNIHelper: getJNIEnv: Failed to obtain JNIEnv
06-26 11:31:50.504 3004 3004 D CompatibilityChangeReporter: Compat change id reported: 171979766; UID 10013; state: DISABLED
06-26 11:31:50.520 2644 2944 D UNIUTIL : System.cpp:466 saveString _plugin_type : zip
06-26 11:31:50.533 3004 3004 D ApplicationLoaders: Returning zygote-cached class loader: /system/framework/android.test.base.jar
06-26 11:31:50.533 3004 3004 D ApplicationLoaders: Returning zygote-cached class loader: /system/framework/android.hidl.manager-V1.0-java.jar
06-26 11:31:50.533 3004 3004 D ApplicationLoaders: Returning zygote-cached class loader: /system/framework/android.hidl.base-V1.0-java.jar
06-26 11:31:50.558 2644 2947 D TVUNIPLAYER: PlayerSdkImpl@d148665 : OnWhiteListListener.onUpdated source=2
06-26 11:31:50.568 2644 2937 V UFUnilog: UFNCurlClientHandleSocket.cpp : 128 {fuc=UFNMultiCurlClientImpl:HandleSocket(),logtag=longyuan_pb_18,interface_msg=MultiCurlImpl get ok!}
06-26 11:31:50.568 2644 2937 V UFUnilog: UFNCurlClientHandleSocket.cpp : 128 {fuc=UFNMultiCurlClientImpl:HandleSocket(),logtag=pingback_itv_pluginUpgrade_12_20,interface_msg=MultiCurlImpl get ok!}
06-26 11:31:50.568 2644 2921 V UFUnilog: UFNMultiCurlClientImpl.cpp : 102 {fuc=UFNMultiCurlClientImpl:Perform(),logtag=pingback_itv_pluginUpgrade_12_20,interface_msg=Out}
06-26 11:31:50.568 2644 2921 V UFUnilog: api_engine.cpp : 181 {fuc=APIEngine:Call(),logtag=pingback_itv_pluginUpgrade_12_20,interface_msg=Start Try!,try_count=1}
06-26 11:31:50.568 2644 2921 D UFUnilog: api_strategy_impl.cpp : 155 {fuc=APIStrategyImpl:JudgeStrategyOpporunity(),logtag=pingback_itv_pluginUpgrade_12_20,strategyname=antihijackhttps-strategy,interface_msg=Ignore Domain List,domain=msg.ptqy.gitv.tv}
06-26 11:31:50.569 2644 2921 D UFUnilog: api_pingback_sender.cpp : 33 {fuc=ApiPingbackSender:SendSync(),logtag=pingback_itv_pluginUpgrade_12,interface_msg=send success!}
06-26 11:31:50.569 2644 2921 V UFUnilog: api_pingback_sender.cpp : 46 {fuc=ApiPingbackSender:SendSync(),logtag=pingback_itv_pluginUpgrade_12,api_pingback_data=msg=[{"t":"11","pf":"3","p":"31","p1":"312","p2":"3128","hostv":"","mac":"20-02-FE-19-C2-0E","u":"tv_9ebeab0821cc109c90e4626ac3a506cd","deviceid":"tv_9ebeab0821cc109c90e4626ac3a506cd_1750906610804_8810912147","nu":"","v":"2.1107.1.220408","device_type":"20180903095708913MvpgVmPh11974","pu":"","firmver":"SP1A.211105.004","hwver":"DBBOX-A2","hu":"","window_disable":"","chip":"","mod":"cn_s","memory":"1960M","processid":"","re":"1920x1080","os":"31","core":"4","daynight":"","rammode":"","entermode":"","channel":"","network":"","cbv":"2.1107","aver":"v4.1_1767_8b99c7b4","fver":"v4.0.1_656_63af7fd3","rn":"307641794","ct":"170620_network_request","nin":"itv_pluginUpgrade","ngctc":"0","ngtpn":"unia}
06-26 11:31:50.569 2644 2921 V UFUnilog: api_pingback_sender.cpp : 46 {fuc=ApiPingbackSender:SendSync(),logtag=pingback_itv_pluginUpgrade_12,api_pingback_data=pi","ngtpit":"60000","ngmrc":"5","ngct":"10000","ngtt":"15000","ngi":"true","nrqt":"get","nhc":"200","nanc":"0","nmsg":"UFN%20Curl%20Client%20Success%21","nhdr":"Authorization%3A1012441ef13ff000_Mi4xMTA3LjEuMjIwNDA4%20B63BDF64FF37D1495B559AD9148403259FBA6B0F760F83FB851E3904A7B2305440FF315625DDC79BDBAB3C0B1379815E%7CContent-Type%3Aapplication%2Fjson%3B%20charset%3Dutf-8%7CRequest-Id%3AMTc1MDkwODcwOTYwNzIwOjAyOmZlOjE5OmMyOjBlNDQ1MzYzNzgxNTQzMjEwZjEyNTk4YjM1Njg0ZDdjMTMyYTMwZTU0MDk1%7Cqyid%3Atv_9ebeab0821cc109c90e4626ac3a506cd_1750906610804_8810912147%7C","naurl":"https%3A%2F%2Fota.ptqy.gitv.tv%2Fapi%2Fpluginupgrade%3FopVer%3D12%26chip%3D1%26platformModel%3DDBBOX-A2%26productModel%3DTVSDK%26sdkV}
06-26 11:31:50.569 2644 2921 V UFUnilog: api_pingback_sender.cpp : 46 {fuc=ApiPingbackSender:SendSync(),logtag=pingback_itv_pluginUpgrade_12,api_pingback_data=er%3D31%26mem%3D1960%26pluginKeys%3DLibPlayerPuma%253A0.0.0.0%252ClibHyperPlayerplugin%253A0.0.0.0%252ClibWasabiJni%253A0.0.0.0%252Clibbasenetplugin%253A0.0.0.0%252Clibuniplayerdata%253A0.0.0.0%26apkVer%3D1.1107.2.04472%26singleBatch%3Dtrue","neurl":"https%3A%2F%2Fota.ptqy.gitv.tv%2Fapi%2Fpluginupgrade%3FopVer%3D12%26chip%3D1%26platformModel%3DDBBOX-A2%26productModel%3DTVSDK%26sdkVer%3D31%26mem%3D1960%26pluginKeys%3DLibPlayerPuma%253A0.0.0.0%252ClibHyperPlayerplugin%253A0.0.0.0%252ClibWasabiJni%253A0.0.0.0%252Clibbasenetplugin%253A0.0.0.0%252Clibuniplayerdata%253A0.0.0.0%26apkVer%3D1.1107.2.04472%26singleBatch%3Dtrue","ntc":"1","nipd":"116.211.198.157","nipl":"192.168.3.161","ncncn":"1","ncn}
06-26 11:31:50.569 2644 2921 V UFUnilog: api_pingback_sender.cpp : 50 {fuc=ApiPingbackSender:SendSync(),logtag=pingback_itv_pluginUpgrade_12,api_pingback_data=ct":"34","nnt":"0","npt":"226","nstt":"256","nttt":"256","nrdt":"0","nrdc":"0","ncntt":"application%2Fjson%3Bcharset%3Dutf-8","nhsz":"357","nrsz":"1166","nscc":"3","nsvr":"0","nsv":"BoringSSL","ncc":"0","ntt":"260","naft":"2","ncft":"257","nuid":"12","ndt":"1","nsn":"httpdns-strategy","ndtd":"1","natd":"2","nctd":"257","nsct":"225","naippd":"NULL%3A0","naipp":"NULL%3A0","namsgd":"","namsg":"","nasil":"","nart":"1750908710222","nrd":"ota.ptqy.gitv.tv","ntp":"https","nri":"","nru":"","nrhc":"","nhcd":"200","nev":"","nipv":"4","nrw":"1","nrh":"","nct":"1","nfoc":"20000","ime":"0","nint":"0","nintd":"0","nba":"1","npa":"1","nsu":"1","nfrdt":"1","npd":"443","npr":"-1"}]}
06-26 11:31:50.569 2644 2937 V UFUnilog: UFNCurlClientHandleSocket.cpp : 128 {fuc=UFNMultiCurlClientImpl:HandleSocket(),logtag=babelqos_pb_24,interface_msg=MultiCurlImpl get ok!}
06-26 11:31:50.569 2644 2946 V UFUnilog: UFNMultiCurlClientImpl.cpp : 102 {fuc=UFNMultiCurlClientImpl:Perform(),logtag=babelqos_pb_24,interface_msg=Out}
06-26 11:31:50.569 2644 2946 V UFUnilog: api_engine.cpp : 181 {fuc=APIEngine:Call(),logtag=babelqos_pb_24,interface_msg=Start Try!,try_count=1}
06-26 11:31:50.571 2644 2945 V UFUnilog: UFNMultiCurlClientImpl.cpp : 102 {fuc=UFNMultiCurlClientImpl:Perform(),logtag=longyuan_pb_18,interface_msg=Out}
06-26 11:31:50.572 2644 2945 V UFUnilog: api_engine.cpp : 181 {fuc=APIEngine:Call(),logtag=longyuan_pb_18,interface_msg=Start Try!,try_count=1}
06-26 11:31:50.582 2543 2594 I efs.config: config request succ, config is:
06-26 11:31:50.582 2543 2594 I efs.config: {"msg":"成功","code":0,"cip":"127.0.0.1","config":{"common":{"updateInteval":480,"gate_way_https":true},"sign":"f3NSWQVMflFXb1wSBw==","app_configs":[{"conditions":[{"val":"0.0.0.0","opc":">=","fld":"ver"}],"actions":[{"opt":"apm_netperf_state","set":100},{"opt":"apm_netperf_day_limit","set":100},{"opt":"apm_netperf_res_bd_state","set":100},{"opt":"apm_oom_state","set":0},{"opt":"apm_netperf_data_rate","set":10},{"opt":"apm_native_h5perf_sampling_rate","set":5},{"opt":"apm_netperf_req_hd_state","set":100},{"opt":"apm_netperf_sampling_rate","set":1},{"opt":"flutter_dart_exception_max_count","set":20},{"opt":"flutter_pv_sampling_rate","set":5},{"opt":"apm_netperf_res_hd_state","set":100},{"opt":"flutter_page_state","set":100},{"opt":"flutter_page_rate","set":5},{"opt":"apm_memperf_sampling_rate","set":0},{"opt":"apm_crash_user_upload_type","set":1},{"opt":"apm_memperf_collect_max_period_sec","set":600},{"opt":"apm_crash_user_max_count","set":20},{"opt":"apm_netperf_bd_state","set":100},{"opt":"apm_native_h5_state","set":0},{"opt":"apm_mem_state","set":0},{"opt":"flutter_dart_exception_state","set":100},{"opt":"flutter_pv_max_count","set":200},{"opt":"apm_memperf_collect_interval","set":5},{"opt":"apm_flutter_state","set":100},{"opt":"apm_patrace_switch_rate","set":5},{"opt":"record_accumulation_time","set":60},{"opt":"apm_net_state","set":0},{"opt":"apm_startperf_sampling_rate","set":5},{"opt":"apm_oom_sampling_rate","set":5}]}]},"stm":1750908711,"cver":1735614866}
06-26 11:31:50.582 2543 2594 I efs.config: efs config is {"msg":"成功","code":0,"cip":"127.0.0.1","config":{"common":{"updateInteval":480,"gate_way_https":true},"sign":"f3NSWQVMflFXb1wSBw==","app_configs":[{"conditions":[{"val":"0.0.0.0","opc":">=","fld":"ver"}],"actions":[{"opt":"apm_netperf_state","set":100},{"opt":"apm_netperf_day_limit","set":100},{"opt":"apm_netperf_res_bd_state","set":100},{"opt":"apm_oom_state","set":0},{"opt":"apm_netperf_data_rate","set":10},{"opt":"apm_native_h5perf_sampling_rate","set":5},{"opt":"apm_netperf_req_hd_state","set":100},{"opt":"apm_netperf_sampling_rate","set":1},{"opt":"flutter_dart_exception_max_count","set":20},{"opt":"flutter_pv_sampling_rate","set":5},{"opt":"apm_netperf_res_hd_state","set":100},{"opt":"flutter_page_state","set":100},{"opt":"flutter_page_rate","set":5},{"opt":"apm_memperf_sampling_rate","set":0},{"opt":"apm_crash_user_upload_type","set":1},{"opt":"apm_memperf_collect_max_period_sec","set":600},{"opt":"apm_crash_user_max_count","set":20},{"opt":"apm_netperf_bd_state","set":100},{"opt":"apm_native_h5_state","set":0},{"opt":"apm_mem_state","set":0},{"opt":"flutter_dart_exception_state","set":100},{"opt":"flutter_pv_max_count","set":200},{"opt":"apm_memperf_collect_interval","set":5},{"opt":"apm_flutter_state","set":100},{"opt":"apm_patrace_switch_rate","set":5},{"opt":"record_accumulation_time","set":60},{"opt":"apm_net_state","set":0},{"opt":"apm_startperf_sampling_rate","set":5},{"opt":"apm_oom_sampling_rate","set":5}]}]},"stm":1750908711,"cver":1735614866}
06-26 11:31:50.585 2543 2594 E efs.config: updateConfigCond error
06-26 11:31:50.585 2543 2594 E efs.config: java.lang.NumberFormatException: For input string: "v2"
06-26 11:31:50.585 2543 2594 E efs.config: at java.lang.Integer.parseInt(Integer.java:615)
06-26 11:31:50.585 2543 2594 E efs.config: at java.lang.Integer.parseInt(Integer.java:650)
06-26 11:31:50.585 2543 2594 E efs.config: at com.efs.sdk.base.core.config.a.d.a(Unknown Source:33)
06-26 11:31:50.585 2543 2594 E efs.config: at com.efs.sdk.base.core.config.a.d.a(Unknown Source:8)
06-26 11:31:50.585 2543 2594 E efs.config: at com.efs.sdk.base.core.config.a.d.a(Unknown Source:404)
06-26 11:31:50.585 2543 2594 E efs.config: at com.efs.sdk.base.core.config.a.d.a(Unknown Source:129)
06-26 11:31:50.585 2543 2594 E efs.config: at com.efs.sdk.base.core.config.a.c.a(Unknown Source:4)
06-26 11:31:50.585 2543 2594 E efs.config: at com.efs.sdk.base.core.config.a.c.e(Unknown Source:53)
06-26 11:31:50.585 2543 2594 E efs.config: at com.efs.sdk.base.core.config.a.c.handleMessage(Unknown Source:105)
06-26 11:31:50.585 2543 2594 E efs.config: at android.os.Handler.dispatchMessage(Handler.java:102)
06-26 11:31:50.585 2543 2594 E efs.config: at android.os.Looper.loopOnce(Looper.java:201)
06-26 11:31:50.585 2543 2594 E efs.config: at android.os.Looper.loop(Looper.java:288)
06-26 11:31:50.585 2543 2594 E efs.config: at android.os.HandlerThread.run(HandlerThread.java:67)
06-26 11:31:50.585 2543 2607 I efs.base: lt=event`ev_ct=efs_core`ev_ac=config_coverage`tm=2025-06-26 11:31:58`dn=884562d0-54da-4cce-9d74-00e5c75509d9`ps=com.dangbei.screencast`um_os=android`stime=1750908704868`pid=2543`fr=android`pkg=com.dangbei.screencast`cver=1735614866`vcode=20830`dsp_w=1920`uid=884562d0-54da-4cce-9d74-00e5c75509d9`rom=12`wid=884562d0-54da-4cce-9d74-00e5c75509d9`um_app_carrier=`um_access=wifi`um_app_channel=os`um_crash_sdk_version=1.4.0`ctime=1750908710`model=dbbox-a2`lang=zh`net=wifi`brand=dangbei`dsp_h=1080`um_network_type=0`ver=v2.8.3`build_model=DBBOX-A2`w_tm=1750908710`appid=5fc60c21094d637f3130af19`um_umid_header=ai1cc720f47734fc58e671cdbea6807313`sdk=31`tzone=Asia/Shanghai`sdk_ver=1.3.6.umeng
06-26 11:31:50.603 2644 2947 D TVUNIPLAYER: player/ConfigProvider : getString from WhiteList, key:play_inspect_methods, value :
06-26 11:31:50.603 2644 2946 I UNIPLAYERSDK: BabelPbApi.cpp:34 PingbackLog: send success! trycount = 1, serverip = 124.237.225.21, pluginload:http://msg.ptqy.gitv.tv/qos/3_31_312:msg=[{"ct":"tvplugin","deviceid":"tv_9ebeab0821cc109c90e4626ac3a506cd_1750906610804_8810912147","dfp":"","diy_loadtype":"start_dlopen","diy_pluginid":"libHyperPlayerplugin","diy_pluginstep":"3","diy_pluginv":"4.8.1702.9097","diy_soname":"libhyperplayer.so","diy_tp":"1","err_msg":"","hu":"","hwver":"DBBOX-A2","mac_address":"20-02-FE-19-C2-0E","mkey":"20180903095708913MvpgVmPh11974","mod":"cn_s","os":"31","p1":"3_31_312","p2":"3128","pbv":"","pu":"","re":"1920x1080","rn":"2038175038","romrsz":"24578","romsz":"26357","sdkv":"1.1107.2.04472","stime":"1750908710542","t":"9","term":"%7B%22chip%22%3A%22%22%2C%22core%22%3A%224%22%2C%22dolbycodec%22%3A%22-1%22%2C%22firmver%22%3A%22SP1A.211105.004%22%2C%22hpformance%22%3A%22%22%2C%22hwprod%22%3A%22%22%2C%22hwversub%22%3A%22%22%2C%22memory%22%3A%221960M%22%2C%22p_hdcp%22%3A%22%22%2C%22p_maxhdcp%22%3A%22%22%2C%22rammode%22%3A%22%22%7D%0A"
06-26 11:31:50.603 2644 2946 D UNIPLAYERSDK: BabelPbApi.cpp:40 PingbackLog: send success! pluginload:msg=[{"ct":"tvplugin","deviceid":"tv_9ebeab0821cc109c90e4626ac3a506cd_1750906610804_8810912147","dfp":"","diy_loadtype":"start_dlopen","diy_pluginid":"libHyperPlayerplugin","diy_pluginstep":"3","diy_pluginv":"4.8.1702.9097","diy_soname":"libhyperplayer.so","diy_tp":"1","err_msg":"","hu":"","hwver":"DBBOX-A2","mac_address":"20-02-FE-19-C2-0E","mkey":"20180903095708913MvpgVmPh11974","mod":"cn_s","os":"31","p1":"3_31_312","p2":"3128","pbv":"","pu":"","re":"1920x1080","rn":"2038175038","romrsz":"24578","romsz":"26357","sdkv":"1.1107.2.04472","stime":"1750908710542","t":"9","term":"%7B%22chip%22%3A%22%22%2C%22core%22%3A%224%22%2C%22dolbycodec%22%3A%22-1%22%2C%22firmver%22%3A%22SP1A.211105.004%22%
06-26 11:31:50.603 2644 2946 D UNIPLAYERSDK: BabelPbApi.cpp:38 PingbackLog: send success! pluginload:2C%22hpformance%22%3A%22%22%2C%22hwprod%22%3A%22%22%2C%22hwversub%22%3A%22%22%2C%22memory%22%3A%221960M%22%2C%22p_hdcp%22%3A%22%22%2C%22p_maxhdcp%22%3A%22%22%2C%22rammode%22%3A%22%22%7D%0A","u":"tv_9ebeab0821cc109c90e4626ac3a506cd","v":"2.1107.1.220408","wifimac":"58%3Ac7%3Aac%3A78%3Af0%3A02"}]
06-26 11:31:50.607 2644 2945 I UNIPLAYERSDK: PbApi.cpp:34 PingbackLog: send success! trycount = 1,serverip = 124.237.225.21,uniplayersdkInit:http://msg.ptqy.gitv.tv/b:msg=[{"chip":"","core":"4","ct":"170811_uniplayersdk_init","deviceid":"tv_9ebeab0821cc109c90e4626ac3a506cd_1750906610804_8810912147","diy_armabi":"armeabi-v7a%2Carmeabi","diy_tp":"1","dt":"20180903095708913MvpgVmPh11974","firmver":"SP1A.211105.004","hu":"","hwver":"DBBOX-A2","hwversub":"","mac":"20-02-FE-19-C2-0E","memory":"1960M","mod":"cn_s","os":"31","p":"31","p1":"312","p2":"3128","p_ptid":"14025032401000000000","p_uid":"","pf":"3","play_hwversub":"","player_sn":"0","pu":"","re":"1920x1080","rn":"1874108761","romrsz":"24578","romsz":"26357","st":"1","t":"11","u":"tv_9ebeab0821cc109c90e4626ac3a506cd","v":"2.1107.1.220408"}]
06-26 11:31:50.607 2644 2945 D UNIPLAYERSDK: PbApi.cpp:38 PingbackLog: send success! uniplayersdkInit:msg=[{"chip":"","core":"4","ct":"170811_uniplayersdk_init","deviceid":"tv_9ebeab0821cc109c90e4626ac3a506cd_1750906610804_8810912147","diy_armabi":"armeabi-v7a%2Carmeabi","diy_tp":"1","dt":"20180903095708913MvpgVmPh11974","firmver":"SP1A.211105.004","hu":"","hwver":"DBBOX-A2","hwversub":"","mac":"20-02-FE-19-C2-0E","memory":"1960M","mod":"cn_s","os":"31","p":"31","p1":"312","p2":"3128","p_ptid":"14025032401000000000","p_uid":"","pf":"3","play_hwversub":"","player_sn":"0","pu":"","re":"1920x1080","rn":"1874108761","romrsz":"24578","romsz":"26357","st":"1","t":"11","u":"tv_9ebeab0821cc109c90e4626ac3a506cd","v":"2.1107.1.220408"}]
06-26 11:31:50.620 2644 3038 D PlayerConfigCache: >>saveConfigFromWhiteList()
06-26 11:31:50.621 2644 2947 D TVUNIPLAYER: BitStreamCapability : checkInspect Speed: false ,Hdr10: ,dolby: false ,4KH211: false ,4KHigh: false
06-26 11:31:50.623 2644 2945 V UFUnilog: api_engine.cpp : 181 {fuc=APIEngine:Call(),logtag=longyuan_pb_21,interface_msg=Start Try!,try_count=0}
06-26 11:31:50.623 2644 2945 V UFUnilog: api_strategy_impl.cpp : 378 {fuc=APIStrategyImpl:CreateStrategyResult(),logtag=longyuan_pb_21,strategyname=httpdns-strategy,current_try_count=0,interface_msg=try to get ip list from dns_type = 1}
06-26 11:31:50.623 2644 2945 D UFUnilog: api_httpdns_query.cpp : 90 {fuc=APIHttpDnsQuery:GetIpListByDomainName(),interface_msg=try to get ip list by domain name msg.ptqy.gitv.tv}
06-26 11:31:50.623 2644 2945 D UFUnilog: api_httpdns_query.cpp : 113 {fuc=APIHttpDnsQuery:GetIpListByDomainName(),interface_msg=Get ip list success!,domain=msg.ptqy.gitv.tv}
06-26 11:31:50.623 2644 2945 V UFUnilog: api_strategy_impl.cpp : 485 {fuc=APIStrategyImpl:CreateStrategyResult(),logtag=longyuan_pb_21,strategyname=httpdns-strategy,interface_msg=complete build strategy result,suggest_url_params=,suggest_protocol=}
06-26 11:31:50.623 2644 2945 V UFUnilog: UFNMultiCurlClientImpl.cpp : 24 {fuc=UFNMultiCurlClientImpl:Perform(),logtag=longyuan_pb_21,interface_msg=In}
06-26 11:31:50.624 2644 2945 V UFUnilog: UFNCurlClientHandleSocketPool.cpp : 46 {fuc=UFNMultiCurlClientHandleSocket:AddEasyHandle(),logtag=longyuan_pb_21,interface_msg=add easyCurl to MultiCurl!}
06-26 11:31:50.631 2644 2944 D UNIUTIL : System.cpp:466 saveString _host_v_min : 1.1107.2.04417
06-26 11:31:50.635 2644 2947 D UNIPLAYERSDK: UniapiManager.cpp:64 isOpenXLog=0
06-26 11:31:50.635 2644 2947 E UFUnilog: api_mgr_impl.cpp : 321 {fuc=APIMgrImpl:initLogCallback(),interface_msg=Empty log callback function!}
06-26 11:31:50.635 2644 2947 D UNIPLAYERSDK: UniapiManager.cpp:233 UpdateIpv6Config, bIpv6Allowed=0
06-26 11:31:50.635 2644 2947 D UNIPLAYERSDK: VrsApi.cpp:139 setDashPreHttpDnsStrategyEnable, bEnabled=0
06-26 11:31:50.635 2644 2947 D UNIPLAYERSDK: UniapiManager.cpp:241 UpdateHA, enableHttpDnsDownload=1, bEnableDashPreHttpDnsStrategy=0
06-26 11:31:50.635 2644 2947 I UNIPLAYERSDK: UniapiManager.cpp:288 UpdateNetworkConfig: uninit multi exit tracer
06-26 11:31:50.636 2644 2947 D UNIPLAYERSDK: UniapiManager.cpp:339 UpdateNetworkConfig, nTsDownloadPingbackSampleWeight=10 nTsDownloadPingbackBatchCount=1 bCDNTracerEnabled=0 bCDNTracerResultEnabled=0 bForbidPriorDns=0 bItvPlayCheckAccessDispEnabled=1 bIsAllowSdkVrsDashDomain=0 network_config={
06-26 11:31:50.636 2644 2947 D UNIPLAYERSDK: "common_strategy-apm_samplerate" : "100",
06-26 11:31:50.636 2644 2947 D UNIPLAYERSDK: "common_strategy-open_apm_monitor" : "true",
06-26 11:31:50.636 2644 2947 D UNIPLAYERSDK: "itv_playCheck-strategy_config" : "{\"access_dispatch_enabled\": true}",
06-26 11:31:50.636 2644 2947 D UNIPLAYERSDK: "multiexit_tracer-check_duration" : "180000",
06-26 11:31:50.636 2644 2947 D UNIPLAYERSDK: "multiexit_tracer-domain_list" : "[\"cache.video.ptqy.gitv.tv\",\"data.video.ptqy.gitv.tv\"]",
06-26 11:31:50.636 2644 2947 D UNIPLAYERSDK: "multiexit_tracer-func_open" : "false",
06-26 11:31:50.636 2644 2947 D UNIPLAYERSDK: "ts_download-pingback_config" : "{\"sample_weight\": 10, \"force_pingback_failed\": true, \"batch_count\": 1}",
06-26 11:31:50.636 2644 2947 D UNIPLAYERSDK: "vrs_dash-open_strategy_retry" : "true",
06-26 11:31:50.636 2644 2947 D UNIPLAYERSDK: "vrs_dash-sdk_dash_domain_allow" : "false"
06-26 11:31:50.636 2644 2947 D UNIPLAYERSDK: }
06-26 11:31:50.636 2644 2947 D UNIPLAYERSDK: VrsApi.cpp:139 setDashPreHttpDnsStrategyEnable, bEnabled=0
06-26 11:31:50.636 2644 2947 D UNIPLAYERSDK: UniapiManager.cpp:81 onConfigUpdated, enableHttpDnsDownload=1, bEnableDashPreHttpDnsStrategy=0
06-26 11:31:50.636 2644 2947 D UNIPLAYERSDK: VideoPrecacher.cpp:444 VideoPrecacher::VideoPrecacherPlayerConfigListener::onUpdated source:2
06-26 11:31:50.636 2644 2947 D UNIPLAYERSDK: VideoPrecacher.cpp:311 VideoPrecacher::updateConfig
06-26 11:31:50.636 2644 2947 D UNIPLAYERSDK: AdConfigUpdateCenter.cpp:47 AdConfigUpdateCenter::onUpdated, source:2
06-26 11:31:50.636 2644 2947 D UNIPLAYERSDK: Advertisement.cpp:687 parseAdPreDispactchInfo, isOpen:0, featureOpen:0 segment_count:2, minFreeSizeMB:300
06-26 11:31:50.636 2644 2947 I UNIPLAYERSDK: Advertisement.cpp:702 not support ad predispatch in config
06-26 11:31:50.636 2644 2947 D UNIPLAYERSDK: PlayerSdkImpl.cpp:890 PlayerSdk WhiteListListener::onUpdated source:2
06-26 11:31:50.636 2644 2947 D UNIPLAYERSDK: UniPlayerDataProxy.cpp:1541 UniPlayerDataProxy::UniPlayerDataProxyWhiteListUpdatedListener onUpdated source:2
06-26 11:31:50.636 2644 2947 D UNIPLAYERSDK: UniPlayerDataProxy.cpp:703 UniPlayerDataProxy::updateConfigParams()
06-26 11:31:50.636 2644 2944 D UNIUTIL : System.cpp:466 saveString _host_v_max : 1.1107.2.04417
06-26 11:31:50.636 2644 2947 D UNIPLAYERSDK: UniPlayerDataProxy.cpp:716 key = adaptivehls value = 1
06-26 11:31:50.636 2644 2947 D UNIPLAYERSDK: UniPlayerDataProxy.cpp:716 key = adseamless value = false
06-26 11:31:50.636 2644 2947 D UNIPLAYERSDK: UniPlayerDataProxy.cpp:716 key = adts value = true
06-26 11:31:50.636 2644 2947 D UNIPLAYERSDK: UniPlayerDataProxy.cpp:716 key = chinadrm value = true
06-26 11:31:50.636 2644 2947 D UNIPLAYERSDK: UniPlayerDataProxy.cpp:716 key = chinadrmremux value = true
06-26 11:31:50.636 2644 2947 D UNIPLAYERSDK: UniPlayerDataProxy.cpp:716 key = disable_void_dispatch_opt value = false
06-26 11:31:50.636 2644 2947 D UNIPLAYERSDK: UniPlayerDataProxy.cpp:716 key = dolby_pts_must_zero value = 0
06-26 11:31:50.636 2644 2947 D UNIPLAYERSDK: UniPlayerDataProxy.cpp:716 key = dolby_with_hcdn value = true
06-26 11:31:50.637 2644 2947 D UNIPLAYERSDK: UniPlayerDataProxy.cpp:716 key = down_http_code value = #400#401#403#404#405#500#502#504
06-26 11:31:50.637 2644 2947 D UNIPLAYERSDK: UniPlayerDataProxy.cpp:716 key = down_timeout value = 30
06-26 11:31:50.637 2644 2947 D UNIPLAYERSDK: UniPlayerDataProxy.cpp:716 key = dts_use_dvb_standard value = 0
06-26 11:31:50.637 2644 2947 D UNIPLAYERSDK: UniPlayerDataProxy.cpp:716 key = enalbe_internal_log_for_mhd value = true
06-26 11:31:50.637 2644 2947 D UNIPLAYERSDK: UniPlayerDataProxy.cpp:716 key = hcdnproxy value = true
06-26 11:31:50.637 2644 2947 D UNIPLAYERSDK: UniPlayerDataProxy.cpp:716 key = intertrustdrm value = true
06-26 11:31:50.637 2644 2947 D UNIPLAYERSDK: UniPlayerDataProxy.cpp:716 key = intertrustdrmremux value = true
06-26 11:31:50.637 2644 2947 D UNIPLAYERSDK: UniPlayerDataProxy.cpp:716 key = is_open value = 1
06-26 11:31:50.670 2644 2947 D UNIPLAYERSDK: UniPlayerDataProxy.cpp:716 key = live value = true
06-26 11:31:50.671 2644 2947 D UNIPLAYERSDK: UniPlayerDataProxy.cpp:716 key = localserver_debug_play value = false
06-26 11:31:50.671 2644 2947 D UNIPLAYERSDK: UniPlayerDataProxy.cpp:716 key = localserver_http_range_response_correctly value = 2
06-26 11:31:50.671 2644 2947 D UNIPLAYERSDK: UniPlayerDataProxy.cpp:716 key = localserver_m3u8_range value = false
06-26 11:31:50.671 1060 2686 E dangbei111: cccccc 检查遥控器是否连接: Dangbei E4:BB:D3:57:C0:18
06-26 11:31:50.672 2644 2947 D UNIPLAYERSDK: UniPlayerDataProxy.cpp:716 key = localserver_ts_range value = 0
06-26 11:31:50.672 2644 2947 D UNIPLAYERSDK: UniPlayerDataProxy.cpp:716 key = preparing_use_fake_ts value = 2
06-26 11:31:50.672 2644 2947 D UNIPLAYERSDK: UniPlayerDataProxy.cpp:716 key = rawhls value = true
06-26 11:31:50.672 2644 2947 D UNIPLAYERSDK: UniPlayerDataProxy.cpp:716 key = rawmp4 value = true
06-26 11:31:50.672 2644 2947 D UNIPLAYERSDK: UniPlayerDataProxy.cpp:716 key = rawts value = true
06-26 11:31:50.672 2644 2947 D UNIPLAYERSDK: UniPlayerDataProxy.cpp:716 key = remuxaudiotrack value = true
06-26 11:31:50.672 2644 2947 D UNIPLAYERSDK: UniPlayerDataProxy.cpp:716 key = use_dvb_standard value = 0
06-26 11:31:50.672 2644 2947 D UNIPLAYERSDK: UniPlayerDataProxy.cpp:716 key = use_hcdn_localserver_only value = 0
06-26 11:31:50.672 2644 2947 D UNIPLAYERSDK: UniPlayerDataProxy.cpp:716 key = vodtolive value = 0
06-26 11:31:50.673 2644 2947 D UNIPLAYERSDK: PluginHelper.cpp:38 PluginHelper::getLibPath(libcurl.so), libPath = /data/user/0/com.tv.kuaisou/files/pluginsdkplayer/2.1107.1.220408/1.1107.2.04472/pluginsdkplayer-download-1.1107.2.04472-libs/libmctocurl.so
06-26 11:31:50.673 2644 2947 D UNIPLAYERSDK: PluginHelper.cpp:38 PluginHelper::getLibPath(libhyperplayer.so), libPath = /data/user/0/com.tv.kuaisou/files/libHyperPlayerplugin/4.8.1702.9097/libhyperplayer.so
06-26 11:31:50.686 1060 2686 E dangbei111: cccccc 检查遥控器是否连接: 蓝牙的结果 Dangbei E4:BB:D3:57:C0:18 false
06-26 11:31:50.686 1060 2686 E dangbei111: cccccc input中没有遥控器存在
06-26 11:31:50.686 1060 2686 E dangbei111: cccccc 蓝牙状态连接 不是连接状态 啥都不干
06-26 11:31:50.694 1060 2686 E dangbei111: cccccc 蓝牙状态连接 配对状态 尝试connect
06-26 11:31:50.697 1060 2686 D BluetoothGatt: cancelOpen() - device: E4:BB:D3:57:C0:18
06-26 11:31:50.698 1060 2686 D BluetoothGatt: close()
06-26 11:31:50.698 1060 2686 D BluetoothGatt: unregisterApp() - mClientIf=5
06-26 11:31:50.701 1060 2686 D BluetoothGatt: connect() - device: E4:BB:D3:57:C0:18, auto: true
06-26 11:31:50.701 1060 2686 D BluetoothGatt: registerApp()
06-26 11:31:50.701 1060 2686 D BluetoothGatt: registerApp() - UUID=d9995a21-4e96-4c7e-84e0-4f3e4c645445
06-26 11:31:50.703 668 1019 E bt_stack: [ERROR:bta_gattc_act.cc(298)] No such connection need to be cancelled
06-26 11:31:50.703 668 1019 I bt_stack: [INFO:gatt_api.cc(1231)] GATT_CancelConnect: gatt_if:5, address: e4:bb:d3:57:c0:18, direct:0
06-26 11:31:50.703 668 1019 I bt_stack: [INFO:gatt_api.cc(1042)] GATT_Deregister gatt_if=5
06-26 11:31:50.705 1060 2686 E dangbei111 : cccccc 开启检查任务
06-26 11:31:50.707 668 1019 I bluetooth: system/bt/stack/gatt/gatt_api.cc:1019 GATT_Register: Allocated name:GattClient uuid:9d7b3440-26ee-e1a3-c0a4-24269fe0826f gatt_if:5 eatt_support:0
06-26 11:31:50.707 1060 1284 D BluetoothGatt: onClientRegistered() - status=0 clientIf=5
06-26 11:31:50.712 668 876 I bt_btif_config: system/bt/btif/src/btif_config.cc:137 btif_get_device_type: Device [e4:bb:d3:57:c0:18] device type 2
06-26 11:31:50.714 1060 2686 E dangbei111: cccccc 开始扫描
06-26 11:31:50.716 1060 2686 D BluetoothAdapter: isLeEnabled(): ON
06-26 11:31:50.718 2644 2944 I UNIPLAYERSDK: PluginManager.cpp:200 PluginManager::fillLocalPluginInfo(LibPlayerPuma) update local info with candidate info.
06-26 11:31:50.718 2644 2944 I UNIPLAYERSDK: PlugInfoStore.cpp:454 PlugInfoStore::Local::getLocalPluginInfo(LibPlayerPuma)
06-26 11:31:50.718 2644 2944 I UNIPLAYERSDK: PlugInfoStore.cpp:776 PlugInfoStore::getPluginModules(LibPlayerPuma)
06-26 11:31:50.718 2644 2944 D UNIPLAYERSDK: PluginUtils.cpp:199 PluginUtils::isPluginModuleExisted, libPath= /data/user/0/com.tv.kuaisou/files/LibPlayerPuma/4.8.1702.6907
06-26 11:31:50.718 2644 2944 D UNIPLAYERSDK: PluginUtils.cpp:215 PluginHelper::checkModulesCompelete : 1
06-26 11:31:50.718 2644 2944 I UNIPLAYERSDK: PlugInfoStore.cpp:448 PlugInfoStore::Local::getVersion(LibPlayerPuma) 4.8.1702.6907
06-26 11:31:50.725 2644 2944 I UNIPLAYERSDK: PlugInfoStore.cpp:454 PlugInfoStore::Local::getLocalPluginInfo(LibPlayerPuma)
06-26 11:31:50.725 2644 2944 W UNIPLAYERSDK: PluginManager.cpp:288 onNativePluginLoaded(LibPlayerPuma): Plugin-in-Use path = /data/user/0/com.tv.kuaisou/files/LibPlayerPuma/4.8.1702.6907, ver = 4.8.1702.6907, type = local
06-26 11:31:50.725 2644 2944 I UNIPLAYERSDK: PlugInfoStore.cpp:776 PlugInfoStore::getPluginModules(LibPlayerPuma)
06-26 11:31:50.725 2644 2944 D UNIPLAYERSDK: PluginUtils.cpp:199 PluginUtils::isPluginModuleExisted, libPath= /data/user/0/com.tv.kuaisou/files/LibPlayerPuma/4.8.1702.6907
06-26 11:31:50.725 2644 2944 D UNIPLAYERSDK: PluginUtils.cpp:215 PluginHelper::checkModulesCompelete : 1
06-26 11:31:50.733 1060 1324 E RCInfo : vid:
06-26 11:31:50.739 1060 1324 E RCInfo : pid:
06-26 11:31:50.740 1060 1324 E RCInfo : vid:
06-26 11:31:50.740 1060 1324 E RCInfo : pid:
06-26 11:31:50.741 2644 2944 D UNIUTIL : LibraryLoaderUtils.cpp:30 LibraryLoaderUtils::getDebugLibPath isEnableSoDebug=0, libName=libWatermarkingproce.so, debugLibPath=
06-26 11:31:50.741 2644 2944 D UNIPLAYERSDK: PluginHelper.cpp:85 PluginHelper::saveNativeLibPathtoJson, lib name=libWatermarkingproce.so, soPath=/data/user/0/com.tv.kuaisou/files/LibPlayerPuma/4.8.1702.6907/libWatermarkingproce.so
06-26 11:31:50.741 2644 2944 D UNIUTIL : LibraryLoaderUtils.cpp:30 LibraryLoaderUtils::getDebugLibPath isEnableSoDebug=0, libName=libmcto_media_player.so, debugLibPath=
06-26 11:31:50.741 2644 2944 D UNIPLAYERSDK: PluginHelper.cpp:85 PluginHelper::saveNativeLibPathtoJson, lib name=libmcto_media_player.so, soPath=/data/user/0/com.tv.kuaisou/files/LibPlayerPuma/4.8.1702.6907/libmcto_media_player.so
06-26 11:31:50.741 2644 2944 D UNIUTIL : LibraryLoaderUtils.cpp:30 LibraryLoaderUtils::getDebugLibPath isEnableSoDebug=0, libName=libmctoffmpeg.so, debugLibPath=
06-26 11:31:50.754 2644 2938 V UFUnilog: UFNCurlClientHandleSocket.cpp : 128 {fuc=UFNMultiCurlClientImpl:HandleSocket(),logtag=longyuan_pb_21,interface_msg=MultiCurlImpl get ok!}
06-26 11:31:50.754 2644 2944 D UNIPLAYERSDK: PluginHelper.cpp:85 PluginHelper::saveNativeLibPathtoJson, lib name=libmctoffmpeg.so, soPath=/data/user/0/com.tv.kuaisou/files/LibPlayerPuma/4.8.1702.6907/libmctoffmpeg.so
06-26 11:31:50.754 2644 2944 I UNIPLAYERSDK: PluginHelper.cpp:92 PluginHelper::saveNativeLibPathtoJson {"libWatermarkingproce.so":"/data/user/0/com.tv.kuaisou/files/LibPlayerPuma/4.8.1702.6907/libWatermarkingproce.so","libcupid.so":"/data/user/0/com.tv.kuaisou/files/pluginsdkplayer/2.1107.1.220408/1.1107.2.04472/pluginsdkplayer-download-1.1107.2.04472-libs/libcupid.so","libcurl.so":"/data/user/0/com.tv.kuaisou/files/pluginsdkplayer/2.1107.1.220408/1.1107.2.04472/pluginsdkplayer-download-1.1107.2.04472-libs/libmctocurl.so","libdns.so":"/data/user/0/com.tv.kuaisou/files/libbasenetplugin/1.1107.0.16/libdns.so",
06-26 11:31:50.754 2644 2944 I UNIPLAYERSDK: PluginHelper.cpp:94 PluginHelper::saveNativeLibPathtoJson "libhyperplayer.so":"/data/user/0/com.tv.kuaisou/files/libHyperPlayerplugin/4.8.1702.9097/libhyperplayer.so","libmcto_media_player.so":"/data/user/0/com.tv.kuaisou/files/LibPlayerPuma/4.8.1702.6907/libmcto_media_player.so","libmctoffmpeg.so":"/data/user/0/com.tv.kuaisou/files/LibPlayerPuma/4.8.1702.6907/libmctoffmpeg.so","libqtpclient.so":"/data/user/0/com.tv.kuaisou/files/libHyperPlayerplugin/4.8.1702.9097/libhyperplayer.so"}
06-26 11:31:50.755 2644 2944 D UNIPLAYERSDK: PluginHelper.cpp:105 PluginHelper::saveNativeLibPathJsonAndHostVersion()(hostVersion=1.1107.2.04472, moduleJson={"libWatermarkingproce.so":"/data/user/0/com.tv.kuaisou/files/LibPlayerPuma/4.8.1702.6907/libWatermarkingproce.so","libcupid.so":"/data/user/0/com.tv.kuaisou/files/pluginsdkplayer/2.1107.1.220408/1.1107.2.04472/pluginsdkplayer-download-1.1107.2.04472-libs/libcupid.so","libcurl.so":"/data/user/0/com.tv.kuaisou/files/pluginsdkplayer/2.1107.1.220408/1.1107.2.04472/pluginsdkplayer-download-1.1107.2.04472-libs/libmctocurl.so","libdns.so":"/data/user/0/com.tv.kuaisou/files/libbasenetplugin/1.1107.0.16/libdns.so","libhyperplayer.so":"/data/user/0/com.tv.kuaisou/files/libHyperPlayerplugin/4.8.1702.9097/libhyperplayer.so","libmcto_media_player.so":"/data/user/0/com.tv.kuaisou/files/LibPlayerPuma/4.8.1702.6907/libmcto_media_player.so","libmctoffmpeg.so":"/data/user/0/com.tv.kuaisou/files/LibPlayerPuma/4.8.1702.6907/libmctoffmpeg.so","libqtpclient.so":"/data/user/0/com.tv.kuaisou/files/libHyperPlayerplugin/4.
06-26 11:31:50.755 2644 2944 D UNIUTIL : System.cpp:466 saveString key_native_lib_path_json : {"1.1107.2.04472":"{\"libWatermarkingproce.so\":\"/data/user/0/com.tv.kuaisou/files/LibPlayerPuma/4.8.1702.6907/libWatermarkingproce.so\",\"libcupid.so\":\"/data/user/0/com.tv.kuaisou/files/pluginsdkplayer/2.1107.1.220408/1.1107.2.04472/pluginsdkplayer-download-1.1107.2.04472-libs/libcupid.so\",\"libcurl.so\":\"/data/user/0/com.tv.kuaisou/files/pluginsdkplayer/2.1107.1.220408/1.1107.2.04472/pluginsdkplayer-download-1.1107.2.04472-libs/libmctocurl.so\",\"libdns.so\":\"/data/user/0/com.tv.kuaisou/files/libbasenetplugin/1.1107.0.16/libdns.so\",\"libhyperplayer.so\":\"/data/user/0/com.tv.kuaisou/files/libHyperPlayerplugin/4.8.1702.9097/libhyperplayer.so\",\"libmcto_media_player.so\":\"/data/user/0/com.tv.kuaisou/files/LibPlayerPuma/4.8.1702.6907/libmcto_media_player.so\",\"libmctoffmpeg.so\":\"/data/user/0/com.tv.kuaisou/files/LibPlayerPuma/4.8.1702.6907/libmctoffmpeg.so\",\"libqtpclient.so\":\"/data/user/0/com.tv.kuaisou/files/libHyperPlayerplugin/4.8.1702.90
06-26 11:31:50.755 2644 2945 V UFUnilog: UFNMultiCurlClientImpl.cpp : 102 {fuc=UFNMultiCurlClientImpl:Perform(),logtag=longyuan_pb_21,interface_msg=Out}
06-26 11:31:50.755 2644 2945 V UFUnilog: api_engine.cpp : 181 {fuc=APIEngine:Call(),logtag=longyuan_pb_21,interface_msg=Start Try!,try_count=1}
06-26 11:31:50.759 3004 3004 V GraphicsEnvironment: ANGLE Developer option for 'com.dangbei.screencast' set to: 'default'
06-26 11:31:50.759 3004 3004 V GraphicsEnvironment: Neither updatable production driver nor prerelease driver is supported.
