06-26 11:31:34.066 668 668 I a2dp_codec: system/bt/stack/a2dp/a2dp_codec_config.cc:665 init: init: initialized Sink codec SBC SINK
06-26 11:31:34.066 668 668 I a2dp_codec: system/bt/stack/a2dp/a2dp_codec_config.cc:569 init: init
06-26 11:31:34.066 668 668 I a2dp_codec: system/bt/stack/a2dp/a2dp_codec_config.cc:113 createCodec: createCodec: codec SBC
06-26 11:31:34.066 668 668 I a2dp_codec: system/bt/stack/a2dp/a2dp_codec_config.cc:633 init: init: updated SBC codec priority to 1001
06-26 11:31:34.066 668 668 I a2dp_codec: system/bt/stack/a2dp/a2dp_codec_config.cc:113 createCodec: createCodec: codec AAC
06-26 11:31:34.066 668 668 I a2dp_codec: system/bt/stack/a2dp/a2dp_codec_config.cc:633 init: init: updated AAC codec priority to 2001
06-26 11:31:34.066 668 668 I a2dp_codec: system/bt/stack/a2dp/a2dp_codec_config.cc:113 createCodec: createCodec: codec aptX
06-26 11:31:34.067 668 668 E a2dp_vendor_aptx_encoder: system/bt/stack/a2dp/a2dp_vendor_aptx_encoder.cc:123 A2DP_VendorLoadEncoderAptx: A2DP_VendorLoadEncoderAptx: cannot open aptX encoder library libaptX_encoder.so: dlopen failed: library "libaptX_encoder.so" not found
06-26 11:31:34.067 668 668 E a2dp_vendor_aptx: system/bt/stack/a2dp/a2dp_vendor_aptx.cc:465 init: init: cannot load the encoder
06-26 11:31:34.067 668 668 I a2dp_codec: system/bt/stack/a2dp/a2dp_codec_config.cc:113 createCodec: createCodec: codec aptX-HD
06-26 11:31:34.068 668 668 E a2dp_vendor_aptx_hd_encoder: system/bt/stack/a2dp/a2dp_vendor_aptx_hd_encoder.cc:123 A2DP_VendorLoadEncoderAptxHd: A2DP_VendorLoadEncoderAptxHd: cannot open aptX-HD encoder library libaptXHD_encoder.so: dlopen failed: library "libaptXHD_encoder.so" not found
06-26 11:31:34.068 668 668 E a2dp_vendor_aptx_hd: system/bt/stack/a2dp/a2dp_vendor_aptx_hd.cc:483 init: init: cannot load the encoder
06-26 11:31:34.068 668 668 I a2dp_codec: system/bt/stack/a2dp/a2dp_codec_config.cc:113 createCodec: createCodec: codec LDAC
06-26 11:31:34.068 668 668 I a2dp_codec: system/bt/stack/a2dp/a2dp_codec_config.cc:633 init: init: updated LDAC codec priority to 5001
06-26 11:31:34.068 668 668 I a2dp_codec: system/bt/stack/a2dp/a2dp_codec_config.cc:113 createCodec: createCodec: codec SBC SINK
06-26 11:31:34.068 668 668 I a2dp_codec: system/bt/stack/a2dp/a2dp_codec_config.cc:113 createCodec: createCodec: codec AAC SINK
06-26 11:31:34.068 668 668 I a2dp_codec: system/bt/stack/a2dp/a2dp_codec_config.cc:113 createCodec: createCodec: codec LDAC SINK
06-26 11:31:34.069 668 668 E a2dp_vendor_ldac_decoder: system/bt/stack/a2dp/a2dp_vendor_ldac_decoder.cc:134 A2DP_VendorLoadDecoderLdac: A2DP_VendorLoadDecoderLdac: cannot open LDAC decoder library libldacBT_bco.so: dlopen failed: library "libldacBT_bco.so" not found
06-26 11:31:34.069 668 668 E a2dp_vendor_ldac: system/bt/stack/a2dp/a2dp_vendor_ldac.cc:1418 init: init: cannot load the decoder
06-26 11:31:34.069 668 668 I a2dp_codec: system/bt/stack/a2dp/a2dp_codec_config.cc:658 init: init: initialized Source codec LDAC
06-26 11:31:34.069 668 668 I a2dp_codec: system/bt/stack/a2dp/a2dp_codec_config.cc:658 init: init: initialized Source codec AAC
06-26 11:31:34.069 668 668 I a2dp_codec: system/bt/stack/a2dp/a2dp_codec_config.cc:658 init: init: initialized Source codec SBC
06-26 11:31:34.069 668 668 I a2dp_codec: system/bt/stack/a2dp/a2dp_codec_config.cc:665 init: init: initialized Sink codec AAC SINK
06-26 11:31:34.069 668 668 I a2dp_codec: system/bt/stack/a2dp/a2dp_codec_config.cc:665 init: init: initialized Sink codec SBC SINK
06-26 11:31:34.069 668 668 I a2dp_codec: system/bt/stack/a2dp/a2dp_codec_config.cc:569 init: init
06-26 11:31:34.069 668 668 I a2dp_codec: system/bt/stack/a2dp/a2dp_codec_config.cc:113 createCodec: createCodec: codec SBC
06-26 11:31:34.069 668 668 I a2dp_codec: system/bt/stack/a2dp/a2dp_codec_config.cc:633 init: init: updated SBC codec priority to 1001
06-26 11:31:34.069 668 668 I a2dp_codec: system/bt/stack/a2dp/a2dp_codec_config.cc:113 createCodec: createCodec: codec AAC
06-26 11:31:34.069 668 668 I a2dp_codec: system/bt/stack/a2dp/a2dp_codec_config.cc:633 init: init: updated AAC codec priority to 2001
06-26 11:31:34.069 668 668 I a2dp_codec: system/bt/stack/a2dp/a2dp_codec_config.cc:113 createCodec: createCodec: codec aptX
06-26 11:31:34.069 668 668 E a2dp_vendor_aptx_encoder: system/bt/stack/a2dp/a2dp_vendor_aptx_encoder.cc:123 A2DP_VendorLoadEncoderAptx: A2DP_VendorLoadEncoderAptx: cannot open aptX encoder library libaptX_encoder.so: dlopen failed: library "libaptX_encoder.so" not found
06-26 11:31:34.069 668 668 E a2dp_vendor_aptx: system/bt/stack/a2dp/a2dp_vendor_aptx.cc:465 init: init: cannot load the encoder
06-26 11:31:34.069 668 668 I a2dp_codec: system/bt/stack/a2dp/a2dp_codec_config.cc:113 createCodec: createCodec: codec aptX-HD
06-26 11:31:34.070 668 668 E a2dp_vendor_aptx_hd_encoder: system/bt/stack/a2dp/a2dp_vendor_aptx_hd_encoder.cc:123 A2DP_VendorLoadEncoderAptxHd: A2DP_VendorLoadEncoderAptxHd: cannot open aptX-HD encoder library libaptXHD_encoder.so: dlopen failed: library "libaptXHD_encoder.so" not found
06-26 11:31:34.070 668 668 E a2dp_vendor_aptx_hd: system/bt/stack/a2dp/a2dp_vendor_aptx_hd.cc:483 init: init: cannot load the encoder
06-26 11:31:34.070 668 668 I a2dp_codec: system/bt/stack/a2dp/a2dp_codec_config.cc:113 createCodec: createCodec: codec LDAC
06-26 11:31:34.070 668 668 I a2dp_codec: system/bt/stack/a2dp/a2dp_codec_config.cc:633 init: init: updated LDAC codec priority to 5001
06-26 11:31:34.070 668 668 I a2dp_codec: system/bt/stack/a2dp/a2dp_codec_config.cc:113 createCodec: createCodec: codec SBC SINK
06-26 11:31:34.070 668 668 I a2dp_codec: system/bt/stack/a2dp/a2dp_codec_config.cc:113 createCodec: createCodec: codec AAC SINK
06-26 11:31:34.070 668 668 I a2dp_codec: system/bt/stack/a2dp/a2dp_codec_config.cc:113 createCodec: createCodec: codec LDAC SINK
06-26 11:31:34.079 1281 1281 D wpa_supplicant: TDLS: TDLS operation not supported by driver
06-26 11:31:34.079 1281 1281 D wpa_supplicant: TDLS: Driver uses internal link setup
06-26 11:31:34.079 1281 1281 D wpa_supplicant: TDLS: Driver does not support TDLS channel switching
06-26 11:31:34.080 1281 1281 D wpa_supplicant: wlan0: WPS: UUID based on MAC address: 9c907f24-96c2-56f2-9fdd-752c11c3bef8
06-26 11:31:34.082 1281 1281 D wpa_supplicant: EAPOL: SUPP_PAE entering state DISCONNECTED
06-26 11:31:34.082 1281 1281 D wpa_supplicant: EAPOL: Supplicant port status: Unauthorized
06-26 11:31:34.082 1281 1281 D wpa_supplicant: nl80211: Skip set_supp_port(unauthorized) while not associated
06-26 11:31:34.082 1281 1281 D wpa_supplicant: EAPOL: KEY_RX entering state NO_KEY_RECEIVE
06-26 11:31:34.082 1281 1281 D wpa_supplicant: EAPOL: SUPP_BE entering state INITIALIZE
06-26 11:31:34.082 1281 1281 D wpa_supplicant: EAP: EAP entering state DISABLED
06-26 11:31:34.083 1281 1281 D wpa_supplicant: Using existing control interface directory.
06-26 11:31:34.083 1281 1281 D wpa_supplicant: nl80211: Setting wowlan
06-26 11:31:34.086 1281 1281 D wpa_supplicant: MBO: Update non-preferred channels, non_pref_chan=N/A
06-26 11:31:34.086 1281 1281 D wpa_supplicant: Registering interface to hidl control: wlan0
06-26 11:31:34.086 1281 1281 D wpa_supplicant: wlan0: Added interface wlan0
06-26 11:31:34.086 1281 1281 D wpa_supplicant: wlan0: State: INACTIVE -> DISCONNECTED
06-26 11:31:34.086 1281 1281 D wpa_supplicant: nl80211: Set wlan0 operstate 0->0 (DORMANT)
06-26 11:31:34.086 1281 1281 D wpa_supplicant: netlink: Operstate: ifindex=14 linkmode=-1 (no change), operstate=5 (IF_OPER_DORMANT)
06-26 11:31:34.086 1281 1281 D wpa_supplicant: Notifying state change event to hidl control: 0
06-26 11:31:34.086 1281 1281 D wpa_supplicant: nl80211: Create interface iftype 10 (P2P_DEVICE)
06-26 11:31:34.086 668 668 E a2dp_vendor_ldac_decoder: system/bt/stack/a2dp/a2dp_vendor_ldac_decoder.cc:134 A2DP_VendorLoadDecoderLdac: A2DP_VendorLoadDecoderLdac: cannot open LDAC decoder library libldacBT_bco.so: dlopen failed: library "libldacBT_bco.so" not found
06-26 11:31:34.086 668 668 E a2dp_vendor_ldac: system/bt/stack/a2dp/a2dp_vendor_ldac.cc:1418 init: init: cannot load the decoder
06-26 11:31:34.087 668 668 I a2dp_codec: system/bt/stack/a2dp/a2dp_codec_config.cc:658 init: init: initialized Source codec LDAC
06-26 11:31:34.087 668 668 I a2dp_codec: system/bt/stack/a2dp/a2dp_codec_config.cc:658 init: init: initialized Source codec AAC
06-26 11:31:34.087 1281 1281 D wpa_supplicant: nl80211: New P2P Device interface p2p-dev-wlan0 (0x3) created
06-26 11:31:34.087 668 668 I a2dp_codec: system/bt/stack/a2dp/a2dp_codec_config.cc:658 init: init: initialized Source codec SBC
06-26 11:31:34.087 668 668 I a2dp_codec: system/bt/stack/a2dp/a2dp_codec_config.cc:665 init: init: initialized Sink codec AAC SINK
06-26 11:31:34.087 1281 1281 D wpa_supplicant: Override interface parameter: ctrl_interface ('/data/vendor/wifi/wpa/sockets' -> '/data/vendor/wifi/wpa/sockets')
06-26 11:31:34.087 668 668 I a2dp_codec: system/bt/stack/a2dp/a2dp_codec_config.cc:665 init: init: initialized Sink codec SBC SINK
06-26 11:31:34.087 1281 1281 D wpa_supplicant: Initializing interface 'p2p-dev-wlan0' conf '/data/vendor/wifi/wpa/wpa_supplicant.conf' driver 'nl80211' ctrl_interface '/data/vendor/wifi/wpa/sockets' bridge 'N/A'
06-26 11:31:34.087 668 668 I bt_btif_a2dp_source: system/bt/btif/src/btif_a2dp_source.cc:325 btif_a2dp_source_init: btif_a2dp_source_init
06-26 11:31:34.087 1281 1281 D wpa_supplicant: Configuration file '/data/vendor/wifi/wpa/wpa_supplicant.conf' -> '/data/vendor/wifi/wpa/wpa_supplicant.conf'
06-26 11:31:34.087 1281 1281 D wpa_supplicant: Reading configuration file '/data/vendor/wifi/wpa/wpa_supplicant.conf'
06-26 11:31:34.087 1281 1281 D wpa_supplicant: update_config=1
06-26 11:31:34.087 1281 1281 D wpa_supplicant: eapol_version=1
06-26 11:31:34.087 1281 1281 D wpa_supplicant: ap_scan=1
06-26 11:31:34.087 1281 1281 D wpa_supplicant: fast_reauth=1
06-26 11:31:34.087 1281 1281 D wpa_supplicant: pmf=1
06-26 11:31:34.087 1281 1281 D wpa_supplicant: p2p_add_cli_chan=1
06-26 11:31:34.087 1281 1281 D wpa_supplicant: oce=1
06-26 11:31:34.087 1281 1281 D wpa_supplicant: sae_pwe=2
06-26 11:31:34.088 1281 1281 D wpa_supplicant: nl80211: Supported cipher 00-0f-ac:1
06-26 11:31:34.088 1281 1281 D wpa_supplicant: nl80211: Supported cipher 00-0f-ac:5
06-26 11:31:34.088 1281 1281 D wpa_supplicant: nl80211: Supported cipher 00-0f-ac:2
06-26 11:31:34.088 1281 1281 D wpa_supplicant: nl80211: Supported cipher 00-0f-ac:4
06-26 11:31:34.088 1281 1281 D wpa_supplicant: nl80211: Supported cipher 00-14-72:1
06-26 11:31:34.088 1281 1281 D wpa_supplicant: nl80211: Supported cipher 00-0f-ac:6
06-26 11:31:34.088 1281 1281 D wpa_supplicant: nl80211: Supported cipher 00-0f-ac:255
06-26 11:31:34.088 1281 1281 D wpa_supplicant: nl80211: Supported vendor command: vendor_id=0x1374 subcmd=9
06-26 11:31:34.088 1281 1281 D wpa_supplicant: nl80211: Supported vendor command: vendor_id=0x1374 subcmd=12
06-26 11:31:34.088 1281 1281 D wpa_supplicant: nl80211: Supported vendor command: vendor_id=0x1374 subcmd=14
06-26 11:31:34.088 1281 1281 D wpa_supplicant: nl80211: Supported vendor command: vendor_id=0x1374 subcmd=15
06-26 11:31:34.088 1281 1281 D wpa_supplicant: nl80211: Supported vendor command: vendor_id=0x1374 subcmd=16
06-26 11:31:34.088 1281 1281 D wpa_supplicant: nl80211: Supported vendor command: vendor_id=0x1374 subcmd=20
06-26 11:31:34.088 1281 1281 D wpa_supplicant: nl80211: Supported vendor command: vendor_id=0x1a11 subcmd=6
06-26 11:31:34.088 1281 1281 D wpa_supplicant: nl80211: Supported vendor command: vendor_id=0x1374 subcmd=21
06-26 11:31:34.088 1281 1281 D wpa_supplicant: nl80211: Supported vendor command: vendor_id=0x1374 subcmd=22
06-26 11:31:34.088 1281 1281 D wpa_supplicant: nl80211: Supported vendor command: vendor_id=0x1374 subcmd=23
06-26 11:31:34.088 1281 1281 D wpa_supplicant: nl80211: Supported vendor command: vendor_id=0x1374 subcmd=24
06-26 11:31:34.088 1281 1281 D wpa_supplicant: nl80211: Supported vendor command: vendor_id=0x1374 subcmd=29
06-26 11:31:34.088 1281 1281 D wpa_supplicant: nl80211: Supported vendor command: vendor_id=0x1374 subcmd=30
06-26 11:31:34.088 1281 1281 D wpa_supplicant: nl80211: Supported vendor command: vendor_id=0x1374 subcmd=32
06-26 11:31:34.088 1281 1281 D wpa_supplicant: nl80211: Supported vendor command: vendor_id=0x1374 subcmd=33
06-26 11:31:34.088 1281 1281 D wpa_supplicant: nl80211: Supported vendor command: vendor_id=0x1374 subcmd=38
06-26 11:31:34.089 1281 1281 D wpa_supplicant: nl80211: Supported vendor command: vendor_id=0x1374 subcmd=39
06-26 11:31:34.089 1281 1281 D wpa_supplicant: nl80211: Supported vendor command: vendor_id=0x1374 subcmd=42
06-26 11:31:34.089 1281 1281 D wpa_supplicant: nl80211: Supported vendor command: vendor_id=0x1374 subcmd=55
06-26 11:31:34.089 1281 1281 D wpa_supplicant: nl80211: Supported vendor command: vendor_id=0x1374 subcmd=61
06-26 11:31:34.089 1281 1281 D wpa_supplicant: nl80211: Supported vendor command: vendor_id=0x1374 subcmd=62
06-26 11:31:34.093 1281 1281 D wpa_supplicant: nl80211: Supported vendor command: vendor_id=0x1374 subcmd=63
06-26 11:31:34.093 1281 1281 D wpa_supplicant: nl80211: Supported vendor command: vendor_id=0x1374 subcmd=64
06-26 11:31:34.093 1281 1281 D wpa_supplicant: nl80211: Supported vendor command: vendor_id=0x1374 subcmd=65
06-26 11:31:34.093 1281 1281 D wpa_supplicant: nl80211: Supported vendor command: vendor_id=0x1374 subcmd=66
06-26 11:31:34.093 1281 1281 D wpa_supplicant: nl80211: Supported vendor command: vendor_id=0x1374 subcmd=69
06-26 11:31:34.093 1281 1281 D wpa_supplicant: nl80211: Supported vendor command: vendor_id=0x1374 subcmd=70
06-26 11:31:34.093 1281 1281 D wpa_supplicant: nl80211: Supported vendor command: vendor_id=0x1374 subcmd=71
06-26 11:31:34.093 1281 1281 D wpa_supplicant: nl80211: Supported vendor command: vendor_id=0x1374 subcmd=76
06-26 11:31:34.093 1281 1281 D wpa_supplicant: nl80211: Supported vendor command: vendor_id=0x1374 subcmd=77
06-26 11:31:34.093 1281 1281 D wpa_supplicant: nl80211: Supported vendor command: vendor_id=0x1374 subcmd=79
06-26 11:31:34.093 1281 1281 D wpa_supplicant: nl80211: Supported vendor command: vendor_id=0x1374 subcmd=80
06-26 11:31:34.094 1281 1281 D wpa_supplicant: nl80211: Supported vendor command: vendor_id=0x1374 subcmd=82
06-26 11:31:34.094 1281 1281 D wpa_supplicant: nl80211: Supported vendor command: vendor_id=0x1374 subcmd=85
06-26 11:31:34.094 1281 1281 D wpa_supplicant: nl80211: Supported vendor command: vendor_id=0x1374 subcmd=146
06-26 11:31:34.094 1281 1281 D wpa_supplicant: nl80211: Supported vendor command: vendor_id=0x1374 subcmd=12
06-26 11:31:34.094 1281 1281 D wpa_supplicant: nl80211: Supported vendor command: vendor_id=0x1374 subcmd=128
06-26 11:31:34.094 1281 1281 D wpa_supplicant: nl80211: Supported vendor command: vendor_id=0x1374 subcmd=129
06-26 11:31:34.094 1281 1281 D wpa_supplicant: nl80211: Supported vendor command: vendor_id=0x1374 subcmd=130
06-26 11:31:34.094 1281 1281 D wpa_supplicant: nl80211: Supported vendor command: vendor_id=0x1374 subcmd=133
06-26 11:31:34.094 1281 1281 D wpa_supplicant: nl80211: Supported vendor command: vendor_id=0x1374 subcmd=176
06-26 11:31:34.096 1281 1281 D wpa_supplicant: nl80211: Supported vendor event: vendor_id=0x1374 subcmd=80
06-26 11:31:34.096 1281 1281 D wpa_supplicant: nl80211: Supported vendor event: vendor_id=0x1374 subcmd=1
06-26 11:31:34.096 1281 1281 D wpa_supplicant: nl80211: Supported vendor event: vendor_id=0x1374 subcmd=1
06-26 11:31:34.096 1281 1281 D wpa_supplicant: nl80211: Supported vendor event: vendor_id=0x1374 subcmd=1
06-26 11:31:34.096 1281 1281 D wpa_supplicant: nl80211: Supported vendor event: vendor_id=0x1374 subcmd=1
06-26 11:31:34.096 1281 1281 D wpa_supplicant: nl80211: Supported vendor event: vendor_id=0x1374 subcmd=1
06-26 11:31:34.096 1281 1281 D wpa_supplicant: nl80211: Supported vendor event: vendor_id=0x1374 subcmd=20
06-26 11:31:34.096 1281 1281 D wpa_supplicant: nl80211: Supported vendor event: vendor_id=0x1374 subcmd=21
06-26 11:31:34.096 1281 1281 D wpa_supplicant: nl80211: Supported vendor event: vendor_id=0x1374 subcmd=23
06-26 11:31:34.096 1281 1281 D wpa_supplicant: nl80211: Supported vendor event: vendor_id=0x1374 subcmd=24
06-26 11:31:34.096 1281 1281 D wpa_supplicant: nl80211: Supported vendor event: vendor_id=0x1374 subcmd=25
06-26 11:31:34.096 1281 1281 D wpa_supplicant: nl80211: Supported vendor event: vendor_id=0x1374 subcmd=26
06-26 11:31:34.096 1281 1281 D wpa_supplicant: nl80211: Supported vendor event: vendor_id=0x1374 subcmd=27
06-26 11:31:34.096 1281 1281 D wpa_supplicant: nl80211: Supported vendor event: vendor_id=0x1374 subcmd=28
06-26 11:31:34.096 1281 1281 D wpa_supplicant: nl80211: Supported vendor event: vendor_id=0x1374 subcmd=41
06-26 11:31:34.096 1281 1281 D wpa_supplicant: nl80211: Supported vendor event: vendor_id=0x1374 subcmd=29
06-26 11:31:34.096 1281 1281 D wpa_supplicant: nl80211: Supported vendor event: vendor_id=0x1374 subcmd=30
06-26 11:31:34.096 1281 1281 D wpa_supplicant: nl80211: Supported vendor event: vendor_id=0x1374 subcmd=31
06-26 11:31:34.096 1281 1281 D wpa_supplicant: nl80211: Supported vendor event: vendor_id=0x1374 subcmd=32
06-26 11:31:34.096 1281 1281 D wpa_supplicant: nl80211: Supported vendor event: vendor_id=0x1374 subcmd=33
06-26 11:31:34.096 1281 1281 D wpa_supplicant: nl80211: Supported vendor event: vendor_id=0x0 subcmd=0
06-26 11:31:34.096 1281 1281 D wpa_supplicant: nl80211: Supported vendor event: vendor_id=0x0 subcmd=0
06-26 11:31:34.096 1281 1281 D wpa_supplicant: nl80211: Supported vendor event: vendor_id=0x0 subcmd=0
06-26 11:31:34.096 1281 1281 D wpa_supplicant: nl80211: Supported vendor event: vendor_id=0x0 subcmd=0
06-26 11:31:34.096 1281 1281 D wpa_supplicant: nl80211: Supported vendor event: vendor_id=0x0 subcmd=0
06-26 11:31:34.096 1281 1281 D wpa_supplicant: nl80211: Supported vendor event: vendor_id=0x0 subcmd=0
06-26 11:31:34.096 1281 1281 D wpa_supplicant: nl80211: Supported vendor event: vendor_id=0x0 subcmd=0
06-26 11:31:34.096 1281 1281 D wpa_supplicant: nl80211: Supported vendor event: vendor_id=0x0 subcmd=0
06-26 11:31:34.096 1281 1281 D wpa_supplicant: nl80211: Supported vendor event: vendor_id=0x0 subcmd=0
06-26 11:31:34.096 1281 1281 D wpa_supplicant: nl80211: Supported vendor event: vendor_id=0x0 subcmd=0
06-26 11:31:34.096 1281 1281 D wpa_supplicant: nl80211: Supported vendor event: vendor_id=0x0 subcmd=0
06-26 11:31:34.096 1281 1281 D wpa_supplicant: nl80211: Supported vendor event: vendor_id=0x0 subcmd=0
06-26 11:31:34.096 1281 1281 D wpa_supplicant: nl80211: Supported vendor event: vendor_id=0x1374 subcmd=5120
06-26 11:31:34.096 1281 1281 D wpa_supplicant: nl80211: Supported vendor event: vendor_id=0x0 subcmd=0
06-26 11:31:34.096 1281 1281 D wpa_supplicant: nl80211: Supported vendor event: vendor_id=0x0 subcmd=0
06-26 11:31:34.096 1281 1281 D wpa_supplicant: nl80211: Supported vendor event: vendor_id=0x0 subcmd=0
06-26 11:31:34.096 1281 1281 D wpa_supplicant: nl80211: Supported vendor event: vendor_id=0x0 subcmd=0
06-26 11:31:34.096 1281 1281 D wpa_supplicant: nl80211: Supported vendor event: vendor_id=0x0 subcmd=0
06-26 11:31:34.096 1281 1281 D wpa_supplicant: nl80211: Supported vendor event: vendor_id=0x0 subcmd=0
06-26 11:31:34.096 1281 1281 D wpa_supplicant: nl80211: Supported vendor event: vendor_id=0x0 subcmd=0
06-26 11:31:34.096 1281 1281 D wpa_supplicant: nl80211: Supported vendor event: vendor_id=0x0 subcmd=0
06-26 11:31:34.096 1281 1281 D wpa_supplicant: nl80211: Supported vendor event: vendor_id=0x0 subcmd=0
06-26 11:31:34.096 1281 1281 D wpa_supplicant: nl80211: Supported vendor event: vendor_id=0x0 subcmd=0
06-26 11:31:34.096 1281 1281 D wpa_supplicant: nl80211: Supported vendor event: vendor_id=0x0 subcmd=0
06-26 11:31:34.096 1281 1281 D wpa_supplicant: nl80211: Supported vendor event: vendor_id=0x0 subcmd=0
06-26 11:31:34.096 1281 1281 D wpa_supplicant: nl80211: Supported vendor event: vendor_id=0x0 subcmd=0
06-26 11:31:34.096 1281 1281 D wpa_supplicant: nl80211: Supported vendor event: vendor_id=0x0 subcmd=0
06-26 11:31:34.096 1281 1281 D wpa_supplicant: nl80211: Supported vendor event: vendor_id=0x0 subcmd=0
06-26 11:31:34.096 1281 1281 D wpa_supplicant: nl80211: Supported vendor event: vendor_id=0x0 subcmd=0
06-26 11:31:34.096 1281 1281 D wpa_supplicant: nl80211: Supported vendor event: vendor_id=0x0 subcmd=0
06-26 11:31:34.096 1281 1281 D wpa_supplicant: nl80211: Supported vendor event: vendor_id=0x0 subcmd=0
06-26 11:31:34.096 1281 1281 D wpa_supplicant: nl80211: Supported vendor event: vendor_id=0x0 subcmd=0
06-26 11:31:34.096 1281 1281 D wpa_supplicant: nl80211: Supported vendor event: vendor_id=0x0 subcmd=0
06-26 11:31:34.096 1281 1281 D wpa_supplicant: nl80211: Supported vendor event: vendor_id=0x0 subcmd=0
06-26 11:31:34.096 1281 1281 D wpa_supplicant: nl80211: Supported vendor event: vendor_id=0x0 subcmd=0
06-26 11:31:34.096 1281 1281 D wpa_supplicant: nl80211: Supported vendor event: vendor_id=0x0 subcmd=0
06-26 11:31:34.096 1281 1281 D wpa_supplicant: nl80211: Supported vendor event: vendor_id=0x0 subcmd=0
06-26 11:31:34.096 1281 1281 D wpa_supplicant: nl80211: Supported vendor event: vendor_id=0x0 subcmd=0
06-26 11:31:34.096 1281 1281 D wpa_supplicant: nl80211: Supported vendor event: vendor_id=0x0 subcmd=0
06-26 11:31:34.096 1281 1281 D wpa_supplicant: nl80211: Supported vendor event: vendor_id=0x0 subcmd=0
06-26 11:31:34.096 1281 1281 D wpa_supplicant: nl80211: Supported vendor event: vendor_id=0x0 subcmd=0
06-26 11:31:34.096 1281 1281 D wpa_supplicant: nl80211: Supported vendor event: vendor_id=0x0 subcmd=0
06-26 11:31:34.096 1281 1281 D wpa_supplicant: nl80211: Supported vendor event: vendor_id=0x0 subcmd=0
06-26 11:31:34.096 1281 1281 D wpa_supplicant: nl80211: Supported vendor event: vendor_id=0x0 subcmd=0
06-26 11:31:34.096 1281 1281 D wpa_supplicant: nl80211: Supported vendor event: vendor_id=0x1374 subcmd=131
06-26 11:31:34.097 1281 1281 D wpa_supplicant: nl80211: Supported vendor event: vendor_id=0x1374 subcmd=132
06-26 11:31:34.097 1281 1281 D wpa_supplicant: nl80211: Supported vendor event: vendor_id=0x0 subcmd=0
06-26 11:31:34.097 1281 1281 D wpa_supplicant: nl80211: Supported vendor event: vendor_id=0x0 subcmd=0
06-26 11:31:34.097 1281 1281 D wpa_supplicant: nl80211: Supported vendor event: vendor_id=0x0 subcmd=0
06-26 11:31:34.097 1281 1281 D wpa_supplicant: nl80211: Supported vendor event: vendor_id=0x0 subcmd=0
06-26 11:31:34.097 1281 1281 D wpa_supplicant: nl80211: Supported vendor event: vendor_id=0x0 subcmd=0
06-26 11:31:34.097 1281 1281 D wpa_supplicant: nl80211: Supported vendor event: vendor_id=0x0 subcmd=0
06-26 11:31:34.097 1281 1281 D wpa_supplicant: nl80211: Supported vendor event: vendor_id=0x1374 subcmd=72
06-26 11:31:34.097 1281 1281 D wpa_supplicant: nl80211: Use separate P2P group interface (driver advertised support)
06-26 11:31:34.097 1281 1281 D wpa_supplicant: nl80211: Enable multi-channel concurrent (driver advertised support)
06-26 11:31:34.097 1281 1281 D wpa_supplicant: nl80211: use P2P_DEVICE support
06-26 11:31:34.099 1281 1281 D wpa_supplicant: nl80211: key_mgmt=0xd0f enc=0x10f auth=0x7 flags=0x100100007a007ac0 rrm_flags=0x0 probe_resp_offloads=0x0 max_stations=10 max_remain_on_chan=5000 max_scan_ssids=12
06-26 11:31:34.099 1281 1281 D wpa_supplicant: nl80211: interface p2p-dev-wlan0 in phy phy0
06-26 11:31:34.099 1281 1281 D wpa_supplicant: nl80211: Set mode ifindex 0 iftype 10 (P2P_DEVICE)
06-26 11:31:34.099 1281 1281 D wpa_supplicant: nl80211: Failed to set interface 0 to mode 10: -22 (Invalid argument)
06-26 11:31:34.100 1281 1281 D wpa_supplicant: nl80211: Subscribe to mgmt frames with non-AP handle 0xed7e9848
06-26 11:31:34.100 1281 1281 D wpa_supplicant: nl80211: Register frame type=0xb0 (WLAN_FC_STYPE_AUTH) nl_handle=0xed7e9848 match=0300 multicast=0
06-26 11:31:34.100 1281 1281 D wpa_supplicant: nl80211: Register frame command failed (type=176): ret=-22 (Invalid argument)
06-26 11:31:34.100 1281 1281 D wpa_supplicant: nl80211: Register frame match - hexdump(len=2): 03 00
06-26 11:31:34.100 1281 1281 D wpa_supplicant: nl80211: Register frame type=0xd0 (WLAN_FC_STYPE_ACTION) nl_handle=0xed7e9848 match=0104 multicast=0
06-26 11:31:34.100 1281 1281 D wpa_supplicant: nl80211: Register frame type=0xd0 (WLAN_FC_STYPE_ACTION) nl_handle=0xed7e9848 match=040a multicast=0
06-26 11:31:34.100 1281 1281 D wpa_supplicant: nl80211: Register frame type=0xd0 (WLAN_FC_STYPE_ACTION) nl_handle=0xed7e9848 match=040b multicast=0
06-26 11:31:34.100 1281 1281 D wpa_supplicant: nl80211: Register frame type=0xd0 (WLAN_FC_STYPE_ACTION) nl_handle=0xed7e9848 match=040c multicast=0
06-26 11:31:34.100 1281 1281 D wpa_supplicant: nl80211: Register frame type=0xd0 (WLAN_FC_STYPE_ACTION) nl_handle=0xed7e9848 match=040d multicast=0
06-26 11:31:34.100 1281 1281 D wpa_supplicant: nl80211: Register frame type=0xd0 (WLAN_FC_STYPE_ACTION) nl_handle=0xed7e9848 match=090a multicast=0
06-26 11:31:34.100 1281 1281 D wpa_supplicant: nl80211: Register frame type=0xd0 (WLAN_FC_STYPE_ACTION) nl_handle=0xed7e9848 match=090b multicast=0
06-26 11:31:34.100 1281 1281 D wpa_supplicant: nl80211: Register frame type=0xd0 (WLAN_FC_STYPE_ACTION) nl_handle=0xed7e9848 match=090c multicast=0
06-26 11:31:34.100 1281 1281 D wpa_supplicant: nl80211: Register frame type=0xd0 (WLAN_FC_STYPE_ACTION) nl_handle=0xed7e9848 match=090d multicast=0
06-26 11:31:34.101 1281 1281 D wpa_supplicant: nl80211: Register frame type=0xd0 (WLAN_FC_STYPE_ACTION) nl_handle=0xed7e9848 match=0409506f9a09 multicast=0
06-26 11:31:34.101 1281 1281 D wpa_supplicant: nl80211: Register frame type=0xd0 (WLAN_FC_STYPE_ACTION) nl_handle=0xed7e9848 match=7f506f9a09 multicast=0
06-26 11:31:34.101 1281 1281 D wpa_supplicant: nl80211: Register frame type=0xd0 (WLAN_FC_STYPE_ACTION) nl_handle=0xed7e9848 match=0409506f9a1a multicast=0
06-26 11:31:34.101 1281 1281 D wpa_supplicant: nl80211: Register frame type=0xd0 (WLAN_FC_STYPE_ACTION) nl_handle=0xed7e9848 match=0801 multicast=0
06-26 11:31:34.101 1281 1281 D wpa_supplicant: nl80211: Register frame type=0xd0 (WLAN_FC_STYPE_ACTION) nl_handle=0xed7e9848 match=06 multicast=0
06-26 11:31:34.101 1281 1281 D wpa_supplicant: nl80211: Register frame type=0xd0 (WLAN_FC_STYPE_ACTION) nl_handle=0xed7e9848 match=0a07 multicast=0
06-26 11:31:34.101 1281 1281 D wpa_supplicant: nl80211: Register frame type=0xd0 (WLAN_FC_STYPE_ACTION) nl_handle=0xed7e9848 match=0a11 multicast=0
06-26 11:31:34.101 1281 1281 D wpa_supplicant: nl80211: Register frame type=0xd0 (WLAN_FC_STYPE_ACTION) nl_handle=0xed7e9848 match=0a0b multicast=0
06-26 11:31:34.101 1281 1281 D wpa_supplicant: nl80211: Register frame type=0xd0 (WLAN_FC_STYPE_ACTION) nl_handle=0xed7e9848 match=0a1a multicast=0
06-26 11:31:34.101 1281 1281 D wpa_supplicant: nl80211: Register frame type=0xd0 (WLAN_FC_STYPE_ACTION) nl_handle=0xed7e9848 match=1101 multicast=0
06-26 11:31:34.102 1281 1281 D wpa_supplicant: nl80211: Register frame type=0xd0 (WLAN_FC_STYPE_ACTION) nl_handle=0xed7e9848 match=1102 multicast=0
06-26 11:31:34.102 1281 1281 D wpa_supplicant: nl80211: Register frame type=0xd0 (WLAN_FC_STYPE_ACTION) nl_handle=0xed7e9848 match=0505 multicast=0
06-26 11:31:34.102 1281 1281 D wpa_supplicant: nl80211: Register frame type=0xd0 (WLAN_FC_STYPE_ACTION) nl_handle=0xed7e9848 match=0500 multicast=0
06-26 11:31:34.102 1281 1281 D wpa_supplicant: nl80211: Register frame type=0xd0 (WLAN_FC_STYPE_ACTION) nl_handle=0xed7e9848 match=1305 multicast=0
06-26 11:31:34.102 1281 1281 I wpa_supplicant: rfkill: Cannot get wiphy information
06-26 11:31:34.102 1281 1281 D wpa_supplicant: nl80211: RFKILL status not available
06-26 11:31:34.103 668 1327 I bt_stack: [INFO:message_loop_thread.cc(224)] Run: message loop starting for thread bt_a2dp_source_worker_thread
06-26 11:31:34.105 668 668 I bt_btif_storage: system/bt/btif/src/btif_storage.cc:661 btif_storage_get_adapter_property: btif_storage_get_adapter_property service_mask:0x20000048
06-26 11:31:34.105 668 1019 I bt_bta_av: system/bt/bta/av/bta_av_main.cc:418 bta_av_api_register: bta_av_api_register: AVRCP version used for sdp: "avrcp15"
06-26 11:31:34.105 668 1327 I bt_btif_a2dp_source: system/bt/btif/src/btif_a2dp_source.cc:335 btif_a2dp_source_init_delayed: btif_a2dp_source_init_delayed
06-26 11:31:34.105 668 1019 I bt_l2cap: system/bt/stack/l2cap/l2c_api.cc:134 L2CA_Register: L2CAP Registered service classic PSM: 0x0019
06-26 11:31:34.105 668 1019 I bt_l2cap: system/bt/stack/l2cap/l2c_api.cc:134 L2CA_Register: L2CAP Registered service classic PSM: 0x0017
06-26 11:31:34.105 668 1019 I bt_l2cap: system/bt/stack/l2cap/l2c_api.cc:134 L2CA_Register: L2CAP Registered service classic PSM: 0x001b
06-26 11:31:34.105 668 1019 I bt_bta_dm: system/bt/bta/dm/bta_dm_act.cc:3191 bta_dm_eir_update_uuid: EIR Adding UUID=0x110A into extended inquiry response
06-26 11:31:34.105 668 1019 I bt_bta_dm: system/bt/bta/dm/bta_dm_act.cc:2890 bta_dm_set_eir: Generating extended inquiry response packet EIR
06-26 11:31:34.105 668 1019 I bt_bta_av: system/bt/bta/av/bta_av_act.cc:304 bta_av_rc_create: Skipping RC creation for the old AVRCP profile
06-26 11:31:34.105 668 1019 I bt_bta_dm: system/bt/bta/dm/bta_dm_act.cc:3191 bta_dm_eir_update_uuid: EIR Adding UUID=0x110E into extended inquiry response
06-26 11:31:34.105 668 1019 I bt_bta_dm: system/bt/bta/dm/bta_dm_act.cc:2890 bta_dm_set_eir: Generating extended inquiry response packet EIR
06-26 11:31:34.106 668 1019 I bt_bta_av: system/bt/bta/av/bta_av_main.cc:418 bta_av_api_register: bta_av_api_register: AVRCP version used for sdp: "avrcp15"
06-26 11:31:34.106 668 1019 I bt_bta_av: system/bt/bta/av/bta_av_main.cc:418 bta_av_api_register: bta_av_api_register: AVRCP version used for sdp: "avrcp15"
06-26 11:31:34.106 668 1019 I bt_bta_av: system/bt/bta/av/bta_av_main.cc:418 bta_av_api_register: bta_av_api_register: AVRCP version used for sdp: "avrcp15"
06-26 11:31:34.106 668 1019 I bt_bta_av: system/bt/bta/av/bta_av_main.cc:418 bta_av_api_register: bta_av_api_register: AVRCP version used for sdp: "avrcp15"
06-26 11:31:34.106 668 1019 I bt_bta_av: system/bt/bta/av/bta_av_main.cc:418 bta_av_api_register: bta_av_api_register: AVRCP version used for sdp: "avrcp15"
06-26 11:31:34.108 668 668 D A2dpService: A2DP offload flag set to false
06-26 11:31:34.109 1281 1281 D wpa_supplicant: nl80211: Start P2P Device p2p-dev-wlan0 (0x3): Success
06-26 11:31:34.111 1281 1281 D wpa_supplicant: Add interface p2p-dev-wlan0 to existing radio phy0
06-26 11:31:34.115 1281 1281 D wpa_supplicant: nl80211: No channel number found for frequency 5920 MHz
06-26 11:31:34.115 1281 1281 D wpa_supplicant: nl80211: No channel number found for frequency 5940 MHz
06-26 11:31:34.116 1281 1281 D wpa_supplicant: nl80211: Regulatory information - country=CN (DFS-FCC)
06-26 11:31:34.116 1281 1281 D wpa_supplicant: nl80211: 2400-2483 @ 40 MHz 20 mBm
06-26 11:31:34.116 1281 1281 D wpa_supplicant: nl80211: 5150-5350 @ 80 MHz 20 mBm (DFS)
06-26 11:31:34.116 1281 1281 D wpa_supplicant: nl80211: 5725-5850 @ 80 MHz 33 mBm
06-26 11:31:34.116 1281 1281 D wpa_supplicant: nl80211: 57240-59400 @ 2160 MHz 28 mBm
06-26 11:31:34.116 1281 1281 D wpa_supplicant: nl80211: 59400-63720 @ 2160 MHz 44 mBm
06-26 11:31:34.116 1281 1281 D wpa_supplicant: nl80211: 63720-65880 @ 2160 MHz 28 mBm
06-26 11:31:34.116 1281 1281 D wpa_supplicant: nl80211: Added 802.11b mode based on 802.11g information
06-26 11:31:34.116 1281 1281 D wpa_supplicant: nl80211: Mode IEEE 802.11g: 2412 2417 2422 2427 2432 2437 2442 2447 2452 2457 2462 2467 2472 2484[DISABLED]
06-26 11:31:34.116 1281 1281 D wpa_supplicant: nl80211: Mode IEEE 802.11a: 5170[DISABLED] 5180 5200 5220 5240 5260[RADAR] 5280[RADAR] 5300[RADAR] 5320[RADAR] 5500[DISABLED][RADAR] 5520[DISABLED][RADAR] 5540[DISABLED][RADAR] 5560[DISABLED][RADAR] 5580[DISABLED][RADAR]
06-26 11:31:34.116 1281 1281 D wpa_supplicant: nl80211: Mode IEEE 802.11b: 2412 2417 2422 2427 2432 2437 2442 2447 2452 2457 2462 2467 2472 2484[DISABLED]
06-26 11:31:34.116 1281 1281 D wpa_supplicant: p2p-dev-wlan0: Own MAC address: b6:2f:03:15:e8:b9
06-26 11:31:34.116 1281 1281 D wpa_supplicant: p2p-dev-wlan0: RSN: flushing PMKID list in the driver
06-26 11:31:34.116 1281 1281 D wpa_supplicant: nl80211: Flush PMKIDs
06-26 11:31:34.116 1281 1281 D wpa_supplicant: p2p-dev-wlan0: State: DISCONNECTED -> INACTIVE
06-26 11:31:34.116 1281 1281 D wpa_supplicant: p2p-dev-wlan0: WPS: UUID from the first interface: 9c907f24-96c2-56f2-9fdd-752c11c3bef8
06-26 11:31:34.117 1281 1281 D wpa_supplicant: EAPOL: SUPP_PAE entering state DISCONNECTED
06-26 11:31:34.117 1281 1281 D wpa_supplicant: EAPOL: Supplicant port status: Unauthorized
06-26 11:31:34.117 1281 1281 D wpa_supplicant: nl80211: Skip set_supp_port(unauthorized) while not associated
06-26 11:31:34.117 1281 1281 D wpa_supplicant: EAPOL: KEY_RX entering state NO_KEY_RECEIVE
06-26 11:31:34.117 1281 1281 D wpa_supplicant: EAPOL: SUPP_BE entering state INITIALIZE
06-26 11:31:34.117 1281 1281 D wpa_supplicant: EAP: EAP entering state DISABLED
06-26 11:31:34.117 1281 1281 D wpa_supplicant: Using existing control interface directory.
06-26 11:31:34.125 668 668 D A2dpService: setA2dpService(): set to: com.android.bluetooth.a2dp.A2dpService@8767e78
06-26 11:31:34.126 668 885 D BluetoothActiveDeviceManager: handleMessage(MESSAGE_ADAPTER_ACTION_STATE_CHANGED): newState=11
06-26 11:31:34.133 1281 1281 D wpa_supplicant: P2P: Add operating class 81
06-26 11:31:34.133 1281 1281 D wpa_supplicant: P2P: Channels - hexdump(len=13): 01 02 03 04 05 06 07 08 09 0a 0b 0c 0d
06-26 11:31:34.133 1281 1281 D wpa_supplicant: P2P: Add operating class 115
06-26 11:31:34.134 1281 1281 D wpa_supplicant: P2P: Channels - hexdump(len=4): 24 28 2c 30
06-26 11:31:34.134 1281 1281 D wpa_supplicant: P2P: Add operating class 116
06-26 11:31:34.135 1281 1281 D wpa_supplicant: P2P: Channels - hexdump(len=2): 24 2c
06-26 11:31:34.136 1281 1281 D wpa_supplicant: P2P: Add operating class 117
06-26 11:31:34.136 1281 1281 D wpa_supplicant: P2P: Channels - hexdump(len=2): 28 30
06-26 11:31:34.136 1281 1281 D wpa_supplicant: P2P: Add operating class 124
06-26 11:31:34.136 1281 1281 D wpa_supplicant: P2P: Channels - hexdump(len=4): 95 99 9d a1
06-26 11:31:34.136 1281 1281 D wpa_supplicant: P2P: Add operating class 125
06-26 11:31:34.136 1281 1281 D wpa_supplicant: P2P: Channels - hexdump(len=5): 95 99 9d a1 a5
06-26 11:31:34.136 1281 1281 D wpa_supplicant: P2P: Add operating class 126
06-26 11:31:34.136 1281 1281 D wpa_supplicant: P2P: Channels - hexdump(len=2): 95 9d
06-26 11:31:34.136 1281 1281 D wpa_supplicant: P2P: Add operating class 127
06-26 11:31:34.136 1281 1281 D wpa_supplicant: P2P: Channels - hexdump(len=2): 99 a1
06-26 11:31:34.136 1281 1281 D wpa_supplicant: P2P: Add operating class 128
06-26 11:31:34.136 1281 1281 D wpa_supplicant: P2P: Channels - hexdump(len=8): 24 28 2c 30 95 99 9d a1
06-26 11:31:34.136 1281 1281 D wpa_supplicant: P2P: Add operating class 130
06-26 11:31:34.136 1281 1281 D wpa_supplicant: P2P: Channels - hexdump(len=9): 24 28 2c 30 95 99 9d a1 a5
06-26 11:31:34.137 1281 1281 D wpa_supplicant: P2P: Own listen channel: 81:1
06-26 11:31:34.137 1281 1281 D wpa_supplicant: P2P: Random operating channel: 81:6
06-26 11:31:34.137 1281 1281 D wpa_supplicant: P2P: initialized
06-26 11:31:34.137 1281 1281 D wpa_supplicant: P2P: channels: 81:1,2,3,4,5,6,7,8,9,10,11,12,13 115:36,40,44,48 116:36,44 117:40,48 124:149,153,157,161 125:149,153,157,161,165 126:149,157 127:153,161 128:36,40,44,48,149,153,157,161 130:36,40,44,48,149,153,157,161,165
06-26 11:31:34.137 1281 1281 D wpa_supplicant: P2P: cli_channels:
06-26 11:31:34.137 1281 1281 D wpa_supplicant: MBO: Update non-preferred channels, non_pref_chan=N/A
06-26 11:31:34.137 1281 1281 D wpa_supplicant: Registering interface to hidl control: p2p-dev-wlan0
06-26 11:31:34.137 1281 1281 D wpa_supplicant: p2p-dev-wlan0: Added interface p2p-dev-wlan0
06-26 11:31:34.137 1281 1281 D wpa_supplicant: p2p-dev-wlan0: State: INACTIVE -> DISCONNECTED
06-26 11:31:34.137 1281 1281 D wpa_supplicant: nl80211: Set p2p-dev-wlan0 operstate 0->0 (DORMANT)
06-26 11:31:34.141 1281 1281 D wpa_supplicant: netlink: Operstate: ifindex=0 linkmode=-1 (no change), operstate=5 (IF_OPER_DORMANT)
06-26 11:31:34.141 1281 1281 D wpa_supplicant: p2p-dev-wlan0: Determining shared radio frequencies (max len 2)
06-26 11:31:34.141 1281 1281 D wpa_supplicant: p2p-dev-wlan0: Shared frequencies (len=0): completed iteration
06-26 11:31:34.141 1281 1281 D wpa_supplicant: P2P: Add operating class 81
06-26 11:31:34.141 1281 1281 D wpa_supplicant: P2P: Channels - hexdump(len=13): 01 02 03 04 05 06 07 08 09 0a 0b 0c 0d
06-26 11:31:34.141 1281 1281 D wpa_supplicant: P2P: Add operating class 115
06-26 11:31:34.141 1281 1281 D wpa_supplicant: P2P: Channels - hexdump(len=4): 24 28 2c 30
06-26 11:31:34.141 1281 1281 D wpa_supplicant: P2P: Add operating class 116
06-26 11:31:34.141 1281 1281 D wpa_supplicant: P2P: Channels - hexdump(len=2): 24 2c
06-26 11:31:34.141 1281 1281 D wpa_supplicant: P2P: Add operating class 117
06-26 11:31:34.141 1281 1281 D wpa_supplicant: P2P: Channels - hexdump(len=2): 28 30
06-26 11:31:34.141 668 668 I BluetoothHidHostServiceJni: classInitNative: succeeds
06-26 11:31:34.141 1281 1281 D wpa_supplicant: P2P: Add operating class 124
06-26 11:31:34.141 1281 1281 D wpa_supplicant: P2P: Channels - hexdump(len=4): 95 99 9d a1
06-26 11:31:34.141 1281 1281 D wpa_supplicant: P2P: Add operating class 125
06-26 11:31:34.141 1281 1281 D wpa_supplicant: P2P: Channels - hexdump(len=5): 95 99 9d a1 a5
06-26 11:31:34.141 1281 1281 D wpa_supplicant: P2P: Add operating class 126
06-26 11:31:34.141 1281 1281 D wpa_supplicant: P2P: Channels - hexdump(len=2): 95 9d
06-26 11:31:34.141 1281 1281 D wpa_supplicant: P2P: Add operating class 127
06-26 11:31:34.141 1281 1281 D wpa_supplicant: P2P: Channels - hexdump(len=2): 99 a1
06-26 11:31:34.141 1281 1281 D wpa_supplicant: P2P: Add operating class 128
06-26 11:31:34.141 1281 1281 D wpa_supplicant: P2P: Channels - hexdump(len=8): 24 28 2c 30 95 99 9d a1
06-26 11:31:34.141 1281 1281 D wpa_supplicant: P2P: Add operating class 130
06-26 11:31:34.141 1281 1281 D wpa_supplicant: P2P: Channels - hexdump(len=9): 24 28 2c 30 95 99 9d a1 a5
06-26 11:31:34.141 1281 1281 D wpa_supplicant: P2P: Update channel list
06-26 11:31:34.142 1281 1281 D wpa_supplicant: P2P: channels: 81:1,2,3,4,5,6,7,8,9,10,11,12,13 115:36,40,44,48 116:36,44 117:40,48 124:149,153,157,161 125:149,153,157,161,165 126:149,157 127:153,161 128:36,40,44,48,149,153,157,161 130:36,40,44,48,149,153,157,161,165
06-26 11:31:34.142 1281 1281 D wpa_supplicant: P2P: cli_channels:
06-26 11:31:34.142 1281 1281 D wpa_supplicant: RTM_NEWLINK: ifi_index=14 ifname=wlan0 operstate=5 linkmode=0 ifi_family=0 ifi_flags=0x11003 ([UP][LOWER_UP])
06-26 11:31:34.142 1281 1281 D wpa_supplicant: RTM_NEWLINK: ifi_index=14 ifname=wlan0 operstate=5 linkmode=1 ifi_family=0 ifi_flags=0x11003 ([UP][LOWER_UP])
06-26 11:31:34.143 1048 1057 I FuseDaemon: Background young concurrent copying GC freed 14011(926KB) AllocSpace objects, 4(80KB) LOS objects, 88% free, 3117KB/27MB, paused 212us total 231.327ms
06-26 11:31:34.152 194 194 I vold : Bind mounting //data/media/0/Android/data on /mnt/user/0/emulated/0/Android/data
06-26 11:31:34.153 194 194 I vold : Bind mounted //data/media/0/Android/data on /mnt/user/0/emulated/0/Android/data
06-26 11:31:34.154 194 194 I vold : Bind mounting //data/media/0/Android/obb on /mnt/user/0/emulated/0/Android/obb
06-26 11:31:34.155 1111 1273 I hq : 当前的服务模式是,serviceMode=0
06-26 11:31:34.155 1111 1111 E hq : 检查user:::switchDao id=-1
06-26 11:31:34.160 194 194 I vold : Bind mounted //data/media/0/Android/obb on /mnt/user/0/emulated/0/Android/obb
06-26 11:31:34.161 194 194 I vold : Configuring read_ahead of /mnt/user/0/emulated fuse filesystem to 256kb
06-26 11:31:34.161 194 194 I vold : Writing 256 to /sys/class/bdi/0:47/read_ahead_kb
06-26 11:31:34.162 194 194 I vold : Configuring max_ratio of /mnt/user/0/emulated fuse filesystem to 40
06-26 11:31:34.162 194 194 I vold : Writing 40 to /sys/class/bdi/0:47/max_ratio
06-26 11:31:34.163 668 668 I bt_btif : system/bt/btif/src/bluetooth.cc:417 get_profile_interface: get_profile_interface: id = hidhost
06-26 11:31:34.163 668 668 I bt_btif_storage: system/bt/btif/src/btif_storage.cc:661 btif_storage_get_adapter_property: btif_storage_get_adapter_property service_mask:0x20100048
06-26 11:31:34.163 668 1019 I bt_l2cap: system/bt/stack/l2cap/l2c_api.cc:134 L2CA_Register: L2CAP Registered service classic PSM: 0x0011
06-26 11:31:34.163 668 1019 I bt_l2cap: system/bt/stack/l2cap/l2c_api.cc:134 L2CA_Register: L2CAP Registered service classic PSM: 0x0013
06-26 11:31:34.163 668 1019 I bluetooth: system/bt/stack/gatt/gatt_api.cc:1019 GATT_Register: Allocated name:GattClient uuid:da2cb79f-93cf-bec6-5ab1-af5fd111a572 gatt_if:4 eatt_support:0
06-26 11:31:34.164 668 876 W bt_stack: [WARNING:btif_hh.cc(403)] Added device e4:bb:d3:57:c0:18
06-26 11:31:34.164 668 876 W bt_btif : system/bt/main/bte_logmsg.cc:194 LogMsg: BTA_HH_ADD_DEV_EVT: status = 0, handle = 16
06-26 11:31:34.168 480 605 I StorageManagerService: Mounted volume VolumeInfo{emulated;0}:
06-26 11:31:34.168 480 605 I StorageManagerService: type=EMULATED diskId=null partGuid= mountFlags=PRIMARY|VISIBLE
06-26 11:31:34.168 480 605 I StorageManagerService: mountUserId=0 state=MOUNTED
06-26 11:31:34.168 480 605 I StorageManagerService: fsType=null fsUuid=null fsLabel=null
06-26 11:31:34.168 480 605 I StorageManagerService: path=/storage/emulated internalPath=/data/media
06-26 11:31:34.170 480 605 I StorageSessionController: Notifying volume state changed for session with id: emulated;0
06-26 11:31:34.172 480 611 D SupplicantStaIfaceHal: Newer HAL is found, skip V1_3 remaining init flow.
06-26 11:31:34.172 480 611 D SupplicantStaIfaceHal: Newer HAL is found, skip V1_2 remaining init flow.
06-26 11:31:34.172 480 611 D SupplicantStaIfaceHal: Newer HAL is found, skip V1_1 remaining init flow.
06-26 11:31:34.172 480 611 D SupplicantStaIfaceHal: Newer HAL is found, skip V1_0 remaining init flow.
06-26 11:31:34.187 668 668 I BluetoothPanServiceJni: classInitNative(L110): succeeds
06-26 11:31:34.191 655 655 E WifiHAL : wifi_get_logger_supported_feature_set: Error -5 happened.
06-26 11:31:34.193 655 655 E WifiHAL : wifi_get_logger_supported_feature_set: Error -5 happened.
06-26 11:31:34.193 668 668 D BluetoothPanServiceJni: initializeNative(L115): pan
06-26 11:31:34.194 668 668 I bt_btif : system/bt/btif/src/bluetooth.cc:417 get_profile_interface: get_profile_interface: id = pan
06-26 11:31:34.194 668 1019 I bt_l2cap: system/bt/stack/l2cap/l2c_api.cc:134 L2CA_Register: L2CAP Registered service classic PSM: 0x000f
06-26 11:31:34.194 668 1019 I bt_bta_dm: system/bt/bta/dm/bta_dm_act.cc:3191 bta_dm_eir_update_uuid: EIR Adding UUID=0x1116 into extended inquiry response
06-26 11:31:34.194 668 1019 I bt_bta_dm: system/bt/bta/dm/bta_dm_act.cc:2890 bta_dm_set_eir: Generating extended inquiry response packet EIR
06-26 11:31:34.194 668 1019 I bt_bta_dm: system/bt/bta/dm/bta_dm_act.cc:3191 bta_dm_eir_update_uuid: EIR Adding UUID=0x1115 into extended inquiry response
06-26 11:31:34.194 668 1019 I bt_bta_dm: system/bt/bta/dm/bta_dm_act.cc:2890 bta_dm_set_eir: Generating extended inquiry response packet EIR
06-26 11:31:34.194 668 1019 I bt_bta_dm: system/bt/bta/dm/bta_dm_act.cc:3191 bta_dm_eir_update_uuid: EIR Adding UUID=0x1116 into extended inquiry response
06-26 11:31:34.194 668 1019 I bt_bta_dm: system/bt/bta/dm/bta_dm_act.cc:2890 bta_dm_set_eir: Generating extended inquiry response packet EIR
06-26 11:31:34.194 668 1019 I bt_bta_dm: system/bt/bta/dm/bta_dm_act.cc:3191 bta_dm_eir_update_uuid: EIR Adding UUID=0x1115 into extended inquiry response
06-26 11:31:34.194 668 1019 I bt_bta_dm: system/bt/bta/dm/bta_dm_act.cc:2890 bta_dm_set_eir: Generating extended inquiry response packet EIR
06-26 11:31:34.194 668 876 D BluetoothPanServiceJni: control_state_callback(L62): state:0, local_role:3, ifname:bt-pan
06-26 11:31:34.196 655 655 I ieee80211 phy0: sprdwl_vendor_get_support_feature
06-26 11:31:34.198 655 655 I ieee80211 phy0: sprdwl_vendor_get_support_feature
06-26 11:31:34.214 1281 1281 D wpa_supplicant: Driver capability mask: 0xd
06-26 11:31:34.217 480 611 I WifiNative: Successfully switched to connectivity mode on iface=Iface:{Name=wlan0,Id=0,Type=STA_CONNECTIVITY}
06-26 11:31:34.218 480 611 D WifiClientModeManager[wlan0]: entering ConnectModeState, starting ClientModeImpl
06-26 11:31:34.218 1060 1073 I lerad.etna.haq: Background young concurrent copying GC freed 9348(590KB) AllocSpace objects, 0(0B) LOS objects, 88% free, 3113KB/27MB, paused 8.937ms total 223.014ms
06-26 11:31:34.220 399 399 E update_engine: [ERROR:update_attempter_android.cc(-1)] unknown(...): Domain=update_engine, Code=generic_error, Message=No ongoing update to cancel.
06-26 11:31:34.222 399 399 E update_engine: [ERROR:update_attempter_android.cc(90)] Replying with failure: pc:0xc25aa79: No ongoing update to cancel.
06-26 11:31:34.227 1060 1060 E ccc : cccccc 故意做的cancel 捕获 No ongoing update to cancel.
06-26 11:31:34.227 1060 1060 W System.err: android.os.ServiceSpecificException: No ongoing update to cancel. (code 1)
06-26 11:31:34.229 1060 1060 W System.err: at android.os.Parcel.createExceptionOrNull(Parcel.java:2439)
06-26 11:31:34.229 1060 1060 W System.err: at android.os.Parcel.createException(Parcel.java:2409)
06-26 11:31:34.229 1060 1060 W System.err: at android.os.Parcel.readException(Parcel.java:2392)
06-26 11:31:34.229 1060 1060 W System.err: at android.os.Parcel.readException(Parcel.java:2334)
06-26 11:31:34.229 1060 1060 W System.err: at android.os.IUpdateEngine$Stub$Proxy.cancel(IUpdateEngine.java:480)
06-26 11:31:34.229 1060 1060 W System.err: at android.os.UpdateEngine.cancel(UpdateEngine.java:381)
06-26 11:31:34.230 1060 1060 W System.err: at com.oranth.otalibrary.OTAManager.cancel(OTAManager.java:54)
06-26 11:31:34.230 1060 1060 W System.err: at com.dangbei.etna.update.ota.OtaUpdateHelper.cancelInstalling(OtaUpdateHelper.kt:134)
06-26 11:31:34.230 1060 1060 W System.err: at com.dangbei.etna.update.ota.OtaUpdateHelper.init(OtaUpdateHelper.kt:72)
06-26 11:31:34.230 1060 1060 W System.err: at com.dangbei.etna.update.UpdateHelper.init(UpdateHelper.kt:60)
06-26 11:31:34.230 1060 1060 W System.err: at com.dangbei.lerad.etna.haqu.EtnaApplication.init(EtnaApplication.kt:97)
06-26 11:31:34.230 1060 1060 W System.err: at com.dangbei.lerad.etna.haqu.EtnaApplication.onCreate(EtnaApplication.kt:59)
06-26 11:31:34.230 1060 1060 W System.err: at android.app.Instrumentation.callApplicationOnCreate(Instrumentation.java:1211)
06-26 11:31:34.230 1060 1060 W System.err: at android.app.ActivityThread.handleBindApplication(ActivityThread.java:6740)
06-26 11:31:34.230 1060 1060 W System.err: at android.app.ActivityThread.access$1500(ActivityThread.java:247)
06-26 11:31:34.230 1060 1060 W System.err: at android.app.ActivityThread$H.handleMessage(ActivityThread.java:2053)
06-26 11:31:34.230 1060 1060 W System.err: at android.os.Handler.dispatchMessage(Handler.java:106)
06-26 11:31:34.230 1060 1060 W System.err: at android.os.Looper.loopOnce(Looper.java:201)
06-26 11:31:34.230 1060 1060 W System.err: at android.os.Looper.loop(Looper.java:288)
06-26 11:31:34.230 1060 1060 W System.err: at android.app.ActivityThread.main(ActivityThread.java:7854)
06-26 11:31:34.230 1060 1060 W System.err: at java.lang.reflect.Method.invoke(Native Method)
06-26 11:31:34.230 1060 1060 W System.err: at com.android.internal.os.RuntimeInit$MethodAndArgsCaller.run(RuntimeInit.java:548)
06-26 11:31:34.230 1060 1060 W System.err: at com.android.internal.os.ZygoteInit.main(ZygoteInit.java:1182)
06-26 11:31:34.231 399 399 I update_engine: [INFO:update_attempter_android.cc(365)] Attempting to reset state from UPDATE_STATUS_IDLE to UpdateStatus::IDLE
06-26 11:31:34.234 1111 1111 E hq : 检查user:::更新前的信息: null
06-26 11:31:34.234 1111 1111 E hq : 更新后的信息: Users{userId=-1, nickName='游客', avatarUrl='null', wxToken='null', vip='null', mobile='null', sex=null, description='null', city='null', province='null', country='null', launcherMode=null, token='null', token='null'}
06-26 11:31:34.234 399 399 I update_engine: [INFO:update_attempter_android.cc(369)] Cleaning up reserved space for compressed APEX (if any)
06-26 11:31:34.236 1048 1196 V MediaStore: Examining volume emulated;0 with name external_primary and state mounted
06-26 11:31:34.236 668 668 I AvrcpTargetService: User unlocked, initializing the service
06-26 11:31:34.236 668 668 I AvrcpTargetService: Starting the AVRCP Target Service
06-26 11:31:34.236 399 399 I update_engine: [INFO:dynamic_partition_control_android.cc(1284)] ResetUpdate resetting update state and deleting snapshots.
06-26 11:31:34.239 668 668 V MediaPlayerList: Creating MediaPlayerList
06-26 11:31:34.242 480 611 D WifiScoreReport: setShouldReduceNetworkScore=false mNetworkAgent is null? true
06-26 11:31:34.244 480 611 V WifiClientModeManager[wlan0]: ClientModeManager started in role: Role: ROLE_CLIENT_PRIMARY, RequestorWs: WorkSource{10067 com.android.systemui}, ModeListener: com.android.server.wifi.ActiveModeWarden$ClientListener@85ee2ef
06-26 11:31:34.244 1111 1111 D TheRouter::RouterInject: interception::===interface com.dangbei.leard.protocol.home.HomeManagerInterface===HomeManagerInterfaceImpl230182213
06-26 11:31:34.245 1111 1111 D AdHelper: ad server environment is official? false
06-26 11:31:34.245 1111 1111 D AdHelper: ad server environment is official? false
06-26 11:31:34.245 1111 1111 D AdHelper: ad server environment is official? false
06-26 11:31:34.245 1111 1111 D AdHelper: ad server environment is official? false
06-26 11:31:34.247 399 399 I update_engine: [INFO:delta_performer.cc(1389)] Resetting recorded hash for prepared partitions.
