06-26 11:31:21.560 393 393 D WifiHWInfo: Entry [24], BUS: SDIO, ID: 0x54490145, Name: aic8800.
06-26 11:31:21.560 393 393 D WifiHWInfo: Entry [25], BUS: SDIO, ID: 0xC8A1C08D, Name: aic8800.
06-26 11:31:21.560 393 393 D WifiHWInfo: Entry [26], BUS: USB, ID: 0xA69C8800, Name: aic8800.
06-26 11:31:21.560 393 393 D WifiHWInfo: Entry [27], BUS: USB, ID: 0x007A8888, Name: atbm6023is.
06-26 11:31:21.560 393 393 D WifiHWInfo: Entry [28], BUS: SDIO, ID: 0x02E79086, Name: 9012p.
06-26 11:31:21.560 393 393 D WifiHWInfo: Entry [29], BUS: SDIO, ID: 0x007A6011, Name: atbm613x_wifi_sdio.
06-26 11:31:21.560 393 393 D WifiHWInfo: Entry [30], BUS: SDIO, ID: 0x024CC822, Name: 88x2cs.
06-26 11:31:21.560 393 393 D WifiHWInfo: Entry [31], BUS: SDIO, ID: 0x000018F0, Name: dummy.
06-26 11:31:21.560 393 393 D HWINFO : ********** Wireless information **********
06-26 11:31:21.560 393 393 D HWINFO : module vendor: sprd
06-26 11:31:21.560 393 393 D HWINFO : module name : uwe5621
06-26 11:31:21.560 393 393 D HWINFO : wifi hal name: libwifi-hal-sprd.so
06-26 11:31:21.561 393 393 D HWINFO : libbt-vendor : libbt-sprd.so
06-26 11:31:21.561 393 393 D HWINFO : is bt support: 1
06-26 11:31:21.561 393 393 D HWINFO : ******************************************
06-26 11:31:21.569 392 392 D dom2reg : timezone change, new: Asia/Shanghai, pre:
06-26 11:31:21.568 272 272 I EventThread: type=1400 audit(0.0:296): avc: denied { search } for name="extcon" dev="sysfs" ino=18109 scontext=u:r:hal_tv_cec_default:s0 tcontext=u:object_r:sysfs_extcon:s0 tclass=dir permissive=1
06-26 11:31:21.575 392 392 D dom2reg : convert timezone to alpha2 country code: CN
06-26 11:31:21.578 392 392 D dom2reg : regulatory set to [CN] success(0)
06-26 11:31:21.603 388 388 I HidlServiceManagement: Registered android.system.wifi.keystore@1.0::IKeystore/default
06-26 11:31:21.628 1 1 I init : type=1400 audit(0.0:297): avc: denied { add_name } for name="panic" scontext=u:r:init:s0 tcontext=u:object_r:sysfs:s0 tclass=dir permissive=1
06-26 11:31:21.636 249 249 D zygote : Time zone APEX ICU file found: /apex/com.android.tzdata/etc/icu/icu_tzdata.dat
06-26 11:31:21.638 249 249 D zygote : I18n APEX ICU file found: /apex/com.android.i18n/etc/icu/icudt68l.dat
06-26 11:31:21.692 336 336 I xiriservice_All: type=1400 audit(0.0:298): avc: denied { read } for scontext=u:r:init:s0 tcontext=u:r:init:s0 tclass=netlink_kobject_uevent_socket permissive=1
06-26 11:31:21.700 169 169 I sunxi-rfkill soc@3000000: rfkill: set block: 1
06-26 11:31:21.700 169 169 I sunxi-rfkill soc@3000000: rfkill: bt power off success
06-26 11:31:21.715 400 400 E cutils-trace: Error opening trace file: No such file or directory (2)
06-26 11:31:21.741 400 400 I usbd : Usb HAL found.
06-26 11:31:21.741 400 400 I usbd : peristent prop is adb
06-26 11:31:21.749 249 249 I zygote : Using memfd for future sealing
06-26 11:31:21.775 274 274 I android.hardware.usb.gadget@1.1-service.aw: setCurrentUsbFunctions None
06-26 11:31:21.776 274 274 I android.hardware.usb.gadget@1.1-service.aw: Gadget cannot be pulled down
06-26 11:31:21.776 274 274 I android.hardware.usb.gadget@1.1-service.aw: mMonitor not running
06-26 11:31:21.776 274 274 I android.hardware.usb.gadget@1.1-service.aw: Returned from tearDown gadget
06-26 11:31:21.788 398 398 I gatekeeperd: Starting gatekeeperd...
06-26 11:31:21.791 398 398 E cutils-trace: Error opening trace file: No such file or directory (2)
06-26 11:31:21.832 391 391 I android.hardware.media.omx@1.0-service: mediacodecservice starting
06-26 11:31:21.843 391 391 W android.hardware.media.omx@1.0-service: Could not read additional policy file '/vendor/etc/seccomp_policy/mediacodec.policy'
06-26 11:31:21.843 391 391 W android.hardware.media.omx@1.0-service: libminijail[391]: failed to get path of fd 4: No such file or directory
06-26 11:31:21.844 391 391 W android.hardware.media.omx@1.0-service: libminijail[391]: allowing syscall: clock_gettime
06-26 11:31:21.844 391 391 W android.hardware.media.omx@1.0-service: libminijail[391]: allowing syscall: connect
06-26 11:31:21.844 391 391 W android.hardware.media.omx@1.0-service: libminijail[391]: allowing syscall: fcntl64
06-26 11:31:21.844 391 391 W android.hardware.media.omx@1.0-service: libminijail[391]: allowing syscall: socket
06-26 11:31:21.844 391 391 W android.hardware.media.omx@1.0-service: libminijail[391]: allowing syscall: writev
06-26 11:31:21.845 391 391 W android.hardware.media.omx@1.0-service: libminijail[391]: compile_file: (59): syscall getrandom redefined here
06-26 11:31:21.845 391 391 W android.hardware.media.omx@1.0-service: libminijail[391]: compile_file: (15): previous definition here
06-26 11:31:21.851 391 391 W android.hardware.media.omx@1.0-service: libminijail[391]: compile_file: /system/etc/seccomp_policy/crash_dump.arm.policy(1): syscall read redefined here
06-26 11:31:21.851 391 391 W android.hardware.media.omx@1.0-service: libminijail[391]: compile_file: (9): previous definition here
06-26 11:31:21.851 391 391 W android.hardware.media.omx@1.0-service: libminijail[391]: compile_file: /system/etc/seccomp_policy/crash_dump.arm.policy(2): syscall write redefined here
06-26 11:31:21.851 391 391 W android.hardware.media.omx@1.0-service: libminijail[391]: compile_file: (5): previous definition here
06-26 11:31:21.851 391 391 W android.hardware.media.omx@1.0-service: libminijail[391]: compile_file: /system/etc/seccomp_policy/crash_dump.arm.policy(3): syscall exit redefined here
06-26 11:31:21.851 391 391 W android.hardware.media.omx@1.0-service: libminijail[391]: compile_file: (40): previous definition here
06-26 11:31:21.851 391 391 W android.hardware.media.omx@1.0-service: libminijail[391]: compile_file: /system/etc/seccomp_policy/crash_dump.arm.policy(4): syscall rt_sigreturn redefined here
06-26 11:31:21.851 391 391 W android.hardware.media.omx@1.0-service: libminijail[391]: compile_file: (45): previous definition here
06-26 11:31:21.852 391 391 W android.hardware.media.omx@1.0-service: libminijail[391]: compile_file: /system/etc/seccomp_policy/crash_dump.arm.policy(6): syscall exit_group redefined here
06-26 11:31:21.852 391 391 W android.hardware.media.omx@1.0-service: libminijail[391]: compile_file: (44): previous definition here
06-26 11:31:21.852 391 391 W android.hardware.media.omx@1.0-service: libminijail[391]: compile_file: /system/etc/seccomp_policy/crash_dump.arm.policy(7): syscall clock_gettime redefined here
06-26 11:31:21.852 391 391 W android.hardware.media.omx@1.0-service: libminijail[391]: compile_file: (7): previous definition here
06-26 11:31:21.852 391 391 W android.hardware.media.omx@1.0-service: libminijail[391]: compile_file: /system/etc/seccomp_policy/crash_dump.arm.policy(8): syscall gettimeofday redefined here
06-26 11:31:21.852 391 391 W android.hardware.media.omx@1.0-service: libminijail[391]: compile_file: (47): previous definition here
06-26 11:31:21.852 391 391 W android.hardware.media.omx@1.0-service: libminijail[391]: compile_file: /system/etc/seccomp_policy/crash_dump.arm.policy(9): syscall futex redefined here
06-26 11:31:21.852 391 391 W android.hardware.media.omx@1.0-service: libminijail[391]: compile_file: (3): previous definition here
06-26 11:31:21.852 391 391 W android.hardware.media.omx@1.0-service: libminijail[391]: compile_file: /system/etc/seccomp_policy/crash_dump.arm.policy(10): syscall getrandom redefined here
06-26 11:31:21.852 391 391 W android.hardware.media.omx@1.0-service: libminijail[391]: compile_file: (15): previous definition here
06-26 11:31:21.852 391 391 W android.hardware.media.omx@1.0-service: libminijail[391]: compile_file: /system/etc/seccomp_policy/crash_dump.arm.policy(13): syscall ppoll redefined here
06-26 11:31:21.853 391 391 W android.hardware.media.omx@1.0-service: libminijail[391]: compile_file: (13): previous definition here
06-26 11:31:21.853 391 391 W android.hardware.media.omx@1.0-service: libminijail[391]: compile_file: /system/etc/seccomp_policy/crash_dump.arm.policy(14): syscall pipe2 redefined here
06-26 11:31:21.853 391 391 W android.hardware.media.omx@1.0-service: libminijail[391]: compile_file: (46): previous definition here
06-26 11:31:21.853 391 391 W android.hardware.media.omx@1.0-service: libminijail[391]: compile_file: /system/etc/seccomp_policy/crash_dump.arm.policy(15): syscall openat redefined here
06-26 11:31:21.853 391 391 W android.hardware.media.omx@1.0-service: libminijail[391]: compile_file: (30): previous definition here
06-26 11:31:21.853 391 391 W android.hardware.media.omx@1.0-service: libminijail[391]: compile_file: /system/etc/seccomp_policy/crash_dump.arm.policy(16): syscall dup redefined here
06-26 11:31:21.853 391 391 W android.hardware.media.omx@1.0-service: libminijail[391]: compile_file: (12): previous definition here
06-26 11:31:21.853 391 391 W android.hardware.media.omx@1.0-service: libminijail[391]: compile_file: /system/etc/seccomp_policy/crash_dump.arm.policy(17): syscall close redefined here
06-26 11:31:21.853 391 391 W android.hardware.media.omx@1.0-service: libminijail[391]: compile_file: (10): previous definition here
06-26 11:31:21.853 391 391 W android.hardware.media.omx@1.0-service: libminijail[391]: compile_file: /system/etc/seccomp_policy/crash_dump.arm.policy(18): syscall lseek redefined here
06-26 11:31:21.853 391 391 W android.hardware.media.omx@1.0-service: libminijail[391]: compile_file: (50): previous definition here
06-26 11:31:21.853 391 391 W android.hardware.media.omx@1.0-service: libminijail[391]: compile_file: /system/etc/seccomp_policy/crash_dump.arm.policy(19): syscall getdents64 redefined here
06-26 11:31:21.854 391 391 W android.hardware.media.omx@1.0-service: libminijail[391]: compile_file: (58): previous definition here
06-26 11:31:21.854 391 391 W android.hardware.media.omx@1.0-service: libminijail[391]: compile_file: /system/etc/seccomp_policy/crash_dump.arm.policy(20): syscall faccessat redefined here
06-26 11:31:21.854 391 391 W android.hardware.media.omx@1.0-service: libminijail[391]: compile_file: (38): previous definition here
06-26 11:31:21.854 391 391 W android.hardware.media.omx@1.0-service: libminijail[391]: compile_file: /system/etc/seccomp_policy/crash_dump.arm.policy(25): syscall rt_sigprocmask redefined here
06-26 11:31:21.854 391 391 W android.hardware.media.omx@1.0-service: libminijail[391]: compile_file: (41): previous definition here
06-26 11:31:21.854 391 391 W android.hardware.media.omx@1.0-service: libminijail[391]: compile_file: /system/etc/seccomp_policy/crash_dump.arm.policy(28): syscall prctl redefined here
06-26 11:31:21.854 391 391 W android.hardware.media.omx@1.0-service: libminijail[391]: compile_file: (6): previous definition here
06-26 11:31:21.855 391 391 W android.hardware.media.omx@1.0-service: libminijail[391]: compile_file: /system/etc/seccomp_policy/crash_dump.arm.policy(29): syscall madvise redefined here
06-26 11:31:21.855 391 391 W android.hardware.media.omx@1.0-service: libminijail[391]: compile_file: (29): previous definition here
06-26 11:31:21.855 391 391 W android.hardware.media.omx@1.0-service: libminijail[391]: compile_file: /system/etc/seccomp_policy/crash_dump.arm.policy(30): syscall mprotect redefined here
06-26 11:31:21.855 391 391 W android.hardware.media.omx@1.0-service: libminijail[391]: compile_file: (28): previous definition here
06-26 11:31:21.855 391 391 W android.hardware.media.omx@1.0-service: libminijail[391]: compile_file: /system/etc/seccomp_policy/crash_dump.arm.policy(31): syscall munmap redefined here
06-26 11:31:21.855 391 391 W android.hardware.media.omx@1.0-service: libminijail[391]: compile_file: (27): previous definition here
06-26 11:31:21.855 391 391 W android.hardware.media.omx@1.0-service: libminijail[391]: compile_file: /system/etc/seccomp_policy/crash_dump.arm.policy(32): syscall getuid32 redefined here
06-26 11:31:21.855 391 391 W android.hardware.media.omx@1.0-service: libminijail[391]: compile_file: (34): previous definition here
06-26 11:31:21.855 391 391 W android.hardware.media.omx@1.0-service: libminijail[391]: compile_file: /system/etc/seccomp_policy/crash_dump.arm.policy(33): syscall fstat64 redefined here
06-26 11:31:21.855 391 391 W android.hardware.media.omx@1.0-service: libminijail[391]: compile_file: (35): previous definition here
06-26 11:31:21.856 391 391 W android.hardware.media.omx@1.0-service: libminijail[391]: compile_file: /system/etc/seccomp_policy/crash_dump.arm.policy(34): syscall mmap2 redefined here
06-26 11:31:21.856 391 391 W android.hardware.media.omx@1.0-service: libminijail[391]: compile_file: (14): previous definition here
06-26 11:31:21.863 391 391 W android.hardware.media.omx@1.0-service: libminijail[391]: logging seccomp filter failures
06-26 11:31:21.863 403 403 I adbd : persist.adb.watchdog set to ''
06-26 11:31:21.864 403 403 I adbd : persist.sys.test_harness set to ''
06-26 11:31:21.864 403 403 I adbd : adb watchdog timeout set to 600 seconds
06-26 11:31:21.864 403 403 I adbd : Setup mdns on port= 5555
06-26 11:31:21.865 403 403 I adbd : adbd listening on tcp:5555
06-26 11:31:21.865 403 403 I adbd : adbd listening on vsock:5555
06-26 11:31:21.865 403 403 I adbd : adbd started
06-26 11:31:21.860 331 331 I rainbow_flow: type=1400 audit(0.0:299): avc: denied { ioctl } for path="/dev/spidev1.0" dev="tmpfs" ino=6711 ioctlcmd=0x6b00 scontext=u:r:init:s0 tcontext=u:object_r:device:s0 tclass=chr_file permissive=1
06-26 11:31:21.870 399 399 I update_engine: [INFO:main.cc(55)] A/B Update Engine starting
06-26 11:31:21.876 399 399 E cutils-trace: Error opening trace file: No such file or directory (2)
06-26 11:31:21.877 274 274 I android.hardware.usb.gadget@1.1-service.aw: setCurrentUsbFunctions Adb
06-26 11:31:21.877 274 274 I android.hardware.usb.gadget@1.1-service.aw: Service started
06-26 11:31:21.877 274 274 I android.hardware.usb.gadget@1.1-service.aw: enable usbradio debug functions
06-26 11:31:21.877 403 410 I adbd : Waiting for persist.adb.tls_server.enable=1
06-26 11:31:21.877 274 274 I android.hardware.usb.gadget@1.1-service.aw: Usb Gadget setcurrent functions called successfully
06-26 11:31:21.877 403 410 I adbd : persist.adb.tls_server.enable changed to 1
06-26 11:31:21.878 403 412 I adbd : opening control endpoint /dev/usb-ffs/adb/ep0
06-26 11:31:21.882 391 391 I cedarc : : register h265 decoder success!
06-26 11:31:21.883 391 391 E cedarc : : dlopen 'libawh265soft.so' fail: dlopen failed: library "libawh265soft.so" not found
06-26 11:31:21.884 412 412 I : read descriptors
06-26 11:31:21.884 412 412 I : read strings
06-26 11:31:21.883 403 412 I adbd : UsbFfsConnection constructed
06-26 11:31:21.888 391 391 I cedarc : : register h264 decoder success!
06-26 11:31:21.889 391 391 I cedarc : : register mjpeg decoder success!
06-26 11:31:21.890 391 391 I cedarc : : register mjpegplus decoder success!
06-26 11:31:21.892 391 391 I cedarc : : register mpeg2 decoder success!
06-26 11:31:21.895 403 410 I adbd : adbwifi started on port 42653
06-26 11:31:21.895 403 421 I adbd : UsbFfs-monitor thread spawned
06-26 11:31:21.895 403 410 I adbd : TlsServer running on port 42653
06-26 11:31:21.895 403 410 I adbd : adb wifi started on port 42653
06-26 11:31:21.896 403 410 I adbd : Waiting for persist.adb.tls_server.enable=0
06-26 11:31:21.898 397 397 I mediaswcodec: media swcodec service starting
06-26 11:31:21.899 399 399 I update_engine: [INFO:boot_control_android.cc(69)] Loaded boot control hidl hal.
06-26 11:31:21.902 403 422 I adbd : Registering secure_connect service (adb-DZOH58251975972-BGYj1f)
06-26 11:31:21.903 399 399 I update_engine: [INFO:daemon_state_android.cc(44)] Booted in dev mode.
06-26 11:31:21.903 391 391 W cedarc : : Invalid plugin, CedarPluginVDInit not found, lib:libawmpeg4base.so.
06-26 11:31:21.904 391 391 I cedarc : : register mpeg4Normal decoder success!
06-26 11:31:21.905 391 391 I cedarc : : register Mpeg4Vp6 decoder success!
06-26 11:31:21.906 391 391 I cedarc : : register mpeg4dx decoder success!
06-26 11:31:21.912 391 391 I cedarc : : register mpeg4H263 decoder success!
06-26 11:31:21.914 391 391 I cedarc : : register vp8 decoder success!
06-26 11:31:21.914 397 397 W mediaswcodec: Could not read additional policy file '/vendor/etc/seccomp_policy/mediaswcodec.policy'
06-26 11:31:21.915 397 397 W mediaswcodec: libminijail[397]: failed to get path of fd 4: No such file or directory
06-26 11:31:21.916 397 397 W mediaswcodec: libminijail[397]: allowing syscall: clock_gettime
06-26 11:31:21.916 397 397 W mediaswcodec: libminijail[397]: allowing syscall: connect
06-26 11:31:21.916 397 397 W mediaswcodec: libminijail[397]: allowing syscall: fcntl64
06-26 11:31:21.916 397 397 W mediaswcodec: libminijail[397]: allowing syscall: socket
06-26 11:31:21.916 397 397 W mediaswcodec: libminijail[397]: allowing syscall: writev
06-26 11:31:21.917 397 397 W mediaswcodec: libminijail[397]: compile_file: (71): syscall futex redefined here
06-26 11:31:21.917 397 397 W mediaswcodec: libminijail[397]: compile_file: (15): previous definition here
06-26 11:31:21.922 397 397 W mediaswcodec: libminijail[397]: logging seccomp filter failures
06-26 11:31:21.924 397 397 I CodecServiceRegistrant: Creating software Codec2 service...
06-26 11:31:21.925 391 391 I cedarc : : register vc1 decoder success!
06-26 11:31:21.928 399 399 I update_engine: [INFO:update_attempter_android.cc(1082)] Scheduling CleanupPreviousUpdateAction.
06-26 11:31:21.930 397 397 E cutils-trace: Error opening trace file: No such file or directory (2)
06-26 11:31:21.933 397 397 I HidlServiceManagement: Registered android.hardware.media.c2@1.2::IComponentStore/software
06-26 11:31:21.935 391 391 I SoftOMXPlugin: createOMXPlugin
06-26 11:31:21.936 391 391 D MediaCodecsXmlParser: parsing /vendor/etc/media_codecs.xml...
06-26 11:31:21.938 391 391 D MediaCodecsXmlParser: parsing /vendor/etc/media_codecs_google_audio.xml...
06-26 11:31:21.939 391 391 D MediaCodecsXmlParser: unable to open media codecs configuration xml file: /vendor/etc/media_codecs_google_audio.xml
06-26 11:31:21.942 391 391 D MediaCodecsXmlParser: parsing /vendor/etc/media_codecs_google_video.xml...
06-26 11:31:21.942 391 391 D MediaCodecsXmlParser: unable to open media codecs configuration xml file: /vendor/etc/media_codecs_google_video.xml
06-26 11:31:21.942 391 391 D MediaCodecsXmlParser: parsing /vendor/etc/media_codecs_performance.xml...
06-26 11:31:21.943 186 186 I hwservicemanager: getTransport: Cannot find entry android.hardware.media.c2@1.0::IComponentStore/default in either framework or device VINTF manifest.
06-26 11:31:21.943 397 397 I CodecServiceRegistrant: Preferred Codec2 store is defaulted to "software".
06-26 11:31:21.943 397 397 I CodecServiceRegistrant: Software Codec2 service created and registered.
06-26 11:31:21.945 391 391 D MediaCodecsXmlParser: MediaCodec: cannot update non-existing codec: OMX.google.h264.encoder at line 25 of /vendor/etc/media_codecs_performance.xml
06-26 11:31:21.945 391 391 D MediaCodecsXmlParser: MediaCodec: cannot update non-existing codec: OMX.google.h263.encoder at line 31 of /vendor/etc/media_codecs_performance.xml
06-26 11:31:21.945 391 391 D MediaCodecsXmlParser: MediaCodec: cannot update non-existing codec: OMX.google.mpeg4.encoder at line 34 of /vendor/etc/media_codecs_performance.xml
06-26 11:31:21.945 391 391 D MediaCodecsXmlParser: MediaCodec: cannot update non-existing codec: OMX.google.vp8.encoder at line 37 of /vendor/etc/media_codecs_performance.xml
06-26 11:31:21.945 391 391 D MediaCodecsXmlParser: MediaCodec: cannot update non-existing codec: OMX.allwinner.video.decoder.h263 at line 59 of /vendor/etc/media_codecs_performance.xml
06-26 11:31:21.945 391 391 D MediaCodecsXmlParser: MediaCodec: cannot update non-existing codec: OMX.google.mpeg4.decoder at line 80 of /vendor/etc/media_codecs_performance.xml
06-26 11:31:21.946 391 391 D MediaCodecsXmlParser: MediaCodec: cannot update non-existing codec: OMX.google.h264.decoder at line 83 of /vendor/etc/media_codecs_performance.xml
06-26 11:31:21.946 391 391 D MediaCodecsXmlParser: MediaCodec: cannot update non-existing codec: OMX.google.h263.decoder at line 89 of /vendor/etc/media_codecs_performance.xml
06-26 11:31:21.946 391 391 D MediaCodecsXmlParser: MediaCodec: cannot update non-existing codec: OMX.google.hevc.decoder at line 93 of /vendor/etc/media_codecs_performance.xml
06-26 11:31:21.946 391 391 D MediaCodecsXmlParser: MediaCodec: cannot update non-existing codec: OMX.google.vp8.decoder at line 101 of /vendor/etc/media_codecs_performance.xml
06-26 11:31:21.946 391 391 D MediaCodecsXmlParser: MediaCodec: cannot update non-existing codec: OMX.google.vp9.decoder at line 107 of /vendor/etc/media_codecs_performance.xml
06-26 11:31:21.946 391 391 I MediaCodecsXmlParser: Did not find media_codecs_shaping.xml in search path
06-26 11:31:21.947 391 391 E cutils-trace: Error opening trace file: No such file or directory (2)
06-26 11:31:21.948 399 399 I update_engine: [INFO:action_processor.cc(51)] ActionProcessor: starting CleanupPreviousUpdateAction
06-26 11:31:21.952 399 399 I update_engine: [INFO:cleanup_previous_update_action.cc(149)] Starting/resuming CleanupPreviousUpdateAction
06-26 11:31:21.953 395 395 E cutils-trace: Error opening trace file: No such file or directory (2)
06-26 11:31:21.956 391 391 I HidlServiceManagement: Registered android.hardware.media.omx@1.0::IOmx/default
06-26 11:31:21.956 391 391 I HidlServiceManagement: Removing namespace from process name android.hardware.media.omx@1.0-service to omx@1.0-service.
06-26 11:31:21.957 391 391 I android.hardware.media.omx@1.0-service: IOmx HAL service created.
06-26 11:31:21.958 391 391 I OmxStore: omx common prefix: 'OMX.'
06-26 11:31:21.958 391 391 D MediaCodecsXmlParser: parsing /vendor/etc/media_codecs.xml...
06-26 11:31:21.959 391 391 D MediaCodecsXmlParser: parsing /vendor/etc/media_codecs_google_audio.xml...
06-26 11:31:21.959 391 391 D MediaCodecsXmlParser: unable to open media codecs configuration xml file: /vendor/etc/media_codecs_google_audio.xml
06-26 11:31:21.962 391 391 D MediaCodecsXmlParser: parsing /vendor/etc/media_codecs_google_video.xml...
06-26 11:31:21.962 391 391 D MediaCodecsXmlParser: unable to open media codecs configuration xml file: /vendor/etc/media_codecs_google_video.xml
06-26 11:31:21.962 391 391 D MediaCodecsXmlParser: parsing /vendor/etc/media_codecs_performance.xml...
06-26 11:31:21.962 391 391 D MediaCodecsXmlParser: MediaCodec: cannot update non-existing codec: OMX.google.h264.encoder at line 25 of /vendor/etc/media_codecs_performance.xml
06-26 11:31:21.963 380 380 I main_extractorservice: enable media.extractor memory limits
06-26 11:31:21.964 391 391 D MediaCodecsXmlParser: MediaCodec: cannot update non-existing codec: OMX.google.h263.encoder at line 31 of /vendor/etc/media_codecs_performance.xml
06-26 11:31:21.965 391 391 D MediaCodecsXmlParser: MediaCodec: cannot update non-existing codec: OMX.google.mpeg4.encoder at line 34 of /vendor/etc/media_codecs_performance.xml
06-26 11:31:21.965 391 391 D MediaCodecsXmlParser: MediaCodec: cannot update non-existing codec: OMX.google.vp8.encoder at line 37 of /vendor/etc/media_codecs_performance.xml
06-26 11:31:21.965 380 380 V MediaUtils: physMem: 2055442432
06-26 11:31:21.965 391 391 D MediaCodecsXmlParser: MediaCodec: cannot update non-existing codec: OMX.allwinner.video.decoder.h263 at line 59 of /vendor/etc/media_codecs_performance.xml
06-26 11:31:21.965 391 391 D MediaCodecsXmlParser: MediaCodec: cannot update non-existing codec: OMX.google.mpeg4.decoder at line 80 of /vendor/etc/media_codecs_performance.xml
06-26 11:31:21.966 391 391 D MediaCodecsXmlParser: MediaCodec: cannot update non-existing codec: OMX.google.h264.decoder at line 83 of /vendor/etc/media_codecs_performance.xml
06-26 11:31:21.966 391 391 D MediaCodecsXmlParser: MediaCodec: cannot update non-existing codec: OMX.google.h263.decoder at line 89 of /vendor/etc/media_codecs_performance.xml
06-26 11:31:21.966 391 391 D MediaCodecsXmlParser: MediaCodec: cannot update non-existing codec: OMX.google.hevc.decoder at line 93 of /vendor/etc/media_codecs_performance.xml
06-26 11:31:21.966 391 391 D MediaCodecsXmlParser: MediaCodec: cannot update non-existing codec: OMX.google.vp8.decoder at line 101 of /vendor/etc/media_codecs_performance.xml
06-26 11:31:21.966 391 391 D MediaCodecsXmlParser: MediaCodec: cannot update non-existing codec: OMX.google.vp9.decoder at line 107 of /vendor/etc/media_codecs_performance.xml
06-26 11:31:21.966 391 391 I MediaCodecsXmlParser: Did not find media_codecs_shaping.xml in search path
06-26 11:31:21.966 391 391 E MediaCodecsXmlParser: Cannot find the role for a decoder of type video/divx
06-26 11:31:21.967 380 380 V MediaUtils: requested limit: 411088480
06-26 11:31:21.967 391 391 E MediaCodecsXmlParser: Cannot find the role for a decoder of type video/jpeg
06-26 11:31:21.967 380 380 I libc : malloc_limit: Allocation limit enabled, max size 411088480 bytes
06-26 11:31:21.967 391 391 E MediaCodecsXmlParser: Cannot find the role for a decoder of type video/mpeg1
06-26 11:31:21.967 391 391 E MediaCodecsXmlParser: Cannot find the role for a decoder of type video/x-ms-mpeg4v1
06-26 11:31:21.967 391 391 E MediaCodecsXmlParser: Cannot find the role for a decoder of type video/x-ms-mpeg4v2
06-26 11:31:21.967 391 391 E MediaCodecsXmlParser: Cannot find the role for a decoder of type video/rvg2
06-26 11:31:21.967 391 391 E MediaCodecsXmlParser: Cannot find the role for a decoder of type video/flv1
06-26 11:31:21.967 391 391 E MediaCodecsXmlParser: Cannot find the role for a decoder of type video/wvc1
06-26 11:31:21.968 399 399 I update_engine: [INFO:cleanup_previous_update_action.cc(124)] CleanupPreviousUpdateAction scheduled task ID 1 for WaitBootCompleted
06-26 11:31:21.968 391 391 E MediaCodecsXmlParser: Cannot find the role for a decoder of type video/x-vnd.on2.vp6
06-26 11:31:21.968 391 391 E MediaCodecsXmlParser: Cannot find the role for a decoder of type video/wmv1
06-26 11:31:21.968 391 391 E MediaCodecsXmlParser: Cannot find the role for a decoder of type video/wmv2
06-26 11:31:21.969 391 391 E MediaCodecsXmlParser: Cannot find the role for a decoder of type video/xvid
06-26 11:31:21.973 395 395 I HidlServiceManagement: Registered android.hardware.radio@1.6::IRadio/slot1
06-26 11:31:21.974 391 391 I HidlServiceManagement: Registered android.hardware.media.omx@1.0::IOmxStore/default
06-26 11:31:21.975 391 391 I HidlServiceManagement: Removing namespace from process name android.hardware.media.omx@1.0-service to omx@1.0-service.
06-26 11:31:21.977 395 395 I HidlServiceManagement: Registered android.hardware.radio.config@1.3::IRadioConfig/default
06-26 11:31:21.979 395 395 I HidlServiceManagement: Registered android.hardware.radio@1.2::ISap/slot1
06-26 11:31:21.984 380 380 W mediaextractor: Could not read additional policy file '/vendor/etc/seccomp_policy/mediaextractor.policy'
06-26 11:31:21.984 380 380 W mediaextractor: libminijail[380]: failed to get path of fd 4: No such file or directory
06-26 11:31:21.985 380 380 W mediaextractor: libminijail[380]: allowing syscall: clock_gettime
06-26 11:31:21.985 380 380 W mediaextractor: libminijail[380]: allowing syscall: connect
06-26 11:31:21.985 380 380 W mediaextractor: libminijail[380]: allowing syscall: fcntl64
06-26 11:31:21.985 380 380 W mediaextractor: libminijail[380]: allowing syscall: socket
06-26 11:31:21.985 380 380 W mediaextractor: libminijail[380]: allowing syscall: writev
06-26 11:31:21.988 380 380 W mediaextractor: libminijail[380]: compile_file: /apex/com.android.media/etc/seccomp_policy/crash_dump.arm.policy(1): syscall read redefined here
06-26 11:31:21.989 380 380 W mediaextractor: libminijail[380]: compile_file: (19): previous definition here
06-26 11:31:21.989 380 380 W mediaextractor: libminijail[380]: compile_file: /apex/com.android.media/etc/seccomp_policy/crash_dump.arm.policy(2): syscall write redefined here
06-26 11:31:21.989 380 380 W mediaextractor: libminijail[380]: compile_file: (6): previous definition here
06-26 11:31:21.989 380 380 W mediaextractor: libminijail[380]: compile_file: /apex/com.android.media/etc/seccomp_policy/crash_dump.arm.policy(3): syscall exit redefined here
06-26 11:31:21.989 380 380 W mediaextractor: libminijail[380]: compile_file: (27): previous definition here
06-26 11:31:21.989 380 380 W mediaextractor: libminijail[380]: compile_file: /apex/com.android.media/etc/seccomp_policy/crash_dump.arm.policy(4): syscall rt_sigreturn redefined here
06-26 11:31:21.989 380 380 W mediaextractor: libminijail[380]: compile_file: (29): previous definition here
06-26 11:31:21.990 380 380 W mediaextractor: libminijail[380]: compile_file: /apex/com.android.media/etc/seccomp_policy/crash_dump.arm.policy(6): syscall exit_group redefined here
06-26 11:31:21.991 380 380 W mediaextractor: libminijail[380]: compile_file: (28): previous definition here
06-26 11:31:21.991 380 380 W mediaextractor: libminijail[380]: compile_file: /apex/com.android.media/etc/seccomp_policy/crash_dump.arm.policy(7): syscall clock_gettime redefined here
06-26 11:31:21.991 380 380 W mediaextractor: libminijail[380]: compile_file: (20): previous definition here
06-26 11:31:21.991 380 380 W mediaextractor: libminijail[380]: compile_file: /apex/com.android.media/etc/seccomp_policy/crash_dump.arm.policy(9): syscall futex redefined here
06-26 11:31:21.991 380 380 W mediaextractor: libminijail[380]: compile_file: (4): previous definition here
06-26 11:31:21.991 380 380 W mediaextractor: libminijail[380]: compile_file: /apex/com.android.media/etc/seccomp_policy/crash_dump.arm.policy(10): syscall getrandom redefined here
06-26 11:31:21.991 380 380 W mediaextractor: libminijail[380]: compile_file: (43): previous definition here
06-26 11:31:21.991 380 380 W mediaextractor: libminijail[380]: compile_file: /apex/com.android.media/etc/seccomp_policy/crash_dump.arm.policy(12): syscall gettid redefined here
06-26 11:31:21.992 380 380 W mediaextractor: libminijail[380]: compile_file: (34): previous definition here
06-26 11:31:21.992 380 380 W mediaextractor: libminijail[380]: compile_file: /apex/com.android.media/etc/seccomp_policy/crash_dump.arm.policy(15): syscall openat redefined here
06-26 11:31:21.992 380 380 W mediaextractor: libminijail[380]: compile_file: (16): previous definition here
06-26 11:31:21.994 380 380 W mediaextractor: libminijail[380]: compile_file: /apex/com.android.media/etc/seccomp_policy/crash_dump.arm.policy(16): syscall dup redefined here
06-26 11:31:21.994 380 380 W mediaextractor: libminijail[380]: compile_file: (11): previous definition here
06-26 11:31:21.994 380 380 W mediaextractor: libminijail[380]: compile_file: /apex/com.android.media/etc/seccomp_policy/crash_dump.arm.policy(17): syscall close redefined here
06-26 11:31:21.995 380 380 W mediaextractor: libminijail[380]: compile_file: (9): previous definition here
06-26 11:31:21.995 380 380 W mediaextractor: libminijail[380]: compile_file: /apex/com.android.media/etc/seccomp_policy/crash_dump.arm.policy(18): syscall lseek redefined here
06-26 11:31:21.995 380 380 W mediaextractor: libminijail[380]: compile_file: (21): previous definition here
06-26 11:31:21.995 380 380 W mediaextractor: libminijail[380]: compile_file: /apex/com.android.media/etc/seccomp_policy/crash_dump.arm.policy(20): syscall faccessat redefined here
06-26 11:31:21.995 380 380 W mediaextractor: libminijail[380]: compile_file: (30): previous definition here
06-26 11:31:21.995 380 380 W mediaextractor: libminijail[380]: compile_file: /apex/com.android.media/etc/seccomp_policy/crash_dump.arm.policy(25): syscall rt_sigprocmask redefined here
06-26 11:31:21.995 380 380 W mediaextractor: libminijail[380]: compile_file: (35): previous definition here
06-26 11:31:21.996 380 380 W mediaextractor: libminijail[380]: compile_file: /apex/com.android.media/etc/seccomp_policy/crash_dump.arm.policy(28): syscall prctl redefined here
06-26 11:31:21.997 380 380 W mediaextractor: libminijail[380]: compile_file: (5): previous definition here
06-26 11:31:21.997 380 380 W mediaextractor: libminijail[380]: compile_file: /apex/com.android.media/etc/seccomp_policy/crash_dump.arm.policy(29): syscall madvise redefined here
06-26 11:31:21.997 380 380 W mediaextractor: libminijail[380]: compile_file: (31): previous definition here
06-26 11:31:21.997 380 380 W mediaextractor: libminijail[380]: compile_file: /apex/com.android.media/etc/seccomp_policy/crash_dump.arm.policy(30): syscall mprotect redefined here
06-26 11:31:21.998 380 380 W mediaextractor: libminijail[380]: compile_file: (12): previous definition here
06-26 11:31:21.998 380 380 W mediaextractor: libminijail[380]: compile_file: /apex/com.android.media/etc/seccomp_policy/crash_dump.arm.policy(31): syscall munmap redefined here
06-26 11:31:21.999 380 380 W mediaextractor: libminijail[380]: compile_file: (10): previous definition here
06-26 11:31:21.999 380 380 W mediaextractor: libminijail[380]: compile_file: /apex/com.android.media/etc/seccomp_policy/crash_dump.arm.policy(32): syscall getuid32 redefined here
06-26 11:31:21.999 380 380 W mediaextractor: libminijail[380]: compile_file: (13): previous definition here
06-26 11:31:22.000 380 380 W mediaextractor: libminijail[380]: compile_file: /apex/com.android.media/etc/seccomp_policy/crash_dump.arm.policy(33): syscall fstat64 redefined here
06-26 11:31:22.000 380 380 W mediaextractor: libminijail[380]: compile_file: (25): previous definition here
06-26 11:31:22.000 380 380 W mediaextractor: libminijail[380]: compile_file: /apex/com.android.media/etc/seccomp_policy/crash_dump.arm.policy(34): syscall mmap2 redefined here
06-26 11:31:22.000 380 380 W mediaextractor: libminijail[380]: compile_file: (8): previous definition here
06-26 11:31:22.000 380 380 W mediaextractor: libminijail[380]: compile_file: /apex/com.android.media/etc/seccomp_policy/crash_dump.arm.policy(35): syscall geteuid32 redefined here
06-26 11:31:22.000 380 380 W mediaextractor: libminijail[380]: compile_file: (38): previous definition here
06-26 11:31:22.002 380 380 W mediaextractor: libminijail[380]: compile_file: /apex/com.android.media/etc/seccomp_policy/crash_dump.arm.policy(36): syscall getgid32 redefined here
06-26 11:31:22.002 380 380 W mediaextractor: libminijail[380]: compile_file: (39): previous definition here
06-26 11:31:22.003 380 380 W mediaextractor: libminijail[380]: compile_file: /apex/com.android.media/etc/seccomp_policy/crash_dump.arm.policy(37): syscall getegid32 redefined here
06-26 11:31:22.003 380 380 W mediaextractor: libminijail[380]: compile_file: (40): previous definition here
06-26 11:31:22.003 380 380 W mediaextractor: libminijail[380]: compile_file: /apex/com.android.media/etc/seccomp_policy/crash_dump.arm.policy(38): syscall getgroups32 redefined here
06-26 11:31:22.003 380 380 W mediaextractor: libminijail[380]: compile_file: (41): previous definition here
06-26 11:31:22.004 380 380 W mediaextractor: libminijail[380]: logging seccomp filter failures
06-26 11:31:22.006 379 379 D isomountservice: main isomount service is running.
06-26 11:31:22.014 379 379 I isomountservice: ServiceManager: 0xf2b56cc0
06-26 11:31:22.014 373 373 D gpioservice: main gpio service is running.
06-26 11:31:22.016 249 404 W zygote : Verification of void android.app.appsearch.AppSearchBatchResult$Builder.() took 105.355ms (265.77 bytecodes/s) (976B approximate peak alloc)
06-26 11:31:22.017 373 373 I gpioservice: ServiceManager: 0xf094ecc0
06-26 11:31:22.017 373 373 D GpioService: GpioService created
06-26 11:31:22.018 184 184 E SELinux : avc: denied { add } for pid=373 uid=0 name=softwinner.gpio scontext=u:r:gpioservice:s0 tcontext=u:object_r:default_android_service:s0 tclass=service_manager permissive=1
06-26 11:31:22.053 385 385 E cutils-trace: Error opening trace file: No such file or directory (2)
06-26 11:31:22.068 272 272 I EventThread: type=1400 audit(0.0:300): avc: denied { search } for name="extcon" dev="sysfs" ino=18109 scontext=u:r:hal_tv_cec_default:s0 tcontext=u:object_r:sysfs_extcon:s0 tclass=dir permissive=1
06-26 11:31:22.079 385 385 W storaged: health: invalid battery status
06-26 11:31:22.102 385 385 I ServiceManager: Waiting for service 'package_native' on '/dev/binder'...
06-26 11:31:22.110 381 381 V MediaUtils: physMem: 2055442432
06-26 11:31:22.111 381 381 V MediaUtils: requested limit: 134217728
06-26 11:31:22.111 381 381 I libc : malloc_limit: Allocation limit enabled, max size 134217728 bytes
06-26 11:31:22.117 363 363 I cameraserver: ServiceManager: 0xf554d960
06-26 11:31:22.118 363 363 I CameraService: CameraService started (pid=363)
06-26 11:31:22.118 363 363 I CameraService: CameraService process starting
06-26 11:31:22.119 363 363 W BatteryNotifier: batterystats service unavailable!
06-26 11:31:22.119 363 363 W BatteryNotifier: batterystats service unavailable!
06-26 11:31:22.120 363 363 E cutils-trace: Error opening trace file: No such file or directory (2)
06-26 11:31:22.121 383 383 D multiir : multi_ir open uinput dev
06-26 11:31:22.120 336 336 I xiriservice_All: type=1400 audit(0.0:301): avc: denied { read } for scontext=u:r:init:s0 tcontext=u:r:init:s0 tclass=netlink_kobject_uevent_socket permissive=1
06-26 11:31:22.126 324 328 D XM_HIDREAD: add@ add@/devices/virtual/input/input1
06-26 11:31:22.128 381 381 D AudioPowerUsage: AudioPowerUsage
06-26 11:31:22.128 381 381 D AudioAnalytics: AudioAnalytics
06-26 11:31:22.128 381 381 D MediaMetricsService: MediaMetricsService
06-26 11:31:22.129 363 363 I CameraProviderManager: Connecting to new camera provider: external/0, isRemote? 1
06-26 11:31:22.130 324 328 D XM_HIDREAD: add@ add@/devices/virtual/input/input1/event1
06-26 11:31:22.135 383 383 I input : sunxi-ir-uinput as /devices/virtual/input/input1
06-26 11:31:22.131 363 363 I CameraProviderManager: Camera provider external/0 ready with 0 camera devices
06-26 11:31:22.131 380 380 I MediaExtractorFactory: plugin directory not present (/system/lib/extractors)
06-26 11:31:22.131 380 380 I MediaExtractorFactory: plugin directory not present (/system_ext/lib/extractors)
06-26 11:31:22.132 363 435 W CameraProviderManager: addProviderLocked: Camera provider HAL with name 'external/0' already registered
06-26 11:31:22.132 363 363 I cameraserver: Waiting for activity service
06-26 11:31:22.135 383 383 D multiir : uinputfd=4
06-26 11:31:22.140 386 386 D systemmixservice: main SystemMix service is running.
06-26 11:31:22.141 386 386 I systemmixservice: ServiceManager: 0xedad0cb0
06-26 11:31:22.141 386 386 D SystemMixService: SystemMixService created
06-26 11:31:22.142 184 184 E SELinux : avc: denied { add } for pid=386 uid=0 name=softwinner.systemmix scontext=u:r:systemmix:s0 tcontext=u:object_r:default_android_service:s0 tclass=service_manager permissive=1
06-26 11:31:22.179 383 383 D multiir : uevent listen start
06-26 11:31:22.187 249 249 D Zygote : VMRuntime.setVerifierEnabled(false)
06-26 11:31:22.204 278 278 I ServiceManager: Waiting for service 'media.metrics' on '/dev/binder' successful after waiting 1159ms
06-26 11:31:22.205 278 278 I AudioFlinger: Using default 3000 mSec as standby time.
06-26 11:31:22.207 381 439 I ServiceManager: Waiting for service 'package_native' on '/dev/binder'...
06-26 11:31:22.243 278 278 E APM::HwModule: refreshSupportedDevices: invalid source devices for primary input
06-26 11:31:22.243 278 278 E APM::HwModule: refreshSupportedDevices: invalid source devices for fast input
06-26 11:31:22.250 278 278 D APM_EngineLoader: Loaded engine from libaudiopolicyenginedefault.so
06-26 11:31:22.250 278 278 D APM::AudioPolicyEngine/Base: loadAudioPolicyEngineConfig: No configuration found, using default matching phone experience.
06-26 11:31:22.254 383 383 D multiir : find target device, path=/dev/input/event0
06-26 11:31:22.259 383 446 D multiir : MultiirService create
06-26 11:31:22.261 184 184 E SELinux : avc: denied { add } for pid=383 uid=0 name=softwinner.multi_ir scontext=u:r:multi_ir:s0 tcontext=u:object_r:default_android_service:s0 tclass=service_manager permissive=1
06-26 11:31:22.273 278 278 W APM::AudioPolicyEngine/Base: loadAudioPolicyEngineConfig: No configuration of AUDIO_STREAM_ASSISTANT found, using default volume configuration
06-26 11:31:22.274 278 278 W APM::AudioPolicyEngine/Base: loadAudioPolicyEngineConfig: No configuration of AUDIO_STREAM_CALL_ASSISTANT found, using default volume configuration
06-26 11:31:22.292 254 254 V audio_hw_primary: init_audio_devices, line: 611
06-26 11:31:22.292 254 254 D audio_hw_primary: read card /sys/class/sound/card0/id
06-26 11:31:22.292 254 254 D audio_hw_primary: /sys/class/sound/card0/id, audiocodec, len: 11
06-26 11:31:22.292 254 254 D audio_hw_primary: linux name = audiocodec, android name = AUDIO_CODEC
06-26 11:31:22.292 254 254 D audio_hw_primary: find name map, card_id = audiocodec, card_name = AUDIO_CODEC
06-26 11:31:22.293 254 254 V audio_hw_primary: card: 0, name: AUDIO_CODEC, capture: 0, playback: 1
06-26 11:31:22.293 254 254 D audio_hw_primary: read card /sys/class/sound/card1/id
06-26 11:31:22.293 254 254 D audio_hw_primary: /sys/class/sound/card1/id, sndspdif, len: 9
06-26 11:31:22.293 254 254 D audio_hw_primary: linux name = sndspdif, android name = AUDIO_SPDIF
06-26 11:31:22.293 254 254 D audio_hw_primary: find name map, card_id = sndspdif, card_name = AUDIO_SPDIF
06-26 11:31:22.293 254 254 V audio_hw_primary: card: 1, name: AUDIO_SPDIF, capture: 1, playback: 1
06-26 11:31:22.293 254 254 D audio_hw_primary: read card /sys/class/sound/card2/id
06-26 11:31:22.293 254 254 D audio_hw_primary: /sys/class/sound/card2/id, ahubdam, len: 8
06-26 11:31:22.293 254 254 D audio_hw_primary: linux name = ahubdam, android name = AUDIO_DAM
06-26 11:31:22.293 254 254 D audio_hw_primary: find name map, card_id = ahubdam, card_name = AUDIO_DAM
06-26 11:31:22.293 254 254 V audio_hw_primary: card: 2, name: AUDIO_DAM, capture: 0, playback: 0
06-26 11:31:22.293 254 254 D audio_hw_primary: read card /sys/class/sound/card3/id
06-26 11:31:22.293 254 254 D audio_hw_primary: /sys/class/sound/card3/id, ahubhdmi, len: 9
06-26 11:31:22.293 254 254 D audio_hw_primary: linux name = ahubhdmi, android name = AUDIO_HDMI
06-26 11:31:22.293 254 254 D audio_hw_primary: find name map, card_id = ahubhdmi, card_name = AUDIO_HDMI
06-26 11:31:22.293 254 254 V audio_hw_primary: card: 3, name: AUDIO_HDMI, capture: 1, playback: 1
06-26 11:31:22.294 254 254 D audio_hw_primary: read card /sys/class/sound/card4/id
06-26 11:31:22.294 254 254 D audio_hw_primary: /sys/class/sound/card4/id, ahubi2s2, len: 9
06-26 11:31:22.294 254 254 D audio_hw_primary: linux name = ahubi2s2, android name = AUDIO_I2S2
06-26 11:31:22.294 254 254 D audio_hw_primary: find name map, card_id = ahubi2s2, card_name = AUDIO_I2S2
06-26 11:31:22.294 254 254 V audio_hw_primary: card: 4, name: AUDIO_I2S2, capture: 1, playback: 1
06-26 11:31:22.294 254 254 D audio_hw_primary: getCardNumbyName: name = AUDIO_CODEC , card = 0
06-26 11:31:22.294 254 254 D audio_hw_primary: getCardNumbyName: name = AUDIO_DAM , card = 2
06-26 11:31:22.294 254 254 D audio_hw_primary: getCardNumbyName: name = AUDIO_HDMI , card = 3
06-26 11:31:22.294 254 254 D audio_hw_primary: getCardNumbyName: name = AUDIO_I2S2 , card = 4
06-26 11:31:22.294 254 254 D audio_hw_primary: getCardNumbyName: name = AUDIO_SPDIF , card = 1
06-26 11:31:22.294 254 254 E audio_hw_primary: AUDIO_BT card does not exist
06-26 11:31:22.294 254 254 E audio_hw_primary: AUDIO_MIX card does not exist
06-26 11:31:22.294 254 254 V audio_hw_primary: init_audio_devices_active, line: 635
06-26 11:31:22.294 254 254 V audio_hw_primary: init_audio_devices_active: get property persist.vendor.audio.input.active: AUDIO_CODEC
06-26 11:31:22.300 1 1 I /system/bin/init: type=1107 audit(0.0:302): uid=0 auid=4294967295 ses=4294967295 subj=u:r:init:s0 msg='avc: denied { set } for property=persist.vendor.audio.input.active pid=254 uid=1041 gid=1005 scontext=u:r:hal_audio_default:s0 tcontext=u:object_r:vendor_default_prop:s0 tclass=property_service permissive=1'
06-26 11:31:22.312 254 254 V audio_hw_primary: set property persist.vendor.audio.input.active: AUDIO_CODEC ok
06-26 11:31:22.313 254 254 V audio_hw_primary: init_audio_devices_active: get property persist.vendor.audio.output.active: AUDIO_HDMI
06-26 11:31:22.323 254 254 V audio_hw_primary: set property persist.vendor.audio.output.active: AUDIO_HDMI ok
06-26 11:31:22.323 254 254 V audio_hw_primary: AUDIO_HDMI output device will be active
06-26 11:31:22.323 254 254 D audio_hw_primary: XX 2 0 2 0
06-26 11:31:22.326 254 254 W audio_route: Control 'External Speaker Switch' doesn't exist - skipping
06-26 11:31:22.327 254 254 W audio_route: Control 'Headphone Switch' doesn't exist - skipping
06-26 11:31:22.327 254 254 W audio_route: Control 'Earpiece Switch' doesn't exist - skipping
06-26 11:31:22.327 254 254 W audio_route: Control 'AIF1IN0R Mux' doesn't exist - skipping
06-26 11:31:22.327 254 254 W audio_route: Control 'AIF1IN0L Mux' doesn't exist - skipping
06-26 11:31:22.327 254 254 W audio_route: Control 'DACR Mixer AIF1DA0R Switch' doesn't exist - skipping
06-26 11:31:22.327 254 254 W audio_route: Control 'DACL Mixer AIF1DA0L Switch' doesn't exist - skipping
06-26 11:31:22.327 254 254 W audio_route: Control 'AIF1OUT0L Mux' doesn't exist - skipping
06-26 11:31:22.327 254 254 W audio_route: Control 'AIF1OUT0R Mux' doesn't exist - skipping
06-26 11:31:22.327 254 254 W audio_route: Control 'AIF1 AD0L Mixer ADCL Switch' doesn't exist - skipping
06-26 11:31:22.327 254 254 W audio_route: Control 'AIF1 AD0R Mixer ADCR Switch' doesn't exist - skipping
06-26 11:31:22.327 254 254 W audio_route: Control 'ADCR Mux' doesn't exist - skipping
06-26 11:31:22.327 254 254 W audio_route: Control 'ADCL Mux' doesn't exist - skipping
06-26 11:31:22.327 254 254 W audio_route: Control 'HP_R Mux' doesn't exist - skipping
06-26 11:31:22.327 254 254 W audio_route: Control 'HP_L Mux' doesn't exist - skipping
06-26 11:31:22.327 254 254 W audio_route: Control 'HP_R Mux' doesn't exist - skipping
06-26 11:31:22.327 254 254 W audio_route: Control 'HP_L Mux' doesn't exist - skipping
06-26 11:31:22.327 254 254 W audio_route: Control 'Right Output Mixer DACR Switch' doesn't exist - skipping
06-26 11:31:22.327 254 254 W audio_route: Control 'Left Output Mixer DACL Switch' doesn't exist - skipping
06-26 11:31:22.327 254 254 W audio_route: Control 'SPK_L Mux' doesn't exist - skipping
06-26 11:31:22.327 254 254 W audio_route: Control 'SPK_R Mux' doesn't exist - skipping
06-26 11:31:22.327 254 254 W audio_route: Control 'External Speaker Switch' doesn't exist - skipping
06-26 11:31:22.327 254 254 W audio_route: Control 'Headphone Switch' doesn't exist - skipping
06-26 11:31:22.327 254 254 W audio_route: Control 'AIF1IN0R Mux' doesn't exist - skipping
06-26 11:31:22.327 254 254 W audio_route: Control 'AIF1IN0L Mux' doesn't exist - skipping
06-26 11:31:22.327 254 254 W audio_route: Control 'DACR Mixer AIF1DA0R Switch' doesn't exist - skipping
06-26 11:31:22.327 254 254 W audio_route: Control 'DACL Mixer AIF1DA0L Switch' doesn't exist - skipping
06-26 11:31:22.327 254 254 W audio_route: Control 'Left Output Mixer DACR Switch' doesn't exist - skipping
06-26 11:31:22.327 254 254 W audio_route: Control 'Left Output Mixer DACL Switch' doesn't exist - skipping
06-26 11:31:22.327 254 254 W audio_route: Control 'SPK_L Mux' doesn't exist - skipping
06-26 11:31:22.327 254 254 W audio_route: Control 'External Speaker Switch' doesn't exist - skipping
06-26 11:31:22.327 254 254 W audio_route: unknown enum value string 0 for ctl LINEOUTL src LR
06-26 11:31:22.327 254 254 W audio_route: unknown enum value string 0 for ctl LINEOUTR src LR
06-26 11:31:22.327 254 254 W audio_route: Control 'DACR Mixer AIF1DA0R Switch' doesn't exist - skipping
06-26 11:31:22.327 254 254 W audio_route: Control 'DACL Mixer AIF1DA0L Switch' doesn't exist - skipping
06-26 11:31:22.327 254 254 W audio_route: Control 'AIF1 AD0L Mixer ADCL Switch' doesn't exist - skipping
06-26 11:31:22.327 254 254 W audio_route: Control 'AIF1 AD0R Mixer ADCR Switch' doesn't exist - skipping
06-26 11:31:22.327 254 254 W audio_route: Control 'Left Output Mixer DACL Switch' doesn't exist - skipping
06-26 11:31:22.327 254 254 W audio_route: Control 'Left Output Mixer DACR Switch' doesn't exist - skipping
06-26 11:31:22.327 254 254 W audio_route: Control 'Right Output Mixer DACL Switch' doesn't exist - skipping
06-26 11:31:22.327 254 254 W audio_route: Control 'Right Output Mixer DACR Switch' doesn't exist - skipping
06-26 11:31:22.327 254 254 W audio_route: Control 'Headphone Switch' doesn't exist - skipping
06-26 11:31:22.327 254 254 W audio_route: Control 'External Speaker Switch' doesn't exist - skipping
06-26 11:31:22.328 254 254 W audio_route: Control 'AIF1OUT0R Mux' doesn't exist - skipping
06-26 11:31:22.328 254 254 W audio_route: Control 'AIF1OUT0L Mux' doesn't exist - skipping
06-26 11:31:22.328 254 254 W audio_route: Control 'AIF1 AD0R Mixer ADCR Switch' doesn't exist - skipping
06-26 11:31:22.328 254 254 W audio_route: Control 'AIF1 AD0L Mixer ADCL Switch' doesn't exist - skipping
06-26 11:31:22.328 254 254 W audio_route: Control 'ADCR Mux' doesn't exist - skipping
06-26 11:31:22.328 254 254 W audio_route: Control 'ADCL Mux' doesn't exist - skipping
06-26 11:31:22.328 254 254 W audio_route: Control 'LADC input Mixer MIC1 boost Switch' doesn't exist - skipping
06-26 11:31:22.328 254 254 W audio_route: Control 'RADC input Mixer MIC1 boost Switch' doesn't exist - skipping
06-26 11:31:22.328 254 254 W audio_route: Control 'AIF1OUT0R Mux' doesn't exist - skipping
06-26 11:31:22.328 254 254 W audio_route: Control 'AIF1OUT0L Mux' doesn't exist - skipping
06-26 11:31:22.328 254 254 W audio_route: Control 'AIF1 AD0R Mixer ADCR Switch' doesn't exist - skipping
06-26 11:31:22.328 254 254 W audio_route: Control 'AIF1 AD0L Mixer ADCL Switch' doesn't exist - skipping
06-26 11:31:22.328 254 254 W audio_route: Control 'ADCR Mux' doesn't exist - skipping
