06-26 11:31:29.032 397 397 V C2Store : unloading dll
06-26 11:31:29.032 397 397 V C2Store : in init
06-26 11:31:29.032 397 397 V C2Store : loading dll
06-26 11:31:29.037 480 535 W BestClock: java.time.DateTimeException: Missing NTP fix
06-26 11:31:29.040 480 535 W BestClock: java.time.DateTimeException: Missing NTP fix
06-26 11:31:29.041 397 397 I mediaswcodec: missing struct descriptor #Param::CoreIndex(--004) for field values of struct #Param::CoreIndex(F-12004)
06-26 11:31:29.042 397 397 D C2SoftHevcEnc: Given level 6000 does not cover current configuration: adjusting to 6001
06-26 11:31:29.043 397 397 V C2Store : in ~ComponentModule
06-26 11:31:29.043 397 397 V C2Store : unloading dll
06-26 11:31:29.044 397 397 V C2Store : in init
06-26 11:31:29.044 397 397 V C2Store : loading dll
06-26 11:31:29.048 397 397 V C2Store : in ~ComponentModule
06-26 11:31:29.048 397 397 V C2Store : unloading dll
06-26 11:31:29.048 397 397 V C2Store : in init
06-26 11:31:29.048 397 397 V C2Store : loading dll
06-26 11:31:29.054 397 397 V C2Store : in ~ComponentModule
06-26 11:31:29.054 397 397 V C2Store : unloading dll
06-26 11:31:29.054 397 397 V C2Store : in init
06-26 11:31:29.054 397 397 V C2Store : loading dll
06-26 11:31:29.059 397 397 V C2Store : in ~ComponentModule
06-26 11:31:29.059 397 397 V C2Store : unloading dll
06-26 11:31:29.059 397 397 V C2Store : in init
06-26 11:31:29.059 397 397 V C2Store : loading dll
06-26 11:31:29.065 397 397 V C2Store : in ~ComponentModule
06-26 11:31:29.065 397 397 V C2Store : unloading dll
06-26 11:31:29.065 397 397 V C2Store : in init
06-26 11:31:29.065 397 397 V C2Store : loading dll
06-26 11:31:29.072 480 535 W BestClock: java.time.DateTimeException: Missing NTP fix
06-26 11:31:29.073 397 397 V C2Store : in ~ComponentModule
06-26 11:31:29.073 397 397 V C2Store : unloading dll
06-26 11:31:29.073 397 397 V C2Store : in init
06-26 11:31:29.073 397 397 V C2Store : loading dll
06-26 11:31:29.075 480 535 W BestClock: java.time.DateTimeException: Missing NTP fix
06-26 11:31:29.078 397 397 V C2Store : in ~ComponentModule
06-26 11:31:29.078 397 397 V C2Store : unloading dll
06-26 11:31:29.078 397 397 V C2Store : in init
06-26 11:31:29.078 397 397 V C2Store : loading dll
06-26 11:31:29.082 397 397 V C2Store : in ~ComponentModule
06-26 11:31:29.082 397 397 V C2Store : unloading dll
06-26 11:31:29.082 397 397 V C2Store : in init
06-26 11:31:29.082 397 397 V C2Store : loading dll
06-26 11:31:29.080 272 272 I EventThread: type=1400 audit(0.0:353): avc: denied { search } for name="extcon" dev="sysfs" ino=18109 scontext=u:r:hal_tv_cec_default:s0 tcontext=u:object_r:sysfs_extcon:s0 tclass=dir permissive=1
06-26 11:31:29.087 397 397 V C2Store : in ~ComponentModule
06-26 11:31:29.087 397 397 V C2Store : unloading dll
06-26 11:31:29.087 397 397 V C2Store : in init
06-26 11:31:29.087 397 397 V C2Store : loading dll
06-26 11:31:29.096 397 397 V C2Store : in ~ComponentModule
06-26 11:31:29.096 397 397 V C2Store : unloading dll
06-26 11:31:29.096 397 397 V C2Store : in init
06-26 11:31:29.096 397 397 V C2Store : loading dll
06-26 11:31:29.100 397 397 I C2SoftVp8Enc: setting temporal layering 0 + 0
06-26 11:31:29.102 397 397 V C2Store : in ~ComponentModule
06-26 11:31:29.102 397 397 V C2Store : unloading dll
06-26 11:31:29.103 397 397 V C2Store : in init
06-26 11:31:29.103 397 397 V C2Store : loading dll
06-26 11:31:29.104 480 535 W BestClock: java.time.DateTimeException: Missing NTP fix
06-26 11:31:29.106 480 480 I system_server: getFrameworkCompatibilityMatrix: Successfully processed VINTF information
06-26 11:31:29.106 480 480 I system_server: getDeviceCompatibilityMatrix: Reading VINTF information.
06-26 11:31:29.107 480 535 W BestClock: java.time.DateTimeException: Missing NTP fix
06-26 11:31:29.108 480 480 I system_server: getDeviceCompatibilityMatrix: Successfully processed VINTF information
06-26 11:31:29.108 397 397 V C2Store : in ~ComponentModule
06-26 11:31:29.108 397 397 V C2Store : unloading dll
06-26 11:31:29.108 397 397 V C2Store : in init
06-26 11:31:29.108 397 397 V C2Store : loading dll
06-26 11:31:29.112 397 397 I C2SoftVp9Enc: setting temporal layering 0 + 0
06-26 11:31:29.114 397 397 V C2Store : in ~ComponentModule
06-26 11:31:29.114 397 397 V C2Store : unloading dll
06-26 11:31:29.115 382 474 D MediaCodecsXmlParser: parsing /apex/com.android.media.swcodec/etc/media_codecs.xml...
06-26 11:31:29.117 382 474 D MediaCodecsXmlParser: disabling c2.android.gsm.decoder
06-26 11:31:29.118 382 474 D MediaCodecsXmlParser: disabling c2.android.mpeg2.decoder
06-26 11:31:29.118 480 480 I SystemServerTiming: sendUserStartBroadcast
06-26 11:31:29.119 480 480 I SystemServerTiming: resumeTopActivities
06-26 11:31:29.119 382 474 I MediaCodecsXmlParser: Did not find media_codecs_performance.xml in search path
06-26 11:31:29.119 382 474 I MediaCodecsXmlParser: Did not find media_codecs_c2.xml in search path
06-26 11:31:29.119 382 474 I MediaCodecsXmlParser: Did not find media_codecs_performance_c2.xml in search path
06-26 11:31:29.120 382 474 D MediaCodecsXmlParser: parsing /vendor/etc/media_codecs.xml...
06-26 11:31:29.120 382 474 D MediaCodecsXmlParser: parsing /vendor/etc/media_codecs_google_audio.xml...
06-26 11:31:29.120 382 474 D MediaCodecsXmlParser: unable to open media codecs configuration xml file: /vendor/etc/media_codecs_google_audio.xml
06-26 11:31:29.120 382 474 D MediaCodecsXmlParser: Setting: updating existing setting at line 97 of /vendor/etc/media_codecs.xml
06-26 11:31:29.121 480 480 I SystemServerTiming: sendUserSwitchBroadcasts
06-26 11:31:29.121 480 480 I SystemServerTiming: setBinderProxies
06-26 11:31:29.122 480 480 I SystemServerTiming: StartSystemUI
06-26 11:31:29.122 480 537 W ActivityManager: Slow operation: 328ms so far, now at startProcess: done updating battery stats
06-26 11:31:29.122 480 537 W ActivityManager: Slow operation: 329ms so far, now at startProcess: building log message
06-26 11:31:29.123 480 537 I ActivityManager: app.processName = com.android.networkstack.process
06-26 11:31:29.123 480 537 I ActivityManager: Start proc 785:com.android.networkstack.process/1073 for added application com.android.networkstack.process
06-26 11:31:29.123 480 537 W ActivityManager: Slow operation: 329ms so far, now at startProcess: starting to update pids map
06-26 11:31:29.124 480 537 W ActivityManager: Slow operation: 330ms so far, now at startProcess: done updating pids map
06-26 11:31:29.124 480 537 W ActivityManager: Slow operation: 326ms so far, now at startProcess: asking zygote to start proc
06-26 11:31:29.125 480 545 I libprocessgroup: Successfully killed process cgroup uid 1037 pid 704 in 0ms
06-26 11:31:29.126 480 503 I ActivityManager: Process WebViewLoader-armeabi-v7a (pid 704) has died: psvc PER
06-26 11:31:29.130 480 535 W BestClock: java.time.DateTimeException: Missing NTP fix
06-26 11:31:29.133 480 535 W BestClock: java.time.DateTimeException: Missing NTP fix
06-26 11:31:29.137 480 662 W ActivityManager: No pending application record for pid 771 (IApplicationThread android.app.IApplicationThread$Stub$Proxy@15ca9b0); dropping process
06-26 11:31:29.140 480 550 W KernelCpuProcStringReader: File not found. It's normal if not implemented: /proc/uid_time_in_state
06-26 11:31:29.140 249 249 D Zygote : Forked child process 812
06-26 11:31:29.141 480 537 W ActivityManager: Slow operation: 343ms so far, now at startProcess: returned from zygote!
06-26 11:31:29.143 480 550 W KernelCpuProcStringReader: File not found. It's normal if not implemented: /proc/uid_concurrent_active_time
06-26 11:31:29.144 480 584 D CompatibilityChangeReporter: Compat change id reported: 168419799; UID 1073; state: DISABLED
06-26 11:31:29.144 480 550 W KernelCpuProcStringReader: File not found. It's normal if not implemented: /proc/uid_concurrent_policy_time
06-26 11:31:29.145 480 550 E KernelCpuSpeedReader: Failed to read cpu-freq: /sys/devices/system/cpu/cpu0/cpufreq/stats/time_in_state: open failed: ENOENT (No such file or directory)
06-26 11:31:29.146 480 550 E system_server: Cannot read thread CPU times for PID 480
06-26 11:31:29.149 812 812 I Zygote : seccomp disabled by setenforce 0
06-26 11:31:29.148 382 474 D MediaCodecsXmlParser: parsing /vendor/etc/media_codecs_google_video.xml...
06-26 11:31:29.152 382 474 D MediaCodecsXmlParser: unable to open media codecs configuration xml file: /vendor/etc/media_codecs_google_video.xml
06-26 11:31:29.155 382 474 D MediaCodecsXmlParser: parsing /vendor/etc/media_codecs_performance.xml...
06-26 11:31:29.155 480 584 D CompatibilityChangeReporter: Compat change id reported: 168419799; UID 1073; state: DISABLED
06-26 11:31:29.152 331 331 I rainbow_flow: type=1400 audit(0.0:354): avc: denied { ioctl } for path="/dev/spidev1.0" dev="tmpfs" ino=6711 ioctlcmd=0x6b00 scontext=u:r:init:s0 tcontext=u:object_r:device:s0 tclass=chr_file permissive=1
06-26 11:31:29.156 382 474 D MediaCodecsXmlParser: MediaCodec: cannot update non-existing codec: OMX.google.h264.encoder at line 25 of /vendor/etc/media_codecs_performance.xml
06-26 11:31:29.156 382 474 D MediaCodecsXmlParser: MediaCodec: cannot update non-existing codec: OMX.google.h263.encoder at line 31 of /vendor/etc/media_codecs_performance.xml
06-26 11:31:29.156 382 474 D MediaCodecsXmlParser: MediaCodec: cannot update non-existing codec: OMX.google.mpeg4.encoder at line 34 of /vendor/etc/media_codecs_performance.xml
06-26 11:31:29.157 382 474 D MediaCodecsXmlParser: MediaCodec: cannot update non-existing codec: OMX.google.vp8.encoder at line 37 of /vendor/etc/media_codecs_performance.xml
06-26 11:31:29.158 480 804 W ActivityManager: Unable to start service Intent { cmp=com.oranth.ledstatus/.LedStatusService } U=0: not found
06-26 11:31:29.159 382 474 D MediaCodecsXmlParser: MediaCodec: cannot update non-existing codec: OMX.allwinner.video.decoder.h263 at line 59 of /vendor/etc/media_codecs_performance.xml
06-26 11:31:29.161 480 525 I ActivityManager: com.android.tv.settings is exempt from freezer
06-26 11:31:29.162 480 525 D CompatibilityChangeReporter: Compat change id reported: 135634846; UID 1000; state: DISABLED
06-26 11:31:29.163 382 474 D MediaCodecsXmlParser: MediaCodec: cannot update non-existing codec: OMX.google.mpeg4.decoder at line 80 of /vendor/etc/media_codecs_performance.xml
06-26 11:31:29.163 382 474 D MediaCodecsXmlParser: MediaCodec: cannot update non-existing codec: OMX.google.h264.decoder at line 83 of /vendor/etc/media_codecs_performance.xml
06-26 11:31:29.164 382 474 D MediaCodecsXmlParser: MediaCodec: cannot update non-existing codec: OMX.google.h263.decoder at line 89 of /vendor/etc/media_codecs_performance.xml
06-26 11:31:29.164 382 474 D MediaCodecsXmlParser: MediaCodec: cannot update non-existing codec: OMX.google.hevc.decoder at line 93 of /vendor/etc/media_codecs_performance.xml
06-26 11:31:29.164 382 474 D MediaCodecsXmlParser: MediaCodec: cannot update non-existing codec: OMX.google.vp8.decoder at line 101 of /vendor/etc/media_codecs_performance.xml
06-26 11:31:29.164 382 474 D MediaCodecsXmlParser: MediaCodec: cannot update non-existing codec: OMX.google.vp9.decoder at line 107 of /vendor/etc/media_codecs_performance.xml
06-26 11:31:29.164 382 474 I MediaCodecsXmlParser: Did not find media_codecs_shaping.xml in search path
06-26 11:31:29.165 382 474 I MediaCodecsXmlParser: Did not find media_codecs_shaping.xml in search path
06-26 11:31:29.165 480 618 D ConnectivityService: Got NetworkProvider Messenger for VpnNetworkProvider:0
06-26 11:31:29.165 397 397 V C2Store : in init
06-26 11:31:29.165 397 397 V C2Store : loading dll
06-26 11:31:29.169 480 537 W ActivityManager: Slow operation: 371ms so far, now at startProcess: done updating battery stats
06-26 11:31:29.169 480 537 W ActivityManager: Slow operation: 371ms so far, now at startProcess: building log message
06-26 11:31:29.169 480 537 I ActivityManager: app.processName = com.android.se
06-26 11:31:29.169 480 537 I ActivityManager: Start proc 812:com.android.se/1068 for added application com.android.se
06-26 11:31:29.169 480 537 W ActivityManager: Slow operation: 371ms so far, now at startProcess: starting to update pids map
06-26 11:31:29.169 480 537 W ActivityManager: Slow operation: 371ms so far, now at startProcess: done updating pids map
06-26 11:31:29.176 480 535 W BestClock: java.time.DateTimeException: Missing NTP fix
06-26 11:31:29.182 480 535 W BestClock: java.time.DateTimeException: Missing NTP fix
06-26 11:31:29.183 480 525 I InputManager: Enabling motion classifier because user switched: feature enabled, long press timeout = 400
06-26 11:31:29.183 480 525 I InputClassifier: Enabling motion classifier
06-26 11:31:29.185 186 186 I hwservicemanager: getTransport: Cannot find entry android.hardware.input.classifier@1.0::IInputClassifier/default in either framework or device VINTF manifest.
06-26 11:31:29.186 480 821 I InputClassifier: Could not obtain InputClassifier HAL
06-26 11:31:29.189 480 609 W BestClock: java.time.DateTimeException: Missing NTP fix
06-26 11:31:29.190 403 417 I adbd : jdwp connection from 812
06-26 11:31:29.190 480 480 D JNIMultiir: Multiir JNI_OnLoad()
06-26 11:31:29.190 480 480 D JNIMultiir: init
06-26 11:31:29.191 480 609 W BestClock: java.time.DateTimeException: Missing NTP fix
06-26 11:31:29.191 249 249 D Zygote : Forked child process 824
06-26 11:31:29.193 480 537 I ActivityManager: app.processName = com.android.tv.settings
06-26 11:31:29.193 480 537 I ActivityManager: Start proc 824:com.android.tv.settings/1000 for top-activity {com.android.tv.settings/com.android.tv.settings.system.FallbackHome}
06-26 11:31:29.193 480 480 D SystemServer: VMRuntime.setVerifierEnabled(true)
06-26 11:31:29.196 480 480 W Looper : Slow delivery took 4439ms main h=android.app.PropertyInvalidatedCache$AutoCorker$1 c=null m=0
06-26 11:31:29.197 480 609 W BestClock: java.time.DateTimeException: Missing NTP fix
06-26 11:31:29.197 668 668 D AdapterState: make() - Creating AdapterState
06-26 11:31:29.199 480 609 W BestClock: java.time.DateTimeException: Missing NTP fix
06-26 11:31:29.200 785 785 D CompatibilityChangeReporter: Compat change id reported: 171979766; UID 1073; state: ENABLED
06-26 11:31:29.201 480 609 W BestClock: java.time.DateTimeException: Missing NTP fix
06-26 11:31:29.201 824 824 I Zygote : seccomp disabled by setenforce 0
06-26 11:31:29.202 480 609 W BestClock: java.time.DateTimeException: Missing NTP fix
06-26 11:31:29.204 668 828 I AdapterState: OFF : entered
06-26 11:31:29.204 668 828 D AdapterProperties: Setting state to OFF
06-26 11:31:29.206 480 480 D ConditionProviders.SCP: onConnected
06-26 11:31:29.207 668 668 D BluetoothKeystoreService: new BluetoothKeystoreService isCommonCriteriaMode: false
06-26 11:31:29.207 668 668 D BluetoothKeystoreService: start
06-26 11:31:29.208 480 480 D ConditionProviders: Subscribing to condition://android/event?userId=-10000&calendar=&reply=1 with ComponentInfo{android/com.android.server.notification.EventConditionProvider}
06-26 11:31:29.208 480 609 W BestClock: java.time.DateTimeException: Missing NTP fix
06-26 11:31:29.211 382 474 I Codec2InfoBuilder: adding type 'audio/mp4a-latm'
06-26 11:31:29.214 668 668 I droid.bluetoot: [0626/113129.214360:INFO:com_android_bluetooth_btservice_BluetoothKeystore.cpp(97)] classInitNative: succeeds
06-26 11:31:29.214 480 480 D ConditionProviders: Subscribing to condition://android/schedule?days=1.2.3.4.5.6.7&start=22.0&end=7.0&exitAtAlarm=true with ComponentInfo{android/com.android.server.notification.ScheduleConditionProvider}
06-26 11:31:29.215 668 668 D BluetoothKeystoreService: setBluetoothKeystoreService(): set to: com.android.bluetooth.btservice.bluetoothkeystore.BluetoothKeystoreService@66c70fc
06-26 11:31:29.220 403 417 I adbd : jdwp connection from 824
06-26 11:31:29.224 272 272 D hdmi-cec: reset logical address to broadcast
06-26 11:31:29.227 480 535 W BestClock: java.time.DateTimeException: Missing NTP fix
06-26 11:31:29.230 480 535 W BestClock: java.time.DateTimeException: Missing NTP fix
06-26 11:31:29.233 668 668 D BluetoothKeystoreService: loadConfigData
06-26 11:31:29.232 681 681 I ndroid.systemui: type=1400 audit(0.0:355): avc: denied { search } for name="com.android.systemui" dev="mmcblk0p25" ino=484 scontext=u:r:platform_app:s0:c512,c768 tcontext=u:object_r:app_data_file:s0:c512,c768 tclass=dir permissive=1 app=com.softwinner.screenshot
06-26 11:31:29.237 480 609 W BestClock: java.time.DateTimeException: Missing NTP fix
06-26 11:31:29.238 480 480 D CompatibilityChangeReporter: Compat change id reported: 135634846; UID 10075; state: DISABLED
06-26 11:31:29.239 480 537 D CompatibilityChangeReporter: Compat change id reported: 143937733; UID 10075; state: ENABLED
06-26 11:31:29.240 397 425 V C2Store : in init
06-26 11:31:29.240 397 425 V C2Store : loading dll
06-26 11:31:29.248 480 609 W BestClock: java.time.DateTimeException: Missing NTP fix
06-26 11:31:29.249 480 609 W BestClock: java.time.DateTimeException: Missing NTP fix
06-26 11:31:29.253 480 584 D CompatibilityChangeReporter: Compat change id reported: 168419799; UID 1068; state: DISABLED
06-26 11:31:29.256 480 609 W BestClock: java.time.DateTimeException: Missing NTP fix
06-26 11:31:29.258 480 535 W BestClock: java.time.DateTimeException: Missing NTP fix
06-26 11:31:29.263 480 609 W BestClock: java.time.DateTimeException: Missing NTP fix
06-26 11:31:29.263 480 584 D CompatibilityChangeReporter: Compat change id reported: 181136395; UID 1000; state: DISABLED
06-26 11:31:29.264 480 535 W BestClock: java.time.DateTimeException: Missing NTP fix
06-26 11:31:29.265 480 584 D CompatibilityChangeReporter: Compat change id reported: 174042936; UID 1000; state: DISABLED
06-26 11:31:29.265 382 474 I Codec2InfoBuilder: adding type 'audio/mp4a-latm'
06-26 11:31:29.268 397 425 V C2Store : in ~ComponentModule
06-26 11:31:29.268 397 425 V C2Store : unloading dll
06-26 11:31:29.269 812 812 D CompatibilityChangeReporter: Compat change id reported: 171979766; UID 1068; state: ENABLED
06-26 11:31:29.271 397 397 V C2Store : in ~ComponentModule
06-26 11:31:29.271 397 397 V C2Store : unloading dll
06-26 11:31:29.274 397 847 V C2Store : in init
06-26 11:31:29.274 397 847 V C2Store : loading dll
06-26 11:31:29.281 382 474 I Codec2InfoBuilder: adding type 'audio/3gpp'
06-26 11:31:29.282 397 397 V C2Store : in init
06-26 11:31:29.282 397 425 V C2Store : in ~ComponentModule
06-26 11:31:29.282 397 397 V C2Store : loading dll
06-26 11:31:29.282 397 425 V C2Store : unloading dll
06-26 11:31:29.283 785 785 V GraphicsEnvironment: ANGLE Developer option for 'com.android.networkstack' set to: 'default'
06-26 11:31:29.284 785 785 V GraphicsEnvironment: Neither updatable production driver nor prerelease driver is supported.
06-26 11:31:29.285 785 785 D NetworkSecurityConfig: No Network Security Config specified, using platform default
06-26 11:31:29.287 824 824 D CompatibilityChangeReporter: Compat change id reported: 171979766; UID 1000; state: ENABLED
06-26 11:31:29.289 785 785 D NetworkSecurityConfig: No Network Security Config specified, using platform default
06-26 11:31:29.292 382 474 I Codec2InfoBuilder: adding type 'audio/3gpp'
06-26 11:31:29.296 397 397 V C2Store : in init
06-26 11:31:29.296 397 397 V C2Store : loading dll
06-26 11:31:29.298 397 425 V C2Store : in ~ComponentModule
06-26 11:31:29.298 397 425 V C2Store : unloading dll
06-26 11:31:29.298 480 535 W BestClock: java.time.DateTimeException: Missing NTP fix
06-26 11:31:29.300 480 609 W BestClock: java.time.DateTimeException: Missing NTP fix
06-26 11:31:29.303 480 535 D CountryDetector: Using custom country detector class: com.android.server.location.ComprehensiveCountryDetector
06-26 11:31:29.303 480 535 E CountryDetector: Could not instantiate the custom country detector class
06-26 11:31:29.303 480 535 D CountryDetector: Using default country detector
06-26 11:31:29.304 480 609 W BestClock: java.time.DateTimeException: Missing NTP fix
06-26 11:31:29.305 382 474 I Codec2InfoBuilder: adding type 'audio/amr-wb'
06-26 11:31:29.307 397 424 V C2Store : in init
06-26 11:31:29.307 397 424 V C2Store : loading dll
06-26 11:31:29.309 480 609 W BestClock: java.time.DateTimeException: Missing NTP fix
06-26 11:31:29.310 480 609 W BestClock: java.time.DateTimeException: Missing NTP fix
06-26 11:31:29.312 480 609 W BestClock: java.time.DateTimeException: Missing NTP fix
06-26 11:31:29.312 668 668 I droid.bluetoot: [0626/113129.312654:INFO:com_android_bluetooth_btservice_ActivityAttribution.cpp(96)] classInitNative: succeeds
06-26 11:31:29.313 480 609 W BestClock: java.time.DateTimeException: Missing NTP fix
06-26 11:31:29.315 382 474 I Codec2InfoBuilder: adding type 'audio/amr-wb'
06-26 11:31:29.316 397 847 V C2Store : in init
06-26 11:31:29.316 397 847 V C2Store : loading dll
06-26 11:31:29.316 668 668 D BluetoothKeystoreService: getCompareResult: 0
06-26 11:31:29.316 397 425 V C2Store : in ~ComponentModule
06-26 11:31:29.316 397 425 V C2Store : unloading dll
06-26 11:31:29.317 397 397 V C2Store : in ~ComponentModule
06-26 11:31:29.317 397 397 V C2Store : unloading dll
06-26 11:31:29.321 249 249 D Zygote : Forked child process 852
06-26 11:31:29.321 480 537 W ActivityManager: Slow operation: 87ms so far, now at startProcess: returned from zygote!
06-26 11:31:29.323 480 537 W ActivityManager: Slow operation: 88ms so far, now at startProcess: done updating battery stats
06-26 11:31:29.323 480 537 W ActivityManager: Slow operation: 88ms so far, now at startProcess: building log message
06-26 11:31:29.323 480 537 I ActivityManager: app.processName = android.ext.services
06-26 11:31:29.323 480 537 I ActivityManager: Start proc 852:android.ext.services/u0a75 for service {android.ext.services/android.ext.services.autofill.InlineSuggestionRenderServiceImpl}
06-26 11:31:29.323 480 537 W ActivityManager: Slow operation: 88ms so far, now at startProcess: starting to update pids map
06-26 11:31:29.327 382 474 D Codec2InfoBuilder: component 'c2.android.av1.decoder' not found in xml
06-26 11:31:29.328 397 851 V C2Store : in init
06-26 11:31:29.329 480 609 W BestClock: java.time.DateTimeException: Missing NTP fix
06-26 11:31:29.329 397 851 V C2Store : loading dll
06-26 11:31:29.329 668 668 I bt_btif : system/bt/btif/src/bluetooth.cc:162 init: init: start restricted = 0 ; common criteria mode = 0, config compare result = 0
06-26 11:31:29.332 397 847 V C2Store : in ~ComponentModule
06-26 11:31:29.333 397 847 V C2Store : unloading dll
06-26 11:31:29.333 668 668 I bt : bt_common::init_flags: Flags loaded: gd_core=false gd_advertising=false gd_scanning=false gd_security=false gd_acl=false gd_l2cap=false gd_hci=false gd_controller=false gatt_robust_caching=false btaa_hci=false gd_rust=false gd_link_policy=false
06-26 11:31:29.333 249 249 I Zygote : Process 771 exited due to signal 9 (Killed)
06-26 11:31:29.334 480 609 W BestClock: java.time.DateTimeException: Missing NTP fix
06-26 11:31:29.338 35 35 I binder : undelivered TRANSACTION_COMPLETE
06-26 11:31:29.338 35 35 I binder : undelivered transaction 10333, process died.
06-26 11:31:29.338 852 852 I Zygote : seccomp disabled by setenforce 0
06-26 11:31:29.339 668 853 I droid.bluetoot: [0626/113129.339721:INFO:message_loop_thread.cc(224)] Run: message loop starting for thread bt_stack_manager_thread
06-26 11:31:29.340 480 537 W ActivityManager: Slow operation: 101ms so far, now at startProcess: done updating pids map
06-26 11:31:29.340 480 609 W BestClock: java.time.DateTimeException: Missing NTP fix
06-26 11:31:29.346 361 361 W hdr10p_Configure: 99 callbacks suppressed
06-26 11:31:29.346 361 361 I : DVI mode selected: packets not configured
06-26 11:31:29.346 361 361 W set_vsif_config: 99 callbacks suppressed
06-26 11:31:29.346 361 361 I : Error: set vsif failed
06-26 11:31:29.344 480 609 W BestClock: java.time.DateTimeException: Missing NTP fix
06-26 11:31:29.344 480 480 D CompatibilityChangeReporter: Compat change id reported: 150939131; UID 1000; state: ENABLED
06-26 11:31:29.346 480 522 D AdbService: setAdbEnabled(true), mIsAdbUsbEnabled=true, mIsAdbWifiEnabled=true, transportType=1
06-26 11:31:29.346 480 609 W BestClock: java.time.DateTimeException: Missing NTP fix
06-26 11:31:29.347 668 853 I bt_stack_manager: system/bt/btif/src/stack_manager.cc:200 event_init_stack: is initializing the stack
06-26 11:31:29.348 480 609 W BestClock: java.time.DateTimeException: Missing NTP fix
06-26 11:31:29.350 382 474 I Codec2InfoBuilder: adding type 'video/avc'
06-26 11:31:29.355 397 425 V C2Store : in init
06-26 11:31:29.355 397 425 V C2Store : loading dll
06-26 11:31:29.357 397 425 I mediaswcodec: missing struct descriptor #Param::CoreIndex(--004) for field values of struct #Param::CoreIndex(F-12004)
06-26 11:31:29.357 397 425 I mediaswcodec: missing struct descriptor #Param::CoreIndex(--1812) for field values of struct #Param::CoreIndex(F-11812)
06-26 11:31:29.362 397 851 V C2Store : in ~ComponentModule
06-26 11:31:29.363 480 609 W BestClock: java.time.DateTimeException: Missing NTP fix
06-26 11:31:29.364 397 851 V C2Store : unloading dll
06-26 11:31:29.364 480 609 W BestClock: java.time.DateTimeException: Missing NTP fix
06-26 11:31:29.364 397 425 I mediaswcodec: missing struct descriptor #Param::CoreIndex(--004) for field values of struct #Param::CoreIndex(F-12004)
06-26 11:31:29.365 397 425 I mediaswcodec: missing struct descriptor #Param::CoreIndex(--1812) for field values of struct #Param::CoreIndex(F-11812)
06-26 11:31:29.366 403 417 I adbd : jdwp connection from 852
06-26 11:31:29.367 382 474 I Codec2InfoBuilder: adding type 'video/avc'
06-26 11:31:29.366 668 863 I bt_osi_thread: system/bt/osi/src/thread.cc:209 run_thread: run_thread: thread id 863, thread name alarm_default_ca started
06-26 11:31:29.377 397 850 V C2Store : in init
06-26 11:31:29.377 397 850 V C2Store : loading dll
06-26 11:31:29.378 397 425 V C2Store : in ~ComponentModule
06-26 11:31:29.378 397 425 V C2Store : unloading dll
06-26 11:31:29.380 361 361 I : DVI mode selected: packets not configured
06-26 11:31:29.380 361 361 I : Error: set vsif failed
06-26 11:31:29.382 668 872 I bt_osi_thread: system/bt/osi/src/thread.cc:209 run_thread: run_thread: thread id 872, thread name alarm_dispatcher started
06-26 11:31:29.382 382 474 I Codec2InfoBuilder: adding type 'audio/flac'
06-26 11:31:29.383 668 853 I bt_btif_core: system/bt/btif/src/btif_core.cc:235 btif_init_bluetooth: btif_init_bluetooth entered
06-26 11:31:29.384 397 851 V C2Store : in init
06-26 11:31:29.384 397 851 V C2Store : loading dll
06-26 11:31:29.384 397 425 V C2Store : in ~ComponentModule
06-26 11:31:29.384 397 425 V C2Store : unloading dll
06-26 11:31:29.387 668 876 I droid.bluetoot: [0626/113129.386974:INFO:message_loop_thread.cc(224)] Run: message loop starting for thread bt_jni_thread
06-26 11:31:29.387 668 853 I bt_btif_core: system/bt/btif/src/btif_core.cc:239 btif_init_bluetooth: btif_init_bluetooth finished
06-26 11:31:29.388 668 853 I bt_stack_config: system/bt/main/stack_config.cc:51 init: init attempt to load stack conf from /etc/bluetooth/bt_stack.conf
06-26 11:31:29.389 668 853 I bt_stack_manager: system/bt/btif/src/stack_manager.cc:223 event_init_stack: finished
06-26 11:31:29.389 668 668 I bt_osi_wakelock: system/bt/osi/src/wakelock.cc:98 wakelock_set_os_callouts: wakelock_set_os_callouts set to non-native
06-26 11:31:29.389 668 668 I bt_btif : system/bt/btif/src/bluetooth.cc:417 get_profile_interface: get_profile_interface: id = socket
06-26 11:31:29.390 668 668 E droid.bluetoot: [0626/113129.390492:ERROR:message_loop_thread.cc(102)] DoInThreadDelayed: message loop is null for thread bt_main_thread(-1), from pc:0xc75c12fb
06-26 11:31:29.390 668 668 E droid.bluetoot: [0626/113129.390693:ERROR:btu_task.cc(94)] do_in_main_thread: failed from pc:0xc75c12fb
06-26 11:31:29.390 668 668 E droid.bluetoot: [0626/113129.390868:ERROR:message_loop_thread.cc(102)] DoInThreadDelayed: message loop is null for thread bt_main_thread(-1), from pc:0xc75c12fb
06-26 11:31:29.390 668 668 E droid.bluetoot: [0626/113129.390934:ERROR:btu_task.cc(94)] do_in_main_thread: failed from pc:0xc75c12fb
06-26 11:31:29.391 668 668 E droid.bluetoot: [0626/113129.390992:ERROR:message_loop_thread.cc(102)] DoInThreadDelayed: message loop is null for thread bt_main_thread(-1), from pc:0xc75c12fb
06-26 11:31:29.391 668 668 E droid.bluetoot: [0626/113129.391053:ERROR:btu_task.cc(94)] do_in_main_thread: failed from pc:0xc75c12fb
06-26 11:31:29.391 812 812 V GraphicsEnvironment: ANGLE Developer option for 'com.android.se' set to: 'default'
06-26 11:31:29.391 812 812 V GraphicsEnvironment: Neither updatable production driver nor prerelease driver is supported.
06-26 11:31:29.392 824 824 V GraphicsEnvironment: ANGLE Developer option for 'com.android.tv.settings' set to: 'default'
06-26 11:31:29.393 824 824 V GraphicsEnvironment: Neither updatable production driver nor prerelease driver is supported.
06-26 11:31:29.393 382 474 I Codec2InfoBuilder: adding type 'audio/flac'
06-26 11:31:29.393 397 850 V C2Store : in init
06-26 11:31:29.394 397 850 V C2Store : loading dll
06-26 11:31:29.396 397 847 V C2Store : in ~ComponentModule
06-26 11:31:29.396 397 847 V C2Store : unloading dll
06-26 11:31:29.396 480 480 I PackageWatchdog: Syncing health check requests for packages: {}
06-26 11:31:29.397 824 824 D NetworkSecurityConfig: No Network Security Config specified, using platform default
06-26 11:31:29.397 480 480 I ExplicitHealthCheckController: Service not ready to get health check supported packages. Binding...
06-26 11:31:29.397 301 534 D PermissionCache: checking android.permission.ACCESS_SURFACE_FLINGER for uid=10067 => granted (1419 us)
06-26 11:31:29.397 824 824 D NetworkSecurityConfig: No Network Security Config specified, using platform default
06-26 11:31:29.398 668 668 D BluetoothKeystoreService: initJni()
06-26 11:31:29.400 480 480 I ExplicitHealthCheckController: Explicit health check service is bound
06-26 11:31:29.400 668 668 I bt_btif : system/bt/btif/src/bluetooth.cc:417 get_profile_interface: get_profile_interface: id = bluetooth_keystore
06-26 11:31:29.402 382 474 I Codec2InfoBuilder: adding type 'audio/g711-alaw'
06-26 11:31:29.403 397 847 V C2Store : in init
06-26 11:31:29.403 397 847 V C2Store : loading dll
06-26 11:31:29.401 668 668 I bt_btif : system/bt/btif/src/bluetooth.cc:417 get_profile_interface: get_profile_interface: id = sdp
06-26 11:31:29.409 382 474 I Codec2InfoBuilder: adding type 'audio/g711-mlaw'
06-26 11:31:29.410 397 397 V C2Store : in init
06-26 11:31:29.410 397 397 V C2Store : loading dll
06-26 11:31:29.413 361 361 I : DVI mode selected: packets not configured
06-26 11:31:29.413 361 361 I : Error: set vsif failed
06-26 11:31:29.414 382 474 D Codec2InfoBuilder: codec entry for 'c2.android.gsm.decoder' is disabled
06-26 11:31:29.415 397 425 V C2Store : in ~ComponentModule
06-26 11:31:29.415 397 425 V C2Store : unloading dll
06-26 11:31:29.416 397 424 V C2Store : in init
06-26 11:31:29.416 397 424 V C2Store : loading dll
06-26 11:31:29.416 397 851 V C2Store : in ~ComponentModule
06-26 11:31:29.417 397 847 V C2Store : in ~ComponentModule
06-26 11:31:29.417 397 851 V C2Store : unloading dll
06-26 11:31:29.418 397 847 V C2Store : unloading dll
06-26 11:31:29.419 812 812 D NetworkSecurityConfig: No Network Security Config specified, using platform default
06-26 11:31:29.420 812 812 D NetworkSecurityConfig: No Network Security Config specified, using platform default
06-26 11:31:29.421 480 503 D ConnectivityService: requestNetwork for uid/pid:1073/785 activeRequest: null callbackRequest: 18 [NetworkRequest [ REQUEST id=19, [ Capabilities: INTERNET&NOT_RESTRICTED&TRUSTED&NOT_VCN_MANAGED Uid: 1073 RequestorUid: 1073 RequestorPkg: com.android.networkstack] ]] callback flags: 0 priority: 2147483647
06-26 11:31:29.423 480 618 D ConnectivityService: NetReassign [no changes]
06-26 11:31:29.430 361 361 I : DVI mode selected: packets not configured
06-26 11:31:29.430 361 361 I : Error: set vsif failed
06-26 11:31:29.426 480 652 D PPPOE : got request NetworkRequest [ REQUEST id=19, [ Capabilities: INTERNET&NOT_RESTRICTED&TRUSTED&NOT_VCN_MANAGED Uid: 1073 RequestorUid: 1073 RequestorPkg: com.android.networkstack] ]
06-26 11:31:29.427 382 474 I Codec2InfoBuilder: adding type 'video/3gpp'
06-26 11:31:29.428 480 651 D Ethernet: got request NetworkRequest [ REQUEST id=19, [ Capabilities: INTERNET&NOT_RESTRICTED&TRUSTED&NOT_VCN_MANAGED Uid: 1073 RequestorUid: 1073 RequestorPkg: com.android.networkstack] ]
06-26 11:31:29.428 480 651 D EthernetNetworkFactory: acceptRequest, request: NetworkRequest [ REQUEST id=19, [ Capabilities: INTERNET&NOT_RESTRICTED&TRUSTED&NOT_VCN_MANAGED Uid: 1073 RequestorUid: 1073 RequestorPkg: com.android.networkstack] ]
06-26 11:31:29.428 480 651 I EthernetNetworkFactory: networkForRequest, request: NetworkRequest [ REQUEST id=19, [ Capabilities: INTERNET&NOT_RESTRICTED&TRUSTED&NOT_VCN_MANAGED Uid: 1073 RequestorUid: 1073 RequestorPkg: com.android.networkstack] ], network: null
06-26 11:31:29.433 397 397 V C2Store : in init
06-26 11:31:29.433 397 397 V C2Store : loading dll
06-26 11:31:29.435 480 584 D CompatibilityChangeReporter: Compat change id reported: 168419799; UID 10075; state: DISABLED
06-26 11:31:29.437 812 812 I SecureElementService: main onCreate
06-26 11:31:29.438 668 668 D BluetoothDatabase: start()
06-26 11:31:29.440 382 474 I Codec2InfoBuilder: adding type 'video/3gpp'
06-26 11:31:29.443 397 851 V C2Store : in init
06-26 11:31:29.443 397 851 V C2Store : loading dll
06-26 11:31:29.443 397 881 V C2Store : in ~ComponentModule
06-26 11:31:29.443 397 881 V C2Store : unloading dll
06-26 11:31:29.443 480 618 D ConnectivityService: NetReassign [no changes]
06-26 11:31:29.444 397 397 V C2Store : in ~ComponentModule
06-26 11:31:29.444 397 397 V C2Store : unloading dll
06-26 11:31:29.454 382 474 I Codec2InfoBuilder: adding type 'video/hevc'
06-26 11:31:29.458 852 852 D CompatibilityChangeReporter: Compat change id reported: 171979766; UID 10075; state: DISABLED
06-26 11:31:29.463 361 361 I : DVI mode selected: packets not configured
06-26 11:31:29.463 361 361 I : Error: set vsif failed
06-26 11:31:29.459 668 668 D BluetoothDatabase: Load Database
06-26 11:31:29.460 668 668 I BluetoothAdapterService: Phone policy enabled
06-26 11:31:29.461 397 881 V C2Store : in init
06-26 11:31:29.461 397 881 V C2Store : loading dll
06-26 11:31:29.462 668 668 D BluetoothActiveDeviceManager: start()
06-26 11:31:29.463 785 785 D ApplicationLoaders: Returning zygote-cached class loader: /system/framework/android.test.base.jar
06-26 11:31:29.463 397 881 I mediaswcodec: missing struct descriptor #Param::CoreIndex(--004) for field values of struct #Param::CoreIndex(F-12004)
06-26 11:31:29.464 397 881 D C2SoftHevcEnc: Given level 6000 does not cover current configuration: adjusting to 6001
06-26 11:31:29.464 812 812 I SecureElementService: Check if terminal eSE1 is available.
06-26 11:31:29.468 186 186 I hwservicemanager: getTransport: Cannot find entry android.hardware.secure_element@1.2::ISecureElement/eSE1 in either framework or device VINTF manifest.
06-26 11:31:29.469 812 812 D SecureElement-Terminal-eSE1: SE Hal V1.2 is not supported
06-26 11:31:29.470 186 186 I hwservicemanager: getTransport: Cannot find entry android.hardware.secure_element@1.1::ISecureElement/eSE1 in either framework or device VINTF manifest.
06-26 11:31:29.471 397 883 V C2Store : in ~ComponentModule
06-26 11:31:29.471 397 883 V C2Store : unloading dll
06-26 11:31:29.471 812 812 D SecureElement-Terminal-eSE1: SE Hal V1.1 is not supported
06-26 11:31:29.471 480 480 D NetworkSecurityConfig: No Network Security Config specified, using platform default
06-26 11:31:29.472 397 881 I mediaswcodec: missing struct descriptor #Param::CoreIndex(--004) for field values of struct #Param::CoreIndex(F-12004)
06-26 11:31:29.472 186 186 I hwservicemanager: getTransport: Cannot find entry android.hardware.secure_element@1.0::ISecureElement/eSE1 in either framework or device VINTF manifest.
06-26 11:31:29.472 480 480 D NetworkSecurityConfig: No Network Security Config specified, using platform default
06-26 11:31:29.473 397 881 D C2SoftHevcEnc: Given level 6000 does not cover current configuration: adjusting to 6001
06-26 11:31:29.474 812 812 I SecureElementService: No HAL implementation for eSE1
06-26 11:31:29.474 812 812 I SecureElementService: Check if terminal SIM1 is available.
06-26 11:31:29.474 382 474 D Codec2InfoBuilder: codec entry for 'c2.android.hevc.encoder' is disabled
06-26 11:31:29.474 397 851 V C2Store : in init
06-26 11:31:29.474 186 186 I hwservicemanager: getTransport: Cannot find entry android.hardware.secure_element@1.2::ISecureElement/SIM1 in either framework or device VINTF manifest.
06-26 11:31:29.474 397 851 V C2Store : loading dll
06-26 11:31:29.475 812 812 D SecureElement-Terminal-SIM1: SE Hal V1.2 is not supported
06-26 11:31:29.475 186 186 I hwservicemanager: getTransport: Cannot find entry android.hardware.secure_element@1.1::ISecureElement/SIM1 in either framework or device VINTF manifest.
06-26 11:31:29.476 812 812 D SecureElement-Terminal-SIM1: SE Hal V1.1 is not supported
06-26 11:31:29.476 186 186 I hwservicemanager: getTransport: Cannot find entry android.hardware.secure_element@1.0::ISecureElement/SIM1 in either framework or device VINTF manifest.
06-26 11:31:29.479 382 474 I Codec2InfoBuilder: adding type 'audio/mpeg'
06-26 11:31:29.479 397 881 V C2Store : in ~ComponentModule
06-26 11:31:29.479 812 812 I SecureElementService: No HAL implementation for SIM1
06-26 11:31:29.479 397 881 V C2Store : unloading dll
06-26 11:31:29.480 480 522 I ServiceWatcher: [fused] connected to {com.android.location.fused/com.android.location.fused.FusedLocationService}
06-26 11:31:29.482 397 881 V C2Store : in init
06-26 11:31:29.483 397 881 V C2Store : loading dll
06-26 11:31:29.483 397 851 V C2Store : in ~ComponentModule
06-26 11:31:29.483 397 851 V C2Store : unloading dll
06-26 11:31:29.484 668 885 D BluetoothActiveDeviceManager: onAudioDevicesAdded
06-26 11:31:29.486 668 885 D BluetoothActiveDeviceManager: Audio device added: DBBOX-A2 type: 2
06-26 11:31:29.486 668 885 D BluetoothActiveDeviceManager: Audio device added: DBBOX-A2 type: 15
06-26 11:31:29.486 668 885 D BluetoothActiveDeviceManager: Audio device added: DBBOX-A2 type: 25
06-26 11:31:29.486 668 668 D BluetoothAdapterService: setAdapterService() - trying to set service to com.android.bluetooth.btservice.AdapterService@f307391
06-26 11:31:29.490 382 474 D Codec2InfoBuilder: codec entry for 'c2.android.mpeg2.decoder' is disabled
06-26 11:31:29.490 397 851 V C2Store : in init
06-26 11:31:29.490 397 851 V C2Store : loading dll
06-26 11:31:29.492 480 480 E WiredAccessoryManager: No state change.
06-26 11:31:29.492 480 480 W WiredAccessoryManager: Both input event and extcon are used for audio jack, please just choose one.
06-26 11:31:29.495 681 681 D CompatibilityChangeReporter: Compat change id reported: 160794467; UID 10067; state: ENABLED
06-26 11:31:29.497 397 881 V C2Store : in ~ComponentModule
06-26 11:31:29.498 291 315 E cutils-trace: Error opening trace file: No such file or directory (2)
06-26 11:31:29.498 397 881 V C2Store : unloading dll
06-26 11:31:29.499 668 668 D BluetoothAdapterService: onBind()
06-26 11:31:29.501 480 480 W TrustManagerService: EXTRA_USER_HANDLE missing or invalid, value=0
06-26 11:31:29.509 382 474 I Codec2InfoBuilder: adding type 'video/mp4v-es'
06-26 11:31:29.513 361 361 I : DVI mode selected: packets not configured
06-26 11:31:29.513 361 361 I : Error: set vsif failed
06-26 11:31:29.511 681 681 D TvPipMenuController: onMediaActionsChanged()
06-26 11:31:29.515 397 397 V C2Store : in init
06-26 11:31:29.515 397 397 V C2Store : loading dll
06-26 11:31:29.517 681 681 D TvPipNotification: setDelegate(), delegate=com.android.wm.shell.pip.tv.TvPipController@f307391
06-26 11:31:29.517 681 681 D TvPipMenuController: setDelegate(), delegate=com.android.wm.shell.pip.tv.TvPipController@f307391
06-26 11:31:29.520 785 785 D NetworkSecurityConfig: No Network Security Config specified, using platform default
06-26 11:31:29.521 382 474 I Codec2InfoBuilder: adding type 'video/mp4v-es'
06-26 11:31:29.522 681 681 W OneHandedController: Device doesn't support OneHanded feature
06-26 11:31:29.524 397 847 V C2Store : in init
06-26 11:31:29.524 397 847 V C2Store : loading dll
06-26 11:31:29.527 397 397 V C2Store : in ~ComponentModule
06-26 11:31:29.527 397 397 V C2Store : unloading dll
06-26 11:31:29.528 397 851 V C2Store : in ~ComponentModule
06-26 11:31:29.528 397 851 V C2Store : unloading dll
06-26 11:31:29.531 668 882 D BluetoothDatabase: compactLastConnectionTime: Compacting metadata after load
06-26 11:31:29.531 668 882 D BluetoothDatabase: compactLastConnectionTime: Setting last_active_item for device: E4:BB:D3:57:C0:18 from 1 to 0
06-26 11:31:29.531 668 882 D BluetoothDatabase: updateDatabase E4:BB:D3:57:C0:18
06-26 11:31:29.531 668 882 I BluetoothDatabase: cacheMetadata
06-26 11:31:29.531 668 882 V BluetoothDatabase: cacheMetadata: found device E4:BB:D3:57:C0:18
06-26 11:31:29.531 668 882 V BluetoothDatabase: cacheMetadata: found device LocalStorage
06-26 11:31:29.531 668 882 I BluetoothDatabase: cacheMetadata: Database is ready
06-26 11:31:29.532 382 474 I Codec2InfoBuilder: adding type 'audio/opus'
06-26 11:31:29.533 397 397 V C2Store : in init
06-26 11:31:29.533 397 397 V C2Store : loading dll
06-26 11:31:29.534 397 847 V C2Store : in ~ComponentModule
06-26 11:31:29.534 397 847 V C2Store : unloading dll
06-26 11:31:29.540 382 474 I Codec2InfoBuilder: adding type 'audio/opus'
06-26 11:31:29.542 397 851 V C2Store : in init
06-26 11:31:29.542 397 851 V C2Store : loading dll
06-26 11:31:29.542 397 397 V C2Store : in ~ComponentModule
06-26 11:31:29.546 361 361 I : DVI mode selected: packets not configured
06-26 11:31:29.546 361 361 I : Error: set vsif failed
06-26 11:31:29.542 397 397 V C2Store : unloading dll
06-26 11:31:29.547 382 474 I Codec2InfoBuilder: adding type 'audio/raw'
06-26 11:31:29.549 397 847 V C2Store : in init
06-26 11:31:29.550 397 847 V C2Store : loading dll
06-26 11:31:29.553 480 480 D AccessibilityManagerService: Ignoring non-encryption-aware service ComponentInfo{com.tv.kuaisou/com.tv.kuaisou.utils.appUtil.installer.InstallAccessibilityService}
06-26 11:31:29.554 397 397 V C2Store : in ~ComponentModule
06-26 11:31:29.554 397 397 V C2Store : unloading dll
06-26 11:31:29.559 382 474 I Codec2InfoBuilder: adding type 'audio/vorbis'
06-26 11:31:29.560 397 397 V C2Store : in ~ComponentModule
06-26 11:31:29.560 397 397 V C2Store : unloading dll
06-26 11:31:29.560 397 847 V C2Store : in init
06-26 11:31:29.560 397 847 V C2Store : loading dll
06-26 11:31:29.563 480 480 I SystemServerTiming: ManagedServices.unbindOtherUserServices_current0
06-26 11:31:29.563 480 480 I SystemServerTiming: ManagedServices.unbindOtherUserServices_current0
06-26 11:31:29.563 480 480 I SystemServerTiming: ManagedServices.unbindOtherUserServices_current0
06-26 11:31:29.564 480 480 V NotificationAssistants: enabling notification assistant for 0: ComponentInfo{android.ext.services/android.ext.services.notification.Assistant}
06-26 11:31:29.564 480 480 V NotificationAssistants: binding: Intent { act=android.service.notification.NotificationAssistantService cmp=android.ext.services/.notification.Assistant (has extras) }
06-26 11:31:29.560 852 852 I id.ext.services: type=1400 audit(0.0:356): avc: denied { getattr } for path="/data/data/android.ext.services" dev="mmcblk0p25" ino=437 scontext=u:r:platform_app:s0:c512,c768 tcontext=u:object_r:app_data_file:s0:c512,c768 tclass=dir permissive=1 app=android.ext.services
06-26 11:31:29.576 382 474 I Codec2InfoBuilder: adding type 'video/x-vnd.on2.vp8'
06-26 11:31:29.577 397 881 V C2Store : in init
06-26 11:31:29.577 397 881 V C2Store : loading dll
06-26 11:31:29.580 397 881 I C2SoftVp8Enc: setting temporal layering 0 + 0
06-26 11:31:29.584 397 397 V C2Store : in ~ComponentModule
06-26 11:31:29.584 397 397 V C2Store : unloading dll
06-26 11:31:29.585 397 881 I C2SoftVp8Enc: setting temporal layering 0 + 0
06-26 11:31:29.580 903 903 I Thread-2: type=1400 audit(0.0:357): avc: denied { execute } for name="am" dev="dm-1" ino=1160 scontext=u:r:system_app:s0 tcontext=u:object_r:vendor_file:s0 tclass=file permissive=1
06-26 11:31:29.580 272 272 I EventThread: type=1400 audit(0.0:358): avc: denied { search } for name="extcon" dev="sysfs" ino=18109 scontext=u:r:hal_tv_cec_default:s0 tcontext=u:object_r:sysfs_extcon:s0 tclass=dir permissive=1
06-26 11:31:29.584 903 903 I Thread-2: type=1400 audit(0.0:359): avc: denied { read open } for path="/vendor/xbin/am" dev="dm-1" ino=1160 scontext=u:r:system_app:s0 tcontext=u:object_r:vendor_file:s0 tclass=file permissive=1
06-26 11:31:29.584 903 903 I Thread-2: type=1400 audit(0.0:360): avc: denied { execute_no_trans } for path="/vendor/xbin/am" dev="dm-1" ino=1160 scontext=u:r:system_app:s0 tcontext=u:object_r:vendor_file:s0 tclass=file permissive=1
06-26 11:31:29.592 382 474 I Codec2InfoBuilder: adding type 'video/x-vnd.on2.vp8'
06-26 11:31:29.596 361 361 I : DVI mode selected: packets not configured
06-26 11:31:29.596 361 361 I : Error: set vsif failed
06-26 11:31:29.599 397 397 V C2Store : in init
06-26 11:31:29.599 397 397 V C2Store : loading dll
06-26 11:31:29.600 480 503 D CompatibilityChangeReporter: Compat change id reported: 171306433; UID 1000; state: ENABLED
06-26 11:31:29.605 397 881 V C2Store : in ~ComponentModule
06-26 11:31:29.606 397 881 V C2Store : unloading dll
06-26 11:31:29.611 382 474 D Codec2InfoBuilder: component 'c2.android.vp9.decoder' not found in xml
06-26 11:31:29.612 397 847 V C2Store : in init
06-26 11:31:29.612 397 847 V C2Store : loading dll
06-26 11:31:29.614 397 847 I C2SoftVp9Enc: setting temporal layering 0 + 0
06-26 11:31:29.621 397 397 V C2Store : in ~ComponentModule
06-26 11:31:29.625 397 397 V C2Store : unloading dll
06-26 11:31:29.626 397 847 I C2SoftVp9Enc: setting temporal layering 0 + 0
06-26 11:31:29.630 361 361 I : DVI mode selected: packets not configured
06-26 11:31:29.630 361 361 I : Error: set vsif failed
06-26 11:31:29.631 382 474 D Codec2InfoBuilder: codec entry for 'c2.android.vp9.encoder' is disabled
06-26 11:31:29.633 480 718 D MediaCodecList: codecHandlesFormat: no format, so no extra checks
06-26 11:31:29.634 480 719 D MediaCodecList: codecHandlesFormat: no format, so no extra checks
06-26 11:31:29.632 480 480 I Binder:480_3: type=1400 audit(0.0:361): avc: denied { read } for name="u:object_r:vendor_default_prop:s0" dev="tmpfs" ino=6534 scontext=u:r:system_server:s0 tcontext=u:object_r:vendor_default_prop:s0 tclass=file permissive=1
06-26 11:31:29.632 480 480 I Binder:480_3: type=1400 audit(0.0:362): avc: denied { open } for path="/dev/__properties__/u:object_r:vendor_default_prop:s0" dev="tmpfs" ino=6534 scontext=u:r:system_server:s0 tcontext=u:object_r:vendor_default_prop:s0 tclass=file permissive=1
06-26 11:31:29.632 480 480 I Binder:480_3: type=1400 audit(0.0:363): avc: denied { getattr } for path="/dev/__properties__/u:object_r:vendor_default_prop:s0" dev="tmpfs" ino=6534 scontext=u:r:system_server:s0 tcontext=u:object_r:vendor_default_prop:s0 tclass=file permissive=1
06-26 11:31:29.632 480 480 I Binder:480_3: type=1400 audit(0.0:364): avc: denied { map } for path="/dev/__properties__/u:object_r:vendor_default_prop:s0" dev="tmpfs" ino=6534 scontext=u:r:system_server:s0 tcontext=u:object_r:vendor_default_prop:s0 tclass=file permissive=1
06-26 11:31:29.637 397 847 V C2Store : in ~ComponentModule
06-26 11:31:29.637 397 847 V C2Store : unloading dll
06-26 11:31:29.640 480 724 D CCodec : allocate(c2.android.vorbis.decoder)
06-26 11:31:29.642 480 526 D CompatibilityChangeReporter: Compat change id reported: 158002302; UID 1000; state: ENABLED
06-26 11:31:29.643 480 724 I Codec2Client: Available Codec2 services: "software"
06-26 11:31:29.645 480 725 D CCodec : allocate(c2.android.vorbis.decoder)
06-26 11:31:29.644 852 852 I id.ext.services: type=1400 audit(0.0:365): avc: denied { search } for name="android.ext.services" dev="mmcblk0p25" ino=437 scontext=u:r:platform_app:s0:c512,c768 tcontext=u:object_r:app_data_file:s0:c512,c768 tclass=dir permissive=1 app=android.ext.services
06-26 11:31:29.652 480 503 D NetworkStats: registerNetworkStatsProvider from OffloadController uid/pid=1073/785
06-26 11:31:29.655 397 881 V C2Store : in init
06-26 11:31:29.655 397 881 V C2Store : loading dll
06-26 11:31:29.657 186 186 I hwservicemanager: getTransport: Cannot find entry android.hardware.configstore@1.0::ISurfaceFlingerConfigs/default in either framework or device VINTF manifest.
06-26 11:31:29.663 361 361 I : DVI mode selected: packets not configured
06-26 11:31:29.663 361 361 I : Error: set vsif failed
06-26 11:31:29.668 480 724 I CCodec : Created component [c2.android.vorbis.decoder]
06-26 11:31:29.668 480 724 D CCodecConfig: read media type: audio/vorbis
06-26 11:31:29.669 824 904 D MediaCodecList: codecHandlesFormat: no format, so no extra checks
06-26 11:31:29.671 480 725 I CCodec : Created component [c2.android.vorbis.decoder]
06-26 11:31:29.671 480 725 D CCodecConfig: read media type: audio/vorbis
06-26 11:31:29.672 852 852 V GraphicsEnvironment: ANGLE Developer option for 'android.ext.services' set to: 'default'
06-26 11:31:29.677 824 917 D CCodec : allocate(c2.android.vorbis.decoder)
06-26 11:31:29.678 480 724 D ReflectedParamUpdater: extent() != 1 for single value type: algo.buffers.max-count.values
06-26 11:31:29.679 480 724 D ReflectedParamUpdater: extent() != 1 for single value type: output.subscribed-indices.values
06-26 11:31:29.679 480 724 D ReflectedParamUpdater: extent() != 1 for single value type: input.buffers.allocator-ids.values
06-26 11:31:29.680 824 917 I Codec2Client: Available Codec2 services: "software"
06-26 11:31:29.684 480 724 D ReflectedParamUpdater: extent() != 1 for single value type: output.buffers.allocator-ids.values
