06-26 11:31:44.707 824 824 D DiskReceiver: type=EMULATED diskId=null partGuid= mountFlags=PRIMARY|VISIBLE
06-26 11:31:44.707 824 824 D DiskReceiver: mountUserId=0 state=MOUNTED
06-26 11:31:44.707 824 824 D DiskReceiver: fsType=null fsUuid=null fsLabel=null
06-26 11:31:44.707 824 824 D DiskReceiver: path=/storage/emulated internalPath=/data/media
06-26 11:31:44.714 308 308 W audit : audit_lost=652 audit_rate_limit=5 audit_backlog_limit=64
06-26 11:31:44.714 308 308 E audit : rate limit exceeded
06-26 11:31:44.712 2478 2478 D USBReceiver: usb > onReceive: action = android.intent.action.MEDIA_MOUNTED
06-26 11:31:44.737 249 249 I Zygote : Process 1697 exited due to signal 9 (Killed)
06-26 11:31:44.743 480 545 I libprocessgroup: Successfully killed process cgroup uid 1000 pid 1697 in 44ms
06-26 11:31:44.758 480 504 D CompatibilityChangeReporter: Compat change id reported: 135634846; UID 10013; state: DISABLED
06-26 11:31:44.759 480 537 D CompatibilityChangeReporter: Compat change id reported: 143937733; UID 10013; state: DISABLED
06-26 11:31:44.763 1048 1344 I MediaProvider: Begin Intent { act=android.intent.action.MEDIA_MOUNTED dat=file:///storage/emulated/0 flg=0x5000010 cmp=com.android.providers.media.module/com.android.providers.media.MediaService (has extras) }
06-26 11:31:44.764 1048 1344 I MediaProvider: Volume MediaVolume name: [external_primary] id: [emulated;0] user: [UserHandle{0}] path: [/storage/emulated/0] already attached
06-26 11:31:44.764 1048 1344 I MediaProvider: End Intent { act=android.intent.action.MEDIA_MOUNTED dat=file:///storage/emulated/0 flg=0x5000010 cmp=com.android.providers.media.module/com.android.providers.media.MediaService (has extras) }
06-26 11:31:44.780 249 249 D Zygote : Forked child process 2543
06-26 11:31:44.782 480 537 I ActivityManager: app.processName = com.dangbei.screencast
06-26 11:31:44.782 480 537 I ActivityManager: Start proc 2543:com.dangbei.screencast/u0a13 for broadcast {com.dangbei.screencast/com.dangbei.screencast.startup.BootReceiver}
06-26 11:31:44.792 2543 2543 I Zygote : seccomp disabled by setenforce 0
06-26 11:31:44.820 403 417 I adbd : jdwp connection from 2543
06-26 11:31:44.840 480 1468 D CompatibilityChangeReporter: Compat change id reported: 168419799; UID 10013; state: DISABLED
06-26 11:31:44.848 2395 2413 W System : A resource failed to call close.
06-26 11:31:44.850 2395 2413 W System : A resource failed to call close.
06-26 11:31:44.850 2543 2543 D CompatibilityChangeReporter: Compat change id reported: 171979766; UID 10013; state: DISABLED
06-26 11:31:44.858 2543 2543 D ApplicationLoaders: Returning zygote-cached class loader: /system/framework/android.test.base.jar
06-26 11:31:44.858 2543 2543 D ApplicationLoaders: Returning zygote-cached class loader: /system/framework/android.hidl.manager-V1.0-java.jar
06-26 11:31:44.858 2543 2543 D ApplicationLoaders: Returning zygote-cached class loader: /system/framework/android.hidl.base-V1.0-java.jar
06-26 11:31:44.892 2543 2543 I gbei.screencast: type=1400 audit(0.0:1095): avc: denied { getattr } for path="/data/user/0/com.dangbei.screencast" dev="mmcblk0p25" ino=891 scontext=u:r:platform_app:s0:c512,c768 tcontext=u:object_r:app_data_file:s0:c512,c768 tclass=dir permissive=1 app=com.dangbei.screencast
06-26 11:31:44.905 480 524 W IorapForwardingService: No service published for: iorapd
06-26 11:31:44.912 2543 2543 I gbei.screencast: type=1400 audit(0.0:1096): avc: denied { search } for name="com.dangbei.screencast" dev="mmcblk0p25" ino=891 scontext=u:r:platform_app:s0:c512,c768 tcontext=u:object_r:app_data_file:s0:c512,c768 tclass=dir permissive=1 app=com.dangbei.screencast
06-26 11:31:44.917 2543 2543 V GraphicsEnvironment: ANGLE Developer option for 'com.dangbei.screencast' set to: 'default'
06-26 11:31:44.917 2543 2543 V GraphicsEnvironment: Neither updatable production driver nor prerelease driver is supported.
06-26 11:31:44.918 2543 2543 D NetworkSecurityConfig: Using Network Security Config from resource network_security_config debugBuild: false
06-26 11:31:44.921 2543 2543 D NetworkSecurityConfig: Using Network Security Config from resource network_security_config debugBuild: false
06-26 11:31:44.936 2543 2543 I MultiDex: VM with version 2.1.0 has multidex support
06-26 11:31:44.936 2543 2543 I MultiDex: Installing application
06-26 11:31:44.936 2543 2543 I MultiDex: VM has multidex support, MultiDex support library is disabled.
06-26 11:31:44.958 2543 2543 E PartsInfoProvider: onCreate:
06-26 11:31:44.963 480 1468 W ActivityManager: Background start not allowed: service Intent { act=com.dangbei.screencast.STARTUP pkg=com.dangbei.screencast } to com.dangbei.screencast/.startup.StartupService from pid=2543 uid=10013 pkg=com.dangbei.screencast startFg?=false
06-26 11:31:44.964 2543 2543 W System.err: android.app.BackgroundServiceStartNotAllowedException: Not allowed to start service Intent { act=com.dangbei.screencast.STARTUP pkg=com.dangbei.screencast }: app is in background uid UidRecord{4c10d9a u0a13 RCVR idle change:uncached procs:0 seq(0,0,0)}
06-26 11:31:44.965 2543 2543 W System.err: at android.app.ContextImpl.startServiceCommon(ContextImpl.java:1861)
06-26 11:31:44.965 2543 2543 W System.err: at android.app.ContextImpl.startService(ContextImpl.java:1817)
06-26 11:31:44.965 2543 2543 W System.err: at android.content.ContextWrapper.startService(ContextWrapper.java:774)
06-26 11:31:44.965 2543 2543 W System.err: at b.f.f.h.g.k.a(Unknown Source:20)
06-26 11:31:44.965 2543 2543 W System.err: at com.dangbei.screencast.provider.PartsInfoProvider.onCreate(:2)
06-26 11:31:44.965 2543 2543 W System.err: at android.content.ContentProvider.attachInfo(ContentProvider.java:2404)
06-26 11:31:44.965 2543 2543 W System.err: at android.content.ContentProvider.attachInfo(ContentProvider.java:2374)
06-26 11:31:44.965 2543 2543 W System.err: at android.app.ActivityThread.installProvider(ActivityThread.java:7437)
06-26 11:31:44.965 2543 2543 W System.err: at android.app.ActivityThread.installContentProviders(ActivityThread.java:6954)
06-26 11:31:44.965 2543 2543 W System.err: at android.app.ActivityThread.handleBindApplication(ActivityThread.java:6725)
06-26 11:31:44.965 2543 2543 W System.err: at android.app.ActivityThread.access$1500(ActivityThread.java:247)
06-26 11:31:44.965 2543 2543 W System.err: at android.app.ActivityThread$H.handleMessage(ActivityThread.java:2053)
06-26 11:31:44.965 2543 2543 W System.err: at android.os.Handler.dispatchMessage(Handler.java:106)
06-26 11:31:44.965 2543 2543 W System.err: at android.os.Looper.loopOnce(Looper.java:201)
06-26 11:31:44.965 2543 2543 W System.err: at android.os.Looper.loop(Looper.java:288)
06-26 11:31:44.965 2543 2543 W System.err: at android.app.ActivityThread.main(ActivityThread.java:7854)
06-26 11:31:44.965 2543 2543 W System.err: at java.lang.reflect.Method.invoke(Native Method)
06-26 11:31:44.965 2543 2543 W System.err: at com.android.internal.os.RuntimeInit$MethodAndArgsCaller.run(RuntimeInit.java:548)
06-26 11:31:44.965 2543 2543 W System.err: at com.android.internal.os.ZygoteInit.main(ZygoteInit.java:1182)
06-26 11:31:44.971 480 1468 W ActivityManager: Background start not allowed: service Intent { act=com.dangbei.screencast.STARTUP pkg=com.dangbei.screencast } to com.dangbei.screencast/.startup.StartupService from pid=2543 uid=10013 pkg=com.dangbei.screencast startFg?=false
06-26 11:31:44.971 2543 2543 W System.err: android.app.BackgroundServiceStartNotAllowedException: Not allowed to start service Intent { act=com.dangbei.screencast.STARTUP pkg=com.dangbei.screencast }: app is in background uid UidRecord{4c10d9a u0a13 RCVR idle change:uncached procs:0 seq(0,0,0)}
06-26 11:31:44.972 2543 2543 W System.err: at android.app.ContextImpl.startServiceCommon(ContextImpl.java:1861)
06-26 11:31:44.972 2543 2543 W System.err: at android.app.ContextImpl.startService(ContextImpl.java:1817)
06-26 11:31:44.972 2543 2543 W System.err: at android.content.ContextWrapper.startService(ContextWrapper.java:774)
06-26 11:31:44.972 2543 2543 W System.err: at b.f.f.h.g.k.a(Unknown Source:20)
06-26 11:31:44.972 2543 2543 W System.err: at com.dangbei.screencast.common.utils.remotepreferences.ScreenCastPreferenceProvider.onCreate(Unknown Source:11)
06-26 11:31:44.972 2543 2543 W System.err: at android.content.ContentProvider.attachInfo(ContentProvider.java:2404)
06-26 11:31:44.972 2543 2543 W System.err: at android.content.ContentProvider.attachInfo(ContentProvider.java:2374)
06-26 11:31:44.972 2543 2543 W System.err: at android.app.ActivityThread.installProvider(ActivityThread.java:7437)
06-26 11:31:44.972 2543 2543 W System.err: at android.app.ActivityThread.installContentProviders(ActivityThread.java:6954)
06-26 11:31:44.972 2543 2543 W System.err: at android.app.ActivityThread.handleBindApplication(ActivityThread.java:6725)
06-26 11:31:44.972 2543 2543 W System.err: at android.app.ActivityThread.access$1500(ActivityThread.java:247)
06-26 11:31:44.972 2543 2543 W System.err: at android.app.ActivityThread$H.handleMessage(ActivityThread.java:2053)
06-26 11:31:44.972 2543 2543 W System.err: at android.os.Handler.dispatchMessage(Handler.java:106)
06-26 11:31:44.972 2543 2543 W System.err: at android.os.Looper.loopOnce(Looper.java:201)
06-26 11:31:44.972 2543 2543 W System.err: at android.os.Looper.loop(Looper.java:288)
06-26 11:31:44.972 2543 2543 W System.err: at android.app.ActivityThread.main(ActivityThread.java:7854)
06-26 11:31:44.972 2543 2543 W System.err: at java.lang.reflect.Method.invoke(Native Method)
06-26 11:31:44.972 2543 2543 W System.err: at com.android.internal.os.RuntimeInit$MethodAndArgsCaller.run(RuntimeInit.java:548)
06-26 11:31:44.972 2543 2543 W System.err: at com.android.internal.os.ZygoteInit.main(ZygoteInit.java:1182)
06-26 11:31:44.998 2543 2543 D AndroidAutoSize: designWidthInDp = 360, designHeightInDp = 640, screenWidth = 1920, screenHeight = 1080
06-26 11:31:44.998 2543 2543 D AndroidAutoSize: initDensity = 1.5, initScaledDensity = 1.5
06-26 11:31:45.018 480 1466 D CompatibilityChangeReporter: Compat change id reported: 149924527; UID 10013; state: ENABLED
06-26 11:31:45.018 480 1466 D CompatibilityChangeReporter: Compat change id reported: 132649864; UID 10013; state: DISABLED
06-26 11:31:45.028 2543 2543 I SharedPreferenc: type=1400 audit(0.0:1097): avc: denied { open } for path="/data/user/0/com.dangbei.screencast/shared_prefs/DEVICE_ID.xml" dev="mmcblk0p25" ino=2368 scontext=u:r:platform_app:s0:c512,c768 tcontext=u:object_r:app_data_file:s0:c512,c768 tclass=file permissive=1 app=com.dangbei.screencast
06-26 11:31:45.044 2543 2543 I Thread-4: type=1400 audit(0.0:1098): avc: denied { lock } for path="/data/user/0/com.dangbei.screencast/files/.imprint" dev="mmcblk0p25" ino=2392 scontext=u:r:platform_app:s0:c512,c768 tcontext=u:object_r:app_data_file:s0:c512,c768 tclass=file permissive=1 app=com.dangbei.screencast
06-26 11:31:45.080 2543 2543 I gbei.screencast: type=1400 audit(0.0:1099): avc: denied { search } for name="net" dev="sysfs" ino=10442 scontext=u:r:platform_app:s0:c512,c768 tcontext=u:object_r:sysfs_net:s0 tclass=dir permissive=1 app=com.dangbei.screencast
06-26 11:31:45.104 2543 2587 I crashsdk: version unique build id: 6230cced
06-26 11:31:45.118 2543 2569 I crashsdk: begin hack android.os.Process
06-26 11:31:45.118 2543 2569 I crashsdk: end hack android.os.Process
06-26 11:31:45.118 2543 2589 D crashsdk: Native log stat thread 2589 setup, waiting
06-26 11:31:45.122 2543 2543 I TDLog : setReportUncaughtExceptions: true
06-26 11:31:45.124 2543 2543 E Application: onCreate:Version:v2.8.3/20830/883432e
06-26 11:31:45.146 2543 2571 I TDLog : TalkingData SDK init...
06-26 11:31:45.146 2543 2571 I TDLog : SDK_VERSION is: Android+TD+V5.0.7 gp Type:Native Build_Num:2141
06-26 11:31:45.146 2543 2571 I TDLog : App ID is: B9D7815EC975466AB1332111FCE62DF5
06-26 11:31:45.146 2543 2571 I TDLog : App Channel is: os
06-26 11:31:45.146 2543 2571 I TDLog : App Custom is:
06-26 11:31:45.146 2543 2571 I TDLog : SDK_OVC is: TDOVC+a3bb7754719798526508b6caad480dd7+SaaS
06-26 11:31:45.149 2543 2569 I Matrix.AnrTracer: anrTrace, final mAnrBeatTime:400, mAnrBeatRate:400
06-26 11:31:45.150 2543 2594 W efs.send_log: tryFileLock start!
06-26 11:31:45.153 480 1466 I ActivityManager: Background started FGS: Allowed [callingPackage: com.dangbei.screencast; callingUid: 10013; uidState: RCVR; intent: Intent { act=com.dangbei.screencast.STARTUP pkg=com.dangbei.screencast }; code:SYSTEM_ALERT_WINDOW_PERMISSION; tempAllowListReason:; targetSdkVersion:28; callerTargetSdkVersion:28; startForegroundCount:0; bindFromPackage:null]
06-26 11:31:45.157 2543 2594 I efs.config: --->>> 删除旧的配置文件 false
06-26 11:31:45.163 2543 2607 I efs.base: lt=event`ev_ct=efs_core`ev_ac=pvuv`tm=2025-06-26 11:31:15`dn=884562d0-54da-4cce-9d74-00e5c75509d9`ps=com.dangbei.screencast`um_os=android`stime=1750908704868`pid=2543`fr=android`pkg=com.dangbei.screencast`vcode=20830`dsp_w=1920`uid=884562d0-54da-4cce-9d74-00e5c75509d9`rom=12`wid=884562d0-54da-4cce-9d74-00e5c75509d9`um_app_carrier=`um_access=wifi`um_app_channel=os`um_crash_sdk_version=1.4.0`ctime=1750908705`model=dbbox-a2`lang=zh`net=wifi`brand=dangbei`dsp_h=1080`um_network_type=0`ver=v2.8.3`build_model=DBBOX-A2`w_tm=1750908705`appid=5fc60c21094d637f3130af19`um_umid_header=ai1cc720f47734fc58e671cdbea6807313`sdk=31`tzone=Asia/Shanghai`sdk_ver=1.3.6.umeng
06-26 11:31:45.164 480 1466 D CompatibilityChangeReporter: Compat change id reported: 168419799; UID 1000; state: DISABLED
06-26 11:31:45.165 2543 2604 W efs.send_log: tryFileLock sendlock sucess! processname: com.dangbei.screencast
06-26 11:31:45.166 1363 1363 D RockyVoice: RestartReceiver onReceive
06-26 11:31:45.167 2543 2543 I crashsdk: Catcher mask: 5000, 20480
06-26 11:31:45.168 2543 2594 I efs.config: current config version (-1) is older than another (1735614866)
06-26 11:31:45.168 2543 2594 I efs.config: load config from storage and notify observer
06-26 11:31:45.168 2543 2543 I crashsdk: Catcher thread 2548
06-26 11:31:45.168 2543 2543 D crashsdk: Register ANR handler ...
06-26 11:31:45.170 2543 2607 W efs.info.manager: network change: wifi
06-26 11:31:45.180 2543 2569 D LaunchConfigManager: check in allready
06-26 11:31:45.182 2543 2613 I LaunchTrace: begin sendLaunchCache
06-26 11:31:45.188 480 1466 W ActivityManager: Foreground service started from background can not have location/camera/microphone access: service com.dangbei.screencast/.startup.StartupService
06-26 11:31:45.192 480 536 I ActivityManager: Deferring FGS notification in legacy app com.dangbei.screencast/u0a13 : Notification(channel=channel_record shortcut=null contentView=null vibrate=null sound=null defaults=0x0 flags=0x60 color=0x00000000 category=transport vis=PUBLIC)
06-26 11:31:45.241 2543 2543 E raop : *********************AirplayBroadcastServer+++++++++
06-26 11:31:45.261 480 621 D NsdService: New client listening to asynchronous messages
06-26 11:31:45.261 480 621 D NsdService: New client, channel: com.android.internal.util.AsyncChannel@3cd50a1 messenger: android.os.Messenger@a8292c6
06-26 11:31:45.263 2543 2543 D CompatibilityChangeReporter: Compat change id reported: 191844585; UID 10013; state: DISABLED
06-26 11:31:45.309 480 1466 I ActivityManager: Background started FGS: Allowed [callingPackage: com.dangbei.screencast; callingUid: 10013; uidState: FGS ; intent: Intent { cmp=com.dangbei.screencast/.huaweicast.service.HuaweiCastService }; code:PROC_STATE_FGS; tempAllowListReason:; targetSdkVersion:28; callerTargetSdkVersion:28; startForegroundCount:0; bindFromPackage:null]
06-26 11:31:45.315 2543 2543 E H264FrameQueue: H264FrameQueue: mFullQueueCount:200
06-26 11:31:45.333 1111 1537 D wenhc : getScreenInfo uri = content://com.dangbei.screencast.parts.info/screen_cast
06-26 11:31:45.384 2543 2614 I MobclickAgent: module init:azioc
06-26 11:31:45.391 480 758 D SntpClient: request time failed: java.net.SocketTimeoutException: Poll timed out
06-26 11:31:45.399 1363 1363 D RockyVoice: RestartReceiver onReceive
06-26 11:31:45.402 480 1468 W BroadcastQueue: Background execution not allowed: receiving Intent { act=android.bluetooth.adapter.action.STATE_CHANGED flg=0x4000010 (has extras) } to com.dangbei.lerad.etna.haqu/com.dangbei.remotecontroller.RemoteControllerReceiver
06-26 11:31:45.404 480 536 W BroadcastQueue: Target SDK mismatch: receiver ActivityInfo{670909b com.dangbei.screencast.startup.BootReceiver} targets 28 but delivery restricted to [0, 23] broadcasting Intent { act=android.net.conn.CONNECTIVITY_CHANGE flg=0x4200010 (has extras) } from android (pid=480, uid=1000) to com.dangbei.screencast/.startup.BootReceiver
06-26 11:31:45.407 480 536 D CompatibilityChangeReporter: Compat change id reported: 135634846; UID 10077; state: DISABLED
06-26 11:31:45.408 480 537 D CompatibilityChangeReporter: Compat change id reported: 143937733; UID 10077; state: DISABLED
06-26 11:31:45.425 249 249 D Zygote : Forked child process 2644
06-26 11:31:45.428 480 537 I ActivityManager: app.processName = com.tv.kuaisou
06-26 11:31:45.428 480 537 I ActivityManager: Start proc 2644:com.tv.kuaisou/u0a77 for broadcast {com.tv.kuaisou/com.tv.kuaisou.receiver.NetworkReceiver}
06-26 11:31:45.436 2644 2644 I Zygote : seccomp disabled by setenforce 0
06-26 11:31:45.438 2543 2543 E HuaweiCastService: onCreate called().
06-26 11:31:45.444 2543 2543 E PlayerClient: registerCallback com.dangbei.screencast.huaweicast.service.HuaweiCastService$a@99745a5
06-26 11:31:45.444 2543 2543 D PlayerClient: registerCallback true
06-26 11:31:45.444 2543 2543 D PlayerClient: init.
06-26 11:31:45.451 2543 2543 W KIT_FWK_a: KitFwk is not installed, pls do not use related interfaces.
06-26 11:31:45.452 2543 2543 W KIT_FWK_a: KitFwk is not installed, pls do not use related interfaces.
06-26 11:31:45.452 2543 2543 E PlayerClient: bind player service by aar.
06-26 11:31:45.454 1111 1537 E hq : Etna:::getFindLookupControllerState isConnect=true
06-26 11:31:45.454 1111 1537 E Etna : getFindLookupControllerState1111111
06-26 11:31:45.456 1111 1537 E hq : Etna:::getFindLookupControllerState valueStr=1
06-26 11:31:45.457 1111 1537 E hq : LookupControler:::isLookupController=true
06-26 11:31:45.457 1111 1537 I hq : LookupControler:::time=110000
06-26 11:31:45.461 655 655 E WifiHAL : wifi_get_link_stats: requestResponse Error:-5
06-26 11:31:45.463 480 611 E WifiVendorHal: getWifiLinkLayerStats_1_5_Internal(l.1191) failed {.code = ERROR_INVALID_ARGS, .description = }
06-26 11:31:45.464 403 417 I adbd : jdwp connection from 2644
06-26 11:31:45.483 2543 2543 D PlayerClient: bind player sink service true
06-26 11:31:45.486 480 1468 I WifiService: acquireMulticastLock uid=10013
06-26 11:31:45.488 480 1466 D CompatibilityChangeReporter: Compat change id reported: 168419799; UID 10077; state: DISABLED
06-26 11:31:45.489 480 1463 I WifiService: acquireMulticastLock uid=10013
06-26 11:31:45.502 2644 2644 D CompatibilityChangeReporter: Compat change id reported: 171979766; UID 10077; state: DISABLED
06-26 11:31:45.504 480 504 W TelephonyPermissions: reportAccessDeniedToReadIdentifiers:com.dangbei.screencast:getSerial:-1
06-26 11:31:45.504 480 1463 W ActivityManager: Foreground service started from background can not have location/camera/microphone access: service com.dangbei.screencast/.huaweicast.service.HuaweiCastService
06-26 11:31:45.505 2543 2543 E HuaweiCastService: startForeground!
06-26 11:31:45.512 2543 2543 E HuaweiCastService: onStartCommand in 0
06-26 11:31:45.526 2644 2644 D ApplicationLoaders: Returning zygote-cached class loader: /system/framework/android.test.base.jar
06-26 11:31:45.528 2543 2543 D HiSight-SinkService: onCreate.
06-26 11:31:45.533 2543 2543 D HiSight-ConnectionManager: start ConnectionManager
06-26 11:31:45.537 2543 2543 D HiSight-SinkService: onBind.
06-26 11:31:45.541 2543 2543 D PlayerClient: service connected.
06-26 11:31:45.542 2543 2543 D HiSight-SinkService: ITaskBinder registerCallback: true
06-26 11:31:45.543 2543 2543 D HiSight-HiSightManager: ITaskBinder registerCallback.
06-26 11:31:45.544 2543 2543 D HiSight-CallbackManager: addNewCallback. com.dangbei.screencast.huaweicast.service.HuaweiCastService$a@99745a5
06-26 11:31:45.545 2543 2543 E HuaweiCastService: eventId: 4001
06-26 11:31:45.550 2543 2543 E HuaweiCastService: mPlayerClient is null.
06-26 11:31:45.551 2543 2543 D HiSight-HiSightManager: check capability vbr range not setting, using default value
06-26 11:31:45.551 2543 2543 E HuaweiCastService: mPlayerClient is null.
06-26 11:31:45.552 2543 2543 D HiSight-SinkService: setAuthMode
06-26 11:31:45.552 2543 2543 W HiSight-ConnectionManager: mSinkId is empty
06-26 11:31:45.626 1060 2194 E dangbei111: cccccc 检查遥控器是否连接: Dangbei E4:BB:D3:57:C0:18
06-26 11:31:45.632 1060 2194 E dangbei111: cccccc 检查遥控器是否连接: 蓝牙的结果 Dangbei E4:BB:D3:57:C0:18 false
06-26 11:31:45.632 1060 2194 E dangbei111: cccccc input中没有遥控器存在
06-26 11:31:45.632 1060 2194 E dangbei111: cccccc 蓝牙状态连接 不是连接状态 啥都不干
06-26 11:31:45.633 1060 2194 E dangbei111: cccccc 蓝牙状态连接 配对状态 尝试connect
06-26 11:31:45.634 1060 2194 D BluetoothGatt: cancelOpen() - device: E4:BB:D3:57:C0:18
06-26 11:31:45.635 1060 2194 D BluetoothGatt: close()
06-26 11:31:45.635 1060 2194 D BluetoothGatt: unregisterApp() - mClientIf=5
06-26 11:31:45.635 668 1019 E bt_stack: [ERROR:bta_gattc_act.cc(298)] No such connection need to be cancelled
06-26 11:31:45.635 668 1019 I bt_stack: [INFO:gatt_api.cc(1231)] GATT_CancelConnect: gatt_if:5, address: e4:bb:d3:57:c0:18, direct:0
06-26 11:31:45.636 668 1019 I bt_stack: [INFO:gatt_api.cc(1042)] GATT_Deregister gatt_if=5
06-26 11:31:45.637 1060 2194 D BluetoothGatt: connect() - device: E4:BB:D3:57:C0:18, auto: true
06-26 11:31:45.637 1060 2194 D BluetoothGatt: registerApp()
06-26 11:31:45.638 1060 2194 D BluetoothGatt: registerApp() - UUID=2655e7e1-2555-46f9-9b33-02e9544027a8
06-26 11:31:45.640 668 1019 I bluetooth: system/bt/stack/gatt/gatt_api.cc:1019 GATT_Register: Allocated name:GattClient uuid:dc59e246-506f-e6aa-025d-89801b159e66 gatt_if:5 eatt_support:0
06-26 11:31:45.640 1060 2194 E dangbei111 : cccccc 开启检查任务
06-26 11:31:45.641 1060 1284 D BluetoothGatt: onClientRegistered() - status=0 clientIf=5
06-26 11:31:45.643 668 876 I bt_btif_config: system/bt/btif/src/btif_config.cc:137 btif_get_device_type: Device [e4:bb:d3:57:c0:18] device type 2
06-26 11:31:45.643 1060 2194 E dangbei111: cccccc 开始扫描
06-26 11:31:45.643 1060 2194 D BluetoothAdapter: isLeEnabled(): ON
06-26 11:31:45.712 2644 2644 V GraphicsEnvironment: ANGLE Developer option for 'com.tv.kuaisou' set to: 'default'
06-26 11:31:45.712 2644 2644 V GraphicsEnvironment: Neither updatable production driver nor prerelease driver is supported.
06-26 11:31:45.722 308 308 W audit : audit_lost=679 audit_rate_limit=5 audit_backlog_limit=64
06-26 11:31:45.722 308 308 E audit : rate limit exceeded
06-26 11:31:45.721 2644 2644 D NetworkSecurityConfig: Using Network Security Config from resource network_security_config debugBuild: false
06-26 11:31:45.724 2644 2644 D NetworkSecurityConfig: Using Network Security Config from resource network_security_config debugBuild: false
06-26 11:31:45.733 2644 2644 I MultiDex: VM with version 2.1.0 has multidex support
06-26 11:31:45.733 2644 2644 I MultiDex: Installing application
06-26 11:31:45.733 2644 2644 I MultiDex: VM has multidex support, MultiDex support library is disabled.
06-26 11:31:45.733 2644 2644 I MultiDex: Installing application
06-26 11:31:45.733 2644 2644 I MultiDex: VM has multidex support, MultiDex support library is disabled.
06-26 11:31:45.767 1118 1118 D aaa : LedStatusService onStartCommand begin
06-26 11:31:45.769 1195 1195 D bbb : onStartCommand begin !!!!!!! data分区剩余 24578MB
06-26 11:31:45.772 1118 2705 D aaa : topPkg is -------------- :com.dangbei.leard.leradlauncher
06-26 11:31:45.775 480 1463 D CompatibilityChangeReporter: Compat change id reported: 171306433; UID 1000; state: ENABLED
06-26 11:31:45.786 1118 2705 D aaa : WiFi is connect
06-26 11:31:45.838 2644 2644 D yl : d.o.a.c.b.a-------------------the tables are {class com.kuaisou.provider.dal.net.http.entity.MainTabEntity=d.g.a.b.d.c.a.a@f7a3ccc, class com.kuaisou.provider.dal.net.http.entity.e_sports.LiveRoomEntity=d.g.a.b.d.c.a.b.a@75a3b15, class com.kuaisou.provider.dal.net.http.entity.login.UserInfoEntity=d.g.a.b.d.c.a.c.a@6a9be2a, class com.kuaisou.provider.dal.db.model.FitDownloadEntry=d.g.a.b.b.c.a@cb2f41b}
06-26 11:31:45.851 2644 2712 I BesTVContent: [ContentClient.logout]
06-26 11:31:45.851 2644 2712 E BesTVContent: [ContentClient.logout] ContentSDK is not initialized
06-26 11:31:45.877 2302 2391 I TDLog : [APP] New data found, Submitting...
06-26 11:31:45.900 2644 2644 I com.tv.kuaisou: type=1400 audit(0.0:1132): avc: denied { read } for comm=5278546872656164204E4554202333 name="address" dev="sysfs" ino=27837 scontext=u:r:untrusted_app_25:s0:c512,c768 tcontext=u:object_r:sysfs:s0 tclass=file permissive=1 app=com.tv.kuaisou
06-26 11:31:45.900 2644 2644 I com.tv.kuaisou: type=1400 audit(0.0:1133): avc: denied { open } for comm=5278546872656164204E4554202333 path="/sys/devices/platform/unisoc_wifi/net/wlan1/address" dev="sysfs" ino=27837 scontext=u:r:untrusted_app_25:s0:c512,c768 tcontext=u:object_r:sysfs:s0 tclass=file permissive=1 app=com.tv.kuaisou
06-26 11:31:45.900 2644 2644 I com.tv.kuaisou: type=1400 audit(0.0:1134): avc: denied { getattr } for comm=5278546872656164204E4554202333 path="/sys/devices/platform/unisoc_wifi/net/wlan1/address" dev="sysfs" ino=27837 scontext=u:r:untrusted_app_25:s0:c512,c768 tcontext=u:object_r:sysfs:s0 tclass=file permissive=1 app=com.tv.kuaisou
06-26 11:31:45.908 480 524 W IorapForwardingService: No service published for: iorapd
06-26 11:31:45.912 2644 2644 W com.tv.kuaisou: type=1400 audit(0.0:1135): avc: granted { nlmsg_readpriv } for comm=5278546872656164204E4554202333 scontext=u:r:untrusted_app_25:s0:c512,c768 tcontext=u:r:untrusted_app_25:s0:c512,c768 tclass=netlink_route_socket app=com.tv.kuaisou
06-26 11:31:45.919 480 504 D CompatibilityChangeReporter: Compat change id reported: 149924527; UID 10077; state: ENABLED
06-26 11:31:45.921 480 1468 D CompatibilityChangeReporter: Compat change id reported: 132649864; UID 10077; state: DISABLED
06-26 11:31:45.952 1111 1537 E hq : ErrorCoroutineExceptionHandler:::runTry error:com.dangbei.leard.base.proider.error.EmptyApiException: 数据为空 from=requestMessageDialog from=requestMessageDialog
06-26 11:31:45.961 2302 2391 I TDLog : [APP] Failed to submit data!
06-26 11:31:45.977 1048 1221 I MediaProvider: Deleted 1 0 0 0 0 0 0 items on external_primary due to com.tv.kuaisou
06-26 11:31:46.000 1048 1221 I MediaProvider: Deleted 1 0 0 0 0 0 0 items on external_primary due to com.tv.kuaisou
06-26 11:31:46.018 1048 1221 W MediaProvider: isAppCloneUserPair for user 0: false
06-26 11:31:46.060 2644 2644 W com.tv.kuaisou: type=1400 audit(0.0:1136): avc: granted { nlmsg_readpriv } for scontext=u:r:untrusted_app_25:s0:c512,c768 tcontext=u:r:untrusted_app_25:s0:c512,c768 tclass=netlink_route_socket app=com.tv.kuaisou
06-26 11:31:46.103 1048 1202 I MediaProvider: Deleted 1 0 0 0 0 0 0 items on external_primary due to com.tv.kuaisou
06-26 11:31:46.104 480 1463 W BroadcastQueue: Target SDK mismatch: receiver ActivityInfo{50159fe com.dangbei.euthenia.receiver.NetworkChangeReceiver} targets 26 but delivery restricted to [0, 23] broadcasting Intent { act=android.net.conn.CONNECTIVITY_CHANGE flg=0x4200010 (has extras) } from android (pid=480, uid=1000) to com.dangbei.lerad.videoposter/com.dangbei.euthenia.receiver.NetworkChangeReceiver
06-26 11:31:46.105 480 1463 I ActivityManager: Killing 1765:com.android.managedprovisioning/u0a19 (adj 985): empty #17
06-26 11:31:46.115 1048 1221 W MediaProvider: isAppCloneUserPair for user 0: false
06-26 11:31:46.123 480 504 W BroadcastQueue: Target SDK mismatch: receiver ActivityInfo{372e55f com.dangbei.screencast.startup.BootReceiver} targets 28 but delivery restricted to [0, 23] broadcasting Intent { act=android.net.conn.CONNECTIVITY_CHANGE flg=0x4200010 (has extras) } from android (pid=480, uid=1000) to com.dangbei.screencast/.startup.BootReceiver
06-26 11:31:46.131 480 809 W BroadcastQueue: Target SDK mismatch: receiver ActivityInfo{155075 com.dangbei.euthenia.receiver.NetworkChangeReceiver} targets 26 but delivery restricted to [0, 23] broadcasting Intent { act=android.net.conn.CONNECTIVITY_CHANGE flg=0x4200010 (has extras) } from android (pid=480, uid=1000) to com.dangbei.lerad.videoposter/com.dangbei.euthenia.receiver.NetworkChangeReceiver
06-26 11:31:46.144 1048 1229 W MediaProvider: isAppCloneUserPair for user 0: false
06-26 11:31:46.151 480 545 I libprocessgroup: Successfully killed process cgroup uid 10019 pid 1765 in 45ms
06-26 11:31:46.183 2644 2742 E SQLiteLog: (5) statement aborts at 1: [PRAGMA journal_mode=TRUNCATE] database is locked
06-26 11:31:46.187 249 249 I Zygote : Process 1765 exited due to signal 9 (Killed)
06-26 11:31:46.189 2644 2742 W SQLiteConnection: Could not change the database journal mode of '/storage/emulated/0/Android/.D43447A180D59EEF0EA5A6803083B686/.D1C593128F43E2D009A968D7C663F774' from 'wal' to 'TRUNCATE' because the database is locked. This usually means that there are other open connections to the database which prevents the database from enabling or disabling write-ahead logging mode. Proceeding without changing the journal mode.
06-26 11:31:46.190 2644 2743 E SQLiteLog: (5) statement aborts at 1: [PRAGMA journal_mode=TRUNCATE] database is locked
06-26 11:31:46.202 2644 2743 W SQLiteConnection: Could not change the database journal mode of '/storage/emulated/0/Android/.D43447A180D59EEF0EA5A6803083B686/.D1C593128F43E2D009A968D7C663F774' from 'wal' to 'TRUNCATE' because the database is locked. This usually means that there are other open connections to the database which prevents the database from enabling or disabling write-ahead logging mode. Proceeding without changing the journal mode.
06-26 11:31:46.264 2644 2737 I TDLog : setReportUncaughtExceptions: true
06-26 11:31:46.294 480 1468 D CompatibilityChangeReporter: Compat change id reported: 168419799; UID 10021; state: DISABLED
06-26 11:31:46.301 2644 2744 I TDLog : TalkingData App Analytics SDK init...
06-26 11:31:46.301 2644 2744 I TDLog : SDK_VERSION is: Android+TD+V4.0.50 gp Type:Native Build_Num:1299
06-26 11:31:46.301 2644 2744 I TDLog : App ID is: D8133F07EFC460A5161989A5382D5B4F
06-26 11:31:46.301 2644 2744 I TDLog : App Channel is: dbys_znds_2021
06-26 11:31:46.301 2644 2744 I TDLog : SDK_OVC is: TDOVC+506aca94a5ca5b978c5260d5c997b6e3+SaaS
06-26 11:31:46.314 480 1468 D ConnectivityService: requestNetwork for uid/pid:10077/2644 activeRequest: null callbackRequest: 35 [NetworkRequest [ REQUEST id=35, [ Capabilities: NOT_RESTRICTED&TRUSTED&NOT_VPN&NOT_VCN_MANAGED Uid: 10077 RequestorUid: 10077 RequestorPkg: com.tv.kuaisou] ]] callback flags: 0 priority: 2147483647
06-26 11:31:46.315 2644 2737 I http : request_Tag ======>
06-26 11:31:46.315 2644 2737 I http : request_get_url======>http://kstj.dbkan.com/getmethods?vname=3.14.6&compact=&channel=dbys_znds_2021&pattern=1&model=DBBOX-A2&version=331&brand=Dangbei
06-26 11:31:46.317 480 618 D ConnectivityService: NetReassign [35 : null → 100]
06-26 11:31:46.321 480 651 D Ethernet: got request NetworkRequest [ REQUEST id=35, [ Capabilities: NOT_RESTRICTED&TRUSTED&NOT_VPN&NOT_VCN_MANAGED Uid: 10077 RequestorUid: 10077 RequestorPkg: com.tv.kuaisou] ]
06-26 11:31:46.321 480 651 D EthernetNetworkFactory: acceptRequest, request: NetworkRequest [ REQUEST id=35, [ Capabilities: NOT_RESTRICTED&TRUSTED&NOT_VPN&NOT_VCN_MANAGED Uid: 10077 RequestorUid: 10077 RequestorPkg: com.tv.kuaisou] ]
06-26 11:31:46.321 480 651 I EthernetNetworkFactory: networkForRequest, request: NetworkRequest [ REQUEST id=35, [ Capabilities: NOT_RESTRICTED&TRUSTED&NOT_VPN&NOT_VCN_MANAGED Uid: 10077 RequestorUid: 10077 RequestorPkg: com.tv.kuaisou] ], network: null
06-26 11:31:46.322 480 611 D WifiNetworkFactory: got request NetworkRequest [ REQUEST id=35, [ Capabilities: NOT_RESTRICTED&TRUSTED&NOT_VPN&NOT_VCN_MANAGED Uid: 10077 RequestorUid: 10077 RequestorPkg: com.tv.kuaisou] ]
06-26 11:31:46.322 480 611 D UntrustedWifiNetworkFactory: got request NetworkRequest [ REQUEST id=35, [ Capabilities: NOT_RESTRICTED&TRUSTED&NOT_VPN&NOT_VCN_MANAGED Uid: 10077 RequestorUid: 10077 RequestorPkg: com.tv.kuaisou] ]
06-26 11:31:46.322 480 611 D OemPaidWifiNetworkFactory: got request NetworkRequest [ REQUEST id=35, [ Capabilities: NOT_RESTRICTED&TRUSTED&NOT_VPN&NOT_VCN_MANAGED Uid: 10077 RequestorUid: 10077 RequestorPkg: com.tv.kuaisou] ]
06-26 11:31:46.355 1048 1202 W MediaProvider: isAppCloneUserPair for user 0: false
06-26 11:31:46.390 1048 1255 I MediaProvider: Deleted 1 0 0 0 0 0 0 items on external_primary due to com.tv.kuaisou
06-26 11:31:46.432 1048 1202 W MediaProvider: isAppCloneUserPair for user 0: false
06-26 11:31:46.434 0 0 I [ C2] nf_conntrack: default automatic helper assignment has been turned off for security reasons and CT-based firewall rule not found. Use the iptables CT target to attach helpers instead.
06-26 11:31:46.442 480 504 W ServiceManager: Permission failure: android.permission.HIGH_SAMPLING_RATE_SENSORS from uid=10077 pid=2644
06-26 11:31:46.445 1048 1189 E StorageManager: Failed to open /storage/emulated/0/MVKuaiSou/temp to set project id.: No such file or directory
06-26 11:31:46.450 1048 1189 W MediaProvider: Failed to update quota type for /storage/emulated/0/MVKuaiSou/temp
06-26 11:31:46.450 1048 1189 W MediaProvider: java.io.IOException: Failed to update quota type for /storage/emulated/0/MVKuaiSou/temp
06-26 11:31:46.450 1048 1189 W MediaProvider: at android.os.storage.StorageManager.updateExternalStorageFileQuotaType(StorageManager.java:2596)
06-26 11:31:46.450 1048 1189 W MediaProvider: at com.android.providers.media.MediaProvider.updateQuotaTypeForFileInternal(MediaProvider.java:647)
06-26 11:31:46.450 1048 1189 W MediaProvider: at com.android.providers.media.MediaProvider.updateQuotaTypeForUri(MediaProvider.java:621)
06-26 11:31:46.450 1048 1189 W MediaProvider: at com.android.providers.media.MediaProvider.access$1000(MediaProvider.java:257)
06-26 11:31:46.450 1048 1189 W MediaProvider: at com.android.providers.media.MediaProvider$3.lambda$onInsert$0(MediaProvider.java:673)
06-26 11:31:46.450 1048 1189 W MediaProvider: at com.android.providers.media.MediaProvider$3.$r8$lambda$tVGVTcDpunhoNiUjwQEahD_I1Jc(Unknown Source:0)
06-26 11:31:46.450 1048 1189 W MediaProvider: at com.android.providers.media.MediaProvider$3$$ExternalSyntheticLambda2.run(Unknown Source:10)
06-26 11:31:46.450 1048 1189 W MediaProvider: at android.os.Handler.handleCallback(Handler.java:938)
06-26 11:31:46.450 1048 1189 W MediaProvider: at android.os.Handler.dispatchMessage(Handler.java:99)
06-26 11:31:46.450 1048 1189 W MediaProvider: at android.os.Looper.loopOnce(Looper.java:201)
06-26 11:31:46.450 1048 1189 W MediaProvider: at android.os.Looper.loop(Looper.java:288)
06-26 11:31:46.450 1048 1189 W MediaProvider: at android.os.HandlerThread.run(HandlerThread.java:67)
06-26 11:31:46.451 1048 1201 I MediaProvider: Deleted 1 0 0 0 0 0 0 items on external_primary due to com.tv.kuaisou
06-26 11:31:46.459 2644 2737 D APP-- : [OttPlayerManager][initXplayer][log>>>==begin load p2pPlugins==]
06-26 11:31:46.460 1048 1189 E StorageManager: Failed to open /storage/emulated/0/MVKuaiSou/temp to set project id.: No such file or directory
06-26 11:31:46.460 1048 1189 W MediaProvider: Failed to update quota type for /storage/emulated/0/MVKuaiSou/temp
06-26 11:31:46.460 1048 1189 W MediaProvider: java.io.IOException: Failed to update quota type for /storage/emulated/0/MVKuaiSou/temp
06-26 11:31:46.460 1048 1189 W MediaProvider: at android.os.storage.StorageManager.updateExternalStorageFileQuotaType(StorageManager.java:2596)
06-26 11:31:46.460 1048 1189 W MediaProvider: at com.android.providers.media.MediaProvider.updateQuotaTypeForFileInternal(MediaProvider.java:647)
06-26 11:31:46.460 1048 1189 W MediaProvider: at com.android.providers.media.MediaProvider.lambda$onFileCreatedForFuse$12(MediaProvider.java:1304)
06-26 11:31:46.460 1048 1189 W MediaProvider: at com.android.providers.media.MediaProvider.$r8$lambda$qQ2SL_xqs-9v4mCYUB_TrDraYeg(Unknown Source:0)
06-26 11:31:46.460 1048 1189 W MediaProvider: at com.android.providers.media.MediaProvider$$ExternalSyntheticLambda11.run(Unknown Source:4)
06-26 11:31:46.460 1048 1189 W MediaProvider: at android.os.Handler.handleCallback(Handler.java:938)
06-26 11:31:46.460 1048 1189 W MediaProvider: at android.os.Handler.dispatchMessage(Handler.java:99)
06-26 11:31:46.460 1048 1189 W MediaProvider: at android.os.Looper.loopOnce(Looper.java:201)
06-26 11:31:46.460 1048 1189 W MediaProvider: at android.os.Looper.loop(Looper.java:288)
06-26 11:31:46.460 1048 1189 W MediaProvider: at android.os.HandlerThread.run(HandlerThread.java:67)
06-26 11:31:46.460 2644 2737 D PPDATA--: [DataServiceMgr][init][INIT]com.tv.kuaisou.TV_application@2f4cf27
06-26 11:31:46.461 2644 2737 E SizeUtil: sysWidth: 1920 sysHeight: 1080 1.0
06-26 11:31:46.474 2644 2737 I AD-- : [DeviceInfo][get Resolution type is ]
06-26 11:31:46.492 2644 2737 D APP-- : deviceInfo:
06-26 11:31:46.492 2644 2737 D APP-- : [06-26 11:31:46] [BASE_INFO]5.0.1.286-snottplayer-SNAPSHOT
06-26 11:31:46.492 2644 2737 D APP-- : [06-26 11:31:46] [BASE_INFO]deviceinfo:Allwinner|DBBOX-A2|raven
06-26 11:31:46.492 2644 2737 D APP-- : [06-26 11:31:46] [BASE_INFO]sdk_version:5.0.1.286-snottplayer-SNAPSHOT
06-26 11:31:46.492 2644 2737 D APP-- : [06-26 11:31:46] [BASE_INFO]sdkversion:31
06-26 11:31:46.492 2644 2737 D APP-- : [06-26 11:31:46] [BASE_INFO]appcode:331
06-26 11:31:46.492 2644 2737 D APP-- : [06-26 11:31:46] [BASE_INFO]appversion:3.14.6
06-26 11:31:46.492 2644 2737 D APP-- : [06-26 11:31:46] [BASE_INFO]null
06-26 11:31:46.492 2644 2737 D APP-- : [06-26 11:31:46] [BASE_INFO]IMEI:null
06-26 11:31:46.492 2644 2737 D APP-- : [06-26 11:31:46] [BASE_INFO]IP:192.168.3.161
06-26 11:31:46.492 2644 2737 D APP-- : [06-26 11:31:46] [BASE_INFO]MAC:20:02:fe:19:c2:0e
06-26 11:31:46.492 2644 2737 D APP-- : [06-26 11:31:46] [BASE_INFO]start time:1970年1月1日 08:00:00, start end:1970年1月1日 08:00:00, start cost:0 seconds, start type:null
06-26 11:31:46.492 2644 2737 D APP-- : [06-26 11:31:46] [BASE_INFO]Screen inches:13768.169813014365,widthPixels:1920,heightPixels:1080,density:1.5
06-26 11:31:46.492 2644 2737 D APP-- : release:12Model:DBBOX-A2
06-26 11:31:46.492 2644 2737 D APP-- : ==init app dir path with packagename:kuaisou
06-26 11:31:46.495 2644 2737 D APP-- : app base dir:/storage/emulated/0/kuaisou
06-26 11:31:46.495 2644 2737 D APP-- : app log dir/storage/emulated/0/kuaisou/log
06-26 11:31:46.495 2644 2737 D APP-- : app crash dir/storage/emulated/0/kuaisou/log/crash
06-26 11:31:46.495 2644 2737 D APP-- : app player dir/storage/emulated/0/kuaisou/log/player
06-26 11:31:46.501 2644 2800 D DB-- : appContext is not null, build
06-26 11:31:46.506 2644 2737 D APP-- : [OTTPlayerManager][initPlayer][Dir][log>>path:/data/user/0/com.tv.kuaisou/files/pptv/ad/]
06-26 11:31:46.507 2644 2737 D APP-- : [OTTPlayerManager][initPlayer][Version][ottp][5.0.1.286-snottplayer-SNAPSHOT]
06-26 11:31:46.515 2644 2737 D APP-- : [OTTPlayerManager][init][after]1750908706514
06-26 11:31:46.530 2644 2800 D APP-- : preserveCount:1000,totalDbItemCount:0
06-26 11:31:46.536 2644 2811 D PLAYER--: ----app invoked doSdkAuth() method with OTTPlayerManager----
06-26 11:31:46.556 2644 2811 D Authenticate: Authenticate sign is channelKey2ca2093bcd2e4bf2847295source253100ssgw-channelott.dbflashssgw-timestamp1750908706556
06-26 11:31:46.562 2644 2811 D Authenticate: Authenticate sign after encrypt is e4b71e53060401520e8b8a9e520a8fa1c361cd21
06-26 11:31:46.564 2644 2811 D Authenticate: request url is http://ppgateway.cp61.ott.cibntv.net/ott-web/sdk/authenticate.do?source=253100&channelKey=2ca2093bcd2e4bf2847295
06-26 11:31:46.566 2644 2811 D Authenticate: mRequest headers is ssgw-channel: ott.dbflash
06-26 11:31:46.566 2644 2811 D Authenticate: ssgw-timestamp: 1750908706556
06-26 11:31:46.566 2644 2811 D Authenticate: ssgw-sign: e4b71e53060401520e8b8a9e520a8fa1c361cd21
06-26 11:31:46.593 2644 2737 D DataTranshub: soload:data-trans-hub load success!
06-26 11:31:46.610 2644 2771 V NFC : this device does not have NFC support
06-26 11:31:46.672 2644 2821 D Authenticate: issuccess:true
06-26 11:31:46.674 2644 2821 D Authenticate: response success:{"code":1000,"msg":"success","data":{"channel":"253100","name":"当贝-闪电","config":{"validate":"2ca2093bcd2e4bf2847295","imageCode":"player_mask","app_cate":"5","appid":"pptv.atv.sdk","app_name":"芒果TV","appplt":"atv","app_version_type":"0","app_tec":"20","play_ppi":"ALPvxIih3Xx-FbRpOfg-PpwEbEYnkNDmeRMNIiIwPVtQYCTjY06rxN1cDqfIijKUhA0BVYQx3urrgzjnt_KffJjoB2z63UeAA3fCSqc6Pe41Cl70bQo0Urd6TI5M1W4_QMqP6zIoy_gXeCAPM_IWO2-ALPvxIih3Xx-FbRpOfg-PpwEbEYnkNDmeRMNIiIwPVtQYCTjY06rxN1cDqfIijKUhA0BVYQx3urrgzjnt_KffJjoB2z63UeAA3fCSqc6Pe41Cl70bQo0Urd6TI5M1W4_QMqP6zIoy_gXeCAPM_IWO2-CbvD15FfEGIMwiRzvXhY","channel_id":"253100","ad_platform":"524288","loop_category_id":"2812","bip_channel_id":"253100","app_number":"14","ad_channel_id":"310008","permission_vod_live":0,"permission_shop":0,"permission_loop":1,"permission_bip":1,"permission_qos":1}},"success":true}
06-26 11:31:46.679 2644 2821 I OTT_Statistics_SA: [StatisticsLog][StatisticsTools start]:
06-26 11:31:46.689 2644 2821 D OTT_Statistics_SA: [StatisticsLog][get key:ott_wifimac=B4:2F:03:15:E8:B9]:
06-26 11:31:46.689 2644 2826 E OTT_Statistics_SA: [StatisticsLog][缓存未上报的数据]:
06-26 11:31:46.689 2644 2821 E OTT_Statistics_SA: [StatisticsLog][getWifiMac -mac- cache = B4:2F:03:15:E8:B9]:
06-26 11:31:46.689 2644 2826 D OTT_Statistics_SA: [StatisticsLog][get key:ott_sysData={"i":"47e5e4bb","v":"2.1.6","ter":"androidtv","apcn":"253100","apv":"3.14.6","di":"AllwinnerDBBOX-A2","nt":"WiFi","os":"12","sid":"8537cc731d46faeb10ce54995a8d46e0","mac":"20:02:fe:19:c2:0e","vid":"20:02:fe:19:c2:0e","ext":{"Android_id":"72dde6eb932d08d2","imei_id":""}}]:
06-26 11:31:46.689 2644 2821 D OTT_Statistics_SA: [StatisticsLog][get key:ott_wiremac=20:02:fe:19:c2:0e]:
06-26 11:31:46.689 2644 2826 D OTT_Statistics_SA: [StatisticsLog][get key:ott_page=]:
06-26 11:31:46.689 2644 2826 D OTT_Statistics_SA: [StatisticsLog][get key:ott_click=]:
06-26 11:31:46.689 2644 2826 D OTT_Statistics_SA: [StatisticsLog][get key:ott_search=]:
06-26 11:31:46.689 2644 2826 D OTT_Statistics_SA: [StatisticsLog][get key:ott_exposure=]:
06-26 11:31:46.690 2644 2826 D OTT_Statistics_SA: [StatisticsLog][get key:ott_customevent=]:
06-26 11:31:46.690 2644 2826 D OTT_Statistics_SA: [StatisticsLog][get key:ott_play=]:
06-26 11:31:46.690 2644 2826 D OTT_Statistics_SA: [StatisticsLog][get key:ott_appStartTime={"apst":"20250626113052684","apstp":"0","cm":"2","ac":"armeabi-v7a","rl":"1920*1080","ext":{}}]:
06-26 11:31:46.690 2644 2821 D OTT_Statistics_SA: [StatisticsLog][deviceID = 72dde6eb932d08d2]:
06-26 11:31:46.691 2644 2821 E OTT_Statistics_SA: [StatisticsLog][screenWH = 1920*1080 density = 1.5]:
06-26 11:31:46.692 2644 2821 D OTT_Statistics_SA: [StatisticsLog][setPPTVMode() controlMode = 2 userMode = ]:
06-26 11:31:46.692 2644 2826 D OTT_Statistics_SA: [StatisticsLog][remove key:ott_appStartTime]:
06-26 11:31:46.692 2644 2821 D OTT_Statistics_SA: [StatisticsLog][setStartType() type = 0]:
06-26 11:31:46.692 2644 2821 D OTT_Statistics_SA: [StatisticsLog][setTerminalType terminalType = androidtv]:
06-26 11:31:46.692 2644 2821 E OTT_Statistics_SA: [StatisticsLog][setCPUInfo() = armeabi-v7a]:
06-26 11:31:46.692 2644 2821 D OTT_Statistics_SA: [StatisticsLog][setCPUInfo info = armeabi-v7a]:
06-26 11:31:46.693 2644 2821 D OTT_Statistics_SA: [StatisticsLog][setViptype type = ]:
06-26 11:31:46.693 2644 2644 D OTT_Statistics_SA: [StatisticsLog][cancel timer task]:
06-26 11:31:46.693 2644 2821 D OTT_Statistics_SA: [StatisticsLog][setPhoneMember phoneCode = ]:
06-26 11:31:46.693 2644 2644 D OTT_Statistics_SA: [StatisticsLog][start timer task]:
06-26 11:31:46.694 2644 2821 D OTT_Statistics_SA: [StatisticsLog][set sn id > ebuyId= ,ppId=,loginId]:
06-26 11:31:46.696 2644 2826 D OTT_Statistics_SA: [StatisticsLog][get key:ott_appEndTime=]:
06-26 11:31:46.697 2644 2826 D OTT_Statistics_SA: [StatisticsLog][get key:ott_page_new=]:
06-26 11:31:46.697 2644 2826 D OTT_Statistics_SA: [StatisticsLog][get key:ott_sendQueue=ott_send_id_1,ott_send_id_2,ott_send_id_3]:
06-26 11:31:46.698 2644 2826 D OTT_Statistics_SA: [StatisticsLog][ott_send_id_1,ott_send_id_2,ott_send_id_3]:
06-26 11:31:46.698 2644 2826 D OTT_Statistics_SA: [StatisticsLog][save cover key:ott_sendQueue=ott_send_id_1,ott_send_id_2,ott_send_id_3,ott_send_id_4]:
06-26 11:31:46.703 2644 2826 D OTT_Statistics_SA: [StatisticsLog][save cover key:ott_send_id_4=t=17&biz=[{"apst":"20250626113052684","apstp":"0","cm":"2","ac":"armeabi-v7a","rl":"1920*1080","ext":{}}]&sys={"i":"47e5e4bb","v":"2.1.6","ter":"androidtv","apcn":"253100","apv":"3.14.6","di":"AllwinnerDBBOX-A2","nt":"WiFi","os":"12","sid":"8537cc731d46faeb10ce54995a8d46e0","mac":"20:02:fe:19:c2:0e","vid":"20:02:fe:19:c2:0e","ext":{"Android_id":"72dde6eb932d08d2","imei_id":""}}]:
06-26 11:31:46.725 480 809 W TelephonyPermissions: reportAccessDeniedToReadIdentifiers:com.tv.kuaisou:getSerial:-1
06-26 11:31:46.726 2821 2821 W audit : audit_lost=1282 audit_rate_limit=5 audit_backlog_limit=64
06-26 11:31:46.726 2821 2821 E audit : rate limit exceeded
06-26 11:31:46.758 2644 2821 D StatisticsManager: [BipToolsHelper][getBtMacAddressForM] Failed to get bluetooth mac address for above android 6.0.
06-26 11:31:46.759 2644 2821 W System.err: java.lang.reflect.InvocationTargetException
06-26 11:31:46.759 2644 2821 W System.err: at java.lang.reflect.Method.invoke(Native Method)
06-26 11:31:46.759 2644 2821 W System.err: at com.pptv.statistic.bip.helper.BipToolsHelper.getBtMacAddressForM(BipToolsHelper.java:6)
06-26 11:31:46.759 2644 2821 W System.err: at com.pptv.statistic.bip.helper.BipToolsHelper.getBTMac(BipToolsHelper.java:2)
06-26 11:31:46.759 2644 2821 W System.err: at com.pptv.statistic.bip.helper.BipToolsHelper.initSaStatistics(BipToolsHelper.java:9)
06-26 11:31:46.759 2644 2821 W System.err: at com.pptv.ottplayer.external.OTTPlayerManager.initBipParam(OTTPlayerManager.java:10)
06-26 11:31:46.759 2644 2821 W System.err: at com.pptv.ottplayer.external.OTTPlayerManager$2.onAuthSuccessCallback(OTTPlayerManager.java:1)
06-26 11:31:46.759 2644 2821 W System.err: at com.pptv.ottplayer.api.auth.ThirdProofUtils$2.querySucceed(ThirdProofUtils.java:3)
06-26 11:31:46.759 2644 2821 W System.err: at com.pptv.ottplayer.api.auth.Authenticate$1.run(Authenticate.java:18)
06-26 11:31:46.759 2644 2821 W System.err: at java.lang.Thread.run(Thread.java:920)
06-26 11:31:46.761 2644 2821 W System.err: Caused by: java.lang.SecurityException: Need LOCAL_MAC_ADDRESS permission: Neither user 10077 nor current process has android.permission.LOCAL_MAC_ADDRESS.
06-26 11:31:46.761 2644 2821 W System.err: at android.os.Parcel.createExceptionOrNull(Parcel.java:2425)
06-26 11:31:46.761 2644 2821 W System.err: at android.os.Parcel.createException(Parcel.java:2409)
06-26 11:31:46.761 2644 2821 W System.err: at android.os.Parcel.readException(Parcel.java:2392)
06-26 11:31:46.761 2644 2821 W System.err: at android.os.Parcel.readException(Parcel.java:2334)
06-26 11:31:46.761 2644 2821 W System.err: at android.bluetooth.IBluetooth$Stub$Proxy.getAddress(IBluetooth.java:2434)
06-26 11:31:46.761 2644 2821 W System.err: ... 9 more
06-26 11:31:46.761 2644 2821 I StatisticsManager: [BipToolsHelper][getBTMac] BTMac:
06-26 11:31:46.761 2644 2821 E OTT_Statistics_SA: [StatisticsLog][setMacValue() = 20:02:fe:19:c2:0e]:
06-26 11:31:46.762 2644 2644 D OTT_Statistics_SA: [StatisticsLog][app launch start]:
06-26 11:31:46.763 2644 2644 I OTT_Statistics_SA: [StatisticsLog][app start sdknm:]:
06-26 11:31:46.763 2644 2644 D OTT_Statistics_SA: [StatisticsLog][app launch time-20250626113146762]:
06-26 11:31:46.764 2644 2826 D OTT_Statistics_SA: [StatisticsLog][save append v1:ott_appStartTime={"apst":"20250626113146762","apstp":"0","cm":"2","ac":"armeabi-v7a","rl":"1920*1080","ext":{}}]:
06-26 11:31:46.764 2644 2644 D OTT_Statistics_SA: [StatisticsLog][setSessionID--called:e5c5ff65a7d9df755b9d70ba5f5a9caa]:
06-26 11:31:46.764 2644 2644 D OTT_Statistics_SA: [StatisticsLog][cancel timer task]:
06-26 11:31:46.764 2644 2644 D OTT_Statistics_SA: [StatisticsLog][start timer task]:
06-26 11:31:46.768 2644 2826 E OTT_Statistics_SA: [StatisticsLog][config url = http://click.suning.cn/sa/conf/appSDKConfig.gif?i=47e5e4bb]:
06-26 11:31:46.911 480 524 W IorapForwardingService: No service published for: iorapd
06-26 11:31:46.951 2644 2826 E OTT_Statistics_SA: [StatisticsLog][config response result {"appConfig":{"switch.oaidmod.sdk":[],"accessing":"0","log.url.prd":"ssac.suning.com\/psdk.gif","log.url.pre":"ssacprexg.suning.com\/psdk.gif","log.url.sit":"ssad.cnsuning.com\/psdk.gif","appKey":"47e5e4bb","version":"1604902108034","upload.interval.play":"30","switch.oaid.sdk":"0"},"encryptConfig":{"eni":"true","ena":"true","enh":"true"},"sdkConfig":{"totalSendItems":10,"voiceSendItems":20,"serverTime":"1750908707947","protocol":"http"}}]:
06-26 11:31:46.952 2644 2826 D OTT_Statistics_SA: [StatisticsLog][appConfigJson - {"switch.oaidmod.sdk":[],"accessing":"0","log.url.prd":"ssac.suning.com\/psdk.gif","log.url.pre":"ssacprexg.suning.com\/psdk.gif","log.url.sit":"ssad.cnsuning.com\/psdk.gif","appKey":"47e5e4bb","version":"1604902108034","upload.interval.play":"30","switch.oaid.sdk":"0"}]:
06-26 11:31:46.953 2644 2826 D OTT_Statistics_SA: [StatisticsLog][save cover key:ott_sitUrl=ssad.cnsuning.com/psdk.gif]:
06-26 11:31:46.956 2644 2826 D OTT_Statistics_SA: [StatisticsLog][save cover key:ott_prdUrl=ssac.suning.com/psdk.gif]:
06-26 11:31:46.958 2644 2826 D OTT_Statistics_SA: [StatisticsLog][save cover key:ott_preUrl=ssacprexg.suning.com/psdk.gif]:
