06-26 11:31:27.636 480 560 I UsbDeviceManager: Usb gadget hal service started android.hardware.usb.gadget@1.0::IUsbGadget default
06-26 11:31:27.636 249 249 I Zygote : Warmed up JCA providers in 13ms.
06-26 11:31:27.636 249 249 D Zygote : end preload
06-26 11:31:27.638 480 583 I android_os_HwBinder: HwBinder: Starting thread pool for getting: android.hardware.usb.gadget@1.0::IUsbGadget/default
06-26 11:31:27.639 480 529 D SystemServerInitThreadPool: Finished executing SecondaryZygotePreload
06-26 11:31:27.642 480 522 I android_os_HwBinder: HwBinder: Starting thread pool for getting: android.hardware.usb.gadget@1.0::IUsbGadget/default
06-26 11:31:27.646 480 522 E UsbDeviceManager: prcessing MSG_GET_CURRENT_USB_FUNCTIONS
06-26 11:31:27.646 480 522 E UsbDeviceManager: updating mCurrentFunctions
06-26 11:31:27.646 480 522 E UsbDeviceManager: mCurrentFunctions:0applied:1
06-26 11:31:27.646 480 583 I android_os_HwBinder: HwBinder: Starting thread pool for getting: android.hidl.manager@1.0::IServiceManager/default
06-26 11:31:27.648 316 316 D XiriService: check file name: /data/data/com.oranth.storage/lib
06-26 11:31:27.648 480 560 I UsbPortManager: Usb hal service started android.hardware.usb@1.0::IUsb default
06-26 11:31:27.648 316 316 D XiriService: check file name: /data/data/com.oranth.storage/lib
06-26 11:31:27.649 316 316 D XiriService: check file name: /data/data/com.oranth.storage/lib
06-26 11:31:27.649 316 316 D XiriService: check file name: /data/data/com.oranth.storage/lib
06-26 11:31:27.649 480 560 I android_os_HwBinder: HwBinder: Starting thread pool for getting: android.hardware.usb@1.0::IUsb/default
06-26 11:31:27.650 480 618 D ConnectivityService: NetReassign [no changes]
06-26 11:31:27.650 274 274 I android.hardware.usb@1.0-service: registering callback
06-26 11:31:27.651 274 274 E android.hardware.usb@1.0-service: Failed to open /sys/class/typec
06-26 11:31:27.652 274 638 E android.hardware.usb@1.0-service: creating thread
06-26 11:31:27.654 480 560 I UsbPortManager: USB HAL version: 10
06-26 11:31:27.659 316 316 D XiriService: check file name: /data/data/com.oranth.storage/lib
06-26 11:31:27.660 480 583 D SystemServerInitThreadPool: Finished executing UsbService$Lifecycle#onStart
06-26 11:31:27.664 480 480 V HistoricalRegistry: Interaction before persistence initialized
06-26 11:31:27.665 480 480 V HistoricalRegistry: Interaction before persistence initialized
06-26 11:31:27.668 480 480 I SystemServerTiming: StartSoundTrigger
06-26 11:31:27.668 480 480 I SystemServiceManager: Starting com.android.server.soundtrigger.SoundTriggerService
06-26 11:31:27.670 480 480 I SystemServerTiming: StartTrustManager
06-26 11:31:27.670 480 480 I SystemServiceManager: Starting com.android.server.trust.TrustManagerService
06-26 11:31:27.673 480 480 I SystemServerTiming: StartBackupManager
06-26 11:31:27.673 480 480 I SystemServiceManager: Starting com.android.server.backup.BackupManagerService$Lifecycle
06-26 11:31:27.676 316 316 D XiriService: check file name: /data/data/com.dangbei.haqusetting/lib
06-26 11:31:27.676 316 316 D XiriService: check file name: /data/data/com.dangbei.haqusetting/lib
06-26 11:31:27.677 316 316 D XiriService: check file name: /data/data/com.dangbei.haqusetting/lib
06-26 11:31:27.682 480 480 I SystemServerTiming: StartAppWidgetService
06-26 11:31:27.682 480 480 I SystemServiceManager: Starting com.android.server.appwidget.AppWidgetService
06-26 11:31:27.685 480 480 I SystemServerTiming: StartVoiceRecognitionManager
06-26 11:31:27.685 316 316 D XiriService: check file name: /data/data/com.dangbei.haqusetting/lib
06-26 11:31:27.686 316 316 D XiriService: check file name: /data/data/com.dangbei.haqusetting/lib
06-26 11:31:27.686 480 480 I SystemServiceManager: Starting com.android.server.voiceinteraction.VoiceInteractionManagerService
06-26 11:31:27.686 316 316 D XiriService: check file name: /data/data/com.dangbei.haqusetting/lib
06-26 11:31:27.686 316 316 D XiriService: check file name: /data/data/com.dangbei.haqusetting/lib
06-26 11:31:27.695 316 316 D XiriService: check file name: /data/data/com.tv.kuaisou/lib
06-26 11:31:27.695 316 316 D XiriService: check file name: /data/data/com.tv.kuaisou/lib
06-26 11:31:27.695 316 316 D XiriService: check file name: /data/data/com.tv.kuaisou/lib
06-26 11:31:27.696 316 316 D XiriService: check file name: /data/data/com.tv.kuaisou/lib
06-26 11:31:27.700 480 480 I SystemServerTiming: StartAppHibernationService
06-26 11:31:27.700 480 480 I SystemServiceManager: Starting com.android.server.apphibernation.AppHibernationService
06-26 11:31:27.703 316 316 D XiriService: check file name: /data/data/com.softwinner.miracastReceiver/lib
06-26 11:31:27.703 316 316 D XiriService: check file name: /data/data/com.softwinner.miracastReceiver/lib
06-26 11:31:27.703 480 480 I SystemServerTiming: StartGestureLauncher
06-26 11:31:27.704 480 480 I SystemServiceManager: Starting com.android.server.GestureLauncherService
06-26 11:31:27.704 480 480 I SystemServerTiming: StartSensorNotification
06-26 11:31:27.704 480 480 I SystemServiceManager: Starting com.android.server.SensorNotificationService
06-26 11:31:27.704 480 480 I SystemServerTiming: StartDiskStatsService
06-26 11:31:27.708 480 480 I SystemServerTiming: RuntimeService
06-26 11:31:27.709 480 480 I SystemServerTiming: StartNetworkTimeUpdateService
06-26 11:31:27.711 316 316 D XiriService: check file name: /data/data/com.softwinner.miracastReceiver/lib
06-26 11:31:27.711 316 316 D XiriService: check file name: /data/data/com.softwinner.miracastReceiver/lib
06-26 11:31:27.711 316 316 D XiriService: check file name: /data/data/com.softwinner.miracastReceiver/lib
06-26 11:31:27.711 316 316 D XiriService: check file name: /data/data/com.softwinner.miracastReceiver/lib
06-26 11:31:27.712 480 480 I SystemServerTiming: CertBlacklister
06-26 11:31:27.713 480 480 I SystemServerTiming: StartEmergencyAffordanceService
06-26 11:31:27.713 480 480 I SystemServiceManager: Starting com.android.server.emergency.EmergencyAffordanceService
06-26 11:31:27.714 480 480 I SystemServerTiming: StartDreamManager
06-26 11:31:27.715 480 480 I SystemServiceManager: Starting com.android.server.dreams.DreamManagerService
06-26 11:31:27.716 480 480 I SystemServerTiming: AddGraphicsStatsService
06-26 11:31:27.718 480 521 I SystemServerTimingAsync: InitThreadPoolExec:startBlobStoreManagerService
06-26 11:31:27.718 480 521 D SystemServerInitThreadPool: Started executing startBlobStoreManagerService
06-26 11:31:27.718 480 521 I SystemServerTimingAsync: startBlobStoreManagerService
06-26 11:31:27.719 480 521 I SystemServiceManager: Starting com.android.server.blob.BlobStoreManagerService
06-26 11:31:27.720 316 316 D XiriService: check file name: /data/data/com.android.bluetooth/lib
06-26 11:31:27.720 316 316 D XiriService: check file name: /data/data/com.android.bluetooth/lib
06-26 11:31:27.721 316 316 D XiriService: check file name: /data/data/com.android.bluetooth/lib
06-26 11:31:27.721 316 316 D XiriService: check file name: /data/data/com.android.bluetooth/lib
06-26 11:31:27.716 316 316 I xiriservice_All: type=1400 audit(0.0:334): avc: denied { read } for name="lib" dev="mmcblk0p25" ino=8806 scontext=u:r:init:s0 tcontext=u:object_r:bluetooth_data_file:s0 tclass=lnk_file permissive=1
06-26 11:31:27.728 480 480 I SystemServerTiming: StartRestrictionManager
06-26 11:31:27.728 480 480 I SystemServiceManager: Starting com.android.server.restrictions.RestrictionsManagerService
06-26 11:31:27.728 480 521 D SystemServerInitThreadPool: Finished executing startBlobStoreManagerService
06-26 11:31:27.729 316 316 D XiriService: check file name: /data/data/com.android.bluetooth/lib
06-26 11:31:27.729 316 316 D XiriService: check file name: /data/data/com.android.bluetooth/lib
06-26 11:31:27.730 316 316 D XiriService: check file name: /data/data/com.android.bluetooth/lib
06-26 11:31:27.730 316 316 D XiriService: check file name: /data/data/com.android.bluetooth/lib
06-26 11:31:27.730 480 480 I SystemServerTiming: StartMediaSessionService
06-26 11:31:27.730 480 480 I SystemServiceManager: Starting com.android.server.media.MediaSessionService
06-26 11:31:27.739 480 480 I SystemServerTiming: StartHdmiControlService
06-26 11:31:27.740 480 480 I SystemServiceManager: Starting com.android.server.hdmi.HdmiControlService
06-26 11:31:27.756 480 524 W IorapForwardingService: No service published for: iorapd
06-26 11:31:27.757 480 576 I PackageManager: Deferred reconcileAppsData finished 100 packages
06-26 11:31:27.758 480 576 D SystemServerInitThreadPool: Finished executing prepareAppData
06-26 11:31:27.763 186 186 I hwservicemanager: getTransport: Cannot find entry android.hardware.tv.cec@1.1::IHdmiCec/default in either framework or device VINTF manifest.
06-26 11:31:27.764 480 480 E HDMI : [1]:Couldn't connect to cec@1.1java.util.NoSuchElementException
06-26 11:31:27.764 480 480 W HDMI : [1]:Couldn't get tv.cec service.
06-26 11:31:27.764 480 480 W HDMI : [1]:Unable to use cec@1.1
06-26 11:31:27.766 480 480 I android_os_HwBinder: HwBinder: Starting thread pool for getting: android.hardware.tv.cec@1.0::IHdmiCec/default
06-26 11:31:27.769 480 480 I HdmiControlService: Device does not support MHL-control.
06-26 11:31:27.770 272 272 D hdmi-cec: setOption, flag=0x0002, value=0x00000000
06-26 11:31:27.785 480 480 I SystemServerTiming: StartTvInputManager
06-26 11:31:27.785 480 480 I SystemServiceManager: Starting com.android.server.tv.TvInputManagerService
06-26 11:31:27.789 186 186 I hwservicemanager: getTransport: Cannot find entry android.hardware.tv.input@1.0::ITvInput/default in either framework or device VINTF manifest.
06-26 11:31:27.789 480 480 E TvInputHal: Couldn't get tv.input service.
06-26 11:31:27.793 480 480 I SystemServerTiming: StartMediaResourceMonitor
06-26 11:31:27.793 480 480 I SystemServiceManager: Starting com.android.server.media.MediaResourceMonitorService
06-26 11:31:27.794 480 480 I SystemServerTiming: StartTvRemoteService
06-26 11:31:27.794 480 480 I SystemServiceManager: Starting com.android.server.tv.TvRemoteService
06-26 11:31:27.795 480 480 I SystemServerTiming: StartMediaRouterService
06-26 11:31:27.795 480 480 V HistoricalRegistry: Interaction before persistence initialized
06-26 11:31:27.797 480 480 I SystemServerTiming: StartBiometricService
06-26 11:31:27.797 480 480 I SystemServiceManager: Starting com.android.server.biometrics.BiometricService
06-26 11:31:27.812 480 480 I SystemServerTiming: StartAuthService
06-26 11:31:27.812 480 480 I SystemServiceManager: Starting com.android.server.biometrics.AuthService
06-26 11:31:27.815 480 480 I SystemServerTiming: StartBackgroundDexOptService
06-26 11:31:27.815 480 480 W BackgroundDexOptService: SysProp pm.dexopt.downgrade_after_inactive_days not set
06-26 11:31:27.816 480 480 I SystemServerTiming: StartDynamicCodeLoggingService
06-26 11:31:27.817 480 480 I SystemServerTiming: StartPruneInstantAppsJobService
06-26 11:31:27.818 480 480 I SystemServerTiming: StartShortcutServiceLifecycle
06-26 11:31:27.818 480 480 I SystemServiceManager: Starting com.android.server.pm.ShortcutService$Lifecycle
06-26 11:31:27.818 480 497 I system_server: Background young concurrent copying GC freed 91123(5067KB) AllocSpace objects, 18(532KB) LOS objects, 34% free, 9039KB/13MB, paused 725us total 201.299ms
06-26 11:31:27.821 480 480 V HistoricalRegistry: Interaction before persistence initialized
06-26 11:31:27.822 480 480 I SystemServerTiming: StartLauncherAppsService
06-26 11:31:27.822 480 480 I SystemServiceManager: Starting com.android.server.pm.LauncherAppsService
06-26 11:31:27.824 480 480 I SystemServerTiming: StartCrossProfileAppsService
06-26 11:31:27.824 480 480 I SystemServiceManager: Starting com.android.server.pm.CrossProfileAppsService
06-26 11:31:27.825 480 480 I SystemServerTiming: StartPeopleService
06-26 11:31:27.825 480 480 I SystemServiceManager: Starting com.android.server.people.PeopleService
06-26 11:31:27.826 480 480 I SystemServerTiming: StartMediaMetricsManager
06-26 11:31:27.826 480 480 I SystemServiceManager: Starting com.android.server.media.metrics.MediaMetricsManagerService
06-26 11:31:27.828 480 480 I SystemServerTiming: StartMediaProjectionManager
06-26 11:31:27.828 480 480 I SystemServiceManager: Starting com.android.server.media.projection.MediaProjectionManagerService
06-26 11:31:27.830 480 480 V MediaRouter: Selecting route: RouteInfo{ name=手机, description=null, status=null, category=RouteCategory{ name=系统 types=ROUTE_TYPE_LIVE_AUDIO ROUTE_TYPE_LIVE_VIDEO groupable=false }, supportedTypes=ROUTE_TYPE_LIVE_AUDIO ROUTE_TYPE_LIVE_VIDEO , presentationDisplay=null }
06-26 11:31:27.830 480 480 I MediaRouter: Skip setBluetoothA2dpOn(): types=8388615, isPlaybackActive()=false, BT route=null
06-26 11:31:27.831 480 480 I SystemServerTiming: StartSliceManagerService
06-26 11:31:27.831 480 480 I SystemServiceManager: Starting com.android.server.slice.SliceManagerService$Lifecycle
06-26 11:31:27.837 480 480 I SystemServerTiming: StartStatsCompanion
06-26 11:31:27.845 480 480 I SystemServiceManager: Starting com.android.server.stats.StatsCompanion$Lifecycle
06-26 11:31:27.849 480 480 I SystemServerTiming: StartRebootReadinessManagerService
06-26 11:31:27.851 247 251 I ServiceManager: Waiting for service 'statscompanion' on '/dev/binder' successful after waiting 1308ms
06-26 11:31:27.858 480 480 I SystemServiceManager: Starting com.android.server.scheduling.RebootReadinessManagerService$Lifecycle
06-26 11:31:27.864 480 480 I TetheringManager: registerTetheringEventCallback:android
06-26 11:31:27.864 480 480 I TetheringManager: registerTetheringEventCallback caller:android
06-26 11:31:27.865 480 480 I SystemServerTiming: StartStatsPullAtomService
06-26 11:31:27.865 480 480 I SystemServiceManager: Starting com.android.server.stats.pull.StatsPullAtomService
06-26 11:31:27.865 480 480 I SystemServerTiming: StartIncidentCompanionService
06-26 11:31:27.865 480 480 I SystemServiceManager: Starting com.android.server.incident.IncidentCompanionService
06-26 11:31:27.866 480 480 I SystemServerTiming: StartMmsService
06-26 11:31:27.866 480 480 I SystemServiceManager: Starting com.android.server.MmsServiceBroker
06-26 11:31:27.868 480 480 I SystemServerTiming: StartAutoFillService
06-26 11:31:27.868 480 480 I SystemServiceManager: Starting com.android.server.autofill.AutofillManagerService
06-26 11:31:27.869 480 480 D AutofillManagerService: setLogLevelFromSettings(): level=2, debug=true, verbose=false
06-26 11:31:27.870 480 480 D AutofillManagerService: setMaxPartitionsFromSettings(): 10
06-26 11:31:27.870 480 480 D AutofillManagerService: setMaxVisibleDatasetsFromSettings(): 0
06-26 11:31:27.871 480 480 D AutofillManagerServiceImpl: Reset component for user 0:
06-26 11:31:27.871 480 523 D AutofillUI: destroySaveUiUiThread(): already destroyed
06-26 11:31:27.873 480 480 D SystemServer: TranslationService not defined by OEM
06-26 11:31:27.873 480 480 I SystemServerTiming: StartClipboardService
06-26 11:31:27.873 480 480 I SystemServiceManager: Starting com.android.server.clipboard.ClipboardService
06-26 11:31:27.876 480 480 I SystemServerTiming: AppServiceManager
06-26 11:31:27.876 480 480 I SystemServiceManager: Starting com.android.server.appbinding.AppBindingService$Lifecycle
06-26 11:31:27.877 480 480 I SystemServerTiming: startTracingServiceProxy
06-26 11:31:27.877 480 480 I SystemServiceManager: Starting com.android.server.tracing.TracingServiceProxy
06-26 11:31:27.879 480 480 I SystemServerTiming: startOranthService
06-26 11:31:27.880 480 480 I SystemServiceManager: Starting com.android.server.oranth.OranthManagerService$Lifecycle
06-26 11:31:27.880 480 480 I OranthManagerService: -------------- OranthManagerService --------------
06-26 11:31:27.880 184 184 E SELinux : avc: denied { add } for pid=480 uid=1000 name=oranth_manager scontext=u:r:system_server:s0 tcontext=u:object_r:default_android_service:s0 tclass=service_manager permissive=1
06-26 11:31:27.881 480 480 I SystemServerTiming: MakeLockSettingsServiceReady
06-26 11:31:27.887 186 186 I hwservicemanager: getTransport: Cannot find entry android.hardware.weaver@1.0::IWeaver/default in either framework or device VINTF manifest.
06-26 11:31:27.887 480 480 I SyntheticPasswordManager: Device does not support weaver
06-26 11:31:27.888 186 186 I hwservicemanager: getTransport: Cannot find entry android.hardware.authsecret@1.0::IAuthSecret/default in either framework or device VINTF manifest.
06-26 11:31:27.888 480 480 I LockSettingsService: Device doesn't implement AuthSecret HAL
06-26 11:31:27.890 480 480 I SystemServerTiming: StartBootPhaseLockSettingsReady
06-26 11:31:27.890 480 480 I SystemServiceManager: Starting phase 480
06-26 11:31:27.890 480 480 I SystemServerTiming: OnBootPhase_480
06-26 11:31:27.890 480 480 D SoundTriggerService: onBootPhase: 480 : false
06-26 11:31:27.892 480 480 I SystemServerTiming: StartBootPhaseSystemServicesReady
06-26 11:31:27.892 480 480 I SystemServiceManager: Starting phase 500
06-26 11:31:27.892 480 480 I SystemServerTiming: OnBootPhase_500
06-26 11:31:27.893 480 480 E StatsPullAtomCallbackImpl: Failed to start PowerStatsService statsd pullers
06-26 11:31:27.896 480 480 D ConnectivityService: requestNetwork for uid/pid:1000/480 activeRequest: null callbackRequest: 9 [NetworkRequest [ REQUEST id=10, [ Capabilities: INTERNET&NOT_RESTRICTED&TRUSTED&NOT_VCN_MANAGED Uid: 1000 RequestorUid: 1000 RequestorPkg: android] ]] callback flags: 0 priority: 2147483647
06-26 11:31:27.896 480 480 E BatteryStatsService: Could not register PowerStatsInternal
06-26 11:31:27.897 480 618 D ConnectivityService: NetReassign [no changes]
06-26 11:31:27.899 480 480 V HintManagerService: Initializing HintManager service...
06-26 11:31:27.899 480 480 V HistoricalRegistry: Interaction before persistence initialized
06-26 11:31:27.901 480 480 D AppStandbyController: Setting app idle enabled state
06-26 11:31:27.904 480 480 V HistoricalRegistry: Interaction before persistence initialized
06-26 11:31:27.909 480 480 V VibratorManagerService: Initializing VibratorManager service...
06-26 11:31:27.909 480 480 V HistoricalRegistry: Interaction before persistence initialized
06-26 11:31:27.910 480 480 V VibratorManagerService: VibratorManager service initialized
06-26 11:31:27.914 480 618 D ConnectivityService: NetReassign [no changes]
06-26 11:31:27.918 480 480 I ActivityTaskManager: Config changes=200 {1.0 ?mcc?mnc [zh_CN] ldltr sw720dp w1280dp h696dp 240dpi xlrg long land television -touch qwerty/v/v dpad/v winConfig={ mBounds=Rect(0, 0 - 1920, 1080) mAppBounds=Rect(0, 0 - 1920, 1080) mMaxBounds=Rect(0, 0 - 1920, 1080) mWindowingMode=fullscreen mDisplayWindowingMode=fullscreen mActivityType=undefined mAlwaysOnTop=undefined mRotation=ROTATION_0} s.4 ?fontWeightAdjustment}
06-26 11:31:27.921 480 480 I WindowManager: Override config changes=200 {1.0 ?mcc?mnc [zh_CN] ldltr sw720dp w1280dp h696dp 240dpi xlrg long land television -touch qwerty/v/v dpad/v winConfig={ mBounds=Rect(0, 0 - 1920, 1080) mAppBounds=Rect(0, 0 - 1920, 1080) mMaxBounds=Rect(0, 0 - 1920, 1080) mWindowingMode=fullscreen mDisplayWindowingMode=fullscreen mActivityType=undefined mAlwaysOnTop=undefined mRotation=ROTATION_0} s.4 ?fontWeightAdjustment} for displayId=0
06-26 11:31:27.923 480 480 D TestHarnessModeService: Setting up test harness mode
06-26 11:31:27.923 480 480 D TestHarnessModeService: Getting PersistentDataBlockManagerInternal from LocalServices
06-26 11:31:27.936 480 480 V HistoricalRegistry: Interaction before persistence initialized
06-26 11:31:27.939 480 480 W NetworkPolicy: setRestrictBackgroundUL: already false
06-26 11:31:27.940 480 480 I WifiScanningService: Starting wifiscanner
06-26 11:31:27.943 480 480 I EthernetServiceImpl: Starting Ethernet service
06-26 11:31:27.946 480 480 D EthernetTracker: Interface match regexp set to 'eth\d'
06-26 11:31:27.948 480 480 D Ethernet: Registering NetworkFactory
06-26 11:31:27.949 480 618 D ConnectivityService: Got NetworkProvider Messenger for Ethernet
06-26 11:31:27.949 480 480 E IpConfigStore: Error opening configuration file: java.io.FileNotFoundException: /data/misc/ethernet/ipconfig.txt: open failed: ENOENT (No such file or directory)
06-26 11:31:27.950 480 480 I PppoeServiceImpl: Starting PPPOE service
06-26 11:31:27.951 480 611 W WifiXmlUtil: Ignoring unknown value name found: CarrierMerged
06-26 11:31:27.951 480 651 I EthernetTracker: maybeTrackInterface: eth0
06-26 11:31:27.953 480 611 W WifiXmlUtil: Ignoring unknown value name found: CaptivePortalNeverDetected
06-26 11:31:27.954 324 328 D XM_HIDREAD: add@ add@/devices/platform/soc@3000000/5030000.eth/mdio_bus/5030000.eth-0
06-26 11:31:27.955 324 328 D XM_HIDREAD: add@ add@/devices/platform/soc@3000000/5030000.eth/mdio_bus/5030000.eth-0/5030000.eth-0:00
06-26 11:31:27.958 324 328 D XM_HIDREAD: add@ add@/devices/platform/soc@3000000/5030000.eth/mdio_bus/5030000.eth-0/5030000.eth-0:10
06-26 11:31:27.978 399 399 I update_engine: [INFO:cleanup_previous_update_action.cc(112)] Executing task 4
06-26 11:31:27.980 399 399 I update_engine: [INFO:cleanup_previous_update_action.cc(124)] CleanupPreviousUpdateAction scheduled task ID 5 for WaitBootCompleted
06-26 11:31:27.981 480 480 D PPPOE : Registering NetworkFactory
06-26 11:31:27.981 480 618 D ConnectivityService: Got NetworkProvider Messenger for PPPOE
06-26 11:31:27.981 480 611 D WifiConfigStore: Reading from all stores completed in 40 ms.
06-26 11:31:27.982 480 480 W PppoeServiceImpl: pppoe interface file not exist!
06-26 11:31:27.982 480 652 D PPPOE : got request NetworkRequest [ REQUEST id=1, [ Capabilities: INTERNET&NOT_RESTRICTED&TRUSTED&NOT_VPN&NOT_VCN_MANAGED RequestorUid: 1000 RequestorPkg: android] ]
06-26 11:31:27.982 480 652 D PppoeNetworkFactory: onRequestNetwork
06-26 11:31:27.982 480 652 D PPPOE : got request NetworkRequest [ REQUEST id=5, [ Transports: PPPOE Capabilities: INTERNET&NOT_RESTRICTED&TRUSTED&NOT_VPN&NOT_VCN_MANAGED RequestorUid: 1000 RequestorPkg: android] ]
06-26 11:31:27.982 480 652 D PPPOE : got request NetworkRequest [ REQUEST id=10, [ Capabilities: INTERNET&NOT_RESTRICTED&TRUSTED&NOT_VCN_MANAGED Uid: 1000 RequestorUid: 1000 RequestorPkg: android] ]
06-26 11:31:27.984 480 611 E WifiConfigManager: Cannot find network with networkId -1 or configKey "DZNB"WPA_PSK or upgradable security type check
06-26 11:31:27.987 480 480 V HistoricalRegistry: Interaction before persistence initialized
06-26 11:31:27.991 480 611 I WifiInjector: enableVerboseLogging(0): false
06-26 11:31:27.991 480 611 E SupplicantStaIfaceHal: Can't call setDebugParams, ISupplicant is null
06-26 11:31:27.991 480 611 E HostapdHal: Can't call setDebugParams, IHostapd is null
06-26 11:31:27.992 480 611 I WifiService: WifiService starting up with Wi-Fi disabled
06-26 11:31:27.997 480 611 D WifiController: isAirplaneModeOn = false, isWifiEnabled = false, isScanningAvailable = false, isLocationModeActive = true
06-26 11:31:27.998 480 611 E WifiActiveModeWarden: Something is wrong, no client mode toggles enabled
06-26 11:31:27.998 480 480 V HistoricalRegistry: Interaction before persistence initialized
06-26 11:31:27.999 480 480 D SoundTriggerService: onBootPhase: 500 : false
06-26 11:31:28.000 480 611 I android_os_HwBinder: HwBinder: Starting thread pool for getting: android.hidl.manager@1.2::IServiceManager/default
06-26 11:31:28.003 186 186 I hwservicemanager: Since android.hardware.wifi@1.0::IWifi/default is not registered, trying to start it as a lazy HAL.
06-26 11:31:28.004 186 186 I hwservicemanager: Since android.hardware.wifi@1.0::IWifi/default is not registered, trying to start it as a lazy HAL.
06-26 11:31:28.005 480 611 I HidlServiceManagement: getService: Trying again for android.hardware.wifi@1.0::IWifi/default...
06-26 11:31:28.011 1 1 I init : starting service 'vendor.wifi_hal_legacy'...
06-26 11:31:28.010 480 480 I SystemServerTiming: MakeWindowManagerServiceReady
06-26 11:31:28.014 186 186 I hwservicemanager: getTransport: Cannot find entry android.hardware.configstore@1.1::ISurfaceFlingerConfigs/default in either framework or device VINTF manifest.
06-26 11:31:28.018 1 1 I init : Control message: Processed ctl.interface_start for 'android.hardware.wifi@1.0::IWifi/default' from pid: 186 (/system/bin/hwservicemanager)
06-26 11:31:28.018 1 1 I init : Control message: Processed ctl.interface_start for 'android.hardware.wifi@1.0::IWifi/default' from pid: 186 (/system/bin/hwservicemanager)
06-26 11:31:28.015 186 186 I hwservicemanager: getTransport: Cannot find entry android.hardware.configstore@1.1::ISurfaceFlingerConfigs/default in either framework or device VINTF manifest.
06-26 11:31:28.017 480 535 E KernelCpuThreadReader: Failed to initialize KernelCpuThreadReader
06-26 11:31:28.017 480 535 E KernelCpuThreadReader: java.nio.file.NoSuchFileException: /proc/self/time_in_state
06-26 11:31:28.017 480 535 E KernelCpuThreadReader: at sun.nio.fs.UnixFileSystemProvider.newByteChannel(UnixFileSystemProvider.java:214)
06-26 11:31:28.017 480 535 E KernelCpuThreadReader: at java.nio.file.Files.newByteChannel(Files.java:361)
06-26 11:31:28.017 480 535 E KernelCpuThreadReader: at java.nio.file.Files.newByteChannel(Files.java:407)
06-26 11:31:28.017 480 535 E KernelCpuThreadReader: at java.nio.file.Files.readAllBytes(Files.java:3152)
06-26 11:31:28.017 480 535 E KernelCpuThreadReader: at com.android.internal.os.ProcTimeInStateReader.initializeTimeInStateFormat(ProcTimeInStateReader.java:159)
06-26 11:31:28.017 480 535 E KernelCpuThreadReader: at com.android.internal.os.ProcTimeInStateReader.(ProcTimeInStateReader.java:106)
06-26 11:31:28.017 480 535 E KernelCpuThreadReader: at com.android.internal.os.KernelCpuThreadReader.(KernelCpuThreadReader.java:138)
06-26 11:31:28.017 480 535 E KernelCpuThreadReader: at com.android.internal.os.KernelCpuThreadReader.create(KernelCpuThreadReader.java:151)
06-26 11:31:28.017 480 535 E KernelCpuThreadReader: at com.android.internal.os.KernelCpuThreadReaderSettingsObserver.(KernelCpuThreadReaderSettingsObserver.java:95)
06-26 11:31:28.017 480 535 E KernelCpuThreadReader: at com.android.internal.os.KernelCpuThreadReaderSettingsObserver.getSettingsModifiedReader(KernelCpuThreadReaderSettingsObserver.java:80)
06-26 11:31:28.017 480 535 E KernelCpuThreadReader: at com.android.server.stats.pull.StatsPullAtomService.initializePullersState(StatsPullAtomService.java:798)
06-26 11:31:28.017 480 535 E KernelCpuThreadReader: at com.android.server.stats.pull.StatsPullAtomService.lambda$onBootPhase$0$StatsPullAtomService(StatsPullAtomService.java:757)
06-26 11:31:28.017 480 535 E KernelCpuThreadReader: at com.android.server.stats.pull.StatsPullAtomService$$ExternalSyntheticLambda14.run(Unknown Source:2)
06-26 11:31:28.017 480 535 E KernelCpuThreadReader: at android.os.Handler.handleCallback(Handler.java:938)
06-26 11:31:28.017 480 535 E KernelCpuThreadReader: at android.os.Handler.dispatchMessage(Handler.java:99)
06-26 11:31:28.017 480 535 E KernelCpuThreadReader: at android.os.Looper.loopOnce(Looper.java:201)
06-26 11:31:28.017 480 535 E KernelCpuThreadReader: at android.os.Looper.loop(Looper.java:288)
06-26 11:31:28.017 480 535 E KernelCpuThreadReader: at android.os.HandlerThread.run(HandlerThread.java:67)
06-26 11:31:28.017 186 186 I hwservicemanager: getTransport: Cannot find entry android.hardware.configstore@1.1::ISurfaceFlingerConfigs/default in either framework or device VINTF manifest.
06-26 11:31:28.019 480 535 I android_os_HwBinder: HwBinder: Starting thread pool for getting: android.hardware.health@2.0::IHealth/default
06-26 11:31:28.020 480 480 I SystemServerTiming: MakePowerManagerServiceReady
06-26 11:31:28.021 480 480 I AttentionDetector: readValuesFromDeviceConfig():
06-26 11:31:28.021 480 480 I AttentionDetector: mMaximumExtensionMillis=900000
06-26 11:31:28.021 480 480 I AttentionDetector: mPreDimCheckDurationMillis=2000
06-26 11:31:28.021 480 480 I AttentionDetector: mRequestedPostDimTimeoutMillis=0
06-26 11:31:28.024 480 535 I android_os_HwBinder: HwBinder: Starting thread pool for getting: android.hidl.manager@1.0::IServiceManager/default
06-26 11:31:28.025 480 535 I HealthServiceWrapper: health: HealthServiceWrapper listening to instance default
06-26 11:31:28.028 480 480 E DisplayPowerController[0]: failed to set up display white-balance: java.lang.IllegalStateException: cannot find light sensor
06-26 11:31:28.028 480 535 D StatsPullAtomService: Registering pullers with statsd
06-26 11:31:28.028 480 660 I android_os_HwBinder: HwBinder: Starting thread pool for getting: android.hardware.health@2.0::IHealth/default
06-26 11:31:28.030 269 269 I AW_PowerHAL: isBoostSupported: 0
06-26 11:31:28.033 480 618 D ConnectivityService: NetReassign [no changes]
06-26 11:31:28.033 480 535 I StatsPullAtomService: register thermal listener successfully
06-26 11:31:28.037 480 480 I FaceDownDetector: readValuesFromDeviceConfig():
06-26 11:31:28.037 480 480 I FaceDownDetector: mAccelerationThreshold=0.2
06-26 11:31:28.037 480 480 I FaceDownDetector: mZAccelerationThreshold=-9.5
06-26 11:31:28.037 480 480 I FaceDownDetector: mTimeThreshold=PT1S
06-26 11:31:28.037 480 480 I FaceDownDetector: mIsEnabled=false
06-26 11:31:28.038 480 559 W KeyguardServiceDelegate: onScreenTurningOn(): no keyguard service!
06-26 11:31:28.040 480 480 I SystemServerTiming: StartPermissionPolicyService
06-26 11:31:28.040 480 480 I SystemServiceManager: Starting com.android.server.policy.PermissionPolicyService
06-26 11:31:28.042 480 550 W KernelCpuProcStringReader: File not found. It's normal if not implemented: /proc/uid_time_in_state
06-26 11:31:28.042 480 550 W KernelCpuProcStringReader: File not found. It's normal if not implemented: /proc/uid_concurrent_active_time
06-26 11:31:28.042 480 550 W KernelCpuProcStringReader: File not found. It's normal if not implemented: /proc/uid_concurrent_policy_time
06-26 11:31:28.042 269 269 I AW_PowerHAL: Power setMode: DISPLAY_INACTIVE to: 0
06-26 11:31:28.042 269 269 I AW_PowerHAL: not completed yet, ignore mode request other
06-26 11:31:28.043 480 525 I DisplayDeviceRepository: Display device changed state: "内置屏幕", ON
06-26 11:31:28.043 301 301 D SurfaceFlinger: Setting power mode 2 on display 0
06-26 11:31:28.045 267 267 I android.hardware.lights-service: Lights setting state for id=0 to color ffffffff
06-26 11:31:28.045 480 525 I InputManager-JNI: Viewport [0] to add: local:0, isActive: true
06-26 11:31:28.046 480 600 I InputReader: Reconfiguring input devices, changes=DISPLAY_INFO |
06-26 11:31:28.047 480 559 V DisplayPowerController[0]: Brightness [0.39763778] reason changing to: 'override', previous reason: '0'.
06-26 11:31:28.048 480 480 I SystemServerTiming: MakePackageManagerServiceReady
06-26 11:31:28.048 267 267 I android.hardware.lights-service: Lights setting state for id=0 to color ff6a6a6a
06-26 11:31:28.054 480 550 E KernelCpuSpeedReader: Failed to read cpu-freq: /sys/devices/system/cpu/cpu0/cpufreq/stats/time_in_state: open failed: ENOENT (No such file or directory)
06-26 11:31:28.055 480 550 E system_server: Cannot read thread CPU times for PID 480
06-26 11:31:28.059 480 480 V UserDataPreparer: Found /data/user_de/0 with serial number 0
06-26 11:31:28.059 480 480 V UserDataPreparer: Found /data/user/0 with serial number 0
06-26 11:31:28.059 480 480 V UserDataPreparer: Found /data/system_de/0 with serial number 0
06-26 11:31:28.059 480 480 W UserDataPreparer: Invalid user directory /data/system_de/usagestats
06-26 11:31:28.059 480 480 V UserDataPreparer: Found /data/system_ce/0 with serial number 0
06-26 11:31:28.059 480 480 V UserDataPreparer: Found /data/misc_ce/0 with serial number 0
06-26 11:31:28.064 480 480 I PackageManager: Permission ownership changed. Updating all permissions.
06-26 11:31:28.096 655 655 I android.hardware.wifi@1.0-service-lazy: Wifi Hal is booting up...
06-26 11:31:28.097 655 655 I HidlLazyUtils: Registering HAL: android.hardware.wifi@1.5::IWifi with name: default
06-26 11:31:28.097 655 655 E cutils-trace: Error opening trace file: No such file or directory (2)
06-26 11:31:28.099 655 655 I HidlServiceManagement: Registered android.hardware.wifi@1.5::IWifi/default
06-26 11:31:28.099 480 560 D HalDevMgr: IWifi registration notification: fqName=android.hardware.wifi@1.0::IWifi, name=default, preexisting=false
06-26 11:31:28.100 655 655 I HidlServiceManagement: Removing namespace from process name android.hardware.wifi@1.0-service-lazy to wifi@1.0-service-lazy.
06-26 11:31:28.101 186 186 I hw-BpHwBinder: onLastStrongRef automatically unlinking death recipients
06-26 11:31:28.101 480 611 I android_os_HwBinder: HwBinder: Starting thread pool for getting: android.hardware.wifi@1.0::IWifi/default
06-26 11:31:28.103 480 611 D WifiNl80211Manager: tearing down interfaces in wificond
06-26 11:31:28.111 480 611 D WifiAdaptConnObserver: Adaptive connectivity status initialized to: true
06-26 11:31:28.111 480 611 D WifiController: DisabledState.enter()
06-26 11:31:28.112 480 565 E DefaultPermGrantPolicy: Package not found: org.xbmc.kodi
06-26 11:31:28.112 480 565 W DefaultPermGrantPolicy: No such package:org.xbmc.kodi
06-26 11:31:28.112 480 565 E DefaultPermGrantPolicy: Package not found: cm.aptoidetv.pt
06-26 11:31:28.112 480 565 W DefaultPermGrantPolicy: No such package:cm.aptoidetv.pt
06-26 11:31:28.113 480 565 E DefaultPermGrantPolicy: Package not found: com.softwinner.TvdFileManager
06-26 11:31:28.113 480 565 W DefaultPermGrantPolicy: No such package:com.softwinner.TvdFileManager
06-26 11:31:28.113 480 565 E DefaultPermGrantPolicy: Package not found: com.softwinner.TvdVideo
06-26 11:31:28.113 480 565 W DefaultPermGrantPolicy: No such package:com.softwinner.TvdVideo
06-26 11:31:28.113 480 565 E DefaultPermGrantPolicy: Package not found: com.android.chrome
06-26 11:31:28.113 480 565 W DefaultPermGrantPolicy: No such package:com.android.chrome
06-26 11:31:28.113 480 565 E DefaultPermGrantPolicy: Package not found: com.android.vending
06-26 11:31:28.113 480 565 W DefaultPermGrantPolicy: No such package:com.android.vending
06-26 11:31:28.113 480 565 E DefaultPermGrantPolicy: Package not found: com.google.android.tts
06-26 11:31:28.113 480 565 W DefaultPermGrantPolicy: No such package:com.google.android.tts
06-26 11:31:28.113 480 565 E DefaultPermGrantPolicy: Package not found: com.google.android.youtube.tv
06-26 11:31:28.113 480 565 W DefaultPermGrantPolicy: No such package:com.google.android.youtube.tv
06-26 11:31:28.113 480 565 E DefaultPermGrantPolicy: Package not found: com.google.android.katniss
06-26 11:31:28.113 480 565 W DefaultPermGrantPolicy: No such package:com.google.android.katniss
06-26 11:31:28.113 480 565 E DefaultPermGrantPolicy: Package not found: com.google.android.gms
06-26 11:31:28.113 480 565 W DefaultPermGrantPolicy: No such package:com.google.android.gms
06-26 11:31:28.117 480 480 I SystemServerTiming: MakeDisplayManagerServiceReady
06-26 11:31:28.118 480 525 E DisplayModeDirector: Asked about unknown display, returning empty display mode specs!(id=0)
06-26 11:31:28.118 480 525 E DisplayModeDirector: Asked about unknown display, returning empty display mode specs!(id=0)
06-26 11:31:28.121 480 480 I SystemServerTiming: StartDeviceSpecificServices
06-26 11:31:28.121 480 480 I SystemServerTiming: GameManagerService
06-26 11:31:28.122 480 480 I SystemServiceManager: Starting com.android.server.app.GameManagerService$Lifecycle
06-26 11:31:28.127 480 480 I SystemServerTiming: StartBootPhaseDeviceSpecificServicesReady
06-26 11:31:28.127 480 480 I SystemServiceManager: Starting phase 520
06-26 11:31:28.127 480 480 I SystemServerTiming: OnBootPhase_520
06-26 11:31:28.128 480 480 D SoundTriggerService: onBootPhase: 520 : false
06-26 11:31:28.128 480 480 I SystemServerTiming: AppSearchManagerService
06-26 11:31:28.134 480 480 I SystemServiceManager: Starting com.android.server.appsearch.AppSearchManagerService
06-26 11:31:28.137 480 480 I SystemServerTiming: StartMediaCommunicationService
06-26 11:31:28.137 480 480 I SystemServiceManager: Starting com.android.server.media.MediaCommunicationService
06-26 11:31:28.140 480 480 I SystemServerTiming: PhaseActivityManagerReady
06-26 11:31:28.140 480 480 I SystemServerTiming: controllersReady
06-26 11:31:28.144 480 529 I SystemServerTimingAsync: InitThreadPoolExec:Update app-ops uidState in case package com.tv.kuaisou changed
06-26 11:31:28.144 480 583 I SystemServerTimingAsync: InitThreadPoolExec:Update app-ops uidState in case package com.dangbei.hqmedia changed
06-26 11:31:28.144 480 583 D SystemServerInitThreadPool: Started executing Update app-ops uidState in case package com.dangbei.hqmedia changed
06-26 11:31:28.144 480 521 I SystemServerTimingAsync: InitThreadPoolExec:Update app-ops uidState in case package com.android.providers.media.module changed
06-26 11:31:28.144 480 576 I SystemServerTimingAsync: InitThreadPoolExec:Update app-ops uidState in case package com.android.systemui changed
06-26 11:31:28.144 480 521 D SystemServerInitThreadPool: Started executing Update app-ops uidState in case package com.android.providers.media.module changed
06-26 11:31:28.144 480 529 D SystemServerInitThreadPool: Started executing Update app-ops uidState in case package com.tv.kuaisou changed
06-26 11:31:28.144 480 576 D SystemServerInitThreadPool: Started executing Update app-ops uidState in case package com.android.systemui changed
06-26 11:31:28.145 480 583 D SystemServerInitThreadPool: Finished executing Update app-ops uidState in case package com.dangbei.hqmedia changed
06-26 11:31:28.145 480 521 D SystemServerInitThreadPool: Finished executing Update app-ops uidState in case package com.android.providers.media.module changed
06-26 11:31:28.145 480 583 I SystemServerTimingAsync: InitThreadPoolExec:Update app-ops uidState in case package com.android.webview changed
06-26 11:31:28.145 480 521 I SystemServerTimingAsync: InitThreadPoolExec:Update app-ops uidState in case package com.android.tv changed
06-26 11:31:28.145 480 583 D SystemServerInitThreadPool: Started executing Update app-ops uidState in case package com.android.webview changed
06-26 11:31:28.145 480 521 D SystemServerInitThreadPool: Started executing Update app-ops uidState in case package com.android.tv changed
06-26 11:31:28.145 480 583 D SystemServerInitThreadPool: Finished executing Update app-ops uidState in case package com.android.webview changed
06-26 11:31:28.145 480 583 I SystemServerTimingAsync: InitThreadPoolExec:Update app-ops uidState in case package com.android.music changed
06-26 11:31:28.145 480 583 D SystemServerInitThreadPool: Started executing Update app-ops uidState in case package com.android.music changed
06-26 11:31:28.145 480 583 D SystemServerInitThreadPool: Finished executing Update app-ops uidState in case package com.android.music changed
06-26 11:31:28.145 480 583 I SystemServerTimingAsync: InitThreadPoolExec:Update app-ops uidState in case package com.dangbei.lerad.screensaver changed
06-26 11:31:28.145 480 583 D SystemServerInitThreadPool: Started executing Update app-ops uidState in case package com.dangbei.lerad.screensaver changed
06-26 11:31:28.145 480 583 D SystemServerInitThreadPool: Finished executing Update app-ops uidState in case package com.dangbei.lerad.screensaver changed
06-26 11:31:28.145 480 583 I SystemServerTimingAsync: InitThreadPoolExec:Update app-ops uidState in case package com.tv.filemanager.os changed
06-26 11:31:28.145 480 583 D SystemServerInitThreadPool: Started executing Update app-ops uidState in case package com.tv.filemanager.os changed
06-26 11:31:28.145 480 583 D SystemServerInitThreadPool: Finished executing Update app-ops uidState in case package com.tv.filemanager.os changed
06-26 11:31:28.145 480 583 I SystemServerTimingAsync: InitThreadPoolExec:Update app-ops uidState in case package com.sohu.inputmethod.sogou.tv changed
06-26 11:31:28.145 480 583 D SystemServerInitThreadPool: Started executing Update app-ops uidState in case package com.sohu.inputmethod.sogou.tv changed
06-26 11:31:28.145 480 583 D SystemServerInitThreadPool: Finished executing Update app-ops uidState in case package com.sohu.inputmethod.sogou.tv changed
06-26 11:31:28.145 480 583 I SystemServerTimingAsync: InitThreadPoolExec:Update app-ops uidState in case package com.dangbei.lerad.videoposter changed
06-26 11:31:28.145 480 583 D SystemServerInitThreadPool: Started executing Update app-ops uidState in case package com.dangbei.lerad.videoposter changed
06-26 11:31:28.145 480 583 D SystemServerInitThreadPool: Finished executing Update app-ops uidState in case package com.dangbei.lerad.videoposter changed
06-26 11:31:28.145 480 583 I SystemServerTimingAsync: InitThreadPoolExec:Update app-ops uidState in case package com.android.providers.contacts changed
06-26 11:31:28.145 480 583 D SystemServerInitThreadPool: Started executing Update app-ops uidState in case package com.android.providers.contacts changed
06-26 11:31:28.145 480 583 D SystemServerInitThreadPool: Finished executing Update app-ops uidState in case package com.android.providers.contacts changed
06-26 11:31:28.145 480 583 I SystemServerTimingAsync: InitThreadPoolExec:Update app-ops uidState in case package com.dangbei.hqguide changed
06-26 11:31:28.145 480 583 D SystemServerInitThreadPool: Started executing Update app-ops uidState in case package com.dangbei.hqguide changed
06-26 11:31:28.145 480 583 D SystemServerInitThreadPool: Finished executing Update app-ops uidState in case package com.dangbei.hqguide changed
06-26 11:31:28.145 480 583 I SystemServerTimingAsync: InitThreadPoolExec:Update app-ops uidState in case package com.android.providers.calendar changed
06-26 11:31:28.145 480 583 D SystemServerInitThreadPool: Started executing Update app-ops uidState in case package com.android.providers.calendar changed
06-26 11:31:28.146 480 583 D SystemServerInitThreadPool: Finished executing Update app-ops uidState in case package com.android.providers.calendar changed
06-26 11:31:28.146 480 583 I SystemServerTimingAsync: InitThreadPoolExec:Update app-ops uidState in case package com.android.providers.tv changed
06-26 11:31:28.146 480 583 D SystemServerInitThreadPool: Started executing Update app-ops uidState in case package com.android.providers.tv changed
06-26 11:31:28.146 480 583 D SystemServerInitThreadPool: Finished executing Update app-ops uidState in case package com.android.providers.tv changed
06-26 11:31:28.146 480 583 I SystemServerTimingAsync: InitThreadPoolExec:Update app-ops uidState in case package com.android.providers.media changed
06-26 11:31:28.146 480 583 D SystemServerInitThreadPool: Started executing Update app-ops uidState in case package com.android.providers.media changed
06-26 11:31:28.146 480 583 D SystemServerInitThreadPool: Finished executing Update app-ops uidState in case package com.android.providers.media changed
06-26 11:31:28.146 480 583 I SystemServerTimingAsync: InitThreadPoolExec:Update app-ops uidState in case package com.dangbei.screencast changed
06-26 11:31:28.146 480 583 D SystemServerInitThreadPool: Started executing Update app-ops uidState in case package com.dangbei.screencast changed
06-26 11:31:28.146 480 521 D SystemServerInitThreadPool: Finished executing Update app-ops uidState in case package com.android.tv changed
06-26 11:31:28.146 480 576 D SystemServerInitThreadPool: Finished executing Update app-ops uidState in case package com.android.systemui changed
06-26 11:31:28.146 480 529 D SystemServerInitThreadPool: Finished executing Update app-ops uidState in case package com.tv.kuaisou changed
06-26 11:31:28.146 480 583 D SystemServerInitThreadPool: Finished executing Update app-ops uidState in case package com.dangbei.screencast changed
06-26 11:31:28.146 480 529 I SystemServerTimingAsync: InitThreadPoolExec:Update app-ops uidState in case package com.android.tv.settings changed
06-26 11:31:28.146 480 529 D SystemServerInitThreadPool: Started executing Update app-ops uidState in case package com.android.tv.settings changed
06-26 11:31:28.146 480 576 I SystemServerTimingAsync: InitThreadPoolExec:Update app-ops uidState in case package com.dangbei.lerad.rocky changed
06-26 11:31:28.146 480 576 D SystemServerInitThreadPool: Started executing Update app-ops uidState in case package com.dangbei.lerad.rocky changed
06-26 11:31:28.146 480 529 D SystemServerInitThreadPool: Finished executing Update app-ops uidState in case package com.android.tv.settings changed
06-26 11:31:28.146 480 529 I SystemServerTimingAsync: InitThreadPoolExec:Update app-ops uidState in case package com.dangbei.zhushou.os changed
06-26 11:31:28.146 480 529 D SystemServerInitThreadPool: Started executing Update app-ops uidState in case package com.dangbei.zhushou.os changed
06-26 11:31:28.146 480 521 I SystemServerTimingAsync: InitThreadPoolExec:Update app-ops uidState in case package com.android.bluetooth changed
06-26 11:31:28.146 480 521 D SystemServerInitThreadPool: Started executing Update app-ops uidState in case package com.android.bluetooth changed
06-26 11:31:28.146 480 529 D SystemServerInitThreadPool: Finished executing Update app-ops uidState in case package com.dangbei.zhushou.os changed
06-26 11:31:28.146 480 529 I SystemServerTimingAsync: InitThreadPoolExec:Update app-ops uidState in case package com.oranth.ledstatus changed
06-26 11:31:28.146 480 576 D SystemServerInitThreadPool: Finished executing Update app-ops uidState in case package com.dangbei.lerad.rocky changed
06-26 11:31:28.146 480 529 D SystemServerInitThreadPool: Started executing Update app-ops uidState in case package com.oranth.ledstatus changed
06-26 11:31:28.146 480 576 I SystemServerTimingAsync: InitThreadPoolExec:Update app-ops uidState in case package android changed
06-26 11:31:28.147 480 529 D SystemServerInitThreadPool: Finished executing Update app-ops uidState in case package com.oranth.ledstatus changed
06-26 11:31:28.147 480 521 D SystemServerInitThreadPool: Finished executing Update app-ops uidState in case package com.android.bluetooth changed
06-26 11:31:28.147 480 529 I SystemServerTimingAsync: InitThreadPoolExec:Update app-ops uidState in case package com.dangbei.leard.leradlauncher changed
06-26 11:31:28.147 480 521 I SystemServerTimingAsync: InitThreadPoolExec:Update app-ops uidState in case package com.android.packageinstaller changed
06-26 11:31:28.147 480 529 D SystemServerInitThreadPool: Started executing Update app-ops uidState in case package com.dangbei.leard.leradlauncher changed
06-26 11:31:28.147 480 583 I SystemServerTimingAsync: InitThreadPoolExec:Update app-ops uidState in case package com.oranth.factory changed
06-26 11:31:28.147 480 583 D SystemServerInitThreadPool: Started executing Update app-ops uidState in case package com.oranth.factory changed
06-26 11:31:28.147 480 529 D SystemServerInitThreadPool: Finished executing Update app-ops uidState in case package com.dangbei.leard.leradlauncher changed
06-26 11:31:28.147 480 583 D SystemServerInitThreadPool: Finished executing Update app-ops uidState in case package com.oranth.factory changed
06-26 11:31:28.147 480 529 I SystemServerTimingAsync: InitThreadPoolExec:Update app-ops uidState in case package com.dangbei.lerad.etna.haqu changed
06-26 11:31:28.147 480 576 D SystemServerInitThreadPool: Started executing Update app-ops uidState in case package android changed
06-26 11:31:28.147 480 529 D SystemServerInitThreadPool: Started executing Update app-ops uidState in case package com.dangbei.lerad.etna.haqu changed
06-26 11:31:28.147 480 576 D SystemServerInitThreadPool: Finished executing Update app-ops uidState in case package android changed
06-26 11:31:28.147 480 529 D SystemServerInitThreadPool: Finished executing Update app-ops uidState in case package com.dangbei.lerad.etna.haqu changed
06-26 11:31:28.147 480 521 D SystemServerInitThreadPool: Started executing Update app-ops uidState in case package com.android.packageinstaller changed
06-26 11:31:28.147 480 521 D SystemServerInitThreadPool: Finished executing Update app-ops uidState in case package com.android.packageinstaller changed
06-26 11:31:28.147 480 576 I SystemServerTimingAsync: InitThreadPoolExec:Update app-ops uidState in case package com.dangbei.haqusetting changed
06-26 11:31:28.147 480 576 D SystemServerInitThreadPool: Started executing Update app-ops uidState in case package com.dangbei.haqusetting changed
06-26 11:31:28.147 480 576 D SystemServerInitThreadPool: Finished executing Update app-ops uidState in case package com.dangbei.haqusetting changed
06-26 11:31:28.147 480 583 I SystemServerTimingAsync: InitThreadPoolExec:Update app-ops uidState in case package com.oranth.powerwindow changed
06-26 11:31:28.147 480 583 D SystemServerInitThreadPool: Started executing Update app-ops uidState in case package com.oranth.powerwindow changed
06-26 11:31:28.147 480 583 D SystemServerInitThreadPool: Finished executing Update app-ops uidState in case package com.oranth.powerwindow changed
06-26 11:31:28.147 480 480 I SystemServerTiming: killProcesses
06-26 11:31:28.147 480 480 I ActivityManager: System now ready
06-26 11:31:28.148 480 480 I SystemServerTiming: updateTopComponentForFactoryTest
06-26 11:31:28.148 480 480 I SystemServerTiming: registerActivityLaunchObserver
06-26 11:31:28.148 480 480 I SystemServerTiming: watchDeviceProvisioning
06-26 11:31:28.155 480 480 I SystemServerTiming: retrieveSettings
06-26 11:31:28.158 480 480 I ActivityTaskManager: Config changes=10000000 {1.0 ?mcc?mnc [zh_CN] ldltr sw720dp w1280dp h696dp 240dpi xlrg long land television -touch qwerty/v/v dpad/v winConfig={ mBounds=Rect(0, 0 - 1920, 1080) mAppBounds=Rect(0, 0 - 1920, 1080) mMaxBounds=Rect(0, 0 - 1920, 1080) mWindowingMode=fullscreen mDisplayWindowingMode=fullscreen mActivityType=undefined mAlwaysOnTop=undefined mRotation=ROTATION_0} s.6 fontWeightAdjustment=0}
