06-26 11:31:29.685 480 724 D ReflectedParamUpdater: extent() != 1 for single value type: algo.buffers.allocator-ids.values
06-26 11:31:29.685 480 724 D ReflectedParamUpdater: extent() != 1 for single value type: output.buffers.pool-ids.values
06-26 11:31:29.686 480 724 D ReflectedParamUpdater: extent() != 1 for single value type: algo.buffers.pool-ids.values
06-26 11:31:29.687 480 725 D ReflectedParamUpdater: extent() != 1 for single value type: algo.buffers.max-count.values
06-26 11:31:29.688 301 327 E HWComposer: getSupportedContentTypes: getSupportedContentTypes failed for display 0: Unsupported (8)
06-26 11:31:29.691 480 725 D ReflectedParamUpdater: extent() != 1 for single value type: output.subscribed-indices.values
06-26 11:31:29.691 480 725 D ReflectedParamUpdater: extent() != 1 for single value type: input.buffers.allocator-ids.values
06-26 11:31:29.691 480 724 I CCodecConfig: query failed after returning 7 values (BAD_INDEX)
06-26 11:31:29.691 480 725 D ReflectedParamUpdater: extent() != 1 for single value type: output.buffers.allocator-ids.values
06-26 11:31:29.691 480 725 D ReflectedParamUpdater: extent() != 1 for single value type: algo.buffers.allocator-ids.values
06-26 11:31:29.691 480 724 D CCodecConfig: c2 config diff is Dict {
06-26 11:31:29.691 480 724 D CCodecConfig: c2::u32 coded.bitrate.value = 64000
06-26 11:31:29.691 480 724 D CCodecConfig: c2::u32 input.buffers.max-size.value = 32768
06-26 11:31:29.691 480 724 D CCodecConfig: c2::u32 input.delay.value = 0
06-26 11:31:29.691 480 724 D CCodecConfig: string input.media-type.value = "audio/vorbis"
06-26 11:31:29.691 480 724 D CCodecConfig: string output.media-type.value = "audio/raw"
06-26 11:31:29.691 480 724 D CCodecConfig: c2::u32 raw.channel-count.value = 1
06-26 11:31:29.691 480 724 D CCodecConfig: c2::u32 raw.sample-rate.value = 48000
06-26 11:31:29.691 480 724 D CCodecConfig: }
06-26 11:31:29.692 480 725 D ReflectedParamUpdater: extent() != 1 for single value type: output.buffers.pool-ids.values
06-26 11:31:29.692 480 725 D ReflectedParamUpdater: extent() != 1 for single value type: algo.buffers.pool-ids.values
06-26 11:31:29.697 480 724 D CCodec : [c2.android.vorbis.decoder] buffers are bound to CCodec for this session
06-26 11:31:29.697 824 917 I CCodec : Created component [c2.android.vorbis.decoder]
06-26 11:31:29.697 480 724 D CCodecConfig: no c2 equivalents for durationUs
06-26 11:31:29.697 480 724 D CCodecConfig: no c2 equivalents for track-id
06-26 11:31:29.697 480 724 D CCodecConfig: no c2 equivalents for csd-1
06-26 11:31:29.697 480 724 D CCodecConfig: no c2 equivalents for channel-mask
06-26 11:31:29.697 480 724 D CCodecConfig: no c2 equivalents for flags
06-26 11:31:29.698 480 725 I CCodecConfig: query failed after returning 7 values (BAD_INDEX)
06-26 11:31:29.698 480 725 D CCodecConfig: c2 config diff is Dict {
06-26 11:31:29.698 480 725 D CCodecConfig: c2::u32 coded.bitrate.value = 64000
06-26 11:31:29.698 480 725 D CCodecConfig: c2::u32 input.buffers.max-size.value = 32768
06-26 11:31:29.698 480 725 D CCodecConfig: c2::u32 input.delay.value = 0
06-26 11:31:29.698 480 725 D CCodecConfig: string input.media-type.value = "audio/vorbis"
06-26 11:31:29.698 480 725 D CCodecConfig: string output.media-type.value = "audio/raw"
06-26 11:31:29.698 480 725 D CCodecConfig: c2::u32 raw.channel-count.value = 1
06-26 11:31:29.698 480 725 D CCodecConfig: c2::u32 raw.sample-rate.value = 48000
06-26 11:31:29.698 480 725 D CCodecConfig: }
06-26 11:31:29.698 824 917 D CCodecConfig: read media type: audio/vorbis
06-26 11:31:29.700 480 725 D CCodec : [c2.android.vorbis.decoder] buffers are bound to CCodec for this session
06-26 11:31:29.700 480 725 D CCodecConfig: no c2 equivalents for durationUs
06-26 11:31:29.701 480 725 D CCodecConfig: no c2 equivalents for track-id
06-26 11:31:29.701 480 725 D CCodecConfig: no c2 equivalents for csd-1
06-26 11:31:29.701 480 725 D CCodecConfig: no c2 equivalents for channel-mask
06-26 11:31:29.701 480 725 D CCodecConfig: no c2 equivalents for flags
06-26 11:31:29.701 186 186 I hwservicemanager: getTransport: Cannot find entry android.hardware.graphics.mapper@4.0::IMapper/default in either framework or device VINTF manifest.
06-26 11:31:29.701 824 932 I Gralloc4: mapper 4.x is not supported
06-26 11:31:29.702 480 725 D CCodecConfig: c2 config diff is c2::u32 raw.channel-count.value = 2
06-26 11:31:29.702 480 725 D CCodecConfig: c2::u32 raw.sample-rate.value = 44100
06-26 11:31:29.703 186 186 I hwservicemanager: getTransport: Cannot find entry android.hardware.graphics.mapper@3.0::IMapper/default in either framework or device VINTF manifest.
06-26 11:31:29.703 480 724 D CCodecConfig: c2 config diff is c2::u32 raw.channel-count.value = 2
06-26 11:31:29.703 480 724 D CCodecConfig: c2::u32 raw.sample-rate.value = 44100
06-26 11:31:29.703 480 725 W Codec2Client: query -- param skipped: index = 1107298332.
06-26 11:31:29.703 480 725 D CCodec : setup formats input: AMessage(what = 0x00000000) = {
06-26 11:31:29.703 480 725 D CCodec : int32_t bitrate = 64000
06-26 11:31:29.703 480 725 D CCodec : int32_t channel-count = 2
06-26 11:31:29.703 480 725 D CCodec : int32_t max-input-size = 32768
06-26 11:31:29.703 480 725 D CCodec : string mime = "audio/vorbis"
06-26 11:31:29.703 480 725 D CCodec : int32_t sample-rate = 44100
06-26 11:31:29.703 480 725 D CCodec : }
06-26 11:31:29.704 824 932 W Gralloc3: mapper 3.x is not supported
06-26 11:31:29.704 480 725 D CCodec : setup formats output: AMessage(what = 0x00000000) = {
06-26 11:31:29.704 480 725 D CCodec : int32_t channel-count = 2
06-26 11:31:29.704 480 725 D CCodec : string mime = "audio/raw"
06-26 11:31:29.704 480 725 D CCodec : int32_t sample-rate = 44100
06-26 11:31:29.704 480 725 D CCodec : int32_t channel-mask = 3
06-26 11:31:29.704 480 725 D CCodec : }
06-26 11:31:29.704 480 725 I CCodecConfig: query failed after returning 7 values (BAD_INDEX)
06-26 11:31:29.704 480 724 W Codec2Client: query -- param skipped: index = 1107298332.
06-26 11:31:29.704 480 724 D CCodec : setup formats input: AMessage(what = 0x00000000) = {
06-26 11:31:29.704 480 724 D CCodec : int32_t bitrate = 64000
06-26 11:31:29.704 480 724 D CCodec : int32_t channel-count = 2
06-26 11:31:29.704 480 724 D CCodec : int32_t max-input-size = 32768
06-26 11:31:29.704 480 724 D CCodec : string mime = "audio/vorbis"
06-26 11:31:29.704 480 724 D CCodec : int32_t sample-rate = 44100
06-26 11:31:29.704 480 724 D CCodec : }
06-26 11:31:29.704 480 724 D CCodec : setup formats output: AMessage(what = 0x00000000) = {
06-26 11:31:29.704 480 724 D CCodec : int32_t channel-count = 2
06-26 11:31:29.704 480 724 D CCodec : string mime = "audio/raw"
06-26 11:31:29.704 480 724 D CCodec : int32_t sample-rate = 44100
06-26 11:31:29.704 480 724 D CCodec : int32_t channel-mask = 3
06-26 11:31:29.704 480 724 D CCodec : }
06-26 11:31:29.704 824 917 D ReflectedParamUpdater: extent() != 1 for single value type: algo.buffers.max-count.values
06-26 11:31:29.705 824 917 D ReflectedParamUpdater: extent() != 1 for single value type: output.subscribed-indices.values
06-26 11:31:29.705 824 917 D ReflectedParamUpdater: extent() != 1 for single value type: input.buffers.allocator-ids.values
06-26 11:31:29.705 824 917 D ReflectedParamUpdater: extent() != 1 for single value type: output.buffers.allocator-ids.values
06-26 11:31:29.705 824 917 D ReflectedParamUpdater: extent() != 1 for single value type: algo.buffers.allocator-ids.values
06-26 11:31:29.706 824 917 D ReflectedParamUpdater: extent() != 1 for single value type: output.buffers.pool-ids.values
06-26 11:31:29.706 824 917 D ReflectedParamUpdater: extent() != 1 for single value type: algo.buffers.pool-ids.values
06-26 11:31:29.706 480 724 I CCodecConfig: query failed after returning 7 values (BAD_INDEX)
06-26 11:31:29.708 480 724 W Codec2Client: query -- param skipped: index = 1342179345.
06-26 11:31:29.708 480 724 W Codec2Client: query -- param skipped: index = 2415921170.
06-26 11:31:29.709 480 724 D C2Store : Using ION
06-26 11:31:29.710 480 724 D CCodecBufferChannel: [c2.android.vorbis.decoder#995] Created input block pool with allocatorID 16 => poolID 17 - OK (0)
06-26 11:31:29.711 480 725 W Codec2Client: query -- param skipped: index = 1342179345.
06-26 11:31:29.711 480 725 W Codec2Client: query -- param skipped: index = 2415921170.
06-26 11:31:29.711 397 850 D C2Store : Using ION
06-26 11:31:29.712 480 725 D CCodecBufferChannel: [c2.android.vorbis.decoder#558] Created input block pool with allocatorID 16 => poolID 18 - OK (0)
06-26 11:31:29.712 480 724 I CCodecBufferChannel: [c2.android.vorbis.decoder#995] Created output block pool with allocatorID 16 => poolID 17 - OK
06-26 11:31:29.713 480 724 D CCodecBufferChannel: [c2.android.vorbis.decoder#995] Configured output block pool ids 17 => OK
06-26 11:31:29.714 480 724 E ion : ioctl c0044901 failed with code -1: Inappropriate ioctl for device
06-26 11:31:29.714 824 932 E gralloc : Arm Module v1.0
06-26 11:31:29.715 480 725 I CCodecBufferChannel: [c2.android.vorbis.decoder#558] Created output block pool with allocatorID 16 => poolID 18 - OK
06-26 11:31:29.715 824 917 I CCodecConfig: query failed after returning 7 values (BAD_INDEX)
06-26 11:31:29.715 480 725 D CCodecBufferChannel: [c2.android.vorbis.decoder#558] Configured output block pool ids 18 => OK
06-26 11:31:29.715 824 917 D CCodecConfig: c2 config diff is Dict {
06-26 11:31:29.715 824 917 D CCodecConfig: c2::u32 coded.bitrate.value = 64000
06-26 11:31:29.715 824 917 D CCodecConfig: c2::u32 input.buffers.max-size.value = 32768
06-26 11:31:29.715 824 917 D CCodecConfig: c2::u32 input.delay.value = 0
06-26 11:31:29.715 824 917 D CCodecConfig: string input.media-type.value = "audio/vorbis"
06-26 11:31:29.715 824 917 D CCodecConfig: string output.media-type.value = "audio/raw"
06-26 11:31:29.715 824 917 D CCodecConfig: c2::u32 raw.channel-count.value = 1
06-26 11:31:29.715 824 917 D CCodecConfig: c2::u32 raw.sample-rate.value = 48000
06-26 11:31:29.715 824 917 D CCodecConfig: }
06-26 11:31:29.717 397 926 D SimpleC2Component: Using output block pool with poolID 17 => got 17 - 0
06-26 11:31:29.718 824 917 D CCodec : [c2.android.vorbis.decoder] buffers are bound to CCodec for this session
06-26 11:31:29.718 824 917 D CCodecConfig: no c2 equivalents for durationUs
06-26 11:31:29.718 824 917 D CCodecConfig: no c2 equivalents for track-id
06-26 11:31:29.718 824 917 D CCodecConfig: no c2 equivalents for csd-1
06-26 11:31:29.718 824 917 D CCodecConfig: no c2 equivalents for channel-mask
06-26 11:31:29.719 824 917 D CCodecConfig: no c2 equivalents for flags
06-26 11:31:29.680 852 852 V GraphicsEnvironment: Neither updatable production driver nor prerelease driver is supported.
06-26 11:31:29.721 186 186 I hwservicemanager: getTransport: Cannot find entry android.hardware.graphics.allocator@4.0::IAllocator/default in either framework or device VINTF manifest.
06-26 11:31:29.722 824 932 W Gralloc4: allocator 4.x is not supported
06-26 11:31:29.722 824 917 D CCodecConfig: c2 config diff is c2::u32 coded.bitrate.value = 224000
06-26 11:31:29.722 824 917 D CCodecConfig: c2::u32 raw.channel-count.value = 2
06-26 11:31:29.723 186 186 I hwservicemanager: getTransport: Cannot find entry android.hardware.graphics.allocator@3.0::IAllocator/default in either framework or device VINTF manifest.
06-26 11:31:29.724 824 917 W Codec2Client: query -- param skipped: index = 1107298332.
06-26 11:31:29.724 824 917 D CCodec : setup formats input: AMessage(what = 0x00000000) = {
06-26 11:31:29.724 824 917 D CCodec : int32_t bitrate = 224000
06-26 11:31:29.724 824 917 D CCodec : int32_t channel-count = 2
06-26 11:31:29.724 824 917 D CCodec : int32_t max-input-size = 32768
06-26 11:31:29.724 824 917 D CCodec : string mime = "audio/vorbis"
06-26 11:31:29.724 824 917 D CCodec : int32_t sample-rate = 48000
06-26 11:31:29.724 824 917 D CCodec : }
06-26 11:31:29.724 824 917 D CCodec : setup formats output: AMessage(what = 0x00000000) = {
06-26 11:31:29.724 824 917 D CCodec : int32_t channel-count = 2
06-26 11:31:29.724 824 917 D CCodec : string mime = "audio/raw"
06-26 11:31:29.724 824 917 D CCodec : int32_t sample-rate = 48000
06-26 11:31:29.724 824 917 D CCodec : int32_t channel-mask = 3
06-26 11:31:29.724 824 917 D CCodec : }
06-26 11:31:29.724 824 917 I CCodecConfig: query failed after returning 7 values (BAD_INDEX)
06-26 11:31:29.725 397 925 D SimpleC2Component: Using output block pool with poolID 18 => got 18 - 0
06-26 11:31:29.725 681 681 W SystemServiceRegistry: No service published for: fingerprint
06-26 11:31:29.727 824 932 W Gralloc3: allocator 3.x is not supported
06-26 11:31:29.727 397 883 E ion : ioctl c0044901 failed with code -1: Inappropriate ioctl for device
06-26 11:31:29.728 852 852 D NetworkSecurityConfig: No Network Security Config specified, using platform default
06-26 11:31:29.730 480 504 W ActivityManager: Unable to start service Intent { cmp=com.oranth.ledstatus/.LedStatusService } U=0: not found
06-26 11:31:29.730 480 503 W ActivityManager: Unable to start service Intent { cmp=com.oranth.storage/.MainService } U=0: not found
06-26 11:31:29.731 681 681 W SystemServiceRegistry: No service published for: face
06-26 11:31:29.736 852 852 D NetworkSecurityConfig: No Network Security Config specified, using platform default
06-26 11:31:29.744 262 299 I gralloc : alloc buffer:W:1920 H:1080 S:1920 PL[1920 1080] SZ:8294400 fmt:1 if:0 af:1 usg:20000b00 fg:00000004
06-26 11:31:29.745 824 932 E ion : ioctl c0044901 failed with code -1: Inappropriate ioctl for device
06-26 11:31:29.747 824 917 W Codec2Client: query -- param skipped: index = 1342179345.
06-26 11:31:29.748 824 917 W Codec2Client: query -- param skipped: index = 2415921170.
06-26 11:31:29.749 824 917 D C2Store : Using ION
06-26 11:31:29.750 262 299 I gralloc : alloc buffer:W:1920 H:1080 S:1920 PL[1920 1080] SZ:8294400 fmt:1 if:0 af:1 usg:20000b00 fg:00000004
06-26 11:31:29.750 824 917 D CCodecBufferChannel: [c2.android.vorbis.decoder#445] Created input block pool with allocatorID 16 => poolID 17 - OK (0)
06-26 11:31:29.754 376 376 D incidentd: WorkDirectory::getReports
06-26 11:31:29.755 262 299 I gralloc : alloc buffer:W:1920 H:1080 S:1920 PL[1920 1080] SZ:8294400 fmt:1 if:0 af:1 usg:20000b00 fg:00000004
06-26 11:31:29.761 824 917 I CCodecBufferChannel: [c2.android.vorbis.decoder#445] Created output block pool with allocatorID 16 => poolID 19 - OK
06-26 11:31:29.762 824 917 D CCodecBufferChannel: [c2.android.vorbis.decoder#445] Configured output block pool ids 19 => OK
06-26 11:31:29.764 824 917 E ion : ioctl c0044901 failed with code -1: Inappropriate ioctl for device
06-26 11:31:29.764 480 524 W IorapForwardingService: No service published for: iorapd
06-26 11:31:29.769 397 938 D SimpleC2Component: Using output block pool with poolID 19 => got 19 - 0
06-26 11:31:29.789 480 480 W Looper : Slow dispatch took 220ms main h=android.app.ActivityThread$H c=android.app.LoadedApk$ReceiverDispatcher$Args$$ExternalSyntheticLambda0@4563aae m=0
06-26 11:31:29.797 269 269 I AW_PowerHAL: Power setMode: SUSTAINED_PERFORMANCE to: 0
06-26 11:31:29.798 269 269 I AW_PowerHAL: BootCompleted
06-26 11:31:29.800 480 525 I ActivityManagerTiming: FinishBooting
06-26 11:31:29.801 269 269 I AW_PowerHAL: cur-mode:SCHEDUTIL-Home
06-26 11:31:29.801 480 525 W KeyguardServiceDelegate: onScreenTurningOn(): no keyguard service!
06-26 11:31:29.845 480 480 D ConditionProviders.SCP: onSubscribe condition://android/schedule?days=1.2.3.4.5.6.7&start=22.0&end=7.0&exitAtAlarm=true
06-26 11:31:29.850 480 480 D ConditionProviders.SCP: setRegistered true
06-26 11:31:29.851 480 624 W ActivityThread: Failed to find provider info for com.android.calendar (user not unlocked)
06-26 11:31:29.855 480 624 W ActivityThread: Failed to find provider info for com.android.calendar (user not unlocked)
06-26 11:31:29.876 480 504 D NetworkStats: registerNetworkStatsProvider from BpfCoordinator uid/pid=1073/785
06-26 11:31:29.896 480 480 D ConditionProviders.SCP: evaluateSubscriptionLocked cal=ScheduleCalendar[mDays={1, 2, 3, 4, 5, 6, 7}, mSchedule=ScheduleInfo{days=[1, 2, 3, 4, 5, 6, 7], startHour=22, startMinute=0, endHour=7, endMinute=0, exitAtAlarm=true, nextAlarm=Thu Jan 01 08:00:00 GMT+08:00 1970 (0)}], now=Thu Jun 26 11:31:29 GMT+08:00 2025 (1750908689850), nextUserAlarmTime=Thu Jan 01 08:00:00 GMT+08:00 1970 (0)
06-26 11:31:29.897 480 480 D ConditionProviders.SCP: notifyCondition condition://android/schedule?days=1.2.3.4.5.6.7&start=22.0&end=7.0&exitAtAlarm=true STATE_FALSE reason=!meetsSchedule
06-26 11:31:29.901 480 504 D CompatibilityChangeReporter: Compat change id reported: 157233955; UID 10067; state: ENABLED
06-26 11:31:29.915 480 480 D ConditionProviders.SCP: Scheduling evaluate for Thu Jun 26 22:00:00 GMT+08:00 2025 (1750946400000), in +10h28m30s150ms, now=Thu Jun 26 11:31:29 GMT+08:00 2025 (1750908689850)
06-26 11:31:29.927 785 785 D CompatibilityChangeReporter: Compat change id reported: 147600208; UID 1073; state: ENABLED
06-26 11:31:29.929 480 503 D CompatibilityChangeReporter: Compat change id reported: 182478738; UID 1073; state: DISABLED
06-26 11:31:29.937 480 480 I ConnectivityModuleConnector: Networking module service connected
06-26 11:31:29.937 480 480 I ConnectivityModuleConnector: Networking module service connected
06-26 11:31:29.937 480 480 I NetworkStackClient: Network stack service connected
06-26 11:31:29.943 785 785 V WifiManager: registerSoftApCallback: callback=com.android.networkstack.tethering.Tethering$TetheringSoftApCallback@5a4bf83, executor=com.android.networkstack.tethering.Tethering$TetheringThreadExecutor@bd1a500
06-26 11:31:29.947 480 611 D ApConfigUtil: Update Softap capability, add client control feature support
06-26 11:31:29.947 480 611 D ApConfigUtil: Update Softap capability, add MAC customization support
06-26 11:31:29.947 480 611 D ApConfigUtil: Update Softap capability, add 2.4G support
06-26 11:31:29.947 480 611 D ApConfigUtil: Update Softap capability, max client = 16
06-26 11:31:29.950 480 503 D ConnectivityService: requestNetwork for uid/pid:1073/785 activeRequest: null callbackRequest: 21 [NetworkRequest [ TRACK_SYSTEM_DEFAULT id=21, [ Capabilities: INTERNET&NOT_RESTRICTED&TRUSTED&NOT_VPN&NOT_VCN_MANAGED RequestorUid: 1073 RequestorPkg: com.android.networkstack.tethering] ]] callback flags: 0 priority: 2147483647
06-26 11:31:29.951 272 272 D hdmi-cec: cec physical address: 1.0.0.0
06-26 11:31:29.951 785 813 V WifiManager: SoftApCallbackProxy: send InfoChanged, newInfo: SoftApInfo{bandwidth= 0, frequency= 0, wifiStandard= 0, mApInstanceIdentifier= null, mIdleShutdownTimeoutMillis= 0}
06-26 11:31:29.952 272 272 D hdmi-cec: cec physical address: 1.0.0.0
06-26 11:31:29.952 480 618 D ConnectivityService: NetReassign [no changes]
06-26 11:31:29.952 272 272 D hdmi-cec: cec physical address: 1.0.0.0
06-26 11:31:29.953 272 272 D hdmi-cec: addLogicalAddress (4)
06-26 11:31:29.954 785 813 V WifiManager: SoftApCallbackProxy: send InfoChanged, changedInfoList: []
06-26 11:31:29.954 785 813 V WifiManager: SoftApCallbackProxy: send onConnectedClientsChanged(clients): []
06-26 11:31:29.955 272 272 D hdmi-cec: cec physical address: 1.0.0.0
06-26 11:31:29.983 399 399 I update_engine: [INFO:cleanup_previous_update_action.cc(112)] Executing task 5
06-26 11:31:29.985 399 399 I update_engine: [INFO:cleanup_previous_update_action.cc(124)] CleanupPreviousUpdateAction scheduled task ID 6 for WaitBootCompleted
06-26 11:31:29.985 824 917 I hw-BpHwBinder: onLastStrongRef automatically unlinking death recipients
06-26 11:31:29.986 397 927 I hw-BpHwBinder: onLastStrongRef automatically unlinking death recipients
06-26 11:31:30.010 681 681 D MediaResumeListener: loaded resume components []
06-26 11:31:30.017 681 681 D LocalBluetoothProfileManager: LocalBluetoothProfileManager construction complete
06-26 11:31:30.017 681 681 D LocalBluetoothProfileManager: supportedList is null
06-26 11:31:30.020 824 904 D MediaCodecList: codecHandlesFormat: no format, so no extra checks
06-26 11:31:30.026 824 952 D CCodec : allocate(c2.android.vorbis.decoder)
06-26 11:31:30.029 824 952 I CCodec : Created component [c2.android.vorbis.decoder]
06-26 11:31:30.030 824 952 D CCodecConfig: read media type: audio/vorbis
06-26 11:31:30.035 824 952 D ReflectedParamUpdater: extent() != 1 for single value type: algo.buffers.max-count.values
06-26 11:31:30.035 824 952 D ReflectedParamUpdater: extent() != 1 for single value type: output.subscribed-indices.values
06-26 11:31:30.035 824 952 D ReflectedParamUpdater: extent() != 1 for single value type: input.buffers.allocator-ids.values
06-26 11:31:30.035 824 952 D ReflectedParamUpdater: extent() != 1 for single value type: output.buffers.allocator-ids.values
06-26 11:31:30.036 824 952 D ReflectedParamUpdater: extent() != 1 for single value type: algo.buffers.allocator-ids.values
06-26 11:31:30.036 824 952 D ReflectedParamUpdater: extent() != 1 for single value type: output.buffers.pool-ids.values
06-26 11:31:30.037 824 952 D ReflectedParamUpdater: extent() != 1 for single value type: algo.buffers.pool-ids.values
06-26 11:31:30.040 824 952 I CCodecConfig: query failed after returning 7 values (BAD_INDEX)
06-26 11:31:30.040 824 952 D CCodecConfig: c2 config diff is Dict {
06-26 11:31:30.040 824 952 D CCodecConfig: c2::u32 coded.bitrate.value = 64000
06-26 11:31:30.040 824 952 D CCodecConfig: c2::u32 input.buffers.max-size.value = 32768
06-26 11:31:30.040 824 952 D CCodecConfig: c2::u32 input.delay.value = 0
06-26 11:31:30.040 824 952 D CCodecConfig: string input.media-type.value = "audio/vorbis"
06-26 11:31:30.040 824 952 D CCodecConfig: string output.media-type.value = "audio/raw"
06-26 11:31:30.040 824 952 D CCodecConfig: c2::u32 raw.channel-count.value = 1
06-26 11:31:30.040 824 952 D CCodecConfig: c2::u32 raw.sample-rate.value = 48000
06-26 11:31:30.040 824 952 D CCodecConfig: }
06-26 11:31:30.042 824 952 D CCodec : [c2.android.vorbis.decoder] buffers are bound to CCodec for this session
06-26 11:31:30.042 824 952 D CCodecConfig: no c2 equivalents for durationUs
06-26 11:31:30.042 824 952 D CCodecConfig: no c2 equivalents for track-id
06-26 11:31:30.042 824 952 D CCodecConfig: no c2 equivalents for csd-1
06-26 11:31:30.042 824 952 D CCodecConfig: no c2 equivalents for channel-mask
06-26 11:31:30.042 824 952 D CCodecConfig: no c2 equivalents for flags
06-26 11:31:30.043 824 952 D CCodecConfig: c2 config diff is c2::u32 coded.bitrate.value = 224000
06-26 11:31:30.043 824 952 D CCodecConfig: c2::u32 raw.channel-count.value = 2
06-26 11:31:30.045 824 952 W Codec2Client: query -- param skipped: index = 1107298332.
06-26 11:31:30.045 824 952 D CCodec : setup formats input: AMessage(what = 0x00000000) = {
06-26 11:31:30.045 824 952 D CCodec : int32_t bitrate = 224000
06-26 11:31:30.045 824 952 D CCodec : int32_t channel-count = 2
06-26 11:31:30.045 824 952 D CCodec : int32_t max-input-size = 32768
06-26 11:31:30.045 824 952 D CCodec : string mime = "audio/vorbis"
06-26 11:31:30.045 824 952 D CCodec : int32_t sample-rate = 48000
06-26 11:31:30.045 824 952 D CCodec : }
06-26 11:31:30.045 824 952 D CCodec : setup formats output: AMessage(what = 0x00000000) = {
06-26 11:31:30.045 824 952 D CCodec : int32_t channel-count = 2
06-26 11:31:30.045 824 952 D CCodec : string mime = "audio/raw"
06-26 11:31:30.045 824 952 D CCodec : int32_t sample-rate = 48000
06-26 11:31:30.045 824 952 D CCodec : int32_t channel-mask = 3
06-26 11:31:30.045 824 952 D CCodec : }
06-26 11:31:30.045 824 952 I CCodecConfig: query failed after returning 7 values (BAD_INDEX)
06-26 11:31:30.046 824 952 W Codec2Client: query -- param skipped: index = 1342179345.
06-26 11:31:30.046 824 952 W Codec2Client: query -- param skipped: index = 2415921170.
06-26 11:31:30.047 824 952 D CCodecBufferChannel: [c2.android.vorbis.decoder#557] Created input block pool with allocatorID 16 => poolID 18 - OK (0)
06-26 11:31:30.049 824 952 I CCodecBufferChannel: [c2.android.vorbis.decoder#557] Created output block pool with allocatorID 16 => poolID 20 - OK
06-26 11:31:30.050 824 952 D CCodecBufferChannel: [c2.android.vorbis.decoder#557] Configured output block pool ids 20 => OK
06-26 11:31:30.055 397 953 D SimpleC2Component: Using output block pool with poolID 20 => got 20 - 0
06-26 11:31:30.113 681 681 W AlarmManager: Unrecognized alarm listener com.android.systemui.keyguard.KeyguardSliceProvider$$ExternalSyntheticLambda0@57c7a85
06-26 11:31:30.116 272 272 I EventThread: type=1400 audit(0.0:366): avc: denied { search } for name="extcon" dev="sysfs" ino=18109 scontext=u:r:hal_tv_cec_default:s0 tcontext=u:object_r:sysfs_extcon:s0 tclass=dir permissive=1
06-26 11:31:30.124 331 331 I rainbow_flow: type=1400 audit(0.0:367): avc: denied { ioctl } for path="/dev/spidev1.0" dev="tmpfs" ino=6711 ioctlcmd=0x6b00 scontext=u:r:init:s0 tcontext=u:object_r:device:s0 tclass=chr_file permissive=1
06-26 11:31:30.137 480 480 W Looper : Slow dispatch took 185ms main h=android.os.Handler c=com.android.server.hdmi.WorkSourceUidPreservingRunnable@7172363 m=0
06-26 11:31:30.147 480 480 D AutofillManagerService: Restriction did not change for user 0
06-26 11:31:30.148 480 480 D BluetoothManagerService: BluetoothServiceConnection: com.android.bluetooth.btservice.AdapterService
06-26 11:31:30.149 480 524 D BluetoothManagerService: MESSAGE_BLUETOOTH_SERVICE_CONNECTED: 1
06-26 11:31:30.166 480 524 D BluetoothManagerService: Broadcasting onBluetoothServiceUp() to 3 receivers.
06-26 11:31:30.167 480 524 D BluetoothAdapter: onBluetoothServiceUp: android.bluetooth.IBluetooth$Stub$Proxy@7192cea
06-26 11:31:30.168 681 898 D BluetoothAdapter: onBluetoothServiceUp: android.bluetooth.IBluetooth$Stub$Proxy@7c8590b
06-26 11:31:30.171 668 701 D BluetoothAdapter: onBluetoothServiceUp: com.android.bluetooth.btservice.AdapterService$AdapterServiceBinder@59120ad
06-26 11:31:30.173 668 682 D BluetoothAdapterService: enable() - Enable called with quiet mode status = false
06-26 11:31:30.173 668 828 I AdapterState: BLE_TURNING_ON : entered
06-26 11:31:30.173 668 828 D AdapterProperties: Setting state to BLE_TURNING_ON
06-26 11:31:30.175 668 828 D BluetoothAdapterService: updateAdapterState() - Broadcasting state BLE_TURNING_ON to 1 receivers.
06-26 11:31:30.175 480 480 I ExplicitHealthCheckController: Explicit health check service is connected ComponentInfo{android.ext.services/android.ext.services.watchdog.ExplicitHealthCheckServiceImpl}
06-26 11:31:30.180 480 524 D BluetoothManagerService: MESSAGE_BLUETOOTH_STATE_CHANGE: OFF > BLE_TURNING_ON
06-26 11:31:30.182 668 828 D BluetoothAdapterService: bleOnProcessStart()
06-26 11:31:30.183 668 828 I AdapterProperties: init(), maxConnectedAudioDevices, default=5, propertyOverlayed=5, finalValue=5
06-26 11:31:30.188 668 828 D BluetoothAdapterService: bleOnProcessStart() - Make Bond State Machine
06-26 11:31:30.189 668 828 D BluetoothBondStateMachine: make
06-26 11:31:30.191 480 524 D BluetoothManagerService: Sending BLE State Change: OFF > BLE_TURNING_ON
06-26 11:31:30.191 480 480 I ExplicitHealthCheckController: Service initialized, syncing requests
06-26 11:31:30.200 480 725 D CCodecBufferChannel: [c2.android.vorbis.decoder#558] MediaCodec discarded an unknown buffer
06-26 11:31:30.200 480 725 D CCodecBufferChannel: [c2.android.vorbis.decoder#558] MediaCodec discarded an unknown buffer
06-26 11:31:30.207 480 725 I hw-BpHwBinder: onLastStrongRef automatically unlinking death recipients
06-26 11:31:30.214 824 952 D CCodecBufferChannel: [c2.android.vorbis.decoder#557] MediaCodec discarded an unknown buffer
06-26 11:31:30.216 480 480 V NotificationAssistants: 0 notification assistant service connected: ComponentInfo{android.ext.services/android.ext.services.notification.Assistant}
06-26 11:31:30.217 480 480 I ConnectivityModuleConnector: Networking module service connected
06-26 11:31:30.217 480 480 I ConnectivityModuleConnector: Networking module service connected
06-26 11:31:30.220 480 480 I PackageWatchdog: Syncing health check requests for packages: {}
06-26 11:31:30.220 824 957 I hw-BpHwBinder: onLastStrongRef automatically unlinking death recipients
06-26 11:31:30.220 480 480 D ExplicitHealthCheckController: Getting health check supported packages
06-26 11:31:30.221 397 927 I hw-BpHwBinder: onLastStrongRef automatically unlinking death recipients
06-26 11:31:30.235 480 584 I ExplicitHealthCheckController: Explicit health check supported packages [PackageConfig{com.android.networkstack, 86400000}]
06-26 11:31:30.236 480 584 D PackageWatchdog: Received supported packages [PackageConfig{com.android.networkstack, 86400000}]
06-26 11:31:30.237 480 584 D ExplicitHealthCheckController: Getting health check requested packages
06-26 11:31:30.237 668 955 I BluetoothBondStateMachine: StableState(): Entering Off State
06-26 11:31:30.238 681 681 V SystemUIService: SystemUIApplication created.
06-26 11:31:30.239 681 681 D SystemUIService: is homlet
06-26 11:31:30.240 681 681 I SystemUIService: Found SurfaceFlinger's GPU Priority: 12545
06-26 11:31:30.245 480 662 I ExplicitHealthCheckController: Explicit health check requested packages []
06-26 11:31:30.246 480 662 I ExplicitHealthCheckController: No more health check requests, unbinding...
06-26 11:31:30.246 668 668 I BtGatt.JNI: classInitNative(L1073): classInitNative: Success!
06-26 11:31:30.249 668 668 D BtGatt.DebugUtils: handleDebugAction() action=null
06-26 11:31:30.253 480 662 I ExplicitHealthCheckController: Explicit health check service is unbound
06-26 11:31:30.255 480 718 D MediaCodecList: codecHandlesFormat: no format, so no extra checks
06-26 11:31:30.258 480 963 D CCodec : allocate(c2.android.vorbis.decoder)
06-26 11:31:30.262 480 963 I CCodec : Created component [c2.android.vorbis.decoder]
06-26 11:31:30.263 480 963 D CCodecConfig: read media type: audio/vorbis
06-26 11:31:30.265 668 668 I bt_btif : system/bt/btif/src/bluetooth.cc:417 get_profile_interface: get_profile_interface: id = gatt
06-26 11:31:30.267 480 963 D ReflectedParamUpdater: extent() != 1 for single value type: algo.buffers.max-count.values
06-26 11:31:30.267 480 963 D ReflectedParamUpdater: extent() != 1 for single value type: output.subscribed-indices.values
06-26 11:31:30.267 480 963 D ReflectedParamUpdater: extent() != 1 for single value type: input.buffers.allocator-ids.values
06-26 11:31:30.268 480 963 D ReflectedParamUpdater: extent() != 1 for single value type: output.buffers.allocator-ids.values
06-26 11:31:30.268 480 963 D ReflectedParamUpdater: extent() != 1 for single value type: algo.buffers.allocator-ids.values
06-26 11:31:30.268 480 963 D ReflectedParamUpdater: extent() != 1 for single value type: output.buffers.pool-ids.values
06-26 11:31:30.268 480 963 D ReflectedParamUpdater: extent() != 1 for single value type: algo.buffers.pool-ids.values
06-26 11:31:30.271 480 963 I CCodecConfig: query failed after returning 7 values (BAD_INDEX)
06-26 11:31:30.272 480 963 D CCodecConfig: c2 config diff is Dict {
06-26 11:31:30.272 480 963 D CCodecConfig: c2::u32 coded.bitrate.value = 64000
06-26 11:31:30.272 480 963 D CCodecConfig: c2::u32 input.buffers.max-size.value = 32768
06-26 11:31:30.272 480 963 D CCodecConfig: c2::u32 input.delay.value = 0
06-26 11:31:30.272 480 963 D CCodecConfig: string input.media-type.value = "audio/vorbis"
06-26 11:31:30.272 480 963 D CCodecConfig: string output.media-type.value = "audio/raw"
06-26 11:31:30.272 480 963 D CCodecConfig: c2::u32 raw.channel-count.value = 1
06-26 11:31:30.272 480 963 D CCodecConfig: c2::u32 raw.sample-rate.value = 48000
06-26 11:31:30.272 480 963 D CCodecConfig: }
06-26 11:31:30.275 480 963 D CCodec : [c2.android.vorbis.decoder] buffers are bound to CCodec for this session
06-26 11:31:30.275 480 963 D CCodecConfig: no c2 equivalents for durationUs
06-26 11:31:30.275 480 963 D CCodecConfig: no c2 equivalents for track-id
06-26 11:31:30.275 480 963 D CCodecConfig: no c2 equivalents for csd-1
06-26 11:31:30.276 480 963 D CCodecConfig: no c2 equivalents for channel-mask
06-26 11:31:30.276 480 963 D CCodecConfig: no c2 equivalents for flags
06-26 11:31:30.276 480 963 D CCodecConfig: c2 config diff is c2::u32 coded.bitrate.value = 499821
06-26 11:31:30.276 480 963 D CCodecConfig: c2::u32 raw.channel-count.value = 2
06-26 11:31:30.276 480 963 D CCodecConfig: c2::u32 raw.sample-rate.value = 44100
06-26 11:31:30.278 480 963 W Codec2Client: query -- param skipped: index = 1107298332.
06-26 11:31:30.278 480 963 D CCodec : setup formats input: AMessage(what = 0x00000000) = {
06-26 11:31:30.278 480 963 D CCodec : int32_t bitrate = 499821
06-26 11:31:30.278 480 963 D CCodec : int32_t channel-count = 2
06-26 11:31:30.278 480 963 D CCodec : int32_t max-input-size = 32768
06-26 11:31:30.278 480 963 D CCodec : string mime = "audio/vorbis"
06-26 11:31:30.278 480 963 D CCodec : int32_t sample-rate = 44100
06-26 11:31:30.278 480 963 D CCodec : }
06-26 11:31:30.278 480 963 D CCodec : setup formats output: AMessage(what = 0x00000000) = {
06-26 11:31:30.278 480 963 D CCodec : int32_t channel-count = 2
06-26 11:31:30.278 480 963 D CCodec : string mime = "audio/raw"
06-26 11:31:30.278 480 963 D CCodec : int32_t sample-rate = 44100
06-26 11:31:30.278 480 963 D CCodec : int32_t channel-mask = 3
06-26 11:31:30.278 480 963 D CCodec : }
06-26 11:31:30.279 480 963 I CCodecConfig: query failed after returning 7 values (BAD_INDEX)
06-26 11:31:30.279 480 963 W Codec2Client: query -- param skipped: index = 1342179345.
06-26 11:31:30.279 480 963 W Codec2Client: query -- param skipped: index = 2415921170.
06-26 11:31:30.280 668 668 D CompatibilityChangeReporter: Compat change id reported: 160794467; UID 1002; state: ENABLED
06-26 11:31:30.281 480 963 D CCodecBufferChannel: [c2.android.vorbis.decoder#65] Created input block pool with allocatorID 16 => poolID 19 - OK (0)
06-26 11:31:30.284 480 480 W Looper : Drained
06-26 11:31:30.284 480 963 I CCodecBufferChannel: [c2.android.vorbis.decoder#65] Created output block pool with allocatorID 16 => poolID 21 - OK
06-26 11:31:30.285 480 963 D CCodecBufferChannel: [c2.android.vorbis.decoder#65] Configured output block pool ids 21 => OK
06-26 11:31:30.287 480 724 D CCodecBufferChannel: [c2.android.vorbis.decoder#995] MediaCodec discarded an unknown buffer
06-26 11:31:30.288 480 724 D CCodecBufferChannel: [c2.android.vorbis.decoder#995] MediaCodec discarded an unknown buffer
06-26 11:31:30.288 397 964 D SimpleC2Component: Using output block pool with poolID 21 => got 21 - 0
06-26 11:31:30.300 480 724 I hw-BpHwBinder: onLastStrongRef automatically unlinking death recipients
06-26 11:31:30.331 480 719 D MediaCodecList: codecHandlesFormat: no format, so no extra checks
06-26 11:31:30.336 668 853 I bt_stack_manager: system/bt/btif/src/stack_manager.cc:246 event_start_up_stack: event_start_up_stack is bringing up the stack
06-26 11:31:30.336 668 853 I bt_core_module: system/bt/btcore/src/module.cc:85 module_start_up: module_start_up Starting module "btif_config_module"
06-26 11:31:30.339 668 853 I bt_core_module: system/bt/btcore/src/module.cc:90 module_start_up: module_start_up Started module "btif_config_module"
06-26 11:31:30.339 668 853 I bt_core_module: system/bt/btcore/src/module.cc:85 module_start_up: module_start_up Starting module "btsnoop_module"
06-26 11:31:30.340 668 853 I droid.bluetoot: [0626/113130.339902:INFO:btsnoop.cc(209)] start_up: Snoop Logs disabled
06-26 11:31:30.340 668 853 I droid.bluetoot: [0626/113130.340133:INFO:btsnoop.cc(356)] delete_btsnoop_files: Deleting snoop logs if they exist. filtered = 1
06-26 11:31:30.340 668 853 I droid.bluetoot: [0626/113130.340426:INFO:btsnoop.cc(356)] delete_btsnoop_files: Deleting snoop logs if they exist. filtered = 0
06-26 11:31:30.340 668 853 I bt_core_module: system/bt/btcore/src/module.cc:90 module_start_up: module_start_up Started module "btsnoop_module"
06-26 11:31:30.340 668 853 I bt_core_module: system/bt/btcore/src/module.cc:85 module_start_up: module_start_up Starting module "hci_module"
06-26 11:31:30.341 668 853 I bt_hci : system/bt/hci/src/hci_layer.cc:200 hci_module_start_up: hci_module_start_up
06-26 11:31:30.347 668 972 I droid.bluetoot: [0626/113130.347092:INFO:message_loop_thread.cc(224)] Run: message loop starting for thread bt_hci_thread
06-26 11:31:30.347 480 971 D CCodec : allocate(c2.android.vorbis.decoder)
06-26 11:31:30.348 668 972 I bt_hci : system/bt/hci/src/hci_layer_android.cc:159 hci_initialize: hci_initialize
06-26 11:31:30.348 668 853 I bt_hci : system/bt/hci/src/hci_layer.cc:257 hci_module_start_up: hci_module_start_up starting async portion
06-26 11:31:30.349 186 186 I hwservicemanager: getTransport: Cannot find entry android.hardware.bluetooth@1.1::IBluetoothHci/default in either framework or device VINTF manifest.
06-26 11:31:30.351 668 972 I bt_hci : system/bt/hci/src/hci_layer_android.cc:178 hci_initialize: hci_initialize: IBluetoothHci::getService() returned 0xf35221a0 (remote)
06-26 11:31:30.351 668 972 E cutils-trace: Error opening trace file: No such file or directory (2)
06-26 11:31:30.352 255 255 I android.hardware.bluetooth@1.0-impl: BluetoothHci::initialize()
06-26 11:31:30.352 480 971 I CCodec : Created component [c2.android.vorbis.decoder]
06-26 11:31:30.352 480 971 D CCodecConfig: read media type: audio/vorbis
06-26 11:31:30.354 255 255 D android.hardware.bluetooth@1.0-service: get_local_address: Trying /sys/class/addr_mgt/addr_bt
06-26 11:31:30.354 255 255 D android.hardware.bluetooth@1.0-service: get_local_address: Got Factory BDA 8B:66:39:99:6E:AE
06-26 11:31:30.354 255 255 D WifiHWInfo: Start to load wireless module hardware info table...
06-26 11:31:30.355 255 255 D WifiHWInfo: Entry [01], BUS: SDIO, ID: 0x024C8179, Name: rtl8189es.
06-26 11:31:30.355 255 255 D WifiHWInfo: Entry [02], BUS: SDIO, ID: 0x024CB723, Name: rtl8723bs_vq0.
06-26 11:31:30.355 255 255 D WifiHWInfo: Entry [03], BUS: SDIO, ID: 0x024CB703, Name: rtl8723cs.
06-26 11:31:30.355 255 255 D WifiHWInfo: Entry [04], BUS: SDIO, ID: 0x024CD723, Name: rtl8723ds.
06-26 11:31:30.355 255 255 D WifiHWInfo: Entry [05], BUS: SDIO, ID: 0x024CF179, Name: rtl8189fs.
06-26 11:31:30.355 255 255 D WifiHWInfo: Entry [06], BUS: SDIO, ID: 0x024CB822, Name: rtl88x2bs.
06-26 11:31:30.355 255 255 D WifiHWInfo: Entry [07], BUS: USB, ID: 0x0BDAD723, Name: rtl8723du.
06-26 11:31:30.355 255 255 D WifiHWInfo: Entry [08], BUS: USB, ID: 0x0BDA8179, Name: rtl8188etv.
06-26 11:31:30.355 255 255 D WifiHWInfo: Entry [09], BUS: USB, ID: 0x0BDA0179, Name: rtl8188eu.
06-26 11:31:30.355 255 255 D WifiHWInfo: Entry [10], BUS: USB, ID: 0x0BDA818B, Name: rtl8192eu.
06-26 11:31:30.355 255 255 D WifiHWInfo: Entry [11], BUS: USB, ID: 0x0BDAB720, Name: rtl8723bu.
06-26 11:31:30.355 255 255 D WifiHWInfo: Entry [12], BUS: USB, ID: 0x0BDAC82C, Name: rtl8822cu.
06-26 11:31:30.355 255 255 D WifiHWInfo: Entry [13], BUS: USB, ID: 0x0BDAF179, Name: rtl8188fu.
06-26 11:31:30.355 255 255 D WifiHWInfo: Entry [14], BUS: SDIO, ID: 0x02D0A9A6, Name: ap6212.
06-26 11:31:30.355 255 255 D WifiHWInfo: Entry [15], BUS: SDIO, ID: 0x02D04330, Name: ap6330.
06-26 11:31:30.355 255 255 D WifiHWInfo: Entry [16], BUS: SDIO, ID: 0x02D04356, Name: ap6356s.
06-26 11:31:30.355 255 255 D WifiHWInfo: Entry [17], BUS: SDIO, ID: 0x02D0A9BF, Name: ap6255.
06-26 11:31:30.355 255 255 D WifiHWInfo: Entry [18], BUS: SDIO, ID: 0x02D04334, Name: bcm43342.
06-26 11:31:30.355 255 255 D WifiHWInfo: Entry [19], BUS: SDIO, ID: 0x00202281, Name: xr819.
06-26 11:31:30.355 255 255 D WifiHWInfo: Entry [20], BUS: SDIO, ID: 0x0A9E2282, Name: xr829.
06-26 11:31:30.355 255 255 D WifiHWInfo: Entry [21], BUS: SDIO, ID: 0x0271050A, Name: qca6174a.
06-26 11:31:30.355 255 255 D WifiHWInfo: Entry [22], BUS: SDIO, ID: 0x30303030, Name: ssv6x5x.
06-26 11:31:30.355 255 255 D WifiHWInfo: Entry [23], BUS: SDIO, ID: 0x00000000, Name: uwe5621.
06-26 11:31:30.355 255 255 D WifiHWInfo: Entry [24], BUS: SDIO, ID: 0x54490145, Name: aic8800.
06-26 11:31:30.355 255 255 D WifiHWInfo: Entry [25], BUS: SDIO, ID: 0xC8A1C08D, Name: aic8800.
06-26 11:31:30.355 255 255 D WifiHWInfo: Entry [26], BUS: USB, ID: 0xA69C8800, Name: aic8800.
06-26 11:31:30.355 255 255 D WifiHWInfo: Entry [27], BUS: USB, ID: 0x007A8888, Name: atbm6023is.
06-26 11:31:30.355 255 255 D WifiHWInfo: Entry [28], BUS: SDIO, ID: 0x02E79086, Name: 9012p.
06-26 11:31:30.355 255 255 D WifiHWInfo: Entry [29], BUS: SDIO, ID: 0x007A6011, Name: atbm613x_wifi_sdio.
06-26 11:31:30.355 255 255 D WifiHWInfo: Entry [30], BUS: SDIO, ID: 0x024CC822, Name: 88x2cs.
06-26 11:31:30.355 255 255 D WifiHWInfo: Entry [31], BUS: SDIO, ID: 0x000018F0, Name: dummy.
06-26 11:31:30.355 255 255 D libbt-auto-detect: init, get libbt name: libbt-sprd.so.
06-26 11:31:30.355 480 971 D ReflectedParamUpdater: extent() != 1 for single value type: algo.buffers.max-count.values
06-26 11:31:30.356 480 971 D ReflectedParamUpdater: extent() != 1 for single value type: output.subscribed-indices.values
06-26 11:31:30.356 480 971 D ReflectedParamUpdater: extent() != 1 for single value type: input.buffers.allocator-ids.values
06-26 11:31:30.356 480 971 D ReflectedParamUpdater: extent() != 1 for single value type: output.buffers.allocator-ids.values
06-26 11:31:30.356 480 971 D ReflectedParamUpdater: extent() != 1 for single value type: algo.buffers.allocator-ids.values
06-26 11:31:30.356 480 971 D ReflectedParamUpdater: extent() != 1 for single value type: output.buffers.pool-ids.values
06-26 11:31:30.357 480 971 D ReflectedParamUpdater: extent() != 1 for single value type: algo.buffers.pool-ids.values
06-26 11:31:30.359 255 255 I bt_vendor: init
06-26 11:31:30.356 1 1 I /system/bin/init: type=1107 audit(0.0:368): uid=0 auid=4294967295 ses=4294967295 subj=u:r:init:s0 msg='avc: denied { set } for property=vendor.driver.lpm.load pid=255 uid=1002 gid=1002 scontext=u:r:hal_bluetooth_default:s0 tcontext=u:object_r:vendor_wireless_prop:s0 tclass=property_service permissive=1'
06-26 11:31:30.360 480 971 I CCodecConfig: query failed after returning 7 values (BAD_INDEX)
06-26 11:31:30.360 480 971 D CCodecConfig: c2 config diff is Dict {
06-26 11:31:30.360 480 971 D CCodecConfig: c2::u32 coded.bitrate.value = 64000
06-26 11:31:30.360 480 971 D CCodecConfig: c2::u32 input.buffers.max-size.value = 32768
06-26 11:31:30.360 480 971 D CCodecConfig: c2::u32 input.delay.value = 0
06-26 11:31:30.360 480 971 D CCodecConfig: string input.media-type.value = "audio/vorbis"
06-26 11:31:30.360 480 971 D CCodecConfig: string output.media-type.value = "audio/raw"
06-26 11:31:30.360 480 971 D CCodecConfig: c2::u32 raw.channel-count.value = 1
06-26 11:31:30.360 480 971 D CCodecConfig: c2::u32 raw.sample-rate.value = 48000
06-26 11:31:30.360 480 971 D CCodecConfig: }
06-26 11:31:30.360 255 255 D bt_vnd_hci: sprd_vendor_hci_init
06-26 11:31:30.360 255 255 I bt_chip_vendor: marlin3_init
06-26 11:31:30.360 255 255 I bt_vnd_conf: Attempt to load conf from /vendor/etc/bt_configure_pskey.ini
06-26 11:31:30.361 255 255 D bt_vnd_conf: device_class -> 0x001F00
06-26 11:31:30.361 255 255 D bt_vnd_conf: feature_set -> 0xBF, 0xFE, 0x8D, 0xFE, 0xDB, 0x3D, 0x7B, 0x87, 0xFF, 0xA7, 0xFF, 0x7F, 0x00, 0xE0, 0xF7, 0x3E
06-26 11:31:30.361 255 255 D bt_vnd_conf: device_addr -> 0x6D, 0x6D, 0x8E, 0x8E, 0x8F, 0x8F
06-26 11:31:30.361 255 255 D bt_vnd_conf: comp_id -> 0x01EC
06-26 11:31:30.361 255 255 D bt_vnd_conf: g_sys_uart0_communication_supported -> 1
06-26 11:31:30.361 255 255 D bt_vnd_conf: cp2_log_mode -> 1
06-26 11:31:30.361 255 255 D bt_vnd_conf: LogLevel -> 0xFF
06-26 11:31:30.361 255 255 D bt_vnd_conf: g_central_or_perpheral -> 0
06-26 11:31:30.361 255 255 D bt_vnd_conf: Log_BitMask -> 0xFFFF
06-26 11:31:30.361 255 255 D bt_vnd_conf: super_ssp_enable -> 0
06-26 11:31:30.361 255 255 D bt_vnd_conf: common_rfu_b3 -> 2
06-26 11:31:30.361 255 255 D bt_vnd_conf: common_rfu_w -> 0x00000000, 0x00000000
06-26 11:31:30.361 255 255 D bt_vnd_conf: le_rfu_w -> 0x00000000, 0x000000000
06-26 11:31:30.362 255 255 D bt_vnd_conf: lmp_rfu_w -> 0x00000000, 0x000000000
06-26 11:31:30.362 255 255 D bt_vnd_conf: lc_rfu_w -> 0x00000000, 0x000000000
06-26 11:31:30.362 255 255 D bt_vnd_conf: g_wbs_nv_117 -> 0x004D
06-26 11:31:30.362 255 255 D bt_vnd_conf: g_wbs_nv_118 -> 0x0066
06-26 11:31:30.362 255 255 D bt_vnd_conf: g_nbv_nv_117 -> 0x009B
06-26 11:31:30.362 255 255 D bt_vnd_conf: g_nbv_nv_118 -> 0x0066
06-26 11:31:30.362 255 255 D bt_vnd_conf: g_sys_sco_transmit_mode -> 0
06-26 11:31:30.362 255 255 D bt_vnd_conf: audio_rfu_b1 -> 0
06-26 11:31:30.362 255 255 D bt_vnd_conf: audio_rfu_b2 -> 0
06-26 11:31:30.362 255 255 D bt_vnd_conf: audio_rfu_b3 -> 0
06-26 11:31:30.362 255 255 D bt_vnd_conf: audio_rfu_w -> 0x00000000, 0x00000000
06-26 11:31:30.362 255 255 D bt_vnd_conf: g_sys_sleep_in_standby_supported -> 1
06-26 11:31:30.362 255 255 D bt_vnd_conf: g_sys_sleep_master_supported -> 1
06-26 11:31:30.362 255 255 D bt_vnd_conf: g_sys_sleep_slave_supported -> 1
06-26 11:31:30.362 480 971 D CCodec : [c2.android.vorbis.decoder] buffers are bound to CCodec for this session
06-26 11:31:30.362 255 255 D bt_vnd_conf: power_rfu_b1 -> 0
06-26 11:31:30.362 255 255 D bt_vnd_conf: power_rfu_w -> 0x00000000, 0x00000000
06-26 11:31:30.362 255 255 D bt_vnd_conf: win_ext -> 40
06-26 11:31:30.362 255 255 D bt_vnd_conf: edr_tx_edr_delay -> 6
06-26 11:31:30.362 255 255 D bt_vnd_conf: edr_rx_edr_delay -> 8
06-26 11:31:30.362 480 971 D CCodecConfig: no c2 equivalents for durationUs
06-26 11:31:30.362 255 255 D bt_vnd_conf: tx_delay -> 12
06-26 11:31:30.362 255 255 D bt_vnd_conf: rx_delay -> 34
06-26 11:31:30.362 480 971 D CCodecConfig: no c2 equivalents for track-id
06-26 11:31:30.362 480 971 D CCodecConfig: no c2 equivalents for csd-1
06-26 11:31:30.362 255 255 D bt_vnd_conf: bb_rfu_w -> 0x00000000, 0x00000000
06-26 11:31:30.362 255 255 D bt_vnd_conf: agc_mode -> 0
06-26 11:31:30.362 255 255 D bt_vnd_conf: diff_or_eq -> 0xFF
06-26 11:31:30.362 255 255 D bt_vnd_conf: ramp_mode -> 0
06-26 11:31:30.362 480 971 D CCodecConfig: no c2 equivalents for channel-mask
06-26 11:31:30.362 255 255 D bt_vnd_conf: modem_rfu_b1 -> 0
06-26 11:31:30.362 480 971 D CCodecConfig: no c2 equivalents for flags
06-26 11:31:30.362 255 255 D bt_vnd_conf: modem_rfu_w -> 0x00000000, 0x00000000
06-26 11:31:30.362 255 255 D bt_vnd_conf: BQB_BitMask_1 -> 0x00000000
06-26 11:31:30.362 255 255 D bt_vnd_conf: BQB_BitMask_2 -> 0x00000000
06-26 11:31:30.362 255 255 D bt_vnd_conf: bt_coex_threshold -> 0x04E2, 0x1F40, 0x0020, 0x00C8, 0x000A, 0x0000, 0x0000, 0x0000
06-26 11:31:30.362 255 255 D bt_vnd_conf: other_rfu_w -> 0x00000000, 0x00000000
06-26 11:31:30.362 255 255 I bt_vnd_conf: Attempt to load conf from /vendor/etc/bt_configure_rf.ini
06-26 11:31:30.366 1 1 I init : processing action (vendor.driver.lpm.load=1) from (/vendor/etc/init/init.bluetooth.common.rc:68)
06-26 11:31:30.369 1 1 I init : processing action (vendor.init.lpm.load=1) from (/vendor/etc/init/init.bluetooth.common.rc:71)
06-26 11:31:30.369 255 255 I : mtty_open probe is success!
06-26 11:31:30.369 255 255 E bluetooth_set_power: start_block=0
06-26 11:31:30.363 255 255 D bt_vnd_conf: g_GainValue_A -> 0xE000, 0xE000, 0xE000, 0xE000, 0xE000, 0xE000
06-26 11:31:30.363 255 255 D bt_vnd_conf: g_ClassicPowerValue_A -> 0x4115, 0x3A15, 0x3415, 0x2E15, 0x2715, 0x2115, 0x1A15, 0x1315, 0x0D15, 0x0715
06-26 11:31:30.363 255 255 D bt_vnd_conf: g_LEPowerValue_A -> 0x3B15, 0x3715, 0x3315, 0x2F15, 0x2B15, 0x2715, 0x2315, 0x1F15, 0x1B15, 0x1715, 0x1315, 0x0F15, 0x0B15, 0x0815, 0x0415, 0x0015
06-26 11:31:30.363 255 255 D bt_vnd_conf: g_BRChannelpwrvalue_A -> 0x0915, 0x0915, 0x0815, 0x0815, 0x0815, 0x0815, 0x0715, 0x0715
06-26 11:31:30.363 255 255 D bt_vnd_conf: g_EDRChannelpwrvalue_A -> 0x0D15, 0x0D15, 0x0C15, 0x0C15, 0x0B15, 0x0B15, 0x0B15, 0x0B15
06-26 11:31:30.363 255 255 D bt_vnd_conf: g_LEChannelpwrvalue_A -> 0x1015,0x1015,0x0F15,0x0F15,0x0F15,0x0F15,0x0F15,0x0F15
06-26 11:31:30.363 255 255 D bt_vnd_conf: g_GainValue_B -> 0xE000, 0xE000, 0xE000, 0xE000, 0xE000, 0xE000
06-26 11:31:30.363 255 255 D bt_vnd_conf: g_ClassicPowerValue_B -> 0x4D15, 0x4615, 0x3D15, 0x3615, 0x2D15, 0x2615, 0x1F15, 0x1815, 0x0F15, 0x0815
06-26 11:31:30.363 255 255 D bt_vnd_conf: g_LEPowerValue_B -> 0x4B15, 0x4B15, 0x4B15, 0x4B15, 0x4B15, 0x4615, 0x4015, 0x3B15, 0x3615, 0x3015, 0x2B15, 0x2615, 0x2015, 0x1A15, 0x1415, 0x0E15
06-26 11:31:30.363 255 255 D bt_vnd_conf: g_BRChannelpwrvalue_B -> 0x0915, 0x0915, 0x0815, 0x0815, 0x0815, 0x0815, 0x0715, 0x0715
06-26 11:31:30.363 255 255 D bt_vnd_conf: g_EDRChannelpwrvalue_B -> 0x0D15, 0x0D15, 0x0C15, 0x0C15, 0x0B15, 0x0B15, 0x0B15, 0x0B15
06-26 11:31:30.363 255 255 D bt_vnd_conf: g_LEChannelpwrvalue_B -> 0x1015,0x1015,0x0F15,0x0F15,0x0F15,0x0F15,0x0F15,0x0F15
06-26 11:31:30.363 255 255 D bt_vnd_conf: LE_fix_powerword -> 0x00
06-26 11:31:30.363 255 255 D bt_vnd_conf: Classic_pc_by_channel -> 0xFF
06-26 11:31:30.363 255 255 D bt_vnd_conf: LE_pc_by_channel -> 0xFF
06-26 11:31:30.363 255 255 D bt_vnd_conf: RF_switch_mode -> 0x01
06-26 11:31:30.363 255 255 D bt_vnd_conf: Data_Capture_Mode -> 0x00
06-26 11:31:30.363 255 255 D bt_vnd_conf: Analog_IQ_Debug_Mode -> 0x00
06-26 11:31:30.363 255 255 D bt_vnd_conf: RF_common_rfu_b3 -> 0x55
06-26 11:31:30.363 480 971 D CCodecConfig: c2 config diff is c2::u32 coded.bitrate.value = 499821
06-26 11:31:30.363 480 971 D CCodecConfig: c2::u32 raw.channel-count.value = 2
06-26 11:31:30.363 480 971 D CCodecConfig: c2::u32 raw.sample-rate.value = 44100
06-26 11:31:30.363 255 255 D bt_vnd_conf: RF_common_rfu_w -> 0x555F4344, 0x5555C855, 0x55555555, 0x55555555, 0x55555555
06-26 11:31:30.363 255 255 I bt_vnd_conf: set_mac_address
06-26 11:31:30.363 255 255 D bt_vendor: marlin3 start up
06-26 11:31:30.363 255 255 D android.hardware.bluetooth@1.0-impl: Open vendor library loaded
06-26 11:31:30.364 255 255 E bt_upio : init_rfkill: No rfkill control node found
06-26 11:31:30.364 255 255 I bt_userial_vendor: userial vendor open: opening /dev/ttyBT0, baud 14
06-26 11:31:30.364 255 255 D bt_vendor: check_access, /dev/ttyBT0 R/W access OK after wait 0ms
