06-26 11:31:51.647 2644 2944 I UNIPLAYERSDK: UpgradeStrategy.cpp:86 UpgradeStrategy::isNeedUpgrade( libHyperPlayerplugin ) - severValid = 1, defaultVer = 4.8.1702.6611, buildinVer = 0.0.0.0, localVer = 4.8.1702.9097, serverVer = 4.8.1702.9097, candicateVer = 4.8.1702.9097
06-26 11:31:51.647 2644 2944 I UNIPLAYERSDK: UpgradeStrategy.cpp:153 UpgradeStrategy::isNeedUpgrade( libHyperPlayerplugin ) isNeedUpgrade = 0, useVer = no version
06-26 11:31:51.647 2644 2944 I UNIPLAYERSDK: UpgradeStrategy.cpp:203 UpgradeStrategy::getUpgradeCtx() NULL
06-26 11:31:51.647 2644 2944 I UNIPLAYERSDK: PluginManager.cpp:182 PluginManager::fillLocalPluginInfo(libHyperPlayerplugin)
06-26 11:31:51.647 2644 2944 I UNIPLAYERSDK: PlugInfoStore.cpp:454 PlugInfoStore::Local::getLocalPluginInfo(libHyperPlayerplugin)
06-26 11:31:51.647 2644 2944 I UNIPLAYERSDK: PlugInfoStore.cpp:454 PlugInfoStore::Local::getLocalPluginInfo(libHyperPlayerplugin)
06-26 11:31:51.647 2644 2944 I UNIPLAYERSDK: PlugInfoStore.cpp:776 PlugInfoStore::getPluginModules(libHyperPlayerplugin)
06-26 11:31:51.647 2644 2944 D UNIPLAYERSDK: PluginUtils.cpp:199 PluginUtils::isPluginModuleExisted, libPath= /data/user/0/com.tv.kuaisou/files/libHyperPlayerplugin/4.8.1702.9097
06-26 11:31:51.648 2644 2944 D UNIPLAYERSDK: PluginUtils.cpp:215 PluginHelper::checkModulesCompelete : 1
06-26 11:31:51.648 2644 2944 I UNIPLAYERSDK: PlugInfoStore.cpp:448 PlugInfoStore::Local::getVersion(libHyperPlayerplugin) 4.8.1702.9097
06-26 11:31:51.648 2644 2944 I UNIPLAYERSDK: PlugInfoStore.cpp:454 PlugInfoStore::Local::getLocalPluginInfo(libHyperPlayerplugin)
06-26 11:31:51.648 2644 2944 W UNIPLAYERSDK: PluginManager.cpp:288 onNativePluginLoaded(libHyperPlayerplugin): Plugin-in-Use path = /data/user/0/com.tv.kuaisou/files/libHyperPlayerplugin/4.8.1702.9097, ver = 4.8.1702.9097, type = local
06-26 11:31:51.648 2644 2944 I UNIPLAYERSDK: PlugInfoStore.cpp:776 PlugInfoStore::getPluginModules(libHyperPlayerplugin)
06-26 11:31:51.648 2644 2944 D UNIPLAYERSDK: PluginUtils.cpp:199 PluginUtils::isPluginModuleExisted, libPath= /data/user/0/com.tv.kuaisou/files/libHyperPlayerplugin/4.8.1702.9097
06-26 11:31:51.648 2644 2944 D UNIPLAYERSDK: PluginUtils.cpp:215 PluginHelper::checkModulesCompelete : 1
06-26 11:31:51.648 2644 2944 D UNIUTIL : LibraryLoaderUtils.cpp:30 LibraryLoaderUtils::getDebugLibPath isEnableSoDebug=0, libName=libhyperplayer.so, debugLibPath=
06-26 11:31:51.648 2644 2944 D UNIPLAYERSDK: PluginHelper.cpp:85 PluginHelper::saveNativeLibPathtoJson, lib name=libhyperplayer.so, soPath=/data/user/0/com.tv.kuaisou/files/libHyperPlayerplugin/4.8.1702.9097/libhyperplayer.so
06-26 11:31:51.649 2644 2944 I UNIPLAYERSDK: PluginHelper.cpp:92 PluginHelper::saveNativeLibPathtoJson {"libWatermarkingproce.so":"/data/user/0/com.tv.kuaisou/files/LibPlayerPuma/4.8.1702.6907/libWatermarkingproce.so","libcupid.so":"/data/user/0/com.tv.kuaisou/files/pluginsdkplayer/2.1107.1.220408/1.1107.2.04472/pluginsdkplayer-download-1.1107.2.04472-libs/libcupid.so","libcurl.so":"/data/user/0/com.tv.kuaisou/files/pluginsdkplayer/2.1107.1.220408/1.1107.2.04472/pluginsdkplayer-download-1.1107.2.04472-libs/libmctocurl.so","libdns.so":"/data/user/0/com.tv.kuaisou/files/libbasenetplugin/1.1107.0.16/libdns.so",
06-26 11:31:51.649 2644 2944 I UNIPLAYERSDK: PluginHelper.cpp:92 PluginHelper::saveNativeLibPathtoJson "libgalauniffmpeg.so":"/data/user/0/com.tv.kuaisou/files/libuniplayerdata/2.1107.0.2821/libgalauniffmpeg.so","libhyperplayer.so":"/data/user/0/com.tv.kuaisou/files/libHyperPlayerplugin/4.8.1702.9097/libhyperplayer.so","libmcto_media_player.so":"/data/user/0/com.tv.kuaisou/files/LibPlayerPuma/4.8.1702.6907/libmcto_media_player.so","libmctoffmpeg.so":"/data/user/0/com.tv.kuaisou/files/LibPlayerPuma/4.8.1702.6907/libmctoffmpeg.so","libmicrohttpd.so":"/data/user/0/com.tv.kuaisou/files/libuniplayerdata/2.1107.0.
06-26 11:31:51.649 2644 2944 I UNIPLAYERSDK: PluginHelper.cpp:94 PluginHelper::saveNativeLibPathtoJson 2821/libmicrohttpd.so","libmonalisa.so":"/data/user/0/com.tv.kuaisou/files/libuniplayerdata/2.1107.0.2821/libmonalisa.so","libqtpclient.so":"/data/user/0/com.tv.kuaisou/files/libHyperPlayerplugin/4.8.1702.9097/libhyperplayer.so","libuniplayerdata.so":"/data/user/0/com.tv.kuaisou/files/libuniplayerdata/2.1107.0.2821/libuniplayerdata.so"}
06-26 11:31:51.649 2644 2944 D UNIPLAYERSDK: PluginHelper.cpp:105 PluginHelper::saveNativeLibPathJsonAndHostVersion()(hostVersion=1.1107.2.04472, moduleJson={"libWatermarkingproce.so":"/data/user/0/com.tv.kuaisou/files/LibPlayerPuma/4.8.1702.6907/libWatermarkingproce.so","libcupid.so":"/data/user/0/com.tv.kuaisou/files/pluginsdkplayer/2.1107.1.220408/1.1107.2.04472/pluginsdkplayer-download-1.1107.2.04472-libs/libcupid.so","libcurl.so":"/data/user/0/com.tv.kuaisou/files/pluginsdkplayer/2.1107.1.220408/1.1107.2.04472/pluginsdkplayer-download-1.1107.2.04472-libs/libmctocurl.so","libdns.so":"/data/user/0/com.tv.kuaisou/files/libbasenetplugin/1.1107.0.16/libdns.so","libgalauniffmpeg.so":"/data/user/0/com.tv.kuaisou/files/libuniplayerdata/2.1107.0.2821/libgalauniffmpeg.so","libhyperplayer.so":"/data/user/0/com.tv.kuaisou/files/libHyperPlayerplugin/4.8.1702.9097/libhyperplayer.so","libmcto_media_player.so":"/data/user/0/com.tv.kuaisou/files/LibPlayerPuma/4.8.1702.6907/libmcto_media_player.so","libmctoffmpeg.so":"/data/user/0/com.tv.kuaisou/files/LibPlayerPuma
06-26 11:31:51.649 2644 2944 D UNIUTIL : System.cpp:466 saveString key_native_lib_path_json : {"1.1107.2.04472":"{\"libWatermarkingproce.so\":\"/data/user/0/com.tv.kuaisou/files/LibPlayerPuma/4.8.1702.6907/libWatermarkingproce.so\",\"libcupid.so\":\"/data/user/0/com.tv.kuaisou/files/pluginsdkplayer/2.1107.1.220408/1.1107.2.04472/pluginsdkplayer-download-1.1107.2.04472-libs/libcupid.so\",\"libcurl.so\":\"/data/user/0/com.tv.kuaisou/files/pluginsdkplayer/2.1107.1.220408/1.1107.2.04472/pluginsdkplayer-download-1.1107.2.04472-libs/libmctocurl.so\",\"libdns.so\":\"/data/user/0/com.tv.kuaisou/files/libbasenetplugin/1.1107.0.16/libdns.so\",\"libgalauniffmpeg.so\":\"/data/user/0/com.tv.kuaisou/files/libuniplayerdata/2.1107.0.2821/libgalauniffmpeg.so\",\"libhyperplayer.so\":\"/data/user/0/com.tv.kuaisou/files/libHyperPlayerplugin/4.8.1702.9097/libhyperplayer.so\",\"libmcto_media_player.so\":\"/data/user/0/com.tv.kuaisou/files/LibPlayerPuma/4.8.1702.6907/libmcto_media_player.so\",\"libmctoffmpeg.so\":\"/data/user/0/com.tv.kuaisou/files/LibPlayerPuma/4.8.1702
06-26 11:31:51.654 2644 2938 V UFUnilog: UFNCurlClientHandleSocket.cpp : 128 {fuc=UFNMultiCurlClientImpl:HandleSocket(),logtag=longyuan_pb_39,interface_msg=MultiCurlImpl get ok!}
06-26 11:31:51.654 2644 2945 V UFUnilog: UFNMultiCurlClientImpl.cpp : 102 {fuc=UFNMultiCurlClientImpl:Perform(),logtag=longyuan_pb_39,interface_msg=Out}
06-26 11:31:51.655 2644 2945 V UFUnilog: api_engine.cpp : 181 {fuc=APIEngine:Call(),logtag=longyuan_pb_39,interface_msg=Start Try!,try_count=1}
06-26 11:31:51.656 2644 2937 V UFUnilog: UFNCurlClientHandleSocket.cpp : 128 {fuc=UFNMultiCurlClientImpl:HandleSocket(),logtag=babelqos_pb_40,interface_msg=MultiCurlImpl get ok!}
06-26 11:31:51.656 2644 2911 D UNIPLAYERSDK: Pingback.cpp:222 pbFieldDetection() start: pbtype:pluginload
06-26 11:31:51.657 2644 2945 I UNIPLAYERSDK: PbApi.cpp:34 PingbackLog: send success! trycount = 1,serverip = 124.237.225.21,pluginload:http://msg.ptqy.gitv.tv/b:msg=[{"chip":"","core":"4","ct":"160225_pluginload","deviceid":"tv_9ebeab0821cc109c90e4626ac3a506cd_1750906610804_8810912147","diy_tp":"1","dt":"20180903095708913MvpgVmPh11974","errmsg":"","firmver":"SP1A.211105.004","hu":"","hwver":"DBBOX-A2","hwversub":"","is_4kh264":"0","is_4kh265":"0","is_daudio":"0","is_h265":"0","lch_ver":"3.14.6","loadType":"start_dlopen","mac":"20-02-FE-19-C2-0E","memory":"1960M","mod":"cn_s","os":"31","p":"31","p1":"312","p2":"3128","p_ptid":"14025032401000000000","p_uid":"","pf":"3","play_hwversub":"","player_cpluginv":"2.1107.0.2821","player_sn":"2","pluginid":"libuniplayerdata","pu":"","re":"1920x1080","rn":"4198759186","romrsz":"24578","romsz":"26357","sdkv":"1.1107.2.04472","soName":"libuniplayerdata.so","t":"11","u":"tv_9ebeab0821cc109c90e4626ac3a506cd","v":"2.1107.1.220408"}]
06-26 11:31:51.657 2644 2945 D UNIPLAYERSDK: PbApi.cpp:40 PingbackLog: send success! pluginload:msg=[{"chip":"","core":"4","ct":"160225_pluginload","deviceid":"tv_9ebeab0821cc109c90e4626ac3a506cd_1750906610804_8810912147","diy_tp":"1","dt":"20180903095708913MvpgVmPh11974","errmsg":"","firmver":"SP1A.211105.004","hu":"","hwver":"DBBOX-A2","hwversub":"","is_4kh264":"0","is_4kh265":"0","is_daudio":"0","is_h265":"0","lch_ver":"3.14.6","loadType":"start_dlopen","mac":"20-02-FE-19-C2-0E","memory":"1960M","mod":"cn_s","os":"31","p":"31","p1":"312","p2":"3128","p_ptid":"14025032401000000000","p_uid":"","pf":"3","play_hwversub":"","player_cpluginv":"2.1107.0.2821","player_sn":"2","pluginid":"libuniplayerdata","pu":"","re":"1920x1080","rn":"4198759186","romrsz":"24578","romsz":"26357","sdkv":"1.
06-26 11:31:51.657 2644 2945 D UNIPLAYERSDK: PbApi.cpp:38 PingbackLog: send success! pluginload:1107.2.04472","soName":"libuniplayerdata.so","t":"11","u":"tv_9ebeab0821cc109c90e4626ac3a506cd","v":"2.1107.1.220408"}]
06-26 11:31:51.658 2644 2911 V UFUnilog: api_group_impl.cpp : 422 {fuc=APIGroupImpl:call(),name=babelqos_pb,params=0xc08ccc94,callback=0xf3ab4e00}
06-26 11:31:51.658 2644 2945 V UFUnilog: api_engine.cpp : 181 {fuc=APIEngine:Call(),logtag=longyuan_pb_43,interface_msg=Start Try!,try_count=0}
06-26 11:31:51.658 2644 2911 D UFUnilog: api_group_impl.cpp : 1033 {fuc=APIGroupImpl:BuildRequest(),logtag=babelqos_pb_44,request_type=1,client_type=1}
06-26 11:31:51.658 2644 2945 V UFUnilog: api_strategy_impl.cpp : 378 {fuc=APIStrategyImpl:CreateStrategyResult(),logtag=longyuan_pb_43,strategyname=httpdns-strategy,current_try_count=0,interface_msg=try to get ip list from dns_type = 1}
06-26 11:31:51.658 2644 2945 D UFUnilog: api_httpdns_query.cpp : 90 {fuc=APIHttpDnsQuery:GetIpListByDomainName(),interface_msg=try to get ip list by domain name msg.ptqy.gitv.tv}
06-26 11:31:51.658 2644 2945 D UFUnilog: api_httpdns_query.cpp : 113 {fuc=APIHttpDnsQuery:GetIpListByDomainName(),interface_msg=Get ip list success!,domain=msg.ptqy.gitv.tv}
06-26 11:31:51.658 2644 2911 I UNIPLAYERSDK: PluginManager.cpp:234 PluginManager::sendPluginLoadPingback, sdkv=1.1107.2.04472, pluginId=libHyperPlayerplugin, player_cpluginv=4.8.1702.9097, soName=libhyperplayer.so, loadType=start_load, errMsg=
06-26 11:31:51.658 2644 2945 V UFUnilog: api_strategy_impl.cpp : 485 {fuc=APIStrategyImpl:CreateStrategyResult(),logtag=longyuan_pb_43,strategyname=httpdns-strategy,interface_msg=complete build strategy result,suggest_url_params=,suggest_protocol=}
06-26 11:31:51.658 2644 2945 V UFUnilog: UFNMultiCurlClientImpl.cpp : 24 {fuc=UFNMultiCurlClientImpl:Perform(),logtag=longyuan_pb_43,interface_msg=In}
06-26 11:31:51.659 2644 2944 I UNIPLAYERSDK: PluginHelper.cpp:54 [PluginHelper-libHyperPlayerplugin]PluginHelper:: plugin module has been downlowd. Use download Modules.
06-26 11:31:51.659 2644 2944 I UNIPLAYERSDK: PluginHelper.cpp:62 [PluginHelper-libHyperPlayerplugin]PluginHelper::correctModuleJsonPath, ret =1
06-26 11:31:51.659 2644 2944 I UNIPLAYERSDK: PluginManager.cpp:226 PluginManager::fillLocalPluginInfo(libHyperPlayerplugin):, version=4.8.1702.9097, path=/data/user/0/com.tv.kuaisou/files/libHyperPlayerplugin/4.8.1702.9097, pluginType=local
06-26 11:31:51.659 2644 2946 V UFUnilog: UFNMultiCurlClientImpl.cpp : 102 {fuc=UFNMultiCurlClientImpl:Perform(),logtag=babelqos_pb_40,interface_msg=Out}
06-26 11:31:51.659 2644 2946 V UFUnilog: api_engine.cpp : 181 {fuc=APIEngine:Call(),logtag=babelqos_pb_40,interface_msg=Start Try!,try_count=1}
06-26 11:31:51.660 2644 2946 I UNIPLAYERSDK: BabelPbApi.cpp:34 PingbackLog: send success! trycount = 1, serverip = 124.237.225.21, pluginload:http://msg.ptqy.gitv.tv/qos/3_31_312:msg=[{"ct":"tvplugin","deviceid":"tv_9ebeab0821cc109c90e4626ac3a506cd_1750906610804_8810912147","dfp":"518ee055e2cebd4d098467c6a8e2312bd80b2c8fd462c959f135aeb1d9097bfd21","diy_loadtype":"start_dlopen","diy_pluginid":"libuniplayerdata","diy_pluginstep":"3","diy_pluginv":"2.1107.0.2821","diy_soname":"libuniplayerdata.so","diy_tp":"1","err_msg":"","hu":"","hwver":"DBBOX-A2","mac_address":"20-02-FE-19-C2-0E","mkey":"20180903095708913MvpgVmPh11974","mod":"cn_s","os":"31","p1":"3_31_312","p2":"3128","pbv":"","pu":"","re":"1920x1080","rn":"2380364379","romrsz":"24578","romsz":"26357","sdkv":"1.1107.2.04472","stime":"1750908712199","t":"9","term":"%7B%22chip%22%3A%22%22%2C%22core%22%3A%224%22%2C%22dolbycodec%22%3A%22-1%22%2C%22firmver%22%3A%22SP1A.211105.004%22%2C%22hpformance%22%3A%22%22%2C%22hwprod%22%3A%22%22%2C%22hwversub%22%3A%22%22%2C%22memory%22%3A%221960M%22%2C%22p_hdcp%22%3A%
06-26 11:31:51.660 2644 2946 D UNIPLAYERSDK: BabelPbApi.cpp:40 PingbackLog: send success! pluginload:msg=[{"ct":"tvplugin","deviceid":"tv_9ebeab0821cc109c90e4626ac3a506cd_1750906610804_8810912147","dfp":"518ee055e2cebd4d098467c6a8e2312bd80b2c8fd462c959f135aeb1d9097bfd21","diy_loadtype":"start_dlopen","diy_pluginid":"libuniplayerdata","diy_pluginstep":"3","diy_pluginv":"2.1107.0.2821","diy_soname":"libuniplayerdata.so","diy_tp":"1","err_msg":"","hu":"","hwver":"DBBOX-A2","mac_address":"20-02-FE-19-C2-0E","mkey":"20180903095708913MvpgVmPh11974","mod":"cn_s","os":"31","p1":"3_31_312","p2":"3128","pbv":"","pu":"","re":"1920x1080","rn":"2380364379","romrsz":"24578","romsz":"26357","sdkv":"1.1107.2.04472","stime":"1750908712199","t":"9","term":"%7B%22chip%22%3A%22%22%2C%22core%22%3A%224%22%2C%22d
06-26 11:31:51.660 2644 2911 V UFUnilog: api_group_impl.cpp : 422 {fuc=APIGroupImpl:call(),name=longyuan_pb,params=0xc08ccc3c,callback=0xf3a05cc0}
06-26 11:31:51.660 2644 2946 D UNIPLAYERSDK: BabelPbApi.cpp:38 PingbackLog: send success! pluginload:olbycodec%22%3A%22-1%22%2C%22firmver%22%3A%22SP1A.211105.004%22%2C%22hpformance%22%3A%22%22%2C%22hwprod%22%3A%22%22%2C%22hwversub%22%3A%22%22%2C%22memory%22%3A%221960M%22%2C%22p_hdcp%22%3A%22%22%2C%22p_maxhdcp%22%3A%22%22%2C%22rammode%22%3A%22%22%7D%0A","u":"tv_9ebeab0821cc109c90e4626ac3a506cd","v":"2.1107.1.220408","wifimac":"58%3Ac7%3Aac%3A78%3Af0%3A02"}]
06-26 11:31:51.660 2644 2911 D UFUnilog: api_group_impl.cpp : 1033 {fuc=APIGroupImpl:BuildRequest(),logtag=longyuan_pb_45,request_type=1,client_type=1}
06-26 11:31:51.660 2644 2946 V UFUnilog: api_engine.cpp : 181 {fuc=APIEngine:Call(),logtag=babelqos_pb_44,interface_msg=Start Try!,try_count=0}
06-26 11:31:51.660 2644 2911 D UNIPLAYERSDK: Pingback.cpp:222 pbFieldDetection() start: pbtype:pluginload
06-26 11:31:51.660 2644 2946 V UFUnilog: api_strategy_impl.cpp : 378 {fuc=APIStrategyImpl:CreateStrategyResult(),logtag=babelqos_pb_44,strategyname=httpdns-strategy,current_try_count=0,interface_msg=try to get ip list from dns_type = 1}
06-26 11:31:51.660 2644 2946 D UFUnilog: api_httpdns_query.cpp : 90 {fuc=APIHttpDnsQuery:GetIpListByDomainName(),interface_msg=try to get ip list by domain name msg.ptqy.gitv.tv}
06-26 11:31:51.660 2644 2946 D UFUnilog: api_httpdns_query.cpp : 113 {fuc=APIHttpDnsQuery:GetIpListByDomainName(),interface_msg=Get ip list success!,domain=msg.ptqy.gitv.tv}
06-26 11:31:51.660 2644 2946 V UFUnilog: api_strategy_impl.cpp : 485 {fuc=APIStrategyImpl:CreateStrategyResult(),logtag=babelqos_pb_44,strategyname=httpdns-strategy,interface_msg=complete build strategy result,suggest_url_params=,suggest_protocol=}
06-26 11:31:51.661 2644 2946 V UFUnilog: UFNMultiCurlClientImpl.cpp : 24 {fuc=UFNMultiCurlClientImpl:Perform(),logtag=babelqos_pb_44,interface_msg=In}
06-26 11:31:51.661 2644 2911 V UFUnilog: api_group_impl.cpp : 422 {fuc=APIGroupImpl:call(),name=babelqos_pb,params=0xc08ccc94,callback=0xf3ab56c0}
06-26 11:31:51.661 2644 2911 D UFUnilog: api_group_impl.cpp : 1033 {fuc=APIGroupImpl:BuildRequest(),logtag=babelqos_pb_46,request_type=1,client_type=1}
06-26 11:31:51.663 2644 2945 V UFUnilog: UFNCurlClientHandleSocketPool.cpp : 46 {fuc=UFNMultiCurlClientHandleSocket:AddEasyHandle(),logtag=longyuan_pb_43,interface_msg=add easyCurl to MultiCurl!}
06-26 11:31:51.681 2644 2946 V UFUnilog: UFNCurlClientHandleSocketPool.cpp : 46 {fuc=UFNMultiCurlClientHandleSocket:AddEasyHandle(),logtag=babelqos_pb_44,interface_msg=add easyCurl to MultiCurl!}
06-26 11:31:51.692 2644 2937 V UFUnilog: UFNCurlClientHandleSocket.cpp : 128 {fuc=UFNMultiCurlClientImpl:HandleSocket(),logtag=macinfo_pb_38,interface_msg=MultiCurlImpl get ok!}
06-26 11:31:51.694 2644 3130 V UFUnilog: UFNMultiCurlClientImpl.cpp : 102 {fuc=UFNMultiCurlClientImpl:Perform(),logtag=macinfo_pb_38,interface_msg=Out}
06-26 11:31:51.695 2644 3130 V UFUnilog: api_engine.cpp : 181 {fuc=APIEngine:Call(),logtag=macinfo_pb_38,interface_msg=Start Try!,try_count=1}
06-26 11:31:51.699 2644 3130 I UNIPLAYERSDK: MacInfoPbApi.cpp:34 PingbackLog: send success! trycount = 1, httpcode = 200, serverip = 110.242.72.61, MACINFO:http://bi.ptqy.gitv.tv/tv.gif :kZIpBtD+CO5+iR0+utByDY0fdA+x15rzYgSCDldkLZGSqBk9V/bBBkTfeGEsG7dssA+RUkqPPeYAZP/s99SZMYrYNZlQePyMA5xFjJAYCHeLlWfOiIcII5qdY6DafSfuok/8dvDXJQZ8/72JJ68iJpMsmc7/lZB0wyWdgPxPbkWLiZkFPcfyvLM8p80rbYDWD3n4Hh0Hk2TTN0mfe3QLLICoah2cCueI1fw6dtLeL5yHzSNwU8PVBs3O58qSfEURgpftMh0XFAG5xZZOuTumLnME/bRQpV0u20gGfRLce68OYak9tgwdrsr6oVHS7ct5uAOqM3vYcUVlhQciYgrS4GtmjI/thiiucqAXjfGvyLIx+vwpdsiIF4pxQIsmYTFPA6SAVG8eAS+dl7p75D7GhtLGRznjRlAWZf8hftmx4pk5xrrmQNv2HIDCi+bMbFs/Nu30i6KUfCgVV/1j0YHJXzL4e+mR0Ijp2rFpIFo8uQ4VL6vgExTVZF7g8VqDBK+XfpNb/Iq9NpCtiFoSWE38hbjUNgYbTIiW9F0R9a4rgmIoMG8wHgFHDqCBFHYHyiFBNPtqlKNwtUiDKKc2SUnGkLNRXT17WHx73Byudgsc43A87y+5VlC3z2T6pJ0ui9TjMvh76ZHQiOnasWkgWjy5DmgZB//uJNu+BrXiihdG7yT/B6L4a7oU3M24uaOVnQophV0+7Veldpq5DlaD3PER+uldSkgcl8GG14GjkywreuUgitITic/QXJChvl6sxPnTpWw1WRTwwpnorPKrAGkH67LMevFZAbT1nNdI5bQ8vF2a0m6QIBgRtGdd/sVNghcLx5VyBn2RJVUCftHGz+DsjUwt0lfM5YsDCNOOfHq1ouSzql90B
06-26 11:31:51.719 2644 2892 I UNIPLAYERSDK: PluginManager.cpp:234 PluginManager::sendPluginLoadPingback, sdkv=1.1107.2.04472, pluginId=libuniplayerdata, player_cpluginv=2.1107.0.2821, soName=libuniplayerdata.so, loadType=dlopen_success, errMsg=
06-26 11:31:51.721 2644 2911 I CLog : JNI_OnLoad->enter(hyper)
06-26 11:31:51.721 2644 2911 I CLog : JNI_OnLoad->hyperjniload enter
06-26 11:31:51.721 2644 2911 E hcdn_jni: [func=HCDN_JNI_OnLoad,line=142], JNI_OnLoad of HCDN succeeds
06-26 11:31:51.721 2644 2892 V UFUnilog: api_group_impl.cpp : 422 {fuc=APIGroupImpl:call(),name=longyuan_pb,params=0xc1369b74,callback=0xf2ebff00}
06-26 11:31:51.722 2644 2892 D UFUnilog: api_group_impl.cpp : 1033 {fuc=APIGroupImpl:BuildRequest(),logtag=longyuan_pb_47,request_type=1,client_type=1}
06-26 11:31:51.722 2644 2892 D UNIPLAYERSDK: Pingback.cpp:222 pbFieldDetection() start: pbtype:pluginload
06-26 11:31:51.723 2644 2911 V [MctoJNI]: Hyperplayer_VERSION_NAME : 1.0_202204150949_9097
06-26 11:31:51.723 2644 2911 V [MctoJNI]: system_media_player jni <<>> start javaVM:0xf59cd380
06-26 11:31:51.723 2644 2911 D [MctoJNI]: init pthread_key
06-26 11:31:51.723 2644 2892 V UFUnilog: api_group_impl.cpp : 422 {fuc=APIGroupImpl:call(),name=babelqos_pb,params=0xc1369bcc,callback=0xf2ec0540}
06-26 11:31:51.723 2644 2892 D UFUnilog: api_group_impl.cpp : 1033 {fuc=APIGroupImpl:BuildRequest(),logtag=babelqos_pb_48,request_type=1,client_type=1}
06-26 11:31:51.724 2644 2892 D UNIPLAYERSDK: PluginHelper.cpp:38 PluginHelper::getLibPath(libhyperplayer.so), libPath = /data/user/0/com.tv.kuaisou/files/libHyperPlayerplugin/4.8.1702.9097/libhyperplayer.so
06-26 11:31:51.724 2644 2892 I UNIPLAYERSDK: UniPlayerDataProxy.cpp:472 UniPlayerDataProxy::doInitialize(),hyperPlayerReady(0), hyperPlayerPath(/data/user/0/com.tv.kuaisou/files/libHyperPlayerplugin/4.8.1702.9097/libhyperplayer.so), mLibUniplayerDataPath(/data/user/0/com.tv.kuaisou/files/libuniplayerdata/2.1107.0.2821/libuniplayerdata.so).
06-26 11:31:51.724 2644 2892 D UNIPLAYERSDK: UniPlayerDataProxy.cpp:495 UniPlayerDataProxy::doInitialize(), uniplayerdata version=2.1107.0.2821
06-26 11:31:51.724 2644 2892 D UNIPLAYERSDK: UniPlayerDataProxy.cpp:500 UniPlayerDataProxy::doInitialize() OpenUniplayerData 1.
06-26 11:31:51.727 2644 2892 E UNIPLAYERDATA: Uri.cpp:303 questionMarkVector size is zero
06-26 11:31:51.728 2644 2892 E UNIPLAYERDATA: HttpServer.cpp:543 findPlayerTask(), Invalid Uri().
06-26 11:31:51.728 2644 2892 D UNIPLAYERSDK: UniPlayerDataProxy.cpp:520 UniPlayerDataProxy::doInitialize(): curLevel=3, targetLevel=1
06-26 11:31:51.728 2644 2892 D UNIPLAYERSDK: UniPlayerDataProxy.cpp:526 UniPlayerDataProxy::doInitialize(): curEnableLogcat=1, tarEnableLogcat=1
06-26 11:31:51.730 2644 2911 V [MctoJNI]: <<>>
06-26 11:31:51.731 2644 2892 D UNIPLAYERSDK: UniPlayerDataProxy.cpp:537 start local server
06-26 11:31:51.732 2644 2892 E UNIPLAYERDATA: HcdnLocalserverSdk.cpp:429 getParam(), hcdn localserver sdk not loaded! mJniLoaded=0, mLoadedByJava=0, mFuncGetVersion=0x0
06-26 11:31:51.732 2644 2892 I UNIPLAYERDATA: HttpServer.cpp:474 UniPlayerData Release Info=TV11.7_FOR_FACTORY_V2_2821_a124dd78, Version=2.1107.0.2821, Build Time=2022-06-08 15:35:00, hcdnLocalServer Version=
06-26 11:31:51.732 2644 2892 D UNIPLAYERDATA: HttpServerConfigManager.cpp:34 update(): map, key=ad_cache_min_free_size_mb, value=300
06-26 11:31:51.732 2644 2892 D UNIPLAYERDATA: HttpServerConfigManager.cpp:34 update(): map, key=ad_cache_path_need_to_clean, value=/storage/emulated/0/qcache/data/ad_cache/
06-26 11:31:51.732 2644 2892 D UNIPLAYERDATA: HttpServerConfigManager.cpp:34 update(): map, key=ad_ts_download_segment_count, value=2
06-26 11:31:51.732 2644 2892 D UNIPLAYERDATA: HttpServerConfigManager.cpp:34 update(): map, key=adaptivehls, value=1
06-26 11:31:51.732 2644 2892 D UNIPLAYERDATA: HttpServerConfigManager.cpp:34 update(): map, key=adseamless, value=false
06-26 11:31:51.732 2644 2892 D UNIPLAYERDATA: HttpServerConfigManager.cpp:34 update(): map, key=adts, value=true
06-26 11:31:51.732 2644 2892 D UNIPLAYERDATA: HttpServerConfigManager.cpp:34 update(): map, key=app_files_dir, value=/data/user/0/com.tv.kuaisou/files
06-26 11:31:51.732 2644 2892 D UNIPLAYERDATA: HttpServerConfigManager.cpp:34 update(): map, key=appuuid, value=20180903095708913MvpgVmPh11974
06-26 11:31:51.733 2644 2892 D UNIPLAYERDATA: HttpServerConfigManager.cpp:34 update(): map, key=appversion, value=2.1107.1.220408
06-26 11:31:51.733 2644 2892 D UNIPLAYERDATA: HttpServerConfigManager.cpp:34 update(): map, key=boss_request_param, value=version=11.0&b_ft1=1&dfp=518ee055e2cebd4d098467c6a8e2312bd80b2c8fd462c959f135aeb1d9097bfd21
06-26 11:31:51.733 2644 2892 D UNIPLAYERDATA: HttpServerConfigManager.cpp:34 update(): map, key=can_predeploy, value=1
06-26 11:31:51.734 2644 2892 D UNIPLAYERDATA: HttpServerConfigManager.cpp:34 update(): map, key=chinadrm, value=true
06-26 11:31:51.734 2644 2892 D UNIPLAYERDATA: HttpServerConfigManager.cpp:34 update(): map, key=chinadrmremux, value=true
06-26 11:31:51.734 2644 2892 D UNIPLAYERDATA: HttpServerConfigManager.cpp:34 update(): map, key=curl_dir, value=/data/user/0/com.tv.kuaisou/files/pluginsdkplayer/2.1107.1.220408/1.1107.2.04472/pluginsdkplayer-download-1.1107.2.04472-libs/libmctocurl.so
06-26 11:31:51.734 2644 2892 D UNIPLAYERDATA: HttpServerConfigManager.cpp:34 update(): map, key=daily_max_write, value=0
06-26 11:31:51.734 2644 2892 D UNIPLAYERDATA: HttpServerConfigManager.cpp:34 update(): map, key=device_id, value=tv_9ebeab0821cc109c90e4626ac3a506cd_1750906610804_8810912147
06-26 11:31:51.734 2644 2892 D UNIPLAYERDATA: HttpServerConfigManager.cpp:34 update(): map, key=device_infos, value={"cpuinfo":"","model":"DBBOX-A2","submodel":"","uuid":"20180903095708913MvpgVmPh11974"}
06-26 11:31:51.734 2644 2892 D UNIPLAYERDATA: HttpServerConfigManager.cpp:34 update(): map, key=dfp, value=518ee055e2cebd4d098467c6a8e2312bd80b2c8fd462c959f135aeb1d9097bfd21
06-26 11:31:51.734 2644 2892 D UNIPLAYERDATA: HttpServerConfigManager.cpp:34 update(): map, key=disable_http_direct, value=0
06-26 11:31:51.734 2644 2892 D UNIPLAYERDATA: HttpServerConfigManager.cpp:34 update(): map, key=disable_void_dispatch_opt, value=false
06-26 11:31:51.734 2644 2892 D UNIPLAYERDATA: HttpServerConfigManager.cpp:34 update(): map, key=dolby_pts_must_zero, value=0
06-26 11:31:51.734 2644 2892 D UNIPLAYERDATA: HttpServerConfigManager.cpp:34 update(): map, key=dolby_with_hcdn, value=true
06-26 11:31:51.734 2644 2892 D UNIPLAYERDATA: HttpServerConfigManager.cpp:34 update(): map, key=down_http_code, value=#400#401#403#404#405#500#502#504
06-26 11:31:51.734 2644 2892 D UNIPLAYERDATA: HttpServerConfigManager.cpp:34 update(): map, key=down_timeout, value=30
06-26 11:31:51.734 2644 2892 D UNIPLAYERDATA: HttpServerConfigManager.cpp:34 update(): map, key=dts_use_dvb_standard, value=0
06-26 11:31:51.734 2644 2892 D UNIPLAYERDATA: HttpServerConfigManager.cpp:34 update(): map, key=enable_ad_cupid_pre_dispatch, value=0
06-26 11:31:51.734 2644 2892 D UNIPLAYERDATA: HttpServerConfigManager.cpp:34 update(): map, key=enable_cache_module, value=1
06-26 11:31:51.734 2644 2892 D UNIPLAYERDATA: HttpServerConfigManager.cpp:34 update(): map, key=enable_fake_host, value=1
06-26 11:31:51.734 2644 2892 D UNIPLAYERDATA: HttpServerConfigManager.cpp:34 update(): map, key=enable_puma, value=0
06-26 11:31:51.734 2644 2892 D UNIPLAYERDATA: HttpServerConfigManager.cpp:34 update(): map, key=enalbe_internal_log_for_mhd, value=true
06-26 11:31:51.734 2644 2892 D UNIPLAYERDATA: HttpServerConfigManager.cpp:34 update(): map, key=extreme_memory_mode, value=0
06-26 11:31:51.735 2644 2892 D UNIPLAYERDATA: HttpServerConfigManager.cpp:34 update(): map, key=force_video_time, value=0
06-26 11:31:51.735 2644 2892 D UNIPLAYERDATA: HttpServerConfigManager.cpp:34 update(): map, key=hcdn_enable_stuck_pingback, value=true
06-26 11:31:51.735 2644 2892 D UNIPLAYERDATA: HttpServerConfigManager.cpp:34 update(): map, key=hcdn_max_disk_usage, value=-1
06-26 11:31:51.735 2644 2892 D UNIPLAYERDATA: HttpServerConfigManager.cpp:34 update(): map, key=hcdn_memory_mode, value=0
06-26 11:31:51.735 2644 2892 D UNIPLAYERDATA: HttpServerConfigManager.cpp:34 update(): map, key=hcdn_open_logger_debug_mode, value=1
06-26 11:31:51.735 2644 2892 D UNIPLAYERDATA: HttpServerConfigManager.cpp:34 update(): map, key=hcdn_play_protect_interval, value=3000
06-26 11:31:51.735 2644 2892 D UNIPLAYERDATA: HttpServerConfigManager.cpp:34 update(): map, key=hcdn_support_audio_download, value=0
06-26 11:31:51.735 2644 2892 D UNIPLAYERDATA: HttpServerConfigManager.cpp:34 update(): map, key=hcdn_support_live, value=1
06-26 11:31:51.735 2644 2892 D UNIPLAYERDATA: HttpServerConfigManager.cpp:34 update(): map, key=hcdn_taskid_manage, value=1
06-26 11:31:51.735 2644 2892 D UNIPLAYERDATA: HttpServerConfigManager.cpp:34 update(): map, key=hcdn_ts_complete_timeout, value=-1
06-26 11:31:51.735 2644 2892 D UNIPLAYERDATA: HttpServerConfigManager.cpp:34 update(): map, key=hcdn_ts_disconnect_timeout, value=-1
06-26 11:31:51.735 2644 2892 D UNIPLAYERDATA: HttpServerConfigManager.cpp:34 update(): map, key=hcdn_vipuser_close_upload, value=0
06-26 11:31:51.735 2644 2892 D UNIPLAYERDATA: HttpServerConfigManager.cpp:34 update(): map, key=hcdnls_enable_range, value=1
06-26 11:31:51.735 2644 2892 D UNIPLAYERDATA: HttpServerConfigManager.cpp:34 update(): map, key=hcdnls_json_params, value=
06-26 11:31:51.735 2644 2892 D UNIPLAYERDATA: HttpServerConfigManager.cpp:34 update(): map, key=hcdnls_limit_memory_level, value=-1
06-26 11:31:51.735 2644 2892 D UNIPLAYERDATA: HttpServerConfigManager.cpp:34 update(): map, key=hcdnls_thread_count, value=3
06-26 11:31:51.735 2644 2892 D UNIPLAYERDATA: HttpServerConfigManager.cpp:34 update(): map, key=hcdnproxy, value=true
06-26 11:31:51.735 2644 2892 D UNIPLAYERDATA: HttpServerConfigManager.cpp:34 update(): map, key=hyper_player_path, value=/data/user/0/com.tv.kuaisou/files/libHyperPlayerplugin/4.8.1702.9097/libhyperplayer.so
06-26 11:31:51.735 2644 2892 D UNIPLAYERDATA: HttpServerConfigManager.cpp:34 update(): map, key=i_hcdn_log_level, value=1
06-26 11:31:51.736 2644 2892 D UNIPLAYERDATA: HttpServerConfigManager.cpp:34 update(): map, key=intertrustdrm, value=true
06-26 11:31:51.736 2644 2892 D UNIPLAYERDATA: HttpServerConfigManager.cpp:34 update(): map, key=intertrustdrmremux, value=true
06-26 11:31:51.736 2644 2892 D UNIPLAYERDATA: HttpServerConfigManager.cpp:34 update(): map, key=is_abs_support, value=0
06-26 11:31:51.736 2644 2892 D UNIPLAYERDATA: HttpServerConfigManager.cpp:34 update(): map, key=is_open, value=1
06-26 11:31:51.736 2644 2892 D UNIPLAYERDATA: HttpServerConfigManager.cpp:34 update(): map, key=leave_space, value=-1
06-26 11:31:51.736 2644 2892 D UNIPLAYERDATA: HttpServerConfigManager.cpp:34 update(): map, key=lib_dir, value=/data/user/0/com.tv.kuaisou/files/libuniplayerdata/2.1107.0.2821
06-26 11:31:51.736 2644 2892 D UNIPLAYERDATA: HttpServerConfigManager.cpp:34 update(): map, key=live, value=true
06-26 11:31:51.736 2644 2892 D UNIPLAYERDATA: HttpServerConfigManager.cpp:34 update(): map, key=livenet_log_level, value=1
06-26 11:31:51.736 2644 2892 D UNIPLAYERDATA: HttpServerConfigManager.cpp:34 update(): map, key=localserver_debug_play, value=false
06-26 11:31:51.736 2644 2892 D UNIPLAYERDATA: HttpServerConfigManager.cpp:34 update(): map, key=localserver_http_range_response_correctly, value=2
06-26 11:31:51.736 2644 2892 D UNIPLAYERDATA: HttpServerConfigManager.cpp:34 update(): map, key=localserver_m3u8_range, value=false
06-26 11:31:51.736 2644 2892 D UNIPLAYERDATA: HttpServerConfigManager.cpp:34 update(): map, key=localserver_ts_range, value=0
06-26 11:31:51.736 2644 2892 D UNIPLAYERDATA: HttpServerConfigManager.cpp:34 update(): map, key=mock_download_error, value=
06-26 11:31:51.736 2644 2892 D UNIPLAYERDATA: HttpServerConfigManager.cpp:34 update(): map, key=modules, value=#rawmp4#rawhls#rawts#chinadrm#intertrustdrm#remuxaudiotrack#hcdnproxy#adaptivehls#adts#live#chinadrmremux#intertrustdrmremux
06-26 11:31:51.736 2644 2892 D UNIPLAYERDATA: HttpServerConfigManager.cpp:34 update(): map, key=open_hcdn, value=1
06-26 11:31:51.736 2644 2892 D UNIPLAYERDATA: HttpServerConfigManager.cpp:34 update(): map, key=platform_id, value=14025032401000000000
06-26 11:31:51.736 2644 2892 D UNIPLAYERDATA: HttpServerConfigManager.cpp:34 update(): map, key=pluginversion, value=1.1107.2.04472
06-26 11:31:51.736 2644 2892 D UNIPLAYERDATA: HttpServerConfigManager.cpp:34 update(): map, key=preparing_use_fake_ts, value=2
06-26 11:31:51.736 2644 2892 D UNIPLAYERDATA: HttpServerConfigManager.cpp:34 update(): map, key=rawhls, value=true
06-26 11:31:51.737 2644 2892 D UNIPLAYERDATA: HttpServerConfigManager.cpp:34 update(): map, key=rawmp4, value=true
06-26 11:31:51.737 2644 2892 D UNIPLAYERDATA: HttpServerConfigManager.cpp:34 update(): map, key=rawts, value=true
06-26 11:31:51.737 2644 2892 D UNIPLAYERDATA: HttpServerConfigManager.cpp:34 update(): map, key=remuxaudiotrack, value=true
06-26 11:31:51.737 2644 2892 D UNIPLAYERDATA: HttpServerConfigManager.cpp:34 update(): map, key=root_config_path, value=/data/user/0/com.tv.kuaisou/files/qcache/config/
06-26 11:31:51.737 2644 2892 D UNIPLAYERDATA: HttpServerConfigManager.cpp:34 update(): map, key=root_data_path, value=/storage/emulated/0/qcache/data/
06-26 11:31:51.737 2644 2892 D UNIPLAYERDATA: HttpServerConfigManager.cpp:34 update(): map, key=s_iptv_info, value=
06-26 11:31:51.737 2644 2892 D UNIPLAYERDATA: HttpServerConfigManager.cpp:34 update(): map, key=sdk_root_path, value=/storage/emulated/0
06-26 11:31:51.737 2644 2892 D UNIPLAYERDATA: HttpServerConfigManager.cpp:34 update(): map, key=start_type, value=microhttpd_start
06-26 11:31:51.737 2644 2892 D UNIPLAYERDATA: HttpServerConfigManager.cpp:34 update(): map, key=stucker_config, value={
06-26 11:31:51.737 2644 2892 D UNIPLAYERDATA: "allow_forbid_timeout" : "true",
06-26 11:31:51.737 2644 2892 D UNIPLAYERDATA: "allowed_stuck" : "0",
06-26 11:31:51.737 2644 2892 D UNIPLAYERDATA: "force_forbid_timeout" : "false",
06-26 11:31:51.737 2644 2892 D UNIPLAYERDATA: "limit_maxintervalts_index" : "10",
06-26 11:31:51.737 2644 2892 D UNIPLAYERDATA: "limit_maxintervalts_ms" : "20000",
06-26 11:31:51.737 2644 2892 D UNIPLAYERDATA: "limit_maxstucktimes" : "100",
06-26 11:31:51.737 2644 2892 D UNIPLAYERDATA: "limit_minintervalts_index" : "2",
06-26 11:31:51.737 2644 2892 D UNIPLAYERDATA: "limit_minstucktimes" : "30",
06-26 11:31:51.737 2644 2892 D UNIPLAYERDATA: "verify_auto" : "true"
06-26 11:31:51.737 2644 2892 D UNIPLAYERDATA: }
06-26 11:31:51.737 2644 2892 D UNIPLAYERDATA: HttpServerConfigManager.cpp:34 update(): map, key=use_dvb_standard, value=0
06-26 11:31:51.737 2644 2892 D UNIPLAYERDATA: HttpServerConfigManager.cpp:34 update(): map, key=use_hcdn_localserver_only, value=0
06-26 11:31:51.737 2644 2892 D UNIPLAYERDATA: HttpServerConfigManager.cpp:34 update(): map, key=video_precache_type, value=3
06-26 11:31:51.737 2644 2892 D UNIPLAYERDATA: HttpServerConfigManager.cpp:34 update(): map, key=vodtolive, value=0
06-26 11:31:51.737 2644 2892 D UNIPLAYERDATA: HttpServerConfigManager.cpp:34 update(): map, key=vt_adj_switch, value=0
06-26 11:31:51.738 2644 2911 W [MctoJar - CClassLoader - getLoader:14]: getLoader:dalvik.system.DexClassLoader[DexPathList[[zip file "/data/user/0/com.tv.kuaisou/files/pluginsdkplayer/2.1107.1.220408/1.1107.2.04472/pluginsdkplayer-download-1.1107.2.04472.apk"],nativeLibraryDirectories=[/data/app/~~R_miiohfPY0ThG-K34s-JA==/com.tv.kuaisou-EiZS8PUJYuSq1rzfAcSkAw==/lib/arm, /system/fake-libs, /data/app/~~R_miiohfPY0ThG-K34s-JA==/com.tv.kuaisou-EiZS8PUJYuSq1rzfAcSkAw==/base.apk!/lib/armeabi-v7a, /system/lib, /system/system_ext/lib]]]
06-26 11:31:51.738 2644 2892 V UNIPLAYERDATA: stucker.cpp:476 Stucker::modifyStatus() mMaxStuckTimes=80, mMinIntervalTsIndex=2, mMinIntervalTsMs=2000.000000
06-26 11:31:51.738 2644 2892 V UNIPLAYERDATA: stucker.cpp:353 Stucker::updateConfig() mAllowedStuck=0, mVerifyAuto=1 mLimitMaxStuckTimes=100 mLimitMinStuckTimes=30 mLimitMaxIntervalTsIndex=10 mLimitMinIntervalTsIndex=2 mLimitMaxIntervalTsMs=20000.000000 mAllowForbidTimeout=1 mForceForbidTimeout=0 sJsonParams={
06-26 11:31:51.738 2644 2892 V UNIPLAYERDATA: "allow_forbid_timeout" : "true",
06-26 11:31:51.738 2644 2892 V UNIPLAYERDATA: "allowed_stuck" : "0",
06-26 11:31:51.738 2644 2892 V UNIPLAYERDATA: "force_forbid_timeout" : "false",
06-26 11:31:51.738 2644 2892 V UNIPLAYERDATA: "limit_maxintervalts_index" : "10",
06-26 11:31:51.738 2644 2892 V UNIPLAYERDATA: "limit_maxintervalts_ms" : "20000",
06-26 11:31:51.738 2644 2892 V UNIPLAYERDATA: "limit_maxstucktimes" : "100",
06-26 11:31:51.738 2644 2892 V UNIPLAYERDATA: "limit_minintervalts_index" : "2",
06-26 11:31:51.738 2644 2892 V UNIPLAYERDATA: "limit_minstucktimes" : "30",
06-26 11:31:51.738 2644 2892 V UNIPLAYERDATA: "verify_auto" : "true"
06-26 11:31:51.738 2644 2892 V UNIPLAYERDATA: }
06-26 11:31:51.739 2644 2892 I UNIPLAYERDATA: HttpServer.cpp:152 start(), startType = microhttpd_start
06-26 11:31:51.739 2644 2892 D UNIPLAYERDATA: AbsComponentBase.cpp:9 AbsComponentBase()
06-26 11:31:51.739 2644 2892 D UNIPLAYERDATA: ComponentManager.cpp:154 addComponent: desc=rawmp4
06-26 11:31:51.739 2644 2892 D UNIPLAYERDATA: AbsComponentBase.cpp:9 AbsComponentBase()
06-26 11:31:51.739 2644 2892 D UNIPLAYERDATA: ComponentManager.cpp:154 addComponent: desc=rawhls
06-26 11:31:51.739 2644 2892 D UNIPLAYERDATA: AbsComponentBase.cpp:9 AbsComponentBase()
06-26 11:31:51.739 2644 2892 D UNIPLAYERDATA: ComponentManager.cpp:154 addComponent: desc=rawts
06-26 11:31:51.739 2644 2892 D UNIPLAYERDATA: AbsComponentBase.cpp:9 AbsComponentBase()
06-26 11:31:51.739 2644 2892 D UNIPLAYERDATA: ComponentManager.cpp:154 addComponent: desc=chinadrm
06-26 11:31:51.739 2644 2892 D UNIPLAYERDATA: AbsComponentBase.cpp:9 AbsComponentBase()
06-26 11:31:51.739 2644 2892 D UNIPLAYERDATA: ComponentManager.cpp:154 addComponent: desc=intertrustdrm
06-26 11:31:51.739 2644 2892 D UNIPLAYERDATA: SwitchAudioTrackComponent.cpp:969 createSwitchAudioTrackComponent
06-26 11:31:51.739 2644 2892 D UNIPLAYERDATA: AbsComponentBase.cpp:9 AbsComponentBase()
06-26 11:31:51.740 2644 2892 D UNIPLAYERDATA: ComponentManager.cpp:154 addComponent: desc=remuxaudiotrack
06-26 11:31:51.740 2644 2892 D UNIPLAYERDATA: AbsComponentBase.cpp:9 AbsComponentBase()
06-26 11:31:51.740 2644 2892 D UNIPLAYERDATA: ComponentManager.cpp:154 addComponent: desc=hcdnproxy
06-26 11:31:51.740 2644 2892 D UNIPLAYERDATA: AbsComponentBase.cpp:9 AbsComponentBase()
06-26 11:31:51.740 2644 2892 D UNIPLAYERDATA: AbsComponentBase.cpp:9 AbsComponentBase()
06-26 11:31:51.740 2644 2892 D UNIPLAYERDATA: ComponentManager.cpp:154 addComponent: desc=adaptivehls
06-26 11:31:51.740 2644 2892 D UNIPLAYERDATA: AbsComponentBase.cpp:9 AbsComponentBase()
06-26 11:31:51.740 2644 2892 D UNIPLAYERDATA: ComponentManager.cpp:154 addComponent: desc=adts
06-26 11:31:51.740 2644 2892 D UNIPLAYERDATA: AbsComponentBase.cpp:9 AbsComponentBase()
06-26 11:31:51.740 2644 2892 D UNIPLAYERDATA: ComponentManager.cpp:154 addComponent: desc=live
06-26 11:31:51.740 2644 2892 D UNIPLAYERDATA: AbsComponentBase.cpp:9 AbsComponentBase()
06-26 11:31:51.740 2644 2892 D UNIPLAYERDATA: ComponentManager.cpp:154 addComponent: desc=chinadrmremux
06-26 11:31:51.740 2644 2892 D UNIPLAYERDATA: AbsComponentBase.cpp:9 AbsComponentBase()
06-26 11:31:51.740 2644 2892 D UNIPLAYERDATA: ComponentManager.cpp:154 addComponent: desc=intertrustdrmremux
06-26 11:31:51.740 2644 2892 D UNIPLAYERDATA: AbsComponentBase.cpp:17 AbsComponentBase::setOnErrorListener(0xf229e6c0)
06-26 11:31:51.740 2644 2892 D UNIPLAYERDATA: AbsComponentBase.cpp:24 AbsComponentBase::setOnInfoListener(0xf229e6c4)
06-26 11:31:51.740 2644 2892 D UNIPLAYERDATA: AbsComponentBase.cpp:17 AbsComponentBase::setOnErrorListener(0xf229e6c0)
06-26 11:31:51.740 2644 2892 D UNIPLAYERDATA: AbsComponentBase.cpp:24 AbsComponentBase::setOnInfoListener(0xf229e6c4)
06-26 11:31:51.740 2644 2892 D UNIPLAYERDATA: AbsComponentBase.cpp:17 AbsComponentBase::setOnErrorListener(0xf229e6c0)
06-26 11:31:51.741 2644 2892 D UNIPLAYERDATA: AbsComponentBase.cpp:24 AbsComponentBase::setOnInfoListener(0xf229e6c4)
06-26 11:31:51.741 2644 2892 D UNIPLAYERDATA: AbsComponentBase.cpp:17 AbsComponentBase::setOnErrorListener(0xf229e6c0)
06-26 11:31:51.741 2644 2892 D UNIPLAYERDATA: AbsComponentBase.cpp:24 AbsComponentBase::setOnInfoListener(0xf229e6c4)
06-26 11:31:51.741 2644 2892 D UNIPLAYERDATA: AbsComponentBase.cpp:17 AbsComponentBase::setOnErrorListener(0xf229e6c0)
06-26 11:31:51.741 2644 2892 D UNIPLAYERDATA: AbsComponentBase.cpp:24 AbsComponentBase::setOnInfoListener(0xf229e6c4)
06-26 11:31:51.741 2644 2892 D UNIPLAYERDATA: AbsComponentBase.cpp:17 AbsComponentBase::setOnErrorListener(0xf229e6c0)
06-26 11:31:51.741 2644 2892 D UNIPLAYERDATA: AbsComponentBase.cpp:24 AbsComponentBase::setOnInfoListener(0xf229e6c4)
06-26 11:31:51.741 2644 2892 D UNIPLAYERDATA: AbsComponentBase.cpp:17 AbsComponentBase::setOnErrorListener(0xf229e6c0)
06-26 11:31:51.741 2644 2892 D UNIPLAYERDATA: AbsComponentBase.cpp:24 AbsComponentBase::setOnInfoListener(0xf229e6c4)
06-26 11:31:51.741 2644 2892 D UNIPLAYERDATA: AbsComponentBase.cpp:17 AbsComponentBase::setOnErrorListener(0xf229e6c0)
06-26 11:31:51.741 2644 2892 D UNIPLAYERDATA: AbsComponentBase.cpp:24 AbsComponentBase::setOnInfoListener(0xf229e6c4)
06-26 11:31:51.741 2644 2892 D UNIPLAYERDATA: AbsComponentBase.cpp:17 AbsComponentBase::setOnErrorListener(0xf229e6c0)
06-26 11:31:51.741 2644 2892 D UNIPLAYERDATA: AbsComponentBase.cpp:24 AbsComponentBase::setOnInfoListener(0xf229e6c4)
06-26 11:31:51.741 2644 2892 D UNIPLAYERDATA: AbsComponentBase.cpp:17 AbsComponentBase::setOnErrorListener(0xf229e6c0)
06-26 11:31:51.741 2644 2892 D UNIPLAYERDATA: AbsComponentBase.cpp:24 AbsComponentBase::setOnInfoListener(0xf229e6c4)
06-26 11:31:51.741 2644 2892 D UNIPLAYERDATA: AbsComponentBase.cpp:17 AbsComponentBase::setOnErrorListener(0xf229e6c0)
06-26 11:31:51.741 2644 2892 D UNIPLAYERDATA: AbsComponentBase.cpp:24 AbsComponentBase::setOnInfoListener(0xf229e6c4)
06-26 11:31:51.741 2644 2892 D UNIPLAYERDATA: AbsComponentBase.cpp:17 AbsComponentBase::setOnErrorListener(0xf229e6c0)
06-26 11:31:51.741 2644 2892 D UNIPLAYERDATA: AbsComponentBase.cpp:24 AbsComponentBase::setOnInfoListener(0xf229e6c4)
06-26 11:31:51.741 2644 2892 D UNIPLAYERDATA: FFmpegLoader.cpp:275 FFmpegLoader::unInitializeFunctions
06-26 11:31:51.741 2644 2892 D UNIUTIL : LibraryLoaderUtils.cpp:30 LibraryLoaderUtils::getDebugLibPath isEnableSoDebug=0, libName=libgalauniffmpeg.so, debugLibPath=
06-26 11:31:51.741 2644 2892 I UNIPLAYERDATA: HttpServer.cpp:170 initialize ffmpeg is not ready, Will load ffmpeg lib async
06-26 11:31:51.742 2644 2911 V [MctoJNI]: system_player_jni <<>> end !
06-26 11:31:51.742 2644 2911 I CLog : hyperjniload Compa_JNI_OnLoad2:202204150949 9097
06-26 11:31:51.742 2644 2911 I CLog : JNI_OnLoad->hyperjniload exit
06-26 11:31:51.742 2644 2911 D UNIPLAYERSDK: LibraryLoaderJNI.cpp:60 LibraryLoaderJNI::loadLibrary(/data/user/0/com.tv.kuaisou/files/libHyperPlayerplugin/4.8.1702.9097/libhyperplayer.so), success.
06-26 11:31:51.742 2644 2892 D UNIUTIL : ThreadPriorityCache.cpp:37 getTPVFromThreadPoolName:lPriority, priorityValue 19
06-26 11:31:51.742 2644 2911 I UNIPLAYERSDK: PluginManager.cpp:234 PluginManager::sendPluginLoadPingback, sdkv=1.1107.2.04472, pluginId=libHyperPlayerplugin, player_cpluginv=4.8.1702.9097, soName=libhyperplayer.so, loadType=load_success, errMsg=
06-26 11:31:51.742 2644 2892 I UNIPLAYERDATA: FFmpegLoader.cpp:270 loadFFmpegLibAsync
06-26 11:31:51.742 2644 2892 D UNIPLAYERDATA: ChinaDrmLoader.cpp:148 ChinaDrmLoader::unInitializeFunctions
06-26 11:31:51.742 2644 2892 D UNIUTIL : LibraryLoaderUtils.cpp:30 LibraryLoaderUtils::getDebugLibPath isEnableSoDebug=0, libName=libmonalisa.so, debugLibPath=
06-26 11:31:51.742 2644 2892 I UNIPLAYERDATA: HttpServer.cpp:175 initialize ChinaDrm is not ready, Will load ChinaDrm lib async
06-26 11:31:51.743 2644 2892 D UNIUTIL : ThreadPriorityCache.cpp:37 getTPVFromThreadPoolName:lPriority, priorityValue 19
06-26 11:31:51.743 2644 2892 I UNIPLAYERDATA: ChinaDrmLoader.cpp:90 start loadChinaDrmLibAsync
06-26 11:31:51.743 2644 3163 I UNIUTIL : ThreadImp.cpp:149 set the name of lPriority-2(lPriority-2) to current thread succeed, Tid: 3163
06-26 11:31:51.743 2644 2892 I UNIPLAYERDATA: HttpServer.cpp:180 AdaptiveBitStream HttpServer::start abs support in whitelist:0
06-26 11:31:51.743 2644 2892 I UNIPLAYERDATA: HttpServerDaemon.cpp:353 HttpServerDaemon::startInner(): max_memory=32768, max_connection=5, threadpool_size=4, inactivity_conn_timeout=30S
06-26 11:31:51.745 2644 2892 D UNIPLAYERDATA: HttpUtils.cpp:32 init port 8888 success
06-26 11:31:51.745 2644 2892 D UNIUTIL : LibraryLoaderUtils.cpp:30 LibraryLoaderUtils::getDebugLibPath isEnableSoDebug=0, libName=libmicrohttpd.so, debugLibPath=
06-26 11:31:51.746 2644 2911 V UFUnilog: api_group_impl.cpp : 422 {fuc=APIGroupImpl:call(),name=longyuan_pb,params=0xc08ccc3c,callback=0xf2ec0cc0}
06-26 11:31:51.747 2644 2911 D UFUnilog: api_group_impl.cpp : 1033 {fuc=APIGroupImpl:BuildRequest(),logtag=longyuan_pb_49,request_type=1,client_type=1}
06-26 11:31:51.747 2644 2911 D UNIPLAYERSDK: Pingback.cpp:222 pbFieldDetection() start: pbtype:pluginload
06-26 11:31:51.748 2644 2911 V UFUnilog: api_group_impl.cpp : 422 {fuc=APIGroupImpl:call(),name=babelqos_pb,params=0xc08ccc94,callback=0xf2ec1080}
06-26 11:31:51.749 2644 2911 D UFUnilog: api_group_impl.cpp : 1033 {fuc=APIGroupImpl:BuildRequest(),logtag=babelqos_pb_50,request_type=1,client_type=1}
06-26 11:31:51.749 2644 2911 I UNIPLAYERSDK: HyperPlayerProxy.cpp:90 notifyHyperPlayerLoaded()
06-26 11:31:51.749 2644 2911 I UNIPLAYERSDK: UniPlayerDataProxy.cpp:1093 onHyperPlayerLoaded(), id=libHyperPlayerplugin, type=local, v=4.8.1702.9097, path=/data/user/0/com.tv.kuaisou/files/libHyperPlayerplugin/4.8.1702.9097
06-26 11:31:51.749 2644 2911 I UNIPLAYERSDK: AdConfigUpdateCenter.cpp:41 AdConfigUpdateCenter::onHyperPlayerLoaded(), version=4.8.1702.9097, pluginPath=/data/user/0/com.tv.kuaisou/files/libHyperPlayerplugin/4.8.1702.9097, pluginType=local
06-26 11:31:51.749 2644 2911 D UNIPLAYERSDK: PluginHelper.cpp:38 PluginHelper::getLibPath(libhyperplayer.so), libPath = /data/user/0/com.tv.kuaisou/files/libHyperPlayerplugin/4.8.1702.9097/libhyperplayer.so
06-26 11:31:51.749 2644 2911 I UNIPLAYERSDK: Advertisement.cpp:789 Advertisement::setCupidStatus(libqtp_path, /data/user/0/com.tv.kuaisou/files/libHyperPlayerplugin/4.8.1702.9097/libhyperplayer.so)
06-26 11:31:51.750 2644 2911 I CLog : 2025-06-26 11:31:51.750 T:2911 DEBUG: [CUPID]SetSdkStatusC(): status:{"libqtp_path":"/data/user/0/com.tv.kuaisou/files/libHyperPlayerplugin/4.8.1702.9097/libhyperplayer.so"}
06-26 11:31:51.750 2644 2911 I CLog :
06-26 11:31:51.750 2644 3162 I UNIUTIL : ThreadImp.cpp:149 set the name of lPriority-1(lPriority-1) to current thread succeed, Tid: 3162
06-26 11:31:51.751 2644 3162 I UNIPLAYERDATA: ChinaDrmLoader.cpp:96 initializeFunctions
06-26 11:31:51.759 2644 2892 I UNIPLAYERDATA: MicrohttpdSdk.cpp:90 MicroHttpdSdk::load(): load success, libPath=/data/user/0/com.tv.kuaisou/files/libuniplayerdata/2.1107.0.2821/libmicrohttpd.so, handler=0xf5d22aa0.
06-26 11:31:51.761 2644 2892 I UNIPLAYERDATA: HttpServerDaemon.cpp:376 HttpServerDaemon::startInner(): mDaemon=0xf2ffe300, costTime=17, port=8888
06-26 11:31:51.761 2644 2892 I UNIPLAYERDATA: HttpServer.cpp:184 start(), start uniplayerdata localserver success!
06-26 11:31:51.761 2644 2892 D UNIUTIL : ThreadPriorityCache.cpp:37 getTPVFromThreadPoolName:lPriority, priorityValue 19
06-26 11:31:51.761 2644 2892 I UNIPLAYERDATA: HttpServer.cpp:194 start(), start hcdn localserver async.
06-26 11:31:51.761 2644 3168 I UNIUTIL : ThreadImp.cpp:149 set the name of lPriority-3(lPriority-3) to current thread succeed, Tid: 3168
06-26 11:31:51.762 2644 3168 D UNIPLAYERDATA: CacheManager.cpp:49 CacheManager()
06-26 11:31:51.763 2644 2957 D UFUnilog: UFNQtpClientImpl.cpp : 94 {fuc=UFNQtpFuc:qtpFucInit,interface_msg=qtpstart:0}
06-26 11:31:51.763 2644 2957 I UFUnilog: UFNQtpClientImpl.cpp : 96 {fuc=UFNQtpFuc:qtpFucInit,interface_msg=QTPCONF ONLY CONFIGURED LANDNS is 0}
06-26 11:31:51.763 2644 2911 I CLog : 2025-06-26 11:31:51.763 T:2911 DEBUG: [CUPID]InitQTPLib(): Successed to initialize libqtp!
06-26 11:31:51.763 2644 2957 I UFUnilog: UFNQtpClientImpl.cpp : 103 {fuc=UFNQtpFuc:qtpFucInit,interface_msg=QTPCONF LANDNS APPLY failed, dnsConfigjsonToQtp:}
06-26 11:31:51.764 2644 2911 I CLog : 2025-06-26 11:31:51.763 T:2911 DEBUG: [CUPID]InitQTPLib(): qtp version:2.2.69.2402
06-26 11:31:51.764 2644 2911 I CLog : 2025-06-26 11:31:51.764 T:2911 DEBUG: [CUPID]SetProxyServer(): proxy file path: /storage/emulated/0/qcache/adcache/proxy.conf
06-26 11:31:51.764 2644 3168 D UNIUTIL : ThreadPriorityCache.cpp:48 getTPVFromThreadName :uht, mPriorityIdMap 19
06-26 11:31:51.764 2644 3168 D UNIUTIL : ThreadPriorityCache.cpp:48 getTPVFromThreadName :ct, mPriorityIdMap 19
06-26 11:31:51.764 2644 3168 I UNIPLAYERDATA: CacheManager.cpp:122 CacheManager::createGroup groupTag:stuckerConfig,groupCachePath:/storage/emulated/0/qcache/stucker/,groupStrategy:GroupStrategy@0xf16706c8{mCacheCountThreshold=1, mSizeKbThreshold=1024, mMemorySizeKbThreshold=1024, mMinFreeSizeKb=1024}
06-26 11:31:51.764 2644 3168 I UNIPLAYERDATA: CacheManager.cpp:148 CacheManager::createGroup return groupId:0
06-26 11:31:51.765 2644 3168 V UNIPLAYERDATA: stucker.cpp:364 Stucker::updateCachePath() mCachePath=/storage/emulated/0/qcache/stucker/
06-26 11:31:51.765 2644 2892 D UNIUTIL : ThreadPriorityCache.cpp:37 getTPVFromThreadPoolName:mPriority, priorityValue 10
06-26 11:31:51.765 2644 2911 I CLog : 2025-06-26 11:31:51.765 T:2911 DEBUG: [CUPID]SetProxyServer(): proxy server:
06-26 11:31:51.765 2644 2892 E UNIPLAYERDATA: HcdnLocalserverSdk.cpp:429 getParam(), hcdn localserver sdk not loaded! mJniLoaded=0, mLoadedByJava=0, mFuncGetVersion=0x0
06-26 11:31:51.765 2644 2892 D UNIPLAYERSDK: UniPlayerDataProxy.cpp:548 UniPlayerDataProxy::doInitialize(), Hcdn LocalServer version=
06-26 11:31:51.765 2644 2892 D UNIPLAYERSDK: UniPlayerDataProxy.cpp:561 add cached strategies 1
06-26 11:31:51.765 2644 3170 I CLog : 2025-06-26 11:31:51.765 T:3170 DEBUG: Thread QTPNetWork start, auto delete: false
06-26 11:31:51.765 2644 3170 I CLog : 2025-06-26 11:31:51.765 T:3170 DEBUG: [CUPID]Run(): network-CupidNetWorkThread(QTPNetWork, -1159761472)
06-26 11:31:51.765 2644 3170 I CLog : 2025-06-26 11:31:51.765 T:3170 DEBUG: [CUPID]Run(): network-no request ,waiting begin
06-26 11:31:51.766 2644 3171 I UNIUTIL : ThreadImp.cpp:149 set the name of ct(ct) to current thread succeed, Tid: 3171
06-26 11:31:51.766 2644 2911 I UNIPLAYERSDK: HyperPlayerProxy.cpp:216 HyperPlayerProxy::doLoadHyperPlayer(), System.load hyperPlayer success, libHyperplayer path(/data/user/0/com.tv.kuaisou/files/libHyperPlayerplugin/4.8.1702.9097/libhyperplayer.so).
06-26 11:31:51.766 2644 2892 W UNIPLAYERDATA: AdCacheDatabase.cpp:35 [ad_cache_error], ad database file (/sdcard/qcache/data/ad_cache/ad_database) is not exist
06-26 11:31:51.769 2644 3172 I UNIUTIL : ThreadImp.cpp:149 set the name of mPriority-1(mPriority-1) to current thread succeed, Tid: 3172
06-26 11:31:51.769 2644 2892 I UNIPLAYERDATA: AdLocalCacheFileManager.cpp:189 addStrategy, adType:8, maxSize:4, minFreeSize:30, maxCount:-1, sharedType:8 ,cacheDir:/storage/emulated/0/qcache/data/hd_cache
06-26 11:31:51.769 2644 3172 D UNIPLAYERDATA: MockUtils.cpp:76 MockUtils::getMockString() key=gala.err.start.hcdnls, value=
06-26 11:31:51.769 2644 3172 D UNIPLAYERDATA: MockUtils.cpp:25 MockUtils::getError() debugStr=
06-26 11:31:51.769 2644 3172 W UNIPLAYERDATA: HcdnLocalserverDaemon.cpp:61 start(suggest_port=9888),pbEnable true disconnectTimeout -1 completeTimeout -1
06-26 11:31:51.770 2644 3171 D UNIPLAYERDATA: CacheManager.cpp:1195 CacheManager::WorkHandler::HandleMessage, what=1001, observer=0xf1dbbd00
06-26 11:31:51.770 2644 3171 I UNIPLAYERDATA: CacheManager.cpp:187 CacheManager::scanCacheFiles groupId:0,path:/storage/emulated/0/qcache/stucker/
