06-26 11:31:28.674 391 391 W omx_vdec: <__AwOmxVdecGetExtensionIndex:1737>: GetExtensionIndex OMX.google.android.index.describeColorFormat, err [0x80001001].
06-26 11:31:28.674 391 391 W omx_vdec: <__AwOmxVdecGetExtensionIndex:1737>: GetExtensionIndex OMX.google.android.index.describeColorFormat2, err [0x80001001].
06-26 11:31:28.674 391 391 E omx_vdec: : erro: pParamData->nIndex > m_sPortFormatType.nIndex
06-26 11:31:28.674 391 391 W omx_vdec: <__AwOmxVdecGetExtensionIndex:1737>: GetExtensionIndex OMX.google.android.index.describeColorFormat, err [0x80001001].
06-26 11:31:28.674 391 391 W omx_vdec: <__AwOmxVdecGetExtensionIndex:1737>: GetExtensionIndex OMX.google.android.index.describeColorFormat2, err [0x80001001].
06-26 11:31:28.674 391 391 E omx_vdec: : erro: pParamData->nIndex > m_sPortFormatType.nIndex
06-26 11:31:28.674 391 391 W omx_vdec: <__AwOmxVdecGetExtensionIndex:1737>: GetExtensionIndex OMX.google.android.index.describeColorFormat, err [0x80001001].
06-26 11:31:28.675 391 391 W omx_vdec: <__AwOmxVdecGetExtensionIndex:1737>: GetExtensionIndex OMX.google.android.index.describeColorFormat2, err [0x80001001].
06-26 11:31:28.675 391 391 E omx_vdec: : erro: pParamData->nIndex > m_sPortFormatType.nIndex
06-26 11:31:28.675 391 391 W omx_vdec: <__AwOmxVdecGetExtensionIndex:1737>: GetExtensionIndex OMX.google.android.index.describeColorFormat, err [0x80001001].
06-26 11:31:28.675 391 391 W omx_vdec: <__AwOmxVdecGetExtensionIndex:1737>: GetExtensionIndex OMX.google.android.index.describeColorFormat2, err [0x80001001].
06-26 11:31:28.675 391 391 E omx_vdec: : erro: pParamData->nIndex > m_sPortFormatType.nIndex
06-26 11:31:28.675 391 391 W omx_vdec: <__AwOmxVdecGetExtensionIndex:1737>: GetExtensionIndex OMX.google.android.index.describeColorFormat, err [0x80001001].
06-26 11:31:28.675 391 391 W omx_vdec: <__AwOmxVdecGetExtensionIndex:1737>: GetExtensionIndex OMX.google.android.index.describeColorFormat2, err [0x80001001].
06-26 11:31:28.675 391 391 E omx_vdec: : erro: pParamData->nIndex > m_sPortFormatType.nIndex
06-26 11:31:28.675 391 391 W omx_vdec: <__AwOmxVdecGetExtensionIndex:1737>: GetExtensionIndex OMX.google.android.index.describeColorFormat, err [0x80001001].
06-26 11:31:28.675 391 391 W omx_vdec: <__AwOmxVdecGetExtensionIndex:1737>: GetExtensionIndex OMX.google.android.index.describeColorFormat2, err [0x80001001].
06-26 11:31:28.676 391 391 E omx_vdec: : erro: pParamData->nIndex > m_sPortFormatType.nIndex
06-26 11:31:28.676 391 391 W omx_vdec: <__AwOmxVdecGetExtensionIndex:1737>: GetExtensionIndex OMX.google.android.index.describeColorFormat, err [0x80001001].
06-26 11:31:28.676 391 391 W omx_vdec: <__AwOmxVdecGetExtensionIndex:1737>: GetExtensionIndex OMX.google.android.index.describeColorFormat2, err [0x80001001].
06-26 11:31:28.676 391 391 E omx_vdec: : erro: pParamData->nIndex > m_sPortFormatType.nIndex
06-26 11:31:28.676 391 391 W omx_vdec: <__AwOmxVdecGetExtensionIndex:1737>: GetExtensionIndex OMX.google.android.index.describeColorFormat, err [0x80001001].
06-26 11:31:28.676 391 391 W omx_vdec: <__AwOmxVdecGetExtensionIndex:1737>: GetExtensionIndex OMX.google.android.index.describeColorFormat2, err [0x80001001].
06-26 11:31:28.677 391 391 E omx_vdec: : erro: pParamData->nIndex > m_sPortFormatType.nIndex
06-26 11:31:28.677 391 391 W omx_vdec: <__AwOmxVdecGetExtensionIndex:1737>: GetExtensionIndex OMX.google.android.index.describeColorFormat, err [0x80001001].
06-26 11:31:28.677 391 391 W omx_vdec: <__AwOmxVdecGetExtensionIndex:1737>: GetExtensionIndex OMX.google.android.index.describeColorFormat2, err [0x80001001].
06-26 11:31:28.677 391 391 E omx_vdec: : erro: pParamData->nIndex > m_sPortFormatType.nIndex
06-26 11:31:28.678 391 391 W omx_vdec: <__AwOmxVdecGetExtensionIndex:1737>: GetExtensionIndex OMX.google.android.index.describeColorFormat, err [0x80001001].
06-26 11:31:28.678 391 391 W omx_vdec: <__AwOmxVdecGetExtensionIndex:1737>: GetExtensionIndex OMX.google.android.index.describeColorFormat2, err [0x80001001].
06-26 11:31:28.678 391 391 E omx_vdec: : erro: pParamData->nIndex > m_sPortFormatType.nIndex
06-26 11:31:28.678 391 391 W omx_vdec: <__AwOmxVdecGetExtensionIndex:1737>: GetExtensionIndex OMX.google.android.index.describeColorFormat, err [0x80001001].
06-26 11:31:28.678 391 391 W omx_vdec: <__AwOmxVdecGetExtensionIndex:1737>: GetExtensionIndex OMX.google.android.index.describeColorFormat2, err [0x80001001].
06-26 11:31:28.679 391 391 E omx_vdec: : erro: pParamData->nIndex > m_sPortFormatType.nIndex
06-26 11:31:28.679 391 391 W omx_vdec: <__AwOmxVdecGetExtensionIndex:1737>: GetExtensionIndex OMX.google.android.index.describeColorFormat, err [0x80001001].
06-26 11:31:28.679 391 391 W omx_vdec: <__AwOmxVdecGetExtensionIndex:1737>: GetExtensionIndex OMX.google.android.index.describeColorFormat2, err [0x80001001].
06-26 11:31:28.679 391 391 E omx_vdec: : erro: pParamData->nIndex > m_sPortFormatType.nIndex
06-26 11:31:28.679 391 391 W omx_vdec: <__AwOmxVdecGetExtensionIndex:1737>: GetExtensionIndex OMX.google.android.index.describeColorFormat, err [0x80001001].
06-26 11:31:28.679 391 391 W omx_vdec: <__AwOmxVdecGetExtensionIndex:1737>: GetExtensionIndex OMX.google.android.index.describeColorFormat2, err [0x80001001].
06-26 11:31:28.679 391 391 E omx_vdec: : erro: pParamData->nIndex > m_sPortFormatType.nIndex
06-26 11:31:28.679 391 391 W omx_vdec: <__AwOmxVdecGetExtensionIndex:1737>: GetExtensionIndex OMX.google.android.index.describeColorFormat, err [0x80001001].
06-26 11:31:28.679 391 391 W omx_vdec: <__AwOmxVdecGetExtensionIndex:1737>: GetExtensionIndex OMX.google.android.index.describeColorFormat2, err [0x80001001].
06-26 11:31:28.680 391 391 E omx_vdec: : erro: pParamData->nIndex > m_sPortFormatType.nIndex
06-26 11:31:28.680 391 391 W omx_vdec: <__AwOmxVdecGetExtensionIndex:1737>: GetExtensionIndex OMX.google.android.index.describeColorFormat, err [0x80001001].
06-26 11:31:28.680 391 391 W omx_vdec: <__AwOmxVdecGetExtensionIndex:1737>: GetExtensionIndex OMX.google.android.index.describeColorFormat2, err [0x80001001].
06-26 11:31:28.680 391 391 E omx_vdec: : erro: pParamData->nIndex > m_sPortFormatType.nIndex
06-26 11:31:28.680 391 391 W omx_vdec: <__AwOmxVdecGetExtensionIndex:1737>: GetExtensionIndex OMX.google.android.index.describeColorFormat, err [0x80001001].
06-26 11:31:28.680 391 391 W omx_vdec: <__AwOmxVdecGetExtensionIndex:1737>: GetExtensionIndex OMX.google.android.index.describeColorFormat2, err [0x80001001].
06-26 11:31:28.680 391 391 E omx_vdec: : erro: pParamData->nIndex > m_sPortFormatType.nIndex
06-26 11:31:28.680 391 391 W omx_vdec: <__AwOmxVdecGetExtensionIndex:1737>: GetExtensionIndex OMX.google.android.index.describeColorFormat, err [0x80001001].
06-26 11:31:28.680 391 391 W omx_vdec: <__AwOmxVdecGetExtensionIndex:1737>: GetExtensionIndex OMX.google.android.index.describeColorFormat2, err [0x80001001].
06-26 11:31:28.681 391 391 E omx_vdec: : erro: pParamData->nIndex > m_sPortFormatType.nIndex
06-26 11:31:28.681 391 391 W omx_vdec: <__AwOmxVdecGetExtensionIndex:1737>: GetExtensionIndex OMX.google.android.index.describeColorFormat, err [0x80001001].
06-26 11:31:28.681 391 391 W omx_vdec: <__AwOmxVdecGetExtensionIndex:1737>: GetExtensionIndex OMX.google.android.index.describeColorFormat2, err [0x80001001].
06-26 11:31:28.681 391 391 E omx_vdec: : erro: pParamData->nIndex > m_sPortFormatType.nIndex
06-26 11:31:28.681 391 391 W omx_vdec: <__AwOmxVdecGetExtensionIndex:1737>: GetExtensionIndex OMX.google.android.index.describeColorFormat, err [0x80001001].
06-26 11:31:28.681 391 391 W omx_vdec: <__AwOmxVdecGetExtensionIndex:1737>: GetExtensionIndex OMX.google.android.index.describeColorFormat2, err [0x80001001].
06-26 11:31:28.681 391 391 E omx_vdec: : erro: pParamData->nIndex > m_sPortFormatType.nIndex
06-26 11:31:28.681 391 391 W omx_vdec: <__AwOmxVdecGetExtensionIndex:1737>: GetExtensionIndex OMX.google.android.index.describeColorFormat, err [0x80001001].
06-26 11:31:28.681 391 391 W omx_vdec: <__AwOmxVdecGetExtensionIndex:1737>: GetExtensionIndex OMX.google.android.index.describeColorFormat2, err [0x80001001].
06-26 11:31:28.682 391 391 E omx_vdec: : erro: pParamData->nIndex > m_sPortFormatType.nIndex
06-26 11:31:28.682 391 391 W omx_vdec: <__AwOmxVdecGetExtensionIndex:1737>: GetExtensionIndex OMX.google.android.index.describeColorFormat, err [0x80001001].
06-26 11:31:28.682 391 391 W omx_vdec: <__AwOmxVdecGetExtensionIndex:1737>: GetExtensionIndex OMX.google.android.index.describeColorFormat2, err [0x80001001].
06-26 11:31:28.682 391 391 E omx_vdec: : erro: pParamData->nIndex > m_sPortFormatType.nIndex
06-26 11:31:28.683 391 391 W omx_vdec: <__AwOmxVdecGetExtensionIndex:1737>: GetExtensionIndex OMX.google.android.index.describeColorFormat, err [0x80001001].
06-26 11:31:28.683 391 391 W omx_vdec: <__AwOmxVdecGetExtensionIndex:1737>: GetExtensionIndex OMX.google.android.index.describeColorFormat2, err [0x80001001].
06-26 11:31:28.683 391 391 E omx_vdec: : erro: pParamData->nIndex > m_sPortFormatType.nIndex
06-26 11:31:28.683 391 391 W omx_vdec: <__AwOmxVdecGetExtensionIndex:1737>: GetExtensionIndex OMX.google.android.index.describeColorFormat, err [0x80001001].
06-26 11:31:28.683 391 391 W omx_vdec: <__AwOmxVdecGetExtensionIndex:1737>: GetExtensionIndex OMX.google.android.index.describeColorFormat2, err [0x80001001].
06-26 11:31:28.683 391 391 E omx_vdec: : erro: pParamData->nIndex > m_sPortFormatType.nIndex
06-26 11:31:28.684 391 391 W omx_vdec: <__AwOmxVdecGetExtensionIndex:1737>: GetExtensionIndex OMX.google.android.index.describeColorFormat, err [0x80001001].
06-26 11:31:28.684 391 391 W omx_vdec: <__AwOmxVdecGetExtensionIndex:1737>: GetExtensionIndex OMX.google.android.index.describeColorFormat2, err [0x80001001].
06-26 11:31:28.684 391 391 E omx_vdec: : erro: pParamData->nIndex > m_sPortFormatType.nIndex
06-26 11:31:28.684 391 391 W omx_vdec: <__AwOmxVdecGetExtensionIndex:1737>: GetExtensionIndex OMX.google.android.index.describeColorFormat, err [0x80001001].
06-26 11:31:28.684 391 391 W omx_vdec: <__AwOmxVdecGetExtensionIndex:1737>: GetExtensionIndex OMX.google.android.index.describeColorFormat2, err [0x80001001].
06-26 11:31:28.684 382 474 W ACodec : [OMX.allwinner.video.decoder.vp9] stopping checking formats after 32: COLOR_FormatYUV420Planar(13)
06-26 11:31:28.684 391 391 W omx_vdec: <__AwOmxVdecGetExtensionIndex:1737>: GetExtensionIndex OMX.google.android.index.configureVideoTunnelMode, err [0x80001001].
06-26 11:31:28.684 391 391 E OMXNodeInstance: getExtensionIndex(0xf7699000:allwinner.decoder.vp9, OMX.google.android.index.configureVideoTunnelMode) ERROR: Undefined(0x80001001)
06-26 11:31:28.684 382 474 D MediaCodecInfo: detail feature-tunneled-playback wasn't present to remove
06-26 11:31:28.684 391 391 W omx_vdec: <__AwOmxVdecGetExtensionIndex:1737>: GetExtensionIndex OMX.google.android.index.storeANWBufferInMetadata, err [0x80001001].
06-26 11:31:28.684 391 391 W omx_vdec_aw: <__anSetExtPara:3011>: Setparameter: unknown param 2131755011
06-26 11:31:28.684 391 391 W OMXNodeInstance: [0xf7699000:allwinner.decoder.vp9] component does not support metadata mode; using fallback
06-26 11:31:28.685 391 744 W libc : invalid pthread_t (0) passed to pthread_join
06-26 11:31:28.685 391 744 W libc : invalid pthread_t (0) passed to pthread_join
06-26 11:31:28.685 391 744 W libc : invalid pthread_t (0) passed to pthread_join
06-26 11:31:28.688 249 249 W Zygote : forkRepeatedly terminated due to non-simple command
06-26 11:31:28.688 249 249 D Zygote : mbuffer starts with 14, nice name is webview_zygote, mEnd = 401, mNext = 159, mLinesLeft = 6, mFd = 4
06-26 11:31:28.688 382 474 I OMXClient: IOmx service obtained
06-26 11:31:28.688 391 391 I OMXStore: makeComponentInstance(OMX.allwinner.video.decoder.vp9.secure) in android.hardwar process
06-26 11:31:28.689 391 391 E omx_vdec: : This platform does not support secure video playback
06-26 11:31:28.689 391 391 E omx_sem : : handle is null
06-26 11:31:28.689 391 391 E omx_sem : : handle is null
06-26 11:31:28.689 391 391 E omx_sem : : handle is null
06-26 11:31:28.689 391 391 E omx_sem : : handle is null
06-26 11:31:28.689 391 391 E omx_sem : : handle is null
06-26 11:31:28.689 391 391 W omx_vdec_aw: : pdec is null
06-26 11:31:28.689 391 391 E android.hardware.media.omx@1.0-service: Failed to allocate omx component 'OMX.allwinner.video.decoder.vp9.secure' err=InvalidComponentName(0x80001002)
06-26 11:31:28.690 382 474 W OmxInfoBuilder: Fail to add media type video/x-vnd.on2.vp9 to codec OMX.allwinner.video.decoder.vp9.secure
06-26 11:31:28.692 382 474 I OMXClient: IOmx service obtained
06-26 11:31:28.692 391 391 I OMXStore: makeComponentInstance(OMX.allwinner.video.encoder.avc) in android.hardwar process
06-26 11:31:28.694 480 480 I StatsCompanionService: Told statsd that StatsCompanionService is alive.
06-26 11:31:28.695 480 535 D StatsPullAtomService: Registering NetworkStats pullers with statsd
06-26 11:31:28.697 480 480 I SystemServerTiming: StartNetworkStack
06-26 11:31:28.698 480 480 D ConnectivityModuleConnector: Starting networking module android.net.INetworkStackConnector
06-26 11:31:28.699 480 480 D ConnectivityModuleConnector: Starting networking module in network_stack process
06-26 11:31:28.701 391 391 W cedarc : : cannot open /dev/sunxi_soc_info, it maybe ok!
06-26 11:31:28.701 391 391 I cedarc : : *** ic_version = 0x3301000012011,
06-26 11:31:28.706 391 391 D : enable_cedar_hw_clk,516
06-26 11:31:28.704 480 535 W BestClock: java.time.DateTimeException: Missing NTP fix
06-26 11:31:28.706 480 480 D CompatibilityChangeReporter: Compat change id reported: 135634846; UID 1073; state: DISABLED
06-26 11:31:28.708 480 480 D ConnectivityModuleConnector: Networking module service start requested
06-26 11:31:28.708 480 480 I SystemServerTiming: StartTethering
06-26 11:31:28.708 480 480 D ConnectivityModuleConnector: Starting networking module android.net.ITetheringConnector
06-26 11:31:28.708 704 704 I WebViewLoader-: System.exit called, status: 0
06-26 11:31:28.709 704 704 I AndroidRuntime: VM exiting with result code 0, cleanup skipped.
06-26 11:31:28.710 391 391 E OMXNodeInstance: getParameter(0xf75e6000:allwinner.encoder.avc, ParamVideoProfileLevelQuerySupported(0x600000f)) ERROR: BadParameter(0x80001005)
06-26 11:31:28.711 382 474 W OMXUtils: do not know color format 0x7f000789 = 2130708361
06-26 11:31:28.711 382 474 W OMXUtils: do not know color format 0x7f000001 = 2130706433
06-26 11:31:28.711 391 391 E omx_venc: <__AwOmxVencGetParameter:882>: get_parameter erro: pParamData->nIndex > m_sInPortFormatType.nIndex, param index 3. impl in->index 2.
06-26 11:31:28.711 391 391 E OMXNodeInstance: getConfig(0xf75e6000:allwinner.encoder.avc, ConfigAndroidIntraRefresh(0x6f60000a)) ERROR: UnsupportedIndex(0x8000101a)
06-26 11:31:28.711 391 391 E omx_venc: : get_parameter: unknown param 0xf777bd00
06-26 11:31:28.711 391 391 E omx_venc: 
06-26 11:31:28.711 391 391 E OMXNodeInstance: getParameter(0xf75e6000:allwinner.encoder.avc, ParamVideoIntraRefresh(0x6000006)) ERROR: UnsupportedIndex(0x8000101a)
06-26 11:31:28.711 382 474 D MediaCodecInfo: detail feature-frame-parsing wasn't present to remove
06-26 11:31:28.713 480 480 D ConnectivityModuleConnector: Starting networking module in network_stack process
06-26 11:31:28.715 480 480 D ConnectivityModuleConnector: Networking module service start requested
06-26 11:31:28.715 480 480 I SystemServerTiming: MakeCountryDetectionServiceReady
06-26 11:31:28.715 391 391 I cedarc : : not malloc locks
06-26 11:31:28.716 480 480 I SystemServerTiming: MakeNetworkTimeUpdateReady
06-26 11:31:28.721 391 391 D : disable_cedar_hw_clk,546
06-26 11:31:28.724 480 497 I system_server: Background concurrent copying GC freed 104005(5302KB) AllocSpace objects, 20(656KB) LOS objects, 49% free, 9202KB/17MB, paused 318us total 394.535ms
06-26 11:31:28.725 382 474 I Codec2Client: Available Codec2 services: "software"
06-26 11:31:28.726 480 498 W JHwRemoteBinder: BinderProxy is being destroyed but the application did not call unlinkToDeath to unlink all of its death recipients beforehand. Releasing leaked death recipient: com.android.server.usb.UsbDeviceManager$UsbHandlerHal$UsbGadgetDeathRecipient
06-26 11:31:28.729 397 397 V C2Store : in init
06-26 11:31:28.729 397 397 V C2Store : loading dll
06-26 11:31:28.732 480 480 D ConnectivityService: requestNetwork for uid/pid:1000/480 activeRequest: null callbackRequest: 16 [NetworkRequest [ REQUEST id=17, [ Capabilities: INTERNET&NOT_RESTRICTED&TRUSTED&NOT_VCN_MANAGED Uid: 1000 RequestorUid: 1000 RequestorPkg: android] ]] callback flags: 0 priority: 2147483647
06-26 11:31:28.732 480 535 W BestClock: java.time.DateTimeException: Missing NTP fix
06-26 11:31:28.733 480 480 I SystemServerTiming: MakeInputManagerServiceReady
06-26 11:31:28.734 668 668 V AdapterServiceConfig: Adding HeadsetService
06-26 11:31:28.734 480 618 D ConnectivityService: NetReassign [no changes]
06-26 11:31:28.735 480 609 W BestClock: java.time.DateTimeException: Missing NTP fix
06-26 11:31:28.736 668 668 V AdapterServiceConfig: Adding A2dpService
06-26 11:31:28.737 480 609 W BestClock: java.time.DateTimeException: Missing NTP fix
06-26 11:31:28.737 249 249 D Zygote : Forked child process 761
06-26 11:31:28.737 668 668 V AdapterServiceConfig: Adding HidHostService
06-26 11:31:28.738 668 668 V AdapterServiceConfig: Adding PanService
06-26 11:31:28.738 668 668 V AdapterServiceConfig: Adding GattService
06-26 11:31:28.738 668 668 V AdapterServiceConfig: Adding BluetoothMapService
06-26 11:31:28.738 668 668 V AdapterServiceConfig: Adding AvrcpTargetService
06-26 11:31:28.739 668 668 V AdapterServiceConfig: Adding HidDeviceService
06-26 11:31:28.739 668 668 V AdapterServiceConfig: Adding BluetoothOppService
06-26 11:31:28.739 668 668 V AdapterServiceConfig: Adding BluetoothPbapService
06-26 11:31:28.741 480 703 W ZygoteProcess: Got error connecting to zygote, retrying. msg= Connection refused
06-26 11:31:28.743 480 652 D PPPOE : got request NetworkRequest [ REQUEST id=17, [ Capabilities: INTERNET&NOT_RESTRICTED&TRUSTED&NOT_VCN_MANAGED Uid: 1000 RequestorUid: 1000 RequestorPkg: android] ]
06-26 11:31:28.744 480 600 I InputReader: Reconfiguring input devices, changes=DEVICE_ALIAS |
06-26 11:31:28.748 480 480 I SystemServerTiming: MakeTelephonyRegistryReady
06-26 11:31:28.750 480 600 I InputReader: Reconfiguring input devices, changes=KEYBOARD_LAYOUTS |
06-26 11:31:28.750 480 480 I SystemServerTiming: MakeMediaRouterServiceReady
06-26 11:31:28.751 480 480 I SystemServerTiming: MakeMmsServiceReady
06-26 11:31:28.751 480 480 I MmsServiceBroker: Delay connecting to MmsService until an API is called
06-26 11:31:28.751 480 480 I SystemServerTiming: IncidentDaemonReady
06-26 11:31:28.752 480 480 I SystemServerTiming: MakeIncrementalServiceReady
06-26 11:31:28.752 761 761 I Zygote : seccomp disabled by setenforce 0
06-26 11:31:28.753 480 480 I SystemServerTiming: getCurrentUser
06-26 11:31:28.753 480 480 I ActivityManager: Current user:0
06-26 11:31:28.753 480 480 I SystemServerTiming: ActivityManagerStartApps
06-26 11:31:28.753 480 480 I SystemServerTiming: ssm.StartUser-0
06-26 11:31:28.753 480 480 I SystemServiceManager: Calling onStartUser 0
06-26 11:31:28.754 480 535 W BestClock: java.time.DateTimeException: Missing NTP fix
06-26 11:31:28.757 480 524 W IorapForwardingService: No service published for: iorapd
06-26 11:31:28.766 480 480 V StorageManagerService: Package com.dangbei.lerad.leradwatcher has legacy storage
06-26 11:31:28.766 761 761 I WebViewZygoteInit: Starting WebViewZygoteInit
06-26 11:31:28.767 480 480 V StorageManagerService: Package com.android.cts.priv.ctsshim does not have legacy storage
06-26 11:31:28.767 480 480 V StorageManagerService: Package com.android.dynsystem does not have legacy storage
06-26 11:31:28.767 480 480 V StorageManagerService: Package com.dangbei.lerad.rocky does not have legacy storage
06-26 11:31:28.767 480 480 V StorageManagerService: Package com.android.providers.calendar does not have legacy storage
06-26 11:31:28.767 480 480 V StorageManagerService: Package com.android.tv.settings does not have legacy storage
06-26 11:31:28.767 480 480 V StorageManagerService: Package com.android.providers.media does not have legacy storage
06-26 11:31:28.767 480 480 V StorageManagerService: Package com.oranth.factory does not have legacy storage
06-26 11:31:28.767 480 480 V StorageManagerService: Package com.android.internal.systemui.navbar.gestural_wide_back does not have legacy storage
06-26 11:31:28.768 480 480 V StorageManagerService: Package com.dangbei.zhushou.os does not have legacy storage
06-26 11:31:28.768 480 480 V StorageManagerService: Package com.android.wallpapercropper does not have legacy storage
06-26 11:31:28.768 480 480 V StorageManagerService: Package com.softwinner.provision does not have legacy storage
06-26 11:31:28.768 480 480 V StorageManagerService: Package com.softwinner.awlogsettings does not have legacy storage
06-26 11:31:28.768 480 480 V StorageManagerService: Package com.android.documentsui does not have legacy storage
06-26 11:31:28.768 480 480 V StorageManagerService: Package com.sohu.inputmethod.sogou.tv has legacy storage
06-26 11:31:28.768 480 480 V StorageManagerService: Package com.android.externalstorage does not have legacy storage
06-26 11:31:28.768 480 480 V StorageManagerService: Package com.android.htmlviewer does not have legacy storage
06-26 11:31:28.768 480 480 V StorageManagerService: Package com.android.companiondevicemanager does not have legacy storage
06-26 11:31:28.768 480 480 V StorageManagerService: Package com.android.mms.service does not have legacy storage
06-26 11:31:28.768 480 480 V StorageManagerService: Package com.android.providers.downloads does not have legacy storage
06-26 11:31:28.768 480 480 V StorageManagerService: Package com.android.providers.tv does not have legacy storage
06-26 11:31:28.769 480 480 V StorageManagerService: Package com.android.internal.systemui.onehanded.gestural does not have legacy storage
06-26 11:31:28.769 761 761 I Zygote : seccomp disabled by setenforce 0
06-26 11:31:28.769 480 480 V StorageManagerService: Package com.oranth.ledstatus does not have legacy storage
06-26 11:31:28.769 480 480 V StorageManagerService: Package com.dangbei.lerad.videoposter has legacy storage
06-26 11:31:28.769 480 480 V StorageManagerService: Package com.android.providers.downloads.ui does not have legacy storage
06-26 11:31:28.769 480 480 V StorageManagerService: Package com.android.pacprocessor does not have legacy storage
06-26 11:31:28.769 480 480 V StorageManagerService: Package com.android.simappdialog does not have legacy storage
06-26 11:31:28.769 480 480 V StorageManagerService: Package com.android.networkstack does not have legacy storage
06-26 11:31:28.769 480 480 V StorageManagerService: Package com.android.connectivity.resources does not have legacy storage
06-26 11:31:28.769 480 480 V StorageManagerService: Package com.android.modulemetadata does not have legacy storage
06-26 11:31:28.769 480 480 V StorageManagerService: Package com.android.certinstaller does not have legacy storage
06-26 11:31:28.769 480 480 V StorageManagerService: Package com.android.carrierconfig does not have legacy storage
06-26 11:31:28.769 480 480 V StorageManagerService: Package com.google.android.apps.searchlite.overlay does not have legacy storage
06-26 11:31:28.769 480 480 V StorageManagerService: Package com.android.internal.systemui.navbar.threebutton does not have legacy storage
06-26 11:31:28.769 480 480 V StorageManagerService: Package android does not have legacy storage
06-26 11:31:28.770 480 480 V StorageManagerService: Package com.google.android.networkstackconfig does not have legacy storage
06-26 11:31:28.770 480 480 V StorageManagerService: Package com.softwinner.settingssetup does not have legacy storage
06-26 11:31:28.770 480 480 V StorageManagerService: Package com.android.egg does not have legacy storage
06-26 11:31:28.770 480 480 V StorageManagerService: Package com.android.mtp does not have legacy storage
06-26 11:31:28.770 480 480 V StorageManagerService: Package com.android.backupconfirm does not have legacy storage
06-26 11:31:28.770 480 480 V StorageManagerService: Package com.softwinner.timerswitch does not have legacy storage
06-26 11:31:28.770 480 480 V StorageManagerService: Package com.android.statementservice does not have legacy storage
06-26 11:31:28.770 480 480 V StorageManagerService: Package com.dangbei.screencast has legacy storage
06-26 11:31:28.770 480 480 V StorageManagerService: Package com.android.settings.intelligence does not have legacy storage
06-26 11:31:28.770 480 480 V StorageManagerService: Package com.android.internal.systemui.navbar.gestural_extra_wide_back does not have legacy storage
06-26 11:31:28.770 480 480 V StorageManagerService: Package com.dangbei.leard.leradlauncher does not have legacy storage
06-26 11:31:28.770 480 480 V StorageManagerService: Package com.android.providers.settings does not have legacy storage
06-26 11:31:28.771 480 480 V StorageManagerService: Package com.android.sharedstoragebackup does not have legacy storage
06-26 11:31:28.771 480 480 V StorageManagerService: Package com.android.printspooler does not have legacy storage
06-26 11:31:28.771 480 480 V StorageManagerService: Package com.android.dreams.basic does not have legacy storage
06-26 11:31:28.771 480 480 V StorageManagerService: Package com.android.webview does not have legacy storage
06-26 11:31:28.771 480 480 V StorageManagerService: Package com.android.se does not have legacy storage
06-26 11:31:28.771 480 480 V StorageManagerService: Package com.android.tv does not have legacy storage
06-26 11:31:28.771 480 480 V StorageManagerService: Package com.android.inputdevices does not have legacy storage
06-26 11:31:28.771 480 480 V StorageManagerService: Package com.android.bips does not have legacy storage
06-26 11:31:28.771 480 480 V StorageManagerService: Package com.oranth.inputmacsn does not have legacy storage
06-26 11:31:28.771 480 480 V StorageManagerService: Package com.android.musicfx does not have legacy storage
06-26 11:31:28.771 480 480 V StorageManagerService: Package com.dangbei.hqguide does not have legacy storage
06-26 11:31:28.771 480 480 V StorageManagerService: Package com.dangbei.hqmedia does not have legacy storage
06-26 11:31:28.771 480 480 V StorageManagerService: Package android.ext.shared does not have legacy storage
06-26 11:31:28.772 480 480 V StorageManagerService: Package com.android.onetimeinitializer does not have legacy storage
06-26 11:31:28.772 249 249 D Zygote : Forked child process 771
06-26 11:31:28.773 480 537 W ActivityManager: Slow operation: 68ms so far, now at startProcess: returned from zygote!
06-26 11:31:28.773 480 480 V StorageManagerService: Package com.android.keychain does not have legacy storage
06-26 11:31:28.773 480 480 V StorageManagerService: Package com.android.printservice.recommendation does not have legacy storage
06-26 11:31:28.774 480 480 V StorageManagerService: Package com.google.android.networkstack.tetheringconfig does not have legacy storage
06-26 11:31:28.775 480 537 W ActivityManager: Slow operation: 69ms so far, now at startProcess: done updating battery stats
06-26 11:31:28.775 480 537 W ActivityManager: Slow operation: 70ms so far, now at startProcess: building log message
06-26 11:31:28.775 480 480 V StorageManagerService: Package android.ext.services does not have legacy storage
06-26 11:31:28.775 480 537 I ActivityManager: app.processName = com.android.networkstack.process
06-26 11:31:28.775 480 537 I ActivityManager: Start proc 771:com.android.networkstack.process/1073 for service {com.android.networkstack/com.android.server.NetworkStackService}
06-26 11:31:28.775 480 480 V StorageManagerService: Package com.android.wifi.resources does not have legacy storage
06-26 11:31:28.775 480 537 W ActivityManager: Slow operation: 70ms so far, now at startProcess: starting to update pids map
06-26 11:31:28.775 480 480 V StorageManagerService: Package com.android.localtransport does not have legacy storage
06-26 11:31:28.775 480 480 V StorageManagerService: Package com.android.packageinstaller does not have legacy storage
06-26 11:31:28.775 480 537 W ActivityManager: Slow operation: 70ms so far, now at startProcess: done updating pids map
06-26 11:31:28.775 480 480 V StorageManagerService: Package com.android.theme.font.notoserifsource does not have legacy storage
06-26 11:31:28.775 480 480 V StorageManagerService: Package com.android.proxyhandler does not have legacy storage
06-26 11:31:28.775 480 480 V StorageManagerService: Package com.softwinner.screenshot does not have legacy storage
06-26 11:31:28.775 480 480 V StorageManagerService: Package com.android.managedprovisioning does not have legacy storage
06-26 11:31:28.775 480 480 V StorageManagerService: Package com.oranth.usbopenft does not have legacy storage
06-26 11:31:28.776 480 480 V StorageManagerService: Package com.android.networkstack.tethering does not have legacy storage
06-26 11:31:28.776 480 480 V StorageManagerService: Package com.android.soundpicker does not have legacy storage
06-26 11:31:28.776 480 480 V StorageManagerService: Package com.dangbei.lerad.etna.haqu does not have legacy storage
06-26 11:31:28.776 480 480 V StorageManagerService: Package com.allwinnertech.packageoverride does not have legacy storage
06-26 11:31:28.776 480 480 V StorageManagerService: Package com.android.smspush does not have legacy storage
06-26 11:31:28.776 480 480 V StorageManagerService: Package com.android.wallpaper.livepicker does not have legacy storage
06-26 11:31:28.776 480 480 V StorageManagerService: Package com.tv.filemanager.os has legacy storage
06-26 11:31:28.776 480 480 V StorageManagerService: Package com.oranth.powerwindow does not have legacy storage
06-26 11:31:28.776 480 480 V StorageManagerService: Package com.android.storagemanager does not have legacy storage
06-26 11:31:28.776 480 480 V StorageManagerService: Package com.android.bookmarkprovider does not have legacy storage
06-26 11:31:28.776 480 480 V StorageManagerService: Package com.android.networkstack.permissionconfig does not have legacy storage
06-26 11:31:28.776 480 480 V StorageManagerService: Package com.android.cts.ctsshim does not have legacy storage
06-26 11:31:28.776 480 480 V StorageManagerService: Package com.dangbei.lerad.screensaver does not have legacy storage
06-26 11:31:28.776 480 480 V StorageManagerService: Package com.android.remoteprovisioner does not have legacy storage
06-26 11:31:28.776 480 480 V StorageManagerService: Package com.softwinner.theme.icon does not have legacy storage
06-26 11:31:28.777 480 480 V StorageManagerService: Package com.android.wallpaper does not have legacy storage
06-26 11:31:28.777 480 480 V StorageManagerService: Package com.android.vpndialogs does not have legacy storage
06-26 11:31:28.777 480 480 V StorageManagerService: Package com.android.music does not have legacy storage
06-26 11:31:28.777 480 480 V StorageManagerService: Package com.android.shell does not have legacy storage
06-26 11:31:28.777 480 480 V StorageManagerService: Package com.android.wallpaperbackup does not have legacy storage
06-26 11:31:28.777 480 480 V StorageManagerService: Package com.android.providers.blockednumber does not have legacy storage
06-26 11:31:28.777 480 480 V StorageManagerService: Package com.android.providers.userdictionary does not have legacy storage
06-26 11:31:28.777 480 480 V StorageManagerService: Package com.android.providers.media.module does not have legacy storage
06-26 11:31:28.777 480 480 V StorageManagerService: Package com.softwinner.theme.color does not have legacy storage
06-26 11:31:28.778 480 480 V StorageManagerService: Package com.oranth.storage does not have legacy storage
06-26 11:31:28.778 480 480 V StorageManagerService: Package com.android.hotspot2.osulogin does not have legacy storage
06-26 11:31:28.778 480 480 V StorageManagerService: Package com.android.internal.systemui.navbar.gestural does not have legacy storage
06-26 11:31:28.778 480 480 V StorageManagerService: Package com.android.location.fused does not have legacy storage
06-26 11:31:28.778 480 480 V StorageManagerService: Package com.android.systemui does not have legacy storage
06-26 11:31:28.778 480 480 V StorageManagerService: Package com.dangbei.haqusetting does not have legacy storage
06-26 11:31:28.778 480 480 V StorageManagerService: Package com.android.bluetoothmidiservice does not have legacy storage
06-26 11:31:28.778 480 480 V StorageManagerService: Package com.tv.kuaisou has legacy storage
06-26 11:31:28.778 480 480 V StorageManagerService: Package com.softwinner.awmanager does not have legacy storage
06-26 11:31:28.778 480 480 V StorageManagerService: Package com.android.permissioncontroller does not have legacy storage
06-26 11:31:28.778 480 480 V StorageManagerService: Package com.softwinner.miracastReceiver does not have legacy storage
06-26 11:31:28.778 480 480 V StorageManagerService: Package com.android.traceur does not have legacy storage
06-26 11:31:28.779 480 480 V StorageManagerService: Package com.android.bluetooth does not have legacy storage
06-26 11:31:28.779 480 480 V StorageManagerService: Package com.android.providers.contacts does not have legacy storage
06-26 11:31:28.779 480 480 V StorageManagerService: Package com.android.captiveportallogin does not have legacy storage
06-26 11:31:28.779 480 480 V StorageManagerService: Package com.android.internal.systemui.navbar.gestural_narrow_back does not have legacy storage
06-26 11:31:28.779 480 480 V StorageManagerService: Package android.auto_generated_rro_vendor__ does not have legacy storage
06-26 11:31:28.784 771 771 I Zygote : seccomp disabled by setenforce 0
06-26 11:31:28.785 480 480 W VoiceInteractionManager: no available voice recognition services found for user 0
06-26 11:31:28.785 480 480 W AppBindingService: [Default SMS app] u0 Target package not found
06-26 11:31:28.787 480 480 V GameManagerService: Settings file doesn't exists, skip reading
06-26 11:31:28.788 331 331 I rainbow_flow: type=1400 audit(0.0:340): avc: denied { ioctl } for path="/dev/spidev1.0" dev="tmpfs" ino=6711 ioctlcmd=0x6b00 scontext=u:r:init:s0 tcontext=u:object_r:device:s0 tclass=chr_file permissive=1
06-26 11:31:28.790 480 535 W BestClock: java.time.DateTimeException: Missing NTP fix
06-26 11:31:28.793 480 480 I SystemServerTiming: startPersistentApps
06-26 11:31:28.794 480 609 W BestClock: java.time.DateTimeException: Missing NTP fix
06-26 11:31:28.796 480 535 W BestClock: java.time.DateTimeException: Missing NTP fix
06-26 11:31:28.796 480 609 W BestClock: java.time.DateTimeException: Missing NTP fix
06-26 11:31:28.803 403 417 I adbd : jdwp connection from 771
06-26 11:31:28.804 480 480 D CompatibilityChangeReporter: Compat change id reported: 135634846; UID 1068; state: DISABLED
06-26 11:31:28.805 480 480 I SystemServerTiming: startHomeOnAllDisplays
06-26 11:31:28.806 397 397 V C2Store : in ~ComponentModule
06-26 11:31:28.806 397 397 V C2Store : unloading dll
06-26 11:31:28.806 397 397 V C2Store : in init
06-26 11:31:28.806 397 397 V C2Store : loading dll
06-26 11:31:28.812 249 249 D Zygote : Forked child process 785
06-26 11:31:28.808 681 681 I ndroid.systemui: type=1400 audit(0.0:341): avc: denied { search } for name="com.android.systemui" dev="mmcblk0p25" ino=484 scontext=u:r:platform_app:s0:c512,c768 tcontext=u:object_r:app_data_file:s0:c512,c768 tclass=dir permissive=1 app=com.softwinner.screenshot
06-26 11:31:28.817 681 681 V GraphicsEnvironment: ANGLE Developer option for 'com.android.systemui' set to: 'default'
06-26 11:31:28.817 681 681 V GraphicsEnvironment: Neither updatable production driver nor prerelease driver is supported.
06-26 11:31:28.819 761 761 I WebViewZygoteInit: Beginning application preload for com.android.webview
06-26 11:31:28.821 480 480 I ActivityStarter: ---START u0 {act=android.intent.action.MAIN cat=[android.intent.category.HOME] flg=0x10000100 cmp=com.android.tv.settings/.system.FallbackHome (has extras)} from uid 0
06-26 11:31:28.821 480 535 W BestClock: java.time.DateTimeException: Missing NTP fix
06-26 11:31:28.822 785 785 I Zygote : seccomp disabled by setenforce 0
06-26 11:31:28.826 480 535 W BestClock: java.time.DateTimeException: Missing NTP fix
06-26 11:31:28.827 681 681 D NetworkSecurityConfig: No Network Security Config specified, using platform default
06-26 11:31:28.828 681 681 D NetworkSecurityConfig: No Network Security Config specified, using platform default
06-26 11:31:28.829 249 249 I Zygote : Process 704 exited cleanly (0)
06-26 11:31:28.832 761 761 D nativeloader: classloader namespace configured for unbundled product apk. library_path=/product/app/webview/lib/arm:/product/app/webview/webview.apk!/lib/armeabi-v7a:/product/lib:/system/product/lib
06-26 11:31:28.833 397 397 V C2Store : in ~ComponentModule
06-26 11:31:28.833 397 397 V C2Store : unloading dll
06-26 11:31:28.833 397 397 V C2Store : in init
06-26 11:31:28.834 397 397 V C2Store : loading dll
06-26 11:31:28.840 403 417 I adbd : jdwp connection from 785
06-26 11:31:28.851 397 397 V C2Store : in ~ComponentModule
06-26 11:31:28.851 397 397 V C2Store : unloading dll
06-26 11:31:28.852 397 397 V C2Store : in init
06-26 11:31:28.852 397 397 V C2Store : loading dll
06-26 11:31:28.860 681 681 V SystemUIService: SystemUIApplication constructed.
06-26 11:31:28.866 480 535 W BestClock: java.time.DateTimeException: Missing NTP fix
06-26 11:31:28.869 397 397 V C2Store : in ~ComponentModule
06-26 11:31:28.869 397 397 V C2Store : unloading dll
06-26 11:31:28.870 397 397 V C2Store : in init
06-26 11:31:28.870 397 397 V C2Store : loading dll
06-26 11:31:28.872 480 535 W BestClock: java.time.DateTimeException: Missing NTP fix
06-26 11:31:28.882 397 397 V C2Store : in ~ComponentModule
06-26 11:31:28.882 397 397 V C2Store : unloading dll
06-26 11:31:28.882 397 397 V C2Store : in init
06-26 11:31:28.882 397 397 V C2Store : loading dll
06-26 11:31:28.894 397 397 V C2Store : in ~ComponentModule
06-26 11:31:28.894 397 397 V C2Store : unloading dll
06-26 11:31:28.894 397 397 V C2Store : in init
06-26 11:31:28.894 397 397 V C2Store : loading dll
06-26 11:31:28.900 681 681 I ndroid.systemui: type=1400 audit(0.0:342): avc: denied { search } for name="com.android.systemui" dev="mmcblk0p25" ino=484 scontext=u:r:platform_app:s0:c512,c768 tcontext=u:object_r:app_data_file:s0:c512,c768 tclass=dir permissive=1 app=com.softwinner.screenshot
06-26 11:31:28.900 681 681 I ndroid.systemui: type=1400 audit(0.0:343): avc: denied { getattr } for path="/data/user_de/0/com.android.systemui/cache" dev="mmcblk0p25" ino=485 scontext=u:r:platform_app:s0:c512,c768 tcontext=u:object_r:app_data_file:s0:c512,c768 tclass=dir permissive=1 app=com.softwinner.screenshot
06-26 11:31:28.905 480 504 W StorageManagerService: No primary storage defined yet; hacking together a stub
06-26 11:31:28.908 480 535 W BestClock: java.time.DateTimeException: Missing NTP fix
06-26 11:31:28.910 397 397 V C2Store : in ~ComponentModule
06-26 11:31:28.910 397 397 V C2Store : unloading dll
06-26 11:31:28.910 397 397 V C2Store : in init
06-26 11:31:28.910 397 397 V C2Store : loading dll
06-26 11:31:28.914 480 535 W BestClock: java.time.DateTimeException: Missing NTP fix
06-26 11:31:28.924 397 397 V C2Store : in ~ComponentModule
06-26 11:31:28.924 397 397 V C2Store : unloading dll
06-26 11:31:28.924 397 397 V C2Store : in init
06-26 11:31:28.925 397 397 V C2Store : loading dll
06-26 11:31:28.935 668 668 E droid.bluetoot: [0626/113128.935252:ERROR:hal_version_manager.h(125)] HalVersionManager No supported HAL version
06-26 11:31:28.937 397 397 I mediaswcodec: missing struct descriptor #Param::CoreIndex(--004) for field values of struct #Param::CoreIndex(F-12004)
06-26 11:31:28.938 397 397 I mediaswcodec: missing struct descriptor #Param::CoreIndex(--1812) for field values of struct #Param::CoreIndex(F-11812)
06-26 11:31:28.940 397 397 V C2Store : in ~ComponentModule
06-26 11:31:28.940 397 397 V C2Store : unloading dll
06-26 11:31:28.940 397 397 V C2Store : in init
06-26 11:31:28.940 397 397 V C2Store : loading dll
06-26 11:31:28.942 668 668 I droid.bluetoot: [0626/113128.941961:INFO:btif_config_cache.cc(61)] BtifConfigCache, capacity: 10000
06-26 11:31:28.951 397 397 V C2Store : in ~ComponentModule
06-26 11:31:28.951 397 397 V C2Store : unloading dll
06-26 11:31:28.951 397 397 V C2Store : in init
06-26 11:31:28.951 397 397 V C2Store : loading dll
06-26 11:31:28.953 480 535 W BestClock: java.time.DateTimeException: Missing NTP fix
06-26 11:31:28.956 480 535 W BestClock: java.time.DateTimeException: Missing NTP fix
06-26 11:31:28.960 480 480 D CompatibilityChangeReporter: Compat change id reported: 174042980; UID 1000; state: DISABLED
06-26 11:31:28.960 761 761 I WebViewZygoteInit: Application preload done
06-26 11:31:28.966 397 397 V C2Store : in ~ComponentModule
06-26 11:31:28.966 397 397 V C2Store : unloading dll
06-26 11:31:28.966 397 397 V C2Store : in init
06-26 11:31:28.966 397 397 V C2Store : loading dll
06-26 11:31:28.968 480 480 D libcheckfile: checkfile_init
06-26 11:31:28.969 480 480 D ActivityTaskManager: isHomeLauncher info= ActivityInfo{a722105 com.android.tv.settings.system.FallbackHome}
06-26 11:31:28.974 397 397 V C2Store : in ~ComponentModule
06-26 11:31:28.974 397 397 V C2Store : unloading dll
06-26 11:31:28.974 397 397 V C2Store : in init
06-26 11:31:28.974 397 397 V C2Store : loading dll
06-26 11:31:28.972 801 801 I system_server: type=1400 audit(0.0:344): avc: denied { execute } for name="am" dev="dm-1" ino=1160 scontext=u:r:system_server:s0 tcontext=u:object_r:vendor_file:s0 tclass=file permissive=1
06-26 11:31:28.972 801 801 I system_server: type=1400 audit(0.0:345): avc: denied { read open } for path="/vendor/xbin/am" dev="dm-1" ino=1160 scontext=u:r:system_server:s0 tcontext=u:object_r:vendor_file:s0 tclass=file permissive=1
06-26 11:31:28.972 801 801 I system_server: type=1400 audit(0.0:346): avc: denied { execute_no_trans } for path="/vendor/xbin/am" dev="dm-1" ino=1160 scontext=u:r:system_server:s0 tcontext=u:object_r:vendor_file:s0 tclass=file permissive=1
06-26 11:31:28.972 801 801 I system_server: type=1400 audit(0.0:347): avc: denied { execute } for name="sh" dev="dm-0" ino=1201 scontext=u:r:system_server:s0 tcontext=u:object_r:shell_exec:s0 tclass=file permissive=1
06-26 11:31:28.972 801 801 I system_server: type=1400 audit(0.0:348): avc: denied { read open } for path="/system/bin/sh" dev="dm-0" ino=1201 scontext=u:r:system_server:s0 tcontext=u:object_r:shell_exec:s0 tclass=file permissive=1
06-26 11:31:28.972 801 801 I am : type=1400 audit(0.0:349): avc: denied { map } for path="/system/bin/sh" dev="dm-0" ino=1201 scontext=u:r:system_server:s0 tcontext=u:object_r:shell_exec:s0 tclass=file permissive=1
06-26 11:31:28.976 324 324 I xm_hidread: type=1400 audit(0.0:350): avc: denied { read } for scontext=u:r:init:s0 tcontext=u:r:init:s0 tclass=netlink_kobject_uevent_socket permissive=1
06-26 11:31:28.978 269 269 I AW_PowerHAL: Power setMode: SUSTAINED_PERFORMANCE to: 1
06-26 11:31:28.979 269 269 W AW_PowerHAL: Could not open nsi-bw: No such file or directory
06-26 11:31:28.979 269 269 I AW_PowerHAL: cur-mode:PERFORMANCE
06-26 11:31:28.976 801 801 I am : type=1400 audit(0.0:351): avc: denied { getattr } for path="/system/bin/sh" dev="dm-0" ino=1201 scontext=u:r:system_server:s0 tcontext=u:object_r:shell_exec:s0 tclass=file permissive=1
06-26 11:31:28.985 397 397 V C2Store : in ~ComponentModule
06-26 11:31:28.985 397 397 V C2Store : unloading dll
06-26 11:31:28.986 397 397 V C2Store : in init
06-26 11:31:28.986 397 397 V C2Store : loading dll
06-26 11:31:28.985 248 248 I libphy : 5030000.eth: probed
06-26 11:31:28.986 248 248 E : get_key_map_info()187 - Failed to find "oe" in dts.
06-26 11:31:28.992 480 480 I SystemServerTiming: showSystemReadyErrorDialogs
06-26 11:31:28.992 480 480 I system_server: getFrameworkHalManifest: Reading VINTF information.
06-26 11:31:28.997 248 248 I : sunxi-gmac 5030000.eth eth0: eth0: Type(7) PHY ID 00441400 at 0 IRQ poll (5030000.eth-0:00)
06-26 11:31:28.996 480 480 I system_server: getDeviceHalManifest: Reading VINTF information.
06-26 11:31:28.997 480 535 W BestClock: java.time.DateTimeException: Missing NTP fix
06-26 11:31:28.999 480 535 W BestClock: java.time.DateTimeException: Missing NTP fix
06-26 11:31:29.002 668 668 I BluetoothServiceJni: hal_util_load_bt_library: loaded Bluetooth library successfully
06-26 11:31:29.000 803 803 I am : type=1400 audit(0.0:352): avc: denied { execute_no_trans } for path="/system/bin/cmd" dev="dm-0" ino=937 scontext=u:r:system_server:s0 tcontext=u:object_r:system_file:s0 tclass=file permissive=1
06-26 11:31:29.004 668 668 D BluetoothAdapterService: onCreate()
06-26 11:31:29.005 397 397 V C2Store : in ~ComponentModule
06-26 11:31:29.005 397 397 V C2Store : unloading dll
06-26 11:31:29.005 397 397 V C2Store : in init
06-26 11:31:29.005 397 397 V C2Store : loading dll
06-26 11:31:29.011 480 480 I system_server: getDeviceHalManifest: Successfully processed VINTF information
06-26 11:31:29.011 480 522 I EthernetTracker: interfaceLinkStateChanged, iface: eth0, up: false
06-26 11:31:29.011 480 480 I system_server: getFrameworkHalManifest: Successfully processed VINTF information
06-26 11:31:29.011 480 480 I system_server: getFrameworkCompatibilityMatrix: Reading VINTF information.
06-26 11:31:29.012 480 522 W PppoeNetworkFactory: interfaceLinkStateChanged
06-26 11:31:29.012 480 522 D PppoeNetworkFactory: updateInterface: mIface: mPhyIface:eth0 iface:eth0 link:down
06-26 11:31:29.012 480 522 I EthernetTracker: interfaceLinkStateChanged, iface: eth0, up: false
06-26 11:31:29.012 480 522 W PppoeNetworkFactory: interfaceLinkStateChanged
06-26 11:31:29.012 480 522 D PppoeNetworkFactory: updateInterface: mIface: mPhyIface:eth0 iface:eth0 link:down
06-26 11:31:29.016 397 397 V C2Store : in ~ComponentModule
06-26 11:31:29.016 397 397 V C2Store : unloading dll
06-26 11:31:29.016 397 397 V C2Store : in init
06-26 11:31:29.016 397 397 V C2Store : loading dll
06-26 11:31:29.021 480 651 D EthernetTracker: Tracking interface in client mode: eth0
06-26 11:31:29.021 480 651 D EthernetNetworkFactory: addInterface, iface: eth0, capabilities: [ Transports: ETHERNET Capabilities: NOT_METERED&INTERNET&NOT_RESTRICTED&TRUSTED&NOT_VPN&NOT_ROAMING&NOT_CONGESTED&NOT_SUSPENDED&NOT_VCN_MANAGED LinkUpBandwidth>=100000Kbps LinkDnBandwidth>=100000Kbps]
06-26 11:31:29.022 480 651 D EthernetNetworkFactory: updateCapabilityFilter: [ Transports: ETHERNET Capabilities: NOT_METERED&INTERNET&NOT_RESTRICTED&TRUSTED&NOT_VPN&NOT_ROAMING&NOT_CONGESTED&NOT_SUSPENDED&NOT_VCN_MANAGED]
06-26 11:31:29.023 397 397 V C2Store : in ~ComponentModule
06-26 11:31:29.023 397 397 V C2Store : unloading dll
06-26 11:31:29.023 397 397 V C2Store : in init
06-26 11:31:29.023 397 397 V C2Store : loading dll
06-26 11:31:29.023 480 651 D EthernetNetworkFactory: updateInterfaceLinkState, iface: eth0, up: false
06-26 11:31:29.023 480 651 D EthernetNetworkFactory: updateInterfaceLinkState, iface: eth0, up: false
06-26 11:31:29.024 480 651 D Ethernet: got request NetworkRequest [ REQUEST id=4, [ Transports: ETHERNET Capabilities: INTERNET&NOT_RESTRICTED&TRUSTED&NOT_VPN&NOT_VCN_MANAGED RequestorUid: 1000 RequestorPkg: android] ]
06-26 11:31:29.025 480 651 D EthernetNetworkFactory: acceptRequest, request: NetworkRequest [ REQUEST id=4, [ Transports: ETHERNET Capabilities: INTERNET&NOT_RESTRICTED&TRUSTED&NOT_VPN&NOT_VCN_MANAGED RequestorUid: 1000 RequestorPkg: android] ]
06-26 11:31:29.025 480 651 I EthernetNetworkFactory: networkForRequest, request: NetworkRequest [ REQUEST id=4, [ Transports: ETHERNET Capabilities: INTERNET&NOT_RESTRICTED&TRUSTED&NOT_VPN&NOT_VCN_MANAGED RequestorUid: 1000 RequestorPkg: android] ], network: null
06-26 11:31:29.025 480 651 D Ethernet: got request NetworkRequest [ REQUEST id=1, [ Capabilities: INTERNET&NOT_RESTRICTED&TRUSTED&NOT_VPN&NOT_VCN_MANAGED RequestorUid: 1000 RequestorPkg: android] ]
06-26 11:31:29.025 480 651 D EthernetNetworkFactory: acceptRequest, request: NetworkRequest [ REQUEST id=1, [ Capabilities: INTERNET&NOT_RESTRICTED&TRUSTED&NOT_VPN&NOT_VCN_MANAGED RequestorUid: 1000 RequestorPkg: android] ]
06-26 11:31:29.025 480 651 I EthernetNetworkFactory: networkForRequest, request: NetworkRequest [ REQUEST id=1, [ Capabilities: INTERNET&NOT_RESTRICTED&TRUSTED&NOT_VPN&NOT_VCN_MANAGED RequestorUid: 1000 RequestorPkg: android] ], network: null
06-26 11:31:29.025 480 651 D Ethernet: got request NetworkRequest [ REQUEST id=10, [ Capabilities: INTERNET&NOT_RESTRICTED&TRUSTED&NOT_VCN_MANAGED Uid: 1000 RequestorUid: 1000 RequestorPkg: android] ]
06-26 11:31:29.025 480 651 D EthernetNetworkFactory: acceptRequest, request: NetworkRequest [ REQUEST id=10, [ Capabilities: INTERNET&NOT_RESTRICTED&TRUSTED&NOT_VCN_MANAGED Uid: 1000 RequestorUid: 1000 RequestorPkg: android] ]
06-26 11:31:29.025 480 651 I EthernetNetworkFactory: networkForRequest, request: NetworkRequest [ REQUEST id=10, [ Capabilities: INTERNET&NOT_RESTRICTED&TRUSTED&NOT_VCN_MANAGED Uid: 1000 RequestorUid: 1000 RequestorPkg: android] ], network: null
06-26 11:31:29.025 480 651 D Ethernet: got request NetworkRequest [ REQUEST id=17, [ Capabilities: INTERNET&NOT_RESTRICTED&TRUSTED&NOT_VCN_MANAGED Uid: 1000 RequestorUid: 1000 RequestorPkg: android] ]
06-26 11:31:29.026 480 651 D EthernetNetworkFactory: acceptRequest, request: NetworkRequest [ REQUEST id=17, [ Capabilities: INTERNET&NOT_RESTRICTED&TRUSTED&NOT_VCN_MANAGED Uid: 1000 RequestorUid: 1000 RequestorPkg: android] ]
06-26 11:31:29.026 480 651 I EthernetNetworkFactory: networkForRequest, request: NetworkRequest [ REQUEST id=17, [ Capabilities: INTERNET&NOT_RESTRICTED&TRUSTED&NOT_VCN_MANAGED Uid: 1000 RequestorUid: 1000 RequestorPkg: android] ], network: null
06-26 11:31:29.032 397 397 V C2Store : in ~ComponentModule
