06-26 11:31:50.760 2644 2945 I UNIPLAYERSDK: PbApi.cpp:34 PingbackLog: send success! trycount = 1,serverip = 124.237.225.21,pluginload:http://msg.ptqy.gitv.tv/b:msg=[{"chip":"","core":"4","ct":"160225_pluginload","deviceid":"tv_9ebeab0821cc109c90e4626ac3a506cd_1750906610804_8810912147","diy_tp":"1","dt":"20180903095708913MvpgVmPh11974","errmsg":"","firmver":"SP1A.211105.004","hu":"","hwver":"DBBOX-A2","hwversub":"","is_4kh264":"0","is_4kh265":"0","is_daudio":"0","is_h265":"0","lch_ver":"3.14.6","loadType":"start_dlopen","mac":"20-02-FE-19-C2-0E","memory":"1960M","mod":"cn_s","os":"31","p":"31","p1":"312","p2":"3128","p_ptid":"14025032401000000000","p_uid":"","pf":"3","play_hwversub":"","player_cpluginv":"4.8.1702.9097","player_sn":"1","pluginid":"libHyperPlayerplugin","pu":"","re":"1920x1080","rn":"4562160958","romrsz":"24578","romsz":"26357","sdkv":"1.1107.2.04472","soName":"libhyperplayer.so","t":"11","u":"tv_9ebeab0821cc109c90e4626ac3a506cd","v":"2.1107.1.220408"}]
06-26 11:31:50.760 2644 2945 D UNIPLAYERSDK: PbApi.cpp:40 PingbackLog: send success! pluginload:msg=[{"chip":"","core":"4","ct":"160225_pluginload","deviceid":"tv_9ebeab0821cc109c90e4626ac3a506cd_1750906610804_8810912147","diy_tp":"1","dt":"20180903095708913MvpgVmPh11974","errmsg":"","firmver":"SP1A.211105.004","hu":"","hwver":"DBBOX-A2","hwversub":"","is_4kh264":"0","is_4kh265":"0","is_daudio":"0","is_h265":"0","lch_ver":"3.14.6","loadType":"start_dlopen","mac":"20-02-FE-19-C2-0E","memory":"1960M","mod":"cn_s","os":"31","p":"31","p1":"312","p2":"3128","p_ptid":"14025032401000000000","p_uid":"","pf":"3","play_hwversub":"","player_cpluginv":"4.8.1702.9097","player_sn":"1","pluginid":"libHyperPlayerplugin","pu":"","re":"1920x1080","rn":"4562160958","romrsz":"24578","romsz":"26357","sdkv"
06-26 11:31:50.761 2644 2945 D UNIPLAYERSDK: PbApi.cpp:38 PingbackLog: send success! pluginload::"1.1107.2.04472","soName":"libhyperplayer.so","t":"11","u":"tv_9ebeab0821cc109c90e4626ac3a506cd","v":"2.1107.1.220408"}]
06-26 11:31:50.761 3004 3004 D NetworkSecurityConfig: Using Network Security Config from resource network_security_config debugBuild: false
06-26 11:31:50.764 3004 3004 D NetworkSecurityConfig: Using Network Security Config from resource network_security_config debugBuild: false
06-26 11:31:50.765 2644 3038 D gala_player_PlayerCapabilityManager-JNI: PlayerCapabilityManager_native_getHybridCapability
06-26 11:31:50.765 3004 3004 I MultiDex: VM with version 2.1.0 has multidex support
06-26 11:31:50.766 3004 3004 I MultiDex: Installing application
06-26 11:31:50.766 3004 3004 I MultiDex: VM has multidex support, MultiDex support library is disabled.
06-26 11:31:50.788 2644 2937 V UFUnilog: UFNCurlClientHandleSocket.cpp : 128 {fuc=UFNMultiCurlClientImpl:HandleSocket(),logtag=itv_imgDocs_25,interface_msg=MultiCurlImpl get ok!}
06-26 11:31:50.789 2644 2962 I UFUnilog: UFNCurlClientImpl.cpp : 1199 {fuc=UFNCurlClientImpl:PerformEnd(),logtag=itv_imgDocs_25,ufn_curl_client_code=0,http_code=200,code_msg=UFN Curl Client Success!}
06-26 11:31:50.790 2644 3038 D UNIPLAYERSDK: PluginHelper.cpp:38 PluginHelper::getLibPath(libmcto_media_player.so), libPath = /data/user/0/com.tv.kuaisou/files/LibPlayerPuma/4.8.1702.6907/libmcto_media_player.so
06-26 11:31:50.791 2644 3038 D UNIPLAYERSDK: PluginHelper.cpp:38 PluginHelper::getLibPath(libmcto_media_player.so), libPath = /data/user/0/com.tv.kuaisou/files/LibPlayerPuma/4.8.1702.6907/libmcto_media_player.so
06-26 11:31:50.799 2644 2962 I UFUnilog: UFNCurlClientImpl.cpp : 1282 {fuc=UFNCurlClientImpl:PerformEnd(),logtag=itv_imgDocs_25,ssl_version=BoringSSL,ssl_verify_result=0,certinfo_count=3}
06-26 11:31:50.799 2644 2962 I UFUnilog: UFNCurlClientImpl.cpp : 1322 {fuc=UFNCurlClientImpl:PerformEnd(),logtag=itv_imgDocs_25,local_ip=192.168.3.161,server_ip=116.211.189.170,protocol_version=4,name_lookup_time=0ms,connect_time_out=32ms,ssl_connect_time=727ms,pre_transfer_time=736ms,start_transfer_time=809ms,redirect_time=0ms,response_time=812ms,curlclienttime=836ms,redirect_count=0,client_type=1,port=443}
06-26 11:31:50.799 2644 2962 I UFUnilog: UFNCurlClientImpl.cpp : 1325 {fuc=UFNCurlClientImpl:PerformEnd(),logtag=itv_imgDocs_25,content_type=application/json; charset=utf-8,recv_header_size=243,response_size=2117}
06-26 11:31:50.799 2644 2944 I UNIPLAYERSDK: PluginHelper.cpp:54 [PluginHelper-LibPlayerPuma]PluginHelper:: plugin module has been downlowd. Use download Modules.
06-26 11:31:50.799 2644 2962 I UFUnilog: UFNCurlClientImpl.cpp : 1344 {fuc=UFNCurlClientImpl:PerformEnd(),logtag=itv_imgDocs_25,verbose=Connecting to hostname: 116.211.189.170; Trying 116.211.189.170:443...;Connected to 116.211.189.170 (116.211.189.170) port 443 (#7);ALPN, offering h2;ALPN, offering http/1.1;successfully set certificate verify locations:; CAfile: /data/user/0/com.tv.kuaisou/files/cacert_b.pem; CApath: none;TLSv1.2 (OUT), TLS handshake, Client hello (1):;TLSv1.2 (IN), TLS handshake, Server hello (2):;TLSv1.3 (OUT), TLS change cipher, Change cipher spec (1):;TLSv1.3 (IN), TLS handshake, Encrypted Extensions (8):;TLSv1.3 (IN), TLS handshake, Certificate (11):;TLSv1.3 (IN), TLS handshake, CERT verify (15):;TLSv1.3 (IN), TLS handshake, Finished (20):;TLSv1.3 (OUT), TLS handshake, Finished (20):;SSL connection using TLSv1.3 / TLS_AES_256_GCM_SHA384;ALPN, server accepted to use h2;Server certificate:; subject: C=CN; ST=\U5317\U4EAC; L=\U5317\U4EAC; O=\U94F6\U6CB3\U4E92\U8054\U7F51\U7535\U89C6\U6709\U9650\U516C\U53F8; CN=*.ptqy.gitv.tv; s
06-26 11:31:50.799 2644 2944 I UNIPLAYERSDK: PluginHelper.cpp:62 [PluginHelper-LibPlayerPuma]PluginHelper::correctModuleJsonPath, ret =1
06-26 11:31:50.799 2644 2962 I UFUnilog: UFNCurlClientImpl.cpp : 1352 {fuc=UFNCurlClientImpl:PerformEnd(),logtag=itv_imgDocs_25,recv_data={"imgDocs":[{"dailyTagsId2":"24318422412,204913812,213417812,204913612,213560012,204913412","extends":{}},{"extends":{},"watchlater_detail_login_maintitle":"登录后完成添加"},{"extends":{},"loginbg_p":""},{"extends":{},"pointAwardChannel":"XBEe6rMmBtCPtk1Z_0qIE5yxBU7MZrlSl_rrVClW5Y8mjZPjs5_ujt76o5n5ENvFTCW"},{"VIP_logoutpic":"http://stv.ptqy.gitv.tv/stv/20201222/26810517/0/feivip.png","extends":{}},{"extends":{},"watchlater_detail_login_subtitle":"登录还可免费看1080P高清内容哦~"},{"extends":{},"login_t":"扫码登录"},{"extends":{},"fullversionMark":"http://stv.ptqy.gitv.tv/stv/20221215/27851586/0/27249d57348c00c6edd028bf6fb6546e.png"},{"extends":{},"nonVIP_logoutpic":"http://stv.ptqy.gitv.tv/stv/20230516/28070317/0/1111_28919f21d94df90402670afad18c18f0.png"},{"extends":{},"subwx_detail_follow_maintitle":"关注公众号后完成添加"},{"extends":{},"loginsub_t":"畅享高清1080P内容!"},
06-26 11:31:50.799 2644 2962 V UFUnilog: UFNMultiCurlClientImpl.cpp : 102 {fuc=UFNMultiCurlClientImpl:Perform(),logtag=itv_imgDocs_25,interface_msg=Out}
06-26 11:31:50.800 2644 2944 I UNIPLAYERSDK: FetchPlayerConfig.cpp:1091 onNativePluginLoaded(), id=LibPlayerPuma, type=local, v=4.8.1702.6907, path=/data/user/0/com.tv.kuaisou/files/LibPlayerPuma/4.8.1702.6907
06-26 11:31:50.800 2644 2944 I UNIPLAYERSDK: FetchPlayerConfig.cpp:1047 notifyUpdated :0
06-26 11:31:50.803 2644 2962 V UFUnilog: api_engine.cpp : 181 {fuc=APIEngine:Call(),logtag=itv_imgDocs_25,interface_msg=Start Try!,try_count=1}
06-26 11:31:50.819 2644 2962 D UFUnilog: api_strategy_impl.cpp : 890 {fuc=APIStrategyImpl:PickConfig(),logtag=itv_imgDocs_25,strategyname=httpdns-strategy,interface_msg=pick prior custom dns strategy}
06-26 11:31:50.819 2644 2962 I UFUnilog: api_engine.cpp : 381 {fuc=APIEngine:Call(),logtag=itv_imgDocs_25,try_count=1,curl_detail_code=0,curl_detail_time=836ms,curl_handle_detail_time=812ms,server_ip_detail=116.211.189.170,dns_detail_type=1,http_detail_code=200,ip_detail_net_type=0,total_time=881ms,apicode=0}
06-26 11:31:50.821 2644 2919 V UFUnilog: api_engine.cpp : 181 {fuc=APIEngine:Call(),logtag=pingback_itv_imgDocs_25_33,interface_msg=Start Try!,try_count=0}
06-26 11:31:50.821 2644 2919 D UFUnilog: api_strategy_impl.cpp : 155 {fuc=APIStrategyImpl:JudgeStrategyOpporunity(),logtag=pingback_itv_imgDocs_25_33,strategyname=antihijackhttps-strategy,interface_msg=Ignore Domain List,domain=msg.ptqy.gitv.tv}
06-26 11:31:50.821 2644 2919 V UFUnilog: api_strategy_impl.cpp : 378 {fuc=APIStrategyImpl:CreateStrategyResult(),logtag=pingback_itv_imgDocs_25_33,strategyname=antihijackhttps-strategy,current_try_count=0,interface_msg=try to get ip list from dns_type = 1}
06-26 11:31:50.821 2644 2919 D UFUnilog: api_httpdns_query.cpp : 90 {fuc=APIHttpDnsQuery:GetIpListByDomainName(),interface_msg=try to get ip list by domain name msg.ptqy.gitv.tv}
06-26 11:31:50.821 2644 2919 D UFUnilog: api_httpdns_query.cpp : 113 {fuc=APIHttpDnsQuery:GetIpListByDomainName(),interface_msg=Get ip list success!,domain=msg.ptqy.gitv.tv}
06-26 11:31:50.821 2644 2919 V UFUnilog: api_strategy_impl.cpp : 485 {fuc=APIStrategyImpl:CreateStrategyResult(),logtag=pingback_itv_imgDocs_25_33,strategyname=antihijackhttps-strategy,interface_msg=complete build strategy result,suggest_url_params=,suggest_protocol=}
06-26 11:31:50.821 2644 2919 V UFUnilog: UFNMultiCurlClientImpl.cpp : 24 {fuc=UFNMultiCurlClientImpl:Perform(),logtag=pingback_itv_imgDocs_25_33,interface_msg=In}
06-26 11:31:50.822 2644 2919 V UFUnilog: UFNCurlClientHandleSocketPool.cpp : 46 {fuc=UFNMultiCurlClientHandleSocket:AddEasyHandle(),logtag=pingback_itv_imgDocs_25_33,interface_msg=add easyCurl to MultiCurl!}
06-26 11:31:50.824 2644 2938 V UFUnilog: UFNCurlClientHandleSocket.cpp : 128 {fuc=UFNMultiCurlClientImpl:HandleSocket(),logtag=itv_imgDocs_27,interface_msg=MultiCurlImpl get ok!}
06-26 11:31:50.826 2644 2961 I UFUnilog: UFNCurlClientImpl.cpp : 1199 {fuc=UFNCurlClientImpl:PerformEnd(),logtag=itv_imgDocs_27,ufn_curl_client_code=0,http_code=200,code_msg=UFN Curl Client Success!}
06-26 11:31:50.827 2644 2961 I UFUnilog: UFNCurlClientImpl.cpp : 1282 {fuc=UFNCurlClientImpl:PerformEnd(),logtag=itv_imgDocs_27,ssl_version=BoringSSL,ssl_verify_result=0,certinfo_count=3}
06-26 11:31:50.827 2644 2961 I UFUnilog: UFNCurlClientImpl.cpp : 1322 {fuc=UFNCurlClientImpl:PerformEnd(),logtag=itv_imgDocs_27,local_ip=192.168.3.161,server_ip=116.211.189.170,protocol_version=4,name_lookup_time=0ms,connect_time_out=24ms,ssl_connect_time=495ms,pre_transfer_time=521ms,start_transfer_time=563ms,redirect_time=0ms,response_time=564ms,curlclienttime=595ms,redirect_count=0,client_type=1,port=443}
06-26 11:31:50.827 2644 2961 I UFUnilog: UFNCurlClientImpl.cpp : 1325 {fuc=UFNCurlClientImpl:PerformEnd(),logtag=itv_imgDocs_27,content_type=application/json; charset=utf-8,recv_header_size=243,response_size=2117}
06-26 11:31:50.827 2644 2961 I UFUnilog: UFNCurlClientImpl.cpp : 1344 {fuc=UFNCurlClientImpl:PerformEnd(),logtag=itv_imgDocs_27,verbose=Connecting to hostname: 116.211.189.170;Hostname 116.211.189.170 was found in DNS cache; Trying 116.211.189.170:443...;Connected to 116.211.189.170 (116.211.189.170) port 443 (#4);ALPN, offering h2;ALPN, offering http/1.1;successfully set certificate verify locations:; CAfile: /data/user/0/com.tv.kuaisou/files/cacert_b.pem; CApath: none;TLSv1.2 (OUT), TLS handshake, Client hello (1):;TLSv1.2 (IN), TLS handshake, Server hello (2):;TLSv1.3 (OUT), TLS change cipher, Change cipher spec (1):;TLSv1.3 (IN), TLS handshake, Encrypted Extensions (8):;TLSv1.3 (IN), TLS handshake, Certificate (11):;TLSv1.3 (IN), TLS handshake, CERT verify (15):;TLSv1.3 (IN), TLS handshake, Finished (20):;TLSv1.3 (OUT), TLS handshake, Finished (20):;SSL connection using TLSv1.3 / TLS_AES_256_GCM_SHA384;ALPN, server accepted to use h2;Server certificate:; subject: C=CN; ST=\U5317\U4EAC; L=\U5317\U4EAC; O=\U94F6\U6CB3\U4E92\U8054\U7F51\U7535\U89
06-26 11:31:50.827 2644 2961 I UFUnilog: UFNCurlClientImpl.cpp : 1352 {fuc=UFNCurlClientImpl:PerformEnd(),logtag=itv_imgDocs_27,recv_data={"imgDocs":[{"dailyTagsId2":"24318422412,204913812,213417812,204913612,213560012,204913412","extends":{}},{"extends":{},"watchlater_detail_login_maintitle":"登录后完成添加"},{"extends":{},"loginbg_p":""},{"extends":{},"pointAwardChannel":"XBEe6rMmBtCPtk1Z_0qIE5yxBU7MZrlSl_rrVClW5Y8mjZPjs5_ujt76o5n5ENvFTCW"},{"VIP_logoutpic":"http://stv.ptqy.gitv.tv/stv/20201222/26810517/0/feivip.png","extends":{}},{"extends":{},"watchlater_detail_login_subtitle":"登录还可免费看1080P高清内容哦~"},{"extends":{},"login_t":"扫码登录"},{"extends":{},"fullversionMark":"http://stv.ptqy.gitv.tv/stv/20221215/27851586/0/27249d57348c00c6edd028bf6fb6546e.png"},{"extends":{},"nonVIP_logoutpic":"http://stv.ptqy.gitv.tv/stv/20230516/28070317/0/1111_28919f21d94df90402670afad18c18f0.png"},{"extends":{},"subwx_detail_follow_maintitle":"关注公众号后完成添加"},{"extends":{},"loginsub_t":"畅享高清1080P内容!"},
06-26 11:31:50.827 2644 2961 V UFUnilog: UFNMultiCurlClientImpl.cpp : 102 {fuc=UFNMultiCurlClientImpl:Perform(),logtag=itv_imgDocs_27,interface_msg=Out}
06-26 11:31:50.827 2644 2961 V UFUnilog: api_engine.cpp : 181 {fuc=APIEngine:Call(),logtag=itv_imgDocs_27,interface_msg=Start Try!,try_count=1}
06-26 11:31:50.827 2644 2961 D UFUnilog: api_strategy_impl.cpp : 890 {fuc=APIStrategyImpl:PickConfig(),logtag=itv_imgDocs_27,strategyname=httpdns-strategy,interface_msg=pick prior custom dns strategy}
06-26 11:31:50.828 2644 2962 D UNIPLAYERSDK: ApiUtil.cpp:22 ToString(Json) not string type! value.type()=0
06-26 11:31:50.828 2644 2962 D UNIPLAYERSDK: ApiUtil.cpp:22 ToString(Json) not string type! value.type()=0
06-26 11:31:50.828 2644 2961 I UFUnilog: api_engine.cpp : 381 {fuc=APIEngine:Call(),logtag=itv_imgDocs_27,try_count=1,curl_detail_code=0,curl_detail_time=595ms,curl_handle_detail_time=564ms,server_ip_detail=116.211.189.170,dns_detail_type=1,http_detail_code=200,ip_detail_net_type=0,total_time=885ms,apicode=0}
06-26 11:31:50.829 2644 2962 D CommonDataCallback-JNI: onDone!
06-26 11:31:50.829 2644 2962 D CommonDataCallback-JNI: onDone into!
06-26 11:31:50.829 2644 2962 E JNIHelper: getJNIEnv: Failed to obtain JNIEnv
06-26 11:31:50.831 2644 2921 V UFUnilog: api_engine.cpp : 181 {fuc=APIEngine:Call(),logtag=pingback_itv_imgDocs_27_34,interface_msg=Start Try!,try_count=0}
06-26 11:31:50.831 2644 2921 D UFUnilog: api_strategy_impl.cpp : 155 {fuc=APIStrategyImpl:JudgeStrategyOpporunity(),logtag=pingback_itv_imgDocs_27_34,strategyname=antihijackhttps-strategy,interface_msg=Ignore Domain List,domain=msg.ptqy.gitv.tv}
06-26 11:31:50.831 2644 2921 V UFUnilog: api_strategy_impl.cpp : 378 {fuc=APIStrategyImpl:CreateStrategyResult(),logtag=pingback_itv_imgDocs_27_34,strategyname=antihijackhttps-strategy,current_try_count=0,interface_msg=try to get ip list from dns_type = 1}
06-26 11:31:50.831 2644 2921 D UFUnilog: api_httpdns_query.cpp : 90 {fuc=APIHttpDnsQuery:GetIpListByDomainName(),interface_msg=try to get ip list by domain name msg.ptqy.gitv.tv}
06-26 11:31:50.831 2644 2921 D UFUnilog: api_httpdns_query.cpp : 113 {fuc=APIHttpDnsQuery:GetIpListByDomainName(),interface_msg=Get ip list success!,domain=msg.ptqy.gitv.tv}
06-26 11:31:50.831 2644 2961 D UNIPLAYERSDK: ApiUtil.cpp:22 ToString(Json) not string type! value.type()=0
06-26 11:31:50.831 2644 2921 V UFUnilog: api_strategy_impl.cpp : 485 {fuc=APIStrategyImpl:CreateStrategyResult(),logtag=pingback_itv_imgDocs_27_34,strategyname=antihijackhttps-strategy,interface_msg=complete build strategy result,suggest_url_params=,suggest_protocol=}
06-26 11:31:50.831 2644 2961 D UNIPLAYERSDK: ApiUtil.cpp:22 ToString(Json) not string type! value.type()=0
06-26 11:31:50.831 2644 2921 V UFUnilog: UFNMultiCurlClientImpl.cpp : 24 {fuc=UFNMultiCurlClientImpl:Perform(),logtag=pingback_itv_imgDocs_27_34,interface_msg=In}
06-26 11:31:50.832 2644 2961 D CommonDataCallback-JNI: onDone!
06-26 11:31:50.832 2644 2961 D CommonDataCallback-JNI: onDone into!
06-26 11:31:50.832 2644 2961 E JNIHelper: getJNIEnv: Failed to obtain JNIEnv
06-26 11:31:50.835 2644 2921 V UFUnilog: UFNCurlClientHandleSocketPool.cpp : 46 {fuc=UFNMultiCurlClientHandleSocket:AddEasyHandle(),logtag=pingback_itv_imgDocs_27_34,interface_msg=add easyCurl to MultiCurl!}
06-26 11:31:50.871 1 1 I init : processing action (debug.launcher3.exit=1) from (/vendor/etc/init/init.scheduler.rc:1)
06-26 11:31:50.869 2644 2962 D CommonDataCallback-JNI: onDone JNIEnv!
06-26 11:31:50.876 2644 2962 E NetWorkData-JNI: gala_player_NetWorkData: apicode
06-26 11:31:50.876 2644 2962 E NetWorkData-JNI: gala_player_NetWorkData: httpCode
06-26 11:31:50.879 2644 2961 D CommonDataCallback-JNI: onDone JNIEnv!
06-26 11:31:50.879 2644 2961 E NetWorkData-JNI: gala_player_NetWorkData: apicode
06-26 11:31:50.879 2644 2961 E NetWorkData-JNI: gala_player_NetWorkData: httpCode
06-26 11:31:50.882 2644 3038 I PlayerConfigCache: [TID 3038] < terminating. Have a great day.
06-26 11:31:51.055 2644 2962 D UNIPLAYERSDK: ApiUtil.cpp:22 ToString(Json) not string type! value.type()=0
06-26 11:31:51.055 2644 2962 D UNIPLAYERSDK: ApiUtil.cpp:22 ToString(Json) not string type! value.type()=0
06-26 11:31:51.055 2644 2962 D CommonDataCallback-JNI: onDone!
06-26 11:31:51.055 2644 2962 D CommonDataCallback-JNI: onDone into!
06-26 11:31:51.055 2644 2962 E JNIHelper: getJNIEnv: Failed to obtain JNIEnv
06-26 11:31:51.056 2644 2962 D CommonDataCallback-JNI: onDone JNIEnv!
06-26 11:31:51.056 2644 2962 E NetWorkData-JNI: gala_player_NetWorkData: apicode
06-26 11:31:51.056 2644 2962 E NetWorkData-JNI: gala_player_NetWorkData: httpCode
06-26 11:31:51.056 2644 2962 E NetWorkData-JNI: gala_player_NetWorkData: reponse
06-26 11:31:51.056 2644 2962 D CommonDataCallback-JNI: onDone networkData!
06-26 11:31:51.056 2644 2962 D CommonDataCallback-JNI: onDone mCallback not null!
06-26 11:31:51.056 2644 2962 D TVUNIPLAYER: BitStreamConfigParse@a4526c1 : fetchNetDate imgDocs onDone:0/200
06-26 11:31:51.072 2644 2967 I TVUNIPLAYER: BitStreamConfigParse@a4526c1 : fetchNetDate max_4k_change_iconhttp://stv.ptqy.gitv.tv/stv/20200624/26549635/0/reliao_img_1590996835627.png
06-26 11:31:51.072 2644 2967 I TVUNIPLAYER: BitStreamConfigParse@a4526c1 : setConfigBitStreamChangeIconUrl url: http://stv.ptqy.gitv.tv/stv/20200624/26549635/0/reliao_img_1590996835627.png
06-26 11:31:51.072 2644 2962 D CommonDataCallback-JNI: onDone CallVoidMethod!
06-26 11:31:51.091 2644 2938 V UFUnilog: UFNCurlClientHandleSocket.cpp : 128 {fuc=UFNMultiCurlClientImpl:HandleSocket(),logtag=pingback_op_anyget_28_35,interface_msg=MultiCurlImpl get ok!}
06-26 11:31:51.091 2644 2919 V UFUnilog: UFNMultiCurlClientImpl.cpp : 102 {fuc=UFNMultiCurlClientImpl:Perform(),logtag=pingback_op_anyget_28_35,interface_msg=Out}
06-26 11:31:51.092 2644 2919 V UFUnilog: api_engine.cpp : 181 {fuc=APIEngine:Call(),logtag=pingback_op_anyget_28_35,interface_msg=Start Try!,try_count=1}
06-26 11:31:51.092 2644 2919 D UFUnilog: api_strategy_impl.cpp : 155 {fuc=APIStrategyImpl:JudgeStrategyOpporunity(),logtag=pingback_op_anyget_28_35,strategyname=antihijackhttps-strategy,interface_msg=Ignore Domain List,domain=msg.ptqy.gitv.tv}
06-26 11:31:51.092 2644 2919 D UFUnilog: api_pingback_sender.cpp : 33 {fuc=ApiPingbackSender:SendSync(),logtag=pingback_op_anyget_28,interface_msg=send success!}
06-26 11:31:51.092 2644 2919 V UFUnilog: api_pingback_sender.cpp : 46 {fuc=ApiPingbackSender:SendSync(),logtag=pingback_op_anyget_28,api_pingback_data=msg=[{"t":"11","pf":"3","p":"31","p1":"312","p2":"3128","hostv":"","mac":"20-02-FE-19-C2-0E","u":"tv_9ebeab0821cc109c90e4626ac3a506cd","deviceid":"tv_9ebeab0821cc109c90e4626ac3a506cd_1750906610804_8810912147","nu":"","v":"2.1107.1.220408","device_type":"20180903095708913MvpgVmPh11974","pu":"","firmver":"SP1A.211105.004","hwver":"DBBOX-A2","hu":"","window_disable":"","chip":"","mod":"cn_s","memory":"1960M","processid":"","re":"1920x1080","os":"31","core":"4","daynight":"","rammode":"","entermode":"","channel":"","network":"","cbv":"2.1107","aver":"v4.1_1767_8b99c7b4","fver":"v4.0.1_656_63af7fd3","rn":"975085949","ct":"170620_network_request","nin":"op_anyget","ngctc":"2","ngtpn":"uniapi","ngt}
06-26 11:31:51.092 2644 2919 V UFUnilog: api_pingback_sender.cpp : 46 {fuc=ApiPingbackSender:SendSync(),logtag=pingback_op_anyget_28,api_pingback_data=pit":"60000","ngmrc":"5","ngct":"10000","ngtt":"15000","ngi":"true","nrqt":"get","nhc":"200","nanc":"0","nmsg":"UFN%20Curl%20Client%20Success%21","nhdr":"Authorization%3A1012441ef13ff000_Mi4xMTA3LjEuMjIwNDA4%20B63BDF64FF37D1495B559AD9148403259FBA6B0F760F83FB851E3904A7B2305440FF315625DDC79BDBAB3C0B1379815E%7C","naurl":"http%3A%2F%2Fstv.ptqy.gitv.tv%2Fstv%2F20240320%2F28515012%2F0%2Flottie_4fc5c825171491f83d8923c43166f02d.zip","neurl":"http%3A%2F%2Fstv.ptqy.gitv.tv%2Fstv%2F20240320%2F28515012%2F0%2Flottie_4fc5c825171491f83d8923c43166f02d.zip","ntc":"1","nipd":"59.36.206.238","nipl":"192.168.3.161","ncncn":"0","ncnct":"2","nnt":"2","npt":"3","nstt":"29","nttt":"29","nrdt":"0","nrdc":"0","ncntt"}
06-26 11:31:51.092 2644 2919 V UFUnilog: api_pingback_sender.cpp : 50 {fuc=ApiPingbackSender:SendSync(),logtag=pingback_op_anyget_28,api_pingback_data=:"application%2Fzip","nhsz":"611","nrsz":"4572","nscc":"0","nsvr":"10000","nsv":"","ncc":"0","ntt":"1064","naft":"1","ncft":"40","nuid":"28","ndt":"1","nsn":"httpdns-strategy","ndtd":"1","natd":"1","nctd":"40","nsct":"0","naippd":"NULL%3A0","naipp":"NULL%3A0","namsgd":"","namsg":"","nasil":"","nart":"1750908711585","nrd":"stv.ptqy.gitv.tv","ntp":"http","nri":"","nru":"","nrhc":"","nhcd":"200","nev":"","nipv":"4","nrw":"1","nrh":"","nct":"1","nfoc":"20000","ime":"0","nint":"0","nintd":"0","nba":"1","npa":"1","nsu":"1","nfrdt":"1","npd":"80","npr":"-1"}]}
06-26 11:31:51.094 2644 2937 V UFUnilog: UFNCurlClientHandleSocket.cpp : 128 {fuc=UFNMultiCurlClientImpl:HandleSocket(),logtag=pingback_itv_imgDocs_29_36,interface_msg=MultiCurlImpl get ok!}
06-26 11:31:51.094 2644 2921 V UFUnilog: UFNMultiCurlClientImpl.cpp : 102 {fuc=UFNMultiCurlClientImpl:Perform(),logtag=pingback_itv_imgDocs_29_36,interface_msg=Out}
06-26 11:31:51.094 2644 2921 V UFUnilog: api_engine.cpp : 181 {fuc=APIEngine:Call(),logtag=pingback_itv_imgDocs_29_36,interface_msg=Start Try!,try_count=1}
06-26 11:31:51.094 2644 2921 D UFUnilog: api_strategy_impl.cpp : 155 {fuc=APIStrategyImpl:JudgeStrategyOpporunity(),logtag=pingback_itv_imgDocs_29_36,strategyname=antihijackhttps-strategy,interface_msg=Ignore Domain List,domain=msg.ptqy.gitv.tv}
06-26 11:31:51.095 2644 2921 D UFUnilog: api_pingback_sender.cpp : 33 {fuc=ApiPingbackSender:SendSync(),logtag=pingback_itv_imgDocs_29,interface_msg=send success!}
06-26 11:31:51.095 2644 2921 V UFUnilog: api_pingback_sender.cpp : 46 {fuc=ApiPingbackSender:SendSync(),logtag=pingback_itv_imgDocs_29,api_pingback_data=msg=[{"t":"11","pf":"3","p":"31","p1":"312","p2":"3128","hostv":"","mac":"20-02-FE-19-C2-0E","u":"tv_9ebeab0821cc109c90e4626ac3a506cd","deviceid":"tv_9ebeab0821cc109c90e4626ac3a506cd_1750906610804_8810912147","nu":"","v":"2.1107.1.220408","device_type":"20180903095708913MvpgVmPh11974","pu":"","firmver":"SP1A.211105.004","hwver":"DBBOX-A2","hu":"","window_disable":"","chip":"","mod":"cn_s","memory":"1960M","processid":"","re":"1920x1080","os":"31","core":"4","daynight":"","rammode":"","entermode":"","channel":"","network":"","cbv":"2.1107","aver":"v4.1_1767_8b99c7b4","fver":"v4.0.1_656_63af7fd3","rn":"975085949","ct":"170620_network_request","nin":"itv_imgDocs","ngctc":"2","ngtpn":"uniapi","n}
06-26 11:31:51.095 2644 2921 V UFUnilog: api_pingback_sender.cpp : 46 {fuc=ApiPingbackSender:SendSync(),logtag=pingback_itv_imgDocs_29,api_pingback_data=gtpit":"60000","ngmrc":"5","ngct":"10000","ngtt":"15000","ngi":"true","nrqt":"get","nhc":"200","nanc":"0","nmsg":"UFN%20Curl%20Client%20Success%21","nhdr":"Authorization%3A1012441ef13ff000_Mi4xMTA3LjEuMjIwNDA4%20B63BDF64FF37D1495B559AD9148403259FBA6B0F760F83FB851E3904A7B2305440FF315625DDC79BDBAB3C0B1379815E%7CContent-Type%3Aapplication%2Fjson%3B%20charset%3Dutf-8%7CRequest-Id%3AMTc1MDkwODcwOTk0OTIwOjAyOmZlOjE5OmMyOjBlMzE0NzU2NjM1ODVjMzQxZjk5ZTU4NmQ4ODY3MmJjZWM3YmY5ZGViNzJh%7Cqyid%3Atv_9ebeab0821cc109c90e4626ac3a506cd_1750906610804_8810912147%7C","naurl":"https%3A%2F%2Fsdk.ptqy.gitv.tv%2Fapi%2FimgDocs","neurl":"https%3A%2F%2Fsdk.ptqy.gitv.tv%2Fapi%2FimgDocs","ntc":"1","nipd":"116.211.189.170"}
06-26 11:31:51.095 2644 2921 V UFUnilog: api_pingback_sender.cpp : 46 {fuc=ApiPingbackSender:SendSync(),logtag=pingback_itv_imgDocs_29,api_pingback_data=,"nipl":"192.168.3.161","ncncn":"0","ncnct":"0","nnt":"0","npt":"1","nstt":"38","nttt":"38","nrdt":"0","nrdc":"0","ncntt":"application%2Fjson%3B%20charset%3Dutf-8","nhsz":"243","nrsz":"2117","nscc":"0","nsvr":"0","nsv":"BoringSSL","ncc":"0","ntt":"1095","naft":"7","ncft":"50","nuid":"29","ndt":"1","nsn":"httpdns-strategy","ndtd":"1","natd":"7","nctd":"50","nsct":"0","naippd":"NULL%3A0","naipp":"NULL%3A0","namsgd":"","namsg":"","nasil":"","nart":"1750908711594","nrd":"sdk.ptqy.gitv.tv","ntp":"https","nri":"","nru":"","nrhc":"","nhcd":"200","nev":"","nipv":"4","nrw":"1","nrh":"","nct":"1","nfoc":"20000","ime":"0","nint":"0","nintd":"0","nba":"1","npa":"1","nsu":"1","nfrdt":"1","npd":"443","npr}
06-26 11:31:51.095 2644 2921 V UFUnilog: api_pingback_sender.cpp : 50 {fuc=ApiPingbackSender:SendSync(),logtag=pingback_itv_imgDocs_29,api_pingback_data=":"-1"}]}
06-26 11:31:51.095 2644 2957 E HCDN_DE : HCDN_LOG: meminfo line:MemTotal: 2007268 kB
06-26 11:31:51.109 3004 3083 W efs.send_log: tryFileLock start!
06-26 11:31:51.113 480 504 W ServiceManager: Permission failure: android.permission.HIGH_SAMPLING_RATE_SENSORS from uid=10013 pid=3004
06-26 11:31:51.116 2644 2957 E HCDN_DE : Cpu Max Freq : 1512000
06-26 11:31:51.129 3004 3004 D NearFieldUtils: to get wlan0 ip address
06-26 11:31:51.130 3004 3004 D NearFieldUtils: get wlan0 IP succeed.
06-26 11:31:51.130 3004 3004 E NearFieldManagerImpl: notifyByPriority: interfaceNameInUse is null
06-26 11:31:51.130 3004 3004 D NearFieldManagerImpl: handleConnectivityAction: notified by default
06-26 11:31:51.144 3004 3030 D NearFieldUtils: to get wlan0 ip address
06-26 11:31:51.144 3004 3030 D NearFieldUtils: get wlan0 IP succeed.
06-26 11:31:51.144 3004 3030 D NearFieldManagerImpl: sDeviceType: 46
06-26 11:31:51.144 3004 3030 D NearFieldManagerImpl: registerDevice() is called.
06-26 11:31:51.144 3004 3030 E NearFieldManagerUtilsNative: Begin System.loadLibrary()
06-26 11:31:51.159 2644 2973 D TVUNIPLAYER: SDK/ErrorCodeWrapper : data:{"data":[{"code":"A00000","content":"","desc":"请求成功","type":"vrs"},{"code":"A00001","content":"一个小意外发生了(A00001)\n请稍后重试","desc":"请求参数无效","type":"vrs"},{"code":"A00002","content":"一个小意外发生了(A00002)\n请稍后重试","desc":"请求无权限","type":"vrs"},{"code":"A00003","content":"一个小意外发生了(A00003)\n请稍后重试","desc":"内部请求异常","type":"vrs"},{"code":"A00004","content":"一个小意外发生了(A00004)\n请稍后重试","desc":"请求无数据","type":"vrs"},{"code":"A00005","content":"","desc":"请求数据为不可用状态,qipu is_enable=false或者没有is_enable字段","type":"vrs"},{"code":"A00006","content":"","desc":"tvid为负数或0","type":"vrs"},{"code":"A00020","content":"","desc":"时间戳校验超时(目前所有接口有效期6小时)","type":"vrs"},{"code":"A00005","content":"","desc":"请求数据为不可用状态","type":"vrs"},{"code":"A02500","cont
06-26 11:31:51.174 3004 3054 I TDLog : TalkingData SDK init...
06-26 11:31:51.174 3004 3054 I TDLog : SDK_VERSION is: Android+TD+V5.0.7 gp Type:Native Build_Num:2141
06-26 11:31:51.174 3004 3054 I TDLog : App ID is: B9D7815EC975466AB1332111FCE62DF5
06-26 11:31:51.174 3004 3054 I TDLog : App Channel is: os
06-26 11:31:51.174 3004 3054 I TDLog : App Custom is:
06-26 11:31:51.174 3004 3054 I TDLog : SDK_OVC is: TDOVC+a3bb7754719798526508b6caad480dd7+SaaS
06-26 11:31:51.178 3004 3083 I efs.config: --->>> 删除旧的配置文件 false
06-26 11:31:51.196 3004 3004 I efs-base: type=1400 audit(0.0:1793): avc: denied { watch } for path="/data/user/0/com.dangbei.screencast/shared_prefs/Y29uZmlnXzVmYzYwYzIxMDk0ZDYzN2YzMTMwYWYxOQ.sp.bak" dev="mmcblk0p25" ino=1946 scontext=u:r:platform_app:s0:c512,c768 tcontext=u:object_r:app_data_file:s0:c512,c768 tclass=file permissive=1 app=com.dangbei.screencast
06-26 11:31:51.201 3004 3004 D NearFieldUtils: to get wlan0 ip address
06-26 11:31:51.202 3004 3004 D NearFieldUtils: get wlan0 IP succeed.
06-26 11:31:51.202 3004 3004 I NearFieldManagerImpl: wlan Connected
06-26 11:31:51.202 3004 3083 I efs.config: current config version (-1) is older than another (1735614866)
06-26 11:31:51.202 3004 3083 I efs.config: load config from storage and notify observer
06-26 11:31:51.214 3004 3104 I efs.base: lt=event`ev_ct=efs_core`ev_ac=pvuv`tm=2025-06-26 11:31:11`dn=884562d0-54da-4cce-9d74-00e5c75509d9`ps=com.huawei.connection`um_os=android`stime=1750908710687`pid=3004`fr=android`pkg=com.dangbei.screencast`vcode=20830`dsp_w=1920`uid=884562d0-54da-4cce-9d74-00e5c75509d9`rom=12`wid=884562d0-54da-4cce-9d74-00e5c75509d9`um_app_carrier=`um_access=wifi`um_app_channel=os`um_crash_sdk_version=1.4.0`ctime=1750908711`model=dbbox-a2`lang=zh`net=wifi`brand=dangbei`dsp_h=1080`um_network_type=0`ver=v2.8.3`build_model=DBBOX-A2`w_tm=1750908711`appid=5fc60c21094d637f3130af19`um_umid_header=ai1cc720f47734fc58e671cdbea6807313`sdk=31`tzone=Asia/Shanghai`sdk_ver=1.3.6.umeng
06-26 11:31:51.235 3004 3030 I HicomNfTimerManager: epoll fd:123 create success
06-26 11:31:51.235 3004 3030 I HicomNfTimerManager: epoll add fd:126--->123 success
06-26 11:31:51.235 3004 3030 I HicomNfTimerManager: time fd:126 add to epoll success
06-26 11:31:51.244 2644 2973 D TVUNIPLAYER: SDK/ErrorCodeWrapper : model:[{"code":"A00000","content":"","desc":"请求成功","type":"vrs"},{"code":"A00001","content":"一个小意外发生了(A00001)\n请稍后重试","desc":"请求参数无效","type":"vrs"},{"code":"A00002","content":"一个小意外发生了(A00002)\n请稍后重试","desc":"请求无权限","type":"vrs"},{"code":"A00003","content":"一个小意外发生了(A00003)\n请稍后重试","desc":"内部请求异常","type":"vrs"},{"code":"A00004","content":"一个小意外发生了(A00004)\n请稍后重试","desc":"请求无数据","type":"vrs"},{"code":"A00005","content":"","desc":"请求数据为不可用状态,qipu is_enable=false或者没有is_enable字段","type":"vrs"},{"code":"A00006","content":"","desc":"tvid为负数或0","type":"vrs"},{"code":"A00020","content":"","desc":"时间戳校验超时(目前所有接口有效期6小时)","type":"vrs"},{"code":"A00005","content":"","desc":"请求数据为不可用状态","type":"vrs"},{"code":"A02500","content":"
06-26 11:31:51.244 2644 2973 E TVUNIPLAYER: SDK/ErrorCodeWrapper : saveDataToLocal
06-26 11:31:51.246 2644 2973 D TVUNIPLAYER: SDK/ErrorCodeWrapper : saveDataToLocal models size: 432
06-26 11:31:51.240 3004 3004 I efs-base: type=1400 audit(0.0:1794): avc: denied { create } for name="3004" scontext=u:r:platform_app:s0:c512,c768 tcontext=u:object_r:app_data_file:s0:c512,c768 tclass=dir permissive=1 app=com.dangbei.screencast
06-26 11:31:51.276 2644 2881 D DataFetch-JNI: releaseFetchTaskRef
06-26 11:31:51.277 2644 2881 D CommonDataCallback-JNI: ~CommonDataCallback()
06-26 11:31:51.277 2644 2881 D DataFetch-JNI: releaseFetchTaskRef
06-26 11:31:51.277 2644 2881 D CommonDataCallback-JNI: ~CommonDataCallback()
06-26 11:31:51.278 2644 2881 D DataFetch-JNI: releaseFetchTaskRef
06-26 11:31:51.278 2644 2881 D CommonDataCallback-JNI: ~CommonDataCallback()
06-26 11:31:51.279 2644 2881 D DataFetch-JNI: releaseFetchTaskRef
06-26 11:31:51.279 2644 2881 D CommonDataCallback-JNI: ~CommonDataCallback()
06-26 11:31:51.279 2644 2881 D DataFetch-JNI: releaseFetchTaskRef
06-26 11:31:51.279 2644 2881 D CommonDataCallback-JNI: ~CommonDataCallback()
06-26 11:31:51.269 1095 1095 E sprdwl : sprdwl_rx_rsp_process ctx_id 0 recv rsp[WIFI_CMD_TX_DATA] status[SPRDWL_CMD_STATUS_ERROR]
06-26 11:31:51.279 2644 2881 D DataFetch-JNI: releaseFetchTaskRef
06-26 11:31:51.279 2644 2881 D CommonDataCallback-JNI: ~CommonDataCallback()
06-26 11:31:51.285 2644 2973 D TVUNIPLAYER: SDK/DiskCache : key: playersdk/error_code.dem value: {E150=[com.gala.video.player.errorcode.ErrorCodeModel@a7c37bb], A00097=[com.gala.video.player.errorcode.ErrorCodeModel@24cd7bf], A00099=[com.gala.video.player.errorcode.ErrorCodeModel@40779d5], A00098=[com.gala.video.player.errorcode.ErrorCodeModel@12e3e8c], 655360_1,-1010=[com.gala.video.player.errorcode.ErrorCodeModel@c5869d1], E000012=[com.gala.video.player.errorcode.ErrorCodeModel@af12e7a], E260=[com.gala.video.player.errorcode.ErrorCodeModel@c6ce305], E261=[com.gala.video.player.errorcode.ErrorCodeModel@2665f5a], E262=[com.gala.video.player.errorcode.ErrorCodeModel@195de6d], E263=[com.gala.video.player.errorcode.ErrorCodeModel@d1be333], E264=[com.gala.video.player.errorcode.ErrorCodeModel@8b76f0], E265=[com.gala.video.player.errorcode.ErrorCodeModel@73ef469], E266=[com.gala.video.player.errorcode.ErrorCodeModel@67c3eee], E267=[com.gala.video.player.errorcode.ErrorCodeModel@8277f8f], E268=[com.gala.video.player.errorcode.ErrorCodeModel@949121c], 1=[com
06-26 11:31:51.285 3004 3004 I HicomNf_java_to_c: notifyNetworkStateChanged with maskStr, networkType: 0, networkState: 0, mask:
06-26 11:31:51.286 3004 3004 I HicomNfMainCtrlManager: NotifyNetworkStateChanged is called with networkState: 0
06-26 11:31:51.286 3004 3004 I HicomNfMainCtrlManager: P2P and USB are both disconnected
06-26 11:31:51.286 3004 3004 I HicomNfSecureManager: stop listening
06-26 11:31:51.286 3004 3004 I HicomNfSecureManager: StopListening, m_sessionInfoLock out, before calling NSTACKX_DMsgClose 2
06-26 11:31:51.286 3004 3004 I HicomNfSecureManager: StopListening, after calling NSTACKX_DMsgClose 2
06-26 11:31:51.291 3004 3030 D nStackXDFinder: NSTACKX_Init:[146] :nstack ctrl creat epollfd 127
06-26 11:31:51.292 3004 3030 I nStackXDFinder: InitDefaultInterfaceName:[779] :InitDefaultInterfaceName exec
06-26 11:31:51.293 3004 3030 D nStackXCoAP: CoapServerInit:[174] :CoapServerInit is called
06-26 11:31:51.294 3004 3030 E nStackXDFinder: GetLocalIp:[401] :GetLocalIp exec
06-26 11:31:51.294 3004 3030 E nStackXDFinder: GetLocalIp:[407] :GetLocalIp, ifInfo is null
06-26 11:31:51.295 3004 3030 I HicomNfMainCtrlManager: NSTACKX_RegisterDevice is called
06-26 11:31:51.295 3004 3030 D NearFieldManagerImpl: Register device success.
06-26 11:31:51.296 3004 3030 I NearFieldManagerImpl: serviceName is castPlus
06-26 11:31:51.296 3004 3030 D NearFieldManagerImpl: registerCapability() called with: capabilityBitmapNum = 1, capabilityBitmap = [8]
06-26 11:31:51.296 3004 3030 I HicomNf_java_to_c: registerCapability, capabilityBitmapNum: 1
06-26 11:31:51.296 3004 3030 I HicomNfMainCtrlManager: RegisterCapability: 1, 8
06-26 11:31:51.296 3004 3030 D NearFieldManagerImpl: Register capability succeed with capabilityBitmapNum = 1, capabilityBitmap = [8]
06-26 11:31:51.296 3004 3030 D NearFieldManagerImpl: registerServiceData() called with: serviceData = 32
06-26 11:31:51.297 3004 3030 D NearFieldManagerImpl: registerModule() called with: packageModuleName = com.huawei.connection+CastPlusDiscoveryModule
06-26 11:31:51.297 3004 3030 I HicomNf_java_to_c: registerModule, moduleName: com.huawei.connection+CastPlusDiscoveryModule
06-26 11:31:51.297 3004 3030 I HicomNfMainCtrlManager: Enter RegisterModule
06-26 11:31:51.297 3004 3030 I HicomNfRegManager: RegisterModule OK, add module name com.huawei.connection+CastPlusDiscoveryModule
06-26 11:31:51.303 2543 3003 I Hisight-DeviceListManager: init DeviceListManager.
06-26 11:31:51.306 2543 2616 E raop : JavaCallback init
06-26 11:31:51.314 3004 3114 I nStackXDFinder: UpdateLocalNetworkInterface:[472] :UpdateLocalNetworkInterface exec,initerfaceName:wlan0
06-26 11:31:51.315 3004 3114 E nStackXDFinder: GetLocalIp:[401] :GetLocalIp exec
06-26 11:31:51.315 3004 3114 E nStackXDFinder: GetLocalIp:[407] :GetLocalIp, ifInfo is null
06-26 11:31:51.315 3004 3114 I nStackXDFinder: UpdateLocalNetworkInterface:[498] :UpdateLocalNetworkInterface copy ip value in default process
06-26 11:31:51.315 3004 3114 E nStackXDFinder: GetLocalIp:[401] :GetLocalIp exec
06-26 11:31:51.315 3004 3114 D nStackXCoAP: CoapServerInit:[174] :CoapServerInit is called
06-26 11:31:51.315 3004 3114 E nStackXDFinder: GetLocalIp:[401] :GetLocalIp exec
06-26 11:31:51.315 3004 3114 I nStackXUtil: BindToDevice:[352] :BindToDevice exec
06-26 11:31:51.315 3004 3114 I nStackXUtil: GetInterfaceByPriority:[279] :GetInterfaceByPriority exec
06-26 11:31:51.315 3004 3114 I nStackXUtil: GetInterfaceByDefault:[309] :GetInterfaceByDefault exec
06-26 11:31:51.315 3004 3114 I nStackXUtil: GetInterfaceByDefault:[316] :GetInterfaceByDefault, ndevice name: lo
06-26 11:31:51.315 3004 3114 I nStackXUtil: GetInterfaceByDefault:[316] :GetInterfaceByDefault, ndevice name: wlan0
06-26 11:31:51.318 3004 3114 I nStackXUtil: BindToDevice:[374] :BindToDevice, Bind localAddr name: wlan0
06-26 11:31:51.318 3004 3114 E nStackXUtil: BindToDeviceInner:[188] :setsockopt fail, errno = 1
06-26 11:31:51.318 3004 3114 E nStackXCoAP: CoapGetContext:[250] :bind to device fail
06-26 11:31:51.318 3004 3114 D nStackXCoAP: CoapInitResources:[744] :CoapInitResources g_wlanOrEthContext update
06-26 11:31:51.318 3004 3114 I nStackXDFinder: RegisterServiceData:[728] :RegisterServiceData, serviceData=[32]
06-26 11:31:51.343 2543 3003 D Hisight-DeviceListManager: get old secret key
06-26 11:31:51.385 2644 2947 I UNIPLAYERSDK: HcdnProperty.cpp:141 HcdnProperty(), default property={openHcdn=0 memoryMode=0 vipuserCloseP2pUpload=0 threadCount=3 limitMemoryLevel=-1 enabelRange=1 emmcDailyThreshold=0 emmcLifeConfig= openExtremeMode=0 forceHlsWhenError=0 lowMemoryLevel=0 cpuLimitLevel=0 playbackAbility=[H264Ts/H265/Ad_TS/MultiAudio_Ts/Preview/DRM_NoWatermark/Ad_PRE_DISPATCH enablePingback=1 mTSDisconnectTimeout=-1 mTSDisconnectTimeout=-1 mHcdnJsonParams= mLeaveSpaceMB = -1]}
06-26 11:31:51.386 2644 2947 I UNIPLAYERSDK: HcdnProperty.cpp:479 loadPropertyConfig(), sucess, property={openHcdn=1 memoryMode=0 vipuserCloseP2pUpload=0 threadCount=3 limitMemoryLevel=-1 enabelRange=1 emmcDailyThreshold=0 emmcLifeConfig= openExtremeMode=0 forceHlsWhenError=1 lowMemoryLevel=0 cpuLimitLevel=0 playbackAbility=[H264Ts/H265/Ad_TS/Live/MultiAudio_Ts/Preview/DRM_NoWatermark enablePingback=1 mTSDisconnectTimeout=-1 mTSDisconnectTimeout=-1 mHcdnJsonParams= mLeaveSpaceMB = -1]} .
06-26 11:31:51.386 2644 2947 I UNIPLAYERSDK: UniPlayerDataProxy.cpp:995 updateParamsForHcdnProxy(): mctoCurl=/data/user/0/com.tv.kuaisou/files/pluginsdkplayer/2.1107.1.220408/1.1107.2.04472/pluginsdkplayer-download-1.1107.2.04472-libs/libmctocurl.so, ClientNetPath=/data/user/0/com.tv.kuaisou/files/libHyperPlayerplugin/4.8.1702.9097/libhyperplayer.so, platformId=14025032401000000000, deviceId=tv_9ebeab0821cc109c90e4626ac3a506cd_1750906610804_8810912147, dfp=518ee055e2cebd4d098467c6a8e2312bd80b2c8fd462c959f135aeb1d9097bfd21
06-26 11:31:51.388 3004 3004 I HicomNf_java_to_c: notifyNetworkStateChanged with maskStr, networkType: 0, networkState: 1, mask: 255.255.254.0
06-26 11:31:51.388 480 504 W TelephonyPermissions: reportAccessDeniedToReadIdentifiers:com.tv.kuaisou:getSerial:-1
06-26 11:31:51.388 3004 3004 I HicomNfMainCtrlManager: NotifyNetworkStateChanged is called with networkState: 1
06-26 11:31:51.388 3004 3004 I HicomNfSecureManager: StartListening, before calling NSTACKX_DMsgServer
06-26 11:31:51.388 3004 3004 I nStackXDMsg: NSTACKX_DMsgServer:[1335] :msgReceiver is not NULL
06-26 11:31:51.389 3004 3004 D nStackXDMsg: StartDMsgMainThread:[1274] :pthread_create
06-26 11:31:51.389 3004 3004 I HicomNfSecureManager: StartListening, after calling NSTACKX_DMsgServer
06-26 11:31:51.389 3004 3004 I HicomNfSecureManager: OnehopSecureCtrlManager: succeeded to StartListening with type 0
06-26 11:31:51.392 2543 3003 E Hisight-ConnectAuthCallBack: readSecureFile failed, no such file
06-26 11:31:51.392 2543 3003 W Hisight-DeviceListManager: deviceRecords is empty
06-26 11:31:51.392 2543 3003 W Hisight-DeviceListManager: occur error, clear all the list
06-26 11:31:51.392 2543 3003 D Hisight-HiChainAuthControl: start HiChainAuthControl
06-26 11:31:51.393 3004 3104 W efs.info.manager: network change: wifi
06-26 11:31:51.396 2644 2947 I UNIPLAYERSDK: HcdnProperty.cpp:630 getHcdnForceVideoTime(), return value(0)
06-26 11:31:51.400 2644 2947 D UNIPLAYERSDK: AutoPlayerStrategy.cpp:153 AutoPlayerStrategy::GetPlayerType video and bitstream are null
06-26 11:31:51.401 2644 2947 D UNIPLAYERSDK: PluginHelper.cpp:38 PluginHelper::getLibPath(libmcto_media_player.so), libPath = /data/user/0/com.tv.kuaisou/files/LibPlayerPuma/4.8.1702.6907/libmcto_media_player.so
06-26 11:31:51.401 2644 2947 D UNIPLAYERSDK: AutoPlayerStrategy.cpp:209 AutoPlayerStrategy::getPlayerTypeWithoutMediaInfo return type = 2, but because can't get plugin for puma ,we will chose vender later
06-26 11:31:51.401 2644 2947 D UNIPLAYERSDK: AutoPlayerStrategy.cpp:202 AutoPlayerStrategy::getPlayerTypeWithoutMediaInfo return type = 1
06-26 11:31:51.401 2644 2947 I UNIPLAYERSDK: HcdnProperty.cpp:635 getHcdnVtAdjSwitch(), return value(0)
06-26 11:31:51.401 2644 2947 D UNIPLAYERSDK: AutoPlayerStrategy.cpp:153 AutoPlayerStrategy::GetPlayerType video and bitstream are null
06-26 11:31:51.401 2644 2947 D UNIPLAYERSDK: PluginHelper.cpp:38 PluginHelper::getLibPath(libmcto_media_player.so), libPath = /data/user/0/com.tv.kuaisou/files/LibPlayerPuma/4.8.1702.6907/libmcto_media_player.so
06-26 11:31:51.401 2644 2947 D UNIPLAYERSDK: AutoPlayerStrategy.cpp:209 AutoPlayerStrategy::getPlayerTypeWithoutMediaInfo return type = 2, but because can't get plugin for puma ,we will chose vender later
06-26 11:31:51.401 2644 2947 D UNIPLAYERSDK: AutoPlayerStrategy.cpp:202 AutoPlayerStrategy::getPlayerTypeWithoutMediaInfo return type = 1
06-26 11:31:51.401 2644 2947 D UNIPLAYERSDK: UniPlayerDataProxy.cpp:905 updateConfigParams: isOpen=1, mPluginDir =
06-26 11:31:51.402 2644 2947 D UNIPLAYERSDK: FetchPlayerConfig.cpp:926 remoteUpdate
06-26 11:31:51.402 2644 2947 D UNIPLAYERSDK: AccessToken.cpp:28 AccessToken[0xf59c61a0]::isAllowedAccess(), now=1750908711402, mAccessCount=0, mAccessTime=0, kMaxCount=10, kInterval=30000, mSyncState=0
06-26 11:31:51.402 2644 2947 D UNIPLAYERSDK: AccessToken.cpp:41 AccessToken[0xf59c61a0]::isAllowedAccess(), return 1
06-26 11:31:51.402 2644 2947 V UFUnilog: api_group_impl.cpp : 717 {fuc=APIGroupImpl:createAPIItemImpl(),pItemCallback=0xf37f84b0}
06-26 11:31:51.402 2644 2947 V UFUnilog: api_group_impl.cpp : 727 {fuc=APIGroupImpl:addItem(),name=ottplayer_whiteList,item=0xf1bb97e0}
06-26 11:31:51.402 2644 2947 V UFUnilog: api_group_impl.cpp : 717 {fuc=APIGroupImpl:createAPIItemImpl(),pItemCallback=0xf37f84b0}
06-26 11:31:51.402 2644 2947 V UFUnilog: api_group_impl.cpp : 727 {fuc=APIGroupImpl:addItem(),name=ottplayer_whiteList_rtr,item=0xf1bb9850}
06-26 11:31:51.402 2644 2947 I UNIUTIL : StrategyManager.cpp:252 StrategyManager::getStrategyAuto(4, 0, 0, 0)
06-26 11:31:51.402 2644 2947 V UFUnilog: api_group_impl.cpp : 469 {fuc=APIGroupImpl:callSync(),name=ottplayer_whiteList,params=0xbf064d58,result=0xbf064e80}
06-26 11:31:51.415 2644 2944 E JNIHelper: getJNIEnv: Failed to obtain JNIEnv
06-26 11:31:51.416 2644 2887 V UFUnilog: api_group_impl.cpp : 422 {fuc=APIGroupImpl:call(),name=macinfo_pb,params=0xc1775c44,callback=0xf27265c0}
06-26 11:31:51.418 2644 2887 D UFUnilog: api_group_impl.cpp : 1033 {fuc=APIGroupImpl:BuildRequest(),logtag=macinfo_pb_38,request_type=1,client_type=1}
06-26 11:31:51.418 2644 2887 D UFUnilog: UFPThread.cpp : 42 {fuc=Thread:Thread(),constructor=macInfo_pingback-1}
06-26 11:31:51.435 2644 3130 V UFUnilog: api_engine.cpp : 181 {fuc=APIEngine:Call(),logtag=macinfo_pb_38,interface_msg=Start Try!,try_count=0}
06-26 11:31:51.436 2644 3130 V UFUnilog: api_strategy_impl.cpp : 378 {fuc=APIStrategyImpl:CreateStrategyResult(),logtag=macinfo_pb_38,strategyname=httpdns-strategy,current_try_count=0,interface_msg=try to get ip list from dns_type = 1}
06-26 11:31:51.436 2644 3130 D UFUnilog: api_httpdns_query.cpp : 90 {fuc=APIHttpDnsQuery:GetIpListByDomainName(),interface_msg=try to get ip list by domain name bi.ptqy.gitv.tv}
06-26 11:31:51.436 2644 3130 D UFUnilog: api_httpdns_query.cpp : 113 {fuc=APIHttpDnsQuery:GetIpListByDomainName(),interface_msg=Get ip list success!,domain=bi.ptqy.gitv.tv}
06-26 11:31:51.436 2644 3130 V UFUnilog: api_strategy_impl.cpp : 485 {fuc=APIStrategyImpl:CreateStrategyResult(),logtag=macinfo_pb_38,strategyname=httpdns-strategy,interface_msg=complete build strategy result,suggest_url_params=,suggest_protocol=}
06-26 11:31:51.436 2644 3130 V UFUnilog: UFNMultiCurlClientImpl.cpp : 24 {fuc=UFNMultiCurlClientImpl:Perform(),logtag=macinfo_pb_38,interface_msg=In}
06-26 11:31:51.438 2644 2887 I UNIPLAYERSDK: PlayerSdkImpl.cpp:990 PlayerSdkImpl::doInitialize() - All done, time consume=2175 ms
06-26 11:31:51.438 2644 2887 D UNIPLAYERSDK: VideoPrecacher.cpp:393 VideoPrecacher::WorkHandler::HandleMessage, what=804, observer=0xf203b7c0
06-26 11:31:51.438 2644 2887 D UNIPLAYERSDK: VendorVideoPrecacheAdaptor.cpp:171 VendorVideoPrecacheAdaptor::init
06-26 11:31:51.438 2644 2887 D UNIPLAYERSDK: VendorVideoPrecacheAdaptor.cpp:241 VendorVideoPrecacheAdaptor::doUpdateVideoPrecacheConfig()
06-26 11:31:51.439 2644 2887 W UNIPLAYERSDK: VendorVideoPrecacheAdaptor.cpp:255 VendorVideoPrecacheAdaptor::doUpdateVideoPrecacheConfig, mVideoPrecacher is NULL
06-26 11:31:51.439 2644 2887 W UNIPLAYERSDK: VendorVideoPrecacheAdaptor.cpp:182 uniplayerdata unInitialized
06-26 11:31:51.439 2644 2887 E UNIPLAYERSDK: IVideoPrecacheAdaptor.cpp:23 [VendorVideoPrecacheAdaptor@0xf59d1c08]updateVideoPrecacheConfig() init failed 2
06-26 11:31:51.439 2644 2887 D UNIPLAYERSDK: VideoPrecacher.cpp:341 VideoPrecacher::doUpdateVideoPrecacheConfig
06-26 11:31:51.439 2644 2887 D UNIPLAYERSDK: PluginHelper.cpp:38 PluginHelper::getLibPath(libmcto_media_player.so), libPath = /data/user/0/com.tv.kuaisou/files/LibPlayerPuma/4.8.1702.6907/libmcto_media_player.so
06-26 11:31:51.439 2644 2887 D UNIPLAYERSDK: PluginHelper.cpp:38 PluginHelper::getLibPath(libmcto_media_player.so), libPath = /data/user/0/com.tv.kuaisou/files/LibPlayerPuma/4.8.1702.6907/libmcto_media_player.so
06-26 11:31:51.439 2644 2887 D UNIPLAYERSDK: AutoPlayerStrategy.cpp:233 AutoPlayerStrategy::getDefaultPlayerType return type = 1
06-26 11:31:51.440 2644 2887 I UNIPLAYERSDK: PlayerSdkImpl.cpp:1389 default player type:1
06-26 11:31:51.440 2644 2887 D UNIPLAYERSDK: VideoPrecacher.cpp:327 VideoPrecacher::doUpdateDefaultPlayerType, defaultPlayerType:1
06-26 11:31:51.440 2644 2887 D UNIPLAYERSDK: VendorVideoPrecacheAdaptor.cpp:171 VendorVideoPrecacheAdaptor::init
06-26 11:31:51.440 2644 2887 D UNIPLAYERSDK: VendorVideoPrecacheAdaptor.cpp:241 VendorVideoPrecacheAdaptor::doUpdateVideoPrecacheConfig()
06-26 11:31:51.440 2644 2887 W UNIPLAYERSDK: VendorVideoPrecacheAdaptor.cpp:255 VendorVideoPrecacheAdaptor::doUpdateVideoPrecacheConfig, mVideoPrecacher is NULL
06-26 11:31:51.440 2644 2887 W UNIPLAYERSDK: VendorVideoPrecacheAdaptor.cpp:182 uniplayerdata unInitialized
06-26 11:31:51.440 2644 3130 V UFUnilog: UFNCurlClientHandleSocketPool.cpp : 46 {fuc=UFNMultiCurlClientHandleSocket:AddEasyHandle(),logtag=macinfo_pb_38,interface_msg=add easyCurl to MultiCurl!}
06-26 11:31:51.440 2644 2887 E UNIPLAYERSDK: IVideoPrecacheAdaptor.cpp:23 [VendorVideoPrecacheAdaptor@0xf59d1c08]updateVideoPrecacheConfig() init failed 2
06-26 11:31:51.440 2644 2947 D UFUnilog: api_group_impl.cpp : 1033 {fuc=APIGroupImpl:BuildRequest(),logtag=ottplayer_whiteList_37,request_type=0,client_type=0}
06-26 11:31:51.440 2644 2947 V UFUnilog: api_engine.cpp : 181 {fuc=APIEngine:Call(),logtag=ottplayer_whiteList_37,interface_msg=Start Try!,try_count=0}
06-26 11:31:51.440 2644 2947 D UFUnilog: api_strategy_impl.cpp : 890 {fuc=APIStrategyImpl:PickConfig(),logtag=ottplayer_whiteList_37,strategyname=nojsoncheck-httpdns-strategy,interface_msg=pick prior custom dns strategy}
06-26 11:31:51.440 2644 2947 D UFUnilog: api_strategy_impl.cpp : 155 {fuc=APIStrategyImpl:JudgeStrategyOpporunity(),logtag=ottplayer_whiteList_37,strategyname=nojsoncheck-httpdns-strategy,interface_msg=Ignore Domain List,domain=stv.ptqy.gitv.tv}
06-26 11:31:51.440 2644 2947 I UFUnilog: api_strategy_impl.cpp : 205 {fuc=APIStrategyImpl:JudgeStrategyOpporunity(),logtag=ottplayer_whiteList_37,strategyname=nojsoncheck-httpdns-strategy,interface_msg=Use strategy because force strategy invoke when first effective try number request}
06-26 11:31:51.440 2644 2947 V UFUnilog: api_strategy_impl.cpp : 378 {fuc=APIStrategyImpl:CreateStrategyResult(),logtag=ottplayer_whiteList_37,strategyname=nojsoncheck-httpdns-strategy,current_try_count=0,interface_msg=try to get ip list from dns_type = 1}
06-26 11:31:51.441 2644 2947 D UFUnilog: api_httpdns_query.cpp : 90 {fuc=APIHttpDnsQuery:GetIpListByDomainName(),interface_msg=try to get ip list by domain name stv.ptqy.gitv.tv}
06-26 11:31:51.441 2644 2947 D UFUnilog: api_httpdns_query.cpp : 113 {fuc=APIHttpDnsQuery:GetIpListByDomainName(),interface_msg=Get ip list success!,domain=stv.ptqy.gitv.tv}
06-26 11:31:51.441 2644 2947 I UFUnilog: api_strategy_impl.cpp : 414 {fuc=APIStrategyImpl:CreateStrategyResult(),logtag=ottplayer_whiteList_37,strategyname=nojsoncheck-httpdns-strategy,find_ip=59.36.206.238,domain=stv.ptqy.gitv.tv,dns=1 ,http_port :-1,https_port:-1}
06-26 11:31:51.441 2644 2947 V UFUnilog: api_strategy_impl.cpp : 485 {fuc=APIStrategyImpl:CreateStrategyResult(),logtag=ottplayer_whiteList_37,strategyname=nojsoncheck-httpdns-strategy,interface_msg=complete build strategy result,suggest_url_params=,suggest_protocol=}
06-26 11:31:51.441 2644 2947 I UFUnilog: api_engine.cpp : 241 {fuc=APIEngine:Call(),logtag=ottplayer_whiteList_37,current_try_count=1,default_max_try_count=3}
06-26 11:31:51.441 2644 2947 V UFUnilog: UFNEasyCurlClientImpl.cpp : 16 {fuc=UFNEasyCurlClientImpl:Perform(),logtag=ottplayer_whiteList_37,interface_msg=in}
06-26 11:31:51.441 2644 2947 I UFUnilog: UFNCurlClientImpl.cpp : 679 {fuc=UFNCurlClientImpl:PerformInit(),logtag=ottplayer_whiteList_37,url=http://stv.ptqy.gitv.tv/stv/playerConfig/universal/whole.conf}
06-26 11:31:51.441 2644 2947 I UFUnilog: UFNCurlClientImpl.cpp : 782 {fuc=UFNCurlClientImpl:PerformInit(),logtag=ottplayer_whiteList_37,interface_msg=connect to aim ip!,domain=stv.ptqy.gitv.tv,ip=59.36.206.238,port=-1:}
