06-26 11:31:20.764 317 317 I pgrep : type=1400 audit(0.0:200): avc: denied { search } for name="281" dev="proc" ino=7826 scontext=u:r:toolbox:s0 tcontext=u:r:credstore:s0 tclass=dir permissive=1
06-26 11:31:20.764 317 317 I pgrep : type=1400 audit(0.0:201): avc: denied { open } for path="/proc/281/stat" dev="proc" ino=9334 scontext=u:r:toolbox:s0 tcontext=u:r:credstore:s0 tclass=file permissive=1
06-26 11:31:20.764 317 317 I pgrep : type=1400 audit(0.0:202): avc: denied { getattr } for path="/proc/291" dev="proc" ino=7824 scontext=u:r:toolbox:s0 tcontext=u:r:gpuservice:s0 tclass=dir permissive=1
06-26 11:31:20.764 317 317 I pgrep : type=1400 audit(0.0:203): avc: denied { search } for name="291" dev="proc" ino=7824 scontext=u:r:toolbox:s0 tcontext=u:r:gpuservice:s0 tclass=dir permissive=1
06-26 11:31:20.764 317 317 I pgrep : type=1400 audit(0.0:204): avc: denied { open } for path="/proc/291/stat" dev="proc" ino=9335 scontext=u:r:toolbox:s0 tcontext=u:r:gpuservice:s0 tclass=file permissive=1
06-26 11:31:20.764 317 317 I pgrep : type=1400 audit(0.0:205): avc: denied { getattr } for path="/proc/301" dev="proc" ino=1816 scontext=u:r:toolbox:s0 tcontext=u:r:surfaceflinger:s0 tclass=dir permissive=1
06-26 11:31:20.764 317 317 I pgrep : type=1400 audit(0.0:206): avc: denied { read } for scontext=u:r:toolbox:s0 tcontext=u:r:surfaceflinger:s0 tclass=file permissive=1
06-26 11:31:20.764 317 317 I pgrep : type=1400 audit(0.0:207): avc: denied { search } for name="301" dev="proc" ino=1816 scontext=u:r:toolbox:s0 tcontext=u:r:surfaceflinger:s0 tclass=dir permissive=1
06-26 11:31:20.764 317 317 I pgrep : type=1400 audit(0.0:208): avc: denied { open } for path="/proc/301/stat" dev="proc" ino=9336 scontext=u:r:toolbox:s0 tcontext=u:r:surfaceflinger:s0 tclass=file permissive=1
06-26 11:31:20.764 317 317 I pgrep : type=1400 audit(0.0:209): avc: denied { getattr } for path="/proc/302" dev="proc" ino=1799 scontext=u:r:toolbox:s0 tcontext=u:r:pqd:s0 tclass=dir permissive=1
06-26 11:31:20.764 317 317 I pgrep : type=1400 audit(0.0:210): avc: denied { search } for name="302" dev="proc" ino=1799 scontext=u:r:toolbox:s0 tcontext=u:r:pqd:s0 tclass=dir permissive=1
06-26 11:31:20.764 317 317 I pgrep : type=1400 audit(0.0:211): avc: denied { open } for path="/proc/302/stat" dev="proc" ino=9337 scontext=u:r:toolbox:s0 tcontext=u:r:pqd:s0 tclass=file permissive=1
06-26 11:31:20.764 317 317 I pgrep : type=1400 audit(0.0:212): avc: denied { read } for scontext=u:r:toolbox:s0 tcontext=u:r:init:s0 tclass=file permissive=1
06-26 11:31:20.764 317 317 I pgrep : type=1400 audit(0.0:213): avc: denied { open } for path="/proc/310/stat" dev="proc" ino=9338 scontext=u:r:toolbox:s0 tcontext=u:r:init:s0 tclass=file permissive=1
06-26 11:31:20.764 316 316 I xiriservice_All: type=1400 audit(0.0:214): avc: denied { read } for name="lib" dev="mmcblk0p25" ino=8336 scontext=u:r:init:s0 tcontext=u:object_r:radio_data_file:s0 tclass=lnk_file permissive=1
06-26 11:31:20.768 316 316 I xiriservice_All: type=1400 audit(0.0:215): avc: denied { search } for name="com.android.modulemetadata" dev="mmcblk0p25" ino=790 scontext=u:r:init:s0 tcontext=u:object_r:app_data_file:s0:c58,c256,c512,c768 tclass=dir permissive=1
06-26 11:31:20.768 316 316 I xiriservice_All: type=1400 audit(0.0:216): avc: denied { search } for name="com.google.android.apps.searchlite.overlay" dev="mmcblk0p25" ino=814 scontext=u:r:init:s0 tcontext=u:object_r:app_data_file:s0:c5,c256,c512,c768 tclass=dir permissive=1
06-26 11:31:20.768 316 316 I xiriservice_All: type=1400 audit(0.0:217): avc: denied { search } for name="com.android.internal.systemui.navbar.threebutton" dev="mmcblk0p25" ino=822 scontext=u:r:init:s0 tcontext=u:object_r:app_data_file:s0:c4,c256,c512,c768 tclass=dir permissive=1
06-26 11:31:20.768 316 316 I xiriservice_All: type=1400 audit(0.0:218): avc: denied { search } for name="com.google.android.networkstackconfig" dev="mmcblk0p25" ino=830 scontext=u:r:init:s0 tcontext=u:object_r:app_data_file:s0:c7,c256,c512,c768 tclass=dir permissive=1
06-26 11:31:20.776 324 324 I check_xm_hidraw: type=1400 audit(0.0:219): avc: denied { execute_no_trans } for path="/system/bin/xm_hidread" dev="dm-0" ino=1298 scontext=u:r:init:s0 tcontext=u:object_r:system_file:s0 tclass=file permissive=1
06-26 11:31:20.776 323 323 I led_switch.sh: type=1400 audit(0.0:220): avc: denied { add_name } for name="led_swith.txt" scontext=u:r:init:s0 tcontext=u:object_r:shell_data_file:s0 tclass=dir permissive=1 bug=b/77873135
06-26 11:31:20.776 323 323 I led_switch.sh: type=1400 audit(0.0:221): avc: denied { create } for name="led_swith.txt" scontext=u:r:init:s0 tcontext=u:object_r:shell_data_file:s0 tclass=file permissive=1 bug=b/77873135
06-26 11:31:20.776 316 316 I xiriservice_All: type=1400 audit(0.0:222): avc: denied { search } for name="com.android.internal.systemui.navbar.gestural_extra_wide_back" dev="mmcblk0p25" ino=911 scontext=u:r:init:s0 tcontext=u:object_r:app_data_file:s0:c3,c256,c512,c768 tclass=dir permissive=1
06-26 11:31:20.776 316 316 I xiriservice_All: type=1400 audit(0.0:223): avc: denied { search } for name="com.android.printspooler" dev="mmcblk0p25" ino=935 scontext=u:r:init:s0 tcontext=u:object_r:app_data_file:s0:c41,c256,c512,c768 tclass=dir permissive=1
06-26 11:31:20.780 323 323 I led_switch.sh: type=1400 audit(0.0:224): avc: denied { write } for name="led_swith.txt" dev="mmcblk0p25" ino=221 scontext=u:r:init:s0 tcontext=u:object_r:shell_data_file:s0 tclass=file permissive=1 bug=b/77873135
06-26 11:31:20.780 323 323 I led_switch.sh: type=1400 audit(0.0:225): avc: denied { open } for path="/data/local/tmp/led_swith.txt" dev="mmcblk0p25" ino=221 scontext=u:r:init:s0 tcontext=u:object_r:shell_data_file:s0 tclass=file permissive=1 bug=b/77873135
06-26 11:31:20.780 316 316 I xiriservice_All: type=1400 audit(0.0:226): avc: denied { read } for name="lib" dev="mmcblk0p25" ino=8341 scontext=u:r:init:s0 tcontext=u:object_r:app_data_file:s0:c41,c256,c512,c768 tclass=lnk_file permissive=1
06-26 11:31:20.782 301 301 E cutils-trace: Error opening trace file: No such file or directory (2)
06-26 11:31:20.780 316 316 I xiriservice_All: type=1400 audit(0.0:227): avc: denied { search } for name="com.android.dreams.basic" dev="mmcblk0p25" ino=943 scontext=u:r:init:s0 tcontext=u:object_r:app_data_file:s0:c42,c256,c512,c768 tclass=dir permissive=1
06-26 11:31:20.780 316 316 I xiriservice_All: type=1400 audit(0.0:228): avc: denied { search } for name="com.android.webview" dev="mmcblk0p25" ino=951 scontext=u:r:init:s0 tcontext=u:object_r:app_data_file:s0:c60,c256,c512,c768 tclass=dir permissive=1
06-26 11:31:20.780 316 316 I xiriservice_All: type=1400 audit(0.0:229): avc: denied { read } for name="lib" dev="mmcblk0p25" ino=8342 scontext=u:r:init:s0 tcontext=u:object_r:app_data_file:s0:c60,c256,c512,c768 tclass=lnk_file permissive=1
06-26 11:31:20.788 186 186 I hwservicemanager: getTransport: Cannot find entry android.hardware.configstore@1.0::ISurfaceFlingerConfigs/default in either framework or device VINTF manifest.
06-26 11:31:20.784 325 325 I led_switch.sh: type=1400 audit(0.0:230): avc: denied { execute_no_trans } for path="/vendor/bin/toolbox" dev="dm-1" ino=229 scontext=u:r:init:s0 tcontext=u:object_r:vendor_toolbox_exec:s0 tclass=file permissive=1
06-26 11:31:20.792 316 316 I xiriservice_All: type=1400 audit(0.0:231): avc: denied { search } for name="com.android.printservice.recommendation" dev="mmcblk0p25" ino=1023 scontext=u:r:init:s0 tcontext=u:object_r:app_data_file:s0:c33,c256,c512,c768 tclass=dir permissive=1
06-26 11:31:20.792 316 316 I xiriservice_All: type=1400 audit(0.0:232): avc: denied { search } for name="com.google.android.networkstack.tetheringconfig" dev="mmcblk0p25" ino=1031 scontext=u:r:init:s0 tcontext=u:object_r:app_data_file:s0:c0,c256,c512,c768 tclass=dir permissive=1
06-26 11:31:20.792 316 316 I xiriservice_All: type=1400 audit(0.0:233): avc: denied { search } for name="com.android.theme.font.notoserifsource" dev="mmcblk0p25" ino=1060 scontext=u:r:init:s0 tcontext=u:object_r:app_data_file:s0:c9,c256,c512,c768 tclass=dir permissive=1
06-26 11:31:20.800 301 301 I SurfaceFlinger: Using HWComposer service: default
06-26 11:31:20.801 301 301 I SurfaceFlinger: SurfaceFlinger is starting
06-26 11:31:20.802 186 186 I hwservicemanager: getTransport: Cannot find entry android.hardware.configstore@1.1::ISurfaceFlingerConfigs/default in either framework or device VINTF manifest.
06-26 11:31:20.802 324 324 D XM_HIDREAD: hidread running 0429 d06.
06-26 11:31:20.803 324 324 D XM_HIDREAD: addr_len_t:26,addr_len:26
06-26 11:31:20.803 324 324 D XM_HIDREAD: server_socket:4
06-26 11:31:20.796 316 316 I xiriservice_All: type=1400 audit(0.0:234): avc: denied { search } for name="com.android.smspush" dev="mmcblk0p25" ino=1121 scontext=u:r:init:s0 tcontext=u:object_r:app_data_file:s0:c69,c256,c512,c768 tclass=dir permissive=1
06-26 11:31:20.803 324 324 D XM_HIDREAD: pthread_join listen_thread before
06-26 11:31:20.803 324 329 D XM_HIDREAD: listener_thread has start 4.
06-26 11:31:20.803 324 329 D XM_HIDREAD: accept before.
06-26 11:31:20.804 301 301 I SurfaceFlinger: Disabling blur effects, they are not supported.
06-26 11:31:20.807 324 328 D XM_HIDREAD: >> start monitor uevent ...
06-26 11:31:20.804 324 324 I xm_hidread: type=1400 audit(0.0:235): avc: denied { create } for scontext=u:r:init:s0 tcontext=u:r:init:s0 tclass=netlink_kobject_uevent_socket permissive=1
06-26 11:31:20.804 324 324 I xm_hidread: type=1400 audit(0.0:236): avc: denied { setopt } for scontext=u:r:init:s0 tcontext=u:r:init:s0 tclass=netlink_kobject_uevent_socket permissive=1
06-26 11:31:20.804 324 324 I xm_hidread: type=1400 audit(0.0:237): avc: denied { bind } for scontext=u:r:init:s0 tcontext=u:r:init:s0 tclass=netlink_kobject_uevent_socket permissive=1
06-26 11:31:20.804 324 324 I xm_hidread: type=1400 audit(0.0:238): avc: denied { read } for scontext=u:r:init:s0 tcontext=u:r:init:s0 tclass=netlink_kobject_uevent_socket permissive=1
06-26 11:31:20.804 316 316 I xiriservice_All: type=1400 audit(0.0:239): avc: denied { search } for name="com.tv.filemanager.os" dev="mmcblk0p25" ino=1137 scontext=u:r:init:s0 tcontext=u:object_r:app_data_file:s0:c49,c256,c512,c768 tclass=dir permissive=1
06-26 11:31:20.804 316 316 I xiriservice_All: type=1400 audit(0.0:240): avc: denied { search } for name="com.oranth.powerwindow" dev="mmcblk0p25" ino=1145 scontext=u:r:init:s0 tcontext=u:object_r:system_app_data_file:s0 tclass=dir permissive=1
06-26 11:31:20.810 301 301 I SurfaceFlinger: SurfaceFlinger's main thread ready to run. Initializing graphics H/W...
06-26 11:31:20.810 301 301 D RenderEngine: RenderEngine with GLES Backend
06-26 11:31:20.808 316 316 I xiriservice_All: type=1400 audit(0.0:241): avc: denied { search } for name="com.android.bookmarkprovider" dev="mmcblk0p25" ino=1161 scontext=u:r:init:s0 tcontext=u:object_r:app_data_file:s0:c45,c256,c512,c768 tclass=dir permissive=1
06-26 11:31:20.812 316 316 I xiriservice_All: type=1400 audit(0.0:242): avc: denied { search } for name="com.android.cts.ctsshim" dev="mmcblk0p25" ino=1177 scontext=u:r:init:s0 tcontext=u:object_r:app_data_file:s0:c43,c256,c512,c768 tclass=dir permissive=1
06-26 11:31:20.812 316 316 I xiriservice_All: type=1400 audit(0.0:243): avc: denied { search } for name="com.dangbei.lerad.screensaver" dev="mmcblk0p25" ino=1185 scontext=u:r:init:s0 tcontext=u:object_r:app_data_file:s0:c51,c256,c512,c768 tclass=dir permissive=1
06-26 11:31:20.812 316 316 I xiriservice_All: type=1400 audit(0.0:244): avc: denied { read } for name="lib" dev="mmcblk0p25" ino=8363 scontext=u:r:init:s0 tcontext=u:object_r:app_data_file:s0:c51,c256,c512,c768 tclass=lnk_file permissive=1
06-26 11:31:20.816 316 316 I xiriservice_All: type=1400 audit(0.0:245): avc: denied { search } for name="com.android.remoteprovisioner" dev="mmcblk0p25" ino=1193 scontext=u:r:init:s0 tcontext=u:object_r:app_data_file:s0:c61,c256,c512,c768 tclass=dir permissive=1
06-26 11:31:20.816 316 316 I xiriservice_All: type=1400 audit(0.0:246): avc: denied { search } for name="com.softwinner.theme.icon" dev="mmcblk0p25" ino=1201 scontext=u:r:init:s0 tcontext=u:object_r:app_data_file:s0:c10,c256,c512,c768 tclass=dir permissive=1
06-26 11:31:20.816 316 316 I xiriservice_All: type=1400 audit(0.0:247): avc: denied { search } for name="com.android.vpndialogs" dev="mmcblk0p25" ino=1217 scontext=u:r:init:s0 tcontext=u:object_r:app_data_file:s0:c512,c768 tclass=dir permissive=1
06-26 11:31:20.816 316 316 I xiriservice_All: type=1400 audit(0.0:248): avc: denied { search } for name="com.android.music" dev="mmcblk0p25" ino=1225 scontext=u:r:init:s0 tcontext=u:object_r:app_data_file:s0:c52,c256,c512,c768 tclass=dir permissive=1
06-26 11:31:20.816 316 316 I xiriservice_All: type=1400 audit(0.0:249): avc: denied { read } for name="lib" dev="mmcblk0p25" ino=8366 scontext=u:r:init:s0 tcontext=u:object_r:system_app_data_file:s0 tclass=lnk_file permissive=1
06-26 11:31:20.816 316 316 I xiriservice_All: type=1400 audit(0.0:250): avc: denied { search } for name="com.android.providers.media.module" dev="mmcblk0p25" ino=1257 scontext=u:r:init:s0 tcontext=u:object_r:privapp_data_file:s0:c74,c256,c512,c768 tclass=dir permissive=1
06-26 11:31:20.820 316 316 I xiriservice_All: type=1400 audit(0.0:251): avc: denied { read } for name="lib" dev="mmcblk0p25" ino=8367 scontext=u:r:init:s0 tcontext=u:object_r:privapp_data_file:s0:c74,c256,c512,c768 tclass=lnk_file permissive=1
06-26 11:31:20.820 316 316 I xiriservice_All: type=1400 audit(0.0:252): avc: denied { search } for name="com.softwinner.theme.color" dev="mmcblk0p25" ino=1265 scontext=u:r:init:s0 tcontext=u:object_r:app_data_file:s0:c11,c256,c512,c768 tclass=dir permissive=1
06-26 11:31:20.824 249 249 I AndroidRuntime: Using default boot image
06-26 11:31:20.824 249 249 I AndroidRuntime: Leaving lock profiling enabled
06-26 11:31:20.820 316 316 I xiriservice_All: type=1400 audit(0.0:253): avc: denied { search } for name="com.android.hotspot2.osulogin" dev="mmcblk0p25" ino=1281 scontext=u:r:init:s0 tcontext=u:object_r:app_data_file:s0:c71,c256,c512,c768 tclass=dir permissive=1
06-26 11:31:20.820 316 316 I xiriservice_All: type=1400 audit(0.0:254): avc: denied { search } for name="com.android.internal.systemui.navbar.gestural" dev="mmcblk0p25" ino=1289 scontext=u:r:init:s0 tcontext=u:object_r:app_data_file:s0:c1,c256,c512,c768 tclass=dir permissive=1
06-26 11:31:20.824 316 316 I xiriservice_All: type=1400 audit(0.0:255): avc: denied { search } for name="com.android.bluetoothmidiservice" dev="mmcblk0p25" ino=1305 scontext=u:r:init:s0 tcontext=u:object_r:app_data_file:s0:c44,c256,c512,c768 tclass=dir permissive=1
06-26 11:31:20.828 316 316 I xiriservice_All: type=1400 audit(0.0:256): avc: denied { search } for name="com.android.traceur" dev="mmcblk0p25" ino=1329 scontext=u:r:init:s0 tcontext=u:object_r:app_data_file:s0:c31,c256,c512,c768 tclass=dir permissive=1
06-26 11:31:20.834 249 249 E cutils-trace: Error opening trace file: No such file or directory (2)
06-26 11:31:20.832 316 316 I xiriservice_All: type=1400 audit(0.0:257): avc: denied { read } for name="lib" dev="mmcblk0p25" ino=8375 scontext=u:r:init:s0 tcontext=u:object_r:bluetooth_data_file:s0 tclass=lnk_file permissive=1
06-26 11:31:20.837 249 249 I zygote : option[0]=-Xzygote
06-26 11:31:20.837 249 249 I zygote : option[1]=-Xdeny-art-apex-data-files
06-26 11:31:20.837 249 249 I zygote : option[2]=exit
06-26 11:31:20.837 249 249 I zygote : option[3]=vfprintf
06-26 11:31:20.837 249 249 I zygote : option[4]=sensitiveThread
06-26 11:31:20.837 249 249 I zygote : option[5]=-verbose:gc
06-26 11:31:20.837 249 249 I zygote : option[6]=-XX:PerfettoHprof=true
06-26 11:31:20.837 249 249 I zygote : option[7]=-XX:PerfettoJavaHeapStackProf=true
06-26 11:31:20.837 249 249 I zygote : option[8]=-Xprimaryzygote
06-26 11:31:20.837 249 249 I zygote : option[9]=-Xms5m
06-26 11:31:20.837 249 249 I zygote : option[10]=-Xmx512m
06-26 11:31:20.837 249 249 I zygote : option[11]=-XX:HeapGrowthLimit=256m
06-26 11:31:20.837 249 249 I zygote : option[12]=-XX:HeapMinFree=512k
06-26 11:31:20.837 249 249 I zygote : option[13]=-XX:HeapMaxFree=8m
06-26 11:31:20.837 249 249 I zygote : option[14]=-XX:HeapTargetUtilization=0.75
06-26 11:31:20.837 249 249 I zygote : option[15]=-Xusejit:true
06-26 11:31:20.837 249 249 I zygote : option[16]=-Xjitsaveprofilinginfo
06-26 11:31:20.837 249 249 I zygote : option[17]=-XMadviseWillNeedVdexFileSize:104857600
06-26 11:31:20.837 249 249 I zygote : option[18]=-XMadviseWillNeedOdexFileSize:104857600
06-26 11:31:20.837 249 249 I zygote : option[19]=-XMadviseWillNeedArtFileSize:4294967295
06-26 11:31:20.837 249 249 I zygote : option[20]=-XjdwpOptions:suspend=n,server=y
06-26 11:31:20.837 249 249 I zygote : option[21]=-XjdwpProvider:default
06-26 11:31:20.837 249 249 I zygote : option[22]=-Xopaque-jni-ids:swapable
06-26 11:31:20.838 249 249 I zygote : option[23]=-Xcompiler-option
06-26 11:31:20.838 249 249 I zygote : option[24]=--instruction-set-variant=cortex-a7
06-26 11:31:20.836 316 316 I xiriservice_All: type=1400 audit(0.0:258): avc: denied { search } for name="com.android.captiveportallogin" dev="mmcblk0p25" ino=1353 scontext=u:r:init:s0 tcontext=u:object_r:app_data_file:s0:c54,c256,c512,c768 tclass=dir permissive=1
06-26 11:31:20.838 249 249 I zygote : option[25]=-Xcompiler-option
06-26 11:31:20.838 249 249 I zygote : option[26]=--instruction-set-features=default
06-26 11:31:20.838 249 249 I zygote : option[27]=-Xcompiler-option
06-26 11:31:20.838 249 249 I zygote : option[28]=--generate-mini-debug-info
06-26 11:31:20.838 249 249 I zygote : option[29]=-Ximage-compiler-option
06-26 11:31:20.838 249 249 I zygote : option[30]=--runtime-arg
06-26 11:31:20.838 249 249 I zygote : option[31]=-Ximage-compiler-option
06-26 11:31:20.838 249 249 I zygote : option[32]=-Xms64m
06-26 11:31:20.838 249 249 I zygote : option[33]=-Ximage-compiler-option
06-26 11:31:20.838 249 249 I zygote : option[34]=--runtime-arg
06-26 11:31:20.838 249 249 I zygote : option[35]=-Ximage-compiler-option
06-26 11:31:20.838 249 249 I zygote : option[36]=-Xmx64m
06-26 11:31:20.838 249 249 I zygote : option[37]=-Ximage-compiler-option
06-26 11:31:20.838 249 249 I zygote : option[38]=--dirty-image-objects=/system/etc/dirty-image-objects
06-26 11:31:20.838 249 249 I zygote : option[39]=-Ximage-compiler-option
06-26 11:31:20.838 249 249 I zygote : option[40]=--instruction-set-variant=cortex-a7
06-26 11:31:20.838 249 249 I zygote : option[41]=-Ximage-compiler-option
06-26 11:31:20.838 249 249 I zygote : option[42]=--instruction-set-features=default
06-26 11:31:20.838 249 249 I zygote : option[43]=-Ximage-compiler-option
06-26 11:31:20.838 249 249 I zygote : option[44]=--generate-mini-debug-info
06-26 11:31:20.838 249 249 I zygote : option[45]=-Duser.locale=zh-CN
06-26 11:31:20.838 249 249 I zygote : option[46]=--cpu-abilist=armeabi-v7a,armeabi
06-26 11:31:20.838 249 249 I zygote : option[47]=-Xfingerprint:Dangbei/raven/raven:12/SP1A.211105.004/20250625.113549:user/release-keys
06-26 11:31:20.836 316 316 I xiriservice_All: type=1400 audit(0.0:260): avc: denied { read } for name="lib" dev="mmcblk0p25" ino=8371 scontext=u:r:init:s0 tcontext=u:object_r:app_data_file:s0:c512,c768 tclass=lnk_file permissive=1
06-26 11:31:20.848 316 316 I xiriservice_All: type=1400 audit(0.0:261): avc: denied { search } for name="android.auto_generated_rro_vendor__" dev="mmcblk0p25" ino=1369 scontext=u:r:init:s0 tcontext=u:object_r:app_data_file:s0:c12,c256,c512,c768 tclass=dir permissive=1
06-26 11:31:20.848 316 316 I xiriservice_All: type=1400 audit(0.0:262): avc: denied { search } for name="com.dangbei.hqmedia" dev="mmcblk0p25" ino=3095 scontext=u:r:init:s0 tcontext=u:object_r:app_data_file:s0:c76,c256,c512,c768 tclass=dir permissive=1
06-26 11:31:20.852 331 331 I init : type=1400 audit(0.0:263): avc: denied { execute } for name="rainbow_flow" dev="dm-1" ino=182 scontext=u:r:init:s0 tcontext=u:object_r:vendor_file:s0 tclass=file permissive=1
06-26 11:31:20.852 316 316 I xiriservice_All: type=1400 audit(0.0:264): avc: denied { read } for name="lib" dev="mmcblk0p25" ino=8346 scontext=u:r:init:s0 tcontext=u:object_r:app_data_file:s0:c76,c256,c512,c768 tclass=lnk_file permissive=1
06-26 11:31:20.852 331 331 I init : type=1400 audit(0.0:265): avc: denied { execute_no_trans } for path="/vendor/bin/rainbow_flow" dev="dm-1" ino=182 scontext=u:r:init:s0 tcontext=u:object_r:vendor_file:s0 tclass=file permissive=1
06-26 11:31:20.859 249 249 W zygote : ART APEX data files are untrusted.
06-26 11:31:20.869 278 278 I FastMixerState: sMaxFastTracks = 8
06-26 11:31:20.872 331 331 I rainbow_flow: type=1400 audit(0.0:266): avc: denied { write } for name="spidev1.0" dev="tmpfs" ino=6711 scontext=u:r:init:s0 tcontext=u:object_r:device:s0 tclass=chr_file permissive=1
06-26 11:31:20.872 331 331 I rainbow_flow: type=1400 audit(0.0:267): avc: denied { open } for path="/dev/spidev1.0" dev="tmpfs" ino=6711 scontext=u:r:init:s0 tcontext=u:object_r:device:s0 tclass=chr_file permissive=1
06-26 11:31:20.872 331 331 I rainbow_flow: type=1400 audit(0.0:268): avc: denied { ioctl } for path="/dev/spidev1.0" dev="tmpfs" ino=6711 ioctlcmd=0x6b01 scontext=u:r:init:s0 tcontext=u:object_r:device:s0 tclass=chr_file permissive=1
06-26 11:31:20.892 278 278 V MediaUtils: physMem: 2055442432
06-26 11:31:20.892 278 278 V MediaUtils: requested limit: 411088480
06-26 11:31:20.892 278 278 I libc : malloc_limit: Allocation limit enabled, max size 411088480 bytes
06-26 11:31:20.893 278 278 I audioserver: ServiceManager: 0xf087a420
06-26 11:31:20.895 278 278 W BatteryNotifier: batterystats service unavailable!
06-26 11:31:20.896 278 278 E cutils-trace: Error opening trace file: No such file or directory (2)
06-26 11:31:20.911 332 332 I bootstat: Service started: /system/bin/bootstat --set_system_boot_reason
06-26 11:31:20.918 332 332 I bootstat: Canonical boot reason: shutdown,userrequested
06-26 11:31:20.918 332 332 I bootstat: Canonical boot reason: shutdown,userrequested
06-26 11:31:20.945 316 316 D XiriService: read SYSTEM APP lib
06-26 11:31:20.946 336 336 D DONGLE_SERVICE: ble_rc_service version is 2.0.26601
06-26 11:31:20.946 336 336 D DONGLE_SERVICE: init command center ...
06-26 11:31:20.946 336 336 D DONGLE_SERVICE: trying to scan for smart ctrl hidraw...
06-26 11:31:20.947 336 336 D DONGLE_SERVICE: command center, start working...
06-26 11:31:20.947 336 337 D DONGLE_SERVICE: >> start monitor uevent ...
06-26 11:31:20.944 336 336 I xiriservice_All: type=1400 audit(0.0:269): avc: denied { create } for scontext=u:r:init:s0 tcontext=u:r:init:s0 tclass=netlink_kobject_uevent_socket permissive=1
06-26 11:31:20.944 336 336 I xiriservice_All: type=1400 audit(0.0:270): avc: denied { setopt } for scontext=u:r:init:s0 tcontext=u:r:init:s0 tclass=netlink_kobject_uevent_socket permissive=1
06-26 11:31:20.944 336 336 I xiriservice_All: type=1400 audit(0.0:271): avc: denied { bind } for scontext=u:r:init:s0 tcontext=u:r:init:s0 tclass=netlink_kobject_uevent_socket permissive=1
06-26 11:31:20.944 336 336 I xiriservice_All: type=1400 audit(0.0:272): avc: denied { read } for scontext=u:r:init:s0 tcontext=u:r:init:s0 tclass=netlink_kobject_uevent_socket permissive=1
06-26 11:31:20.958 1 1 W FAT-fs (mmcblk0p24): Volume was not properly unmounted. Some data may be corrupt. Please run fsck.
06-26 11:31:20.984 316 316 I xiriservice_All: type=1400 audit(0.0:273): avc: denied { watch } for path="/data/data" dev="mmcblk0p25" ino=87 scontext=u:r:init:s0 tcontext=u:object_r:system_data_file:s0:c512,c768 tclass=dir permissive=1
06-26 11:31:21.022 332 332 I bootstat: Last reboot reason read from /metadata/bootstat/persist.sys.boot.reason : shutdown,userrequested. Last reboot reason read from persist.sys.boot.reason : shutdown,userrequested
06-26 11:31:21.022 332 332 I bootstat: Normalized last reboot reason : shutdown,userrequested
06-26 11:31:21.046 278 278 I ServiceManager: Waiting for service 'media.metrics' on '/dev/binder'...
06-26 11:31:21.049 301 301 D libEGL : loaded /vendor/lib/egl/libGLES_mali.so
06-26 11:31:21.061 339 339 I perfetto: probes.cc:84 Starting /system/bin/traced_probes service
06-26 11:31:21.064 339 346 I perfetto: _activity_trigger.cc:71 mm_events ftrace instance not found. Triggering of traces on memory pressure will not be available on this device.
06-26 11:31:21.064 339 339 I perfetto: probes_producer.cc:129 Disconnected from tracing service
06-26 11:31:21.064 272 272 I EventThread: type=1400 audit(0.0:274): avc: denied { search } for name="extcon" dev="sysfs" ino=18109 scontext=u:r:hal_tv_cec_default:s0 tcontext=u:object_r:sysfs_extcon:s0 tclass=dir permissive=1
06-26 11:31:21.064 272 272 I EventThread: type=1400 audit(0.0:275): avc: denied { read } for name="u:object_r:default_prop:s0" dev="tmpfs" ino=6382 scontext=u:r:hal_tv_cec_default:s0 tcontext=u:object_r:default_prop:s0 tclass=file permissive=1
06-26 11:31:21.064 272 272 I EventThread: type=1400 audit(0.0:276): avc: denied { open } for path="/dev/__properties__/u:object_r:default_prop:s0" dev="tmpfs" ino=6382 scontext=u:r:hal_tv_cec_default:s0 tcontext=u:object_r:default_prop:s0 tclass=file permissive=1
06-26 11:31:21.064 272 272 I EventThread: type=1400 audit(0.0:277): avc: denied { getattr } for path="/dev/__properties__/u:object_r:default_prop:s0" dev="tmpfs" ino=6382 scontext=u:r:hal_tv_cec_default:s0 tcontext=u:object_r:default_prop:s0 tclass=file permissive=1
06-26 11:31:21.064 272 272 I EventThread: type=1400 audit(0.0:278): avc: denied { map } for path="/dev/__properties__/u:object_r:default_prop:s0" dev="tmpfs" ino=6382 scontext=u:r:hal_tv_cec_default:s0 tcontext=u:object_r:default_prop:s0 tclass=file permissive=1
06-26 11:31:21.068 331 331 I rainbow_flow: type=1400 audit(0.0:279): avc: denied { ioctl } for path="/dev/spidev1.0" dev="tmpfs" ino=6711 ioctlcmd=0x6b00 scontext=u:r:init:s0 tcontext=u:object_r:device:s0 tclass=chr_file permissive=1
06-26 11:31:21.080 342 342 W perfetto: service.cc:207 Started traced, listening on /dev/socket/traced_producer /dev/socket/traced_consumer
06-26 11:31:21.084 344 344 I preloaddata: type=1400 audit(0.0:280): avc: denied { write search } for name="tmp" dev="mmcblk0p25" ino=85 scontext=u:r:toolbox:s0 tcontext=u:object_r:shell_data_file:s0 tclass=dir permissive=1
06-26 11:31:21.084 344 344 I preloaddata: type=1400 audit(0.0:281): avc: denied { getattr } for path="/data/local/tmp" dev="mmcblk0p25" ino=85 scontext=u:r:toolbox:s0 tcontext=u:object_r:shell_data_file:s0 tclass=dir permissive=1
06-26 11:31:21.107 324 328 D XM_HIDREAD: add@ add@/devices/platform/uwe_bsp.0
06-26 11:31:21.109 324 328 D XM_HIDREAD: add@ add@/devices/platform/uwe_bsp.0/wakeup/wakeup8
06-26 11:31:21.113 169 169 I WCN : marlin_init entry!
06-26 11:31:21.113 169 169 I WCN : unisoc wcn driver version: W25.26.3, build time: Jun 25 2025 10:19:59 (UTC)
06-26 11:31:21.114 169 169 I WCN : wcn config keep power on
06-26 11:31:21.114 169 169 I WCN : wcn config bt wake host
06-26 11:31:21.114 169 169 I WCN : marlin_registsr_bt_wake bt_hostwake gpio=208 intnum=237
06-26 11:31:21.114 169 169 I sdiohal : sdiohal_parse_dt adma_tx:1, adma_rx:1, pwrseq:0, irq type:data, gpio_num:0, blksize:840
06-26 11:31:21.113 301 301 I RenderEngine: Realtime priority unsupported, degrading gracefully to high priority
06-26 11:31:21.120 324 328 D XM_HIDREAD: add@ add@/class/slog_wcn
06-26 11:31:21.121 324 328 D XM_HIDREAD: add@ add@/devices/virtual/slog_wcn/slog_wcn0
06-26 11:31:21.122 324 328 D XM_HIDREAD: add@ add@/devices/virtual/slog_wcn/slog_wcn1
06-26 11:31:21.122 324 328 D XM_HIDREAD: add@ add@/devices/virtual/misc/wcn_op
06-26 11:31:21.117 169 169 E sdiohal err: sdio, BITS =64, PageSize =4096, order=6, 3
06-26 11:31:21.126 169 169 I sdiohal : sdiohal_init ok
06-26 11:31:21.127 169 169 I WCN : marlin_probe ok!
06-26 11:31:21.123 324 328 D XM_HIDREAD: add@ add@/bus/platform/drivers/uwe_bsp
06-26 11:31:21.123 324 328 D XM_HIDREAD: add@ add@/module/uwe5621_bsp_sdio
06-26 11:31:21.166 186 186 I hwservicemanager: getTransport: Cannot find entry android.hardware.graphics.mapper@4.0::IMapper/default in either framework or device VINTF manifest.
06-26 11:31:21.166 301 301 I Gralloc4: mapper 4.x is not supported
06-26 11:31:21.167 186 186 I hwservicemanager: getTransport: Cannot find entry android.hardware.graphics.mapper@3.0::IMapper/default in either framework or device VINTF manifest.
06-26 11:31:21.167 301 301 W Gralloc3: mapper 3.x is not supported
06-26 11:31:21.173 301 301 E gralloc : Arm Module v1.0
06-26 11:31:21.174 186 186 I hwservicemanager: getTransport: Cannot find entry android.hardware.graphics.allocator@4.0::IAllocator/default in either framework or device VINTF manifest.
06-26 11:31:21.174 301 301 W Gralloc4: allocator 4.x is not supported
06-26 11:31:21.174 186 186 I hwservicemanager: getTransport: Cannot find entry android.hardware.graphics.allocator@3.0::IAllocator/default in either framework or device VINTF manifest.
06-26 11:31:21.174 301 301 W Gralloc3: allocator 3.x is not supported
06-26 11:31:21.192 262 262 E ion : ioctl c0044901 failed with code -1: Inappropriate ioctl for device
06-26 11:31:21.192 262 262 I gralloc : alloc buffer:W:1 H:1 S:16 PL[1 1] SZ:64 fmt:1 if:0 af:1 usg:300 fg:00000004
06-26 11:31:21.193 301 301 E ion : ioctl c0044901 failed with code -1: Inappropriate ioctl for device
06-26 11:31:21.194 301 301 I RenderEngine: OpenGL ES informations:
06-26 11:31:21.194 301 301 I RenderEngine: vendor : ARM
06-26 11:31:21.194 301 301 I RenderEngine: renderer : Mali-G31
06-26 11:31:21.194 301 301 I RenderEngine: version : OpenGL ES 3.2 v1.r20p0-01rel0.9f6475d0baffb05079096179e1278b1d
06-26 11:31:21.194 301 301 I RenderEngine: extensions: GL_EXT_debug_marker GL_ARM_rgba8 GL_ARM_mali_shader_binary GL_OES_depth24 GL_OES_depth_texture GL_OES_depth_texture_cube_map GL_OES_packed_depth_stencil GL_OES_rgb8_rgba8 GL_EXT_read_format_bgra GL_OES_compressed_paletted_texture GL_OES_compressed_ETC1_RGB8_texture GL_OES_standard_derivatives GL_OES_EGL_image GL_OES_EGL_image_external GL_OES_EGL_image_external_essl3 GL_OES_EGL_sync GL_OES_texture_npot GL_OES_vertex_half_float GL_OES_required_internalformat GL_OES_vertex_array_object GL_OES_mapbuffer GL_EXT_texture_format_BGRA8888 GL_EXT_texture_rg GL_EXT_texture_type_2_10_10_10_REV GL_OES_fbo_render_mipmap GL_OES_element_index_uint GL_EXT_shadow_samplers GL_OES_texture_compression_astc GL_KHR_texture_compression_astc_ldr GL_KHR_texture_compression_astc_hdr GL_KHR_texture_compression_astc_sliced_3d GL_EXT_texture_compression_astc_decode_mode GL_EXT_texture_compression_astc_decode_mode_rgb9e5 GL_KHR_debug GL_EXT_occlusion_query_boolean GL_EXT_disjoint_timer_query GL_EXT_blend_minmax GL_EXT_discard_
06-26 11:31:21.194 301 301 I RenderEngine: GL_MAX_TEXTURE_SIZE = 8192
06-26 11:31:21.194 301 301 I RenderEngine: GL_MAX_VIEWPORT_DIMS = 8192
06-26 11:31:21.194 301 301 W libprocessgroup: Failed to open /dev/cpuset/system-background/tasks: Permission denied: Permission denied
06-26 11:31:21.194 301 301 W libprocessgroup: Failed to apply SFMainPolicy task profile: Permission denied
06-26 11:31:21.195 324 328 D XM_HIDREAD: add@ add@/devices/platform/mtty.0
06-26 11:31:21.197 324 328 D XM_HIDREAD: add@ add@/devices/virtual/tty/ttyBT0
06-26 11:31:21.197 186 186 I hwservicemanager: getTransport: Cannot find entry android.hardware.graphics.mapper@4.0::IMapper/default in either framework or device VINTF manifest.
06-26 11:31:21.198 263 304 I ComposerResources: failed to get mapper 4.0 service, falling back to mapper 3.0
06-26 11:31:21.198 186 186 I hwservicemanager: getTransport: Cannot find entry android.hardware.graphics.mapper@3.0::IMapper/default in either framework or device VINTF manifest.
06-26 11:31:21.198 263 304 I ComposerResources: failed to get mapper 3.0 service, falling back to mapper 2.0
06-26 11:31:21.196 169 169 E : uwe5621_bt_tty_init
06-26 11:31:21.202 169 169 E : mtty_probe unisoc soc, continue
06-26 11:31:21.203 169 169 I : mtty_probe init device addr: 0x00000000aff64f32
06-26 11:31:21.201 263 304 E gralloc : Arm Module v1.0
06-26 11:31:21.203 263 359 I sunxihwc: threadLoop: EventThread start
06-26 11:31:21.203 263 304 I sunxihwc: createDeviceFactory: IDeviceFactory from hardware/aw/display/hwc-hal/disp2/HomletDeviceFactory.cpp
06-26 11:31:21.203 263 304 I sunxihwc: Device name: raven
06-26 11:31:21.209 169 169 E : rfkill_bluetooth_init
06-26 11:31:21.208 324 328 D XM_HIDREAD: add@ add@/devices/platform/mtty.0/rfkill/rfkill1
06-26 11:31:21.214 169 169 E : rfkill_bluetooth_init end
06-26 11:31:21.220 169 169 E : marlin_sdio_init
06-26 11:31:21.219 263 304 D sunxihwc: Device config file: /vendor/etc/dispconfigs/homlet-default.json
06-26 11:31:21.221 324 328 D XM_HIDREAD: add@ add@/bus/platform/drivers/mtty
06-26 11:31:21.221 324 328 D XM_HIDREAD: add@ add@/module/sprdbt_tty
06-26 11:31:21.221 263 304 D sunxihwc: Parse 'Display0' config
06-26 11:31:21.221 263 304 D sunxihwc: Parse 'Display1' config
06-26 11:31:21.222 263 360 W displayd: xxxxxxx: threadedStartup begin
06-26 11:31:21.222 263 360 I sunxihwc: Device name: raven
06-26 11:31:21.223 263 360 D sunxihwc: Device config file: /vendor/etc/dispconfigs/homlet-default.json
06-26 11:31:21.223 263 360 D sunxihwc: Parse 'Display0' config
06-26 11:31:21.224 263 360 D sunxihwc: Parse 'Display1' config
06-26 11:31:21.224 263 360 W displayd: xxxxxxx: HAL device config file: /vendor/etc/dispconfigs/homlet-default.json
06-26 11:31:21.224 263 360 W displayd: Displays (2 entries)
06-26 11:31:21.224 263 360 W displayd: + Display{id=0, framebuffer=1920x1080(override=1), dpi=160x160}
06-26 11:31:21.224 263 360 W displayd: DisplayEnginePortId=0
06-26 11:31:21.224 263 360 W displayd: InterfaceType=HDMI
06-26 11:31:21.224 263 360 W displayd: DefaultOutputMode=0
06-26 11:31:21.224 263 360 W displayd: HotplugSupported=0
06-26 11:31:21.224 263 360 W displayd: AfbcSupported=0
06-26 11:31:21.224 263 360 W displayd: HardwareRotateSupported=0
06-26 11:31:21.224 263 360 W displayd: BandwidthLimited=338800 Bytes per frame
06-26 11:31:21.224 263 360 W displayd: + Display{id=1, framebuffer=1920x1080(override=1), dpi=160x160}
06-26 11:31:21.224 263 360 W displayd: DisplayEnginePortId=1
06-26 11:31:21.224 263 360 W displayd: InterfaceType=CVBS
06-26 11:31:21.224 263 360 W displayd: DefaultOutputMode=0
06-26 11:31:21.224 263 360 W displayd: HotplugSupported=0
06-26 11:31:21.224 263 360 W displayd: AfbcSupported=0
06-26 11:31:21.224 263 360 W displayd: HardwareRotateSupported=0
06-26 11:31:21.224 263 360 W displayd: BandwidthLimited=338800 Bytes per frame
06-26 11:31:21.224 263 360 W displayd: xxxxxxx: display output policy: dual
06-26 11:31:21.224 263 360 W displayd: xxxxxxx: Display.0 output type: 4
06-26 11:31:21.224 263 360 W displayd: xxxxxxx: Display.1 output type: 2
06-26 11:31:21.224 263 360 W displayd: xxxxxxx: createDevice: type=4 on port 0
06-26 11:31:21.220 263 263 I MQ-Thread: type=1400 audit(0.0:282): avc: denied { read } for name="u:object_r:system_prop:s0" dev="tmpfs" ino=6509 scontext=u:r:hal_graphics_composer_default:s0 tcontext=u:object_r:system_prop:s0 tclass=file permissive=1
06-26 11:31:21.220 263 263 I MQ-Thread: type=1400 audit(0.0:283): avc: denied { open } for path="/dev/__properties__/u:object_r:system_prop:s0" dev="tmpfs" ino=6509 scontext=u:r:hal_graphics_composer_default:s0 tcontext=u:object_r:system_prop:s0 tclass=file permissive=1
06-26 11:31:21.220 263 263 I MQ-Thread: type=1400 audit(0.0:284): avc: denied { getattr } for path="/dev/__properties__/u:object_r:system_prop:s0" dev="tmpfs" ino=6509 scontext=u:r:hal_graphics_composer_default:s0 tcontext=u:object_r:system_prop:s0 tclass=file permissive=1
06-26 11:31:21.220 263 263 I MQ-Thread: type=1400 audit(0.0:285): avc: denied { map } for path="/dev/__properties__/u:object_r:system_prop:s0" dev="tmpfs" ino=6509 scontext=u:r:hal_graphics_composer_default:s0 tcontext=u:object_r:system_prop:s0 tclass=file permissive=1
06-26 11:31:21.225 263 360 W displayd: xxxxxxx: Device hdmi init
06-26 11:31:21.220 263 263 I MQ-Thread: type=1400 audit(0.0:286): avc: denied { read } for name="u:object_r:default_prop:s0" dev="tmpfs" ino=6382 scontext=u:r:hal_graphics_composer_default:s0 tcontext=u:object_r:default_prop:s0 tclass=file permissive=1
06-26 11:31:21.225 263 360 W displayd: xxxxxxx: createDevice: type=2 on port 1
06-26 11:31:21.220 263 263 I MQ-Thread: type=1400 audit(0.0:287): avc: denied { open } for path="/dev/__properties__/u:object_r:default_prop:s0" dev="tmpfs" ino=6382 scontext=u:r:hal_graphics_composer_default:s0 tcontext=u:object_r:default_prop:s0 tclass=file permissive=1
06-26 11:31:21.226 263 360 W displayd: xxxxxxx: Device cvbs init
06-26 11:31:21.226 263 360 W displayd: xxxxxxx: Initizlize display device mapping
06-26 11:31:21.220 263 263 I MQ-Thread: type=1400 audit(0.0:288): avc: denied { getattr } for path="/dev/__properties__/u:object_r:default_prop:s0" dev="tmpfs" ino=6382 scontext=u:r:hal_graphics_composer_default:s0 tcontext=u:object_r:default_prop:s0 tclass=file permissive=1
06-26 11:31:21.226 263 360 D displayd: xxxxxxx: updateConnectState: type=-1 connected=-1
06-26 11:31:21.220 263 263 I MQ-Thread: type=1400 audit(0.0:289): avc: denied { map } for path="/dev/__properties__/u:object_r:default_prop:s0" dev="tmpfs" ino=6382 scontext=u:r:hal_graphics_composer_default:s0 tcontext=u:object_r:default_prop:s0 tclass=file permissive=1
06-26 11:31:21.226 263 360 W displayd: xxxxxxx: platformGetDeviceConnectStatePath:
06-26 11:31:21.226 263 360 W displayd: hdmi: /sys/class/extcon/extcon0/state
06-26 11:31:21.226 263 360 W displayd: cvbs: /sys/class/extcon/extcon1/state
06-26 11:31:21.226 263 360 D displayd: xxxxxxx: updated: type=2 connected=0
06-26 11:31:21.220 263 263 I MQ-Thread: type=1400 audit(0.0:290): avc: denied { getattr } for path="/sys/devices/platform/soc@3000000/6520000.tv0/extcon/extcon1/state" dev="sysfs" ino=19386 scontext=u:r:hal_graphics_composer_default:s0 tcontext=u:object_r:sysfs:s0 tclass=file permissive=1
06-26 11:31:21.226 263 360 D displayd: xxxxxxx: updated: type=4 connected=1
06-26 11:31:21.226 263 360 W displayd: xxxxxxx: setupDefaultOutput: hdmi user strategy: 255
06-26 11:31:21.227 263 360 W edid : Parse block0:
06-26 11:31:21.227 263 360 W edid : Extension block count: 1
06-26 11:31:21.227 263 360 W edid : Parse CEA extension block (version: 3)
06-26 11:31:21.227 263 360 W edid : CEA data length: 64 bytes
06-26 11:31:21.227 263 304 I HidlServiceManagement: Registered vendor.display.config@1.0::IDisplayConfig/default
06-26 11:31:21.227 263 360 E edid : parseCeaDataBlocks:unhandled EXTENDED_TAG code0
06-26 11:31:21.224 1 1 I /system/bin/init: type=1107 audit(0.0:291): uid=0 auid=4294967295 ses=4294967295 subj=u:r:init:s0 msg='avc: denied { set } for property=vendor.sys.tv_vdid_fex pid=263 uid=1000 gid=1003 scontext=u:r:hal_graphics_composer_default:s0 tcontext=u:object_r:vendor_default_prop:s0 tclass=property_service permissive=1'
06-26 11:31:21.229 263 360 W displayd: xxxxxxx: performDefaultConfig dirty=0
06-26 11:31:21.229 263 304 D android.hardware.graphics.composer@2.2-service: IDisplayConfig register: ok
06-26 11:31:21.229 263 304 I sunxihwc: initialize: DisplayConfigService init: ok
06-26 11:31:21.229 263 304 D sunxihwc: setHotplugState: mbHotplug = 1
06-26 11:31:21.229 263 304 E sunxihwc: notifyDeviceChanged: DeviceChangedListener not register yet!
06-26 11:31:21.229 263 360 W displayd: xxxxxxx: Old config: type[4] mode[10] pixelformat[1] bits[0] eotf[4] colorspace[257]
06-26 11:31:21.229 263 360 W displayd: xxxxxxx: New config: type[4] mode[10] pixelformat[1] bits[0] eotf[4] colorspace[257]
06-26 11:31:21.229 263 304 I sunxihwc: setVendorInterface: register IVendorInterface: 0xf426c310
06-26 11:31:21.229 263 360 I sunxihwc: switchDevice: display[1]: type=2 mode=0 enable=0
06-26 11:31:21.229 263 360 I sunxihwc: switchDevice: display[0]: type=4 mode=10 enable=1
06-26 11:31:21.229 263 304 D sunxihwc: HAL device config file: /vendor/etc/dispconfigs/homlet-default.json
06-26 11:31:21.229 263 304 D sunxihwc: Displays (2 entries)
06-26 11:31:21.229 263 304 D sunxihwc: + Display{id=0, framebuffer=1920x1080(override=1), dpi=160x160}
06-26 11:31:21.229 263 304 D sunxihwc: DisplayEnginePortId=0
06-26 11:31:21.229 263 304 D sunxihwc: InterfaceType=HDMI
06-26 11:31:21.229 263 304 D sunxihwc: DefaultOutputMode=0
06-26 11:31:21.229 263 304 D sunxihwc: HotplugSupported=0
06-26 11:31:21.229 263 304 D sunxihwc: AfbcSupported=0
06-26 11:31:21.229 263 304 D sunxihwc: HardwareRotateSupported=0
06-26 11:31:21.229 263 304 D sunxihwc: BandwidthLimited=338800 Bytes per frame
06-26 11:31:21.229 263 304 D sunxihwc: + Display{id=1, framebuffer=1920x1080(override=1), dpi=160x160}
06-26 11:31:21.229 263 304 D sunxihwc: DisplayEnginePortId=1
06-26 11:31:21.229 263 304 D sunxihwc: InterfaceType=CVBS
06-26 11:31:21.229 263 304 D sunxihwc: DefaultOutputMode=0
06-26 11:31:21.229 263 304 D sunxihwc: HotplugSupported=0
06-26 11:31:21.229 263 304 D sunxihwc: AfbcSupported=0
06-26 11:31:21.229 263 304 D sunxihwc: HardwareRotateSupported=0
06-26 11:31:21.229 263 304 D sunxihwc: BandwidthLimited=338800 Bytes per frame
06-26 11:31:21.229 263 304 W sunxihwc: bringupDevices: display.1 was off, request type 2, try to bringup it!
06-26 11:31:21.229 263 304 I sunxihwc: scanConnectedDevice: wait for device connect
06-26 11:31:21.229 263 360 D sunxihwc: setHotplugState: mbHotplug = 1
06-26 11:31:21.229 263 360 I sunxihwc: createSyncTimeline: DisplayEngine Frequency: 696000000 Hz
06-26 11:31:21.229 263 360 I sunxihwc: setup: timeline0 create
06-26 11:31:21.229 263 360 E sunxihwc: readFromFile: Could not open '/sys/firmware/devicetree/base/dram/dram_clk', No such file or directory(2)
06-26 11:31:21.229 263 360 E sunxihwc: readFromFile: Could not open '/sys/firmware/devicetree/base/dram/dram_mr1', No such file or directory(2)
06-26 11:31:21.229 263 360 E sunxihwc: readFromFile: Could not open '/sys/firmware/devicetree/base/dram/dram_type', No such file or directory(2)
06-26 11:31:21.230 263 360 I sunxihwc: getDramInfoFromDeviceTree: draminfo: freq 0 MHz, bus width 32 bits, type 0
06-26 11:31:21.230 263 360 I sunxihwc: computeEffectiveBandwidth: dram effective bandwidth: 0 MBytes
06-26 11:31:21.230 263 360 E sunxihwc: calculateBandwidthLimitation: getDramFrequency return error(0), fallback to default bandwidth config
06-26 11:31:21.230 263 360 I sunxihwc: setup: Bandwidth limitation: 49152000 Bytes per frame
06-26 11:31:21.230 263 361 I sunxihwc: threadLoop: set CommitThread priority as HAL_PRIORITY_URGENT_DISPLAY
06-26 11:31:21.230 263 360 I sunxihwc: setDisplaydCb: get mDisplaydCb =0x0x696c4372
06-26 11:31:21.230 263 360 I sunxihwc: updateConnectedDevices: display[0] connected=1 type=4 device=0xf4203e0c
06-26 11:31:21.230 263 360 I sunxihwc: updateConnectedDevices: display[1] connected=0 type=2 device=0x0
06-26 11:31:21.231 263 360 D sunxihwc: enqueueEvent: enqueueEvent: event 1
06-26 11:31:21.231 263 359 W sunxihwc: deviceChangedEventProcess: Display.0 (hdmi0) connect
06-26 11:31:21.231 263 359 I sunxihwc: onHotplugReceived: display(0) connect state[1]
06-26 11:31:21.231 263 359 I sunxihwc: onHotplugReceived: display size: 0 display.0 0 display.1 0 display.0 0
06-26 11:31:21.231 263 359 W sunxihwc: onHotplugReceived: display(0) is 0xf40fe010
06-26 11:31:21.231 263 359 D sunxihwc: setDisplays: display =0xf40fe010
06-26 11:31:21.231 263 359 D sunxihwc: setDisplays: display size=1
06-26 11:31:21.231 263 304 D sunxihwc: enqueueEvent: enqueueEvent: event 1
06-26 11:31:21.231 263 304 I sunxihwc: waitForHotplugIssued: Wait for display connect
06-26 11:31:21.231 263 359 D sunxihwc: setHotplugState: mbHotplug = 0
06-26 11:31:21.231 263 359 D sunxihwc: setHotplugState: mbHotplug = 0
06-26 11:31:21.231 301 301 I SurfaceFlinger: onComposerHalHotplug(0, connected)
06-26 11:31:21.231 301 301 I HWComposer: Switching to legacy multi-display mode
06-26 11:31:21.232 263 360 I sunxihwc: setMargin: display[0]: margin 100 100 100 100
06-26 11:31:21.232 263 360 W displayd: xxxxxxx: Turen on display(0), margin(100,100,100,100)
06-26 11:31:21.232 263 360 W displayd: xxxxxxx: Current device mapping:
06-26 11:31:21.232 263 360 W displayd: + display [1]: enable=0 type=2 mode=0
06-26 11:31:21.232 263 360 W displayd: + display [0]: enable=1 type=4 mode=10
06-26 11:31:21.232 263 360 I sunxihwc: registerCallback: registerCallback mEventCallback =0x0
06-26 11:31:21.232 263 360 I sunxihwc: setDisplaydCb: get mDisplaydCb =0x0xf41b9550
06-26 11:31:21.232 301 301 E HWComposer: getAttribute: getDisplayAttribute failed for display 0: BadConfig (1)
06-26 11:31:21.233 301 301 E HWComposer: getDisplayConnectionType: getDisplayConnectionType failed for display 0: Unsupported (8)
06-26 11:31:21.233 301 366 W EventThread: Ignoring VSYNC request while display is disconnected
06-26 11:31:21.234 301 366 W EventThread: Ignoring VSYNC request while display is disconnected
06-26 11:31:21.234 301 367 W EventThread: Ignoring VSYNC request while display is disconnected
06-26 11:31:21.234 301 367 W EventThread: Ignoring VSYNC request while display is disconnected
06-26 11:31:21.235 301 366 W EventThread: Ignoring VSYNC request while display is disconnected
06-26 11:31:21.235 301 366 W EventThread: Ignoring VSYNC request while display is disconnected
06-26 11:31:21.235 263 304 D sunxihwc: getHdrCapabilities: getHdrCapabilities: support hdr10 and hlg
06-26 11:31:21.235 301 301 W HwcComposer: getPerFrameMetadataKeys failed with 8
06-26 11:31:21.236 186 186 I hw-BpHwBinder: onLastStrongRef automatically unlinking death recipients
06-26 11:31:21.238 263 360 W displayd: xxxxxxx: threadedStartup end
06-26 11:31:21.240 262 262 I gralloc : alloc buffer:W:1920 H:1080 S:1920 PL[1920 1080] SZ:8294400 fmt:1 if:0 af:1 usg:1b00 fg:00000004
06-26 11:31:21.242 263 362 I sunxihwc: pollThreadLoop: polling VsyncThread start
06-26 11:31:21.242 276 276 I display.output-service: platform is homlet
06-26 11:31:21.245 184 184 I servicemanager: Found vendor.display.output.IDisplayOutputManager/default in device VINTF manifest.
06-26 11:31:21.245 262 299 I gralloc : alloc buffer:W:1920 H:1080 S:1920 PL[1920 1080] SZ:8294400 fmt:1 if:0 af:1 usg:1b00 fg:00000004
06-26 11:31:21.246 301 301 I SurfaceFlinger: Dispatching display hotplug event displayId=0, connected=1
06-26 11:31:21.250 301 372 W SurfaceFlinger: Failed to set thread name on dispatch thread
06-26 11:31:21.270 339 339 I perfetto: probes_producer.cc:112 Connected to the service
06-26 11:31:21.308 1 1 I init : type=1400 audit(0.0:292): avc: denied { read } for name="ext_csd" dev="debugfs" ino=6240 scontext=u:r:init:s0 tcontext=u:object_r:debugfs_mmc:s0 tclass=file permissive=1
06-26 11:31:21.308 1 1 I init : type=1400 audit(0.0:293): avc: denied { open } for path="/sys/kernel/debug/mmc0/mmc0:0001/ext_csd" dev="debugfs" ino=6240 scontext=u:r:init:s0 tcontext=u:object_r:debugfs_mmc:s0 tclass=file permissive=1
06-26 11:31:21.338 378 378 I installd: installd firing up
06-26 11:31:21.448 385 385 I storaged: type=1400 audit(0.0:294): avc: denied { read } for path="/sys/kernel/debug/mmc0/mmc0:0001/ext_csd" dev="debugfs" ino=6240 scontext=u:r:storaged:s0 tcontext=u:object_r:debugfs_mmc:s0 tclass=file permissive=1
06-26 11:31:21.464 331 331 I rainbow_flow: type=1400 audit(0.0:295): avc: denied { ioctl } for path="/dev/spidev1.0" dev="tmpfs" ino=6711 ioctlcmd=0x6b00 scontext=u:r:init:s0 tcontext=u:object_r:device:s0 tclass=chr_file permissive=1
06-26 11:31:21.526 388 388 I wificond: wificond is starting up...
06-26 11:31:21.549 393 393 D WifiHWInfo: Start to load wireless module hardware info table...
06-26 11:31:21.550 388 388 E cutils-trace: Error opening trace file: No such file or directory (2)
06-26 11:31:21.559 393 393 D WifiHWInfo: Entry [01], BUS: SDIO, ID: 0x024C8179, Name: rtl8189es.
06-26 11:31:21.559 393 393 D WifiHWInfo: Entry [02], BUS: SDIO, ID: 0x024CB723, Name: rtl8723bs_vq0.
06-26 11:31:21.559 393 393 D WifiHWInfo: Entry [03], BUS: SDIO, ID: 0x024CB703, Name: rtl8723cs.
06-26 11:31:21.559 393 393 D WifiHWInfo: Entry [04], BUS: SDIO, ID: 0x024CD723, Name: rtl8723ds.
06-26 11:31:21.559 393 393 D WifiHWInfo: Entry [05], BUS: SDIO, ID: 0x024CF179, Name: rtl8189fs.
06-26 11:31:21.559 393 393 D WifiHWInfo: Entry [06], BUS: SDIO, ID: 0x024CB822, Name: rtl88x2bs.
06-26 11:31:21.559 393 393 D WifiHWInfo: Entry [07], BUS: USB, ID: 0x0BDAD723, Name: rtl8723du.
06-26 11:31:21.559 393 393 D WifiHWInfo: Entry [08], BUS: USB, ID: 0x0BDA8179, Name: rtl8188etv.
06-26 11:31:21.559 393 393 D WifiHWInfo: Entry [09], BUS: USB, ID: 0x0BDA0179, Name: rtl8188eu.
06-26 11:31:21.559 393 393 D WifiHWInfo: Entry [10], BUS: USB, ID: 0x0BDA818B, Name: rtl8192eu.
06-26 11:31:21.559 393 393 D WifiHWInfo: Entry [11], BUS: USB, ID: 0x0BDAB720, Name: rtl8723bu.
06-26 11:31:21.559 393 393 D WifiHWInfo: Entry [12], BUS: USB, ID: 0x0BDAC82C, Name: rtl8822cu.
06-26 11:31:21.559 393 393 D WifiHWInfo: Entry [13], BUS: USB, ID: 0x0BDAF179, Name: rtl8188fu.
06-26 11:31:21.559 393 393 D WifiHWInfo: Entry [14], BUS: SDIO, ID: 0x02D0A9A6, Name: ap6212.
06-26 11:31:21.559 393 393 D WifiHWInfo: Entry [15], BUS: SDIO, ID: 0x02D04330, Name: ap6330.
06-26 11:31:21.559 393 393 D WifiHWInfo: Entry [16], BUS: SDIO, ID: 0x02D04356, Name: ap6356s.
06-26 11:31:21.560 393 393 D WifiHWInfo: Entry [17], BUS: SDIO, ID: 0x02D0A9BF, Name: ap6255.
06-26 11:31:21.560 393 393 D WifiHWInfo: Entry [18], BUS: SDIO, ID: 0x02D04334, Name: bcm43342.
06-26 11:31:21.560 393 393 D WifiHWInfo: Entry [19], BUS: SDIO, ID: 0x00202281, Name: xr819.
06-26 11:31:21.560 393 393 D WifiHWInfo: Entry [20], BUS: SDIO, ID: 0x0A9E2282, Name: xr829.
06-26 11:31:21.560 393 393 D WifiHWInfo: Entry [21], BUS: SDIO, ID: 0x0271050A, Name: qca6174a.
06-26 11:31:21.560 393 393 D WifiHWInfo: Entry [22], BUS: SDIO, ID: 0x30303030, Name: ssv6x5x.
06-26 11:31:21.560 393 393 D WifiHWInfo: Entry [23], BUS: SDIO, ID: 0x00000000, Name: uwe5621.
