06-26 11:31:49.546 2644 2887 V UFUnilog: api_group_impl.cpp : 717 {fuc=APIGroupImpl:createAPIItemImpl(),pItemCallback=0xf1ad2658}
06-26 11:31:49.546 2644 2887 V UFUnilog: api_group_impl.cpp : 727 {fuc=APIGroupImpl:addItem(),name=itv_wechatSharepic,item=0xf3a39670}
06-26 11:31:49.546 2644 2887 V UFUnilog: api_group_impl.cpp : 717 {fuc=APIGroupImpl:createAPIItemImpl(),pItemCallback=0xf1ad2658}
06-26 11:31:49.547 2644 2887 V UFUnilog: api_group_impl.cpp : 727 {fuc=APIGroupImpl:addItem(),name=itv_qiguanGuide,item=0xf3a396e0}
06-26 11:31:49.547 2644 2887 V UFUnilog: api_group_impl.cpp : 717 {fuc=APIGroupImpl:createAPIItemImpl(),pItemCallback=0xf1ad2658}
06-26 11:31:49.547 2644 2887 V UFUnilog: api_group_impl.cpp : 727 {fuc=APIGroupImpl:addItem(),name=itv_qiguanRecognize,item=0xf3a39750}
06-26 11:31:49.547 2644 2887 V UFUnilog: api_group_impl.cpp : 717 {fuc=APIGroupImpl:createAPIItemImpl(),pItemCallback=0xf1ad2658}
06-26 11:31:49.547 2644 2887 V UFUnilog: api_group_impl.cpp : 727 {fuc=APIGroupImpl:addItem(),name=itv_res,item=0xf3a397c0}
06-26 11:31:49.547 2644 2887 V UFUnilog: api_group_impl.cpp : 717 {fuc=APIGroupImpl:createAPIItemImpl(),pItemCallback=0xf1ad2658}
06-26 11:31:49.547 2644 2887 V UFUnilog: api_group_impl.cpp : 727 {fuc=APIGroupImpl:addItem(),name=itv_playInfo,item=0xf3a39830}
06-26 11:31:49.547 2644 2887 V UFUnilog: api_group_impl.cpp : 717 {fuc=APIGroupImpl:createAPIItemImpl(),pItemCallback=0xf1ad2658}
06-26 11:31:49.547 2644 2887 V UFUnilog: api_group_impl.cpp : 727 {fuc=APIGroupImpl:addItem(),name=itv_batchqipuid,item=0xf3a398a0}
06-26 11:31:49.547 2644 2887 D UNIPLAYERSDK: CommonDomain.cpp:71 CommonDomain::CommonDomain() sDomain = community.api.ptqy.gitv.tv, beginInterfaceType = 22, endInterfaceType = 25
06-26 11:31:49.547 2644 2887 D UFUnilog: api_strategy_mgr_impl.cpp : 386 {fuc=APIStrategyMgrImpl:createStrategy(),interface_msg=create,strategyname=httpdns-strategy}
06-26 11:31:49.547 2644 2887 V UFUnilog: api_group_impl.cpp : 717 {fuc=APIGroupImpl:createAPIItemImpl(),pItemCallback=0xf17b4130}
06-26 11:31:49.547 2644 2887 V UFUnilog: api_group_impl.cpp : 727 {fuc=APIGroupImpl:addItem(),name=community_unknow,item=0xf3a39910}
06-26 11:31:49.547 2644 2887 V UFUnilog: api_group_impl.cpp : 717 {fuc=APIGroupImpl:createAPIItemImpl(),pItemCallback=0xf17b4130}
06-26 11:31:49.547 2644 2887 V UFUnilog: api_group_impl.cpp : 727 {fuc=APIGroupImpl:addItem(),name=community_taskExecute,item=0xf3a39a60}
06-26 11:31:49.547 2644 2887 V UFUnilog: api_group_impl.cpp : 717 {fuc=APIGroupImpl:createAPIItemImpl(),pItemCallback=0xf17b4130}
06-26 11:31:49.547 2644 2887 V UFUnilog: api_group_impl.cpp : 727 {fuc=APIGroupImpl:addItem(),name=community_lotteryDraw,item=0xf3a39ad0}
06-26 11:31:49.547 2644 2887 D UNIPLAYERSDK: CommonDomain.cpp:71 CommonDomain::CommonDomain() sDomain = ota.ptqy.gitv.tv, beginInterfaceType = 26, endInterfaceType = 28
06-26 11:31:49.547 2644 2887 D UFUnilog: api_strategy_mgr_impl.cpp : 386 {fuc=APIStrategyMgrImpl:createStrategy(),interface_msg=create,strategyname=httpdns-strategy}
06-26 11:31:49.548 2644 2887 V UFUnilog: api_group_impl.cpp : 717 {fuc=APIGroupImpl:createAPIItemImpl(),pItemCallback=0xf17b43e0}
06-26 11:31:49.548 2644 2887 V UFUnilog: api_group_impl.cpp : 727 {fuc=APIGroupImpl:addItem(),name=itv_ota_unknow,item=0xf3a39b40}
06-26 11:31:49.548 2644 2887 V UFUnilog: api_group_impl.cpp : 717 {fuc=APIGroupImpl:createAPIItemImpl(),pItemCallback=0xf17b43e0}
06-26 11:31:49.548 2644 2887 V UFUnilog: api_group_impl.cpp : 727 {fuc=APIGroupImpl:addItem(),name=itv_ota_pluginUpgrade,item=0xf3a39bb0}
06-26 11:31:49.548 2644 2887 D UNIPLAYERSDK: CommonDomain.cpp:71 CommonDomain::CommonDomain() sDomain = tracker.sns.ptqy.gitv.tv, beginInterfaceType = 29, endInterfaceType = 32
06-26 11:31:49.548 2644 2887 D UFUnilog: api_strategy_mgr_impl.cpp : 386 {fuc=APIStrategyMgrImpl:createStrategy(),interface_msg=create,strategyname=httpdns-strategy}
06-26 11:31:49.548 2644 2887 V UFUnilog: api_group_impl.cpp : 717 {fuc=APIGroupImpl:createAPIItemImpl(),pItemCallback=0xf17b4618}
06-26 11:31:49.548 2644 2887 V UFUnilog: api_group_impl.cpp : 727 {fuc=APIGroupImpl:addItem(),name=itv_tracker_unknow,item=0xf3a39c20}
06-26 11:31:49.548 2644 2887 V UFUnilog: api_group_impl.cpp : 717 {fuc=APIGroupImpl:createAPIItemImpl(),pItemCallback=0xf17b4618}
06-26 11:31:49.548 2644 2887 V UFUnilog: api_group_impl.cpp : 727 {fuc=APIGroupImpl:addItem(),name=itv_tracker_submit,item=0xf3a39c90}
06-26 11:31:49.548 2644 2887 V UFUnilog: api_group_impl.cpp : 717 {fuc=APIGroupImpl:createAPIItemImpl(),pItemCallback=0xf17b4618}
06-26 11:31:49.548 2644 2887 V UFUnilog: api_group_impl.cpp : 727 {fuc=APIGroupImpl:addItem(),name=itv_tracker_update,item=0xf3a39d00}
06-26 11:31:49.548 2644 2887 D UNIPLAYERSDK: CommonDomain.cpp:71 CommonDomain::CommonDomain() sDomain = sdklive.ptqy.gitv.tv, beginInterfaceType = 33, endInterfaceType = 36
06-26 11:31:49.548 2644 2887 D UFUnilog: api_strategy_mgr_impl.cpp : 386 {fuc=APIStrategyMgrImpl:createStrategy(),interface_msg=create,strategyname=httpdns-strategy}
06-26 11:31:49.549 2644 2887 V UFUnilog: api_group_impl.cpp : 717 {fuc=APIGroupImpl:createAPIItemImpl(),pItemCallback=0xf17b48d8}
06-26 11:31:49.549 2644 2887 V UFUnilog: api_group_impl.cpp : 727 {fuc=APIGroupImpl:addItem(),name=itv_live_unknow,item=0xf3a39d70}
06-26 11:31:49.549 2644 2887 V UFUnilog: api_group_impl.cpp : 717 {fuc=APIGroupImpl:createAPIItemImpl(),pItemCallback=0xf17b48d8}
06-26 11:31:49.549 2644 2887 V UFUnilog: api_group_impl.cpp : 727 {fuc=APIGroupImpl:addItem(),name=itv_live_liveDetail,item=0xf3a39de0}
06-26 11:31:49.549 2644 2887 V UFUnilog: api_group_impl.cpp : 717 {fuc=APIGroupImpl:createAPIItemImpl(),pItemCallback=0xf17b48d8}
06-26 11:31:49.549 2644 2887 V UFUnilog: api_group_impl.cpp : 727 {fuc=APIGroupImpl:addItem(),name=itv_live_livePoll,item=0xf3a39e50}
06-26 11:31:49.549 2644 2887 D UNIPLAYERSDK: CommonDomain.cpp:71 CommonDomain::CommonDomain() sDomain = homeai.ptqy.gitv.tv, beginInterfaceType = 37, endInterfaceType = 39
06-26 11:31:49.549 2644 2887 D UFUnilog: api_strategy_mgr_impl.cpp : 386 {fuc=APIStrategyMgrImpl:createStrategy(),interface_msg=create,strategyname=httpdns-strategy}
06-26 11:31:49.549 2644 2887 V UFUnilog: api_group_impl.cpp : 717 {fuc=APIGroupImpl:createAPIItemImpl(),pItemCallback=0xf17b4b88}
06-26 11:31:49.549 2644 2887 V UFUnilog: api_group_impl.cpp : 727 {fuc=APIGroupImpl:addItem(),name=homeai_unknow,item=0xf3a39ec0}
06-26 11:31:49.549 2644 2887 V UFUnilog: api_group_impl.cpp : 717 {fuc=APIGroupImpl:createAPIItemImpl(),pItemCallback=0xf17b4b88}
06-26 11:31:49.549 2644 2887 V UFUnilog: api_group_impl.cpp : 727 {fuc=APIGroupImpl:addItem(),name=homeai_forwardGuide,item=0xf3a39f30}
06-26 11:31:49.549 2644 2887 D UNIPLAYERSDK: PassportApi.cpp:79 PassportApi::initialize(), agenttype=302, platformId=14025032401000000000, deviceId=tv_9ebeab0821cc109c90e4626ac3a506cd_1750906610804_8810912147, deviceName=ITV, pid=3, ottVersion=2.1107.1.220408
06-26 11:31:49.549 2644 2887 D UFUnilog: api_strategy_mgr_impl.cpp : 386 {fuc=APIStrategyMgrImpl:createStrategy(),interface_msg=create,strategyname=httpdns-strategy}
06-26 11:31:49.550 2644 2887 D UFUnilog: api_strategy_mgr_impl.cpp : 386 {fuc=APIStrategyMgrImpl:createStrategy(),interface_msg=create,strategyname=passport-strategy}
06-26 11:31:49.550 2644 2887 V UFUnilog: api_threadpool_impl.cpp : 12 {fuc=APIThreadPoolImpl:APIThreadPoolImpl(),minPoolSize=0,maxPoolSize=2,threadidletime=30000,name=clouddns-query-puma-api.ptqy.gitv.tv}
06-26 11:31:49.550 2644 2887 D UFUnilog: UFPThreadPoolImpl.cpp : 81 {ThreadPoolImpl::ThreadPoolImpl()}
06-26 11:31:49.550 2644 2887 D UFUnilog: UFPThread.cpp : 42 {fuc=Thread:Thread(),constructor=clouddns-query-puma-api.ptqy.gitv.tv-1}
06-26 11:31:49.550 2644 2887 D UFUnilog: UFPThread.cpp : 42 {fuc=Thread:Thread(),constructor=clouddns-query-puma-api.ptqy.gitv.tv-2}
06-26 11:31:49.551 2644 2935 D UFUnilog: api_clouddns_storage.cpp : 53 {APICloudDnsStorage::getDnsData() start to getdata from file , domain_type = 1,file path = /storage/emulated/0/UnifiedXApi,file name = Clouddns.info,file default name = ClouddnsDefault.info}
06-26 11:31:49.551 2644 2935 D UFUnilog: api_dns_file_storage_impl.cpp : 35 {APIDnsFileStorageImpl::readData() filepath = /storage/emulated/0/UnifiedXApi}
06-26 11:31:49.551 2644 2936 V UFUnilog: api_engine.cpp : 181 {fuc=APIEngine:Call(),logtag=clouddns_9,interface_msg=Start Try!,try_count=0}
06-26 11:31:49.551 2644 2936 D UFUnilog: api_strategy_impl.cpp : 890 {fuc=APIStrategyImpl:PickConfig(),logtag=clouddns_9,strategyname=antihijackhttps-strategy,interface_msg=pick prior custom dns strategy}
06-26 11:31:49.552 2644 2887 D UNIPLAYERSDK: PassportApi.cpp:112 initialize(), domainType=1, bVerifySSL=1
06-26 11:31:49.552 2644 2936 D UFUnilog: api_strategy_impl.cpp : 155 {fuc=APIStrategyImpl:JudgeStrategyOpporunity(),logtag=clouddns_9,strategyname=antihijackhttps-strategy,interface_msg=Ignore Domain List,domain=puma-api.ptqy.gitv.tv}
06-26 11:31:49.552 2644 2936 I UFUnilog: api_strategy_impl.cpp : 205 {fuc=APIStrategyImpl:JudgeStrategyOpporunity(),logtag=clouddns_9,strategyname=antihijackhttps-strategy,interface_msg=Use strategy because force strategy invoke when first effective try number request}
06-26 11:31:49.552 2644 2936 V UFUnilog: api_strategy_impl.cpp : 378 {fuc=APIStrategyImpl:CreateStrategyResult(),logtag=clouddns_9,strategyname=antihijackhttps-strategy,current_try_count=0,interface_msg=try to get ip list from dns_type = 1}
06-26 11:31:49.552 2644 2887 V UFUnilog: api_group_impl.cpp : 717 {fuc=APIGroupImpl:createAPIItemImpl(),pItemCallback=0xf17b53b0}
06-26 11:31:49.552 2644 2936 D UFUnilog: api_httpdns_query.cpp : 90 {fuc=APIHttpDnsQuery:GetIpListByDomainName(),interface_msg=try to get ip list by domain name puma-api.ptqy.gitv.tv}
06-26 11:31:49.552 2644 2887 V UFUnilog: api_group_impl.cpp : 727 {fuc=APIGroupImpl:addItem(),name=passport_stormTvLogin,item=0xf3a39fa0}
06-26 11:31:49.552 2644 2936 D UFUnilog: api_httpdns_query.cpp : 113 {fuc=APIHttpDnsQuery:GetIpListByDomainName(),interface_msg=Get ip list success!,domain=puma-api.ptqy.gitv.tv}
06-26 11:31:49.552 2644 2887 V UFUnilog: api_group_impl.cpp : 717 {fuc=APIGroupImpl:createAPIItemImpl(),pItemCallback=0xf17b53c0}
06-26 11:31:49.552 2644 2936 I UFUnilog: api_strategy_impl.cpp : 414 {fuc=APIStrategyImpl:CreateStrategyResult(),logtag=clouddns_9,strategyname=antihijackhttps-strategy,find_ip=124.237.225.103,domain=puma-api.ptqy.gitv.tv,dns=1 ,http_port :-1,https_port:-1}
06-26 11:31:49.552 2644 2887 V UFUnilog: api_group_impl.cpp : 727 {fuc=APIGroupImpl:addItem(),name=passport_subaccountLogin,item=0xf3a3a010}
06-26 11:31:49.552 2644 2887 V UFUnilog: api_group_impl.cpp : 717 {fuc=APIGroupImpl:createAPIItemImpl(),pItemCallback=0xf17b4e58}
06-26 11:31:49.552 2644 2936 V UFUnilog: api_strategy_impl.cpp : 485 {fuc=APIStrategyImpl:CreateStrategyResult(),logtag=clouddns_9,strategyname=antihijackhttps-strategy,interface_msg=complete build strategy result,suggest_url_params=,suggest_protocol=}
06-26 11:31:49.552 2644 2887 V UFUnilog: api_group_impl.cpp : 727 {fuc=APIGroupImpl:addItem(),name=passport_thirdPartyLogin,item=0xf3a3a0f0}
06-26 11:31:49.552 2644 2887 V UFUnilog: api_group_impl.cpp : 717 {fuc=APIGroupImpl:createAPIItemImpl(),pItemCallback=0xf17b4c00}
06-26 11:31:49.553 2644 2887 V UFUnilog: api_group_impl.cpp : 727 {fuc=APIGroupImpl:addItem(),name=passport_univeralLogin,item=0xf3a3a160}
06-26 11:31:49.553 2644 2936 I UFUnilog: api_engine.cpp : 241 {fuc=APIEngine:Call(),logtag=clouddns_9,current_try_count=1,default_max_try_count=3,Strategy set new max try count = 3}
06-26 11:31:49.553 2644 2887 V UFUnilog: api_group_impl.cpp : 717 {fuc=APIGroupImpl:createAPIItemImpl(),pItemCallback=0xf17b4db8}
06-26 11:31:49.553 2644 2936 V UFUnilog: UFNMultiCurlClientImpl.cpp : 24 {fuc=UFNMultiCurlClientImpl:Perform(),logtag=clouddns_9,interface_msg=In}
06-26 11:31:49.553 2644 2887 V UFUnilog: api_group_impl.cpp : 727 {fuc=APIGroupImpl:addItem(),name=passport_thirdparty_xm_sso,item=0xf3a3a1d0}
06-26 11:31:49.553 2644 2936 D UFUnilog: UFPThreadPoolImpl.cpp : 81 {ThreadPoolImpl::ThreadPoolImpl()}
06-26 11:31:49.553 2644 2887 V UFUnilog: api_group_impl.cpp : 717 {fuc=APIGroupImpl:createAPIItemImpl(),pItemCallback=0xf17b4e50}
06-26 11:31:49.553 2644 2887 V UFUnilog: api_group_impl.cpp : 727 {fuc=APIGroupImpl:addItem(),name=passport_renew_authcookie,item=0xf3a3a240}
06-26 11:31:49.553 2644 2887 V UFUnilog: api_group_impl.cpp : 717 {fuc=APIGroupImpl:createAPIItemImpl(),pItemCallback=0xf17b53d8}
06-26 11:31:49.553 2644 2887 V UFUnilog: api_group_impl.cpp : 727 {fuc=APIGroupImpl:addItem(),name=cmonitor_checkVipAccount,item=0xf3a3a390}
06-26 11:31:49.553 2644 2887 V UFUnilog: api_group_impl.cpp : 717 {fuc=APIGroupImpl:createAPIItemImpl(),pItemCallback=0xf17b53e0}
06-26 11:31:49.553 2644 2887 V UFUnilog: api_group_impl.cpp : 727 {fuc=APIGroupImpl:addItem(),name=cmonitor_keepAliveInterval,item=0xf3a3a400}
06-26 11:31:49.553 2644 2887 V UFUnilog: api_group_impl.cpp : 717 {fuc=APIGroupImpl:createAPIItemImpl(),pItemCallback=0xf17b55e8}
06-26 11:31:49.553 2644 2887 V UFUnilog: api_group_impl.cpp : 727 {fuc=APIGroupImpl:addItem(),name=cmonitor_keepAliveRequired,item=0xf3a3a470}
06-26 11:31:49.553 2644 2887 V UFUnilog: api_group_impl.cpp : 717 {fuc=APIGroupImpl:createAPIItemImpl(),pItemCallback=0xf17b5650}
06-26 11:31:49.554 2644 2887 V UFUnilog: api_group_impl.cpp : 727 {fuc=APIGroupImpl:addItem(),name=cmonitor_keepAlive,item=0xf3a3a630}
06-26 11:31:49.554 2644 2936 D UFUnilog: UFPThread.cpp : 42 {fuc=Thread:Thread(),constructor=MULTI_CURLCLIENT_HANDLESOCKET-1}
06-26 11:31:49.554 2644 2887 V UFUnilog: api_group_impl.cpp : 717 {fuc=APIGroupImpl:createAPIItemImpl(),pItemCallback=0xf17b56b8}
06-26 11:31:49.554 2644 2887 V UFUnilog: api_group_impl.cpp : 727 {fuc=APIGroupImpl:addItem(),name=cmonitor_off,item=0xf3a3a6a0}
06-26 11:31:49.554 2644 2887 D UNIPLAYERSDK: VrsApi.cpp:47 VrsApi::initialize(), agenttype=302, platformId=14025032401000000000, deviceid=tv_9ebeab0821cc109c90e4626ac3a506cd_1750906610804_8810912147, playPlatform=, rateVersion=TV_LIVE_2, appVersion=2.1107.1.220408
06-26 11:31:49.554 2644 2887 D UNIPLAYERSDK: VrsApi.cpp:67 VrsApi::initialize(), domainType=1
06-26 11:31:49.554 2644 2887 D UFUnilog: api_strategy_mgr_impl.cpp : 386 {fuc=APIStrategyMgrImpl:createStrategy(),interface_msg=create,strategyname=httpdns-strategy}
06-26 11:31:49.555 2644 2902 I UFUnilog: UFNCurlClientImpl.cpp : 1199 {fuc=UFNCurlClientImpl:PerformEnd(),logtag=accessdispdns_2,ufn_curl_client_code=0,http_code=200,code_msg=UFN Curl Client Success!}
06-26 11:31:49.555 2644 2902 I UFUnilog: UFNCurlClientImpl.cpp : 1282 {fuc=UFNCurlClientImpl:PerformEnd(),logtag=accessdispdns_2,ssl_version=BoringSSL,ssl_verify_result=20,certinfo_count=3}
06-26 11:31:49.555 2644 2887 D UFUnilog: api_strategy_mgr_impl.cpp : 386 {fuc=APIStrategyMgrImpl:createStrategy(),interface_msg=create,strategyname=vrs-strategy}
06-26 11:31:49.555 2644 2902 I UFUnilog: UFNCurlClientImpl.cpp : 1322 {fuc=UFNCurlClientImpl:PerformEnd(),logtag=accessdispdns_2,local_ip=192.168.3.161,server_ip=103.44.59.54,protocol_version=4,name_lookup_time=0ms,connect_time_out=56ms,ssl_connect_time=161ms,pre_transfer_time=161ms,start_transfer_time=238ms,redirect_time=0ms,response_time=238ms,curlclienttime=245ms,redirect_count=0,client_type=0,port=443}
06-26 11:31:49.555 2644 2902 I UFUnilog: UFNCurlClientImpl.cpp : 1325 {fuc=UFNCurlClientImpl:PerformEnd(),logtag=accessdispdns_2,content_type=text/plain,recv_header_size=199,response_size=49}
06-26 11:31:49.555 2644 2902 I UFUnilog: UFNCurlClientImpl.cpp : 1344 {fuc=UFNCurlClientImpl:PerformEnd(),logtag=accessdispdns_2,verbose=Hostname 103.44.59.54 was found in DNS cache; Trying 103.44.59.54:443...;Connected to 103.44.59.54 (103.44.59.54) port 443 (#0);ALPN, offering h2;ALPN, offering http/1.1;TLSv1.2 (OUT), TLS handshake, Client hello (1):;TLSv1.2 (IN), TLS handshake, Server hello (2):;TLSv1.3 (OUT), TLS change cipher, Change cipher spec (1):;TLSv1.3 (IN), TLS handshake, Encrypted Extensions (8):;TLSv1.3 (IN), TLS handshake, Certificate (11):;TLSv1.3 (IN), TLS handshake, CERT verify (15):;TLSv1.3 (IN), TLS handshake, Finished (20):;TLSv1.3 (OUT), TLS handshake, Finished (20):;SSL connection using TLSv1.3 / TLS_CHACHA20_POLY1305_SHA256;ALPN, server accepted to use h2;Server certificate:; subject: C=CN; ST=Beijing; L=Beijing; O=Beijing IQIYI Science & Technology Co., Ltd.; CN=103.44.59.54; start date: Jul 22 07:21:02 2024 GMT; expire date: Aug 23 07:21:01 2025 GMT; issuer: C=BE; O=GlobalSign nv-sa; CN=GlobalSign RSA OV SSL CA 2018; SSL
06-26 11:31:49.555 2644 2902 I UFUnilog: UFNCurlClientImpl.cpp : 1352 {fuc=UFNCurlClientImpl:PerformEnd(),logtag=accessdispdns_2,recv_data=116.211.189.178;124.237.225.32}
06-26 11:31:49.555 2644 2902 V UFUnilog: UFNEasyCurlClientImpl.cpp : 66 {fuc=UFNEasyCurlClientImpl:Perform(),logtag=accessdispdns_2,interface_msg=out}
06-26 11:31:49.556 2644 2887 D UFUnilog: api_strategy_mgr_impl.cpp : 386 {fuc=APIStrategyMgrImpl:createStrategy(),interface_msg=create,strategyname=ipdirectconnect-strategy}
06-26 11:31:49.556 2644 2936 D UFUnilog: UFPThread.cpp : 42 {fuc=Thread:Thread(),constructor=MULTI_CURLCLIENT_HANDLESOCKET-2}
06-26 11:31:49.556 2644 2902 V UFUnilog: api_engine.cpp : 181 {fuc=APIEngine:Call(),logtag=accessdispdns_2,interface_msg=Start Try!,try_count=1}
06-26 11:31:49.556 2644 2902 D UFUnilog: api_strategy_impl.cpp : 890 {fuc=APIStrategyImpl:PickConfig(),logtag=accessdispdns_2,strategyname=antihijackhttps-strategy,interface_msg=pick prior custom dns strategy}
06-26 11:31:49.556 2644 2902 D UFUnilog: api_strategy_impl.cpp : 155 {fuc=APIStrategyImpl:JudgeStrategyOpporunity(),logtag=accessdispdns_2,strategyname=antihijackhttps-strategy,interface_msg=Ignore Domain List,domain=103.44.59.54}
06-26 11:31:49.557 2644 2902 I UFUnilog: api_engine.cpp : 381 {fuc=APIEngine:Call(),logtag=accessdispdns_2,try_count=1,curl_detail_code=0,curl_detail_time=245ms,curl_handle_detail_time=238ms,server_ip_detail=103.44.59.54,dns_detail_type=0,http_detail_code=200,ip_detail_net_type=0,total_time=248ms,apicode=0}
06-26 11:31:49.557 2644 2887 D UNIPLAYERSDK: VrsApi.cpp:183 addItem, bUsePingback=1
06-26 11:31:49.557 2644 2887 V UFUnilog: api_group_impl.cpp : 717 {fuc=APIGroupImpl:createAPIItemImpl(),pItemCallback=0xf1c09aa0}
06-26 11:31:49.557 2644 2887 V UFUnilog: api_group_impl.cpp : 727 {fuc=APIGroupImpl:addItem(),name=vrs_live,item=0xf3a3a710}
06-26 11:31:49.557 2644 2887 D UNIPLAYERSDK: VrsApi.cpp:183 addItem, bUsePingback=1
06-26 11:31:49.557 2644 2887 V UFUnilog: api_group_impl.cpp : 717 {fuc=APIGroupImpl:createAPIItemImpl(),pItemCallback=0xf1c09af0}
06-26 11:31:49.557 2644 2887 V UFUnilog: api_group_impl.cpp : 727 {fuc=APIGroupImpl:addItem(),name=vrs_dash,item=0xf3a3a9b0}
06-26 11:31:49.557 2644 2887 D UNIPLAYERSDK: BossApi.cpp:46 BossApi::initialize(), platformId=14025032401000000000, deviceId=tv_9ebeab0821cc109c90e4626ac3a506cd_1750906610804_8810912147, playerVersion=2.1107.1.220408
06-26 11:31:49.557 2644 2887 D UFUnilog: api_strategy_mgr_impl.cpp : 386 {fuc=APIStrategyMgrImpl:createStrategy(),interface_msg=create,strategyname=httpdns-strategy}
06-26 11:31:49.558 2644 2887 D UNIPLAYERSDK: BossApi.cpp:77 initialize(), domainType=1, bVerifySSL=1, ckDomain=api.vip.ptqy.gitv.tv, vipUsersDomain=openapi.vip.ptqy.gitv.tv
06-26 11:31:49.558 2644 2902 D UFUnilog: api_accessdispdns.cpp : 178 {fuc=APIAccessDispDns:UpdateAccessDispSync(),interface_msg=Update Success!}
06-26 11:31:49.558 2644 2887 V UFUnilog: api_group_impl.cpp : 717 {fuc=APIGroupImpl:createAPIItemImpl(),pItemCallback=0xf17b5828}
06-26 11:31:49.558 2644 2887 V UFUnilog: api_group_impl.cpp : 727 {fuc=APIGroupImpl:addItem(),name=boss_authLive,item=0xf59c7710}
06-26 11:31:49.558 2644 2887 V UFUnilog: api_group_impl.cpp : 717 {fuc=APIGroupImpl:createAPIItemImpl(),pItemCallback=0xf17b5830}
06-26 11:31:49.559 2644 2887 V UFUnilog: api_group_impl.cpp : 727 {fuc=APIGroupImpl:addItem(),name=boss_ckts,item=0xf3a368f0}
06-26 11:31:49.559 2644 2887 V UFUnilog: api_group_impl.cpp : 717 {fuc=APIGroupImpl:createAPIItemImpl(),pItemCallback=0xf17b5ba8}
06-26 11:31:49.559 2644 2887 V UFUnilog: api_group_impl.cpp : 727 {fuc=APIGroupImpl:addItem(),name=boss_vip_users,item=0xf3a36a40}
06-26 11:31:49.560 2644 2887 D UNIPLAYERSDK: UniapiManager.cpp:233 UpdateIpv6Config, bIpv6Allowed=0
06-26 11:31:49.560 2644 2887 D UNIPLAYERSDK: VrsApi.cpp:139 setDashPreHttpDnsStrategyEnable, bEnabled=0
06-26 11:31:49.560 2644 2887 D UNIPLAYERSDK: UniapiManager.cpp:241 UpdateHA, enableHttpDnsDownload=0, bEnableDashPreHttpDnsStrategy=0
06-26 11:31:49.560 2644 2887 D UNIPLAYERSDK: UniapiManager.cpp:339 UpdateNetworkConfig, nTsDownloadPingbackSampleWeight=5 nTsDownloadPingbackBatchCount=1 bCDNTracerEnabled=0 bCDNTracerResultEnabled=0 bForbidPriorDns=0 bItvPlayCheckAccessDispEnabled=0 bIsAllowSdkVrsDashDomain=0 network_config=null
06-26 11:31:49.561 2644 2936 I UFUnilog: UFNCurlClientImpl.cpp : 679 {fuc=UFNCurlClientImpl:PerformInit(),logtag=clouddns_9,url=https://puma-api.ptqy.gitv.tv/tiger/fetch?key={%22pf%22:9}&businessGroupId=4}
06-26 11:31:49.561 2644 2936 I UFUnilog: UFNCurlClientImpl.cpp : 782 {fuc=UFNCurlClientImpl:PerformInit(),logtag=clouddns_9,interface_msg=connect to aim ip!,domain=puma-api.ptqy.gitv.tv,ip=124.237.225.103,port=-1:}
06-26 11:31:49.561 2644 2936 I UFUnilog: UFNCurlClientImpl.cpp : 937 {fuc=UFNCurlClientImpl:PerformInit(),logtag=clouddns_9,request_type=0,verifyssl=1,allow_redirect=1,max_redirect_number=5,connect_time_out=10000ms,transfer_time_out=20000ms,user_agent=Unified-X(arm-unknown-linux-androideabi);libcurl/7.73.0.6;BoringSSL;zlib/1.2.11;Universal_Foundation/v4.0.1_656_63af7fd3;Universal_Api/v4.1_1767_8b99c7b4(14025032401000000000),ipv6_allowed=0}
06-26 11:31:49.561 2644 2887 D UNIPLAYERSDK: ItvNewDeviceJob.cpp:52 startNewDeviceJob
06-26 11:31:49.561 2644 2887 I UNIPLAYERSDK: PluginManager.cpp:60 PluginManager::initialize(mInitialized=0)
06-26 11:31:49.561 2644 2887 I UNIPLAYERSDK: PlugInfoStore.cpp:34 PlugInfoStore::PlugcInfoStore()
06-26 11:31:49.562 2644 2887 I UNIPLAYERSDK: PlugInfoStore.cpp:237 PlugInfoStore::Default::Default()
06-26 11:31:49.562 2644 2887 I UNIPLAYERSDK: PlugInfoStore.cpp:341 PlugInfoStore::Buildin::Buildin()
06-26 11:31:49.562 2644 2887 I UNIPLAYERSDK: PlugInfoStore.cpp:434 PlugInfoStore::Local::Local()
06-26 11:31:49.562 2644 2887 I UNIPLAYERSDK: PlugInfoStore.cpp:487 PlugInfoStore::Candidate::Candidate()
06-26 11:31:49.562 2644 2887 I UNIPLAYERSDK: PlugInfoStore.cpp:587 PlugInfoStore::Server::Server()
06-26 11:31:49.562 2644 2887 I UNIPLAYERSDK: PlugInfoStore.cpp:686 PlugInfoStore::Delete::Delete()
06-26 11:31:49.562 2644 2887 I UNIPLAYERSDK: PlugInfoStore.cpp:62 PlugInfoStore::init()
06-26 11:31:49.562 2644 2936 V UFUnilog: UFNCurlClientHandleSocketPool.cpp : 46 {fuc=UFNMultiCurlClientHandleSocket:AddEasyHandle(),logtag=clouddns_9,interface_msg=add easyCurl to MultiCurl!}
06-26 11:31:49.563 2644 2887 I UNIPLAYERSDK: PlugInfoStore.cpp:274 PlugInfoStore::Default::loadPluginInfoFromConfigJson()
06-26 11:31:49.563 2644 2887 I UNIPLAYERSDK: PlugInfoStore.cpp:312 PlugInfoStore::Default::getLocalDefaultPluginConfigJson()
06-26 11:31:49.563 2644 2887 I UNIPLAYERSDK: PlugInfoStore.cpp:327 pluginInfo.js::getLocalDefaultPluginConfigJson, open file [/data/user/0/com.tv.kuaisou/files/pluginInfo_1.1107.2.04472.js] success, fileContent={"pluginInfo":{"libHyperPlayerplugin":{"version":"4.8.1702.6611","md5":"7165ccbb92be56334bb7a801828a041c","url":"http://static-mix.iqiyi.com/stv/20210910/27187674/0/libHyperPlayerplugin4.8.1702.6611_7165ccbb92be56334bb7a801828a041c.zip","requestspace":15},"libuniplayerdata":{"version":"2.1107.0.2781","md5":"d055fae817eaf02e3899e3ff759bab7f","url":"http://static-mix.iqiyi.com/stv/20211008/27228129/0/libuniplayerdata2.1107.0.2781_d055fae817eaf02e3899e3ff759bab7f.zip","requestspace":10},"libWasabiJni":{"version":"1.1006.1234.0","md5":"bf0939cc7b480784e25182f22e0ac59b","url":"http://static-mix.ptqy.gitv.tv/stv/20210721/27114436/0/libWasabiJni1.1006.1234.0_bf0939cc7b480784e25182f22e0ac59b.zip","requestspace":10},"libbasenetplugin":{"version":"1.1107.0.16","md5":"2d28112a3cb49af729c029e868daa7fb","url":"http://stv.iqiyi.com/stv/20210906/27182019/0/lib
06-26 11:31:49.563 2644 2887 I UNIPLAYERSDK: PlugInfoStore.cpp:284 PluginManager::loadPluginInfoFromConfigJson(), hostVersion=1.1107.2.04472
06-26 11:31:49.564 2644 2887 I UNIPLAYERSDK: PlugInfoStore.cpp:306 PlugInfoStore::Default::loadPluginInfoFromConfigJson(), id=LibPlayerPuma, type = zip, version=, url=http://static-mix.iqiyi.com/stv/20210910/27187674/0/LibPlayerPuma4.8.1702.6611_cb6a9c4c001be2367c5f7ba2a39336ce.zip, md5=cb6a9c4c001be2367c5f7ba2a39336ce, mRequestSpace=15
06-26 11:31:49.564 2644 2887 I UNIPLAYERSDK: PlugInfoStore.cpp:306 PlugInfoStore::Default::loadPluginInfoFromConfigJson(), id=libHyperPlayerplugin, type = zip, version=, url=http://static-mix.iqiyi.com/stv/20210910/27187674/0/libHyperPlayerplugin4.8.1702.6611_7165ccbb92be56334bb7a801828a041c.zip, md5=7165ccbb92be56334bb7a801828a041c, mRequestSpace=15
06-26 11:31:49.564 2644 2887 I UNIPLAYERSDK: PlugInfoStore.cpp:306 PlugInfoStore::Default::loadPluginInfoFromConfigJson(), id=libWasabiJni, type = zip, version=, url=http://static-mix.ptqy.gitv.tv/stv/20210721/27114436/0/libWasabiJni1.1006.1234.0_bf0939cc7b480784e25182f22e0ac59b.zip, md5=bf0939cc7b480784e25182f22e0ac59b, mRequestSpace=10
06-26 11:31:49.564 2644 2887 I UNIPLAYERSDK: PlugInfoStore.cpp:306 PlugInfoStore::Default::loadPluginInfoFromConfigJson(), id=libbasenetplugin, type = zip, version=, url=http://stv.iqiyi.com/stv/20210906/27182019/0/libbasenetplugin1.1107.0.16_2d28112a3cb49af729c029e868daa7fb.zip, md5=2d28112a3cb49af729c029e868daa7fb, mRequestSpace=15
06-26 11:31:49.564 2644 2887 I UNIPLAYERSDK: PlugInfoStore.cpp:306 PlugInfoStore::Default::loadPluginInfoFromConfigJson(), id=libuniplayerdata, type = zip, version=, url=http://static-mix.iqiyi.com/stv/20211008/27228129/0/libuniplayerdata2.1107.0.2781_d055fae817eaf02e3899e3ff759bab7f.zip, md5=d055fae817eaf02e3899e3ff759bab7f, mRequestSpace=10
06-26 11:31:49.564 2644 2887 I UNIPLAYERSDK: PlugInfoStore.cpp:308 PlugInfoStore::Default::loadPluginInfoFromConfigJson(), success, mDefaultMap size=5
06-26 11:31:49.565 2644 2887 I UNIPLAYERSDK: PlugInfoStore.cpp:350 PlugInfoStore::Buildin::loadBuildinPluginInfo()
06-26 11:31:49.565 2644 2887 I UNIPLAYERSDK: PlugInfoStore.cpp:406 PlugInfoStore::Buildin::getBuildinPluginConfigJson()
06-26 11:31:49.565 2644 2887 W UNIPLAYERSDK: PlugInfoStore.cpp:423 buildinInfo.js is not exist /data/user/0/com.tv.kuaisou/files/buildinInfo.js
06-26 11:31:49.565 2644 2887 I UNIPLAYERSDK: PlugInfoStore.cpp:381 PlugInfoStore::Buildin::loadBuildinPluginInfo() info is null
06-26 11:31:49.565 2644 2887 D UNIUTIL : System.cpp:507 loadString:libHyperPlayerplugin_plugin_dir_new
06-26 11:31:49.565 2644 2921 V UFUnilog: UFNEasyCurlClientImpl.cpp : 66 {fuc=UFNEasyCurlClientImpl:Perform(),logtag=pingback_itv_devRegister_3_6,interface_msg=out}
06-26 11:31:49.566 2644 2921 V UFUnilog: api_engine.cpp : 181 {fuc=APIEngine:Call(),logtag=pingback_itv_devRegister_3_6,interface_msg=Start Try!,try_count=1}
06-26 11:31:49.566 2644 2921 D UFUnilog: api_strategy_impl.cpp : 155 {fuc=APIStrategyImpl:JudgeStrategyOpporunity(),logtag=pingback_itv_devRegister_3_6,strategyname=antihijackhttps-strategy,interface_msg=Ignore Domain List,domain=msg.ptqy.gitv.tv}
06-26 11:31:49.566 2644 2887 I UNIPLAYERSDK: PlugInfoStore.cpp:776 PlugInfoStore::getPluginModules(libHyperPlayerplugin)
06-26 11:31:49.566 2644 2887 D UNIPLAYERSDK: PluginUtils.cpp:199 PluginUtils::isPluginModuleExisted, libPath= /data/user/0/com.tv.kuaisou/files/libHyperPlayerplugin/4.8.1702.9097
06-26 11:31:49.566 2644 2935 D UFUnilog: api_clouddns_storage.cpp : 105 {APICloudDnsStorage::getDnsData() finish to getdata from file , domain_type = 1,file path = /storage/emulated/0/UnifiedXApi,file name = Clouddns.info,file default name = ClouddnsDefault.info}
06-26 11:31:49.567 2644 2921 D UFUnilog: api_pingback_sender.cpp : 33 {fuc=ApiPingbackSender:SendSync(),logtag=pingback_itv_devRegister_3,interface_msg=send success!}
06-26 11:31:49.567 2644 2935 D UFUnilog: api_clouddns_query.cpp : 698 {fuc=APICloudDnsQuery:AnalyzeCloudDnsResponse(),domain=cache.video.ptqy.gitv.tv,interface_msg=Cloud dns data parse success!}
06-26 11:31:49.567 2644 2921 V UFUnilog: api_pingback_sender.cpp : 46 {fuc=ApiPingbackSender:SendSync(),logtag=pingback_itv_devRegister_3,api_pingback_data=msg=[{"t":"11","pf":"3","p":"31","p1":"312","p2":"3128","hostv":"","mac":"20-02-FE-19-C2-0E","u":"tv_9ebeab0821cc109c90e4626ac3a506cd","deviceid":"tv_9ebeab0821cc109c90e4626ac3a506cd_1750906610804_8810912147","nu":"","v":"2.1107.1.220408","device_type":"20180903095708913MvpgVmPh11974","pu":"","firmver":"SP1A.211105.004","hwver":"DBBOX-A2","hu":"","window_disable":"","chip":"","mod":"cn_s","memory":"1960M","processid":"","re":"1920x1080","os":"31","core":"4","daynight":"","rammode":"","entermode":"","channel":"","network":"","cbv":"2.1107","aver":"v4.1_1767_8b99c7b4","fver":"v4.0.1_656_63af7fd3","rn":"307641794","ct":"170620_network_request","nin":"itv_devRegister","ngctc":"0","ngtpn":"uniapi}
06-26 11:31:49.567 2644 2921 V UFUnilog: api_pingback_sender.cpp : 46 {fuc=ApiPingbackSender:SendSync(),logtag=pingback_itv_devRegister_3,api_pingback_data=","ngtpit":"60000","ngmrc":"5","ngct":"10000","ngtt":"15000","ngi":"true","nrqt":"post","nhc":"200","nanc":"0","nmsg":"UFN%20Curl%20Client%20Success%21","nhdr":"Content-Type%3Aapplication%2Fjson%3B%20charset%3Dutf-8%7CRequest-Id%3AMTc1MDkwODcwOTM1NDIwOjAyOmZlOjE5OmMyOjBlMjI1MTIwMzc1MDkyNjc1ZWEwNDI4ZGI2NmEyYWY3NjY1MTA0MGU2NDc1%7Cqyid%3Atv_9ebeab0821cc109c90e4626ac3a506cd_1750906610804_8810912147%7C","naurl":"http%3A%2F%2Fsdk.ptqy.gitv.tv%2Fapi%2Fregister","neurl":"http%3A%2F%2Fsdk.ptqy.gitv.tv%2Fapi%2Fregister","ntc":"1","nipd":"116.211.189.170","nipl":"192.168.3.161","ncncn":"1","ncnct":"43","nnt":"18","npt":"44","nstt":"77","nttt":"77","nrdt":"0","nrdc":"0","ncntt":"application%2Fjson%3B%20}
06-26 11:31:49.567 2644 2921 V UFUnilog: api_pingback_sender.cpp : 50 {fuc=ApiPingbackSender:SendSync(),logtag=pingback_itv_devRegister_3,api_pingback_data=charset%3Dutf-8","nhsz":"243","nrsz":"93","nscc":"0","nsvr":"10000","nsv":"","ncc":"0","ntt":"85","naft":"2","ncft":"78","nuid":"3","ndt":"0","nsn":"httpdns-strategy","ndtd":"0","natd":"2","nctd":"78","nsct":"0","naippd":"NULL%3A0","naipp":"NULL%3A0","namsgd":"","namsg":"","nasil":"","nart":"1750908709354","nrd":"sdk.ptqy.gitv.tv","ntp":"http","nri":"","nru":"","nrhc":"","nhcd":"200","nev":"","nipv":"4","nrw":"1","nrh":"","nct":"0","nfoc":"20000","ime":"0","nint":"0","nintd":"0","nba":"1","npa":"1","nsu":"1","nfrdt":"0","npd":"80","npr":"-1"}]}
06-26 11:31:49.567 2644 2935 D UFUnilog: api_clouddns_query.cpp : 698 {fuc=APICloudDnsQuery:AnalyzeCloudDnsResponse(),domain=sdk-drml.video.ptqy.gitv.tv,interface_msg=Cloud dns data parse success!}
06-26 11:31:49.567 2644 2887 D UNIPLAYERSDK: PluginUtils.cpp:215 PluginHelper::checkModulesCompelete : 1
06-26 11:31:49.567 2644 2887 I UNIPLAYERSDK: PlugInfoStore.cpp:793 PlugInfoStore::readDatabase(libHyperPlayerplugin)
06-26 11:31:49.567 2644 2887 D UNIUTIL : System.cpp:507 loadString:libHyperPlayerplugin_plugin_version
06-26 11:31:49.568 2644 2935 D UFUnilog: api_clouddns_query.cpp : 698 {fuc=APICloudDnsQuery:AnalyzeCloudDnsResponse(),domain=drml.video.ptqy.gitv.tv,interface_msg=Cloud dns data parse success!}
06-26 11:31:49.568 2644 2935 D UFUnilog: api_clouddns_query.cpp : 698 {fuc=APICloudDnsQuery:AnalyzeCloudDnsResponse(),domain=passport.ptqy.gitv.tv,interface_msg=Cloud dns data parse success!}
06-26 11:31:49.568 2644 2935 D UFUnilog: api_clouddns_query.cpp : 698 {fuc=APICloudDnsQuery:AnalyzeCloudDnsResponse(),domain=sdk-cache.video.ptqy.gitv.tv,interface_msg=Cloud dns data parse success!}
06-26 11:31:49.568 2644 2887 D UNIUTIL : System.cpp:507 loadString:libHyperPlayerplugin_plugin_dir_new
06-26 11:31:49.568 2644 2887 D UNIUTIL : System.cpp:507 loadString:libHyperPlayerplugin_plugin_path_new
06-26 11:31:49.569 2644 2935 V UFUnilog: api_engine.cpp : 181 {fuc=APIEngine:Call(),logtag=getisp_10,interface_msg=Start Try!,try_count=0}
06-26 11:31:49.569 2644 2887 D UNIUTIL : System.cpp:507 loadString:libHyperPlayerplugin_plugin_type
06-26 11:31:49.569 2644 2935 D UFUnilog: api_strategy_impl.cpp : 890 {fuc=APIStrategyImpl:PickConfig(),logtag=getisp_10,strategyname=antihijackhttps-strategy,interface_msg=pick prior custom dns strategy}
06-26 11:31:49.569 2644 2921 V UFUnilog: api_engine.cpp : 181 {fuc=APIEngine:Call(),logtag=pingback_accessdispdns_1_11,interface_msg=Start Try!,try_count=0}
06-26 11:31:49.569 2644 2935 D UFUnilog: api_strategy_impl.cpp : 155 {fuc=APIStrategyImpl:JudgeStrategyOpporunity(),logtag=getisp_10,strategyname=antihijackhttps-strategy,interface_msg=Ignore Domain List,domain=data.video.ptqy.gitv.tv}
06-26 11:31:49.569 2644 2887 D UNIUTIL : System.cpp:507 loadString:libHyperPlayerplugin_host_v_min
06-26 11:31:49.569 2644 2935 I UFUnilog: api_strategy_impl.cpp : 205 {fuc=APIStrategyImpl:JudgeStrategyOpporunity(),logtag=getisp_10,strategyname=antihijackhttps-strategy,interface_msg=Use strategy because force strategy invoke when first effective try number request}
06-26 11:31:49.569 2644 2921 D UFUnilog: api_strategy_impl.cpp : 155 {fuc=APIStrategyImpl:JudgeStrategyOpporunity(),logtag=pingback_accessdispdns_1_11,strategyname=antihijackhttps-strategy,interface_msg=Ignore Domain List,domain=msg.ptqy.gitv.tv}
06-26 11:31:49.569 2644 2935 V UFUnilog: api_strategy_impl.cpp : 378 {fuc=APIStrategyImpl:CreateStrategyResult(),logtag=getisp_10,strategyname=antihijackhttps-strategy,current_try_count=0,interface_msg=try to get ip list from dns_type = 1}
06-26 11:31:49.569 2644 2921 V UFUnilog: api_strategy_impl.cpp : 378 {fuc=APIStrategyImpl:CreateStrategyResult(),logtag=pingback_accessdispdns_1_11,strategyname=antihijackhttps-strategy,current_try_count=0,interface_msg=try to get ip list from dns_type = 1}
06-26 11:31:49.569 2644 2935 D UFUnilog: api_httpdns_query.cpp : 90 {fuc=APIHttpDnsQuery:GetIpListByDomainName(),interface_msg=try to get ip list by domain name data.video.ptqy.gitv.tv}
06-26 11:31:49.569 2644 2921 D UFUnilog: api_httpdns_query.cpp : 90 {fuc=APIHttpDnsQuery:GetIpListByDomainName(),interface_msg=try to get ip list by domain name msg.ptqy.gitv.tv}
06-26 11:31:49.569 2644 2887 D UNIUTIL : System.cpp:507 loadString:libHyperPlayerplugin_host_v_max
06-26 11:31:49.569 2644 2935 D UFUnilog: api_httpdns_query.cpp : 113 {fuc=APIHttpDnsQuery:GetIpListByDomainName(),interface_msg=Get ip list success!,domain=data.video.ptqy.gitv.tv}
06-26 11:31:49.569 2644 2921 D UFUnilog: api_httpdns_query.cpp : 113 {fuc=APIHttpDnsQuery:GetIpListByDomainName(),interface_msg=Get ip list success!,domain=msg.ptqy.gitv.tv}
06-26 11:31:49.569 2644 2935 I UFUnilog: api_strategy_impl.cpp : 414 {fuc=APIStrategyImpl:CreateStrategyResult(),logtag=getisp_10,strategyname=antihijackhttps-strategy,find_ip=59.39.2.6,domain=data.video.ptqy.gitv.tv,dns=1 ,http_port :-1,https_port:-1}
06-26 11:31:49.569 2644 2921 V UFUnilog: api_strategy_impl.cpp : 485 {fuc=APIStrategyImpl:CreateStrategyResult(),logtag=pingback_accessdispdns_1_11,strategyname=antihijackhttps-strategy,interface_msg=complete build strategy result,suggest_url_params=,suggest_protocol=}
06-26 11:31:49.569 2644 2935 V UFUnilog: api_strategy_impl.cpp : 485 {fuc=APIStrategyImpl:CreateStrategyResult(),logtag=getisp_10,strategyname=antihijackhttps-strategy,interface_msg=complete build strategy result,suggest_url_params=,suggest_protocol=}
06-26 11:31:49.569 2644 2887 D UNIUTIL : System.cpp:507 loadString:libHyperPlayerplugin_plugin_url
06-26 11:31:49.569 2644 2935 I UFUnilog: api_engine.cpp : 241 {fuc=APIEngine:Call(),logtag=getisp_10,current_try_count=1,default_max_try_count=3,Strategy set new max try count = 3}
06-26 11:31:49.569 2644 2921 V UFUnilog: UFNMultiCurlClientImpl.cpp : 24 {fuc=UFNMultiCurlClientImpl:Perform(),logtag=pingback_accessdispdns_1_11,interface_msg=In}
06-26 11:31:49.570 2644 2935 V UFUnilog: UFNMultiCurlClientImpl.cpp : 24 {fuc=UFNMultiCurlClientImpl:Perform(),logtag=getisp_10,interface_msg=In}
06-26 11:31:49.570 2644 2935 I UFUnilog: UFNCurlClientImpl.cpp : 679 {fuc=UFNCurlClientImpl:PerformInit(),logtag=getisp_10,url=http://data.video.ptqy.gitv.tv/v.f4v}
06-26 11:31:49.570 2644 2887 I UNIPLAYERSDK: PlugInfoStore.cpp:256 PlugInfoStore::Default::getDefaultPluginInfo(libHyperPlayerplugin)
06-26 11:31:49.570 2644 2935 I UFUnilog: UFNCurlClientImpl.cpp : 782 {fuc=UFNCurlClientImpl:PerformInit(),logtag=getisp_10,interface_msg=connect to aim ip!,domain=data.video.ptqy.gitv.tv,ip=59.39.2.6,port=-1:}
06-26 11:31:49.570 2644 2887 I UNIPLAYERSDK: PlugInfoStore.cpp:386 PlugInfoStore::Buildin::getBuildinPluginInfo(libHyperPlayerplugin)
06-26 11:31:49.570 2644 2935 I UFUnilog: UFNCurlClientImpl.cpp : 937 {fuc=UFNCurlClientImpl:PerformInit(),logtag=getisp_10,request_type=0,verifyssl=1,allow_redirect=1,max_redirect_number=5,connect_time_out=10000ms,transfer_time_out=20000ms,user_agent=Unified-X(arm-unknown-linux-androideabi);libcurl/7.73.0.6;BoringSSL;zlib/1.2.11;Universal_Foundation/v4.0.1_656_63af7fd3;Universal_Api/v4.1_1767_8b99c7b4(14025032401000000000),ipv6_allowed=0}
06-26 11:31:49.570 2644 2887 D UNIUTIL : System.cpp:507 loadString:libbasenetplugin_plugin_dir_new
06-26 11:31:49.570 2644 2921 V UFUnilog: UFNCurlClientHandleSocketPool.cpp : 46 {fuc=UFNMultiCurlClientHandleSocket:AddEasyHandle(),logtag=pingback_accessdispdns_1_11,interface_msg=add easyCurl to MultiCurl!}
06-26 11:31:49.570 2644 2887 I UNIPLAYERSDK: PlugInfoStore.cpp:776 PlugInfoStore::getPluginModules(libbasenetplugin)
06-26 11:31:49.570 2644 2935 V UFUnilog: UFNCurlClientHandleSocketPool.cpp : 46 {fuc=UFNMultiCurlClientHandleSocket:AddEasyHandle(),logtag=getisp_10,interface_msg=add easyCurl to MultiCurl!}
06-26 11:31:49.570 2644 2887 D UNIPLAYERSDK: PluginUtils.cpp:199 PluginUtils::isPluginModuleExisted, libPath= /data/user/0/com.tv.kuaisou/files/libbasenetplugin/1.1107.0.16
06-26 11:31:49.571 2644 2887 D UNIPLAYERSDK: PluginUtils.cpp:215 PluginHelper::checkModulesCompelete : 1
06-26 11:31:49.571 2644 2887 I UNIPLAYERSDK: PlugInfoStore.cpp:793 PlugInfoStore::readDatabase(libbasenetplugin)
06-26 11:31:49.571 2644 2887 D UNIUTIL : System.cpp:507 loadString:libbasenetplugin_plugin_version
06-26 11:31:49.572 2644 2887 D UNIUTIL : System.cpp:507 loadString:libbasenetplugin_plugin_dir_new
06-26 11:31:49.572 2644 2887 D UNIUTIL : System.cpp:507 loadString:libbasenetplugin_plugin_path_new
06-26 11:31:49.573 2644 2887 D UNIUTIL : System.cpp:507 loadString:libbasenetplugin_plugin_type
06-26 11:31:49.573 2644 2887 D UNIUTIL : System.cpp:507 loadString:libbasenetplugin_host_v_min
06-26 11:31:49.574 2644 2887 D UNIUTIL : System.cpp:507 loadString:libbasenetplugin_host_v_max
06-26 11:31:49.574 2644 2887 D UNIUTIL : System.cpp:507 loadString:libbasenetplugin_plugin_url
06-26 11:31:49.575 2644 2887 I UNIPLAYERSDK: PlugInfoStore.cpp:256 PlugInfoStore::Default::getDefaultPluginInfo(libbasenetplugin)
06-26 11:31:49.575 2644 2887 I UNIPLAYERSDK: PlugInfoStore.cpp:386 PlugInfoStore::Buildin::getBuildinPluginInfo(libbasenetplugin)
06-26 11:31:49.575 2644 2887 D UNIUTIL : System.cpp:507 loadString:LibPlayerPuma_plugin_dir_new
06-26 11:31:49.576 2644 2887 I UNIPLAYERSDK: PlugInfoStore.cpp:776 PlugInfoStore::getPluginModules(LibPlayerPuma)
06-26 11:31:49.576 2644 2887 D UNIPLAYERSDK: PluginUtils.cpp:199 PluginUtils::isPluginModuleExisted, libPath= /data/user/0/com.tv.kuaisou/files/LibPlayerPuma/4.8.1702.6907
06-26 11:31:49.577 2644 2887 D UNIPLAYERSDK: PluginUtils.cpp:215 PluginHelper::checkModulesCompelete : 1
06-26 11:31:49.578 2644 2887 I UNIPLAYERSDK: PlugInfoStore.cpp:793 PlugInfoStore::readDatabase(LibPlayerPuma)
06-26 11:31:49.578 2644 2887 D UNIUTIL : System.cpp:507 loadString:LibPlayerPuma_plugin_version
06-26 11:31:49.579 2644 2887 D UNIUTIL : System.cpp:507 loadString:LibPlayerPuma_plugin_dir_new
06-26 11:31:49.579 2644 2887 D UNIUTIL : System.cpp:507 loadString:LibPlayerPuma_plugin_path_new
06-26 11:31:49.580 2644 2887 D UNIUTIL : System.cpp:507 loadString:LibPlayerPuma_plugin_type
06-26 11:31:49.580 2644 2887 D UNIUTIL : System.cpp:507 loadString:LibPlayerPuma_host_v_min
06-26 11:31:49.581 2644 2887 D UNIUTIL : System.cpp:507 loadString:LibPlayerPuma_host_v_max
06-26 11:31:49.581 2644 2887 D UNIUTIL : System.cpp:507 loadString:LibPlayerPuma_plugin_url
06-26 11:31:49.582 2644 2887 I UNIPLAYERSDK: PlugInfoStore.cpp:256 PlugInfoStore::Default::getDefaultPluginInfo(LibPlayerPuma)
06-26 11:31:49.582 2644 2887 I UNIPLAYERSDK: PlugInfoStore.cpp:386 PlugInfoStore::Buildin::getBuildinPluginInfo(LibPlayerPuma)
06-26 11:31:49.582 2644 2887 D UNIUTIL : System.cpp:507 loadString:libuniplayerdata_plugin_dir_new
06-26 11:31:49.582 2644 2887 I UNIPLAYERSDK: PlugInfoStore.cpp:776 PlugInfoStore::getPluginModules(libuniplayerdata)
06-26 11:31:49.583 2644 2887 D UNIPLAYERSDK: PluginUtils.cpp:199 PluginUtils::isPluginModuleExisted, libPath= /data/user/0/com.tv.kuaisou/files/libuniplayerdata/2.1107.0.2821
06-26 11:31:49.583 2644 2887 D UNIPLAYERSDK: PluginUtils.cpp:215 PluginHelper::checkModulesCompelete : 1
06-26 11:31:49.583 2644 2887 I UNIPLAYERSDK: PlugInfoStore.cpp:793 PlugInfoStore::readDatabase(libuniplayerdata)
06-26 11:31:49.583 2644 2887 D UNIUTIL : System.cpp:507 loadString:libuniplayerdata_plugin_version
06-26 11:31:49.584 2644 2887 D UNIUTIL : System.cpp:507 loadString:libuniplayerdata_plugin_dir_new
06-26 11:31:49.584 2644 2887 D UNIUTIL : System.cpp:507 loadString:libuniplayerdata_plugin_path_new
06-26 11:31:49.584 2644 2887 D UNIUTIL : System.cpp:507 loadString:libuniplayerdata_plugin_type
06-26 11:31:49.584 2644 2887 D UNIUTIL : System.cpp:507 loadString:libuniplayerdata_host_v_min
06-26 11:31:49.585 2644 2887 D UNIUTIL : System.cpp:507 loadString:libuniplayerdata_host_v_max
06-26 11:31:49.585 2644 2887 D UNIUTIL : System.cpp:507 loadString:libuniplayerdata_plugin_url
06-26 11:31:49.585 2644 2887 I UNIPLAYERSDK: PlugInfoStore.cpp:256 PlugInfoStore::Default::getDefaultPluginInfo(libuniplayerdata)
06-26 11:31:49.585 2644 2887 I UNIPLAYERSDK: PlugInfoStore.cpp:386 PlugInfoStore::Buildin::getBuildinPluginInfo(libuniplayerdata)
06-26 11:31:49.585 2644 2887 D UNIUTIL : System.cpp:507 loadString:libWasabiJni_plugin_dir_new
06-26 11:31:49.585 2644 2887 I UNIPLAYERSDK: PlugInfoStore.cpp:776 PlugInfoStore::getPluginModules(libWasabiJni)
06-26 11:31:49.585 2644 2887 D UNIPLAYERSDK: PluginUtils.cpp:199 PluginUtils::isPluginModuleExisted, libPath= /data/user/0/com.tv.kuaisou/files/libWasabiJni/1.1006.1234.0
06-26 11:31:49.586 2644 2887 D UNIPLAYERSDK: PluginUtils.cpp:215 PluginHelper::checkModulesCompelete : 1
06-26 11:31:49.586 2644 2887 I UNIPLAYERSDK: PlugInfoStore.cpp:793 PlugInfoStore::readDatabase(libWasabiJni)
06-26 11:31:49.586 2644 2887 D UNIUTIL : System.cpp:507 loadString:libWasabiJni_plugin_version
06-26 11:31:49.586 2644 2887 D UNIUTIL : System.cpp:507 loadString:libWasabiJni_plugin_dir_new
06-26 11:31:49.587 2644 2887 D UNIUTIL : System.cpp:507 loadString:libWasabiJni_plugin_path_new
06-26 11:31:49.587 2644 2887 D UNIUTIL : System.cpp:507 loadString:libWasabiJni_plugin_type
06-26 11:31:49.587 2644 2887 D UNIUTIL : System.cpp:507 loadString:libWasabiJni_host_v_min
06-26 11:31:49.587 2644 2887 D UNIUTIL : System.cpp:507 loadString:libWasabiJni_host_v_max
06-26 11:31:49.587 2644 2887 D UNIUTIL : System.cpp:507 loadString:libWasabiJni_plugin_url
06-26 11:31:49.588 2644 2887 I UNIPLAYERSDK: PlugInfoStore.cpp:256 PlugInfoStore::Default::getDefaultPluginInfo(libWasabiJni)
06-26 11:31:49.588 2644 2887 I UNIPLAYERSDK: PlugInfoStore.cpp:386 PlugInfoStore::Buildin::getBuildinPluginInfo(libWasabiJni)
06-26 11:31:49.588 2644 2887 D UNIUTIL : System.cpp:507 loadString:libHyperPlayerplugin_plugin_dir_new
06-26 11:31:49.588 2644 2887 I UNIPLAYERSDK: PlugInfoStore.cpp:776 PlugInfoStore::getPluginModules(libHyperPlayerplugin)
06-26 11:31:49.588 2644 2887 D UNIPLAYERSDK: PluginUtils.cpp:199 PluginUtils::isPluginModuleExisted, libPath= /data/user/0/com.tv.kuaisou/files/libHyperPlayerplugin/4.8.1702.9097
06-26 11:31:49.588 2644 2887 D UNIPLAYERSDK: PluginUtils.cpp:215 PluginHelper::checkModulesCompelete : 1
06-26 11:31:49.588 2644 2887 I UNIPLAYERSDK: PlugInfoStore.cpp:793 PlugInfoStore::readDatabase(libHyperPlayerplugin)
06-26 11:31:49.588 2644 2887 D UNIUTIL : System.cpp:507 loadString:libHyperPlayerplugin_plugin_version
06-26 11:31:49.588 2644 2887 D UNIUTIL : System.cpp:507 loadString:libHyperPlayerplugin_plugin_dir_new
06-26 11:31:49.588 2644 2887 D UNIUTIL : System.cpp:507 loadString:libHyperPlayerplugin_plugin_path_new
06-26 11:31:49.589 2644 2887 D UNIUTIL : System.cpp:507 loadString:libHyperPlayerplugin_plugin_type
06-26 11:31:49.589 2644 2887 D UNIUTIL : System.cpp:507 loadString:libHyperPlayerplugin_host_v_min
06-26 11:31:49.589 2644 2887 D UNIUTIL : System.cpp:507 loadString:libHyperPlayerplugin_host_v_max
06-26 11:31:49.589 2644 2887 D UNIUTIL : System.cpp:507 loadString:libHyperPlayerplugin_plugin_url
06-26 11:31:49.589 2644 2887 I UNIPLAYERSDK: PlugInfoStore.cpp:577 PlugInfoStore::Candidate::loadCandidateInfo(libHyperPlayerplugin),isExist = 1, dir = /data/user/0/com.tv.kuaisou/files/libHyperPlayerplugin/4.8.1702.9097
06-26 11:31:49.590 2644 2887 D UNIUTIL : System.cpp:507 loadString:libbasenetplugin_plugin_dir_new
06-26 11:31:49.590 2644 2887 I UNIPLAYERSDK: PlugInfoStore.cpp:776 PlugInfoStore::getPluginModules(libbasenetplugin)
06-26 11:31:49.590 2644 2887 D UNIPLAYERSDK: PluginUtils.cpp:199 PluginUtils::isPluginModuleExisted, libPath= /data/user/0/com.tv.kuaisou/files/libbasenetplugin/1.1107.0.16
06-26 11:31:49.590 2644 2887 D UNIPLAYERSDK: PluginUtils.cpp:215 PluginHelper::checkModulesCompelete : 1
06-26 11:31:49.590 2644 2887 I UNIPLAYERSDK: PlugInfoStore.cpp:793 PlugInfoStore::readDatabase(libbasenetplugin)
06-26 11:31:49.590 2644 2887 D UNIUTIL : System.cpp:507 loadString:libbasenetplugin_plugin_version
06-26 11:31:49.590 2644 2887 D UNIUTIL : System.cpp:507 loadString:libbasenetplugin_plugin_dir_new
06-26 11:31:49.590 2644 2887 D UNIUTIL : System.cpp:507 loadString:libbasenetplugin_plugin_path_new
06-26 11:31:49.591 2644 2887 D UNIUTIL : System.cpp:507 loadString:libbasenetplugin_plugin_type
06-26 11:31:49.591 2644 2887 D UNIUTIL : System.cpp:507 loadString:libbasenetplugin_host_v_min
06-26 11:31:49.591 2644 2887 D UNIUTIL : System.cpp:507 loadString:libbasenetplugin_host_v_max
06-26 11:31:49.591 2644 2887 D UNIUTIL : System.cpp:507 loadString:libbasenetplugin_plugin_url
06-26 11:31:49.591 2644 2887 I UNIPLAYERSDK: PlugInfoStore.cpp:577 PlugInfoStore::Candidate::loadCandidateInfo(libbasenetplugin),isExist = 1, dir = /data/user/0/com.tv.kuaisou/files/libbasenetplugin/1.1107.0.16
06-26 11:31:49.591 2644 2887 D UNIUTIL : System.cpp:507 loadString:LibPlayerPuma_plugin_dir_new
06-26 11:31:49.592 2644 2887 I UNIPLAYERSDK: PlugInfoStore.cpp:776 PlugInfoStore::getPluginModules(LibPlayerPuma)
06-26 11:31:49.592 2644 2887 D UNIPLAYERSDK: PluginUtils.cpp:199 PluginUtils::isPluginModuleExisted, libPath= /data/user/0/com.tv.kuaisou/files/LibPlayerPuma/4.8.1702.6907
06-26 11:31:49.592 2644 2887 D UNIPLAYERSDK: PluginUtils.cpp:215 PluginHelper::checkModulesCompelete : 1
06-26 11:31:49.592 2644 2887 I UNIPLAYERSDK: PlugInfoStore.cpp:793 PlugInfoStore::readDatabase(LibPlayerPuma)
06-26 11:31:49.592 2644 2887 D UNIUTIL : System.cpp:507 loadString:LibPlayerPuma_plugin_version
06-26 11:31:49.592 2644 2887 D UNIUTIL : System.cpp:507 loadString:LibPlayerPuma_plugin_dir_new
06-26 11:31:49.592 2644 2887 D UNIUTIL : System.cpp:507 loadString:LibPlayerPuma_plugin_path_new
06-26 11:31:49.592 2644 2887 D UNIUTIL : System.cpp:507 loadString:LibPlayerPuma_plugin_type
06-26 11:31:49.593 2644 2887 D UNIUTIL : System.cpp:507 loadString:LibPlayerPuma_host_v_min
06-26 11:31:49.593 2644 2887 D UNIUTIL : System.cpp:507 loadString:LibPlayerPuma_host_v_max
06-26 11:31:49.593 2644 2887 D UNIUTIL : System.cpp:507 loadString:LibPlayerPuma_plugin_url
06-26 11:31:49.594 2644 2887 I UNIPLAYERSDK: PlugInfoStore.cpp:577 PlugInfoStore::Candidate::loadCandidateInfo(LibPlayerPuma),isExist = 1, dir = /data/user/0/com.tv.kuaisou/files/LibPlayerPuma/4.8.1702.6907
06-26 11:31:49.594 2644 2887 D UNIUTIL : System.cpp:507 loadString:libuniplayerdata_plugin_dir_new
06-26 11:31:49.594 2644 2887 I UNIPLAYERSDK: PlugInfoStore.cpp:776 PlugInfoStore::getPluginModules(libuniplayerdata)
06-26 11:31:49.594 2644 2887 D UNIPLAYERSDK: PluginUtils.cpp:199 PluginUtils::isPluginModuleExisted, libPath= /data/user/0/com.tv.kuaisou/files/libuniplayerdata/2.1107.0.2821
06-26 11:31:49.595 2644 2887 D UNIPLAYERSDK: PluginUtils.cpp:215 PluginHelper::checkModulesCompelete : 1
06-26 11:31:49.595 2644 2887 I UNIPLAYERSDK: PlugInfoStore.cpp:793 PlugInfoStore::readDatabase(libuniplayerdata)
06-26 11:31:49.595 2644 2887 D UNIUTIL : System.cpp:507 loadString:libuniplayerdata_plugin_version
06-26 11:31:49.595 2644 2887 D UNIUTIL : System.cpp:507 loadString:libuniplayerdata_plugin_dir_new
06-26 11:31:49.596 2644 2887 D UNIUTIL : System.cpp:507 loadString:libuniplayerdata_plugin_path_new
06-26 11:31:49.596 2644 2887 D UNIUTIL : System.cpp:507 loadString:libuniplayerdata_plugin_type
06-26 11:31:49.597 2644 2887 D UNIUTIL : System.cpp:507 loadString:libuniplayerdata_host_v_min
06-26 11:31:49.597 2644 2887 D UNIUTIL : System.cpp:507 loadString:libuniplayerdata_host_v_max
06-26 11:31:49.598 2644 2887 D UNIUTIL : System.cpp:507 loadString:libuniplayerdata_plugin_url
06-26 11:31:49.599 2644 2887 I UNIPLAYERSDK: PlugInfoStore.cpp:577 PlugInfoStore::Candidate::loadCandidateInfo(libuniplayerdata),isExist = 1, dir = /data/user/0/com.tv.kuaisou/files/libuniplayerdata/2.1107.0.2821
