06-25 14:28:15.045 944 944 D wpa_supplicant: nl80211: Supported vendor event: vendor_id=0x0 subcmd=0
06-25 14:28:15.045 944 944 D wpa_supplicant: nl80211: Supported vendor event: vendor_id=0x1374 subcmd=5120
06-25 14:28:15.045 944 944 D wpa_supplicant: nl80211: Supported vendor event: vendor_id=0x0 subcmd=0
06-25 14:28:15.045 944 944 D wpa_supplicant: nl80211: Supported vendor event: vendor_id=0x0 subcmd=0
06-25 14:28:15.045 944 944 D wpa_supplicant: nl80211: Supported vendor event: vendor_id=0x0 subcmd=0
06-25 14:28:15.045 944 944 D wpa_supplicant: nl80211: Supported vendor event: vendor_id=0x0 subcmd=0
06-25 14:28:15.045 944 944 D wpa_supplicant: nl80211: Supported vendor event: vendor_id=0x0 subcmd=0
06-25 14:28:15.045 944 944 D wpa_supplicant: nl80211: Supported vendor event: vendor_id=0x0 subcmd=0
06-25 14:28:15.045 944 944 D wpa_supplicant: nl80211: Supported vendor event: vendor_id=0x0 subcmd=0
06-25 14:28:15.045 944 944 D wpa_supplicant: nl80211: Supported vendor event: vendor_id=0x0 subcmd=0
06-25 14:28:15.045 944 944 D wpa_supplicant: nl80211: Supported vendor event: vendor_id=0x0 subcmd=0
06-25 14:28:15.045 944 944 D wpa_supplicant: nl80211: Supported vendor event: vendor_id=0x0 subcmd=0
06-25 14:28:15.045 944 944 D wpa_supplicant: nl80211: Supported vendor event: vendor_id=0x0 subcmd=0
06-25 14:28:15.045 944 944 D wpa_supplicant: nl80211: Supported vendor event: vendor_id=0x0 subcmd=0
06-25 14:28:15.045 944 944 D wpa_supplicant: nl80211: Supported vendor event: vendor_id=0x0 subcmd=0
06-25 14:28:15.045 944 944 D wpa_supplicant: nl80211: Supported vendor event: vendor_id=0x0 subcmd=0
06-25 14:28:15.045 944 944 D wpa_supplicant: nl80211: Supported vendor event: vendor_id=0x0 subcmd=0
06-25 14:28:15.045 944 944 D wpa_supplicant: nl80211: Supported vendor event: vendor_id=0x0 subcmd=0
06-25 14:28:15.045 944 944 D wpa_supplicant: nl80211: Supported vendor event: vendor_id=0x0 subcmd=0
06-25 14:28:15.045 944 944 D wpa_supplicant: nl80211: Supported vendor event: vendor_id=0x0 subcmd=0
06-25 14:28:15.045 944 944 D wpa_supplicant: nl80211: Supported vendor event: vendor_id=0x0 subcmd=0
06-25 14:28:15.045 944 944 D wpa_supplicant: nl80211: Supported vendor event: vendor_id=0x0 subcmd=0
06-25 14:28:15.045 944 944 D wpa_supplicant: nl80211: Supported vendor event: vendor_id=0x0 subcmd=0
06-25 14:28:15.045 944 944 D wpa_supplicant: nl80211: Supported vendor event: vendor_id=0x0 subcmd=0
06-25 14:28:15.045 944 944 D wpa_supplicant: nl80211: Supported vendor event: vendor_id=0x0 subcmd=0
06-25 14:28:15.045 944 944 D wpa_supplicant: nl80211: Supported vendor event: vendor_id=0x0 subcmd=0
06-25 14:28:15.045 944 944 D wpa_supplicant: nl80211: Supported vendor event: vendor_id=0x0 subcmd=0
06-25 14:28:15.045 944 944 D wpa_supplicant: nl80211: Supported vendor event: vendor_id=0x0 subcmd=0
06-25 14:28:15.045 944 944 D wpa_supplicant: nl80211: Supported vendor event: vendor_id=0x0 subcmd=0
06-25 14:28:15.045 944 944 D wpa_supplicant: nl80211: Supported vendor event: vendor_id=0x0 subcmd=0
06-25 14:28:15.045 944 944 D wpa_supplicant: nl80211: Supported vendor event: vendor_id=0x0 subcmd=0
06-25 14:28:15.045 944 944 D wpa_supplicant: nl80211: Supported vendor event: vendor_id=0x0 subcmd=0
06-25 14:28:15.045 944 944 D wpa_supplicant: nl80211: Supported vendor event: vendor_id=0x0 subcmd=0
06-25 14:28:15.045 944 944 D wpa_supplicant: nl80211: Supported vendor event: vendor_id=0x1374 subcmd=131
06-25 14:28:15.045 944 944 D wpa_supplicant: nl80211: Supported vendor event: vendor_id=0x1374 subcmd=132
06-25 14:28:15.045 944 944 D wpa_supplicant: nl80211: Supported vendor event: vendor_id=0x0 subcmd=0
06-25 14:28:15.046 944 944 D wpa_supplicant: nl80211: Supported vendor event: vendor_id=0x0 subcmd=0
06-25 14:28:15.046 944 944 D wpa_supplicant: nl80211: Supported vendor event: vendor_id=0x0 subcmd=0
06-25 14:28:15.046 944 944 D wpa_supplicant: nl80211: Supported vendor event: vendor_id=0x0 subcmd=0
06-25 14:28:15.046 944 944 D wpa_supplicant: nl80211: Supported vendor event: vendor_id=0x0 subcmd=0
06-25 14:28:15.046 944 944 D wpa_supplicant: nl80211: Supported vendor event: vendor_id=0x0 subcmd=0
06-25 14:28:15.046 944 944 D wpa_supplicant: nl80211: Supported vendor event: vendor_id=0x1374 subcmd=72
06-25 14:28:15.046 944 944 D wpa_supplicant: nl80211: Use separate P2P group interface (driver advertised support)
06-25 14:28:15.046 944 944 D wpa_supplicant: nl80211: Enable multi-channel concurrent (driver advertised support)
06-25 14:28:15.046 944 944 D wpa_supplicant: nl80211: use P2P_DEVICE support
06-25 14:28:15.046 477 477 W Looper : Slow dispatch took 144ms main h=android.app.ActivityThread$H c=android.app.LoadedApk$ReceiverDispatcher$Args$$ExternalSyntheticLambda0@6351cbf m=0
06-25 14:28:15.046 944 944 D wpa_supplicant: nl80211: key_mgmt=0xd0f enc=0x10f auth=0x7 flags=0x100100007a007ac0 rrm_flags=0x0 probe_resp_offloads=0x0 max_stations=10 max_remain_on_chan=5000 max_scan_ssids=12
06-25 14:28:15.046 944 944 D wpa_supplicant: nl80211: interface p2p-dev-wlan0 in phy phy0
06-25 14:28:15.046 944 944 D wpa_supplicant: nl80211: Set mode ifindex 0 iftype 10 (P2P_DEVICE)
06-25 14:28:15.046 944 944 D wpa_supplicant: nl80211: Failed to set interface 0 to mode 10: -22 (Invalid argument)
06-25 14:28:15.047 944 944 D wpa_supplicant: nl80211: Subscribe to mgmt frames with non-AP handle 0xf4316848
06-25 14:28:15.047 944 944 D wpa_supplicant: nl80211: Register frame type=0xb0 (WLAN_FC_STYPE_AUTH) nl_handle=0xf4316848 match=0300 multicast=0
06-25 14:28:15.047 944 944 D wpa_supplicant: nl80211: Register frame command failed (type=176): ret=-22 (Invalid argument)
06-25 14:28:15.047 944 944 D wpa_supplicant: nl80211: Register frame match - hexdump(len=2): 03 00
06-25 14:28:15.047 944 944 D wpa_supplicant: nl80211: Register frame type=0xd0 (WLAN_FC_STYPE_ACTION) nl_handle=0xf4316848 match=0104 multicast=0
06-25 14:28:15.047 944 944 D wpa_supplicant: nl80211: Register frame type=0xd0 (WLAN_FC_STYPE_ACTION) nl_handle=0xf4316848 match=040a multicast=0
06-25 14:28:15.047 944 944 D wpa_supplicant: nl80211: Register frame type=0xd0 (WLAN_FC_STYPE_ACTION) nl_handle=0xf4316848 match=040b multicast=0
06-25 14:28:15.047 944 944 D wpa_supplicant: nl80211: Register frame type=0xd0 (WLAN_FC_STYPE_ACTION) nl_handle=0xf4316848 match=040c multicast=0
06-25 14:28:15.047 944 944 D wpa_supplicant: nl80211: Register frame type=0xd0 (WLAN_FC_STYPE_ACTION) nl_handle=0xf4316848 match=040d multicast=0
06-25 14:28:15.047 944 944 D wpa_supplicant: nl80211: Register frame type=0xd0 (WLAN_FC_STYPE_ACTION) nl_handle=0xf4316848 match=090a multicast=0
06-25 14:28:15.047 944 944 D wpa_supplicant: nl80211: Register frame type=0xd0 (WLAN_FC_STYPE_ACTION) nl_handle=0xf4316848 match=090b multicast=0
06-25 14:28:15.048 944 944 D wpa_supplicant: nl80211: Register frame type=0xd0 (WLAN_FC_STYPE_ACTION) nl_handle=0xf4316848 match=090c multicast=0
06-25 14:28:15.048 944 944 D wpa_supplicant: nl80211: Register frame type=0xd0 (WLAN_FC_STYPE_ACTION) nl_handle=0xf4316848 match=090d multicast=0
06-25 14:28:15.048 944 944 D wpa_supplicant: nl80211: Register frame type=0xd0 (WLAN_FC_STYPE_ACTION) nl_handle=0xf4316848 match=0409506f9a09 multicast=0
06-25 14:28:15.048 944 944 D wpa_supplicant: nl80211: Register frame type=0xd0 (WLAN_FC_STYPE_ACTION) nl_handle=0xf4316848 match=7f506f9a09 multicast=0
06-25 14:28:15.048 944 944 D wpa_supplicant: nl80211: Register frame type=0xd0 (WLAN_FC_STYPE_ACTION) nl_handle=0xf4316848 match=0409506f9a1a multicast=0
06-25 14:28:15.048 944 944 D wpa_supplicant: nl80211: Register frame type=0xd0 (WLAN_FC_STYPE_ACTION) nl_handle=0xf4316848 match=0801 multicast=0
06-25 14:28:15.048 944 944 D wpa_supplicant: nl80211: Register frame type=0xd0 (WLAN_FC_STYPE_ACTION) nl_handle=0xf4316848 match=06 multicast=0
06-25 14:28:15.048 944 944 D wpa_supplicant: nl80211: Register frame type=0xd0 (WLAN_FC_STYPE_ACTION) nl_handle=0xf4316848 match=0a07 multicast=0
06-25 14:28:15.048 944 944 D wpa_supplicant: nl80211: Register frame type=0xd0 (WLAN_FC_STYPE_ACTION) nl_handle=0xf4316848 match=0a11 multicast=0
06-25 14:28:15.048 944 944 D wpa_supplicant: nl80211: Register frame type=0xd0 (WLAN_FC_STYPE_ACTION) nl_handle=0xf4316848 match=0a0b multicast=0
06-25 14:28:15.049 944 944 D wpa_supplicant: nl80211: Register frame type=0xd0 (WLAN_FC_STYPE_ACTION) nl_handle=0xf4316848 match=0a1a multicast=0
06-25 14:28:15.049 944 944 D wpa_supplicant: nl80211: Register frame type=0xd0 (WLAN_FC_STYPE_ACTION) nl_handle=0xf4316848 match=1101 multicast=0
06-25 14:28:15.049 944 944 D wpa_supplicant: nl80211: Register frame type=0xd0 (WLAN_FC_STYPE_ACTION) nl_handle=0xf4316848 match=1102 multicast=0
06-25 14:28:15.049 944 944 D wpa_supplicant: nl80211: Register frame type=0xd0 (WLAN_FC_STYPE_ACTION) nl_handle=0xf4316848 match=0505 multicast=0
06-25 14:28:15.053 944 944 D wpa_supplicant: nl80211: Register frame type=0xd0 (WLAN_FC_STYPE_ACTION) nl_handle=0xf4316848 match=0500 multicast=0
06-25 14:28:15.054 944 944 D wpa_supplicant: nl80211: Register frame type=0xd0 (WLAN_FC_STYPE_ACTION) nl_handle=0xf4316848 match=1305 multicast=0
06-25 14:28:15.054 944 944 I wpa_supplicant: rfkill: Cannot get wiphy information
06-25 14:28:15.054 944 944 D wpa_supplicant: nl80211: RFKILL status not available
06-25 14:28:15.058 944 944 D wpa_supplicant: nl80211: Start P2P Device p2p-dev-wlan0 (0x3): Success
06-25 14:28:15.060 944 944 D wpa_supplicant: Add interface p2p-dev-wlan0 to existing radio phy0
06-25 14:28:15.061 944 944 D wpa_supplicant: nl80211: No channel number found for frequency 5920 MHz
06-25 14:28:15.061 944 944 D wpa_supplicant: nl80211: No channel number found for frequency 5940 MHz
06-25 14:28:15.061 944 944 D wpa_supplicant: nl80211: Regulatory information - country=CN (DFS-FCC)
06-25 14:28:15.061 944 944 D wpa_supplicant: nl80211: 2400-2483 @ 40 MHz 20 mBm
06-25 14:28:15.061 944 944 D wpa_supplicant: nl80211: 5150-5350 @ 80 MHz 20 mBm (DFS)
06-25 14:28:15.061 944 944 D wpa_supplicant: nl80211: 5725-5850 @ 80 MHz 33 mBm
06-25 14:28:15.061 944 944 D wpa_supplicant: nl80211: 57240-59400 @ 2160 MHz 28 mBm
06-25 14:28:15.061 944 944 D wpa_supplicant: nl80211: 59400-63720 @ 2160 MHz 44 mBm
06-25 14:28:15.061 944 944 D wpa_supplicant: nl80211: 63720-65880 @ 2160 MHz 28 mBm
06-25 14:28:15.061 944 944 D wpa_supplicant: nl80211: Added 802.11b mode based on 802.11g information
06-25 14:28:15.061 944 944 D wpa_supplicant: nl80211: Mode IEEE 802.11g: 2412 2417 2422 2427 2432 2437 2442 2447 2452 2457 2462 2467 2472 2484[DISABLED]
06-25 14:28:15.061 944 944 D wpa_supplicant: nl80211: Mode IEEE 802.11a: 5170[DISABLED] 5180 5200 5220 5240 5260[RADAR] 5280[RADAR] 5300[RADAR] 5320[RADAR] 5500[DISABLED][RADAR] 5520[DISABLED][RADAR] 5540[DISABLED][RADAR] 5560[DISABLED][RADAR] 5580[DISABLED][RADAR]
06-25 14:28:15.061 944 944 D wpa_supplicant: nl80211: Mode IEEE 802.11b: 2412 2417 2422 2427 2432 2437 2442 2447 2452 2457 2462 2467 2472 2484[DISABLED]
06-25 14:28:15.061 944 944 D wpa_supplicant: p2p-dev-wlan0: Own MAC address: b6:2f:03:15:e8:b9
06-25 14:28:15.061 944 944 D wpa_supplicant: p2p-dev-wlan0: RSN: flushing PMKID list in the driver
06-25 14:28:15.061 944 944 D wpa_supplicant: nl80211: Flush PMKIDs
06-25 14:28:15.062 944 944 D wpa_supplicant: p2p-dev-wlan0: State: DISCONNECTED -> INACTIVE
06-25 14:28:15.062 944 944 D wpa_supplicant: p2p-dev-wlan0: WPS: UUID from the first interface: 9c907f24-96c2-56f2-9fdd-752c11c3bef8
06-25 14:28:15.062 944 944 D wpa_supplicant: EAPOL: SUPP_PAE entering state DISCONNECTED
06-25 14:28:15.062 944 944 D wpa_supplicant: EAPOL: Supplicant port status: Unauthorized
06-25 14:28:15.062 944 944 D wpa_supplicant: nl80211: Skip set_supp_port(unauthorized) while not associated
06-25 14:28:15.062 944 944 D wpa_supplicant: EAPOL: KEY_RX entering state NO_KEY_RECEIVE
06-25 14:28:15.062 944 944 D wpa_supplicant: EAPOL: SUPP_BE entering state INITIALIZE
06-25 14:28:15.062 944 944 D wpa_supplicant: EAP: EAP entering state DISABLED
06-25 14:28:15.062 944 944 D wpa_supplicant: Using existing control interface directory.
06-25 14:28:15.063 944 944 D wpa_supplicant: ctrl_iface bind(PF_UNIX) failed: Address already in use
06-25 14:28:15.065 944 944 D wpa_supplicant: ctrl_iface exists, but does not allow connections - assuming it was leftover from forced program termination
06-25 14:28:15.066 944 944 D wpa_supplicant: Successfully replaced leftover ctrl_iface socket '/data/vendor/wifi/wpa/sockets/p2p-dev-wlan0'
06-25 14:28:15.066 944 944 D wpa_supplicant: P2P: Add operating class 81
06-25 14:28:15.066 944 944 D wpa_supplicant: P2P: Channels - hexdump(len=13): 01 02 03 04 05 06 07 08 09 0a 0b 0c 0d
06-25 14:28:15.066 944 944 D wpa_supplicant: P2P: Add operating class 115
06-25 14:28:15.067 944 944 D wpa_supplicant: P2P: Channels - hexdump(len=4): 24 28 2c 30
06-25 14:28:15.067 944 944 D wpa_supplicant: P2P: Add operating class 116
06-25 14:28:15.067 944 944 D wpa_supplicant: P2P: Channels - hexdump(len=2): 24 2c
06-25 14:28:15.067 944 944 D wpa_supplicant: P2P: Add operating class 117
06-25 14:28:15.067 944 944 D wpa_supplicant: P2P: Channels - hexdump(len=2): 28 30
06-25 14:28:15.067 944 944 D wpa_supplicant: P2P: Add operating class 124
06-25 14:28:15.067 944 944 D wpa_supplicant: P2P: Channels - hexdump(len=4): 95 99 9d a1
06-25 14:28:15.067 944 944 D wpa_supplicant: P2P: Add operating class 125
06-25 14:28:15.067 944 944 D wpa_supplicant: P2P: Channels - hexdump(len=5): 95 99 9d a1 a5
06-25 14:28:15.067 944 944 D wpa_supplicant: P2P: Add operating class 126
06-25 14:28:15.067 944 944 D wpa_supplicant: P2P: Channels - hexdump(len=2): 95 9d
06-25 14:28:15.067 944 944 D wpa_supplicant: P2P: Add operating class 127
06-25 14:28:15.067 944 944 D wpa_supplicant: P2P: Channels - hexdump(len=2): 99 a1
06-25 14:28:15.067 944 944 D wpa_supplicant: P2P: Add operating class 128
06-25 14:28:15.067 944 944 D wpa_supplicant: P2P: Channels - hexdump(len=8): 24 28 2c 30 95 99 9d a1
06-25 14:28:15.067 944 944 D wpa_supplicant: P2P: Add operating class 130
06-25 14:28:15.067 944 944 D wpa_supplicant: P2P: Channels - hexdump(len=9): 24 28 2c 30 95 99 9d a1 a5
06-25 14:28:15.068 944 944 D wpa_supplicant: P2P: Own listen channel: 81:11
06-25 14:28:15.068 944 944 D wpa_supplicant: P2P: Random operating channel: 81:1
06-25 14:28:15.068 944 944 D wpa_supplicant: P2P: initialized
06-25 14:28:15.068 944 944 D wpa_supplicant: P2P: channels: 81:1,2,3,4,5,6,7,8,9,10,11,12,13 115:36,40,44,48 116:36,44 117:40,48 124:149,153,157,161 125:149,153,157,161,165 126:149,157 127:153,161 128:36,40,44,48,149,153,157,161 130:36,40,44,48,149,153,157,161,165
06-25 14:28:15.068 944 944 D wpa_supplicant: P2P: cli_channels:
06-25 14:28:15.068 944 944 D wpa_supplicant: MBO: Update non-preferred channels, non_pref_chan=N/A
06-25 14:28:15.068 944 944 D wpa_supplicant: Registering interface to hidl control: p2p-dev-wlan0
06-25 14:28:15.068 944 944 D wpa_supplicant: p2p-dev-wlan0: Added interface p2p-dev-wlan0
06-25 14:28:15.069 944 944 D wpa_supplicant: p2p-dev-wlan0: State: INACTIVE -> DISCONNECTED
06-25 14:28:15.069 944 944 D wpa_supplicant: nl80211: Set p2p-dev-wlan0 operstate 0->0 (DORMANT)
06-25 14:28:15.069 944 944 D wpa_supplicant: netlink: Operstate: ifindex=0 linkmode=-1 (no change), operstate=5 (IF_OPER_DORMANT)
06-25 14:28:15.069 944 944 D wpa_supplicant: p2p-dev-wlan0: Determining shared radio frequencies (max len 2)
06-25 14:28:15.069 944 944 D wpa_supplicant: p2p-dev-wlan0: Shared frequencies (len=0): completed iteration
06-25 14:28:15.069 944 944 D wpa_supplicant: P2P: Add operating class 81
06-25 14:28:15.069 944 944 D wpa_supplicant: P2P: Channels - hexdump(len=13): 01 02 03 04 05 06 07 08 09 0a 0b 0c 0d
06-25 14:28:15.069 944 944 D wpa_supplicant: P2P: Add operating class 115
06-25 14:28:15.069 944 944 D wpa_supplicant: P2P: Channels - hexdump(len=4): 24 28 2c 30
06-25 14:28:15.069 944 944 D wpa_supplicant: P2P: Add operating class 116
06-25 14:28:15.069 944 944 D wpa_supplicant: P2P: Channels - hexdump(len=2): 24 2c
06-25 14:28:15.069 944 944 D wpa_supplicant: P2P: Add operating class 117
06-25 14:28:15.069 944 944 D wpa_supplicant: P2P: Channels - hexdump(len=2): 28 30
06-25 14:28:15.069 944 944 D wpa_supplicant: P2P: Add operating class 124
06-25 14:28:15.069 944 944 D wpa_supplicant: P2P: Channels - hexdump(len=4): 95 99 9d a1
06-25 14:28:15.069 944 944 D wpa_supplicant: P2P: Add operating class 125
06-25 14:28:15.069 944 944 D wpa_supplicant: P2P: Channels - hexdump(len=5): 95 99 9d a1 a5
06-25 14:28:15.069 944 944 D wpa_supplicant: P2P: Add operating class 126
06-25 14:28:15.069 944 944 D wpa_supplicant: P2P: Channels - hexdump(len=2): 95 9d
06-25 14:28:15.069 944 944 D wpa_supplicant: P2P: Add operating class 127
06-25 14:28:15.070 944 944 D wpa_supplicant: P2P: Channels - hexdump(len=2): 99 a1
06-25 14:28:15.070 944 944 D wpa_supplicant: P2P: Add operating class 128
06-25 14:28:15.070 944 944 D wpa_supplicant: P2P: Channels - hexdump(len=8): 24 28 2c 30 95 99 9d a1
06-25 14:28:15.070 944 944 D wpa_supplicant: P2P: Add operating class 130
06-25 14:28:15.070 944 944 D wpa_supplicant: P2P: Channels - hexdump(len=9): 24 28 2c 30 95 99 9d a1 a5
06-25 14:28:15.070 944 944 D wpa_supplicant: P2P: Update channel list
06-25 14:28:15.070 944 944 D wpa_supplicant: P2P: channels: 81:1,2,3,4,5,6,7,8,9,10,11,12,13 115:36,40,44,48 116:36,44 117:40,48 124:149,153,157,161 125:149,153,157,161,165 126:149,157 127:153,161 128:36,40,44,48,149,153,157,161 130:36,40,44,48,149,153,157,161,165
06-25 14:28:15.070 944 944 D wpa_supplicant: P2P: cli_channels:
06-25 14:28:15.070 944 944 D wpa_supplicant: RTM_NEWLINK: ifi_index=14 ifname=wlan0 operstate=5 linkmode=0 ifi_family=0 ifi_flags=0x11003 ([UP][LOWER_UP])
06-25 14:28:15.071 944 944 D wpa_supplicant: RTM_NEWLINK: ifi_index=14 ifname=wlan0 operstate=5 linkmode=1 ifi_family=0 ifi_flags=0x11003 ([UP][LOWER_UP])
06-25 14:28:15.087 477 949 I hw-BpHwBinder: onLastStrongRef automatically unlinking death recipients
06-25 14:28:15.098 477 477 D ConditionProviders.SCP: onSubscribe condition://android/schedule?days=1.2.3.4.5.6.7&start=22.0&end=7.0&exitAtAlarm=true
06-25 14:28:15.099 477 477 D ConditionProviders.SCP: setRegistered true
06-25 14:28:15.105 477 613 D SupplicantStaIfaceHal: Newer HAL is found, skip V1_3 remaining init flow.
06-25 14:28:15.105 477 613 D SupplicantStaIfaceHal: Newer HAL is found, skip V1_2 remaining init flow.
06-25 14:28:15.105 477 613 D SupplicantStaIfaceHal: Newer HAL is found, skip V1_1 remaining init flow.
06-25 14:28:15.105 477 613 D SupplicantStaIfaceHal: Newer HAL is found, skip V1_0 remaining init flow.
06-25 14:28:15.116 477 477 D ConditionProviders.SCP: evaluateSubscriptionLocked cal=ScheduleCalendar[mDays={1, 2, 3, 4, 5, 6, 7}, mSchedule=ScheduleInfo{days=[1, 2, 3, 4, 5, 6, 7], startHour=22, startMinute=0, endHour=7, endMinute=0, exitAtAlarm=true, nextAlarm=Thu Jan 01 08:00:00 GMT+08:00 1970 (0)}], now=Wed Jun 25 14:28:15 GMT+08:00 2025 (1750832895099), nextUserAlarmTime=Thu Jan 01 08:00:00 GMT+08:00 1970 (0)
06-25 14:28:15.116 477 477 D ConditionProviders.SCP: notifyCondition condition://android/schedule?days=1.2.3.4.5.6.7&start=22.0&end=7.0&exitAtAlarm=true STATE_FALSE reason=!meetsSchedule
06-25 14:28:15.118 477 626 W ActivityThread: Failed to find provider info for com.android.calendar (user not unlocked)
06-25 14:28:15.118 477 477 D ConditionProviders.SCP: Scheduling evaluate for Wed Jun 25 22:00:00 GMT+08:00 2025 (1750860000000), in +7h31m44s901ms, now=Wed Jun 25 14:28:15 GMT+08:00 2025 (1750832895099)
06-25 14:28:15.119 477 702 D MediaCodecList: codecHandlesFormat: no format, so no extra checks
06-25 14:28:15.121 477 626 W ActivityThread: Failed to find provider info for com.android.calendar (user not unlocked)
06-25 14:28:15.122 477 477 I ConnectivityModuleConnector: Networking module service connected
06-25 14:28:15.123 477 477 I ConnectivityModuleConnector: Networking module service connected
06-25 14:28:15.123 477 477 I NetworkStackClient: Network stack service connected
06-25 14:28:15.125 658 658 E WifiHAL : wifi_get_logger_supported_feature_set: Error -5 happened.
01-01 08:00:20.441 658 658 I ieee80211 phy0: sprdwl_vendor_get_support_feature
06-25 14:28:15.127 658 658 E WifiHAL : wifi_get_logger_supported_feature_set: Error -5 happened.
01-01 08:00:20.443 658 658 I ieee80211 phy0: sprdwl_vendor_get_support_feature
06-25 14:28:15.135 477 477 D BluetoothManagerService: BluetoothServiceConnection: com.android.bluetooth.btservice.AdapterService
06-25 14:28:15.135 477 525 D BluetoothManagerService: MESSAGE_BLUETOOTH_SERVICE_CONNECTED: 1
06-25 14:28:15.135 477 477 I ExplicitHealthCheckController: Explicit health check service is connected ComponentInfo{android.ext.services/android.ext.services.watchdog.ExplicitHealthCheckServiceImpl}
06-25 14:28:15.136 477 477 I ExplicitHealthCheckController: Service initialized, syncing requests
06-25 14:28:15.136 477 477 I ConnectivityModuleConnector: Networking module service connected
06-25 14:28:15.136 477 957 D CCodec : allocate(c2.android.vorbis.decoder)
06-25 14:28:15.136 477 477 I ConnectivityModuleConnector: Networking module service connected
06-25 14:28:15.139 944 944 D wpa_supplicant: Driver capability mask: 0xd
06-25 14:28:15.140 477 477 D WifiP2pService: Wifi enabled=false
06-25 14:28:15.141 477 957 I CCodec : Created component [c2.android.vorbis.decoder]
06-25 14:28:15.142 477 957 D CCodecConfig: read media type: audio/vorbis
06-25 14:28:15.145 477 957 D ReflectedParamUpdater: extent() != 1 for single value type: algo.buffers.max-count.values
06-25 14:28:15.146 477 957 D ReflectedParamUpdater: extent() != 1 for single value type: output.subscribed-indices.values
06-25 14:28:15.146 477 957 D ReflectedParamUpdater: extent() != 1 for single value type: input.buffers.allocator-ids.values
06-25 14:28:15.146 477 957 D ReflectedParamUpdater: extent() != 1 for single value type: output.buffers.allocator-ids.values
06-25 14:28:15.146 477 957 D ReflectedParamUpdater: extent() != 1 for single value type: algo.buffers.allocator-ids.values
06-25 14:28:15.147 477 957 D ReflectedParamUpdater: extent() != 1 for single value type: output.buffers.pool-ids.values
06-25 14:28:15.147 477 957 D ReflectedParamUpdater: extent() != 1 for single value type: algo.buffers.pool-ids.values
06-25 14:28:15.149 477 957 I CCodecConfig: query failed after returning 7 values (BAD_INDEX)
06-25 14:28:15.150 477 957 D CCodecConfig: c2 config diff is Dict {
06-25 14:28:15.150 477 957 D CCodecConfig: c2::u32 coded.bitrate.value = 64000
06-25 14:28:15.150 477 957 D CCodecConfig: c2::u32 input.buffers.max-size.value = 32768
06-25 14:28:15.150 477 957 D CCodecConfig: c2::u32 input.delay.value = 0
06-25 14:28:15.150 477 957 D CCodecConfig: string input.media-type.value = "audio/vorbis"
06-25 14:28:15.150 477 957 D CCodecConfig: string output.media-type.value = "audio/raw"
06-25 14:28:15.150 477 957 D CCodecConfig: c2::u32 raw.channel-count.value = 1
06-25 14:28:15.150 477 957 D CCodecConfig: c2::u32 raw.sample-rate.value = 48000
06-25 14:28:15.150 477 957 D CCodecConfig: }
06-25 14:28:15.150 477 613 I WifiNative: Successfully switched to connectivity mode on iface=Iface:{Name=wlan0,Id=0,Type=STA_CONNECTIVITY}
06-25 14:28:15.150 477 613 D WifiClientModeManager[wlan0]: entering ConnectModeState, starting ClientModeImpl
06-25 14:28:15.151 477 957 D CCodec : [c2.android.vorbis.decoder] buffers are bound to CCodec for this session
06-25 14:28:15.151 477 957 D CCodecConfig: no c2 equivalents for durationUs
06-25 14:28:15.151 477 957 D CCodecConfig: no c2 equivalents for track-id
06-25 14:28:15.151 477 957 D CCodecConfig: no c2 equivalents for csd-1
06-25 14:28:15.151 477 957 D CCodecConfig: no c2 equivalents for channel-mask
06-25 14:28:15.152 477 957 D CCodecConfig: no c2 equivalents for flags
06-25 14:28:15.152 477 957 D CCodecConfig: c2 config diff is c2::u32 coded.bitrate.value = 499821
06-25 14:28:15.152 477 957 D CCodecConfig: c2::u32 raw.channel-count.value = 2
06-25 14:28:15.152 477 957 D CCodecConfig: c2::u32 raw.sample-rate.value = 44100
06-25 14:28:15.154 477 957 W Codec2Client: query -- param skipped: index = 1107298332.
06-25 14:28:15.154 477 957 D CCodec : setup formats input: AMessage(what = 0x00000000) = {
06-25 14:28:15.154 477 957 D CCodec : int32_t bitrate = 499821
06-25 14:28:15.154 477 957 D CCodec : int32_t channel-count = 2
06-25 14:28:15.154 477 957 D CCodec : int32_t max-input-size = 32768
06-25 14:28:15.154 477 957 D CCodec : string mime = "audio/vorbis"
06-25 14:28:15.154 477 957 D CCodec : int32_t sample-rate = 44100
06-25 14:28:15.154 477 957 D CCodec : }
06-25 14:28:15.154 477 477 D AutofillManagerService: Restriction did not change for user 0
06-25 14:28:15.154 477 957 D CCodec : setup formats output: AMessage(what = 0x00000000) = {
06-25 14:28:15.154 477 957 D CCodec : int32_t channel-count = 2
06-25 14:28:15.154 477 957 D CCodec : string mime = "audio/raw"
06-25 14:28:15.154 477 957 D CCodec : int32_t sample-rate = 44100
06-25 14:28:15.154 477 957 D CCodec : int32_t channel-mask = 3
06-25 14:28:15.154 477 957 D CCodec : }
06-25 14:28:15.155 477 957 I CCodecConfig: query failed after returning 7 values (BAD_INDEX)
06-25 14:28:15.156 477 957 W Codec2Client: query -- param skipped: index = 1342179345.
06-25 14:28:15.156 477 957 W Codec2Client: query -- param skipped: index = 2415921170.
06-25 14:28:15.158 477 957 D CCodecBufferChannel: [c2.android.vorbis.decoder#556] Created input block pool with allocatorID 16 => poolID 21 - OK (0)
06-25 14:28:15.159 477 957 I CCodecBufferChannel: [c2.android.vorbis.decoder#556] Created output block pool with allocatorID 16 => poolID 23 - OK
06-25 14:28:15.160 477 957 D CCodecBufferChannel: [c2.android.vorbis.decoder#556] Configured output block pool ids 23 => OK
06-25 14:28:15.161 477 525 D BluetoothManagerService: Broadcasting onBluetoothServiceUp() to 3 receivers.
06-25 14:28:15.161 477 525 D BluetoothAdapter: onBluetoothServiceUp: android.bluetooth.IBluetooth$Stub$Proxy@6064dbb
06-25 14:28:15.162 676 956 D BluetoothAdapter: onBluetoothServiceUp: android.bluetooth.IBluetooth$Stub$Proxy@78e8e96
06-25 14:28:15.163 668 691 D BluetoothAdapter: onBluetoothServiceUp: com.android.bluetooth.btservice.AdapterService$AdapterServiceBinder@b952f6e
06-25 14:28:15.165 477 477 V NotificationAssistants: 0 notification assistant service connected: ComponentInfo{android.ext.services/android.ext.services.notification.Assistant}
06-25 14:28:15.167 668 683 D BluetoothAdapterService: enable() - Enable called with quiet mode status = false
06-25 14:28:15.168 668 813 I AdapterState: BLE_TURNING_ON : entered
06-25 14:28:15.168 668 813 D AdapterProperties: Setting state to BLE_TURNING_ON
06-25 14:28:15.168 372 960 D SimpleC2Component: Using output block pool with poolID 23 => got 23 - 0
06-25 14:28:15.170 668 813 D BluetoothAdapterService: updateAdapterState() - Broadcasting state BLE_TURNING_ON to 1 receivers.
06-25 14:28:15.179 477 525 D BluetoothManagerService: MESSAGE_BLUETOOTH_STATE_CHANGE: OFF > BLE_TURNING_ON
06-25 14:28:15.181 668 813 D BluetoothAdapterService: bleOnProcessStart()
06-25 14:28:15.184 668 813 I AdapterProperties: init(), maxConnectedAudioDevices, default=5, propertyOverlayed=5, finalValue=5
06-25 14:28:15.194 668 813 D BluetoothAdapterService: bleOnProcessStart() - Make Bond State Machine
06-25 14:28:15.194 668 813 D BluetoothBondStateMachine: make
06-25 14:28:15.195 477 952 I hw-BpHwBinder: onLastStrongRef automatically unlinking death recipients
06-25 14:28:15.197 477 525 D BluetoothManagerService: Sending BLE State Change: OFF > BLE_TURNING_ON
06-25 14:28:15.203 668 678 I droid.bluetoot: Background concurrent copying GC freed 14635(860KB) AllocSpace objects, 6(120KB) LOS objects, 49% free, 2879KB/5759KB, paused 184us total 429.130ms
06-25 14:28:15.206 668 963 I BluetoothBondStateMachine: StableState(): Entering Off State
06-25 14:28:15.219 477 477 I PackageWatchdog: Syncing health check requests for packages: {}
06-25 14:28:15.220 477 477 D ExplicitHealthCheckController: Getting health check supported packages
06-25 14:28:15.221 668 668 I BtGatt.JNI: classInitNative(L1073): classInitNative: Success!
06-25 14:28:15.226 668 668 D BtGatt.DebugUtils: handleDebugAction() action=null
06-25 14:28:15.227 477 810 I ExplicitHealthCheckController: Explicit health check supported packages [PackageConfig{com.android.networkstack, 86400000}]
06-25 14:28:15.228 477 810 D PackageWatchdog: Received supported packages [PackageConfig{com.android.networkstack, 86400000}]
06-25 14:28:15.229 477 810 D ExplicitHealthCheckController: Getting health check requested packages
06-25 14:28:15.231 477 701 D MediaCodecList: codecHandlesFormat: no format, so no extra checks
06-25 14:28:15.231 477 809 I ExplicitHealthCheckController: Explicit health check requested packages []
06-25 14:28:15.232 676 676 V SystemUIService: Starting SystemUI services for user 0.
06-25 14:28:15.232 676 676 D SystemUIService: loading: com.android.systemui.util.NotificationChannels
06-25 14:28:15.232 668 668 I bt_btif : system/bt/btif/src/bluetooth.cc:417 get_profile_interface: get_profile_interface: id = gatt
06-25 14:28:15.232 676 676 D SystemUIService: running: com.android.systemui.util.NotificationChannels@112c0b3
06-25 14:28:15.234 477 477 W Looper : Drained
06-25 14:28:15.234 477 965 D CCodec : allocate(c2.android.vorbis.decoder)
06-25 14:28:15.236 477 809 I ExplicitHealthCheckController: No more health check requests, unbinding...
06-25 14:28:15.237 676 676 D SystemUIService: loading: com.android.systemui.oranth.ManagerService
06-25 14:28:15.238 477 965 I CCodec : Created component [c2.android.vorbis.decoder]
06-25 14:28:15.238 477 965 D CCodecConfig: read media type: audio/vorbis
06-25 14:28:15.238 186 186 E SELinux : avc: denied { find } for pid=676 uid=10067 name=oranth_manager scontext=u:r:platform_app:s0:c512,c768 tcontext=u:object_r:default_android_service:s0 tclass=service_manager permissive=1
06-25 14:28:15.240 477 809 I ExplicitHealthCheckController: Explicit health check service is unbound
06-25 14:28:15.241 477 965 D ReflectedParamUpdater: extent() != 1 for single value type: algo.buffers.max-count.values
06-25 14:28:15.242 477 965 D ReflectedParamUpdater: extent() != 1 for single value type: output.subscribed-indices.values
06-25 14:28:15.242 477 965 D ReflectedParamUpdater: extent() != 1 for single value type: input.buffers.allocator-ids.values
06-25 14:28:15.242 477 965 D ReflectedParamUpdater: extent() != 1 for single value type: output.buffers.allocator-ids.values
06-25 14:28:15.242 477 965 D ReflectedParamUpdater: extent() != 1 for single value type: algo.buffers.allocator-ids.values
06-25 14:28:15.242 477 965 D ReflectedParamUpdater: extent() != 1 for single value type: output.buffers.pool-ids.values
06-25 14:28:15.242 676 676 D SystemUIService: running: com.android.systemui.oranth.ManagerService@3becde9
06-25 14:28:15.242 676 676 I ManagerService: -------------------- oranth manager service ---------
06-25 14:28:15.242 477 965 D ReflectedParamUpdater: extent() != 1 for single value type: algo.buffers.pool-ids.values
06-25 14:28:15.247 668 668 D CompatibilityChangeReporter: Compat change id reported: 160794467; UID 1002; state: ENABLED
06-25 14:28:15.249 477 965 I CCodecConfig: query failed after returning 7 values (BAD_INDEX)
06-25 14:28:15.249 477 965 D CCodecConfig: c2 config diff is Dict {
06-25 14:28:15.249 477 965 D CCodecConfig: c2::u32 coded.bitrate.value = 64000
06-25 14:28:15.249 477 965 D CCodecConfig: c2::u32 input.buffers.max-size.value = 32768
06-25 14:28:15.249 477 965 D CCodecConfig: c2::u32 input.delay.value = 0
06-25 14:28:15.249 477 965 D CCodecConfig: string input.media-type.value = "audio/vorbis"
06-25 14:28:15.249 477 965 D CCodecConfig: string output.media-type.value = "audio/raw"
06-25 14:28:15.249 477 965 D CCodecConfig: c2::u32 raw.channel-count.value = 1
06-25 14:28:15.249 477 965 D CCodecConfig: c2::u32 raw.sample-rate.value = 48000
06-25 14:28:15.249 477 965 D CCodecConfig: }
06-25 14:28:15.251 477 965 D CCodec : [c2.android.vorbis.decoder] buffers are bound to CCodec for this session
06-25 14:28:15.251 477 965 D CCodecConfig: no c2 equivalents for durationUs
06-25 14:28:15.251 477 965 D CCodecConfig: no c2 equivalents for track-id
06-25 14:28:15.251 477 965 D CCodecConfig: no c2 equivalents for csd-1
06-25 14:28:15.251 477 965 D CCodecConfig: no c2 equivalents for channel-mask
06-25 14:28:15.251 477 965 D CCodecConfig: no c2 equivalents for flags
06-25 14:28:15.252 477 965 D CCodecConfig: c2 config diff is c2::u32 coded.bitrate.value = 239920
06-25 14:28:15.252 477 965 D CCodecConfig: c2::u32 raw.sample-rate.value = 44100
06-25 14:28:15.253 477 965 W Codec2Client: query -- param skipped: index = 1107298332.
06-25 14:28:15.253 477 965 D CCodec : setup formats input: AMessage(what = 0x00000000) = {
06-25 14:28:15.253 477 965 D CCodec : int32_t bitrate = 239920
06-25 14:28:15.253 477 965 D CCodec : int32_t channel-count = 1
06-25 14:28:15.253 477 965 D CCodec : int32_t max-input-size = 32768
06-25 14:28:15.253 477 965 D CCodec : string mime = "audio/vorbis"
06-25 14:28:15.253 477 965 D CCodec : int32_t sample-rate = 44100
06-25 14:28:15.253 477 965 D CCodec : }
06-25 14:28:15.253 477 965 D CCodec : setup formats output: AMessage(what = 0x00000000) = {
06-25 14:28:15.253 477 965 D CCodec : int32_t channel-count = 1
06-25 14:28:15.253 477 965 D CCodec : string mime = "audio/raw"
06-25 14:28:15.253 477 965 D CCodec : int32_t sample-rate = 44100
06-25 14:28:15.253 477 965 D CCodec : int32_t channel-mask = 1
06-25 14:28:15.253 477 965 D CCodec : }
06-25 14:28:15.254 477 965 I CCodecConfig: query failed after returning 7 values (BAD_INDEX)
06-25 14:28:15.254 477 965 W Codec2Client: query -- param skipped: index = 1342179345.
06-25 14:28:15.254 477 965 W Codec2Client: query -- param skipped: index = 2415921170.
06-25 14:28:15.255 676 676 I FalsingManager: xdpi, ydpi: 0.16, 0.16
06-25 14:28:15.255 477 965 D CCodecBufferChannel: [c2.android.vorbis.decoder#982] Created input block pool with allocatorID 16 => poolID 22 - OK (0)
06-25 14:28:15.256 676 676 I FalsingManager: width, height: 1920, 1080
06-25 14:28:15.252 676 676 I ndroid.systemui: type=1400 audit(0.0:370): avc: denied { search } for name="com.android.systemui" dev="mmcblk0p25" ino=484 scontext=u:r:platform_app:s0:c512,c768 tcontext=u:object_r:app_data_file:s0:c512,c768 tclass=dir permissive=1 app=com.softwinner.screenshot
06-25 14:28:15.258 477 965 I CCodecBufferChannel: [c2.android.vorbis.decoder#982] Created output block pool with allocatorID 16 => poolID 24 - OK
06-25 14:28:15.258 477 965 D CCodecBufferChannel: [c2.android.vorbis.decoder#982] Configured output block pool ids 24 => OK
06-25 14:28:15.256 676 676 I SharedPreferenc: type=1400 audit(0.0:371): avc: denied { open } for path="/data/user_de/0/com.android.systemui/shared_prefs/plugin_prefs.xml" dev="mmcblk0p25" ino=2171 scontext=u:r:platform_app:s0:c512,c768 tcontext=u:object_r:app_data_file:s0:c512,c768 tclass=file permissive=1 app=com.softwinner.screenshot
06-25 14:28:15.262 372 966 D SimpleC2Component: Using output block pool with poolID 24 => got 24 - 0
06-25 14:28:15.265 668 840 I bt_stack_manager: system/bt/btif/src/stack_manager.cc:246 event_start_up_stack: event_start_up_stack is bringing up the stack
06-25 14:28:15.266 668 840 I bt_core_module: system/bt/btcore/src/module.cc:85 module_start_up: module_start_up Starting module "btif_config_module"
06-25 14:28:15.266 668 840 I bt_core_module: system/bt/btcore/src/module.cc:90 module_start_up: module_start_up Started module "btif_config_module"
06-25 14:28:15.266 668 840 I bt_core_module: system/bt/btcore/src/module.cc:85 module_start_up: module_start_up Starting module "btsnoop_module"
06-25 14:28:15.267 668 840 I droid.bluetoot: [0625/142815.266911:INFO:btsnoop.cc(204)] start_up: Snoop Logs fully enabled
06-25 14:28:15.267 668 840 I droid.bluetoot: [0625/142815.267183:INFO:btsnoop.cc(356)] delete_btsnoop_files: Deleting snoop logs if they exist. filtered = 1
06-25 14:28:15.269 668 840 I bt_core_module: system/bt/btcore/src/module.cc:90 module_start_up: module_start_up Started module "btsnoop_module"
06-25 14:28:15.269 668 840 I bt_core_module: system/bt/btcore/src/module.cc:85 module_start_up: module_start_up Starting module "hci_module"
06-25 14:28:15.269 668 840 I bt_hci : system/bt/hci/src/hci_layer.cc:200 hci_module_start_up: hci_module_start_up
06-25 14:28:15.280 477 810 W ServiceManager: Permission failure: android.permission.HIGH_SAMPLING_RATE_SENSORS from uid=10067 pid=676
06-25 14:28:15.282 477 613 D WifiScoreReport: setShouldReduceNetworkScore=false mNetworkAgent is null? true
06-25 14:28:15.282 477 613 V WifiClientModeManager[wlan0]: ClientModeManager started in role: Role: ROLE_CLIENT_PRIMARY, RequestorWs: WorkSource{1000 com.android.tv.settings}, ModeListener: com.android.server.wifi.ActiveModeWarden$ClientListener@aa5a62d
06-25 14:28:15.284 668 974 I droid.bluetoot: [0625/142815.284556:INFO:message_loop_thread.cc(224)] Run: message loop starting for thread bt_hci_thread
06-25 14:28:15.285 668 840 I bt_hci : system/bt/hci/src/hci_layer.cc:257 hci_module_start_up: hci_module_start_up starting async portion
06-25 14:28:15.285 668 974 I bt_hci : system/bt/hci/src/hci_layer_android.cc:159 hci_initialize: hci_initialize
06-25 14:28:15.286 187 187 I hwservicemanager: getTransport: Cannot find entry android.hardware.bluetooth@1.1::IBluetoothHci/default in either framework or device VINTF manifest.
06-25 14:28:15.288 668 974 I bt_hci : system/bt/hci/src/hci_layer_android.cc:178 hci_initialize: hci_initialize: IBluetoothHci::getService() returned 0xf487d4a0 (remote)
06-25 14:28:15.289 668 974 E cutils-trace: Error opening trace file: No such file or directory (2)
06-25 14:28:15.289 254 254 I android.hardware.bluetooth@1.0-impl: BluetoothHci::initialize()
06-25 14:28:15.292 254 254 D android.hardware.bluetooth@1.0-service: get_local_address: Trying /sys/class/addr_mgt/addr_bt
06-25 14:28:15.292 254 254 D android.hardware.bluetooth@1.0-service: get_local_address: Got Factory BDA 8B:66:39:99:6E:AE
06-25 14:28:15.292 254 254 D WifiHWInfo: Start to load wireless module hardware info table...
06-25 14:28:15.293 254 254 D WifiHWInfo: Entry [01], BUS: SDIO, ID: 0x024C8179, Name: rtl8189es.
06-25 14:28:15.293 254 254 D WifiHWInfo: Entry [02], BUS: SDIO, ID: 0x024CB723, Name: rtl8723bs_vq0.
06-25 14:28:15.293 254 254 D WifiHWInfo: Entry [03], BUS: SDIO, ID: 0x024CB703, Name: rtl8723cs.
06-25 14:28:15.293 254 254 D WifiHWInfo: Entry [04], BUS: SDIO, ID: 0x024CD723, Name: rtl8723ds.
06-25 14:28:15.293 254 254 D WifiHWInfo: Entry [05], BUS: SDIO, ID: 0x024CF179, Name: rtl8189fs.
06-25 14:28:15.293 254 254 D WifiHWInfo: Entry [06], BUS: SDIO, ID: 0x024CB822, Name: rtl88x2bs.
06-25 14:28:15.293 254 254 D WifiHWInfo: Entry [07], BUS: USB, ID: 0x0BDAD723, Name: rtl8723du.
06-25 14:28:15.293 254 254 D WifiHWInfo: Entry [08], BUS: USB, ID: 0x0BDA8179, Name: rtl8188etv.
06-25 14:28:15.293 254 254 D WifiHWInfo: Entry [09], BUS: USB, ID: 0x0BDA0179, Name: rtl8188eu.
06-25 14:28:15.293 254 254 D WifiHWInfo: Entry [10], BUS: USB, ID: 0x0BDA818B, Name: rtl8192eu.
06-25 14:28:15.293 254 254 D WifiHWInfo: Entry [11], BUS: USB, ID: 0x0BDAB720, Name: rtl8723bu.
06-25 14:28:15.293 254 254 D WifiHWInfo: Entry [12], BUS: USB, ID: 0x0BDAC82C, Name: rtl8822cu.
06-25 14:28:15.293 254 254 D WifiHWInfo: Entry [13], BUS: USB, ID: 0x0BDAF179, Name: rtl8188fu.
06-25 14:28:15.293 254 254 D WifiHWInfo: Entry [14], BUS: SDIO, ID: 0x02D0A9A6, Name: ap6212.
06-25 14:28:15.293 254 254 D WifiHWInfo: Entry [15], BUS: SDIO, ID: 0x02D04330, Name: ap6330.
06-25 14:28:15.293 254 254 D WifiHWInfo: Entry [16], BUS: SDIO, ID: 0x02D04356, Name: ap6356s.
06-25 14:28:15.293 254 254 D WifiHWInfo: Entry [17], BUS: SDIO, ID: 0x02D0A9BF, Name: ap6255.
06-25 14:28:15.293 254 254 D WifiHWInfo: Entry [18], BUS: SDIO, ID: 0x02D04334, Name: bcm43342.
06-25 14:28:15.293 254 254 D WifiHWInfo: Entry [19], BUS: SDIO, ID: 0x00202281, Name: xr819.
06-25 14:28:15.293 254 254 D WifiHWInfo: Entry [20], BUS: SDIO, ID: 0x0A9E2282, Name: xr829.
06-25 14:28:15.293 254 254 D WifiHWInfo: Entry [21], BUS: SDIO, ID: 0x0271050A, Name: qca6174a.
06-25 14:28:15.293 254 254 D WifiHWInfo: Entry [22], BUS: SDIO, ID: 0x30303030, Name: ssv6x5x.
06-25 14:28:15.293 254 254 D WifiHWInfo: Entry [23], BUS: SDIO, ID: 0x00000000, Name: uwe5621.
06-25 14:28:15.293 254 254 D WifiHWInfo: Entry [24], BUS: SDIO, ID: 0x54490145, Name: aic8800.
06-25 14:28:15.293 254 254 D WifiHWInfo: Entry [25], BUS: SDIO, ID: 0xC8A1C08D, Name: aic8800.
06-25 14:28:15.293 254 254 D WifiHWInfo: Entry [26], BUS: USB, ID: 0xA69C8800, Name: aic8800.
06-25 14:28:15.293 254 254 D WifiHWInfo: Entry [27], BUS: USB, ID: 0x007A8888, Name: atbm6023is.
06-25 14:28:15.293 254 254 D WifiHWInfo: Entry [28], BUS: SDIO, ID: 0x02E79086, Name: 9012p.
06-25 14:28:15.293 254 254 D WifiHWInfo: Entry [29], BUS: SDIO, ID: 0x007A6011, Name: atbm613x_wifi_sdio.
06-25 14:28:15.293 254 254 D WifiHWInfo: Entry [30], BUS: SDIO, ID: 0x024CC822, Name: 88x2cs.
06-25 14:28:15.293 254 254 D WifiHWInfo: Entry [31], BUS: SDIO, ID: 0x000018F0, Name: dummy.
06-25 14:28:15.293 254 254 D libbt-auto-detect: init, get libbt name: libbt-sprd.so.
06-25 14:28:15.296 254 254 I bt_vendor: init
06-25 14:28:15.296 1 1 I /system/bin/init: type=1107 audit(0.0:372): uid=0 auid=4294967295 ses=4294967295 subj=u:r:init:s0 msg='avc: denied { set } for property=vendor.driver.lpm.load pid=254 uid=1002 gid=1002 scontext=u:r:hal_bluetooth_default:s0 tcontext=u:object_r:vendor_wireless_prop:s0 tclass=property_service permissive=1'
01-01 08:00:20.615 1 1 I init : processing action (vendor.driver.lpm.load=1) from (/vendor/etc/init/init.bluetooth.common.rc:68)
06-25 14:28:15.298 254 254 D bt_vnd_hci: sprd_vendor_hci_init
06-25 14:28:15.298 254 254 I bt_chip_vendor: marlin3_init
06-25 14:28:15.298 254 254 I bt_vnd_conf: Attempt to load conf from /vendor/etc/bt_configure_pskey.ini
06-25 14:28:15.298 254 977 D bt_vnd_hci: hci_server_thread
06-25 14:28:15.299 254 977 D bt_vnd_hci: name: bt_vendor_sprd_hci
06-25 14:28:15.299 254 977 D bt_vnd_hci: listen socket: bt_vendor_sprd_hci, fd: 6
06-25 14:28:15.299 254 977 D bt_vnd_hci: hci_server_thread wati for btools
06-25 14:28:15.300 254 254 D bt_vnd_conf: device_class -> 0x001F00
06-25 14:28:15.300 254 254 D bt_vnd_conf: feature_set -> 0xBF, 0xFE, 0x8D, 0xFE, 0xDB, 0x3D, 0x7B, 0x87, 0xFF, 0xA7, 0xFF, 0x7F, 0x00, 0xE0, 0xF7, 0x3E
06-25 14:28:15.300 254 254 D bt_vnd_conf: device_addr -> 0x6D, 0x6D, 0x8E, 0x8E, 0x8F, 0x8F
06-25 14:28:15.300 254 254 D bt_vnd_conf: comp_id -> 0x01EC
06-25 14:28:15.300 254 254 D bt_vnd_conf: g_sys_uart0_communication_supported -> 1
06-25 14:28:15.300 254 254 D bt_vnd_conf: cp2_log_mode -> 1
06-25 14:28:15.300 254 254 D bt_vnd_conf: LogLevel -> 0xFF
06-25 14:28:15.300 254 254 D bt_vnd_conf: g_central_or_perpheral -> 0
06-25 14:28:15.300 254 254 D bt_vnd_conf: Log_BitMask -> 0xFFFF
06-25 14:28:15.300 254 254 D bt_vnd_conf: super_ssp_enable -> 0
06-25 14:28:15.300 254 254 D bt_vnd_conf: common_rfu_b3 -> 2
06-25 14:28:15.300 254 254 D bt_vnd_conf: common_rfu_w -> 0x00000000, 0x00000000
06-25 14:28:15.300 254 254 D bt_vnd_conf: le_rfu_w -> 0x00000000, 0x000000000
06-25 14:28:15.300 254 254 D bt_vnd_conf: lmp_rfu_w -> 0x00000000, 0x000000000
06-25 14:28:15.300 254 254 D bt_vnd_conf: lc_rfu_w -> 0x00000000, 0x000000000
06-25 14:28:15.300 254 254 D bt_vnd_conf: g_wbs_nv_117 -> 0x004D
06-25 14:28:15.300 254 254 D bt_vnd_conf: g_wbs_nv_118 -> 0x0066
06-25 14:28:15.300 254 254 D bt_vnd_conf: g_nbv_nv_117 -> 0x009B
06-25 14:28:15.300 254 254 D bt_vnd_conf: g_nbv_nv_118 -> 0x0066
06-25 14:28:15.300 254 254 D bt_vnd_conf: g_sys_sco_transmit_mode -> 0
06-25 14:28:15.300 254 254 D bt_vnd_conf: audio_rfu_b1 -> 0
06-25 14:28:15.300 254 254 D bt_vnd_conf: audio_rfu_b2 -> 0
06-25 14:28:15.300 254 254 D bt_vnd_conf: audio_rfu_b3 -> 0
06-25 14:28:15.300 254 254 D bt_vnd_conf: audio_rfu_w -> 0x00000000, 0x00000000
06-25 14:28:15.300 254 254 D bt_vnd_conf: g_sys_sleep_in_standby_supported -> 1
06-25 14:28:15.300 254 254 D bt_vnd_conf: g_sys_sleep_master_supported -> 1
06-25 14:28:15.300 254 254 D bt_vnd_conf: g_sys_sleep_slave_supported -> 1
06-25 14:28:15.300 254 254 D bt_vnd_conf: power_rfu_b1 -> 0
06-25 14:28:15.300 254 254 D bt_vnd_conf: power_rfu_w -> 0x00000000, 0x00000000
06-25 14:28:15.300 254 254 D bt_vnd_conf: win_ext -> 40
06-25 14:28:15.301 254 254 D bt_vnd_conf: edr_tx_edr_delay -> 6
06-25 14:28:15.301 254 254 D bt_vnd_conf: edr_rx_edr_delay -> 8
06-25 14:28:15.301 254 254 D bt_vnd_conf: tx_delay -> 12
06-25 14:28:15.301 254 254 D bt_vnd_conf: rx_delay -> 34
06-25 14:28:15.301 254 254 D bt_vnd_conf: bb_rfu_w -> 0x00000000, 0x00000000
06-25 14:28:15.301 254 254 D bt_vnd_conf: agc_mode -> 0
06-25 14:28:15.301 254 254 D bt_vnd_conf: diff_or_eq -> 0xFF
06-25 14:28:15.301 254 254 D bt_vnd_conf: ramp_mode -> 0
06-25 14:28:15.301 254 254 D bt_vnd_conf: modem_rfu_b1 -> 0
06-25 14:28:15.301 254 254 D bt_vnd_conf: modem_rfu_w -> 0x00000000, 0x00000000
06-25 14:28:15.301 254 254 D bt_vnd_conf: BQB_BitMask_1 -> 0x00000000
06-25 14:28:15.301 254 254 D bt_vnd_conf: BQB_BitMask_2 -> 0x00000000
06-25 14:28:15.301 254 254 D bt_vnd_conf: bt_coex_threshold -> 0x04E2, 0x1F40, 0x0020, 0x00C8, 0x000A, 0x0000, 0x0000, 0x0000
06-25 14:28:15.301 254 254 D bt_vnd_conf: other_rfu_w -> 0x00000000, 0x00000000
06-25 14:28:15.301 254 254 I bt_vnd_conf: Attempt to load conf from /vendor/etc/bt_configure_rf.ini
06-25 14:28:15.302 254 254 D bt_vnd_conf: g_GainValue_A -> 0xE000, 0xE000, 0xE000, 0xE000, 0xE000, 0xE000
06-25 14:28:15.302 254 254 D bt_vnd_conf: g_ClassicPowerValue_A -> 0x4115, 0x3A15, 0x3415, 0x2E15, 0x2715, 0x2115, 0x1A15, 0x1315, 0x0D15, 0x0715
06-25 14:28:15.302 254 254 D bt_vnd_conf: g_LEPowerValue_A -> 0x3B15, 0x3715, 0x3315, 0x2F15, 0x2B15, 0x2715, 0x2315, 0x1F15, 0x1B15, 0x1715, 0x1315, 0x0F15, 0x0B15, 0x0815, 0x0415, 0x0015
06-25 14:28:15.302 254 254 D bt_vnd_conf: g_BRChannelpwrvalue_A -> 0x0915, 0x0915, 0x0815, 0x0815, 0x0815, 0x0815, 0x0715, 0x0715
06-25 14:28:15.302 254 254 D bt_vnd_conf: g_EDRChannelpwrvalue_A -> 0x0D15, 0x0D15, 0x0C15, 0x0C15, 0x0B15, 0x0B15, 0x0B15, 0x0B15
06-25 14:28:15.302 254 254 D bt_vnd_conf: g_LEChannelpwrvalue_A -> 0x1015,0x1015,0x0F15,0x0F15,0x0F15,0x0F15,0x0F15,0x0F15
06-25 14:28:15.302 254 254 D bt_vnd_conf: g_GainValue_B -> 0xE000, 0xE000, 0xE000, 0xE000, 0xE000, 0xE000
06-25 14:28:15.302 254 254 D bt_vnd_conf: g_ClassicPowerValue_B -> 0x4D15, 0x4615, 0x3D15, 0x3615, 0x2D15, 0x2615, 0x1F15, 0x1815, 0x0F15, 0x0815
06-25 14:28:15.302 254 254 D bt_vnd_conf: g_LEPowerValue_B -> 0x4B15, 0x4B15, 0x4B15, 0x4B15, 0x4B15, 0x4615, 0x4015, 0x3B15, 0x3615, 0x3015, 0x2B15, 0x2615, 0x2015, 0x1A15, 0x1415, 0x0E15
06-25 14:28:15.302 254 254 D bt_vnd_conf: g_BRChannelpwrvalue_B -> 0x0915, 0x0915, 0x0815, 0x0815, 0x0815, 0x0815, 0x0715, 0x0715
06-25 14:28:15.302 254 254 D bt_vnd_conf: g_EDRChannelpwrvalue_B -> 0x0D15, 0x0D15, 0x0C15, 0x0C15, 0x0B15, 0x0B15, 0x0B15, 0x0B15
06-25 14:28:15.302 254 254 D bt_vnd_conf: g_LEChannelpwrvalue_B -> 0x1015,0x1015,0x0F15,0x0F15,0x0F15,0x0F15,0x0F15,0x0F15
06-25 14:28:15.302 254 254 D bt_vnd_conf: LE_fix_powerword -> 0x00
06-25 14:28:15.302 254 254 D bt_vnd_conf: Classic_pc_by_channel -> 0xFF
06-25 14:28:15.302 254 254 D bt_vnd_conf: LE_pc_by_channel -> 0xFF
06-25 14:28:15.302 254 254 D bt_vnd_conf: RF_switch_mode -> 0x01
06-25 14:28:15.302 254 254 D bt_vnd_conf: Data_Capture_Mode -> 0x00
06-25 14:28:15.302 254 254 D bt_vnd_conf: Analog_IQ_Debug_Mode -> 0x00
06-25 14:28:15.302 254 254 D bt_vnd_conf: RF_common_rfu_b3 -> 0x55
06-25 14:28:15.302 254 254 D bt_vnd_conf: RF_common_rfu_w -> 0x555F4344, 0x5555C855, 0x55555555, 0x55555555, 0x55555555
06-25 14:28:15.302 254 254 I bt_vnd_conf: set_mac_address
06-25 14:28:15.302 254 254 D bt_vendor: marlin3 start up
06-25 14:28:15.302 254 254 D android.hardware.bluetooth@1.0-impl: Open vendor library loaded
06-25 14:28:15.302 254 254 E bt_upio : init_rfkill: No rfkill control node found
06-25 14:28:15.302 254 254 I bt_userial_vendor: userial vendor open: opening /dev/ttyBT0, baud 14
06-25 14:28:15.303 254 254 D bt_vendor: check_access, /dev/ttyBT0 R/W access OK after wait 0ms
06-25 14:28:15.305 477 613 D WifiScanRequestProxy: Sending scan available broadcast: true
06-25 14:28:15.306 477 617 I WifiScanningService: Received a request to enable scanning, UID = 1000
06-25 14:28:15.315 254 254 I bt_userial_vendor: device fd = 5 open
06-25 14:28:15.316 254 254 I bt_chip_vendor: marlin3_pskey_preload
06-25 14:28:15.316 254 254 D bt_vnd_hci: sprd_vnd_send_hci_vsc a0 fc b0 00 1f 00 00 bf fe 8d fe db 3d 7b 87 ff a7 ff 7f 00 e0 f7 3e ae 6e 99 39 66 8b ec 01 01 01 ff 00 ff ff 00 02 00 00 00 00 00 00 00 00 00 00 00 00 00 00 00 00 00 00 00 00 00 00 00 00 00 00 00 00 00 00 00 00 4d 00 66 00 9b 00 66 00 00 00 00 00 00 00 00 00 00 00 00 00 01 01 01 00 00 00 00 00 00 00 00 00 28 00 00 00 06 08 0c 22 00 00 00 00 00 00 00 00 00 ff 00 00 00 00 00 00 00 00 00 00 00 00 00 00 00 00 00 00 e2 04 40 1f 20 00 c8 00 0a 00 00 00 00 00 00 00 00 00 00 00 00 00 00 00 00 00 00 00 00 00 00 00 00 00 00 00 00 00 00 00
06-25 14:28:15.316 254 254 E bt_upio : upio_set : /proc/bluetooth/sleep/btwrite(-1) incorrent
01-01 08:00:20.619 254 254 I : mtty_open probe is success!
01-01 08:00:20.619 254 254 E bluetooth_set_power: start_block=0
01-01 08:00:20.625 254 254 I WCN : start_marlin [MARLIN_BLUETOOTH]
01-01 08:00:20.625 254 254 D : CPU: 1 PID: 254 Comm: bluetooth@1.0-s Tainted: G O 5.4.125+ #22
01-01 08:00:20.625 254 254 D Hardware name: sun50iw9 (DT)
01-01 08:00:20.625 254 254 D Call trace:
01-01 08:00:20.625 254 254 D : dump_backtrace.cfi_jt+0x0/0x4
01-01 08:00:20.625 254 254 D : dump_stack+0xbc/0x104
01-01 08:00:20.625 254 254 D : marlin_set_power+0x2c/0x78c [uwe5621_bsp_sdio]
01-01 08:00:20.625 254 254 D : start_marlin+0xbc/0x14c [uwe5621_bsp_sdio]
01-01 08:00:20.625 254 254 D : bluetooth_set_power+0x44/0x70 [sprdbt_tty]
