06-25 14:28:36.038 2641 2842 D UNIPLAYERSDK: HcdnMemInfoRecorder.cpp:105 HcdnMemInfoRecorder::doGetUsedMemory strPath is /storage/emulated/0/qcache/data//hcdn/cache/, hcdn rom size is 0!
06-25 14:28:36.048 2641 3112 I UNIUTIL : ThreadImp.cpp:149 set the name of ct(ct) to current thread succeed, Tid: 3112
06-25 14:28:36.048 2641 2845 I UNIPLAYERDATA: AdCacheUnit.cpp:237 [ad_cache_log], scanFolder(/storage/emulated/0/qcache/data/hd_cache/), fileCount:0, fileSize:0, local file count:0, stragegyMaxSize:4194304
06-25 14:28:36.048 2641 3109 I UNIPLAYERDATA: CacheManager.cpp:122 CacheManager::createGroup groupTag:stuckerConfig,groupCachePath:/storage/emulated/0/qcache/stucker/,groupStrategy:GroupStrategy@0xf19e8678{mCacheCountThreshold=1, mSizeKbThreshold=1024, mMemorySizeKbThreshold=1024, mMinFreeSizeKb=1024}
06-25 14:28:36.050 2641 3109 I UNIPLAYERDATA: CacheManager.cpp:148 CacheManager::createGroup return groupId:0
06-25 14:28:36.050 2641 3109 V UNIPLAYERDATA: stucker.cpp:364 Stucker::updateCachePath() mCachePath=/storage/emulated/0/qcache/stucker/
06-25 14:28:36.050 2641 3112 D UNIPLAYERDATA: CacheManager.cpp:1195 CacheManager::WorkHandler::HandleMessage, what=1001, observer=0xf1895780
06-25 14:28:36.050 2641 3112 I UNIPLAYERDATA: CacheManager.cpp:187 CacheManager::scanCacheFiles groupId:0,path:/storage/emulated/0/qcache/stucker/
06-25 14:28:36.050 2641 2845 D UNIPLAYERDATA: AdCacheDatabase.cpp:140 invalidateCheck, adType:8, cacheDir:/storage/emulated/0/qcache/data/hd_cache/
06-25 14:28:36.051 2641 2845 E UNIPLAYERDATA: AdCacheDatabase.cpp:143 invalidateCheck, adType(8) not exist
06-25 14:28:36.051 2641 2845 D UNIPLAYERSDK: UniPlayerDataProxy.cpp:572 ad cacheUrls size:0
06-25 14:28:36.051 2641 2845 I UNIPLAYERSDK: PluginManager.cpp:117 unRegisterNativePluginListener(libuniplayerdata), listener=0xf5efc9e0
06-25 14:28:36.051 2641 2845 I UNIPLAYERSDK: PluginManager.cpp:123 unRegisterNativePluginListener(libuniplayerdata), remove listener=0xf5efc9e0
06-25 14:28:36.051 2641 2845 I UNIPLAYERSDK: UniPlayerDataProxy.cpp:1126 Received kMsgUpdInitialize: path=/data/user/0/com.tv.kuaisou/files/libuniplayerdata/2.1107.0.2821
06-25 14:28:36.051 2641 2845 I UNIPLAYERSDK: UniPlayerDataProxy.cpp:417 doInitialize(), pluginDir=/data/user/0/com.tv.kuaisou/files/libuniplayerdata/2.1107.0.2821
06-25 14:28:36.051 2641 2845 I UNIPLAYERSDK: UniPlayerDataProxy.cpp:435 doInitialize, begin wait whitelist, mPluginDir=/data/user/0/com.tv.kuaisou/files/libuniplayerdata/2.1107.0.2821
06-25 14:28:36.051 2641 2845 I UNIPLAYERSDK: UniPlayerDataProxy.cpp:442 UniPlayerDataProxy::doInitialize, start initialize......
06-25 14:28:36.053 2641 2864 D UNIPLAYERSDK: LibraryLoaderJNI.cpp:60 LibraryLoaderJNI::loadLibrary(/data/user/0/com.tv.kuaisou/files/libHyperPlayerplugin/4.8.1702.9097/libhyperplayer.so), success.
06-25 14:28:36.053 2641 3112 E UNIPLAYERDATA: CacheManager.cpp:196 CacheManager::scanCacheFiles(/storage/emulated/0/qcache/stucker/), path is empty.
06-25 14:28:36.055 2641 2864 I UNIPLAYERSDK: PluginManager.cpp:234 PluginManager::sendPluginLoadPingback, sdkv=1.1107.2.04472, pluginId=libHyperPlayerplugin, player_cpluginv=4.8.1702.9097, soName=libhyperplayer.so, loadType=load_success, errMsg=
06-25 14:28:36.057 2641 2864 V UFUnilog: api_group_impl.cpp : 422 {fuc=APIGroupImpl:call(),name=longyuan_pb,params=0xc0945c3c,callback=0xb9ccb900}
06-25 14:28:36.057 2641 2864 D UFUnilog: api_group_impl.cpp : 1033 {fuc=APIGroupImpl:BuildRequest(),logtag=longyuan_pb_47,request_type=1,client_type=1}
06-25 14:28:36.059 2641 2892 V UFUnilog: UFNCurlClientHandleSocket.cpp : 128 {fuc=UFNMultiCurlClientImpl:HandleSocket(),logtag=pingback_op_anyget_27_33,interface_msg=MultiCurlImpl get ok!}
06-25 14:28:36.059 2641 2875 V UFUnilog: UFNMultiCurlClientImpl.cpp : 102 {fuc=UFNMultiCurlClientImpl:Perform(),logtag=pingback_op_anyget_27_33,interface_msg=Out}
06-25 14:28:36.060 2641 2875 V UFUnilog: api_engine.cpp : 181 {fuc=APIEngine:Call(),logtag=pingback_op_anyget_27_33,interface_msg=Start Try!,try_count=1}
06-25 14:28:36.060 2641 2875 D UFUnilog: api_strategy_impl.cpp : 155 {fuc=APIStrategyImpl:JudgeStrategyOpporunity(),logtag=pingback_op_anyget_27_33,strategyname=antihijackhttps-strategy,interface_msg=Ignore Domain List,domain=msg.ptqy.gitv.tv}
06-25 14:28:36.060 2641 2875 D UFUnilog: api_pingback_sender.cpp : 33 {fuc=ApiPingbackSender:SendSync(),logtag=pingback_op_anyget_27,interface_msg=send success!}
06-25 14:28:36.060 2641 2875 V UFUnilog: api_pingback_sender.cpp : 46 {fuc=ApiPingbackSender:SendSync(),logtag=pingback_op_anyget_27,api_pingback_data=msg=[{"t":"11","pf":"3","p":"31","p1":"312","p2":"3128","hostv":"","mac":"20-02-FE-19-C2-0E","u":"tv_9ebeab0821cc109c90e4626ac3a506cd","deviceid":"tv_9ebeab0821cc109c90e4626ac3a506cd_1750906610804_8810912147","nu":"","v":"2.1107.1.220408","device_type":"20180903095708913MvpgVmPh11974","pu":"","firmver":"SP1A.211105.004","hwver":"DBBOX-A2","hu":"","window_disable":"","chip":"","mod":"cn_s","memory":"1960M","processid":"","re":"1920x1080","os":"31","core":"4","daynight":"","rammode":"","entermode":"","channel":"","network":"","cbv":"2.1107","aver":"v4.1_1767_8b99c7b4","fver":"v4.0.1_656_63af7fd3","rn":"676477094","ct":"170620_network_request","nin":"op_anyget","ngctc":"2","ngtpn":"uniapi","ngt}
06-25 14:28:36.060 2641 2875 V UFUnilog: api_pingback_sender.cpp : 46 {fuc=ApiPingbackSender:SendSync(),logtag=pingback_op_anyget_27,api_pingback_data=pit":"60000","ngmrc":"5","ngct":"10000","ngtt":"15000","ngi":"true","nrqt":"get","nhc":"200","nanc":"0","nmsg":"UFN%20Curl%20Client%20Success%21","nhdr":"Authorization%3A1012441ef13ff000_Mi4xMTA3LjEuMjIwNDA4%20B63BDF64FF37D1495B559AD9148403259FBA6B0F760F83FB851E3904A7B2305440FF315625DDC79BDBAB3C0B1379815E%7C","naurl":"http%3A%2F%2Fstv.ptqy.gitv.tv%2Fstv%2F20240320%2F28515012%2F0%2Flottie_4fc5c825171491f83d8923c43166f02d.zip","neurl":"http%3A%2F%2Fstv.ptqy.gitv.tv%2Fstv%2F20240320%2F28515012%2F0%2Flottie_4fc5c825171491f83d8923c43166f02d.zip","ntc":"1","nipd":"59.36.206.128","nipl":"192.168.3.161","ncncn":"0","ncnct":"1","nnt":"1","npt":"1","nstt":"9","nttt":"9","nrdt":"0","nrdc":"0","ncntt":"}
06-25 14:28:36.060 2641 2875 V UFUnilog: api_pingback_sender.cpp : 50 {fuc=ApiPingbackSender:SendSync(),logtag=pingback_op_anyget_27,api_pingback_data=application%2Fzip","nhsz":"611","nrsz":"4572","nscc":"0","nsvr":"10000","nsv":"","ncc":"0","ntt":"1425","naft":"23","ncft":"91","nuid":"27","ndt":"1","nsn":"httpdns-strategy","ndtd":"1","natd":"23","nctd":"91","nsct":"0","naippd":"NULL%3A0","naipp":"NULL%3A0","namsgd":"","namsg":"","nasil":"","nart":"1750925706993","nrd":"stv.ptqy.gitv.tv","ntp":"http","nri":"","nru":"","nrhc":"","nhcd":"200","nev":"","nipv":"4","nrw":"1","nrh":"","nct":"1","nfoc":"20000","ime":"0","nint":"0","nintd":"0","nba":"1","npa":"1","nsu":"1","nfrdt":"1","npd":"80","npr":"-1"}]}
06-25 14:28:36.061 2641 2864 D UNIPLAYERSDK: Pingback.cpp:222 pbFieldDetection() start: pbtype:pluginload
06-25 14:28:36.062 2641 2875 V UFUnilog: api_engine.cpp : 181 {fuc=APIEngine:Call(),logtag=pingback_ottplayer_whiteList_34_48,interface_msg=Start Try!,try_count=0}
06-25 14:28:36.062 2641 2864 V UFUnilog: api_group_impl.cpp : 422 {fuc=APIGroupImpl:call(),name=babelqos_pb,params=0xc0945c94,callback=0xd67bae80}
06-25 14:28:36.062 2641 2875 D UFUnilog: api_strategy_impl.cpp : 155 {fuc=APIStrategyImpl:JudgeStrategyOpporunity(),logtag=pingback_ottplayer_whiteList_34_48,strategyname=antihijackhttps-strategy,interface_msg=Ignore Domain List,domain=msg.ptqy.gitv.tv}
06-25 14:28:36.062 2641 2864 D UFUnilog: api_group_impl.cpp : 1033 {fuc=APIGroupImpl:BuildRequest(),logtag=babelqos_pb_49,request_type=1,client_type=1}
06-25 14:28:36.062 2641 2875 V UFUnilog: api_strategy_impl.cpp : 378 {fuc=APIStrategyImpl:CreateStrategyResult(),logtag=pingback_ottplayer_whiteList_34_48,strategyname=antihijackhttps-strategy,current_try_count=0,interface_msg=try to get ip list from dns_type = 1}
06-25 14:28:36.062 2641 2875 D UFUnilog: api_httpdns_query.cpp : 90 {fuc=APIHttpDnsQuery:GetIpListByDomainName(),interface_msg=try to get ip list by domain name msg.ptqy.gitv.tv}
06-25 14:28:36.062 2641 2875 D UFUnilog: api_httpdns_query.cpp : 113 {fuc=APIHttpDnsQuery:GetIpListByDomainName(),interface_msg=Get ip list success!,domain=msg.ptqy.gitv.tv}
06-25 14:28:36.062 2641 2875 V UFUnilog: api_strategy_impl.cpp : 485 {fuc=APIStrategyImpl:CreateStrategyResult(),logtag=pingback_ottplayer_whiteList_34_48,strategyname=antihijackhttps-strategy,interface_msg=complete build strategy result,suggest_url_params=,suggest_protocol=}
06-25 14:28:36.062 2641 2864 I UNIPLAYERSDK: HyperPlayerProxy.cpp:90 notifyHyperPlayerLoaded()
06-25 14:28:36.062 2641 2864 I UNIPLAYERSDK: UniPlayerDataProxy.cpp:1093 onHyperPlayerLoaded(), id=libHyperPlayerplugin, type=local, v=4.8.1702.9097, path=/data/user/0/com.tv.kuaisou/files/libHyperPlayerplugin/4.8.1702.9097
06-25 14:28:36.062 2641 2875 V UFUnilog: UFNMultiCurlClientImpl.cpp : 24 {fuc=UFNMultiCurlClientImpl:Perform(),logtag=pingback_ottplayer_whiteList_34_48,interface_msg=In}
06-25 14:28:36.062 2641 2864 I UNIPLAYERSDK: AdConfigUpdateCenter.cpp:41 AdConfigUpdateCenter::onHyperPlayerLoaded(), version=4.8.1702.9097, pluginPath=/data/user/0/com.tv.kuaisou/files/libHyperPlayerplugin/4.8.1702.9097, pluginType=local
06-25 14:28:36.062 2641 2875 V UFUnilog: UFNCurlClientHandleSocketPool.cpp : 46 {fuc=UFNMultiCurlClientHandleSocket:AddEasyHandle(),logtag=pingback_ottplayer_whiteList_34_48,interface_msg=add easyCurl to MultiCurl!}
06-25 14:28:36.063 2641 2864 D UNIPLAYERSDK: PluginHelper.cpp:38 PluginHelper::getLibPath(libhyperplayer.so), libPath = /data/user/0/com.tv.kuaisou/files/libHyperPlayerplugin/4.8.1702.9097/libhyperplayer.so
06-25 14:28:36.063 2641 2864 I UNIPLAYERSDK: Advertisement.cpp:789 Advertisement::setCupidStatus(libqtp_path, /data/user/0/com.tv.kuaisou/files/libHyperPlayerplugin/4.8.1702.9097/libhyperplayer.so)
06-25 14:28:36.063 2641 2864 I CLog : 2025-06-25 14:28:36.063 T:2864 DEBUG: [CUPID]SetSdkStatusC(): status:{"libqtp_path":"/data/user/0/com.tv.kuaisou/files/libHyperPlayerplugin/4.8.1702.9097/libhyperplayer.so"}
06-25 14:28:36.063 2641 2864 I CLog :
06-25 14:28:36.068 2641 2845 D UNIPLAYERSDK: UniPlayerDataProxy.cpp:495 UniPlayerDataProxy::doInitialize(), uniplayerdata version=2.1107.0.2821
06-25 14:28:36.068 2641 2845 D UNIPLAYERSDK: UniPlayerDataProxy.cpp:500 UniPlayerDataProxy::doInitialize() OpenUniplayerData 1.
06-25 14:28:36.068 2641 2845 E UNIPLAYERDATA: Uri.cpp:303 questionMarkVector size is zero
06-25 14:28:36.068 2641 2845 E UNIPLAYERDATA: HttpServer.cpp:543 findPlayerTask(), Invalid Uri().
06-25 14:28:36.068 2641 3051 D UFUnilog: UFNQtpClientImpl.cpp : 94 {fuc=UFNQtpFuc:qtpFucInit,interface_msg=qtpstart:0}
06-25 14:28:36.068 2641 3051 I UFUnilog: UFNQtpClientImpl.cpp : 96 {fuc=UFNQtpFuc:qtpFucInit,interface_msg=QTPCONF ONLY CONFIGURED LANDNS is 0}
06-25 14:28:36.068 2641 3051 I UFUnilog: UFNQtpClientImpl.cpp : 103 {fuc=UFNQtpFuc:qtpFucInit,interface_msg=QTPCONF LANDNS APPLY failed, dnsConfigjsonToQtp:}
06-25 14:28:36.068 2641 2845 D UNIPLAYERSDK: UniPlayerDataProxy.cpp:520 UniPlayerDataProxy::doInitialize(): curLevel=1, targetLevel=1
06-25 14:28:36.068 2641 2845 D UNIPLAYERSDK: UniPlayerDataProxy.cpp:526 UniPlayerDataProxy::doInitialize(): curEnableLogcat=1, tarEnableLogcat=1
06-25 14:28:36.068 2641 2845 D UNIPLAYERSDK: UniPlayerDataProxy.cpp:534 update local server
06-25 14:28:36.069 2641 2845 V UNIPLAYERDATA: stucker.cpp:476 Stucker::modifyStatus() mMaxStuckTimes=80, mMinIntervalTsIndex=2, mMinIntervalTsMs=2000.000000
06-25 14:28:36.069 2641 2845 V UNIPLAYERDATA: stucker.cpp:353 Stucker::updateConfig() mAllowedStuck=0, mVerifyAuto=1 mLimitMaxStuckTimes=100 mLimitMinStuckTimes=30 mLimitMaxIntervalTsIndex=10 mLimitMinIntervalTsIndex=2 mLimitMaxIntervalTsMs=20000.000000 mAllowForbidTimeout=1 mForceForbidTimeout=0 sJsonParams={
06-25 14:28:36.069 2641 2845 V UNIPLAYERDATA: "allow_forbid_timeout" : "true",
06-25 14:28:36.069 2641 2845 V UNIPLAYERDATA: "allowed_stuck" : "0",
06-25 14:28:36.069 2641 2845 V UNIPLAYERDATA: "force_forbid_timeout" : "false",
06-25 14:28:36.069 2641 2845 V UNIPLAYERDATA: "limit_maxintervalts_index" : "10",
06-25 14:28:36.069 2641 2845 V UNIPLAYERDATA: "limit_maxintervalts_ms" : "20000",
06-25 14:28:36.069 2641 2845 V UNIPLAYERDATA: "limit_maxstucktimes" : "100",
06-25 14:28:36.069 2641 2845 V UNIPLAYERDATA: "limit_minintervalts_index" : "2",
06-25 14:28:36.069 2641 2845 V UNIPLAYERDATA: "limit_minstucktimes" : "30",
06-25 14:28:36.069 2641 2845 V UNIPLAYERDATA: "verify_auto" : "true"
06-25 14:28:36.069 2641 2845 V UNIPLAYERDATA: }
06-25 14:28:36.069 2641 2845 D UNIPLAYERDATA: HttpServerConfigManager.cpp:34 update(): map, key=ad_cache_min_free_size_mb, value=300
06-25 14:28:36.069 2641 2845 D UNIPLAYERDATA: HttpServerConfigManager.cpp:34 update(): map, key=ad_cache_path_need_to_clean, value=/storage/emulated/0/qcache/data/ad_cache/
06-25 14:28:36.069 2641 2845 D UNIPLAYERDATA: HttpServerConfigManager.cpp:34 update(): map, key=ad_ts_download_segment_count, value=2
06-25 14:28:36.069 2641 2845 D UNIPLAYERDATA: HttpServerConfigManager.cpp:34 update(): map, key=adaptivehls, value=1
06-25 14:28:36.069 2641 2845 D UNIPLAYERDATA: HttpServerConfigManager.cpp:34 update(): map, key=adseamless, value=false
06-25 14:28:36.069 2641 2845 D UNIPLAYERDATA: HttpServerConfigManager.cpp:34 update(): map, key=adts, value=true
06-25 14:28:36.069 2641 2845 D UNIPLAYERDATA: HttpServerConfigManager.cpp:34 update(): map, key=app_files_dir, value=/data/user/0/com.tv.kuaisou/files
06-25 14:28:36.069 2641 2845 D UNIPLAYERDATA: HttpServerConfigManager.cpp:34 update(): map, key=appuuid, value=20180903095708913MvpgVmPh11974
06-25 14:28:36.069 2641 2845 D UNIPLAYERDATA: HttpServerConfigManager.cpp:34 update(): map, key=appversion, value=2.1107.1.220408
06-25 14:28:36.069 2641 2845 D UNIPLAYERDATA: HttpServerConfigManager.cpp:34 update(): map, key=boss_request_param, value=version=11.0&b_ft1=1&dfp=
06-25 14:28:36.069 2641 2845 D UNIPLAYERDATA: HttpServerConfigManager.cpp:34 update(): map, key=can_predeploy, value=1
06-25 14:28:36.070 2641 2845 D UNIPLAYERDATA: HttpServerConfigManager.cpp:34 update(): map, key=chinadrm, value=true
06-25 14:28:36.070 2641 2845 D UNIPLAYERDATA: HttpServerConfigManager.cpp:34 update(): map, key=chinadrmremux, value=true
06-25 14:28:36.070 2641 2845 D UNIPLAYERDATA: HttpServerConfigManager.cpp:34 update(): map, key=curl_dir, value=/data/user/0/com.tv.kuaisou/files/pluginsdkplayer/2.1107.1.220408/1.1107.2.04472/pluginsdkplayer-download-1.1107.2.04472-libs/libmctocurl.so
06-25 14:28:36.070 2641 2845 D UNIPLAYERDATA: HttpServerConfigManager.cpp:34 update(): map, key=daily_max_write, value=0
06-25 14:28:36.070 2641 2845 D UNIPLAYERDATA: HttpServerConfigManager.cpp:34 update(): map, key=device_id, value=tv_9ebeab0821cc109c90e4626ac3a506cd_1750906610804_8810912147
06-25 14:28:36.070 2641 2845 D UNIPLAYERDATA: HttpServerConfigManager.cpp:34 update(): map, key=device_infos, value={"cpuinfo":"","model":"DBBOX-A2","submodel":"","uuid":"20180903095708913MvpgVmPh11974"}
06-25 14:28:36.070 2641 2845 D UNIPLAYERDATA: HttpServerConfigManager.cpp:34 update(): map, key=disable_http_direct, value=0
06-25 14:28:36.070 2641 2845 D UNIPLAYERDATA: HttpServerConfigManager.cpp:34 update(): map, key=disable_void_dispatch_opt, value=false
06-25 14:28:36.070 2641 2845 D UNIPLAYERDATA: HttpServerConfigManager.cpp:34 update(): map, key=dolby_pts_must_zero, value=0
06-25 14:28:36.070 2641 2845 D UNIPLAYERDATA: HttpServerConfigManager.cpp:34 update(): map, key=dolby_with_hcdn, value=true
06-25 14:28:36.070 2641 2845 D UNIPLAYERDATA: HttpServerConfigManager.cpp:34 update(): map, key=down_http_code, value=#400#401#403#404#405#500#502#504
06-25 14:28:36.070 2641 2845 D UNIPLAYERDATA: HttpServerConfigManager.cpp:34 update(): map, key=down_timeout, value=30
06-25 14:28:36.070 2641 2845 D UNIPLAYERDATA: HttpServerConfigManager.cpp:34 update(): map, key=dts_use_dvb_standard, value=0
06-25 14:28:36.070 2641 2845 D UNIPLAYERDATA: HttpServerConfigManager.cpp:34 update(): map, key=enable_ad_cupid_pre_dispatch, value=0
06-25 14:28:36.070 2641 2845 D UNIPLAYERDATA: HttpServerConfigManager.cpp:34 update(): map, key=enable_cache_module, value=1
06-25 14:28:36.070 2641 2845 D UNIPLAYERDATA: HttpServerConfigManager.cpp:34 update(): map, key=enable_fake_host, value=1
06-25 14:28:36.070 2641 2845 D UNIPLAYERDATA: HttpServerConfigManager.cpp:34 update(): map, key=enable_puma, value=0
06-25 14:28:36.070 2641 2845 D UNIPLAYERDATA: HttpServerConfigManager.cpp:34 update(): map, key=enalbe_internal_log_for_mhd, value=true
06-25 14:28:36.070 2641 2845 D UNIPLAYERDATA: HttpServerConfigManager.cpp:34 update(): map, key=extreme_memory_mode, value=0
06-25 14:28:36.070 2641 2845 D UNIPLAYERDATA: HttpServerConfigManager.cpp:34 update(): map, key=force_video_time, value=0
06-25 14:28:36.070 2641 2845 D UNIPLAYERDATA: HttpServerConfigManager.cpp:34 update(): map, key=hcdn_enable_stuck_pingback, value=true
06-25 14:28:36.070 2641 2845 D UNIPLAYERDATA: HttpServerConfigManager.cpp:34 update(): map, key=hcdn_max_disk_usage, value=-1
06-25 14:28:36.070 2641 2845 D UNIPLAYERDATA: HttpServerConfigManager.cpp:34 update(): map, key=hcdn_memory_mode, value=0
06-25 14:28:36.070 2641 2845 D UNIPLAYERDATA: HttpServerConfigManager.cpp:34 update(): map, key=hcdn_open_logger_debug_mode, value=1
06-25 14:28:36.070 2641 2845 D UNIPLAYERDATA: HttpServerConfigManager.cpp:34 update(): map, key=hcdn_play_protect_interval, value=3000
06-25 14:28:36.071 2641 2845 D UNIPLAYERDATA: HttpServerConfigManager.cpp:34 update(): map, key=hcdn_support_audio_download, value=0
06-25 14:28:36.071 2641 2845 D UNIPLAYERDATA: HttpServerConfigManager.cpp:34 update(): map, key=hcdn_support_live, value=1
06-25 14:28:36.071 2641 2845 D UNIPLAYERDATA: HttpServerConfigManager.cpp:34 update(): map, key=hcdn_taskid_manage, value=1
06-25 14:28:36.071 2641 2845 D UNIPLAYERDATA: HttpServerConfigManager.cpp:34 update(): map, key=hcdn_ts_complete_timeout, value=-1
06-25 14:28:36.071 2641 2845 D UNIPLAYERDATA: HttpServerConfigManager.cpp:34 update(): map, key=hcdn_ts_disconnect_timeout, value=-1
06-25 14:28:36.071 2641 2845 D UNIPLAYERDATA: HttpServerConfigManager.cpp:34 update(): map, key=hcdn_vipuser_close_upload, value=0
06-25 14:28:36.071 2641 2845 D UNIPLAYERDATA: HttpServerConfigManager.cpp:34 update(): map, key=hcdnls_enable_range, value=1
06-25 14:28:36.071 2641 2845 D UNIPLAYERDATA: HttpServerConfigManager.cpp:34 update(): map, key=hcdnls_json_params, value=
06-25 14:28:36.071 2641 2845 D UNIPLAYERDATA: HttpServerConfigManager.cpp:34 update(): map, key=hcdnls_limit_memory_level, value=-1
06-25 14:28:36.071 2641 2845 D UNIPLAYERDATA: HttpServerConfigManager.cpp:34 update(): map, key=hcdnls_thread_count, value=3
06-25 14:28:36.071 2641 2845 D UNIPLAYERDATA: HttpServerConfigManager.cpp:34 update(): map, key=hcdnproxy, value=true
06-25 14:28:36.071 2641 2845 D UNIPLAYERDATA: HttpServerConfigManager.cpp:34 update(): map, key=hyper_player_path, value=/data/user/0/com.tv.kuaisou/files/libHyperPlayerplugin/4.8.1702.9097/libhyperplayer.so
06-25 14:28:36.071 2641 2845 D UNIPLAYERDATA: HttpServerConfigManager.cpp:34 update(): map, key=i_hcdn_log_level, value=1
06-25 14:28:36.071 2641 2845 D UNIPLAYERDATA: HttpServerConfigManager.cpp:34 update(): map, key=intertrustdrm, value=true
06-25 14:28:36.071 2641 2845 D UNIPLAYERDATA: HttpServerConfigManager.cpp:34 update(): map, key=intertrustdrmremux, value=true
06-25 14:28:36.071 2641 2845 D UNIPLAYERDATA: HttpServerConfigManager.cpp:34 update(): map, key=is_abs_support, value=0
06-25 14:28:36.071 2641 2845 D UNIPLAYERDATA: HttpServerConfigManager.cpp:34 update(): map, key=is_open, value=1
06-25 14:28:36.071 2641 2845 D UNIPLAYERDATA: HttpServerConfigManager.cpp:34 update(): map, key=leave_space, value=-1
06-25 14:28:36.071 2641 2845 D UNIPLAYERDATA: HttpServerConfigManager.cpp:34 update(): map, key=lib_dir, value=/data/user/0/com.tv.kuaisou/files/libuniplayerdata/2.1107.0.2821
06-25 14:28:36.071 2641 2845 D UNIPLAYERDATA: HttpServerConfigManager.cpp:34 update(): map, key=live, value=true
06-25 14:28:36.071 2641 2845 D UNIPLAYERDATA: HttpServerConfigManager.cpp:34 update(): map, key=livenet_log_level, value=1
06-25 14:28:36.071 2641 2845 D UNIPLAYERDATA: HttpServerConfigManager.cpp:34 update(): map, key=localserver_debug_play, value=false
06-25 14:28:36.071 2641 2845 D UNIPLAYERDATA: HttpServerConfigManager.cpp:34 update(): map, key=localserver_http_range_response_correctly, value=2
06-25 14:28:36.071 2641 2845 D UNIPLAYERDATA: HttpServerConfigManager.cpp:34 update(): map, key=localserver_m3u8_range, value=false
06-25 14:28:36.071 2641 2845 D UNIPLAYERDATA: HttpServerConfigManager.cpp:34 update(): map, key=localserver_ts_range, value=0
06-25 14:28:36.071 2641 2845 D UNIPLAYERDATA: HttpServerConfigManager.cpp:34 update(): map, key=mock_download_error, value=
06-25 14:28:36.071 2641 2845 D UNIPLAYERDATA: HttpServerConfigManager.cpp:34 update(): map, key=modules, value=#rawmp4#rawhls#rawts#chinadrm#intertrustdrm#remuxaudiotrack#hcdnproxy#adaptivehls#adts#live#chinadrmremux#intertrustdrmremux
06-25 14:28:36.071 2641 2845 D UNIPLAYERDATA: HttpServerConfigManager.cpp:34 update(): map, key=open_hcdn, value=1
06-25 14:28:36.072 2641 2845 D UNIPLAYERDATA: HttpServerConfigManager.cpp:34 update(): map, key=platform_id, value=14025032401000000000
06-25 14:28:36.072 2641 2845 D UNIPLAYERDATA: HttpServerConfigManager.cpp:34 update(): map, key=pluginversion, value=1.1107.2.04472
06-25 14:28:36.072 2641 2845 D UNIPLAYERDATA: HttpServerConfigManager.cpp:34 update(): map, key=preparing_use_fake_ts, value=2
06-25 14:28:36.072 2641 2845 D UNIPLAYERDATA: HttpServerConfigManager.cpp:34 update(): map, key=rawhls, value=true
06-25 14:28:36.072 2641 2845 D UNIPLAYERDATA: HttpServerConfigManager.cpp:34 update(): map, key=rawmp4, value=true
06-25 14:28:36.072 2641 2845 D UNIPLAYERDATA: HttpServerConfigManager.cpp:34 update(): map, key=rawts, value=true
06-25 14:28:36.072 2641 2845 D UNIPLAYERDATA: HttpServerConfigManager.cpp:34 update(): map, key=remuxaudiotrack, value=true
06-25 14:28:36.072 2641 2845 D UNIPLAYERDATA: HttpServerConfigManager.cpp:34 update(): map, key=root_config_path, value=/data/user/0/com.tv.kuaisou/files/qcache/config/
06-25 14:28:36.072 2641 2845 D UNIPLAYERDATA: HttpServerConfigManager.cpp:34 update(): map, key=root_data_path, value=/storage/emulated/0/qcache/data/
06-25 14:28:36.072 2641 2845 D UNIPLAYERDATA: HttpServerConfigManager.cpp:34 update(): map, key=s_iptv_info, value=
06-25 14:28:36.072 2641 2845 D UNIPLAYERDATA: HttpServerConfigManager.cpp:34 update(): map, key=sdk_root_path, value=/storage/emulated/0
06-25 14:28:36.072 2641 2845 D UNIPLAYERDATA: HttpServerConfigManager.cpp:34 update(): map, key=stucker_config, value={
06-25 14:28:36.072 2641 2845 D UNIPLAYERDATA: "allow_forbid_timeout" : "true",
06-25 14:28:36.072 2641 2845 D UNIPLAYERDATA: "allowed_stuck" : "0",
06-25 14:28:36.072 2641 2845 D UNIPLAYERDATA: "force_forbid_timeout" : "false",
06-25 14:28:36.072 2641 2845 D UNIPLAYERDATA: "limit_maxintervalts_index" : "10",
06-25 14:28:36.072 2641 2845 D UNIPLAYERDATA: "limit_maxintervalts_ms" : "20000",
06-25 14:28:36.072 2641 2845 D UNIPLAYERDATA: "limit_maxstucktimes" : "100",
06-25 14:28:36.072 2641 2845 D UNIPLAYERDATA: "limit_minintervalts_index" : "2",
06-25 14:28:36.072 2641 2845 D UNIPLAYERDATA: "limit_minstucktimes" : "30",
06-25 14:28:36.072 2641 2845 D UNIPLAYERDATA: "verify_auto" : "true"
06-25 14:28:36.072 2641 2845 D UNIPLAYERDATA: }
06-25 14:28:36.072 2641 2845 D UNIPLAYERDATA: HttpServerConfigManager.cpp:34 update(): map, key=use_dvb_standard, value=0
06-25 14:28:36.072 2641 2845 D UNIPLAYERDATA: HttpServerConfigManager.cpp:34 update(): map, key=use_hcdn_localserver_only, value=0
06-25 14:28:36.072 2641 2845 D UNIPLAYERDATA: HttpServerConfigManager.cpp:34 update(): map, key=video_precache_type, value=3
06-25 14:28:36.072 2641 2845 D UNIPLAYERDATA: HttpServerConfigManager.cpp:34 update(): map, key=vodtolive, value=0
06-25 14:28:36.072 2641 2845 D UNIPLAYERDATA: HttpServerConfigManager.cpp:34 update(): map, key=vt_adj_switch, value=0
06-25 14:28:36.072 2641 2845 E UNIPLAYERDATA: HcdnLocalserverSdk.cpp:429 getParam(), hcdn localserver sdk not loaded! mJniLoaded=0, mLoadedByJava=1, mFuncGetVersion=0x0
06-25 14:28:36.072 2641 2845 D UNIPLAYERSDK: UniPlayerDataProxy.cpp:548 UniPlayerDataProxy::doInitialize(), Hcdn LocalServer version=
06-25 14:28:36.073 2641 2845 I UNIPLAYERSDK: PluginManager.cpp:117 unRegisterNativePluginListener(libuniplayerdata), listener=0xf5efc9e0
06-25 14:28:36.073 2641 2845 I UNIPLAYERSDK: UniPlayerDataProxy.cpp:1516 Received kMsgUpdOnModuleError
06-25 14:28:36.073 2641 2845 I UNIPLAYERSDK: UniPlayerDataProxy.cpp:1154 Received kMsgUpdLoadHcdn: path=/data/user/0/com.tv.kuaisou/files/libHyperPlayerplugin/4.8.1702.9097
06-25 14:28:36.073 2641 2845 D UNIUTIL : LibraryLoaderUtils.cpp:30 LibraryLoaderUtils::getDebugLibPath isEnableSoDebug=0, libName=libhyperplayer.so, debugLibPath=
06-25 14:28:36.073 2641 2845 I UNIPLAYERSDK: UniPlayerDataProxy.cpp:946 updateHcdnPluginInformation(), update hyperPlayer path(/data/user/0/com.tv.kuaisou/files/libHyperPlayerplugin/4.8.1702.9097/libhyperplayer.so).
06-25 14:28:36.073 2641 2845 I UNIPLAYERSDK: UniPlayerDataProxy.cpp:953 updateHcdnPluginInformation(), mLibUniplayerDataPath(/data/user/0/com.tv.kuaisou/files/libuniplayerdata/2.1107.0.2821/libuniplayerdata.so).
06-25 14:28:36.075 2641 3101 I UNIPLAYERDATA: ChinaDrmLoader.cpp:282 LoadChinaDrmRunnable, init chiandrm success
06-25 14:28:36.079 2641 2842 D UNIPLAYERSDK: HcdnMemInfoRecorder.cpp:105 HcdnMemInfoRecorder::doGetUsedMemory strPath is /storage/emulated/0/qcache/data//hcdn/cache/, hcdn rom size is 0!
06-25 14:28:36.080 2641 2845 D UNIPLAYERDATA: JniLoad.cpp:9 UniplayerData::Jni_Onload
06-25 14:28:36.081 2641 2845 D UNIPLAYERDATA: JniUtil.cpp:107 com/gala/hcdnwrapper/HcdnWrapper
06-25 14:28:36.081 2641 2845 I UNIPLAYERDATA: JniUtil.cpp:118 JNIUtil::registerNativeMethods() class com/gala/hcdnwrapper/HcdnWrapper method register success! method count = 2!
06-25 14:28:36.081 2641 2845 I UNIPLAYERDATA: HcdnLocalserverSdk.cpp:169 onJniLoad(): success!
06-25 14:28:36.082 2641 2845 D UNIPLAYERSDK: LibraryLoaderJNI.cpp:60 LibraryLoaderJNI::loadLibrary(/data/user/0/com.tv.kuaisou/files/libuniplayerdata/2.1107.0.2821/libuniplayerdata.so), success.
06-25 14:28:36.082 2641 2845 E UNIPLAYERDATA: JniEnvAutoGuard.cpp:17 JniEnvAutoGuard() thread attached: 0
06-25 14:28:36.083 2641 2864 I CLog : 2025-06-25 14:28:36.083 T:2864 DEBUG: [CUPID]InitQTPLib(): Successed to initialize libqtp!
06-25 14:28:36.083 2641 2864 I CLog : 2025-06-25 14:28:36.083 T:2864 DEBUG: [CUPID]InitQTPLib(): qtp version:2.2.69.2402
06-25 14:28:36.084 2641 2864 I CLog : 2025-06-25 14:28:36.084 T:2864 DEBUG: [CUPID]SetProxyServer(): proxy file path: /storage/emulated/0/qcache/adcache/proxy.conf
06-25 14:28:36.084 2641 3116 I CLog : 2025-06-25 14:28:36.084 T:3116 DEBUG: Thread QTPNetWork start, auto delete: false
06-25 14:28:36.084 2641 3116 I CLog : 2025-06-25 14:28:36.084 T:3116 DEBUG: [CUPID]Run(): network-CupidNetWorkThread(QTPNetWork, -1167531584)
06-25 14:28:36.084 2641 3116 I CLog : 2025-06-25 14:28:36.084 T:3116 DEBUG: [CUPID]Run(): network-no request ,waiting begin
06-25 14:28:36.084 2641 2845 V UNIPLAYERDATA: HcdnLocalserverSdk.cpp:438 getVersion(): return 18.0.1.2517.
06-25 14:28:36.085 2641 2845 I UNIPLAYERDATA: HttpServer.cpp:474 UniPlayerData Release Info=TV11.7_FOR_FACTORY_V2_2821_a124dd78, Version=2.1107.0.2821, Build Time=2022-06-08 15:35:00, hcdnLocalServer Version=18.0.1.2517
06-25 14:28:36.085 2641 2845 D UNIPLAYERDATA: HttpServerConfigManager.cpp:34 update(): map, key=hcdn_open_logger_debug_mode, value=1
06-25 14:28:36.085 2641 2845 D UNIPLAYERDATA: HttpServerConfigManager.cpp:34 update(): map, key=hyper_player_path, value=/data/user/0/com.tv.kuaisou/files/libHyperPlayerplugin/4.8.1702.9097/libhyperplayer.so
06-25 14:28:36.085 2641 2845 D UNIPLAYERDATA: HttpServerConfigManager.cpp:34 update(): map, key=i_hcdn_log_level, value=1
06-25 14:28:36.085 2641 2845 D UNIPLAYERDATA: HttpServerConfigManager.cpp:34 update(): map, key=start_type, value=hcdn_start
06-25 14:28:36.085 2641 2845 D UNIPLAYERDATA: StringUtils.cpp:86 jsonToMap, parse json failed
06-25 14:28:36.085 2641 2864 I CLog : 2025-06-25 14:28:36.085 T:2864 DEBUG: [CUPID]SetProxyServer(): proxy server:
06-25 14:28:36.085 2641 2864 I UNIPLAYERSDK: HyperPlayerProxy.cpp:216 HyperPlayerProxy::doLoadHyperPlayer(), System.load hyperPlayer success, libHyperplayer path(/data/user/0/com.tv.kuaisou/files/libHyperPlayerplugin/4.8.1702.9097/libhyperplayer.so).
06-25 14:28:36.085 2641 2845 V UNIPLAYERDATA: stucker.cpp:476 Stucker::modifyStatus() mMaxStuckTimes=80, mMinIntervalTsIndex=2, mMinIntervalTsMs=2000.000000
06-25 14:28:36.085 2641 2845 V UNIPLAYERDATA: stucker.cpp:353 Stucker::updateConfig() mAllowedStuck=0, mVerifyAuto=1 mLimitMaxStuckTimes=100 mLimitMinStuckTimes=30 mLimitMaxIntervalTsIndex=10 mLimitMinIntervalTsIndex=2 mLimitMaxIntervalTsMs=20000.000000 mAllowForbidTimeout=1 mForceForbidTimeout=0 sJsonParams=
06-25 14:28:36.085 2641 2864 I UNIPLAYERSDK: HyperPlayerProxy.cpp:114 Received kMsgCheckHcdnState
06-25 14:28:36.085 2641 2845 I UNIPLAYERDATA: HttpServer.cpp:152 start(), startType = hcdn_start
06-25 14:28:36.085 2641 2845 D UNIPLAYERDATA: HttpServerConfigManager.cpp:45 update(): map, key=hyper_player_path, value=/data/user/0/com.tv.kuaisou/files/libHyperPlayerplugin/4.8.1702.9097/libhyperplayer.so
06-25 14:28:36.085 2641 2845 I UNIPLAYERDATA: HttpServer.cpp:160 start(), hcdn_start update hyperPlayerPath=/data/user/0/com.tv.kuaisou/files/libHyperPlayerplugin/4.8.1702.9097/libhyperplayer.so
06-25 14:28:36.086 2641 2845 I UNIPLAYERDATA: HttpServer.cpp:194 start(), start hcdn localserver async.
06-25 14:28:36.086 2641 3109 V UNIPLAYERDATA: stucker.cpp:364 Stucker::updateCachePath() mCachePath=/storage/emulated/0/qcache/stucker/
06-25 14:28:36.086 2641 3100 I UNIPLAYERDATA: FFmpegLoader.cpp:602 LoadFFmpegRunnable, init ffmpeg success
06-25 14:28:36.086 2641 2845 I UNIPLAYERSDK: HyperPlayerProxy.cpp:85 unRegistHyperPlayerLoadListener(), listener=0xf5efc9e4
06-25 14:28:36.086 2641 3110 D UNIPLAYERDATA: MockUtils.cpp:76 MockUtils::getMockString() key=gala.err.start.hcdnls, value=
06-25 14:28:36.086 2641 3110 D UNIPLAYERDATA: MockUtils.cpp:25 MockUtils::getError() debugStr=
06-25 14:28:36.086 2641 3110 W UNIPLAYERDATA: HcdnLocalserverDaemon.cpp:61 start(suggest_port=9888),pbEnable true disconnectTimeout -1 completeTimeout -1
06-25 14:28:36.086 2641 3110 I UNIPLAYERDATA: HcdnLocalserverSdk.cpp:227 loadHcdnLocalServer(path=/data/user/0/com.tv.kuaisou/files/libHyperPlayerplugin/4.8.1702.9097/libhyperplayer.so), hcdn localserver loaded success by java!
06-25 14:28:36.086 2641 3110 V UNIPLAYERDATA: HcdnLocalserverSdk.cpp:238 setLocalServerEnv(curl_path,/data/user/0/com.tv.kuaisou/files/pluginsdkplayer/2.1107.1.220408/1.1107.2.04472/pluginsdkplayer-download-1.1107.2.04472-libs/libmctocurl.so)
06-25 14:28:36.087 2641 3110 E UNIPLAYERDATA: JniEnvAutoGuard.cpp:17 JniEnvAutoGuard() thread attached: 0
06-25 14:28:36.087 2641 2864 D UNIPLAYERSDK: PluginHelper.cpp:38 PluginHelper::getLibPath(libhyperplayer.so), libPath = /data/user/0/com.tv.kuaisou/files/libHyperPlayerplugin/4.8.1702.9097/libhyperplayer.so
06-25 14:28:36.087 2641 2864 I UNIPLAYERSDK: HyperPlayerProxy.cpp:232 HyperPlayerProxy::doCheckHCDNState(1) hyperLibPath /data/user/0/com.tv.kuaisou/files/libHyperPlayerplugin/4.8.1702.9097/libhyperplayer.so
06-25 14:28:36.088 2641 2864 D UNIPLAYERSDK: PumaPlayerUtils.cpp:310 PumaPlayerUtils::checkNativePath() - return=/storage/emulated/0/qcache/
06-25 14:28:36.088 2641 2864 W UNIPLAYERSDK: PumaPlayerUtils.cpp:327 PumaPlayerUtils::checkNativeConfigPath() - newConfigRootPath=[/data/user/0/com.tv.kuaisou/files/qcache/]
06-25 14:28:36.088 2641 3110 V UNIPLAYERDATA: HcdnLocalserverSdk.cpp:238 setLocalServerEnv(platform,14025032401000000000)
06-25 14:28:36.089 2641 2864 D UNIPLAYERSDK: PumaPlayerUtils.cpp:310 PumaPlayerUtils::checkNativePath() - return=/storage/emulated/0/qcache/
06-25 14:28:36.089 2641 3110 E UNIPLAYERDATA: JniEnvAutoGuard.cpp:17 JniEnvAutoGuard() thread attached: 0
06-25 14:28:36.089 2641 2864 W UNIPLAYERSDK: PumaPlayerUtils.cpp:327 PumaPlayerUtils::checkNativeConfigPath() - newConfigRootPath=[/data/user/0/com.tv.kuaisou/files/qcache/]
06-25 14:28:36.089 2641 3110 V UNIPLAYERDATA: HcdnLocalserverSdk.cpp:238 setLocalServerEnv(boss_request_param,version=11.0&b_ft1=1&dfp=)
06-25 14:28:36.089 2641 3110 E UNIPLAYERDATA: JniEnvAutoGuard.cpp:17 JniEnvAutoGuard() thread attached: 0
06-25 14:28:36.090 2641 2864 D UNIPLAYERSDK: PumaPlayerUtils.cpp:310 PumaPlayerUtils::checkNativePath() - return=/storage/emulated/0/qcache/
06-25 14:28:36.090 2641 2864 D UNIPLAYERSDK: AutoPlayerStrategy.cpp:153 AutoPlayerStrategy::GetPlayerType video and bitstream are null
06-25 14:28:36.090 2641 3110 I UNIPLAYERDATA: HcdnLocalserverDaemon.cpp:106 boss request param version=11.0&b_ft1=1&dfp=
06-25 14:28:36.090 2641 3110 V UNIPLAYERDATA: HcdnLocalserverSdk.cpp:238 setLocalServerEnv(root_config_path,/data/user/0/com.tv.kuaisou/files/qcache/config/)
06-25 14:28:36.090 2641 3110 E UNIPLAYERDATA: JniEnvAutoGuard.cpp:17 JniEnvAutoGuard() thread attached: 0
06-25 14:28:36.090 2641 2864 D UNIPLAYERSDK: PluginHelper.cpp:38 PluginHelper::getLibPath(libmcto_media_player.so), libPath = /data/user/0/com.tv.kuaisou/files/LibPlayerPuma/4.8.1702.6907/libmcto_media_player.so
06-25 14:28:36.090 2641 2864 D UNIPLAYERSDK: AutoPlayerStrategy.cpp:209 AutoPlayerStrategy::getPlayerTypeWithoutMediaInfo return type = 2, but because can't get plugin for puma ,we will chose vender later
06-25 14:28:36.090 2641 2864 D UNIPLAYERSDK: AutoPlayerStrategy.cpp:202 AutoPlayerStrategy::getPlayerTypeWithoutMediaInfo return type = 1
06-25 14:28:36.090 2641 2864 I UNIPLAYERSDK: HyperPlayerProxy.cpp:238 HyperPlayerProxy::StartHCDN(), onLoadSuccess, finalType:1
06-25 14:28:36.090 2641 2864 I UNIPLAYERSDK: PluginManager.cpp:257 updated moduleJsonPath={"libWatermarkingproce.so":"/data/user/0/com.tv.kuaisou/files/LibPlayerPuma/4.8.1702.6907/libWatermarkingproce.so","libcupid.so":"/data/user/0/com.tv.kuaisou/files/pluginsdkplayer/2.1107.1.220408/1.1107.2.04472/pluginsdkplayer-download-1.1107.2.04472-libs/libcupid.so","libcurl.so":"/data/user/0/com.tv.kuaisou/files/pluginsdkplayer/2.1107.1.220408/1.1107.2.04472/pluginsdkplayer-download-1.1107.2.04472-libs/libmctocurl.so","libdns.so":"/data/user/0/com.tv.kuaisou/files/libbasenetplugin/1.1107.0.16/libdns.so","libgalauniffmpeg.so":"/data/user/0/com.tv.kuaisou/files/libuniplayerdata/2.1107.0.2821/libgalauniffmpeg.so","libhyperplayer.so":"/data/user/0/com.tv.kuaisou/files/libHyperPlayerplugin/4.8.1702.9097/libhyperplayer.so","libmcto_media_player.so":"/data/user/0/com.tv.kuaisou/files/LibPlayerPuma/4.8.1702.6907/libmcto_media_player.so","libmctoffmpeg.so":"/data/user/0/com.tv.kuaisou/files/LibPlayerPuma/4.8.1702.6907/libmctoffmpeg.so","libmicrohttpd.so":"/data/user/0/
06-25 14:28:36.090 2641 2864 D PlayerSDK-JNI: PlayerSdkOnPluginStateChangedListener::onLoaded
06-25 14:28:36.090 2641 2864 E JNIHelper: getJNIEnv: Failed to obtain JNIEnv
06-25 14:28:36.091 2641 3110 I vodnetbase: HCDN_LOG: [2025-06-25 14:28:36.091][T:3110][setRootPath,213][app set config path:/data/user/0/com.tv.kuaisou/files/qcache/config/hcdn/]
06-25 14:28:36.091 2641 3110 V UNIPLAYERDATA: HcdnLocalserverSdk.cpp:238 setLocalServerEnv(root_data_path,/storage/emulated/0/qcache/data/)
06-25 14:28:36.091 2641 3110 E UNIPLAYERDATA: JniEnvAutoGuard.cpp:17 JniEnvAutoGuard() thread attached: 0
06-25 14:28:36.091 2641 3110 I vodnetbase: HCDN_LOG: [2025-06-25 14:28:36.091][T:3110][setCachePath,276][app set cache path:/storage/emulated/0/qcache/data/hcdn/cache]
06-25 14:28:36.091 2641 2864 D UniPlayerSdk: postPluginOnLoadedEventFromNative()
06-25 14:28:36.091 2641 3110 V UNIPLAYERDATA: HcdnLocalserverSdk.cpp:238 setLocalServerEnv(live_config_path,/data/user/0/com.tv.kuaisou/files/qcache/config/)
06-25 14:28:36.091 2641 3110 E UNIPLAYERDATA: JniEnvAutoGuard.cpp:17 JniEnvAutoGuard() thread attached: 0
06-25 14:28:36.092 2641 3110 V UNIPLAYERDATA: HcdnLocalserverSdk.cpp:238 setLocalServerEnv(live_cache_path,/storage/emulated/0/qcache/data/)
06-25 14:28:36.092 2641 3110 E UNIPLAYERDATA: JniEnvAutoGuard.cpp:17 JniEnvAutoGuard() thread attached: 0
06-25 14:28:36.092 2641 3110 V UNIPLAYERDATA: HcdnLocalserverSdk.cpp:238 setLocalServerEnv(enable_puma,0)
06-25 14:28:36.092 2641 2864 I UNIPLAYERSDK: HyperPlayerProxy.cpp:114 Received kMsgCheckHcdnState
06-25 14:28:36.092 2641 3110 E UNIPLAYERDATA: JniEnvAutoGuard.cpp:17 JniEnvAutoGuard() thread attached: 0
06-25 14:28:36.092 2641 3117 D TVUNIPLAYER: player/ConfigProvider : getBoolean from whiteList. key:hcdn_clean_enabled, value : false
06-25 14:28:36.092 2641 3110 V UNIPLAYERDATA: HcdnLocalserverSdk.cpp:238 setLocalServerEnv(extreme_memory,0)
06-25 14:28:36.092 2641 3117 D TVUNIPLAYER: PlayerSdkImpl@e16e607 : mOnPumaPluginLoadListener, onLoaded() ,isCleanEnabled:false)
06-25 14:28:36.092 2641 3110 E UNIPLAYERDATA: JniEnvAutoGuard.cpp:17 JniEnvAutoGuard() thread attached: 0
06-25 14:28:36.092 2641 2864 D UNIPLAYERSDK: PluginHelper.cpp:38 PluginHelper::getLibPath(libhyperplayer.so), libPath = /data/user/0/com.tv.kuaisou/files/libHyperPlayerplugin/4.8.1702.9097/libhyperplayer.so
06-25 14:28:36.092 2641 2864 I UNIPLAYERSDK: HyperPlayerProxy.cpp:232 HyperPlayerProxy::doCheckHCDNState(1) hyperLibPath /data/user/0/com.tv.kuaisou/files/libHyperPlayerplugin/4.8.1702.9097/libhyperplayer.so
06-25 14:28:36.093 2641 3110 V UNIPLAYERDATA: HcdnLocalserverSdk.cpp:238 setLocalServerEnv(memory_mode,0)
06-25 14:28:36.093 2641 3110 E UNIPLAYERDATA: JniEnvAutoGuard.cpp:17 JniEnvAutoGuard() thread attached: 0
06-25 14:28:36.093 2641 3110 V UNIPLAYERDATA: HcdnLocalserverSdk.cpp:238 setLocalServerEnv(http_threadcount,3)
06-25 14:28:36.093 2641 3110 E UNIPLAYERDATA: JniEnvAutoGuard.cpp:17 JniEnvAutoGuard() thread attached: 0
06-25 14:28:36.093 2641 3110 V UNIPLAYERDATA: HcdnLocalserverSdk.cpp:238 setLocalServerEnv(limit_memory,-1)
06-25 14:28:36.093 2641 3110 E UNIPLAYERDATA: JniEnvAutoGuard.cpp:17 JniEnvAutoGuard() thread attached: 0
06-25 14:28:36.093 2641 3117 D [servicetest]: current version is released on 1020.14
06-25 14:28:36.094 2641 3110 V UNIPLAYERDATA: HcdnLocalserverSdk.cpp:238 setLocalServerEnv(autofindport,true)
06-25 14:28:36.094 2641 3110 E UNIPLAYERDATA: JniEnvAutoGuard.cpp:17 JniEnvAutoGuard() thread attached: 0
06-25 14:28:36.094 2641 3110 V UNIPLAYERDATA: HcdnLocalserverSdk.cpp:238 setLocalServerEnv(ad_need_cache,true)
06-25 14:28:36.094 2641 3110 E UNIPLAYERDATA: JniEnvAutoGuard.cpp:17 JniEnvAutoGuard() thread attached: 0
06-25 14:28:36.094 2641 3117 D TVUNIPLAYER: HCDNManager : initialize(), mInitialized:false,isCleanEnable:false
06-25 14:28:36.094 2641 2864 D UNIPLAYERSDK: PumaPlayerUtils.cpp:310 PumaPlayerUtils::checkNativePath() - return=/storage/emulated/0/qcache/
06-25 14:28:36.094 2641 3110 D UNIPLAYERDATA: AdLocalCacheFileManager.cpp:368 getTsDownloadSegmentCount, segmentCount:2
06-25 14:28:36.094 2641 3110 V UNIPLAYERDATA: HcdnLocalserverSdk.cpp:238 setLocalServerEnv(ad_cache_ts,2)
06-25 14:28:36.094 2641 2864 W UNIPLAYERSDK: PumaPlayerUtils.cpp:327 PumaPlayerUtils::checkNativeConfigPath() - newConfigRootPath=[/data/user/0/com.tv.kuaisou/files/qcache/]
06-25 14:28:36.094 2641 3110 E UNIPLAYERDATA: JniEnvAutoGuard.cpp:17 JniEnvAutoGuard() thread attached: 0
06-25 14:28:36.095 2641 3110 V UNIPLAYERDATA: HcdnLocalserverSdk.cpp:238 setLocalServerEnv(iptv_info,)
06-25 14:28:36.095 2641 2864 D UNIPLAYERSDK: PumaPlayerUtils.cpp:310 PumaPlayerUtils::checkNativePath() - return=/storage/emulated/0/qcache/
06-25 14:28:36.095 2641 2864 W UNIPLAYERSDK: PumaPlayerUtils.cpp:327 PumaPlayerUtils::checkNativeConfigPath() - newConfigRootPath=[/data/user/0/com.tv.kuaisou/files/qcache/]
06-25 14:28:36.096 2641 3117 E [CleanAssistant]: [version:1.0.4.0]
06-25 14:28:36.096 2641 3117 E [CleanAssistant]: [set param],[param:root_config_path],[value:/data/user/0/com.tv.kuaisou/files/qcache/config/]
06-25 14:28:36.096 2641 2864 D UNIPLAYERSDK: PumaPlayerUtils.cpp:310 PumaPlayerUtils::checkNativePath() - return=/storage/emulated/0/qcache/
06-25 14:28:36.096 2641 2864 D UNIPLAYERSDK: AutoPlayerStrategy.cpp:153 AutoPlayerStrategy::GetPlayerType video and bitstream are null
06-25 14:28:36.096 2641 3117 E [CleanAssistant]: [set param],[param:clean_switch],[value:0]
06-25 14:28:36.096 2641 2864 D UNIPLAYERSDK: PluginHelper.cpp:38 PluginHelper::getLibPath(libmcto_media_player.so), libPath = /data/user/0/com.tv.kuaisou/files/LibPlayerPuma/4.8.1702.6907/libmcto_media_player.so
06-25 14:28:36.097 2641 2864 D UNIPLAYERSDK: AutoPlayerStrategy.cpp:209 AutoPlayerStrategy::getPlayerTypeWithoutMediaInfo return type = 2, but because can't get plugin for puma ,we will chose vender later
06-25 14:28:36.097 2641 2864 D UNIPLAYERSDK: AutoPlayerStrategy.cpp:202 AutoPlayerStrategy::getPlayerTypeWithoutMediaInfo return type = 1
06-25 14:28:36.097 2641 2864 I UNIPLAYERSDK: HyperPlayerProxy.cpp:238 HyperPlayerProxy::StartHCDN(), onLoadSuccess, finalType:1
06-25 14:28:36.097 2641 2864 I UNIPLAYERSDK: PluginManager.cpp:257 updated moduleJsonPath={"libWatermarkingproce.so":"/data/user/0/com.tv.kuaisou/files/LibPlayerPuma/4.8.1702.6907/libWatermarkingproce.so","libcupid.so":"/data/user/0/com.tv.kuaisou/files/pluginsdkplayer/2.1107.1.220408/1.1107.2.04472/pluginsdkplayer-download-1.1107.2.04472-libs/libcupid.so","libcurl.so":"/data/user/0/com.tv.kuaisou/files/pluginsdkplayer/2.1107.1.220408/1.1107.2.04472/pluginsdkplayer-download-1.1107.2.04472-libs/libmctocurl.so","libdns.so":"/data/user/0/com.tv.kuaisou/files/libbasenetplugin/1.1107.0.16/libdns.so","libgalauniffmpeg.so":"/data/user/0/com.tv.kuaisou/files/libuniplayerdata/2.1107.0.2821/libgalauniffmpeg.so","libhyperplayer.so":"/data/user/0/com.tv.kuaisou/files/libHyperPlayerplugin/4.8.1702.9097/libhyperplayer.so","libmcto_media_player.so":"/data/user/0/com.tv.kuaisou/files/LibPlayerPuma/4.8.1702.6907/libmcto_media_player.so","libmctoffmpeg.so":"/data/user/0/com.tv.kuaisou/files/LibPlayerPuma/4.8.1702.6907/libmctoffmpeg.so","libmicrohttpd.so":"/data/user/0/
06-25 14:28:36.097 2641 2864 D PlayerSDK-JNI: PlayerSdkOnPluginStateChangedListener::onLoaded
06-25 14:28:36.097 2641 2864 E JNIHelper: getJNIEnv: Failed to obtain JNIEnv
06-25 14:28:36.097 2641 3117 E [CleanAssistant]: [set param],[param:package_name],[value:com.tv.kuaisou]
06-25 14:28:36.097 2641 3110 E UNIPLAYERDATA: JniEnvAutoGuard.cpp:17 JniEnvAutoGuard() thread attached: 0
06-25 14:28:36.098 2641 3110 V UNIPLAYERDATA: HcdnLocalserverSdk.cpp:238 setLocalServerEnv(enable_caton_pingback,true)
06-25 14:28:36.098 2641 3110 E UNIPLAYERDATA: JniEnvAutoGuard.cpp:17 JniEnvAutoGuard() thread attached: 0
06-25 14:28:36.098 2641 3110 V UNIPLAYERDATA: HcdnLocalserverSdk.cpp:238 setLocalServerEnv(logger,1)
06-25 14:28:36.098 2641 3110 E UNIPLAYERDATA: JniEnvAutoGuard.cpp:17 JniEnvAutoGuard() thread attached: 0
06-25 14:28:36.098 2641 3110 V UNIPLAYERDATA: HcdnLocalserverSdk.cpp:238 setLocalServerEnv(logger_debug,1)
06-25 14:28:36.098 2641 3110 E UNIPLAYERDATA: JniEnvAutoGuard.cpp:17 JniEnvAutoGuard() thread attached: 0
06-25 14:28:36.098 2641 3110 E localserver: HCDN_LOG: [T:3110][func:SetGlobalParam],[line:785],[oper:set param],[param_name:logger_debug],[param_value:1]
06-25 14:28:36.099 2641 3110 I localserver: HCDN_LOG: [T:3110][func:SetParam],[line:213],[oper:set param],[key:logger_debug],[value:1],[service_ok:0]
06-25 14:28:36.099 2641 3110 V UNIPLAYERDATA: HcdnLocalserverSdk.cpp:238 setLocalServerEnv(play_protect_interval,3000)
06-25 14:28:36.099 2641 3110 E UNIPLAYERDATA: JniEnvAutoGuard.cpp:17 JniEnvAutoGuard() thread attached: 0
06-25 14:28:36.099 2641 3110 E localserver: HCDN_LOG: [T:3110][func:SetGlobalParam],[line:785],[oper:set param],[param_name:play_protect_interval],[param_value:3000]
06-25 14:28:36.099 2641 3110 I localserver: HCDN_LOG: [T:3110][func:SetParam],[line:213],[oper:set param],[key:play_protect_interval],[value:3000],[service_ok:0]
06-25 14:28:36.100 2641 3110 V UNIPLAYERDATA: HcdnLocalserverSdk.cpp:238 setLocalServerEnv(taskid_manage,1)
06-25 14:28:36.100 2641 2641 D [servicetest]: 2147483647
06-25 14:28:36.100 2641 3110 E UNIPLAYERDATA: JniEnvAutoGuard.cpp:17 JniEnvAutoGuard() thread attached: 0
06-25 14:28:36.100 2641 3110 E localserver: HCDN_LOG: [T:3110][func:SetGlobalParam],[line:785],[oper:set param],[param_name:taskid_manage],[param_value:1]
06-25 14:28:36.100 2641 3110 W localserver: HCDN_LOG: [T:3110][func:SetGlobalParam],[line:888],[taskid_manage:1]
06-25 14:28:36.100 2641 3110 I localserver: HCDN_LOG: [T:3110][func:SetParam],[line:213],[oper:set param],[key:taskid_manage],[value:1],[service_ok:0]
06-25 14:28:36.100 2641 3110 V UNIPLAYERDATA: HcdnLocalserverSdk.cpp:238 setLocalServerEnv(force_video_time,0)
06-25 14:28:36.102 2641 3110 E UNIPLAYERDATA: JniEnvAutoGuard.cpp:17 JniEnvAutoGuard() thread attached: 0
06-25 14:28:36.102 2641 2889 V UFUnilog: UFNCurlClientHandleSocket.cpp : 128 {fuc=UFNMultiCurlClientImpl:HandleSocket(),logtag=longyuan_pb_35,interface_msg=MultiCurlImpl get ok!}
06-25 14:28:36.102 2641 2889 V UFUnilog: UFNCurlClientHandleSocket.cpp : 128 {fuc=UFNMultiCurlClientImpl:HandleSocket(),logtag=babelqos_pb_37,interface_msg=MultiCurlImpl get ok!}
06-25 14:28:36.102 2641 3110 E localserver: HCDN_LOG: [T:3110][func:SetGlobalParam],[line:785],[oper:set param],[param_name:force_video_time],[param_value:0]
06-25 14:28:36.102 2641 2915 V UFUnilog: UFNMultiCurlClientImpl.cpp : 102 {fuc=UFNMultiCurlClientImpl:Perform(),logtag=longyuan_pb_35,interface_msg=Out}
06-25 14:28:36.102 2641 3110 W localserver: HCDN_LOG: [T:3110][func:SetGlobalParam],[line:895],[set force_video_time:0]
06-25 14:28:36.102 2641 3110 I localserver: HCDN_LOG: [T:3110][func:SetParam],[line:213],[oper:set param],[key:force_video_time],[value:0],[service_ok:0]
06-25 14:28:36.102 2641 2915 V UFUnilog: api_engine.cpp : 181 {fuc=APIEngine:Call(),logtag=longyuan_pb_35,interface_msg=Start Try!,try_count=1}
06-25 14:28:36.103 2641 3110 V UNIPLAYERDATA: HcdnLocalserverSdk.cpp:238 setLocalServerEnv(device_infos,{"cpuinfo":"","model":"DBBOX-A2","submodel":"","uuid":"20180903095708913MvpgVmPh11974"}
06-25 14:28:36.103 2641 3110 V UNIPLAYERDATA: )
06-25 14:28:36.103 2641 3110 E UNIPLAYERDATA: JniEnvAutoGuard.cpp:17 JniEnvAutoGuard() thread attached: 0
06-25 14:28:36.103 2641 2915 I UNIPLAYERSDK: PbApi.cpp:34 PingbackLog: send success! trycount = 1,serverip = 106.38.178.44,pluginload:http://msg.ptqy.gitv.tv/b:msg=[{"chip":"","core":"4","ct":"160225_pluginload","deviceid":"tv_9ebeab0821cc109c90e4626ac3a506cd_1750906610804_8810912147","diy_tp":"1","dt":"20180903095708913MvpgVmPh11974","errmsg":"","firmver":"SP1A.211105.004","hu":"","hwver":"DBBOX-A2","hwversub":"","is_4kh264":"0","is_4kh265":"0","is_daudio":"0","is_h265":"0","lch_ver":"3.14.6","loadType":"start_dlopen","mac":"20-02-FE-19-C2-0E","memory":"1960M","mod":"cn_s","os":"31","p":"31","p1":"312","p2":"3128","p_ptid":"14025032401000000000","p_uid":"","pf":"3","play_hwversub":"","player_cpluginv":"4.8.1702.9097","player_sn":"1","pluginid":"libHyperPlayerplugin","pu":"","re":"1920x1080","rn":"2132236506","romrsz":"24465","romsz":"26357","sdkv":"1.1107.2.04472","soName":"libhyperplayer.so","t":"11","u":"tv_9ebeab0821cc109c90e4626ac3a506cd","v":"2.1107.1.220408"}]
06-25 14:28:36.103 2641 3110 E localserver: HCDN_LOG: [T:3110][func:SetGlobalParam],[line:785],[oper:set param],[param_name:device_infos],[param_value:{"cpuinfo":"","model":"DBBOX-A2","submodel":"","uuid":"20180903095708913MvpgVmPh11974"}
06-25 14:28:36.103 2641 3110 E localserver: ]
06-25 14:28:36.103 2641 2915 D UNIPLAYERSDK: PbApi.cpp:40 PingbackLog: send success! pluginload:msg=[{"chip":"","core":"4","ct":"160225_pluginload","deviceid":"tv_9ebeab0821cc109c90e4626ac3a506cd_1750906610804_8810912147","diy_tp":"1","dt":"20180903095708913MvpgVmPh11974","errmsg":"","firmver":"SP1A.211105.004","hu":"","hwver":"DBBOX-A2","hwversub":"","is_4kh264":"0","is_4kh265":"0","is_daudio":"0","is_h265":"0","lch_ver":"3.14.6","loadType":"start_dlopen","mac":"20-02-FE-19-C2-0E","memory":"1960M","mod":"cn_s","os":"31","p":"31","p1":"312","p2":"3128","p_ptid":"14025032401000000000","p_uid":"","pf":"3","play_hwversub":"","player_cpluginv":"4.8.1702.9097","player_sn":"1","pluginid":"libHyperPlayerplugin","pu":"","re":"1920x1080","rn":"2132236506","romrsz":"24465","romsz":"26357","sdkv"
06-25 14:28:36.103 2641 2915 D UNIPLAYERSDK: PbApi.cpp:38 PingbackLog: send success! pluginload::"1.1107.2.04472","soName":"libhyperplayer.so","t":"11","u":"tv_9ebeab0821cc109c90e4626ac3a506cd","v":"2.1107.1.220408"}]
06-25 14:28:36.103 2641 3110 I localserver: HCDN_LOG: [T:3110][func:SetParam],[line:213],[oper:set param],[key:device_infos],[value:{"cpuinfo":"","model":"DBBOX-A2","submodel":"","uuid":"20180903095708913MvpgVmPh11974"}
06-25 14:28:36.103 2641 3110 I localserver: ],[service_ok:0]
06-25 14:28:36.103 2641 3110 V UNIPLAYERDATA: HcdnLocalserverSdk.cpp:238 setLocalServerEnv(read_timeout,20000)
06-25 14:28:36.103 2641 2916 V UFUnilog: UFNMultiCurlClientImpl.cpp : 102 {fuc=UFNMultiCurlClientImpl:Perform(),logtag=babelqos_pb_37,interface_msg=Out}
06-25 14:28:36.103 2641 2916 V UFUnilog: api_engine.cpp : 181 {fuc=APIEngine:Call(),logtag=babelqos_pb_37,interface_msg=Start Try!,try_count=1}
