01-01 08:00:20.625 254 254 D : mtty_open+0xb0/0x150 [sprdbt_tty]
01-01 08:00:20.625 254 254 D : tty_open+0x350/0x550
01-01 08:00:20.625 254 254 D : chrdev_open+0x1d8/0x254
01-01 08:00:20.625 254 254 D : do_dentry_open+0x270/0x3ac
01-01 08:00:20.625 254 254 D : vfs_open+0x2c/0x38
01-01 08:00:20.625 254 254 D : path_openat+0x6a8/0xf78
01-01 08:00:20.625 254 254 D : do_filp_open+0x78/0x124
01-01 08:00:20.625 254 254 D : do_sys_open+0x13c/0x290
01-01 08:00:20.626 254 254 D : __arm64_compat_sys_openat+0x24/0x30
01-01 08:00:20.626 254 254 D : el0_svc_common+0xb8/0x1cc
01-01 08:00:20.626 254 254 D : el0_svc_compat_handler+0x1c/0x28
01-01 08:00:20.626 254 254 D : el0_svc_compat+0x8/0x24
01-01 08:00:20.626 254 254 I WCN : marlin power state:4, subsys: [MARLIN_BLUETOOTH] power 1
01-01 08:00:20.626 254 254 I WCN : marlin have open, GNSS is closed
01-01 08:00:20.626 254 254 E bluetooth_set_power: end_block=0
06-25 14:28:15.319 254 979 I bt_chip_vendor: Bluetooth Firmware Node: 4069 Date: 2015-04-08
06-25 14:28:15.320 254 979 I bt_chip_vendor: yujian.qin marlin3_rf_preload
06-25 14:28:15.320 254 979 D bt_vnd_hci: sprd_vnd_send_hci_vsc a2 fc fc 00 e0 00 e0 00 e0 00 e0 00 e0 00 e0 15 41 15 3a 15 34 15 2e 15 27 15 21 15 1a 15 13 15 0d 15 07 15 3b 15 37 15 33 15 2f 15 2b 15 27 15 23 15 1f 15 1b 15 17 15 13 15 0f 15 0b 15 08 15 04 15 00 15 09 15 09 15 08 15 08 15 08 15 08 15 07 15 07 15 0d 15 0d 15 0c 15 0c 15 0b 15 0b 15 0b 15 0b 15 10 15 10 15 0f 15 0f 15 0f 15 0f 15 0f 15 0f 00 e0 00 e0 00 e0 00 e0 00 e0 00 e0 15 4d 15 46 15 3d 15 36 15 2d 15 26 15 1f 15 18 15 0f 15 08 15 4b 15 4b 15 4b 15 4b 15 4b 15 46 15 40 15 3b 15 36 15 30 15 2b 15 26 15 20 15 1a 15 14 15 0e 15 09 15 09 15 08 15 08 15 08 15 08 15 07 15 07 15 0d 15 0d 15 0c 15 0c 15 0b 15 0b 15 0b 15 0b 15 10 15 10 15 0f 15 0f 15 0f 15 0f 15 0f 15 0f 00 00 ff ff 01 00 00 55 44 43 5f 55 55 c8 55 55 55 55 55 55 55 55 55 55 55 55 55 55
06-25 14:28:15.316 1 1 I /system/bin/init: type=1107 audit(0.0:373): uid=0 auid=4294967295 ses=4294967295 subj=u:r:init:s0 msg='avc: denied { set } for property=rw.vendor.bluetooth.fw.ver pid=254 uid=1002 gid=1002 scontext=u:r:hal_bluetooth_default:s0 tcontext=u:object_r:default_prop:s0 tclass=property_service permissive=1'
01-01 08:00:20.634 1 1 I init : processing action (vendor.init.lpm.load=1) from (/vendor/etc/init/init.bluetooth.common.rc:71)
06-25 14:28:15.321 477 525 W IorapForwardingService: No service published for: iorapd
06-25 14:28:15.328 676 676 D NavigationModeController: getCurrentUserContext: contextUser=0 currentUser=0
06-25 14:28:15.329 676 676 D NavigationModeController: getCurrentInteractionMode: mode=0 contextUser=0
06-25 14:28:15.330 676 676 D NavigationModeController: updateCurrentInteractionMode: mode=0
06-25 14:28:15.330 676 676 D NavigationModeController: contextUser=0
06-25 14:28:15.330 676 676 D NavigationModeController: assetPaths=
06-25 14:28:15.330 676 676 D NavigationModeController: and /system/framework/framework-res.apk
06-25 14:28:15.330 676 676 D NavigationModeController: /vendor/overlay/framework-res__auto_generated_rro_vendor.apk
06-25 14:28:15.330 676 676 D NavigationModeController: /product/overlay/AwAccentColor/AwAccentColorOverlay.apk
06-25 14:28:15.330 676 676 D NavigationModeController: /product/overlay/AwIconShape/AwIconShapeOverlay.apk
06-25 14:28:15.330 676 676 D NavigationModeController: and /system/system_ext/priv-app/SystemUI/SystemUI.apk
06-25 14:28:15.331 676 676 D NavigationModeController: getCurrentInteractionMode: mode=0 contextUser=0
06-25 14:28:15.334 477 613 I WifiScanRequestProxy: Scanning is enabled
06-25 14:28:15.334 477 613 I WifiScanRequestProxy: Scanning for hidden networks is enabled
06-25 14:28:15.341 254 979 I bt_chip_vendor: hw_rf_cback hw_core_cback response: [0xFCA2, 0x0000, 0x00]
06-25 14:28:15.341 254 979 I bt_chip_vendor: hw_core_enable
06-25 14:28:15.341 254 979 I bt_chip_vendor: hw_core_enable : 1
06-25 14:28:15.341 254 979 E bt_upio : upio_set : /proc/bluetooth/sleep/btwrite(-1) incorrent
06-25 14:28:15.341 477 613 E WifiVendorHal: setMultiStaUseCase(l.3286) failed {.code = ERROR_NOT_SUPPORTED, .description = }
06-25 14:28:15.345 254 979 I bt_chip_vendor: hw_core_cback hw_core_cback response: [0xFCA1, 0x0000, 0x01]
06-25 14:28:15.345 254 979 D android.hardware.bluetooth@1.0-impl: OnFirmwareConfigured result: 0
06-25 14:28:15.345 254 979 I android.hardware.bluetooth@1.0-impl: Firmware configured in 0.029s
06-25 14:28:15.345 668 974 I bt_hci : system/bt/hci/src/hci_layer.cc:367 event_finish_startup: event_finish_startup
06-25 14:28:15.345 254 979 I android.hardware.bluetooth@1.0-impl: OnFirmwareConfigured: lpm_timeout_ms 1500
06-25 14:28:15.345 254 979 D android.hardware.bluetooth@1.0-impl: low_power_mode_cb result: 0
06-25 14:28:15.345 254 979 D android.hardware.bluetooth@1.0-impl: OnFirmwareConfigured Calling StartLowPowerWatchdog()
06-25 14:28:15.346 668 840 I bt_core_module: system/bt/btcore/src/module.cc:90 module_start_up: module_start_up Started module "hci_module"
06-25 14:28:15.346 668 840 I bt_l2cap: system/bt/stack/l2cap/l2c_api.cc:134 L2CA_Register: L2CAP Registered service classic PSM: 0x0001
06-25 14:28:15.346 668 840 I bt_l2cap: system/bt/stack/l2cap/l2c_api.cc:134 L2CA_Register: L2CAP Registered service classic PSM: 0x001f
06-25 14:28:15.346 668 840 I bluetooth: system/bt/stack/gatt/gatt_api.cc:1019 GATT_Register: Allocated name:GattProfileDb uuid:81818181-8181-8181-8181-818181818181 gatt_if:1 eatt_support:0
06-25 14:28:15.347 668 840 I droid.bluetoot: [0625/142815.347549:INFO:gatt_api.cc(179)] GATTS_AddService
06-25 14:28:15.347 668 840 I droid.bluetoot: [0625/142815.347916:INFO:gatt_api.cc(288)] GATTS_AddService: service parsed correctly, now starting
06-25 14:28:15.348 668 840 I droid.bluetoot: [0625/142815.348092:INFO:gatt_sr_hash.cc(124)] gatts_calculate_database_hash: hash=80AEB10BC70DCCEFA207489DCED98FED
06-25 14:28:15.348 668 840 I bt_l2cap: system/bt/stack/l2cap/l2c_api.cc:434 L2CA_RegisterLECoc: Registered service LE COC PSM: 0x0027
06-25 14:28:15.348 668 840 I bt_l2cap: system/bt/stack/l2cap/l2c_api.cc:134 L2CA_Register: L2CAP Registered service classic PSM: 0x0003
06-25 14:28:15.348 668 840 I bluetooth: system/bt/stack/gatt/gatt_api.cc:1019 GATT_Register: Allocated name:Gap uuid:82828282-8282-8282-8282-828282828282 gatt_if:2 eatt_support:0
06-25 14:28:15.348 668 840 I droid.bluetoot: [0625/142815.348578:INFO:gatt_api.cc(179)] GATTS_AddService
06-25 14:28:15.348 668 840 I droid.bluetoot: [0625/142815.348681:INFO:gatt_api.cc(288)] GATTS_AddService: service parsed correctly, now starting
06-25 14:28:15.348 668 840 I droid.bluetoot: [0625/142815.348815:INFO:gatt_sr_hash.cc(124)] gatts_calculate_database_hash: hash=8991C462EBE9D90B9EA0DA3E16D0F513
06-25 14:28:15.349 668 840 I bt_bte : system/bt/main/bte_logmsg.cc:248 load_levels_from_config: BTE_InitTraceLevels -- TRC_HCI : Level 2
06-25 14:28:15.349 668 840 I bt_bte : system/bt/main/bte_logmsg.cc:248 load_levels_from_config: BTE_InitTraceLevels -- TRC_L2CAP : Level 2
06-25 14:28:15.349 668 840 I bt_bte : system/bt/main/bte_logmsg.cc:248 load_levels_from_config: BTE_InitTraceLevels -- TRC_RFCOMM : Level 2
06-25 14:28:15.349 668 840 I bt_bte : system/bt/main/bte_logmsg.cc:248 load_levels_from_config: BTE_InitTraceLevels -- TRC_AVDT : Level 2
06-25 14:28:15.349 668 840 I bt_bte : system/bt/main/bte_logmsg.cc:248 load_levels_from_config: BTE_InitTraceLevels -- TRC_AVRC : Level 2
06-25 14:28:15.349 668 840 I bt_bte : system/bt/main/bte_logmsg.cc:248 load_levels_from_config: BTE_InitTraceLevels -- TRC_A2D : Level 2
06-25 14:28:15.349 668 840 I bt_bte : system/bt/main/bte_logmsg.cc:248 load_levels_from_config: BTE_InitTraceLevels -- TRC_BNEP : Level 2
06-25 14:28:15.349 668 840 I bt_bte : system/bt/main/bte_logmsg.cc:248 load_levels_from_config: BTE_InitTraceLevels -- TRC_BTM : Level 2
06-25 14:28:15.349 668 840 I bt_bte : system/bt/main/bte_logmsg.cc:248 load_levels_from_config: BTE_InitTraceLevels -- TRC_HID_HOST : Level 2
06-25 14:28:15.349 668 840 I bt_bte : system/bt/main/bte_logmsg.cc:248 load_levels_from_config: BTE_InitTraceLevels -- TRC_PAN : Level 2
06-25 14:28:15.349 668 840 I bt_bte : system/bt/main/bte_logmsg.cc:248 load_levels_from_config: BTE_InitTraceLevels -- TRC_SDP : Level 2
06-25 14:28:15.350 668 840 I bt_bte : system/bt/main/bte_logmsg.cc:248 load_levels_from_config: BTE_InitTraceLevels -- TRC_SMP : Level 2
06-25 14:28:15.350 668 840 I bt_bte : system/bt/main/bte_logmsg.cc:248 load_levels_from_config: BTE_InitTraceLevels -- TRC_HID_DEV : Level 2
06-25 14:28:15.350 668 840 I bt_bte : system/bt/main/bte_logmsg.cc:248 load_levels_from_config: BTE_InitTraceLevels -- TRC_BTAPP : Level 2
06-25 14:28:15.350 668 840 I bt_bte : system/bt/main/bte_logmsg.cc:248 load_levels_from_config: BTE_InitTraceLevels -- TRC_BTIF : Level 2
06-25 14:28:15.351 477 613 E WifiVendorHal: setMultiStaPrimaryConnection(l.3252) failed {.code = ERROR_NOT_SUPPORTED, .description = }
06-25 14:28:15.357 477 613 D WifiCountryCode: evaluateAllCmmStateAndApplyIfAllReady: {ConcreteClientModeManager{id=15772 iface=wlan0 role=ROLE_CLIENT_PRIMARY}=true}
06-25 14:28:15.357 477 617 I WifiScanningService: Created a new impl for wlan0
06-25 14:28:15.361 477 617 E WifiBackgroundScanStateMachine: invalid max buckets in scan capabilities 0
06-25 14:28:15.361 668 983 I bt_stack: [INFO:message_loop_thread.cc(224)] Run: message loop starting for thread bt_main_thread
06-25 14:28:15.366 668 840 I bt_core_module: system/bt/btcore/src/module.cc:85 module_start_up: module_start_up Starting module "controller_module"
06-25 14:28:15.367 477 613 D WifiCountryCode: Reading country code from telephony
06-25 14:28:15.370 676 676 D TvPipController: onImeVisibilityChanged(), visible=false, height=0
06-25 14:28:15.370 676 676 D TvPipController: onActionsChanged()
06-25 14:28:15.370 676 676 D TvPipMenuController: setAppActions()
06-25 14:28:15.371 676 676 D TvPipController: onImeVisibilityChanged(), visible=false, height=0
06-25 14:28:15.371 676 676 D TvPipController: onActionsChanged()
06-25 14:28:15.371 676 676 D TvPipMenuController: setAppActions()
06-25 14:28:15.372 477 613 D WifiCountryCode: Set telephony country code to:
06-25 14:28:15.373 477 613 D WifiCountryCode: updateCountryCode to CN
06-25 14:28:15.374 944 944 D WifiHWInfo: Start to load wireless module hardware info table...
06-25 14:28:15.375 944 944 D WifiHWInfo: Entry [01], BUS: SDIO, ID: 0x024C8179, Name: rtl8189es.
06-25 14:28:15.375 676 676 W KeyguardUpdateMonitor: invalid subId in handleServiceStateChange()
06-25 14:28:15.375 944 944 D WifiHWInfo: Entry [02], BUS: SDIO, ID: 0x024CB723, Name: rtl8723bs_vq0.
06-25 14:28:15.375 944 944 D WifiHWInfo: Entry [03], BUS: SDIO, ID: 0x024CB703, Name: rtl8723cs.
06-25 14:28:15.375 944 944 D WifiHWInfo: Entry [04], BUS: SDIO, ID: 0x024CD723, Name: rtl8723ds.
06-25 14:28:15.375 944 944 D WifiHWInfo: Entry [05], BUS: SDIO, ID: 0x024CF179, Name: rtl8189fs.
06-25 14:28:15.375 944 944 D WifiHWInfo: Entry [06], BUS: SDIO, ID: 0x024CB822, Name: rtl88x2bs.
06-25 14:28:15.375 944 944 D WifiHWInfo: Entry [07], BUS: USB, ID: 0x0BDAD723, Name: rtl8723du.
06-25 14:28:15.375 944 944 D WifiHWInfo: Entry [08], BUS: USB, ID: 0x0BDA8179, Name: rtl8188etv.
06-25 14:28:15.375 944 944 D WifiHWInfo: Entry [09], BUS: USB, ID: 0x0BDA0179, Name: rtl8188eu.
06-25 14:28:15.375 944 944 D WifiHWInfo: Entry [10], BUS: USB, ID: 0x0BDA818B, Name: rtl8192eu.
06-25 14:28:15.375 944 944 D WifiHWInfo: Entry [11], BUS: USB, ID: 0x0BDAB720, Name: rtl8723bu.
06-25 14:28:15.375 944 944 D WifiHWInfo: Entry [12], BUS: USB, ID: 0x0BDAC82C, Name: rtl8822cu.
06-25 14:28:15.375 944 944 D WifiHWInfo: Entry [13], BUS: USB, ID: 0x0BDAF179, Name: rtl8188fu.
06-25 14:28:15.375 944 944 D WifiHWInfo: Entry [14], BUS: SDIO, ID: 0x02D0A9A6, Name: ap6212.
06-25 14:28:15.375 944 944 D WifiHWInfo: Entry [15], BUS: SDIO, ID: 0x02D04330, Name: ap6330.
06-25 14:28:15.375 944 944 D WifiHWInfo: Entry [16], BUS: SDIO, ID: 0x02D04356, Name: ap6356s.
06-25 14:28:15.375 944 944 D WifiHWInfo: Entry [17], BUS: SDIO, ID: 0x02D0A9BF, Name: ap6255.
06-25 14:28:15.375 944 944 D WifiHWInfo: Entry [18], BUS: SDIO, ID: 0x02D04334, Name: bcm43342.
06-25 14:28:15.375 944 944 D WifiHWInfo: Entry [19], BUS: SDIO, ID: 0x00202281, Name: xr819.
06-25 14:28:15.375 944 944 D WifiHWInfo: Entry [20], BUS: SDIO, ID: 0x0A9E2282, Name: xr829.
06-25 14:28:15.375 944 944 D WifiHWInfo: Entry [21], BUS: SDIO, ID: 0x0271050A, Name: qca6174a.
06-25 14:28:15.375 944 944 D WifiHWInfo: Entry [22], BUS: SDIO, ID: 0x30303030, Name: ssv6x5x.
06-25 14:28:15.375 944 944 D WifiHWInfo: Entry [23], BUS: SDIO, ID: 0x00000000, Name: uwe5621.
06-25 14:28:15.375 944 944 D WifiHWInfo: Entry [24], BUS: SDIO, ID: 0x54490145, Name: aic8800.
06-25 14:28:15.375 944 944 D WifiHWInfo: Entry [25], BUS: SDIO, ID: 0xC8A1C08D, Name: aic8800.
06-25 14:28:15.375 944 944 D WifiHWInfo: Entry [26], BUS: USB, ID: 0xA69C8800, Name: aic8800.
06-25 14:28:15.375 944 944 D WifiHWInfo: Entry [27], BUS: USB, ID: 0x007A8888, Name: atbm6023is.
06-25 14:28:15.375 944 944 D WifiHWInfo: Entry [28], BUS: SDIO, ID: 0x02E79086, Name: 9012p.
06-25 14:28:15.375 944 944 D WifiHWInfo: Entry [29], BUS: SDIO, ID: 0x007A6011, Name: atbm613x_wifi_sdio.
06-25 14:28:15.375 944 944 D WifiHWInfo: Entry [30], BUS: SDIO, ID: 0x024CC822, Name: 88x2cs.
06-25 14:28:15.375 944 944 D WifiHWInfo: Entry [31], BUS: SDIO, ID: 0x000018F0, Name: dummy.
06-25 14:28:15.375 944 944 W wpa_supplicant: check_initialed for nl80211, use sprd wpa_supplicant_8_lib.
06-25 14:28:15.375 944 944 W wpa_supplicant: check_initialed found wpa_supplicant_8_lib vendor implement for sprd.
06-25 14:28:15.375 944 944 D wpa_supplicant: wlan0: Event CHANNEL_LIST_CHANGED (27) received
06-25 14:28:15.375 944 944 I wpa_supplicant: wlan0: CTRL-EVENT-REGDOM-CHANGE init=USER type=COUNTRY alpha2=CN
06-25 14:28:15.375 944 944 D wpa_supplicant: p2p-dev-wlan0: Updating hw mode
06-25 14:28:15.376 944 944 D wpa_supplicant: nl80211: No channel number found for frequency 5920 MHz
06-25 14:28:15.377 944 944 D wpa_supplicant: nl80211: No channel number found for frequency 5940 MHz
06-25 14:28:15.377 944 944 D wpa_supplicant: nl80211: Regulatory information - country=CN (DFS-FCC)
06-25 14:28:15.377 944 944 D wpa_supplicant: nl80211: 2400-2483 @ 40 MHz 20 mBm
06-25 14:28:15.377 944 944 D wpa_supplicant: nl80211: 5150-5350 @ 80 MHz 20 mBm (DFS)
06-25 14:28:15.377 944 944 D wpa_supplicant: nl80211: 5725-5850 @ 80 MHz 33 mBm
06-25 14:28:15.377 944 944 D wpa_supplicant: nl80211: 57240-59400 @ 2160 MHz 28 mBm
06-25 14:28:15.377 944 944 D wpa_supplicant: nl80211: 59400-63720 @ 2160 MHz 44 mBm
06-25 14:28:15.377 944 944 D wpa_supplicant: nl80211: 63720-65880 @ 2160 MHz 28 mBm
06-25 14:28:15.377 944 944 D wpa_supplicant: nl80211: Added 802.11b mode based on 802.11g information
06-25 14:28:15.378 944 944 D wpa_supplicant: nl80211: Mode IEEE 802.11g: 2412 2417 2422 2427 2432 2437 2442 2447 2452 2457 2462 2467 2472 2484[DISABLED]
06-25 14:28:15.378 944 944 D wpa_supplicant: nl80211: Mode IEEE 802.11a: 5170[DISABLED] 5180 5200 5220 5240 5260[RADAR] 5280[RADAR] 5300[RADAR] 5320[RADAR] 5500[DISABLED][RADAR] 5520[DISABLED][RADAR] 5540[DISABLED][RADAR] 5560[DISABLED][RADAR] 5580[DISABLED][RADAR]
06-25 14:28:15.378 944 944 D wpa_supplicant: nl80211: Mode IEEE 802.11b: 2412 2417 2422 2427 2432 2437 2442 2447 2452 2457 2462 2467 2472 2484[DISABLED]
06-25 14:28:15.378 944 944 D wpa_supplicant: wlan0: Updating hw mode
06-25 14:28:15.379 944 944 D wpa_supplicant: nl80211: No channel number found for frequency 5920 MHz
06-25 14:28:15.379 944 944 D wpa_supplicant: nl80211: No channel number found for frequency 5940 MHz
06-25 14:28:15.379 944 944 D wpa_supplicant: nl80211: Regulatory information - country=CN (DFS-FCC)
06-25 14:28:15.379 944 944 D wpa_supplicant: nl80211: 2400-2483 @ 40 MHz 20 mBm
06-25 14:28:15.379 944 944 D wpa_supplicant: nl80211: 5150-5350 @ 80 MHz 20 mBm (DFS)
06-25 14:28:15.379 944 944 D wpa_supplicant: nl80211: 5725-5850 @ 80 MHz 33 mBm
06-25 14:28:15.379 944 944 D wpa_supplicant: nl80211: 57240-59400 @ 2160 MHz 28 mBm
06-25 14:28:15.379 944 944 D wpa_supplicant: nl80211: 59400-63720 @ 2160 MHz 44 mBm
06-25 14:28:15.379 944 944 D wpa_supplicant: nl80211: 63720-65880 @ 2160 MHz 28 mBm
06-25 14:28:15.379 944 944 D wpa_supplicant: nl80211: Added 802.11b mode based on 802.11g information
06-25 14:28:15.379 944 944 D wpa_supplicant: nl80211: Mode IEEE 802.11g: 2412 2417 2422 2427 2432 2437 2442 2447 2452 2457 2462 2467 2472 2484[DISABLED]
06-25 14:28:15.380 944 944 D wpa_supplicant: nl80211: Mode IEEE 802.11a: 5170[DISABLED] 5180 5200 5220 5240 5260[RADAR] 5280[RADAR] 5300[RADAR] 5320[RADAR] 5500[DISABLED][RADAR] 5520[DISABLED][RADAR] 5540[DISABLED][RADAR] 5560[DISABLED][RADAR] 5580[DISABLED][RADAR]
06-25 14:28:15.380 944 944 D wpa_supplicant: nl80211: Mode IEEE 802.11b: 2412 2417 2422 2427 2432 2437 2442 2447 2452 2457 2462 2467 2472 2484[DISABLED]
06-25 14:28:15.380 944 944 D wpa_supplicant: wlan0: Determining shared radio frequencies (max len 2)
06-25 14:28:15.380 944 944 D wpa_supplicant: wlan0: Shared frequencies (len=0): completed iteration
06-25 14:28:15.380 944 944 D wpa_supplicant: P2P: Add operating class 81
06-25 14:28:15.380 944 944 D wpa_supplicant: P2P: Channels - hexdump(len=13): 01 02 03 04 05 06 07 08 09 0a 0b 0c 0d
06-25 14:28:15.380 944 944 D wpa_supplicant: P2P: Add operating class 115
06-25 14:28:15.380 944 944 D wpa_supplicant: P2P: Channels - hexdump(len=4): 24 28 2c 30
06-25 14:28:15.380 944 944 D wpa_supplicant: P2P: Add operating class 116
06-25 14:28:15.380 944 944 D wpa_supplicant: P2P: Channels - hexdump(len=2): 24 2c
06-25 14:28:15.380 944 944 D wpa_supplicant: P2P: Add operating class 117
06-25 14:28:15.380 944 944 D wpa_supplicant: P2P: Channels - hexdump(len=2): 28 30
06-25 14:28:15.380 944 944 D wpa_supplicant: P2P: Add operating class 124
06-25 14:28:15.380 944 944 D wpa_supplicant: P2P: Channels - hexdump(len=4): 95 99 9d a1
06-25 14:28:15.380 944 944 D wpa_supplicant: P2P: Add operating class 125
06-25 14:28:15.380 944 944 D wpa_supplicant: P2P: Channels - hexdump(len=5): 95 99 9d a1 a5
06-25 14:28:15.380 944 944 D wpa_supplicant: P2P: Add operating class 126
06-25 14:28:15.380 944 944 D wpa_supplicant: P2P: Channels - hexdump(len=2): 95 9d
06-25 14:28:15.380 944 944 D wpa_supplicant: P2P: Add operating class 127
06-25 14:28:15.380 944 944 D wpa_supplicant: P2P: Channels - hexdump(len=2): 99 a1
06-25 14:28:15.380 944 944 D wpa_supplicant: P2P: Add operating class 128
06-25 14:28:15.380 944 944 D wpa_supplicant: P2P: Channels - hexdump(len=8): 24 28 2c 30 95 99 9d a1
06-25 14:28:15.380 944 944 D wpa_supplicant: P2P: Add operating class 130
06-25 14:28:15.380 944 944 D wpa_supplicant: P2P: Channels - hexdump(len=9): 24 28 2c 30 95 99 9d a1 a5
06-25 14:28:15.380 944 944 D wpa_supplicant: P2P: Update channel list
06-25 14:28:15.380 944 944 D wpa_supplicant: P2P: channels: 81:1,2,3,4,5,6,7,8,9,10,11,12,13 115:36,40,44,48 116:36,44 117:40,48 124:149,153,157,161 125:149,153,157,161,165 126:149,157 127:153,161 128:36,40,44,48,149,153,157,161 130:36,40,44,48,149,153,157,161,165
06-25 14:28:15.380 944 944 D wpa_supplicant: P2P: cli_channels:
06-25 14:28:15.380 944 944 D wpa_supplicant: sprd_wpa_driver_nl80211_driver_cmd COUNTRY CN len = 0, 10
06-25 14:28:15.381 477 613 D WifiNative: onSetCountryCodeSucceeded: CN
06-25 14:28:15.381 477 613 I WifiCountryCode: Receive onSetCountryCodeSucceeded CN
06-25 14:28:15.382 477 957 D CCodecBufferChannel: [c2.android.vorbis.decoder#556] MediaCodec discarded an unknown buffer
06-25 14:28:15.382 477 957 D CCodecBufferChannel: [c2.android.vorbis.decoder#556] MediaCodec discarded an unknown buffer
06-25 14:28:15.384 477 957 D CCodecBufferChannel: [c2.android.vorbis.decoder#556] MediaCodec discarded an unknown buffer
06-25 14:28:15.387 477 613 D WakeupController: onWifiEnabled()
06-25 14:28:15.389 676 981 V MediaRouter: Selecting route: RouteInfo{ name=手机, description=null, status=null, category=RouteCategory{ name=系统 types=ROUTE_TYPE_LIVE_AUDIO ROUTE_TYPE_LIVE_VIDEO groupable=false }, supportedTypes=ROUTE_TYPE_LIVE_AUDIO ROUTE_TYPE_LIVE_VIDEO , presentationDisplay=null }
06-25 14:28:15.390 676 981 I MediaRouter: Skip setBluetoothA2dpOn(): types=8388615, isPlaybackActive()=false, BT route=null
06-25 14:28:15.391 477 957 I hw-BpHwBinder: onLastStrongRef automatically unlinking death recipients
06-25 14:28:15.392 477 613 W WifiClientModeImpl: No cached packet filter to apply
06-25 14:28:15.394 372 912 I hw-BpHwBinder: onLastStrongRef automatically unlinking death recipients
06-25 14:28:15.394 372 912 V C2Store : in ~ComponentModule
06-25 14:28:15.394 372 912 V C2Store : unloading dll
06-25 14:28:15.399 477 477 D BluetoothA2dp: Binding service...
06-25 14:28:15.401 477 613 D WifiClientModeImpl[wlan0]: entering ConnectableState: ifaceName = wlan0
06-25 14:28:15.402 477 965 I hw-BpHwBinder: onLastStrongRef automatically unlinking death recipients
01-01 08:00:20.711 348 348 E : recv_kernel_event address b4:2f:03:15:73:2f
06-25 14:28:15.404 477 477 D WifiP2pService: Wifi enabled=true
06-25 14:28:15.404 944 944 D wpa_supplicant: sprd_wpa_driver_nl80211_driver_cmd SETSUSPENDMODE 1 len = 0, 16
06-25 14:28:15.406 477 613 D WifiClientModeImpl[wlan0]: Start makeIpClient ifaceName = wlan0
06-25 14:28:15.484 676 676 E libEGL : validate_display:538 error 3001 (EGL_NOT_INITIALIZED)
06-25 14:28:15.488 756 986 E IpClient.wlan0: Failed to set accept_ra to 2
06-25 14:28:15.494 477 613 I WifiClientModeImpl[wlan0]: disconnectedstate enter
06-25 14:28:15.496 477 613 D WifiClientModeImpl[wlan0]: setupClientMode() ifacename = wlan0
06-25 14:28:15.503 658 658 E WifiHAL : wifi_start_pkt_fate_monitoring: packet fate logging feature not supported 0
06-25 14:28:15.508 477 613 E WifiVendorHal: startPktFateMonitoring(l.2352) failed {.code = ERROR_NOT_SUPPORTED, .description = }
06-25 14:28:15.508 477 613 W WifiDiags: Failed to start packet fate monitoring
06-25 14:28:15.517 658 658 E WifiHAL : wifi_get_driver_version: Error -5 happened.
06-25 14:28:15.517 658 658 E android.hardware.wifi@1.0-service-lazy: Failed to get driver version: INVALID_ARGS
06-25 14:28:15.519 477 613 E WifiVendorHal: requestChipDebugInfo(l.2167) failed {.code = ERROR_INVALID_ARGS, .description = failed to get driver version}
06-25 14:28:15.520 477 613 I WifiVendorHal: Driver: null Firmware: null
06-25 14:28:15.521 658 658 E WifiHAL : wifi_get_driver_version: Error -5 happened.
06-25 14:28:15.521 658 658 E android.hardware.wifi@1.0-service-lazy: Failed to get driver version: INVALID_ARGS
06-25 14:28:15.523 477 613 E WifiVendorHal: requestChipDebugInfo(l.2167) failed {.code = ERROR_INVALID_ARGS, .description = failed to get driver version}
06-25 14:28:15.523 477 613 I WifiVendorHal: Driver: null Firmware: null
06-25 14:28:15.525 658 658 E WifiHAL : wifi_get_ring_buffers_status: Ring buffer logging feature not supported 0
06-25 14:28:15.534 477 613 E WifiVendorHal: getRingBufferStatus(l.2244) failed {.code = ERROR_NOT_SUPPORTED, .description = }
06-25 14:28:15.535 477 613 W WifiDiags: no ring buffers found
06-25 14:28:15.535 477 613 D WifiDiags: startLogging() iface list is {wlan0} after adding wlan0
06-25 14:28:15.538 772 788 I com.android.se: Background concurrent copying GC freed 12870(641KB) AllocSpace objects, 0(0B) LOS objects, 49% free, 2774KB/5549KB, paused 179us total 133.505ms
06-25 14:28:15.543 756 765 I rkstack.proces: Background concurrent copying GC freed 19025(947KB) AllocSpace objects, 0(0B) LOS objects, 49% free, 3064KB/6128KB, paused 345us total 246.499ms
06-25 14:28:15.568 676 695 I ndroid.systemu: Background concurrent copying GC freed 30975(1335KB) AllocSpace objects, 0(0B) LOS objects, 49% free, 3562KB/7125KB, paused 153us total 756.716ms
06-25 14:28:15.604 794 801 I webview_zygote: Background concurrent copying GC freed 7745(416KB) AllocSpace objects, 0(0B) LOS objects, 49% free, 2867KB/5735KB, paused 167us total 146.333ms
06-25 14:28:15.609 676 676 V WallpaperService: Setting wallpaper dimming: 0
06-25 14:28:15.610 477 527 D CompatibilityChangeReporter: Compat change id reported: 158002302; UID 10067; state: ENABLED
06-25 14:28:15.617 187 187 I hwservicemanager: getTransport: Cannot find entry android.hardware.configstore@1.0::ISurfaceFlingerConfigs/default in either framework or device VINTF manifest.
06-25 14:28:15.618 676 954 D EglHelper: createEglContext start
06-25 14:28:15.626 676 954 D EglHelper: createEglContext done
06-25 14:28:15.626 676 954 D EglHelper: createEglSurface start
06-25 14:28:15.628 676 954 D EglHelper: createEglSurface done
06-25 14:28:15.640 477 526 I ActivityManagerTiming: FinishBooting
06-25 14:28:15.641 248 248 W Zygote : forkRepeatedly terminated due to non-simple command
06-25 14:28:15.642 248 248 D Zygote : mbuffer starts with 1 , nice name is , mEnd = 19, mNext = 19, mLinesLeft = 0, mFd = 4
06-25 14:28:15.644 477 526 I ActivityManager: About to commit checkpoint
06-25 14:28:15.645 477 526 I SystemServiceManager: Starting phase 1000
06-25 14:28:15.645 477 526 I ActivityManagerTiming: OnBootPhase_1000
06-25 14:28:15.645 477 526 E PowerStatsService: Failed to start PowerStatsService loggers
06-25 14:28:15.649 477 586 D AppStandbyController: Loading headless system app cache. appIdleEnabled=false
06-25 14:28:15.655 477 590 D RollbackManager: mRollbackLifetimeDurationInMillis=1209600000
06-25 14:28:15.661 477 559 V DisplayPowerController[0]: Brightness [0.39763778] reason changing to: 'manual', previous reason: 'override'.
06-25 14:28:15.676 477 526 D IorapForwardingService: BgJob Scheduled (jobId=283673059, interval: 86400000ms)
06-25 14:28:15.676 477 526 D TestHarnessModeService: Completing Test Harness Mode setup.
06-25 14:28:15.681 477 607 D StorageManagerService: Thinking about init, mBootCompleted=true, mDaemonConnected=true
06-25 14:28:15.681 477 607 D StorageManagerService: Setting up emulation state, initlocked=false
06-25 14:28:15.682 192 192 D vold : fscrypt_unlock_user_key 0 serial=0
06-25 14:28:15.682 477 607 D StorageManagerService: Thinking about reset, mBootCompleted=true, mDaemonConnected=true
06-25 14:28:15.683 477 607 I StorageSessionController: Started resetting external storage service...
06-25 14:28:15.683 477 607 I StorageSessionController: Finished resetting external storage service
06-25 14:28:15.683 477 607 I StorageManagerService: Resetting vold...
06-25 14:28:15.688 477 607 I StorageManagerService: Reset vold
06-25 14:28:15.688 192 192 I vold : onUserAdded: 0
06-25 14:28:15.691 477 523 D AdbService: boot completed
06-25 14:28:15.692 477 526 D SoundTriggerService: onBootPhase: 1000 : false
06-25 14:28:15.694 756 877 I Tethering: USB bcast connected:false configured:false rndis:false ncm:false
06-25 14:28:15.694 477 1001 I HibernationStateDiskStore: No hibernation file on disk for file /data/system/hibernation/states
06-25 14:28:15.695 477 526 D CompatibilityChangeReporter: Compat change id reported: 168936375; UID 1000; state: ENABLED
06-25 14:28:15.695 477 526 D CompatibilityChangeReporter: Compat change id reported: 168936375; UID 1000; state: DISABLED
06-25 14:28:15.699 477 523 E AdbDebuggingManager: Expected keyStore, but got tag=adbKey
06-25 14:28:15.700 477 523 E AdbDebuggingManager: Expected keyStore, but got tag=adbKey
06-25 14:28:15.701 477 526 D CompatibilityChangeReporter: Compat change id reported: 73144566; UID 1000; state: ENABLED
06-25 14:28:15.702 477 526 D CompatibilityChangeReporter: Compat change id reported: 73144566; UID 1000; state: DISABLED
06-25 14:28:15.708 477 526 D GameManagerService: onBootCompleted
06-25 14:28:15.710 387 391 I adbd : adbd_auth: received a new framework connection
06-25 14:28:15.711 387 391 I adbd : adbd_auth: received new framework fd 31 (current = -1)
06-25 14:28:15.711 477 526 D AppSearchStatsCollector: atoms registered
06-25 14:28:15.711 477 526 D ActivityManagerTiming: TotalBootTime took to complete: 7814ms
06-25 14:28:15.712 477 526 D SystemServerInitThreadPool: Shutdown requested
06-25 14:28:15.712 477 526 I SystemServerTiming: WaitInitThreadPoolShutdown
06-25 14:28:15.713 477 526 D SystemServerInitThreadPool: Shutdown successful
01-01 08:00:21.031 1 1 I init : processing action (sys.boot_completed=1) from (/system/etc/init/hw/init.rc:1130)
01-01 08:00:21.032 1 1 I init : starting service 'exec 16 (/bin/rm -rf /data/per_boot)'...
06-25 14:28:15.720 477 526 D ActivityManager: refreshZramWriteback
01-01 08:00:21.037 1 1 I init : SVC_EXEC service 'exec 16 (/bin/rm -rf /data/per_boot)' pid 1004 (uid 1000 gid 1000+0 context default) started; waiting...
06-25 14:28:15.721 477 526 D ActivityManager: real start flush
06-25 14:28:15.725 477 1005 W ZramWriteback: Writeback device is not set
06-25 14:28:15.726 477 1005 D ZramWriteback: wait to flush
06-25 14:28:15.726 477 526 I ActivityManager: User 0 state changed from BOOTING to RUNNING_LOCKED
06-25 14:28:15.726 477 526 W ActivityManager: UserLifecycleEvent 4 received without an active userJourneySession.
06-25 14:28:15.731 477 526 D StorageManagerService: unlockUserKey: 0 isFileEncryptedNativeOrEmulated: false hasToken: false hasSecret: false
06-25 14:28:15.732 477 526 W ActivityManager: UserLifecycleEvent 5 received without an active userJourneySession.
06-25 14:28:15.733 477 526 D ActivityManager: Started unlocking user 0
06-25 14:28:15.733 477 526 D ActivityManager: Unlocking user 0 progress 0
06-25 14:28:15.733 477 526 D ActivityManager: Unlocking user 0 progress 5
06-25 14:28:15.734 192 192 D vold : fscrypt_prepare_user_storage for volume null, user 0, serial 0, flags 2
06-25 14:28:15.734 192 192 D vold : Preparing: /data/system_ce/0
06-25 14:28:15.734 192 192 D vold : Preparing: /data/misc_ce/0
06-25 14:28:15.734 192 192 D vold : Preparing: /data/vendor_ce/0
06-25 14:28:15.735 192 192 D vold : Preparing: /data/media/0
06-25 14:28:15.735 192 192 D vold : Preparing: /data/data
06-25 14:28:15.735 192 192 D vold : Starting restorecon of /data/system_ce/0
06-25 14:28:15.740 192 192 D vold : Finished restorecon of /data/system_ce/0
06-25 14:28:15.740 192 192 D vold : Starting restorecon of /data/vendor_ce/0
01-01 08:00:21.055 1006 1006 I selinux : SELinux: Skipping restorecon on directory(/data/system_ce/0)
01-01 08:00:21.055 1006 1006 I selinux :
06-25 14:28:15.743 192 192 D vold : Finished restorecon of /data/vendor_ce/0
06-25 14:28:15.744 192 192 D vold : Starting restorecon of /data/misc_ce/0
01-01 08:00:21.059 1007 1007 I selinux : SELinux: Skipping restorecon on directory(/data/vendor_ce/0)
01-01 08:00:21.059 1007 1007 I selinux :
06-25 14:28:15.747 192 192 D vold : Finished restorecon of /data/misc_ce/0
01-01 08:00:21.063 1007 1007 I selinux : SELinux: Skipping restorecon on directory(/data/misc_ce/0)
06-25 14:28:15.747 192 192 D vold : /system/bin/vold_prepare_subdirs
01-01 08:00:21.063 1007 1007 I selinux :
06-25 14:28:15.747 192 192 D vold : prepare
06-25 14:28:15.747 192 192 D vold :
06-25 14:28:15.747 192 192 D vold : 0
06-25 14:28:15.748 192 192 D vold : 2
01-01 08:00:21.082 1 1 I init : Service 'exec 16 (/bin/rm -rf /data/per_boot)' (pid 1004) exited with status 0 waiting took 0.048000 seconds
06-25 14:28:15.793 1008 1008 D vold_prepare_subdirs: Setting up mode 771 uid 1000 gid 1000 context u:object_r:system_data_file:s0:c512,c768 on path: /data/data
06-25 14:28:15.795 1008 1008 D vold_prepare_subdirs: Setting up mode 700 uid 0 gid 0 context u:object_r:vold_data_file:s0 on path: /data/misc_ce/0/vold
06-25 14:28:15.796 1008 1008 D vold_prepare_subdirs: Setting up mode 700 uid 0 gid 0 context u:object_r:storaged_data_file:s0 on path: /data/misc_ce/0/storaged
06-25 14:28:15.797 1008 1008 D vold_prepare_subdirs: Setting up mode 700 uid 0 gid 0 context u:object_r:rollback_data_file:s0 on path: /data/misc_ce/0/rollback
06-25 14:28:15.796 328 328 I rainbow_flow: type=1400 audit(0.0:374): avc: denied { ioctl } for path="/dev/spidev1.0" dev="tmpfs" ino=5369 ioctlcmd=0x6b00 scontext=u:r:init:s0 tcontext=u:object_r:device:s0 tclass=chr_file permissive=1
06-25 14:28:15.801 1008 1008 D vold_prepare_subdirs: Setting up mode 700 uid 0 gid 0 context u:object_r:apex_rollback_data_file:s0 on path: /data/misc_ce/0/apexrollback
06-25 14:28:15.803 1008 1008 D vold_prepare_subdirs: Setting up mode 711 uid 0 gid 0 context u:object_r:apex_module_data_file:s0 on path: /data/misc_ce/0/apexdata
06-25 14:28:15.805 1008 1008 D vold_prepare_subdirs: Setting up mode 771 uid 0 gid 1000 context u:object_r:apex_wifi_data_file:s0 on path: /data/misc_ce/0/apexdata/com.android.wifi
06-25 14:28:15.806 1008 1008 D vold_prepare_subdirs: Setting up mode 771 uid 0 gid 1000 context u:object_r:apex_module_data_file:s0 on path: /data/misc_ce/0/apexdata/com.android.vndk.v31
06-25 14:28:15.808 1008 1008 D vold_prepare_subdirs: Setting up mode 771 uid 0 gid 1000 context u:object_r:apex_module_data_file:s0 on path: /data/misc_ce/0/apexdata/com.android.tzdata
06-25 14:28:15.811 1008 1008 D vold_prepare_subdirs: Setting up mode 771 uid 0 gid 1000 context u:object_r:apex_module_data_file:s0 on path: /data/misc_ce/0/apexdata/com.android.tethering
06-25 14:28:15.812 1008 1008 D vold_prepare_subdirs: Setting up mode 771 uid 0 gid 1000 context u:object_r:apex_module_data_file:s0 on path: /data/misc_ce/0/apexdata/com.android.sdkext
06-25 14:28:15.814 1008 1008 D vold_prepare_subdirs: Setting up mode 771 uid 0 gid 1000 context u:object_r:apex_module_data_file:s0 on path: /data/misc_ce/0/apexdata/com.android.scheduling
06-25 14:28:15.815 1008 1008 D vold_prepare_subdirs: Setting up mode 771 uid 0 gid 1000 context u:object_r:apex_module_data_file:s0 on path: /data/misc_ce/0/apexdata/com.android.runtime
06-25 14:28:15.816 1008 1008 D vold_prepare_subdirs: Setting up mode 771 uid 0 gid 1000 context u:object_r:apex_module_data_file:s0 on path: /data/misc_ce/0/apexdata/com.android.resolv
06-25 14:28:15.817 253 288 V audio_hw_primary: adev_set_parameters, A2dpSuspended=false
06-25 14:28:15.818 1008 1008 D vold_prepare_subdirs: Setting up mode 771 uid 0 gid 1000 context u:object_r:apex_permission_data_file:s0 on path: /data/misc_ce/0/apexdata/com.android.permission
06-25 14:28:15.819 1008 1008 D vold_prepare_subdirs: Setting up mode 771 uid 0 gid 1000 context u:object_r:apex_module_data_file:s0 on path: /data/misc_ce/0/apexdata/com.android.os.statsd
06-25 14:28:15.820 1008 1008 D vold_prepare_subdirs: Setting up mode 771 uid 0 gid 1000 context u:object_r:apex_module_data_file:s0 on path: /data/misc_ce/0/apexdata/com.android.neuralnetworks
06-25 14:28:15.821 1008 1008 D vold_prepare_subdirs: Setting up mode 771 uid 0 gid 1000 context u:object_r:apex_module_data_file:s0 on path: /data/misc_ce/0/apexdata/com.android.mediaprovider
06-25 14:28:15.822 1008 1008 D vold_prepare_subdirs: Setting up mode 771 uid 0 gid 1000 context u:object_r:apex_module_data_file:s0 on path: /data/misc_ce/0/apexdata/com.android.media.swcodec
06-25 14:28:15.823 1008 1008 D vold_prepare_subdirs: Setting up mode 771 uid 0 gid 1000 context u:object_r:apex_module_data_file:s0 on path: /data/misc_ce/0/apexdata/com.android.media
06-25 14:28:15.824 1008 1008 D vold_prepare_subdirs: Setting up mode 771 uid 0 gid 1000 context u:object_r:apex_module_data_file:s0 on path: /data/misc_ce/0/apexdata/com.android.ipsec
06-25 14:28:15.826 1008 1008 D vold_prepare_subdirs: Setting up mode 771 uid 0 gid 1000 context u:object_r:apex_module_data_file:s0 on path: /data/misc_ce/0/apexdata/com.android.i18n
06-25 14:28:15.827 1008 1008 D vold_prepare_subdirs: Setting up mode 771 uid 0 gid 1000 context u:object_r:apex_module_data_file:s0 on path: /data/misc_ce/0/apexdata/com.android.extservices
06-25 14:28:15.828 1008 1008 D vold_prepare_subdirs: Setting up mode 771 uid 0 gid 1000 context u:object_r:apex_module_data_file:s0 on path: /data/misc_ce/0/apexdata/com.android.conscrypt
06-25 14:28:15.830 1008 1008 D vold_prepare_subdirs: Setting up mode 771 uid 0 gid 1000 context u:object_r:apex_module_data_file:s0 on path: /data/misc_ce/0/apexdata/com.android.art
06-25 14:28:15.832 1008 1008 D vold_prepare_subdirs: Setting up mode 771 uid 0 gid 1000 context u:object_r:apex_appsearch_data_file:s0 on path: /data/misc_ce/0/apexdata/com.android.appsearch
06-25 14:28:15.834 1008 1008 D vold_prepare_subdirs: Setting up mode 771 uid 0 gid 1000 context u:object_r:apex_module_data_file:s0 on path: /data/misc_ce/0/apexdata/com.android.adbd
06-25 14:28:15.835 1008 1008 D vold_prepare_subdirs: Setting up mode 700 uid 1000 gid 1000 context u:object_r:backup_data_file:s0 on path: /data/system_ce/0/backup
06-25 14:28:15.836 1008 1008 D vold_prepare_subdirs: Setting up mode 700 uid 1000 gid 1000 context u:object_r:backup_data_file:s0 on path: /data/system_ce/0/backup_stage
06-25 14:28:15.837 1008 1008 D vold_prepare_subdirs: Setting up mode 700 uid 1000 gid 1000 context u:object_r:face_vendor_data_file:s0 on path: /data/vendor_ce/0/facedata
06-25 14:28:15.840 477 526 V UserDataPreparer: Found /data/user/0 with serial number 0
06-25 14:28:15.841 477 526 V UserDataPreparer: Found /data/system_ce/0 with serial number 0
06-25 14:28:15.842 477 526 D UserDataPreparer: Setting property: sys.user.0.ce_available=true
06-25 14:28:15.844 477 526 V PackageManager: reconcileAppsData for null u0 0x2 migrateAppData=false
06-25 14:28:15.857 253 288 V audio_hw_primary: adev_set_parameters, BT_SCO=off
06-25 14:28:15.870 477 631 I AS.AudioDeviceInventory: removePreferredDevicesForStrategySync, strategy: 14
06-25 14:28:15.901 818 833 I oid.tv.setting: Background concurrent copying GC freed 16006(979KB) AllocSpace objects, 0(0B) LOS objects, 49% free, 2856KB/5713KB, paused 341us total 147.456ms
06-25 14:28:15.936 187 187 I hwservicemanager: Notifying android.hardware.wifi@1.5::IWifi/default they have clients: 1
06-25 14:28:15.936 658 658 I HidlLazyUtils: Process has 1 (of 1 available) client(s) in use after notification android.hardware.wifi@1.5::IWifi/default has clients: 1
06-25 14:28:15.982 839 859 I id.ext.service: Background concurrent copying GC freed 14739(710KB) AllocSpace objects, 0(0B) LOS objects, 49% free, 2796KB/5593KB, paused 142us total 140.104ms
06-25 14:28:16.016 269 269 I EventThread: type=1400 audit(0.0:375): avc: denied { search } for name="extcon" dev="sysfs" ino=18109 scontext=u:r:hal_tv_cec_default:s0 tcontext=u:object_r:sysfs_extcon:s0 tclass=dir permissive=1
06-25 14:28:16.123 668 840 I bt_core_module: system/bt/btcore/src/module.cc:90 module_start_up: module_start_up Started module "controller_module"
06-25 14:28:16.125 668 840 I bt_btm_pm: system/bt/stack/acl/btm_pm.cc:392 btm_pm_reset: reset pm
06-25 14:28:16.126 668 840 I btm_acl : system/bt/stack/acl/btm_acl.cc:654 check_link_policy: hold not supported (settings: 0x000d)
06-25 14:28:16.126 668 840 I btm_acl : system/bt/stack/acl/btm_acl.cc:664 check_link_policy: park not supported (settings: 0x0005)
06-25 14:28:16.127 668 840 I bt_btm_sec: system/bt/stack/btm/btm_sec.cc:226 BTM_SecRegister: BTM_SecRegister p_cb_info->p_le_callback == 0x0xc7b1f6c1
06-25 14:28:16.127 668 840 I bt_btm_sec: system/bt/stack/btm/btm_sec.cc:241 BTM_SecRegister: BTM_SecRegister btm_cb.api.p_le_callback = 0x0xc7b1f6c1
06-25 14:28:16.128 668 983 I bluetooth: system/bt/stack/gatt/gatt_api.cc:1019 GATT_Register: Allocated name:GattClient uuid:2dac35e1-3b39-1373-a302-9e2bcebc753f gatt_if:3 eatt_support:0
06-25 14:28:16.157 668 983 I bt_stack: [INFO:ble_advertiser_hci_interface.cc(767)] Extended advertising will be in use
06-25 14:28:16.159 668 983 E bt_btif_storage: system/bt/btif/src/btif_storage.cc:632 btif_storage_get_adapter_property: btif_storage_get_adapter_property: Controller ready!
06-25 14:28:16.159 668 983 I bt_btif_storage: system/bt/btif/src/btif_storage.cc:661 btif_storage_get_adapter_property: btif_storage_get_adapter_property service_mask:0x20000000
06-25 14:28:16.160 668 983 I bt_stack: [INFO:btif_bqr.cc(229)] EnableBtQualityReport: is_enable: true
06-25 14:28:16.160 668 983 W bt_stack: [WARNING:btif_bqr.cc(237)] EnableBtQualityReport: Bluetooth Quality Report is disabled. bqr_prop_evtmask: , bqr_prop_interval_ms:
06-25 14:28:16.160 668 1010 I bt_osi_thread: system/bt/osi/src/thread.cc:209 run_thread: run_thread: thread id 1010, thread name btif_sock started
06-25 14:28:16.162 668 846 D AdapterProperties: BT_PROPERTY_LOCAL_LE_FEATURES: update from BT controller mNumOfAdvertisementInstancesSupported = 0 mRpaOffloadSupported = false mNumOfOffloadedIrkSupported = 0 mNumOfOffloadedScanFilterSupported = 0 mOffloadedScanResultStorageBytes= 0 mIsActivityAndEnergyReporting = false mVersSupported = 0 mTotNumOfTrackableAdv = 0 mIsExtendedScanSupported = false mIsDebugLogSupported = false mIsLe2MPhySupported = true mIsLeCodedPhySupported = true mIsLeExtendedAdvertisingSupported = true mIsLePeriodicAdvertisingSupported = true mLeMaximumAdvertisingDataLength = 1650 mDynamicAudioBufferSizeSupportedCodecsGroup1 = 0 mDynamicAudioBufferSizeSupportedCodecsGroup2 = 0
06-25 14:28:16.165 668 983 I bt_bte_conf: system/bt/main/bte_conf.cc:84 bte_load_did_conf: Device ID record 1 : primary
06-25 14:28:16.165 668 983 I bt_bte_conf: system/bt/main/bte_conf.cc:85 bte_load_did_conf: vendorId = 00e0
06-25 14:28:16.165 668 983 I bt_bte_conf: system/bt/main/bte_conf.cc:86 bte_load_did_conf: vendorIdSource = 0001
06-25 14:28:16.165 668 983 I bt_bte_conf: system/bt/main/bte_conf.cc:87 bte_load_did_conf: product = 1200
06-25 14:28:16.165 668 983 I bt_bte_conf: system/bt/main/bte_conf.cc:88 bte_load_did_conf: version = 1436
06-25 14:28:16.165 668 983 I bt_bte_conf: system/bt/main/bte_conf.cc:89 bte_load_did_conf: clientExecutableURL =
06-25 14:28:16.165 668 983 I bt_bte_conf: system/bt/main/bte_conf.cc:90 bte_load_did_conf: serviceDescription =
06-25 14:28:16.165 668 983 I bt_bte_conf: system/bt/main/bte_conf.cc:91 bte_load_did_conf: documentationURL =
06-25 14:28:16.165 668 983 I bt_bta_dm: system/bt/bta/dm/bta_dm_act.cc:3191 bta_dm_eir_update_uuid: EIR Adding UUID=0x1200 into extended inquiry response
06-25 14:28:16.165 668 983 I bt_bta_dm: system/bt/bta/dm/bta_dm_act.cc:2890 bta_dm_set_eir: Generating extended inquiry response packet EIR
06-25 14:28:16.165 668 983 I bt_bte_conf: system/bt/main/bte_conf.cc:47 bte_load_did_conf: bte_load_did_conf no section named DID2.
06-25 14:28:16.165 668 983 I bt_btif_core: system/bt/btif/src/btif_core.cc:312 btif_enable_bluetooth_evt: Bluetooth enable event completed
06-25 14:28:16.165 668 983 I bt_bta_dm: system/bt/bta/dm/bta_dm_act.cc:2890 bta_dm_set_eir: Generating extended inquiry response packet EIR
06-25 14:28:16.166 668 840 I bt_stack_manager: system/bt/btif/src/stack_manager.cc:311 event_start_up_stack: event_start_up_stack finished
06-25 14:28:16.164 170 170 I init : type=1400 audit(0.0:376): avc: denied { write } for name="dirty_expire_centisecs" dev="proc" ino=14755 scontext=u:r:vendor_init:s0 tcontext=u:object_r:proc_dirty:s0 tclass=file permissive=1
01-01 08:00:21.482 170 170 I init (170): drop_caches: 3
06-25 14:28:16.188 322 324 D XM_HIDREAD: add@ add@/kernel/slab/:0000008
06-25 14:28:16.184 327 327 I xiriservice_All: type=1400 audit(0.0:377): avc: denied { read } for scontext=u:r:init:s0 tcontext=u:r:init:s0 tclass=netlink_kobject_uevent_socket permissive=1
01-01 08:00:21.509 1 1 I zram0 : detected capacity change from 0 to 1541578752
06-25 14:28:16.214 315 315 D XiriService: check file name: /data/data/com.android.cts.priv.ctsshim/lib
06-25 14:28:16.212 315 315 I xiriservice_All: type=1400 audit(0.0:378): avc: denied { search } for name="com.android.cts.priv.ctsshim" dev="mmcblk0p25" ino=567 scontext=u:r:init:s0 tcontext=u:object_r:privapp_data_file:s0:c512,c768 tclass=dir permissive=1
06-25 14:28:16.212 315 315 I xiriservice_All: type=1400 audit(0.0:379): avc: denied { read } for name="lib" dev="mmcblk0p25" ino=30991 scontext=u:r:init:s0 tcontext=u:object_r:privapp_data_file:s0:c512,c768 tclass=lnk_file permissive=1
06-25 14:28:16.216 315 315 D XiriService: check file name: /data/data/com.android.cts.priv.ctsshim/lib
06-25 14:28:16.217 315 315 D XiriService: check file name: /data/data/com.android.cts.priv.ctsshim/lib
06-25 14:28:16.218 315 315 D XiriService: check file name: /data/data/com.android.cts.priv.ctsshim/lib
06-25 14:28:16.220 315 315 D XiriService: check file name: /data/data/com.android.dynsystem/lib
06-25 14:28:16.216 315 315 I xiriservice_All: type=1400 audit(0.0:380): avc: denied { search } for name="com.android.dynsystem" dev="mmcblk0p25" ino=575 scontext=u:r:init:s0 tcontext=u:object_r:system_app_data_file:s0 tclass=dir permissive=1
06-25 14:28:16.216 315 315 I xiriservice_All: type=1400 audit(0.0:381): avc: denied { read } for name="lib" dev="mmcblk0p25" ino=30994 scontext=u:r:init:s0 tcontext=u:object_r:system_app_data_file:s0 tclass=lnk_file permissive=1
06-25 14:28:16.224 315 315 D XiriService: check file name: /data/data/com.android.dynsystem/lib
06-25 14:28:16.224 315 315 D XiriService: check file name: /data/data/com.android.dynsystem/lib
06-25 14:28:16.224 315 315 D XiriService: check file name: /data/data/com.android.dynsystem/lib
06-25 14:28:16.226 315 315 D XiriService: check file name: /data/data/com.dangbei.lerad.rocky/lib
06-25 14:28:16.229 676 676 D Tonal : Tonal Palette - index: 4. Main color: ff1e447a
06-25 14:28:16.229 676 676 D Tonal : Colors: ff060d1a, ff0b162e, ff102343, ff17305c, ff1e447a, ff254a99, ff2d58b7, ff6180c3, ff6f8adc, ff889ce2, ffa5b0e9, ffced4f3, ffeaedfa
06-25 14:28:16.230 315 315 D XiriService: check file name: /data/data/com.dangbei.lerad.rocky/lib
06-25 14:28:16.230 315 315 D XiriService: check file name: /data/data/com.android.tv.settings/lib
06-25 14:28:16.230 676 676 D Tonal : Gradients:
06-25 14:28:16.230 676 676 D Tonal : Normal GradientColors(ff1e447a, ff1e447a)
06-25 14:28:16.230 676 676 D Tonal : Dark GradientColors(ff17305c, ff17305c)
06-25 14:28:16.230 676 676 D Tonal : Extra dark: GradientColors(ff102343, ff102343)
06-25 14:28:16.230 676 676 D Tonal : Tonal Palette - index: 4. Main color: ff1e447a
06-25 14:28:16.230 676 676 D Tonal : Colors: ff060d1a, ff0b162e, ff102343, ff17305c, ff1e447a, ff254a99, ff2d58b7, ff6180c3, ff6f8adc, ff889ce2, ffa5b0e9, ffced4f3, ffeaedfa
06-25 14:28:16.230 676 676 D Tonal : Gradients:
06-25 14:28:16.230 676 676 D Tonal : Normal GradientColors(ff1e447a, ff1e447a)
06-25 14:28:16.230 676 676 D Tonal : Dark GradientColors(ff17305c, ff17305c)
06-25 14:28:16.230 676 676 D Tonal : Extra dark: GradientColors(ff102343, ff102343)
06-25 14:28:16.230 315 315 D XiriService: check file name: /data/data/com.android.tv.settings/lib
06-25 14:28:16.230 315 315 D XiriService: check file name: /data/data/com.android.tv.settings/lib
06-25 14:28:16.232 315 315 D XiriService: check file name: /data/data/com.oranth.factory/lib
06-25 14:28:16.233 315 315 D XiriService: check file name: /data/data/com.oranth.factory/lib
06-25 14:28:16.233 315 315 D XiriService: check file name: /data/data/com.oranth.factory/lib
06-25 14:28:16.234 315 315 D XiriService: check file name: /data/data/com.dangbei.zhushou.os/lib
06-25 14:28:16.235 315 315 D XiriService: check file name: /data/data/com.dangbei.zhushou.os/lib
06-25 14:28:16.237 315 315 D XiriService: check file name: /data/data/com.sohu.inputmethod.sogou.tv/lib
06-25 14:28:16.236 315 315 I xiriservice_All: type=1400 audit(0.0:382): avc: denied { search } for name="com.sohu.inputmethod.sogou.tv" dev="mmcblk0p25" ino=1406 scontext=u:r:init:s0 tcontext=u:object_r:app_data_file:s0:c48,c256,c512,c768 tclass=dir permissive=1
06-25 14:28:16.236 315 315 I xiriservice_All: type=1400 audit(0.0:383): avc: denied { read } for name="lib" dev="mmcblk0p25" ino=31299 scontext=u:r:init:s0 tcontext=u:object_r:app_data_file:s0:c48,c256,c512,c768 tclass=lnk_file permissive=1
06-25 14:28:16.240 315 315 D XiriService: check file name: /data/data/com.sohu.inputmethod.sogou.tv/lib
06-25 14:28:16.241 315 315 D XiriService: check file name: /data/data/com.oranth.ledstatus/lib
06-25 14:28:16.242 315 315 D XiriService: check file name: /data/data/com.oranth.ledstatus/lib
06-25 14:28:16.242 315 315 D XiriService: check file name: /data/data/com.oranth.ledstatus/lib
06-25 14:28:16.244 315 315 D XiriService: check file name: /data/data/com.dangbei.lerad.videoposter/lib
06-25 14:28:16.240 315 315 I xiriservice_All: type=1400 audit(0.0:384): avc: denied { search } for name="com.dangbei.lerad.videoposter" dev="mmcblk0p25" ino=747 scontext=u:r:init:s0 tcontext=u:object_r:app_data_file:s0:c512,c768 tclass=dir permissive=1
06-25 14:28:16.240 315 315 I xiriservice_All: type=1400 audit(0.0:385): avc: denied { read } for name="lib" dev="mmcblk0p25" ino=31302 scontext=u:r:init:s0 tcontext=u:object_r:app_data_file:s0:c512,c768 tclass=lnk_file permissive=1
06-25 14:28:16.245 315 315 D XiriService: check file name: /data/data/com.dangbei.lerad.videoposter/lib
06-25 14:28:16.246 315 315 D XiriService: check file name: /data/data/com.android.networkstack/lib
06-25 14:28:16.244 315 315 I xiriservice_All: type=1400 audit(0.0:386): avc: denied { read } for name="lib" dev="mmcblk0p25" ino=31033 scontext=u:r:init:s0 tcontext=u:object_r:radio_data_file:s0 tclass=lnk_file permissive=1
01-01 08:00:21.563 1 1 I mkswap : Swapspace size: 1505444k, UUID=b25b96ee-41f0-4157-8ad7-5d3f115a5332
06-25 14:28:16.247 315 315 D XiriService: check file name: /data/data/com.android.networkstack/lib
06-25 14:28:16.248 315 315 D XiriService: check file name: /data/data/android/lib
06-25 14:28:16.248 315 315 D XiriService: check file name: /data/data/android/lib
06-25 14:28:16.248 315 315 D XiriService: check file name: /data/data/android/lib
06-25 14:28:16.248 315 315 D XiriService: check file name: /data/data/android/lib
06-25 14:28:16.250 315 315 D XiriService: check file name: /data/data/com.dangbei.screencast/lib
06-25 14:28:16.250 315 315 D XiriService: check file name: /data/data/com.dangbei.screencast/lib
06-25 14:28:16.251 315 315 D XiriService: check file name: /data/data/com.dangbei.leard.leradlauncher/lib
