06-25 14:28:28.657 1051 1276 E dangbei111: cccccc input中没有遥控器存在
06-25 14:28:28.658 1051 1276 E dangbei111: cccccc 蓝牙状态连接 不是连接状态 啥都不干
06-25 14:28:28.660 1051 1276 E dangbei111: cccccc 蓝牙状态连接 配对状态 尝试connect
06-25 14:28:28.666 1051 1276 D BluetoothGatt: connect() - device: E4:BB:D3:57:C0:18, auto: true
06-25 14:28:28.666 1051 1276 D BluetoothGatt: registerApp()
06-25 14:28:28.666 1051 1276 D BluetoothGatt: registerApp() - UUID=c11785d2-8e57-491c-b7ff-4521cef2e77e
06-25 14:28:28.675 2401 2401 I MultiDex: VM with version 2.1.0 has multidex support
06-25 14:28:28.675 2401 2401 I MultiDex: Installing application
06-25 14:28:28.675 2401 2401 I MultiDex: VM has multidex support, MultiDex support library is disabled.
06-25 14:28:28.677 668 983 I bluetooth: system/bt/stack/gatt/gatt_api.cc:1019 GATT_Register: Allocated name:GattClient uuid:b456c032-5e6a-1aeb-0e26-904d1cdc3f59 gatt_if:5 eatt_support:0
06-25 14:28:28.678 1051 1276 E dangbei111 : cccccc 开启检查任务
06-25 14:28:28.678 1051 1253 D BluetoothGatt: onClientRegistered() - status=0 clientIf=5
06-25 14:28:28.683 668 846 I bt_btif_config: system/bt/btif/src/btif_config.cc:137 btif_get_device_type: Device [e4:bb:d3:57:c0:18] device type 2
06-25 14:28:28.685 1051 1276 E dangbei111: cccccc 开始扫描
06-25 14:28:28.685 1051 1276 D BluetoothAdapter: isLeEnabled(): ON
06-25 14:28:28.691 668 983 I bluetooth: system/bt/stack/gatt/gatt_api.cc:1019 GATT_Register: Allocated name:GattClient uuid:ce82be0f-20ab-3c1e-aaef-3c8a61e35de0 gatt_if:6 eatt_support:0
06-25 14:28:28.692 1051 1253 D BluetoothLeScanner: onScannerRegistered() - status=0 scannerId=6 mScannerId=0
06-25 14:28:28.693 2270 2321 I System.out: true
06-25 14:28:28.708 2401 2401 E PartsInfoProvider: onCreate:
06-25 14:28:28.716 477 578 W ActivityManager: Background start not allowed: service Intent { act=com.dangbei.screencast.STARTUP pkg=com.dangbei.screencast } to com.dangbei.screencast/.startup.StartupService from pid=2401 uid=10013 pkg=com.dangbei.screencast startFg?=false
06-25 14:28:28.720 2401 2401 W System.err: android.app.BackgroundServiceStartNotAllowedException: Not allowed to start service Intent { act=com.dangbei.screencast.STARTUP pkg=com.dangbei.screencast }: app is in background uid UidRecord{1f46765 u0a13 RCVR idle change:idle|uncached procs:0 seq(0,0,0)}
06-25 14:28:28.721 2401 2401 W System.err: at android.app.ContextImpl.startServiceCommon(ContextImpl.java:1861)
06-25 14:28:28.721 2401 2401 W System.err: at android.app.ContextImpl.startService(ContextImpl.java:1817)
06-25 14:28:28.721 2401 2401 W System.err: at android.content.ContextWrapper.startService(ContextWrapper.java:774)
06-25 14:28:28.721 2401 2401 W System.err: at b.f.f.h.g.k.a(Unknown Source:20)
06-25 14:28:28.721 2401 2401 W System.err: at com.dangbei.screencast.provider.PartsInfoProvider.onCreate(:2)
06-25 14:28:28.722 2401 2401 W System.err: at android.content.ContentProvider.attachInfo(ContentProvider.java:2404)
06-25 14:28:28.722 2401 2401 W System.err: at android.content.ContentProvider.attachInfo(ContentProvider.java:2374)
06-25 14:28:28.722 2401 2401 W System.err: at android.app.ActivityThread.installProvider(ActivityThread.java:7437)
06-25 14:28:28.722 2401 2401 W System.err: at android.app.ActivityThread.installContentProviders(ActivityThread.java:6954)
06-25 14:28:28.722 2401 2401 W System.err: at android.app.ActivityThread.handleBindApplication(ActivityThread.java:6725)
06-25 14:28:28.722 2401 2401 W System.err: at android.app.ActivityThread.access$1500(ActivityThread.java:247)
06-25 14:28:28.722 2401 2401 W System.err: at android.app.ActivityThread$H.handleMessage(ActivityThread.java:2053)
06-25 14:28:28.722 2401 2401 W System.err: at android.os.Handler.dispatchMessage(Handler.java:106)
06-25 14:28:28.722 2401 2401 W System.err: at android.os.Looper.loopOnce(Looper.java:201)
06-25 14:28:28.722 2401 2401 W System.err: at android.os.Looper.loop(Looper.java:288)
06-25 14:28:28.722 2401 2401 W System.err: at android.app.ActivityThread.main(ActivityThread.java:7854)
06-25 14:28:28.722 2401 2401 W System.err: at java.lang.reflect.Method.invoke(Native Method)
06-25 14:28:28.722 2401 2401 W System.err: at com.android.internal.os.RuntimeInit$MethodAndArgsCaller.run(RuntimeInit.java:548)
06-25 14:28:28.722 2401 2401 W System.err: at com.android.internal.os.ZygoteInit.main(ZygoteInit.java:1182)
06-25 14:28:28.724 668 691 W UnsafeUtil: platform method missing - proto runtime falling back to safer methods: java.lang.NoSuchMethodException: sun.misc.Unsafe.copyMemory [class java.lang.Object, long, class java.lang.Object, long, long]
06-25 14:28:28.728 477 1298 W ActivityManager: Background start not allowed: service Intent { act=com.dangbei.screencast.STARTUP pkg=com.dangbei.screencast } to com.dangbei.screencast/.startup.StartupService from pid=2401 uid=10013 pkg=com.dangbei.screencast startFg?=false
06-25 14:28:28.729 2401 2401 W System.err: android.app.BackgroundServiceStartNotAllowedException: Not allowed to start service Intent { act=com.dangbei.screencast.STARTUP pkg=com.dangbei.screencast }: app is in background uid UidRecord{1f46765 u0a13 RCVR idle change:idle|uncached procs:0 seq(0,0,0)}
06-25 14:28:28.729 254 254 E bt_upio : upio_set : /proc/bluetooth/sleep/btwrite(-1) incorrent
06-25 14:28:28.730 2401 2401 W System.err: at android.app.ContextImpl.startServiceCommon(ContextImpl.java:1861)
06-25 14:28:28.730 2401 2401 W System.err: at android.app.ContextImpl.startService(ContextImpl.java:1817)
06-25 14:28:28.730 2401 2401 W System.err: at android.content.ContextWrapper.startService(ContextWrapper.java:774)
06-25 14:28:28.730 2401 2401 W System.err: at b.f.f.h.g.k.a(Unknown Source:20)
06-25 14:28:28.730 2401 2401 W System.err: at com.dangbei.screencast.common.utils.remotepreferences.ScreenCastPreferenceProvider.onCreate(Unknown Source:11)
06-25 14:28:28.730 2401 2401 W System.err: at android.content.ContentProvider.attachInfo(ContentProvider.java:2404)
06-25 14:28:28.730 2401 2401 W System.err: at android.content.ContentProvider.attachInfo(ContentProvider.java:2374)
06-25 14:28:28.730 2401 2401 W System.err: at android.app.ActivityThread.installProvider(ActivityThread.java:7437)
06-25 14:28:28.730 2401 2401 W System.err: at android.app.ActivityThread.installContentProviders(ActivityThread.java:6954)
06-25 14:28:28.730 2401 2401 W System.err: at android.app.ActivityThread.handleBindApplication(ActivityThread.java:6725)
06-25 14:28:28.730 2401 2401 W System.err: at android.app.ActivityThread.access$1500(ActivityThread.java:247)
06-25 14:28:28.730 2401 2401 W System.err: at android.app.ActivityThread$H.handleMessage(ActivityThread.java:2053)
06-25 14:28:28.730 2401 2401 W System.err: at android.os.Handler.dispatchMessage(Handler.java:106)
06-25 14:28:28.730 2401 2401 W System.err: at android.os.Looper.loopOnce(Looper.java:201)
06-25 14:28:28.730 2401 2401 W System.err: at android.os.Looper.loop(Looper.java:288)
06-25 14:28:28.730 2401 2401 W System.err: at android.app.ActivityThread.main(ActivityThread.java:7854)
06-25 14:28:28.730 2401 2401 W System.err: at java.lang.reflect.Method.invoke(Native Method)
06-25 14:28:28.730 2401 2401 W System.err: at com.android.internal.os.RuntimeInit$MethodAndArgsCaller.run(RuntimeInit.java:548)
06-25 14:28:28.730 2401 2401 W System.err: at com.android.internal.os.ZygoteInit.main(ZygoteInit.java:1182)
06-25 14:28:28.733 1051 1276 E dangbei111: cccccc 开始扫描
06-25 14:28:28.733 1051 1276 D BluetoothAdapter: isLeEnabled(): ON
06-25 14:28:28.777 2401 2401 D AndroidAutoSize: designWidthInDp = 360, designHeightInDp = 640, screenWidth = 1920, screenHeight = 1080
06-25 14:28:28.777 2401 2401 D AndroidAutoSize: initDensity = 1.5, initScaledDensity = 1.5
06-25 14:28:28.800 477 578 D CompatibilityChangeReporter: Compat change id reported: 149924527; UID 10013; state: ENABLED
06-25 14:28:28.800 477 578 D CompatibilityChangeReporter: Compat change id reported: 132649864; UID 10013; state: DISABLED
06-25 14:28:28.812 2401 2401 I SharedPreferenc: type=1400 audit(0.0:1100): avc: denied { open } for path="/data/user/0/com.dangbei.screencast/shared_prefs/DEVICE_ID.xml" dev="mmcblk0p25" ino=2368 scontext=u:r:platform_app:s0:c512,c768 tcontext=u:object_r:app_data_file:s0:c512,c768 tclass=file permissive=1 app=com.dangbei.screencast
06-25 14:28:28.836 2401 2401 I Thread-4: type=1400 audit(0.0:1101): avc: denied { lock } for path="/data/user/0/com.dangbei.screencast/files/.imprint" dev="mmcblk0p25" ino=2392 scontext=u:r:platform_app:s0:c512,c768 tcontext=u:object_r:app_data_file:s0:c512,c768 tclass=file permissive=1 app=com.dangbei.screencast
06-25 14:28:28.908 2401 2401 I Thread-4: type=1400 audit(0.0:1102): avc: denied { read } for name="logs" dev="mmcblk0p25" ino=1895 scontext=u:r:platform_app:s0:c512,c768 tcontext=u:object_r:app_data_file:s0:c512,c768 tclass=dir permissive=1 app=com.dangbei.screencast
06-25 14:28:28.914 2401 2467 I crashsdk: version unique build id: 6230cced
06-25 14:28:28.908 2401 2401 I Thread-4: type=1400 audit(0.0:1103): avc: denied { open } for path="/data/user/0/com.dangbei.screencast/crashsdk/logs" dev="mmcblk0p25" ino=1895 scontext=u:r:platform_app:s0:c512,c768 tcontext=u:object_r:app_data_file:s0:c512,c768 tclass=dir permissive=1 app=com.dangbei.screencast
06-25 14:28:28.924 2401 2401 I gbei.screencast: type=1400 audit(0.0:1104): avc: denied { search } for name="net" dev="sysfs" ino=10442 scontext=u:r:platform_app:s0:c512,c768 tcontext=u:object_r:sysfs_net:s0 tclass=dir permissive=1 app=com.dangbei.screencast
01-01 08:00:34.245 2401 2401 W audit : audit_lost=641 audit_rate_limit=5 audit_backlog_limit=64
01-01 08:00:34.245 2401 2401 E audit : rate limit exceeded
06-25 14:28:28.936 2401 2471 D crashsdk: Native log stat thread 2471 setup, waiting
06-25 14:28:28.938 2401 2452 I crashsdk: begin hack android.os.Process
06-25 14:28:28.938 2401 2452 I crashsdk: end hack android.os.Process
06-25 14:28:28.974 2401 2452 I Matrix.AnrTracer: anrTrace, final mAnrBeatTime:400, mAnrBeatRate:400
06-25 14:28:28.978 2401 2475 W efs.send_log: tryFileLock start!
06-25 14:28:28.981 2401 2482 W efs.send_log: tryFileLock sendlock sucess! processname: com.dangbei.screencast
06-25 14:28:28.986 2401 2475 I efs.config: --->>> 删除旧的配置文件 false
06-25 14:28:28.986 2401 2452 D LaunchConfigManager: check in allready
06-25 14:28:28.987 2401 2484 I efs.base: lt=event`ev_ct=efs_core`ev_ac=pvuv`tm=2025-06-25 14:28:98`dn=884562d0-54da-4cce-9d74-00e5c75509d9`ps=com.dangbei.screencast`um_os=android`stime=1750832908642`pid=2401`fr=android`pkg=com.dangbei.screencast`vcode=20830`dsp_w=1920`uid=884562d0-54da-4cce-9d74-00e5c75509d9`rom=12`wid=884562d0-54da-4cce-9d74-00e5c75509d9`um_app_carrier=`um_access=wifi`um_app_channel=os`um_crash_sdk_version=1.4.0`ctime=1750832908`model=dbbox-a2`lang=zh`net=wifi`brand=dangbei`dsp_h=1080`um_network_type=0`ver=v2.8.3`build_model=DBBOX-A2`w_tm=1750832908`appid=5fc60c21094d637f3130af19`um_umid_header=ai1cc720f47734fc58e671cdbea6807313`sdk=31`tzone=Asia/Shanghai`sdk_ver=1.3.6.umeng
06-25 14:28:28.988 2401 2486 I LaunchTrace: begin sendLaunchCache
06-25 14:28:28.989 2401 2475 I efs.config: current config version (-1) is older than another (1735614866)
06-25 14:28:28.990 2401 2475 I efs.config: load config from storage and notify observer
06-25 14:28:29.000 2401 2401 I TDLog : setReportUncaughtExceptions: true
06-25 14:28:29.003 2401 2401 E Application: onCreate:Version:v2.8.3/20830/883432e
06-25 14:28:29.035 2401 2453 I TDLog : TalkingData SDK init...
06-25 14:28:29.035 2401 2453 I TDLog : SDK_VERSION is: Android+TD+V5.0.7 gp Type:Native Build_Num:2141
06-25 14:28:29.035 2401 2453 I TDLog : App ID is: B9D7815EC975466AB1332111FCE62DF5
06-25 14:28:29.035 2401 2453 I TDLog : App Channel is: os
06-25 14:28:29.035 2401 2453 I TDLog : App Custom is:
06-25 14:28:29.035 2401 2453 I TDLog : SDK_OVC is: TDOVC+a3bb7754719798526508b6caad480dd7+SaaS
06-25 14:28:29.049 477 1298 I ActivityManager: Background started FGS: Allowed [callingPackage: com.dangbei.screencast; callingUid: 10013; uidState: RCVR; intent: Intent { act=com.dangbei.screencast.STARTUP pkg=com.dangbei.screencast }; code:SYSTEM_ALERT_WINDOW_PERMISSION; tempAllowListReason:; targetSdkVersion:28; callerTargetSdkVersion:28; startForegroundCount:0; bindFromPackage:null]
06-25 14:28:29.072 2401 2401 I crashsdk: Catcher mask: 5000, 20480
06-25 14:28:29.073 2401 2401 I crashsdk: Catcher thread 2408
06-25 14:28:29.073 2401 2401 D crashsdk: Register ANR handler ...
06-25 14:28:29.077 2401 2484 W efs.info.manager: network change: wifi
06-25 14:28:29.089 477 578 W ActivityManager: Foreground service started from background can not have location/camera/microphone access: service com.dangbei.screencast/.startup.StartupService
06-25 14:28:29.093 477 534 I ActivityManager: Deferring FGS notification in legacy app com.dangbei.screencast/u0a13 : Notification(channel=channel_record shortcut=null contentView=null vibrate=null sound=null defaults=0x0 flags=0x60 color=0x00000000 category=transport vis=PUBLIC)
06-25 14:28:29.116 2401 2401 E raop : *********************AirplayBroadcastServer+++++++++
06-25 14:28:29.121 477 623 D NsdService: New client listening to asynchronous messages
06-25 14:28:29.121 477 623 D NsdService: New client, channel: com.android.internal.util.AsyncChannel@34f90cb messenger: android.os.Messenger@f00b0a8
06-25 14:28:29.122 2401 2401 D CompatibilityChangeReporter: Compat change id reported: 191844585; UID 10013; state: DISABLED
06-25 14:28:29.148 477 578 I ActivityManager: Background started FGS: Allowed [callingPackage: com.dangbei.screencast; callingUid: 10013; uidState: FGS ; intent: Intent { cmp=com.dangbei.screencast/.huaweicast.service.HuaweiCastService }; code:PROC_STATE_FGS; tempAllowListReason:; targetSdkVersion:28; callerTargetSdkVersion:28; startForegroundCount:0; bindFromPackage:null]
06-25 14:28:29.154 2401 2401 E H264FrameQueue: H264FrameQueue: mFullQueueCount:200
06-25 14:28:29.167 1111 1525 D wenhc : getScreenInfo uri = content://com.dangbei.screencast.parts.info/screen_cast
06-25 14:28:29.184 2401 2489 I MobclickAgent: module init:azioc
06-25 14:28:29.328 477 1298 D CompatibilityChangeReporter: Compat change id reported: 168419799; UID 1000; state: DISABLED
06-25 14:28:29.330 2401 2401 E HuaweiCastService: onCreate called().
06-25 14:28:29.331 1286 1286 D RockyVoice: RestartReceiver onReceive
06-25 14:28:29.340 2270 2282 W System : A resource failed to call close.
06-25 14:28:29.341 477 578 I WifiService: acquireMulticastLock uid=10013
06-25 14:28:29.341 1286 1286 D RockyVoice: RestartReceiver onReceive
06-25 14:28:29.345 477 583 I WifiService: acquireMulticastLock uid=10013
06-25 14:28:29.351 477 583 W TelephonyPermissions: reportAccessDeniedToReadIdentifiers:com.dangbei.screencast:getSerial:-1
06-25 14:28:29.351 477 1298 D CompatibilityChangeReporter: Compat change id reported: 135634846; UID 10022; state: DISABLED
06-25 14:28:29.352 477 1298 D CompatibilityChangeReporter: Compat change id reported: 177438394; UID 10022; state: DISABLED
06-25 14:28:29.352 477 1298 D CompatibilityChangeReporter: Compat change id reported: 135772972; UID 10022; state: DISABLED
06-25 14:28:29.352 477 1298 D CompatibilityChangeReporter: Compat change id reported: 135754954; UID 10022; state: ENABLED
06-25 14:28:29.353 477 535 D CompatibilityChangeReporter: Compat change id reported: 143937733; UID 10022; state: ENABLED
06-25 14:28:29.356 2401 2401 E PlayerClient: registerCallback com.dangbei.screencast.huaweicast.service.HuaweiCastService$a@35d1927
06-25 14:28:29.356 2401 2401 D PlayerClient: registerCallback true
06-25 14:28:29.356 2401 2401 D PlayerClient: init.
06-25 14:28:29.363 2401 2401 W KIT_FWK_a: KitFwk is not installed, pls do not use related interfaces.
06-25 14:28:29.365 2401 2401 W KIT_FWK_a: KitFwk is not installed, pls do not use related interfaces.
06-25 14:28:29.365 2401 2401 E PlayerClient: bind player service by aar.
06-25 14:28:29.369 1111 1525 E hq : ErrorCoroutineExceptionHandler:::runTry error:com.dangbei.leard.base.proider.error.EmptyApiException: 数据为空 from=requestMessageDialog from=requestMessageDialog
06-25 14:28:29.374 248 248 D Zygote : Forked child process 2543
06-25 14:28:29.379 2401 2401 D PlayerClient: bind player sink service true
06-25 14:28:29.379 477 535 I ActivityManager: app.processName = com.android.externalstorage
06-25 14:28:29.379 477 535 I ActivityManager: Start proc 2543:com.android.externalstorage/u0a22 for broadcast {com.android.externalstorage/com.android.externalstorage.MountReceiver}
06-25 14:28:29.383 477 1298 W ActivityManager: Foreground service started from background can not have location/camera/microphone access: service com.dangbei.screencast/.huaweicast.service.HuaweiCastService
06-25 14:28:29.385 2401 2401 E HuaweiCastService: startForeground!
06-25 14:28:29.390 2543 2543 I Zygote : seccomp disabled by setenforce 0
06-25 14:28:29.391 2401 2401 E HuaweiCastService: onStartCommand in 0
06-25 14:28:29.403 2401 2401 D HiSight-SinkService: onCreate.
06-25 14:28:29.406 2401 2401 D HiSight-ConnectionManager: start ConnectionManager
06-25 14:28:29.414 2401 2401 D HiSight-SinkService: onBind.
06-25 14:28:29.420 2401 2401 D PlayerClient: service connected.
06-25 14:28:29.420 2401 2401 D HiSight-SinkService: ITaskBinder registerCallback: true
06-25 14:28:29.420 2401 2401 D HiSight-HiSightManager: ITaskBinder registerCallback.
06-25 14:28:29.420 2401 2401 D HiSight-CallbackManager: addNewCallback. com.dangbei.screencast.huaweicast.service.HuaweiCastService$a@35d1927
06-25 14:28:29.421 2401 2401 E HuaweiCastService: eventId: 4001
06-25 14:28:29.422 2401 2401 E HuaweiCastService: mPlayerClient is null.
06-25 14:28:29.423 387 396 I adbd : jdwp connection from 2543
06-25 14:28:29.423 2401 2401 D HiSight-HiSightManager: check capability vbr range not setting, using default value
06-25 14:28:29.423 2401 2401 E HuaweiCastService: mPlayerClient is null.
06-25 14:28:29.423 2401 2401 D HiSight-SinkService: setAuthMode
06-25 14:28:29.423 2401 2401 W HiSight-ConnectionManager: mSinkId is empty
06-25 14:28:29.465 477 583 D CompatibilityChangeReporter: Compat change id reported: 168419799; UID 10022; state: DISABLED
06-25 14:28:29.469 477 525 W IorapForwardingService: No service published for: iorapd
06-25 14:28:29.475 2543 2543 D CompatibilityChangeReporter: Compat change id reported: 171979766; UID 10022; state: ENABLED
06-25 14:28:29.525 2543 2543 V GraphicsEnvironment: ANGLE Developer option for 'com.android.externalstorage' set to: 'default'
06-25 14:28:29.525 2543 2543 V GraphicsEnvironment: Neither updatable production driver nor prerelease driver is supported.
06-25 14:28:29.527 2543 2543 D NetworkSecurityConfig: No Network Security Config specified, using platform default
06-25 14:28:29.527 2543 2543 D NetworkSecurityConfig: No Network Security Config specified, using platform default
06-25 14:28:29.540 2543 2543 D ExternalStorage: After updating volumes, found 1 active roots
06-25 14:28:29.550 2543 2543 D ExternalStorage: After updating volumes, found 1 active roots
06-25 14:28:29.563 818 818 E DiskReceiver: Missing fsUuid, not launching activity.
06-25 14:28:29.567 477 583 I ActivityManager: com.tv.filemanager.os is exempt from freezer
06-25 14:28:29.567 477 583 D CompatibilityChangeReporter: Compat change id reported: 135634846; UID 10049; state: DISABLED
06-25 14:28:29.568 477 583 D CompatibilityChangeReporter: Compat change id reported: 177438394; UID 10049; state: DISABLED
06-25 14:28:29.568 477 583 D CompatibilityChangeReporter: Compat change id reported: 135772972; UID 10049; state: DISABLED
06-25 14:28:29.569 477 583 D CompatibilityChangeReporter: Compat change id reported: 135754954; UID 10049; state: DISABLED
06-25 14:28:29.571 477 535 D CompatibilityChangeReporter: Compat change id reported: 143937733; UID 10049; state: DISABLED
06-25 14:28:29.590 248 248 D Zygote : Forked child process 2586
06-25 14:28:29.591 477 535 I ActivityManager: app.processName = com.tv.filemanager.os
06-25 14:28:29.591 477 535 I ActivityManager: Start proc 2586:com.tv.filemanager.os/u0a49 for broadcast {com.tv.filemanager.os/com.dangbei.lerad.filemanager.receives.USBReceiver}
06-25 14:28:29.600 2586 2586 I Zygote : seccomp disabled by setenforce 0
06-25 14:28:29.631 387 396 I adbd : jdwp connection from 2586
06-25 14:28:29.637 477 583 D CompatibilityChangeReporter: Compat change id reported: 168419799; UID 10049; state: DISABLED
06-25 14:28:29.646 2586 2586 D CompatibilityChangeReporter: Compat change id reported: 171979766; UID 10049; state: DISABLED
06-25 14:28:29.654 2586 2586 D ApplicationLoaders: Returning zygote-cached class loader: /system/framework/android.test.base.jar
06-25 14:28:29.805 2586 2586 V GraphicsEnvironment: ANGLE Developer option for 'com.tv.filemanager.os' set to: 'default'
06-25 14:28:29.806 2586 2586 V GraphicsEnvironment: Neither updatable production driver nor prerelease driver is supported.
06-25 14:28:29.807 2586 2586 D NetworkSecurityConfig: No Network Security Config specified, using platform default
06-25 14:28:29.807 2586 2586 D NetworkSecurityConfig: No Network Security Config specified, using platform default
06-25 14:28:29.809 2586 2586 I MultiDex: VM with version 2.1.0 has multidex support
06-25 14:28:29.809 2586 2586 I MultiDex: Installing application
06-25 14:28:29.809 2586 2586 I MultiDex: VM has multidex support, MultiDex support library is disabled.
06-25 14:28:29.851 2586 2586 I MultiDex: Installing application
06-25 14:28:29.851 2586 2586 I MultiDex: VM has multidex support, MultiDex support library is disabled.
06-25 14:28:29.853 2586 2586 W .filemanager.o: Accessing hidden field Landroid/app/ActivityThread;->mHiddenApiWarningShown:Z (max-target-o, reflection, denied)
06-25 14:28:29.854 2586 2586 W System.err: java.lang.NoSuchFieldException: No field mHiddenApiWarningShown in class Landroid/app/ActivityThread; (declaration of 'android.app.ActivityThread' appears in /system/framework/framework.jar)
06-25 14:28:29.854 2586 2586 W System.err: at java.lang.Class.getDeclaredField(Native Method)
06-25 14:28:29.854 2586 2586 W System.err: at com.dangbei.lerad.filemanager.application.App.disableAPIDialog(App.java:166)
06-25 14:28:29.854 2586 2586 W System.err: at com.dangbei.lerad.filemanager.application.App.onCreate(App.java:95)
06-25 14:28:29.854 2586 2586 W System.err: at android.app.Instrumentation.callApplicationOnCreate(Instrumentation.java:1211)
06-25 14:28:29.854 2586 2586 W System.err: at android.app.ActivityThread.handleBindApplication(ActivityThread.java:6740)
06-25 14:28:29.854 2586 2586 W System.err: at android.app.ActivityThread.access$1500(ActivityThread.java:247)
06-25 14:28:29.854 2586 2586 W System.err: at android.app.ActivityThread$H.handleMessage(ActivityThread.java:2053)
06-25 14:28:29.854 2586 2586 W System.err: at android.os.Handler.dispatchMessage(Handler.java:106)
06-25 14:28:29.854 2586 2586 W System.err: at android.os.Looper.loopOnce(Looper.java:201)
06-25 14:28:29.854 2586 2586 W System.err: at android.os.Looper.loop(Looper.java:288)
06-25 14:28:29.854 2586 2586 W System.err: at android.app.ActivityThread.main(ActivityThread.java:7854)
06-25 14:28:29.854 2586 2586 W System.err: at java.lang.reflect.Method.invoke(Native Method)
06-25 14:28:29.854 2586 2586 W System.err: at com.android.internal.os.RuntimeInit$MethodAndArgsCaller.run(RuntimeInit.java:548)
06-25 14:28:29.854 2586 2586 W System.err: at com.android.internal.os.ZygoteInit.main(ZygoteInit.java:1182)
06-25 14:28:29.862 2352 2367 W System : A resource failed to call close.
06-25 14:28:29.864 2352 2367 W System : A resource failed to call close.
06-25 14:28:29.865 2586 2586 E ActivityThread: Failed to find provider info for lerad.provider.etna
06-25 14:28:29.868 1977 1977 I rainbow_flow: type=1400 audit(0.0:1128): avc: denied { ioctl } for path="/dev/spidev1.0" dev="tmpfs" ino=5369 ioctlcmd=0x6b00 scontext=u:r:init:s0 tcontext=u:object_r:device:s0 tclass=chr_file permissive=1
06-25 14:28:29.886 2586 2586 D USBReceiver: usb > onReceive: action = android.intent.action.MEDIA_MOUNTED
06-25 14:28:29.913 477 583 I ActivityManager: com.oranth.usbopenft is exempt from freezer
06-25 14:28:29.914 477 583 D CompatibilityChangeReporter: Compat change id reported: 135634846; UID 1000; state: DISABLED
06-25 14:28:29.925 1032 1328 I MediaProvider: Begin Intent { act=android.intent.action.MEDIA_MOUNTED dat=file:///storage/emulated/0 flg=0x5000010 cmp=com.android.providers.media.module/com.android.providers.media.MediaService (has extras) }
06-25 14:28:29.926 1032 1328 I MediaProvider: Volume MediaVolume name: [external_primary] id: [emulated;0] user: [UserHandle{0}] path: [/storage/emulated/0] already attached
06-25 14:28:29.926 1032 1328 I MediaProvider: End Intent { act=android.intent.action.MEDIA_MOUNTED dat=file:///storage/emulated/0 flg=0x5000010 cmp=com.android.providers.media.module/com.android.providers.media.MediaService (has extras) }
06-25 14:28:29.932 248 248 D Zygote : Forked child process 2614
06-25 14:28:29.933 477 535 I ActivityManager: app.processName = com.oranth.usbopenft
06-25 14:28:29.933 477 535 I ActivityManager: Start proc 2614:com.oranth.usbopenft/1000 for broadcast {com.oranth.usbopenft/com.oranth.usbopenft.UsbReceiver}
06-25 14:28:29.939 2614 2614 I Zygote : seccomp disabled by setenforce 0
06-25 14:28:29.948 2401 2401 I CrashSDKNormalH: type=1400 audit(0.0:1129): avc: denied { search } for name="com.dangbei.screencast" dev="mmcblk0p25" ino=891 scontext=u:r:platform_app:s0:c512,c768 tcontext=u:object_r:app_data_file:s0:c512,c768 tclass=dir permissive=1 app=com.dangbei.screencast
06-25 14:28:29.948 2401 2401 I CrashSDKNormalH: type=1400 audit(0.0:1130): avc: denied { getattr } for path="/data/user/0/com.dangbei.screencast/crashsdk/tags" dev="mmcblk0p25" ino=1896 scontext=u:r:platform_app:s0:c512,c768 tcontext=u:object_r:app_data_file:s0:c512,c768 tclass=dir permissive=1 app=com.dangbei.screencast
06-25 14:28:29.962 387 396 I adbd : jdwp connection from 2614
06-25 14:28:29.998 2614 2614 D CompatibilityChangeReporter: Compat change id reported: 171979766; UID 1000; state: ENABLED
06-25 14:28:30.032 2401 2401 I NetWorkSender: type=1400 audit(0.0:1131): avc: denied { write } for name="shared_prefs" dev="mmcblk0p25" ino=1887 scontext=u:r:platform_app:s0:c512,c768 tcontext=u:object_r:app_data_file:s0:c512,c768 tclass=dir permissive=1 app=com.dangbei.screencast
06-25 14:28:30.048 2401 2401 I NetWorkSender: type=1400 audit(0.0:1132): avc: denied { remove_name } for name="umeng_general_config.xml" dev="mmcblk0p25" ino=31449 scontext=u:r:platform_app:s0:c512,c768 tcontext=u:object_r:app_data_file:s0:c512,c768 tclass=dir permissive=1 app=com.dangbei.screencast
01-01 08:00:35.367 2490 2490 W audit : audit_lost=664 audit_rate_limit=5 audit_backlog_limit=64
01-01 08:00:35.367 2490 2490 E audit : rate limit exceeded
06-25 14:28:30.065 2614 2614 V GraphicsEnvironment: ANGLE Developer option for 'com.oranth.usbopenft' set to: 'default'
06-25 14:28:30.066 2614 2614 V GraphicsEnvironment: Neither updatable production driver nor prerelease driver is supported.
06-25 14:28:30.067 2614 2614 D NetworkSecurityConfig: No Network Security Config specified, using platform default
06-25 14:28:30.068 2614 2614 D NetworkSecurityConfig: No Network Security Config specified, using platform default
06-25 14:28:30.087 2543 2543 D ExternalStorage: After updating volumes, found 1 active roots
06-25 14:28:30.091 477 1298 I ActivityManager: Killing 1070:com.android.traceur/u0a31 (adj 965): empty #17
06-25 14:28:30.098 818 818 D DiskReceiver: Scanning volume: VolumeInfo{emulated;0}:
06-25 14:28:30.098 818 818 D DiskReceiver: type=EMULATED diskId=null partGuid= mountFlags=PRIMARY|VISIBLE
06-25 14:28:30.098 818 818 D DiskReceiver: mountUserId=0 state=MOUNTED
06-25 14:28:30.098 818 818 D DiskReceiver: fsType=null fsUuid=null fsLabel=null
06-25 14:28:30.098 818 818 D DiskReceiver: path=/storage/emulated internalPath=/data/media
06-25 14:28:30.103 2586 2586 D USBReceiver: usb > onReceive: action = android.intent.action.MEDIA_MOUNTED
06-25 14:28:30.129 248 248 I Zygote : Process 1070 exited due to signal 9 (Killed)
06-25 14:28:30.135 477 753 W BroadcastQueue: Target SDK mismatch: receiver ActivityInfo{e826d81 com.dangbei.screencast.startup.BootReceiver} targets 28 but delivery restricted to [0, 23] broadcasting Intent { act=android.net.conn.CONNECTIVITY_CHANGE flg=0x4200010 (has extras) } from android (pid=477, uid=1000) to com.dangbei.screencast/.startup.BootReceiver
06-25 14:28:30.137 1032 1328 I MediaProvider: Begin Intent { act=android.intent.action.MEDIA_MOUNTED dat=file:///storage/emulated/0 flg=0x5000010 cmp=com.android.providers.media.module/com.android.providers.media.MediaService (has extras) }
06-25 14:28:30.137 477 538 I libprocessgroup: Successfully killed process cgroup uid 10031 pid 1070 in 45ms
06-25 14:28:30.138 1032 1328 I MediaProvider: Volume MediaVolume name: [external_primary] id: [emulated;0] user: [UserHandle{0}] path: [/storage/emulated/0] already attached
06-25 14:28:30.138 1032 1328 I MediaProvider: End Intent { act=android.intent.action.MEDIA_MOUNTED dat=file:///storage/emulated/0 flg=0x5000010 cmp=com.android.providers.media.module/com.android.providers.media.MediaService (has extras) }
06-25 14:28:30.138 477 534 D CompatibilityChangeReporter: Compat change id reported: 135634846; UID 10077; state: DISABLED
06-25 14:28:30.139 477 535 D CompatibilityChangeReporter: Compat change id reported: 143937733; UID 10077; state: DISABLED
06-25 14:28:30.156 248 248 D Zygote : Forked child process 2641
06-25 14:28:30.157 477 535 I ActivityManager: app.processName = com.tv.kuaisou
06-25 14:28:30.157 477 535 I ActivityManager: Start proc 2641:com.tv.kuaisou/u0a77 for broadcast {com.tv.kuaisou/com.tv.kuaisou.receiver.NetworkReceiver}
06-25 14:28:30.165 2641 2641 I Zygote : seccomp disabled by setenforce 0
06-25 14:28:30.183 387 396 I adbd : jdwp connection from 2641
06-25 14:28:30.199 477 753 D CompatibilityChangeReporter: Compat change id reported: 168419799; UID 10077; state: DISABLED
06-25 14:28:30.211 2641 2641 D CompatibilityChangeReporter: Compat change id reported: 171979766; UID 10077; state: DISABLED
06-25 14:28:30.221 2641 2641 D ApplicationLoaders: Returning zygote-cached class loader: /system/framework/android.test.base.jar
06-25 14:28:30.304 1111 1525 E hq : Etna:::getFindLookupControllerState isConnect=true
06-25 14:28:30.304 1111 1525 E Etna : getFindLookupControllerState1111111
06-25 14:28:30.307 1111 1525 E hq : Etna:::getFindLookupControllerState valueStr=1
06-25 14:28:30.308 1111 1525 E hq : LookupControler:::isLookupController=true
06-25 14:28:30.308 1111 1525 I hq : LookupControler:::time=110000
06-25 14:28:30.333 1125 1125 D aaa : LedStatusService onStartCommand begin
06-25 14:28:30.335 1125 2664 D aaa : topPkg is -------------- :com.dangbei.leard.leradlauncher
06-25 14:28:30.343 1125 2664 D aaa : WiFi is connect
06-25 14:28:30.344 1219 1219 D bbb : onStartCommand begin !!!!!!! data分区剩余 24465MB
06-25 14:28:30.348 477 578 D CompatibilityChangeReporter: Compat change id reported: 171306433; UID 1000; state: ENABLED
06-25 14:28:30.399 2641 2641 V GraphicsEnvironment: ANGLE Developer option for 'com.tv.kuaisou' set to: 'default'
06-25 14:28:30.399 2641 2641 V GraphicsEnvironment: Neither updatable production driver nor prerelease driver is supported.
06-25 14:28:30.405 2641 2641 D NetworkSecurityConfig: Using Network Security Config from resource network_security_config debugBuild: false
06-25 14:28:30.409 2641 2641 D NetworkSecurityConfig: Using Network Security Config from resource network_security_config debugBuild: false
06-25 14:28:30.411 2641 2641 I MultiDex: VM with version 2.1.0 has multidex support
06-25 14:28:30.411 2641 2641 I MultiDex: Installing application
06-25 14:28:30.411 2641 2641 I MultiDex: VM has multidex support, MultiDex support library is disabled.
06-25 14:28:30.411 2641 2641 I MultiDex: Installing application
06-25 14:28:30.411 2641 2641 I MultiDex: VM has multidex support, MultiDex support library is disabled.
06-25 14:28:30.454 2641 2641 D yl : d.o.a.c.b.a-------------------the tables are {class com.kuaisou.provider.dal.net.http.entity.e_sports.LiveRoomEntity=d.g.a.b.d.c.a.b.a@8ec7236, class com.kuaisou.provider.dal.db.model.FitDownloadEntry=d.g.a.b.b.c.a@33d4537, class com.kuaisou.provider.dal.net.http.entity.login.UserInfoEntity=d.g.a.b.d.c.a.c.a@bb76aa4, class com.kuaisou.provider.dal.net.http.entity.MainTabEntity=d.g.a.b.d.c.a.a@e6e900d}
06-25 14:28:30.455 2401 2415 I gbei.screencas: Background concurrent copying GC freed 89696(5320KB) AllocSpace objects, 54(1528KB) LOS objects, 49% free, 3451KB/6903KB, paused 231us total 133.492ms
06-25 14:28:30.470 477 525 W IorapForwardingService: No service published for: iorapd
06-25 14:28:30.478 2641 2678 I BesTVContent: [ContentClient.logout]
06-25 14:28:30.478 2641 2678 E BesTVContent: [ContentClient.logout] ContentSDK is not initialized
06-25 14:28:30.520 477 578 D CompatibilityChangeReporter: Compat change id reported: 149924527; UID 10077; state: ENABLED
06-25 14:28:30.521 477 578 D CompatibilityChangeReporter: Compat change id reported: 132649864; UID 10077; state: DISABLED
06-25 14:28:30.639 1032 1174 I MediaProvider: Deleted 1 0 0 0 0 0 0 items on external_primary due to com.tv.kuaisou
06-25 14:28:30.655 1032 1161 I MediaProvider: Deleted 1 0 0 0 0 0 0 items on external_primary due to com.tv.kuaisou
06-25 14:28:30.666 1032 1161 W MediaProvider: isAppCloneUserPair for user 0: false
06-25 14:28:30.714 477 578 W BroadcastQueue: Target SDK mismatch: receiver ActivityInfo{4eed898 com.dangbei.euthenia.receiver.NetworkChangeReceiver} targets 26 but delivery restricted to [0, 23] broadcasting Intent { act=android.net.conn.CONNECTIVITY_CHANGE flg=0x4200010 (has extras) } from android (pid=477, uid=1000) to com.dangbei.lerad.videoposter/com.dangbei.euthenia.receiver.NetworkChangeReceiver
06-25 14:28:30.717 477 578 I ActivityManager: Killing 1096:com.android.keychain/1000 (adj 985): empty #17
06-25 14:28:30.725 1032 2261 I MediaProvider: Deleted 1 0 0 0 0 0 0 items on external_primary due to com.tv.kuaisou
06-25 14:28:30.728 477 578 W BroadcastQueue: Target SDK mismatch: receiver ActivityInfo{84e5cd6 com.dangbei.screencast.startup.BootReceiver} targets 28 but delivery restricted to [0, 23] broadcasting Intent { act=android.net.conn.CONNECTIVITY_CHANGE flg=0x4200010 (has extras) } from android (pid=477, uid=1000) to com.dangbei.screencast/.startup.BootReceiver
06-25 14:28:30.738 477 1298 W BroadcastQueue: Target SDK mismatch: receiver ActivityInfo{b44e644 com.dangbei.euthenia.receiver.NetworkChangeReceiver} targets 26 but delivery restricted to [0, 23] broadcasting Intent { act=android.net.conn.CONNECTIVITY_CHANGE flg=0x4200010 (has extras) } from android (pid=477, uid=1000) to com.dangbei.lerad.videoposter/com.dangbei.euthenia.receiver.NetworkChangeReceiver
06-25 14:28:30.745 1032 1174 W MediaProvider: isAppCloneUserPair for user 0: false
06-25 14:28:30.756 248 248 I Zygote : Process 1096 exited due to signal 9 (Killed)
06-25 14:28:30.763 1032 1162 W MediaProvider: isAppCloneUserPair for user 0: false
06-25 14:28:30.765 2641 2703 I TDLog : setReportUncaughtExceptions: true
06-25 14:28:30.766 477 538 I libprocessgroup: Successfully killed process cgroup uid 1000 pid 1096 in 45ms
06-25 14:28:30.777 2641 2713 E SQLiteLog: (5) statement aborts at 1: [PRAGMA journal_mode=TRUNCATE] database is locked
06-25 14:28:30.778 2641 2713 W SQLiteConnection: Could not change the database journal mode of '/storage/emulated/0/Android/.D43447A180D59EEF0EA5A6803083B686/.D1C593128F43E2D009A968D7C663F774' from 'wal' to 'TRUNCATE' because the database is locked. This usually means that there are other open connections to the database which prevents the database from enabling or disabling write-ahead logging mode. Proceeding without changing the journal mode.
06-25 14:28:30.786 2641 2714 E SQLiteLog: (5) statement aborts at 1: [PRAGMA journal_mode=TRUNCATE] database is locked
06-25 14:28:30.788 477 578 D ConnectivityService: requestNetwork for uid/pid:10077/2641 activeRequest: null callbackRequest: 35 [NetworkRequest [ REQUEST id=35, [ Capabilities: NOT_RESTRICTED&TRUSTED&NOT_VPN&NOT_VCN_MANAGED Uid: 10077 RequestorUid: 10077 RequestorPkg: com.tv.kuaisou] ]] callback flags: 0 priority: 2147483647
06-25 14:28:30.789 2641 2714 W SQLiteConnection: Could not change the database journal mode of '/storage/emulated/0/Android/.D43447A180D59EEF0EA5A6803083B686/.D1C593128F43E2D009A968D7C663F774' from 'wal' to 'TRUNCATE' because the database is locked. This usually means that there are other open connections to the database which prevents the database from enabling or disabling write-ahead logging mode. Proceeding without changing the journal mode.
06-25 14:28:30.790 477 620 D ConnectivityService: NetReassign [35 : null → 100]
06-25 14:28:30.793 477 654 D Ethernet: got request NetworkRequest [ REQUEST id=35, [ Capabilities: NOT_RESTRICTED&TRUSTED&NOT_VPN&NOT_VCN_MANAGED Uid: 10077 RequestorUid: 10077 RequestorPkg: com.tv.kuaisou] ]
06-25 14:28:30.794 477 654 D EthernetNetworkFactory: acceptRequest, request: NetworkRequest [ REQUEST id=35, [ Capabilities: NOT_RESTRICTED&TRUSTED&NOT_VPN&NOT_VCN_MANAGED Uid: 10077 RequestorUid: 10077 RequestorPkg: com.tv.kuaisou] ]
06-25 14:28:30.794 2641 2703 I http : request_Tag ======>
06-25 14:28:30.794 2641 2703 I http : request_get_url======>http://kstj.dbkan.com/getmethods?vname=3.14.6&compact=&channel=dbys_znds_2021&pattern=1&model=DBBOX-A2&version=331&brand=Dangbei
06-25 14:28:30.794 477 654 I EthernetNetworkFactory: networkForRequest, request: NetworkRequest [ REQUEST id=35, [ Capabilities: NOT_RESTRICTED&TRUSTED&NOT_VPN&NOT_VCN_MANAGED Uid: 10077 RequestorUid: 10077 RequestorPkg: com.tv.kuaisou] ], network: null
06-25 14:28:30.795 477 613 D WifiNetworkFactory: got request NetworkRequest [ REQUEST id=35, [ Capabilities: NOT_RESTRICTED&TRUSTED&NOT_VPN&NOT_VCN_MANAGED Uid: 10077 RequestorUid: 10077 RequestorPkg: com.tv.kuaisou] ]
06-25 14:28:30.795 477 613 D UntrustedWifiNetworkFactory: got request NetworkRequest [ REQUEST id=35, [ Capabilities: NOT_RESTRICTED&TRUSTED&NOT_VPN&NOT_VCN_MANAGED Uid: 10077 RequestorUid: 10077 RequestorPkg: com.tv.kuaisou] ]
06-25 14:28:30.795 477 613 D OemPaidWifiNetworkFactory: got request NetworkRequest [ REQUEST id=35, [ Capabilities: NOT_RESTRICTED&TRUSTED&NOT_VPN&NOT_VCN_MANAGED Uid: 10077 RequestorUid: 10077 RequestorPkg: com.tv.kuaisou] ]
06-25 14:28:30.824 1032 1162 W MediaProvider: isAppCloneUserPair for user 0: false
06-25 14:28:30.826 2641 2706 I TDLog : TalkingData App Analytics SDK init...
06-25 14:28:30.826 2641 2706 I TDLog : SDK_VERSION is: Android+TD+V4.0.50 gp Type:Native Build_Num:1299
06-25 14:28:30.826 2641 2706 I TDLog : App ID is: D8133F07EFC460A5161989A5382D5B4F
06-25 14:28:30.826 2641 2706 I TDLog : App Channel is: dbys_znds_2021
06-25 14:28:30.826 2641 2706 I TDLog : SDK_OVC is: TDOVC+506aca94a5ca5b978c5260d5c997b6e3+SaaS
06-25 14:28:30.854 477 753 D CompatibilityChangeReporter: Compat change id reported: 168419799; UID 10021; state: DISABLED
06-25 14:28:30.872 2641 2641 I pool-2-thread-1: type=1400 audit(0.0:1202): avc: denied { getattr } for path="/linkerconfig" dev="tmpfs" ino=1823 scontext=u:r:untrusted_app_25:s0:c512,c768 tcontext=u:object_r:linkerconfig_file:s0 tclass=dir permissive=1 app=com.tv.kuaisou
06-25 14:28:30.880 2641 2641 I pool-2-thread-1: type=1400 audit(0.0:1203): avc: denied { read } for name="bootstrap" dev="tmpfs" ino=1823 scontext=u:r:untrusted_app_25:s0:c512,c768 tcontext=u:object_r:linkerconfig_file:s0 tclass=dir permissive=1 app=com.tv.kuaisou
06-25 14:28:30.880 2641 2641 I pool-2-thread-1: type=1400 audit(0.0:1204): avc: denied { open } for path="/linkerconfig" dev="tmpfs" ino=1823 scontext=u:r:untrusted_app_25:s0:c512,c768 tcontext=u:object_r:linkerconfig_file:s0 tclass=dir permissive=1 app=com.tv.kuaisou
06-25 14:28:30.887 1032 1161 I MediaProvider: Deleted 1 0 0 0 0 0 0 items on external_primary due to com.tv.kuaisou
06-25 14:28:30.904 2641 2641 I pool-2-thread-1: type=1400 audit(0.0:1205): avc: denied { getattr } for path="/proc/keys" dev="proc" ino=4026532121 scontext=u:r:untrusted_app_25:s0:c512,c768 tcontext=u:object_r:proc_keys:s0 tclass=file permissive=1 app=com.tv.kuaisou
06-25 14:28:30.904 2641 2641 I pool-2-thread-1: type=1400 audit(0.0:1206): avc: denied { getattr } for path="/proc/kmsg" dev="proc" ino=4026532051 scontext=u:r:untrusted_app_25:s0:c512,c768 tcontext=u:object_r:proc_kmsg:s0 tclass=file permissive=1 app=com.tv.kuaisou
06-25 14:28:30.906 1032 1044 I FuseDaemon: Background young concurrent copying GC freed 31209(1940KB) AllocSpace objects, 0(0B) LOS objects, 31% free, 4296KB/6306KB, paused 110us total 131.165ms
06-25 14:28:30.932 1032 1151 W MediaProvider: Failed to update quota for uri: content://media/external_primary/file/343621
06-25 14:28:30.932 1032 1151 W MediaProvider: java.io.FileNotFoundException: No item at content://media/external_primary/file/343621
06-25 14:28:30.932 1032 1151 W MediaProvider: at com.android.providers.media.MediaProvider.queryForSingleItem(MediaProvider.java:7391)
06-25 14:28:30.932 1032 1151 W MediaProvider: at com.android.providers.media.MediaProvider.queryForDataFile(MediaProvider.java:7337)
06-25 14:28:30.932 1032 1151 W MediaProvider: at com.android.providers.media.MediaProvider.queryForDataFile(MediaProvider.java:7329)
06-25 14:28:30.932 1032 1151 W MediaProvider: at com.android.providers.media.MediaProvider.updateQuotaTypeForUri(MediaProvider.java:608)
06-25 14:28:30.932 1032 1151 W MediaProvider: at com.android.providers.media.MediaProvider.access$1000(MediaProvider.java:257)
06-25 14:28:30.932 1032 1151 W MediaProvider: at com.android.providers.media.MediaProvider$3.lambda$onInsert$0(MediaProvider.java:673)
06-25 14:28:30.932 1032 1151 W MediaProvider: at com.android.providers.media.MediaProvider$3.$r8$lambda$tVGVTcDpunhoNiUjwQEahD_I1Jc(Unknown Source:0)
06-25 14:28:30.932 1032 1151 W MediaProvider: at com.android.providers.media.MediaProvider$3$$ExternalSyntheticLambda2.run(Unknown Source:10)
06-25 14:28:30.932 1032 1151 W MediaProvider: at android.os.Handler.handleCallback(Handler.java:938)
06-25 14:28:30.932 1032 1151 W MediaProvider: at android.os.Handler.dispatchMessage(Handler.java:99)
06-25 14:28:30.932 1032 1151 W MediaProvider: at android.os.Looper.loopOnce(Looper.java:201)
06-25 14:28:30.932 1032 1151 W MediaProvider: at android.os.Looper.loop(Looper.java:288)
06-25 14:28:30.932 1032 1151 W MediaProvider: at android.os.HandlerThread.run(HandlerThread.java:67)
06-25 14:28:30.934 2641 2703 D APP-- : [OttPlayerManager][initXplayer][log>>>==begin load p2pPlugins==]
06-25 14:28:30.934 2641 2703 D PPDATA--: [DataServiceMgr][init][INIT]com.tv.kuaisou.TV_application@5603903
06-25 14:28:30.935 2641 2703 E SizeUtil: sysWidth: 1920 sysHeight: 1080 1.0
06-25 14:28:30.938 1032 1151 E StorageManager: Failed to open /storage/emulated/0/DCIM/.probe to set project id.: No such file or directory
06-25 14:28:30.939 1032 1151 W MediaProvider: Failed to update quota type for /storage/emulated/0/DCIM/.probe
06-25 14:28:30.939 1032 1151 W MediaProvider: java.io.IOException: Failed to update quota type for /storage/emulated/0/DCIM/.probe
06-25 14:28:30.939 1032 1151 W MediaProvider: at android.os.storage.StorageManager.updateExternalStorageFileQuotaType(StorageManager.java:2596)
06-25 14:28:30.939 1032 1151 W MediaProvider: at com.android.providers.media.MediaProvider.updateQuotaTypeForFileInternal(MediaProvider.java:647)
06-25 14:28:30.939 1032 1151 W MediaProvider: at com.android.providers.media.MediaProvider.lambda$onFileCreatedForFuse$12(MediaProvider.java:1304)
06-25 14:28:30.939 1032 1151 W MediaProvider: at com.android.providers.media.MediaProvider.$r8$lambda$qQ2SL_xqs-9v4mCYUB_TrDraYeg(Unknown Source:0)
06-25 14:28:30.939 1032 1151 W MediaProvider: at com.android.providers.media.MediaProvider$$ExternalSyntheticLambda11.run(Unknown Source:4)
06-25 14:28:30.939 1032 1151 W MediaProvider: at android.os.Handler.handleCallback(Handler.java:938)
06-25 14:28:30.939 1032 1151 W MediaProvider: at android.os.Handler.dispatchMessage(Handler.java:99)
06-25 14:28:30.939 1032 1151 W MediaProvider: at android.os.Looper.loopOnce(Looper.java:201)
06-25 14:28:30.939 1032 1151 W MediaProvider: at android.os.Looper.loop(Looper.java:288)
06-25 14:28:30.939 1032 1151 W MediaProvider: at android.os.HandlerThread.run(HandlerThread.java:67)
06-25 14:28:30.947 658 658 E WifiHAL : wifi_get_link_stats: requestResponse Error:-5
06-25 14:28:30.949 477 613 E WifiVendorHal: getWifiLinkLayerStats_1_5_Internal(l.1191) failed {.code = ERROR_INVALID_ARGS, .description = }
06-25 14:28:30.964 2641 2703 I AD-- : [DeviceInfo][get Resolution type is ]
06-25 14:28:30.998 2641 2703 D APP-- : deviceInfo:
06-25 14:28:30.998 2641 2703 D APP-- : [06-25 14:28:30] [BASE_INFO]5.0.1.286-snottplayer-SNAPSHOT
06-25 14:28:30.998 2641 2703 D APP-- : [06-25 14:28:30] [BASE_INFO]deviceinfo:Allwinner|DBBOX-A2|raven
06-25 14:28:30.998 2641 2703 D APP-- : [06-25 14:28:30] [BASE_INFO]sdk_version:5.0.1.286-snottplayer-SNAPSHOT
06-25 14:28:30.998 2641 2703 D APP-- : [06-25 14:28:30] [BASE_INFO]sdkversion:31
06-25 14:28:30.998 2641 2703 D APP-- : [06-25 14:28:30] [BASE_INFO]appcode:331
06-25 14:28:30.998 2641 2703 D APP-- : [06-25 14:28:30] [BASE_INFO]appversion:3.14.6
06-25 14:28:30.998 2641 2703 D APP-- : [06-25 14:28:30] [BASE_INFO]null
06-25 14:28:30.998 2641 2703 D APP-- : [06-25 14:28:30] [BASE_INFO]IMEI:null
06-25 14:28:30.998 2641 2703 D APP-- : [06-25 14:28:30] [BASE_INFO]IP:192.168.3.161
06-25 14:28:30.998 2641 2703 D APP-- : [06-25 14:28:30] [BASE_INFO]MAC:20:02:fe:19:c2:0e
06-25 14:28:30.998 2641 2703 D APP-- : [06-25 14:28:30] [BASE_INFO]start time:1970年1月1日 08:00:00, start end:1970年1月1日 08:00:00, start cost:0 seconds, start type:null
06-25 14:28:30.998 2641 2703 D APP-- : [06-25 14:28:30] [BASE_INFO]Screen inches:13768.169813014365,widthPixels:1920,heightPixels:1080,density:1.5
06-25 14:28:30.998 2641 2703 D APP-- : release:12Model:DBBOX-A2
06-25 14:28:30.998 2641 2703 D APP-- : ==init app dir path with packagename:kuaisou
06-25 14:28:31.001 477 583 W ServiceManager: Permission failure: android.permission.HIGH_SAMPLING_RATE_SENSORS from uid=10077 pid=2641
06-25 14:28:31.002 2641 2703 D APP-- : app base dir:/storage/emulated/0/kuaisou
06-25 14:28:31.002 2641 2703 D APP-- : app log dir/storage/emulated/0/kuaisou/log
06-25 14:28:31.002 2641 2703 D APP-- : app crash dir/storage/emulated/0/kuaisou/log/crash
06-25 14:28:31.002 2641 2703 D APP-- : app player dir/storage/emulated/0/kuaisou/log/player
06-25 14:28:31.023 2641 2703 D APP-- : [OTTPlayerManager][initPlayer][Dir][log>>path:/data/user/0/com.tv.kuaisou/files/pptv/ad/]
06-25 14:28:31.024 2641 2703 D APP-- : [OTTPlayerManager][initPlayer][Version][ottp][5.0.1.286-snottplayer-SNAPSHOT]
06-25 14:28:31.032 2641 2703 D APP-- : [OTTPlayerManager][init][after]1750832911032
06-25 14:28:31.036 2641 2751 D DB-- : appContext is not null, build
06-25 14:28:31.050 2641 2761 D PLAYER--: ----app invoked doSdkAuth() method with OTTPlayerManager----
06-25 14:28:31.063 2641 2761 D Authenticate: Authenticate sign is channelKey2ca2093bcd2e4bf2847295source253100ssgw-channelott.dbflashssgw-timestamp1750832911063
06-25 14:28:31.073 2641 2703 D DataTranshub: soload:data-trans-hub load success!
01-01 08:00:36.387 2719 2719 W audit : audit_lost=824 audit_rate_limit=5 audit_backlog_limit=64
01-01 08:00:36.387 2719 2719 E audit : rate limit exceeded
06-25 14:28:31.075 2641 2761 D Authenticate: Authenticate sign after encrypt is 97642a8ef03a22525f2f803a08ee70d4221c0304
06-25 14:28:31.076 2641 2761 D Authenticate: request url is http://ppgateway.cp61.ott.cibntv.net/ott-web/sdk/authenticate.do?source=253100&channelKey=2ca2093bcd2e4bf2847295
06-25 14:28:31.077 2641 2761 D Authenticate: mRequest headers is ssgw-channel: ott.dbflash
06-25 14:28:31.077 2641 2761 D Authenticate: ssgw-timestamp: 1750832911063
06-25 14:28:31.077 2641 2761 D Authenticate: ssgw-sign: 97642a8ef03a22525f2f803a08ee70d4221c0304
06-25 14:28:31.098 2641 2751 D APP-- : preserveCount:1000,totalDbItemCount:0
06-25 14:28:31.172 2641 2769 D Authenticate: issuccess:true
06-25 14:28:31.173 2641 2769 D Authenticate: response success:{"code":1000,"msg":"success","data":{"channel":"253100","name":"当贝-闪电","config":{"validate":"2ca2093bcd2e4bf2847295","imageCode":"player_mask","app_cate":"5","appid":"pptv.atv.sdk","app_name":"芒果TV","appplt":"atv","app_version_type":"0","app_tec":"20","play_ppi":"ALPvxIih3Xx-FbRpOfg-PpwEbEYnkNDmeRMNIiIwPVtQYCTjY06rxN1cDqfIijKUhA0BVYQx3urrgzjnt_KffJjoB2z63UeAA3fCSqc6Pe41Cl70bQo0Urd6TI5M1W4_QMqP6zIoy_gXeCAPM_IWO2-ALPvxIih3Xx-FbRpOfg-PpwEbEYnkNDmeRMNIiIwPVtQYCTjY06rxN1cDqfIijKUhA0BVYQx3urrgzjnt_KffJjoB2z63UeAA3fCSqc6Pe41Cl70bQo0Urd6TI5M1W4_QMqP6zIoy_gXeCAPM_IWO2-CbvD15FfEGIMwiRzvXhY","channel_id":"253100","ad_platform":"524288","loop_category_id":"2812","bip_channel_id":"253100","app_number":"14","ad_channel_id":"310008","permission_vod_live":0,"permission_shop":0,"permission_loop":1,"permission_bip":1,"permission_qos":1}},"success":true}
06-25 14:28:31.175 2641 2769 I OTT_Statistics_SA: [StatisticsLog][StatisticsTools start]:
06-25 14:28:31.177 2641 2723 V NFC : this device does not have NFC support
06-25 14:28:31.188 2641 2769 D OTT_Statistics_SA: [StatisticsLog][get key:ott_wifimac=B4:2F:03:15:E8:B9]:
06-25 14:28:31.188 2641 2769 E OTT_Statistics_SA: [StatisticsLog][getWifiMac -mac- cache = B4:2F:03:15:E8:B9]:
06-25 14:28:31.188 2641 2782 E OTT_Statistics_SA: [StatisticsLog][缓存未上报的数据]:
06-25 14:28:31.188 2641 2769 D OTT_Statistics_SA: [StatisticsLog][get key:ott_wiremac=20:02:fe:19:c2:0e]:
