06-25 14:28:16.251 315 315 D XiriService: check file name: /data/data/com.dangbei.leard.leradlauncher/lib
06-25 14:28:16.252 315 315 D XiriService: check file name: /data/data/com.android.providers.settings/lib
06-25 14:28:16.253 315 315 D XiriService: check file name: /data/data/com.android.providers.settings/lib
06-25 14:28:16.253 315 315 D XiriService: check file name: /data/data/com.android.printspooler/lib
06-25 14:28:16.252 315 315 I xiriservice_All: type=1400 audit(0.0:387): avc: denied { search } for name="com.android.printspooler" dev="mmcblk0p25" ino=935 scontext=u:r:init:s0 tcontext=u:object_r:app_data_file:s0:c41,c256,c512,c768 tclass=dir permissive=1
06-25 14:28:16.252 315 315 I xiriservice_All: type=1400 audit(0.0:388): avc: denied { read } for name="lib" dev="mmcblk0p25" ino=31043 scontext=u:r:init:s0 tcontext=u:object_r:app_data_file:s0:c41,c256,c512,c768 tclass=lnk_file permissive=1
06-25 14:28:16.255 315 315 D XiriService: check file name: /data/data/com.android.printspooler/lib
06-25 14:28:16.255 315 315 D XiriService: check file name: /data/data/com.android.webview/lib
06-25 14:28:16.252 315 315 I xiriservice_All: type=1400 audit(0.0:389): avc: denied { search } for name="com.android.webview" dev="mmcblk0p25" ino=951 scontext=u:r:init:s0 tcontext=u:object_r:app_data_file:s0:c60,c256,c512,c768 tclass=dir permissive=1
06-25 14:28:16.256 315 315 D XiriService: check file name: /data/data/com.android.webview/lib
06-25 14:28:16.252 315 315 I xiriservice_All: type=1400 audit(0.0:390): avc: denied { read } for name="lib" dev="mmcblk0p25" ino=31327 scontext=u:r:init:s0 tcontext=u:object_r:app_data_file:s0:c60,c256,c512,c768 tclass=lnk_file permissive=1
06-25 14:28:16.256 315 315 D XiriService: check file name: /data/data/com.android.webview/lib
06-25 14:28:16.257 315 315 D XiriService: check file name: /data/data/com.android.inputdevices/lib
06-25 14:28:16.258 315 315 D XiriService: check file name: /data/data/com.android.inputdevices/lib
06-25 14:28:16.258 315 315 D XiriService: check file name: /data/data/com.android.bips/lib
06-25 14:28:16.259 315 315 D XiriService: check file name: /data/data/com.android.bips/lib
06-25 14:28:16.260 315 315 D XiriService: check file name: /data/data/com.oranth.inputmacsn/lib
06-25 14:28:16.260 315 315 D XiriService: check file name: /data/data/com.oranth.inputmacsn/lib
06-25 14:28:16.261 315 315 D XiriService: check file name: /data/data/com.dangbei.hqmedia/lib
06-25 14:28:16.260 315 315 I xiriservice_All: type=1400 audit(0.0:391): avc: denied { search } for name="com.dangbei.hqmedia" dev="mmcblk0p25" ino=3095 scontext=u:r:init:s0 tcontext=u:object_r:app_data_file:s0:c76,c256,c512,c768 tclass=dir permissive=1
06-25 14:28:16.260 315 315 I xiriservice_All: type=1400 audit(0.0:392): avc: denied { read } for name="lib" dev="mmcblk0p25" ino=31056 scontext=u:r:init:s0 tcontext=u:object_r:app_data_file:s0:c76,c256,c512,c768 tclass=lnk_file permissive=1
06-25 14:28:16.263 315 315 D XiriService: check file name: /data/data/com.dangbei.hqmedia/lib
06-25 14:28:16.264 315 315 D XiriService: check file name: /data/data/com.android.keychain/lib
06-25 14:28:16.264 315 315 D XiriService: check file name: /data/data/com.android.keychain/lib
06-25 14:28:16.265 315 315 D XiriService: check file name: /data/data/android.ext.services/lib
06-25 14:28:16.265 315 315 D XiriService: check file name: /data/data/android.ext.services/lib
06-25 14:28:16.267 315 315 D XiriService: check file name: /data/data/com.android.localtransport/lib
06-25 14:28:16.268 315 315 D XiriService: check file name: /data/data/com.android.localtransport/lib
06-25 14:28:16.270 315 315 D XiriService: check file name: /data/data/com.android.packageinstaller/lib
01-01 08:00:21.586 1 1 I : Adding 1505444k swap on /dev/block/zram0. Priority:-2 extents:1 across:1505444k SS
06-25 14:28:16.272 315 315 D XiriService: check file name: /data/data/com.android.packageinstaller/lib
06-25 14:28:16.276 315 315 D XiriService: check file name: /data/data/com.oranth.usbopenft/lib
06-25 14:28:16.277 315 315 D XiriService: check file name: /data/data/com.oranth.usbopenft/lib
06-25 14:28:16.278 315 315 D XiriService: check file name: /data/data/com.oranth.usbopenft/lib
06-25 14:28:16.278 315 315 D XiriService: check file name: /data/data/com.oranth.usbopenft/lib
06-25 14:28:16.285 315 315 D XiriService: check file name: /data/data/com.android.networkstack.tethering/lib
06-25 14:28:16.280 1012 1012 I init : type=1400 audit(0.0:393): avc: denied { entrypoint } for path="/system/bin/appsdisable" dev="dm-0" ino=892 scontext=u:r:shell:s0 tcontext=u:object_r:system_file:s0 tclass=file permissive=1
06-25 14:28:16.285 315 315 D XiriService: check file name: /data/data/com.android.networkstack.tethering/lib
06-25 14:28:16.286 315 315 D XiriService: check file name: /data/data/com.android.networkstack.tethering/lib
06-25 14:28:16.287 315 315 D XiriService: check file name: /data/data/com.dangbei.lerad.etna.haqu/lib
06-25 14:28:16.288 315 315 D XiriService: check file name: /data/data/com.dangbei.lerad.etna.haqu/lib
06-25 14:28:16.290 315 315 D XiriService: check file name: /data/data/com.oranth.powerwindow/lib
06-25 14:28:16.290 315 315 D XiriService: check file name: /data/data/com.oranth.powerwindow/lib
06-25 14:28:16.291 315 315 D XiriService: check file name: /data/data/com.android.networkstack.permissionconfig/lib
06-25 14:28:16.292 315 315 D XiriService: check file name: /data/data/com.android.networkstack.permissionconfig/lib
06-25 14:28:16.294 315 315 D XiriService: check file name: /data/data/com.dangbei.lerad.screensaver/lib
06-25 14:28:16.292 315 315 I xiriservice_All: type=1400 audit(0.0:394): avc: denied { search } for name="com.dangbei.lerad.screensaver" dev="mmcblk0p25" ino=1185 scontext=u:r:init:s0 tcontext=u:object_r:app_data_file:s0:c51,c256,c512,c768 tclass=dir permissive=1
06-25 14:28:16.292 315 315 I xiriservice_All: type=1400 audit(0.0:395): avc: denied { read } for name="lib" dev="mmcblk0p25" ino=31086 scontext=u:r:init:s0 tcontext=u:object_r:app_data_file:s0:c51,c256,c512,c768 tclass=lnk_file permissive=1
06-25 14:28:16.295 315 315 D XiriService: check file name: /data/data/com.dangbei.lerad.screensaver/lib
06-25 14:28:16.297 315 315 D XiriService: check file name: /data/data/com.android.wallpaperbackup/lib
06-25 14:28:16.297 315 315 D XiriService: check file name: /data/data/com.android.wallpaperbackup/lib
06-25 14:28:16.299 315 315 D XiriService: check file name: /data/data/com.android.providers.media.module/lib
06-25 14:28:16.296 315 315 I xiriservice_All: type=1400 audit(0.0:396): avc: denied { search } for name="com.android.providers.media.module" dev="mmcblk0p25" ino=1257 scontext=u:r:init:s0 tcontext=u:object_r:privapp_data_file:s0:c74,c256,c512,c768 tclass=dir permissive=1
06-25 14:28:16.296 315 315 I xiriservice_All: type=1400 audit(0.0:397): avc: denied { read } for name="lib" dev="mmcblk0p25" ino=31095 scontext=u:r:init:s0 tcontext=u:object_r:privapp_data_file:s0:c74,c256,c512,c768 tclass=lnk_file permissive=1
06-25 14:28:16.303 315 315 D XiriService: check file name: /data/data/com.android.providers.media.module/lib
06-25 14:28:16.304 315 315 D XiriService: check file name: /data/data/com.oranth.storage/lib
06-25 14:28:16.305 315 315 D XiriService: check file name: /data/data/com.oranth.storage/lib
06-25 14:28:16.305 315 315 D XiriService: check file name: /data/data/com.oranth.storage/lib
06-25 14:28:16.305 315 315 D XiriService: check file name: /data/data/com.oranth.storage/lib
06-25 14:28:16.307 315 315 D XiriService: check file name: /data/data/com.android.location.fused/lib
06-25 14:28:16.308 315 315 D XiriService: check file name: /data/data/com.android.location.fused/lib
06-25 14:28:16.310 315 315 D XiriService: check file name: /data/data/com.dangbei.haqusetting/lib
06-25 14:28:16.313 315 315 D XiriService: check file name: /data/data/com.dangbei.haqusetting/lib
06-25 14:28:16.320 315 315 D XiriService: check file name: /data/data/com.tv.kuaisou/lib
06-25 14:28:16.316 315 315 I xiriservice_All: type=1400 audit(0.0:398): avc: denied { read } for name="lib" dev="mmcblk0p25" ino=31100 scontext=u:r:init:s0 tcontext=u:object_r:app_data_file:s0:c512,c768 tclass=lnk_file permissive=1
06-25 14:28:16.325 315 315 D XiriService: check file name: /data/data/com.tv.kuaisou/lib
06-25 14:28:16.326 315 315 D XiriService: check file name: /data/data/com.tv.kuaisou/lib
06-25 14:28:16.327 477 525 W IorapForwardingService: No service published for: iorapd
06-25 14:28:16.327 315 315 D XiriService: check file name: /data/data/com.softwinner.miracastReceiver/lib
06-25 14:28:16.328 315 315 D XiriService: check file name: /data/data/com.softwinner.miracastReceiver/lib
06-25 14:28:16.331 315 315 D XiriService: check file name: /data/data/com.android.bluetooth/lib
06-25 14:28:16.328 315 315 I xiriservice_All: type=1400 audit(0.0:399): avc: denied { read } for name="lib" dev="mmcblk0p25" ino=31104 scontext=u:r:init:s0 tcontext=u:object_r:bluetooth_data_file:s0 tclass=lnk_file permissive=1
06-25 14:28:16.333 315 315 D XiriService: check file name: /data/data/com.android.bluetooth/lib
06-25 14:28:16.334 477 526 V PackageManager: reconcileAppsData finished 114 packages
06-25 14:28:16.335 477 526 I ActivityManager: User 0 state changed from RUNNING_LOCKED to RUNNING_UNLOCKING
06-25 14:28:16.336 477 526 D ActivityManager: Unlocking user 0 progress 20
06-25 14:28:16.374 477 534 I SystemServerTimingAsync: ssm.UnlockingUser-0
06-25 14:28:16.374 477 534 I SystemServiceManager: Calling onUnlockingUser 0
06-25 14:28:16.391 1013 1013 I bootstat: Service started: /system/bin/bootstat --record_boot_complete --record_boot_reason --record_time_since_factory_reset -l
06-25 14:28:16.393 477 534 D BluetoothManagerService: User 0 unlocked
06-25 14:28:16.393 477 534 D StorageManagerService: onUnlockUser 0
06-25 14:28:16.393 477 534 I StorageSessionController: On user unlock 0
06-25 14:28:16.394 477 534 I StorageSessionController: Initialialising...
06-25 14:28:16.398 477 526 D AW_CODE : rotation =0
06-25 14:28:16.400 1013 1013 E bootstat: Failed to read /data/misc/bootstat/post_decrypt_time_elapsed: No such file or directory
06-25 14:28:16.400 1013 1013 E bootstat: Failed to parse boot time record: /data/misc/bootstat/post_decrypt_time_elapsed
06-25 14:28:16.403 676 676 D SystemUIService: Starting Wifi now
06-25 14:28:16.400 676 676 I ndroid.systemui: type=1400 audit(0.0:400): avc: denied { search } for name="com.android.systemui" dev="mmcblk0p25" ino=484 scontext=u:r:platform_app:s0:c512,c768 tcontext=u:object_r:app_data_file:s0:c512,c768 tclass=dir permissive=1 app=com.softwinner.screenshot
06-25 14:28:16.407 477 526 D AW_CODE : rotation =0
06-25 14:28:16.411 192 192 I vold : onUserStarted: 0
06-25 14:28:16.412 375 375 I update_engine: [INFO:cleanup_previous_update_action.cc(112)] Executing task 6
06-25 14:28:16.417 477 525 D BluetoothManagerService: MESSAGE_USER_UNLOCKED
06-25 14:28:16.420 668 846 D AdapterProperties: Name is: DBBOX-A2
06-25 14:28:16.420 477 526 D ColorDisplayService: setUp: currentUser=0
06-25 14:28:16.421 375 375 I update_engine: [INFO:cleanup_previous_update_action.cc(189)] Boot completed, waiting on markBootSuccessful()
06-25 14:28:16.424 327 327 I xiriservice_All: type=1400 audit(0.0:401): avc: denied { read } for scontext=u:r:init:s0 tcontext=u:r:init:s0 tclass=netlink_kobject_uevent_socket permissive=1
06-25 14:28:16.425 375 375 I update_engine: EnsureMetadataMounted does nothing in Android mode.
06-25 14:28:16.427 322 324 D XM_HIDREAD: add@ add@/class/hci_reg
06-25 14:28:16.427 322 324 D XM_HIDREAD: add@ add@/module/sunxi_hci
06-25 14:28:16.433 375 375 I update_engine: Read merge statistics file failed: No such file or directory
06-25 14:28:16.437 477 526 D ColorDisplayService: onNightDisplayAutoModeChanged: autoMode=0
06-25 14:28:16.438 477 526 I ColorDisplayService: Turning off night display
06-25 14:28:16.440 668 846 D AdapterProperties: Scan Mode:20
06-25 14:28:16.441 477 526 D ColorDisplayService: Setting bright color reduction level: 50
06-25 14:28:16.440 668 846 D AdapterProperties: Discoverable Timeout:120
06-25 14:28:16.442 1013 1013 W bootstat: LogBootEvents, atomInfo not defined for events:last_boot_time_utc,build_date,ro.boottime.init.cold_boot_wait,boot_reason,system_boot_reason,time_since_last_boot
06-25 14:28:16.444 668 846 D AdapterProperties: Adding bonded device:E4:BB:D3:57:C0:18
06-25 14:28:16.446 375 375 I update_engine: [INFO:cleanup_previous_update_action.cc(261)] Waiting for any previous merge request to complete. This can take up to several minutes.
06-25 14:28:16.452 375 375 I update_engine: CheckMergeState for snapshots returned: 0
06-25 14:28:16.454 375 375 I update_engine: ProcessUpdateState handling state: 0
06-25 14:28:16.459 375 375 I update_engine: [INFO:cleanup_previous_update_action.cc(287)] Can't find any snapshot to merge.
06-25 14:28:16.460 322 324 D XM_HIDREAD: add@ add@/devices/virtual/devlink/regulator.8--5101000.ehci0-controller
01-01 08:00:21.774 170 170 W sunxi-ehci: EHCI SUNXI driver
01-01 08:00:21.775 170 170 W : sunxi ehci0-controller don't init wakeup source
01-01 08:00:21.775 170 170 W [sunxi-ehci0]: probe, pdev->name: 5101000.ehci0-controller, sunxi_ehci: 0xffffffc008f81018, 0x:ffffffc01352d000, irq_no:32
01-01 08:00:21.777 170 170 I sunxi-ehci 5101000.ehci0-controller: EHCI Host Controller
01-01 08:00:21.777 170 170 I sunxi-ehci 5101000.ehci0-controller: new USB bus registered, assigned bus number 1
06-25 14:28:16.461 375 375 I update_engine: [INFO:cleanup_previous_update_action.cc(130)] Stopping/suspending/completing CleanupPreviousUpdateAction
06-25 14:28:16.463 375 375 I update_engine: [INFO:cleanup_previous_update_action.cc(469)] Not reporting merge stats because state is None
06-25 14:28:16.465 375 375 I update_engine: [INFO:cleanup_previous_update_action.cc(130)] Stopping/suspending/completing CleanupPreviousUpdateAction
01-01 08:00:21.778 170 170 I sunxi-ehci 5101000.ehci0-controller: irq 50, io mem 0x05101000
06-25 14:28:16.466 375 375 I update_engine: [INFO:action_processor.cc(116)] ActionProcessor: finished last action CleanupPreviousUpdateAction with code ErrorCode::kSuccess
06-25 14:28:16.467 375 375 I update_engine: [INFO:update_attempter_android.cc(549)] Processing Done.
06-25 14:28:16.468 375 375 I update_engine: [INFO:update_attempter_android.cc(701)] Terminating cleanup previous update.
06-25 14:28:16.470 658 658 E WifiHAL : wifi_get_link_stats: requestResponse Error:-5
06-25 14:28:16.472 328 328 I rainbow_flow: type=1400 audit(0.0:402): avc: denied { ioctl } for path="/dev/spidev1.0" dev="tmpfs" ino=5369 ioctlcmd=0x6b00 scontext=u:r:init:s0 tcontext=u:object_r:device:s0 tclass=chr_file permissive=1
06-25 14:28:16.476 676 676 I SharedPreferenc: type=1400 audit(0.0:403): avc: denied { open } for path="/data/user_de/0/com.android.systemui/shared_prefs/com.android.systemui.xml" dev="mmcblk0p25" ino=31185 scontext=u:r:platform_app:s0:c512,c768 tcontext=u:object_r:app_data_file:s0:c512,c768 tclass=file permissive=1 app=com.softwinner.screenshot
06-25 14:28:16.481 477 751 V StorageManagerService: Found primary storage at VolumeInfo{emulated;0}:
06-25 14:28:16.481 477 751 V StorageManagerService: type=EMULATED diskId=null partGuid= mountFlags=0 mountUserId=0
06-25 14:28:16.481 477 751 V StorageManagerService: state=UNMOUNTED
06-25 14:28:16.481 477 751 V StorageManagerService: fsType=null fsUuid=null fsLabel=null
06-25 14:28:16.481 477 751 V StorageManagerService: path=null internalPath=null
06-25 14:28:16.488 1020 1020 I runin.sh: type=1400 audit(0.0:404): avc: denied { dac_read_search } for capability=2 scontext=u:r:shell:s0 tcontext=u:r:shell:s0 tclass=capability permissive=1
01-01 08:00:21.794 170 170 I sunxi-ehci 5101000.ehci0-controller: USB 2.0 started, EHCI 1.00
01-01 08:00:21.796 170 170 I usb1 : New USB device found, idVendor=1d6b, idProduct=0002, bcdDevice= 5.04
01-01 08:00:21.796 170 170 I usb1 : New USB device strings: Mfr=3, Product=2, SerialNumber=1
01-01 08:00:21.796 170 170 I usb1 : Product: EHCI Host Controller
01-01 08:00:21.796 170 170 I usb1 : Manufacturer: Linux 5.4.125+ ehci_hcd
01-01 08:00:21.796 170 170 I usb1 : SerialNumber: sunxi-ehci
01-01 08:00:21.800 170 170 I hub 1-0 : 1.0: USB hub found
01-01 08:00:21.803 170 170 I hub 1-0 : 1.0: 1 port detected
01-01 08:00:21.808 170 170 W : sunxi ehci1-controller don't init wakeup source
01-01 08:00:21.808 170 170 W [sunxi-ehci1]: probe, pdev->name: 5200000.ehci1-controller, sunxi_ehci: 0xffffffc008f816d8, 0x:ffffffc0137ef000, irq_no:34
01-01 08:00:21.809 170 170 I sunxi-ehci 5200000.ehci1-controller: EHCI Host Controller
01-01 08:00:21.810 170 170 I sunxi-ehci 5200000.ehci1-controller: new USB bus registered, assigned bus number 2
01-01 08:00:21.810 170 170 I sunxi-ehci 5200000.ehci1-controller: irq 52, io mem 0x05200000
06-25 14:28:16.483 322 324 D XM_HIDREAD: add@ add@/devices/platform/soc@3000000/5101000.ehci0-controller/usb1
06-25 14:28:16.484 477 607 I StorageManagerService: Mounting volume VolumeInfo{emulated;0}:
06-25 14:28:16.484 477 607 I StorageManagerService: type=EMULATED diskId=null partGuid= mountFlags=PRIMARY|VISIBLE
06-25 14:28:16.484 477 607 I StorageManagerService: mountUserId=0 state=UNMOUNTED
06-25 14:28:16.484 477 607 I StorageManagerService: fsType=null fsUuid=null fsLabel=null
06-25 14:28:16.484 477 607 I StorageManagerService: path=null internalPath=null
06-25 14:28:16.484 322 324 D XM_HIDREAD: add@ add@/devices/platform/soc@3000000/5101000.ehci0-controller/usb1/1-0:1.0
06-25 14:28:16.485 192 192 I vold : Mounting emulated fuse volume
06-25 14:28:16.492 322 324 D XM_HIDREAD: add@ add@/devices/virtual/devlink/regulator.8--5200000.ehci1-controller
06-25 14:28:16.495 477 533 I UsageStatsService: User[0] Rollover scheduled @ 2025-06-26 14:28:16(1750919296418)
06-25 14:28:16.496 477 533 I UsageStatsService: Time changed in by 1750832874 seconds
06-25 14:28:16.499 477 533 W AppHibernationService: Attempt to call setHibernatingForUser before states have been read from disk
06-25 14:28:16.499 477 477 W InputMethodUtils: Found no fallback locale. imis=[InputMethodInfo{com.sohu.inputmethod.sogou.tv/.SogouIME, settings: com.sohu.inputmethod.sogou.SogouIMESettingsLauncher}]
06-25 14:28:16.500 477 533 W AppHibernationService: Attempt to call setHibernatingForUser before states have been read from disk
06-25 14:28:16.500 477 533 W AppHibernationService: Attempt to call setHibernatingForUser before states have been read from disk
06-25 14:28:16.501 477 533 W AppHibernationService: Attempt to call setHibernatingForUser before states have been read from disk
06-25 14:28:16.501 477 533 W AppHibernationService: Attempt to call setHibernatingForUser before states have been read from disk
06-25 14:28:16.503 477 533 W AppHibernationService: Attempt to call setHibernatingForUser before states have been read from disk
06-25 14:28:16.503 477 533 W AppHibernationService: Attempt to call setHibernatingForUser before states have been read from disk
06-25 14:28:16.503 477 533 W AppHibernationService: Attempt to call setHibernatingForUser before states have been read from disk
06-25 14:28:16.504 477 533 W AppHibernationService: Attempt to call setHibernatingForUser before states have been read from disk
06-25 14:28:16.504 477 533 W AppHibernationService: Attempt to call setHibernatingForUser before states have been read from disk
06-25 14:28:16.504 477 533 W AppHibernationService: Attempt to call setHibernatingForUser before states have been read from disk
06-25 14:28:16.504 322 324 D XM_HIDREAD: add@ add@/devices/virtual/bdi/0:47
06-25 14:28:16.505 477 533 W AppHibernationService: Attempt to call setHibernatingForUser before states have been read from disk
06-25 14:28:16.505 477 534 W SystemServiceManager: Service com.android.server.StorageManagerService$Lifecycle took 111 ms in onUnlockingUser-0
06-25 14:28:16.505 477 533 W AppHibernationService: Attempt to call setHibernatingForUser before states have been read from disk
06-25 14:28:16.506 477 533 W AppHibernationService: Attempt to call setHibernatingForUser before states have been read from disk
06-25 14:28:16.520 269 269 I EventThread: type=1400 audit(0.0:405): avc: denied { search } for name="extcon" dev="sysfs" ino=18109 scontext=u:r:hal_tv_cec_default:s0 tcontext=u:object_r:sysfs_extcon:s0 tclass=dir permissive=1
06-25 14:28:16.509 477 533 W AppHibernationService: Attempt to call setHibernatingForUser before states have been read from disk
06-25 14:28:16.510 192 192 I vold : Bind mounting /data/media to /mnt/pass_through/0/emulated
06-25 14:28:16.510 477 533 W AppHibernationService: Attempt to call setHibernatingForUser before states have been read from disk
06-25 14:28:16.512 477 607 I StorageSessionController: On volume mount VolumeInfo{emulated;0}:
06-25 14:28:16.512 477 607 I StorageSessionController: type=EMULATED diskId=null partGuid= mountFlags=PRIMARY|VISIBLE
06-25 14:28:16.512 477 607 I StorageSessionController: mountUserId=0 state=CHECKING
06-25 14:28:16.512 477 607 I StorageSessionController: fsType=null fsUuid=null fsLabel=null
06-25 14:28:16.512 477 607 I StorageSessionController: path=/storage/emulated internalPath=/data/media
06-25 14:28:16.513 477 607 I StorageSessionController: Creating connection for user: 0
06-25 14:28:16.514 477 607 I StorageSessionController: Creating and starting session with id: emulated;0
06-25 14:28:16.514 477 607 I StorageUserConnection: Binding to the ExternalStorageService for user 0
06-25 14:28:16.515 676 954 V WallpaperService: Setting wallpaper dimming: 0.05
06-25 14:28:16.515 477 534 W TextServicesManagerService: no available spell checker services found
06-25 14:28:16.516 477 534 D WifiService: Handle user unlock 0
06-25 14:28:16.516 477 533 I UsageStatsService: User[0] Flushing usage stats to disk
06-25 14:28:16.517 477 534 I WallpaperManagerService: on-unlock-user-0
06-25 14:28:16.519 477 477 W InputMethodUtils: No software keyboard is found. imis=[InputMethodInfo{com.sohu.inputmethod.sogou.tv/.SogouIME, settings: com.sohu.inputmethod.sogou.SogouIMESettingsLauncher}] systemLocale=zh_CN fallbackLocale=null
01-01 08:00:21.826 170 170 I sunxi-ehci 5200000.ehci1-controller: USB 2.0 started, EHCI 1.00
01-01 08:00:21.826 170 170 E debugfs : Directory 'sunxi-ehci' with parent 'ehci' already present!
06-25 14:28:16.527 477 613 E WifiVendorHal: getWifiLinkLayerStats_1_5_Internal(l.1191) failed {.code = ERROR_INVALID_ARGS, .description = }
01-01 08:00:21.844 170 170 I usb2 : New USB device found, idVendor=1d6b, idProduct=0002, bcdDevice= 5.04
01-01 08:00:21.844 170 170 I usb2 : New USB device strings: Mfr=3, Product=2, SerialNumber=1
01-01 08:00:21.844 170 170 I usb2 : Product: EHCI Host Controller
01-01 08:00:21.844 170 170 I usb2 : Manufacturer: Linux 5.4.125+ ehci_hcd
01-01 08:00:21.844 170 170 I usb2 : SerialNumber: sunxi-ehci
06-25 14:28:16.531 322 324 D XM_HIDREAD: add@ add@/devices/platform/soc@3000000/5200000.ehci1-controller/usb2
06-25 14:28:16.533 322 324 D XM_HIDREAD: add@ add@/devices/platform/soc@3000000/5200000.ehci1-controller/usb2/2-0:1.0
01-01 08:00:21.850 170 170 I hub 2-0 : 1.0: USB hub found
01-01 08:00:21.850 170 170 I hub 2-0 : 1.0: 1 port detected
06-25 14:28:16.544 322 324 D XM_HIDREAD: add@ add@/devices/virtual/devlink/regulator.8--5310000.ehci2-controller
01-01 08:00:21.859 170 170 W : sunxi ehci2-controller don't init wakeup source
01-01 08:00:21.859 170 170 W [sunxi-ehci2]: probe, pdev->name: 5310000.ehci2-controller, sunxi_ehci: 0xffffffc008f81d98, 0x:ffffffc013b1d000, irq_no:36
01-01 08:00:21.861 170 170 I sunxi-ehci 5310000.ehci2-controller: EHCI Host Controller
01-01 08:00:21.861 170 170 I sunxi-ehci 5310000.ehci2-controller: new USB bus registered, assigned bus number 3
01-01 08:00:21.861 170 170 I sunxi-ehci 5310000.ehci2-controller: irq 54, io mem 0x05310000
06-25 14:28:16.549 477 477 W Looper : Slow dispatch took 156ms main h=android.os.Handler c=null m=5000
06-25 14:28:16.552 668 813 I AdapterState: BLE_ON : entered
06-25 14:28:16.552 668 813 D AdapterProperties: Setting state to BLE_ON
06-25 14:28:16.553 668 813 D BluetoothAdapterService: updateAdapterState() - Broadcasting state BLE_ON to 1 receivers.
06-25 14:28:16.555 477 525 D BluetoothManagerService: MESSAGE_BLUETOOTH_STATE_CHANGE: BLE_TURNING_ON > BLE_ON
06-25 14:28:16.556 477 525 D BluetoothManagerService: Bluetooth is in LE only mode
06-25 14:28:16.556 477 525 D BluetoothManagerService: Binding Bluetooth GATT service
01-01 08:00:21.874 170 170 I sunxi-ehci 5310000.ehci2-controller: USB 2.0 started, EHCI 1.00
01-01 08:00:21.874 170 170 E debugfs : Directory 'sunxi-ehci' with parent 'ehci' already present!
06-25 14:28:16.562 477 607 D CompatibilityChangeReporter: Compat change id reported: 135634846; UID 10074; state: DISABLED
06-25 14:28:16.562 477 535 D CompatibilityChangeReporter: Compat change id reported: 143937733; UID 10074; state: ENABLED
06-25 14:28:16.564 477 607 I StorageUserConnection: Bound to the ExternalStorageService for user 0
06-25 14:28:16.569 818 818 W ContextImpl: Calling a method in the system process without a qualified user: android.app.ContextImpl.startService:1816 android.content.ContextWrapper.startService:774 android.content.ContextWrapper.startService:774 com.android.tv.settings.users.UserSwitchListenerService$BootReceiver.onReceive:50 android.app.ActivityThread.handleReceiver:4308
06-25 14:28:16.571 477 534 W VoiceInteractionManager: no available voice recognition services found for user 0
01-01 08:00:21.888 170 170 I usb3 : New USB device found, idVendor=1d6b, idProduct=0002, bcdDevice= 5.04
01-01 08:00:21.888 170 170 I usb3 : New USB device strings: Mfr=3, Product=2, SerialNumber=1
01-01 08:00:21.888 170 170 I usb3 : Product: EHCI Host Controller
01-01 08:00:21.888 170 170 I usb3 : Manufacturer: Linux 5.4.125+ ehci_hcd
01-01 08:00:21.888 170 170 I usb3 : SerialNumber: sunxi-ehci
06-25 14:28:16.573 322 324 D XM_HIDREAD: add@ add@/devices/platform/soc@3000000/5310000.ehci2-controller/usb3
06-25 14:28:16.576 477 639 I BackupManagerService: Starting service for user: 0
06-25 14:28:16.576 477 1001 I HibernationStateDiskStore: No hibernation file on disk for file /data/system_ce/0/hibernation/states
06-25 14:28:16.576 477 639 V BackupManagerService: [UserID:0] Starting with transport com.android.localtransport/.LocalTransport
06-25 14:28:16.577 322 324 D XM_HIDREAD: add@ add@/devices/platform/soc@3000000/5310000.ehci2-controller/usb3/3-0:1.0
01-01 08:00:21.894 170 170 I hub 3-0 : 1.0: USB hub found
01-01 08:00:21.894 170 170 I hub 3-0 : 1.0: 1 port detected
01-01 08:00:21.901 170 170 W : sunxi ehci3-controller don't init wakeup source
01-01 08:00:21.901 170 170 W [sunxi-ehci3]: probe, pdev->name: 5311000.ehci3-controller, sunxi_ehci: 0xffffffc008f82458, 0x:ffffffc013b5d000, irq_no:38
06-25 14:28:16.589 322 324 D XM_HIDREAD: add@ add@/devices/virtual/devlink/regulator.8--5311000.ehci3-controller
06-25 14:28:16.591 477 639 D BackupManagerService: [UserID:0] Started thread backup-0
01-01 08:00:21.907 170 170 I sunxi-ehci 5311000.ehci3-controller: EHCI Host Controller
01-01 08:00:21.907 170 170 I sunxi-ehci 5311000.ehci3-controller: new USB bus registered, assigned bus number 4
01-01 08:00:21.907 170 170 I sunxi-ehci 5311000.ehci3-controller: irq 56, io mem 0x05311000
06-25 14:28:16.592 477 524 D AutofillUI: destroySaveUiUiThread(): already destroyed
06-25 14:28:16.594 477 524 D AW_CODE : rotation =0
06-25 14:28:16.594 477 534 D AutofillManagerServiceImpl: Reset component for user 0:
06-25 14:28:16.595 477 534 D FieldClassificationStrategy: reset(): service is not bound. Do nothing.
06-25 14:28:16.596 477 534 W AppBindingService: [Default SMS app] u0 Target package not found
06-25 14:28:16.597 477 477 I NotificationHistory: Attempted to unlock gone/disabled user 0
06-25 14:28:16.597 477 477 D BluetoothManagerService: Bluetooth Adapter address changed to B4:2F:03:15:73:2F
06-25 14:28:16.598 477 477 D BluetoothManagerService: Stored Bluetoothaddress: B4:2F:03:15:73:2F
06-25 14:28:16.598 477 477 D BluetoothManagerService: Bluetooth Adapter name changed to DBBOX-A2 by android
06-25 14:28:16.599 477 477 D BluetoothManagerService: Stored Bluetooth name: DBBOX-A2
06-25 14:28:16.600 477 524 D AW_CODE : rotation =0
01-01 08:00:21.922 170 170 I sunxi-ehci 5311000.ehci3-controller: USB 2.0 started, EHCI 1.00
01-01 08:00:21.922 170 170 E debugfs : Directory 'sunxi-ehci' with parent 'ehci' already present!
06-25 14:28:16.610 477 525 D BluetoothManagerService: Sending BLE State Change: BLE_TURNING_ON > BLE_ON
06-25 14:28:16.611 477 533 W Searchables: No global search activity found
06-25 14:28:16.618 477 477 D BluetoothManagerService: BluetoothServiceConnection: com.android.bluetooth.gatt.GattService
06-25 14:28:16.618 477 525 D BluetoothManagerService: MESSAGE_BLUETOOTH_SERVICE_CONNECTED: 2
06-25 14:28:16.619 477 525 D BluetoothManagerService: continueFromBleOnState()
06-25 14:28:16.620 322 324 D XM_HIDREAD: add@ add@/devices/platform/soc@3000000/5311000.ehci3-controller/usb4
06-25 14:28:16.621 668 813 I AdapterState: TURNING_ON : entered
06-25 14:28:16.621 668 813 D AdapterProperties: Setting state to TURNING_ON
01-01 08:00:21.934 170 170 I usb4 : New USB device found, idVendor=1d6b, idProduct=0002, bcdDevice= 5.04
01-01 08:00:21.934 170 170 I usb4 : New USB device strings: Mfr=3, Product=2, SerialNumber=1
01-01 08:00:21.934 170 170 I usb4 : Product: EHCI Host Controller
01-01 08:00:21.934 170 170 I usb4 : Manufacturer: Linux 5.4.125+ ehci_hcd
01-01 08:00:21.934 170 170 I usb4 : SerialNumber: sunxi-ehci
06-25 14:28:16.622 322 324 D XM_HIDREAD: add@ add@/devices/platform/soc@3000000/5311000.ehci3-controller/usb4/4-0:1.0
06-25 14:28:16.622 668 813 D BluetoothAdapterService: updateAdapterState() - Broadcasting state TURNING_ON to 1 receivers.
06-25 14:28:16.623 668 813 D BluetoothAdapterService: startCoreServices()
01-01 08:00:21.939 170 170 I hub 4-0 : 1.0: USB hub found
01-01 08:00:21.939 170 170 I hub 4-0 : 1.0: 1 port detected
06-25 14:28:16.630 322 324 D XM_HIDREAD: add@ add@/bus/platform/drivers/sunxi-ehci
06-25 14:28:16.631 668 668 I HeadsetService: create()
06-25 14:28:16.632 322 324 D XM_HIDREAD: add@ add@/module/ehci_sunxi
06-25 14:28:16.634 668 668 I HeadsetService: start()
06-25 14:28:16.634 477 533 I SELinux : SELinux: Loaded file_contexts
06-25 14:28:16.634 477 525 D BluetoothManagerService: Persisting Bluetooth Setting: 1
06-25 14:28:16.634 477 525 D BluetoothManagerService: MESSAGE_BLUETOOTH_STATE_CHANGE: BLE_ON > TURNING_ON
06-25 14:28:16.634 477 525 D BluetoothManagerService: Sending BLE State Change: BLE_ON > TURNING_ON
06-25 14:28:16.641 477 525 D BluetoothManagerService: Sending State Change: OFF > TURNING_ON
06-25 14:28:16.647 477 550 W BatteryExternalStatsWorker: error reading modem stats:ERROR_PHONE_NOT_AVAILABLE
06-25 14:28:16.651 477 534 W SystemServiceManager: Service com.android.server.appsearch.AppSearchManagerService took 55 ms in onUnlockingUser-0
06-25 14:28:16.651 477 534 I ActivityTaskManager: Loading recents for user 0 into memory.
06-25 14:28:16.651 248 248 D Zygote : Forked child process 1032
06-25 14:28:16.654 477 535 W ActivityManager: Slow operation: 94ms so far, now at startProcess: returned from zygote!
06-25 14:28:16.658 477 613 D WifiService: updateInterfaceIpState: ifaceName=wlan0 mode=-1 previous LOHS mode= -1
06-25 14:28:16.658 477 613 D WifiService: updateInterfaceIpState: ifaceName=wlan1 mode=-1 previous LOHS mode= -1
06-25 14:28:16.665 477 613 D WifiService: Handle boot completed
06-25 14:28:16.668 477 639 E BackupPasswordManager: Unable to read backup pw version
06-25 14:28:16.669 477 639 E BackupPasswordManager: Unable to read saved backup pw hash
06-25 14:28:16.674 1032 1032 I Zygote : seccomp disabled by setenforce 0
06-25 14:28:16.675 668 668 I BluetoothHeadsetServiceJni: classInitNative: succeeds
06-25 14:28:16.675 668 668 I bt_btif : system/bt/btif/src/bluetooth.cc:417 get_profile_interface: get_profile_interface: id = handsfree
06-25 14:28:16.675 668 668 I bt_stack: [INFO:btif_hf.cc(1491)] GetInterface
06-25 14:28:16.676 668 846 I bt_stack: [INFO:btif_hf.cc(289)] btif_hf_upstreams_evt: AG enable/disable event 0
06-25 14:28:16.676 668 983 I bt_bta_dm: system/bt/bta/dm/bta_dm_act.cc:3191 bta_dm_eir_update_uuid: EIR Adding UUID=0x1112 into extended inquiry response
06-25 14:28:16.676 668 983 I bt_bta_dm: system/bt/bta/dm/bta_dm_act.cc:2890 bta_dm_set_eir: Generating extended inquiry response packet EIR
06-25 14:28:16.676 668 983 I bt_bta_dm: system/bt/bta/dm/bta_dm_act.cc:3191 bta_dm_eir_update_uuid: EIR Adding UUID=0x111F into extended inquiry response
06-25 14:28:16.676 668 983 I bt_bta_dm: system/bt/bta/dm/bta_dm_act.cc:2890 bta_dm_set_eir: Generating extended inquiry response packet EIR
06-25 14:28:16.677 668 983 I bt_stack: [INFO:port_api.cc(234)] RFCOMM_CreateConnection: bd_addr=ff:ff:ff:ff:ff:ff, scn=2, is_server=1, mtu=256, uuid=0x1112, dlci=4, signal_state=0x0b, p_port=0xc8029524
06-25 14:28:16.677 668 983 I bt_stack: [INFO:port_api.cc(234)] RFCOMM_CreateConnection: bd_addr=ff:ff:ff:ff:ff:ff, scn=3, is_server=1, mtu=256, uuid=0x111f, dlci=6, signal_state=0x0b, p_port=0xc80295ac
06-25 14:28:16.677 668 983 I bt_stack: [INFO:port_api.cc(234)] RFCOMM_CreateConnection: bd_addr=ff:ff:ff:ff:ff:ff, scn=2, is_server=1, mtu=256, uuid=0x1112, dlci=4, signal_state=0x0b, p_port=0xc8029634
06-25 14:28:16.678 668 983 I bt_stack: [INFO:port_api.cc(234)] RFCOMM_CreateConnection: bd_addr=ff:ff:ff:ff:ff:ff, scn=3, is_server=1, mtu=256, uuid=0x111f, dlci=6, signal_state=0x0b, p_port=0xc80296bc
06-25 14:28:16.678 668 668 I bt_btif_storage: system/bt/btif/src/btif_storage.cc:661 btif_storage_get_adapter_property: btif_storage_get_adapter_property service_mask:0x20000040
06-25 14:28:16.695 187 187 I hwservicemanager: getTransport: Cannot find entry android.hardware.graphics.mapper@4.0::IMapper/default in either framework or device VINTF manifest.
06-25 14:28:16.695 477 534 V PackageConfigPersister: loadPackages: empty list files from /data/system_ce/0/package_configs
06-25 14:28:16.698 477 535 W ActivityManager: Slow operation: 138ms so far, now at startProcess: done updating battery stats
06-25 14:28:16.698 477 535 I Watchdog: Interesting Java process com.android.providers.media.module started. Pid 1032
06-25 14:28:16.698 477 535 W ActivityManager: Slow operation: 138ms so far, now at startProcess: building log message
06-25 14:28:16.698 477 535 I ActivityManager: app.processName = com.android.providers.media.module
06-25 14:28:16.699 477 535 I ActivityManager: Start proc 1032:com.android.providers.media.module/u0a74 for service {com.android.providers.media.module/com.android.providers.media.fuse.ExternalStorageServiceImpl}
06-25 14:28:16.699 477 535 W ActivityManager: Slow operation: 138ms so far, now at startProcess: starting to update pids map
06-25 14:28:16.699 477 535 W ActivityManager: Slow operation: 138ms so far, now at startProcess: done updating pids map
06-25 14:28:16.701 477 534 W ActivityManager: UserLifecycleEvent 5 received without an active userJourneySession.
06-25 14:28:16.701 477 534 W ActivityManager: UserLifecycleEvent 6 received without an active userJourneySession.
06-25 14:28:16.701 477 534 I ActivityManager: User 0 state changed from RUNNING_UNLOCKING to RUNNING_UNLOCKED
06-25 14:28:16.702 477 810 W BroadcastQueue: Background execution not allowed: receiving Intent { act=android.bluetooth.adapter.action.STATE_CHANGED flg=0x4000010 (has extras) } to com.dangbei.lerad.etna.haqu/com.dangbei.remotecontroller.RemoteControllerReceiver
06-25 14:28:16.703 477 533 I system_server: Using smaps_rollup for pss collection
06-25 14:28:16.704 387 396 I adbd : jdwp connection from 1032
06-25 14:28:16.704 676 954 I Gralloc4: mapper 4.x is not supported
06-25 14:28:16.705 477 534 D SystemServerTiming: SystemUserUnlock took to complete: 972ms
06-25 14:28:16.705 668 983 I bt_stack: [INFO:port_api.cc(234)] RFCOMM_CreateConnection: bd_addr=ff:ff:ff:ff:ff:ff, scn=2, is_server=1, mtu=256, uuid=0x1112, dlci=4, signal_state=0x0b, p_port=0xc8029744
06-25 14:28:16.706 668 983 I bt_stack: [INFO:port_api.cc(234)] RFCOMM_CreateConnection: bd_addr=ff:ff:ff:ff:ff:ff, scn=3, is_server=1, mtu=256, uuid=0x111f, dlci=6, signal_state=0x0b, p_port=0xc80297cc
06-25 14:28:16.706 668 983 I bt_stack: [INFO:port_api.cc(234)] RFCOMM_CreateConnection: bd_addr=ff:ff:ff:ff:ff:ff, scn=2, is_server=1, mtu=256, uuid=0x1112, dlci=4, signal_state=0x0b, p_port=0xc8029854
06-25 14:28:16.706 668 983 I bt_stack: [INFO:port_api.cc(234)] RFCOMM_CreateConnection: bd_addr=ff:ff:ff:ff:ff:ff, scn=3, is_server=1, mtu=256, uuid=0x111f, dlci=6, signal_state=0x0b, p_port=0xc80298dc
06-25 14:28:16.706 668 983 I bt_stack: [INFO:port_api.cc(234)] RFCOMM_CreateConnection: bd_addr=ff:ff:ff:ff:ff:ff, scn=2, is_server=1, mtu=256, uuid=0x1112, dlci=4, signal_state=0x0b, p_port=0xc8029964
06-25 14:28:16.706 668 983 I bt_stack: [INFO:port_api.cc(234)] RFCOMM_CreateConnection: bd_addr=ff:ff:ff:ff:ff:ff, scn=3, is_server=1, mtu=256, uuid=0x111f, dlci=6, signal_state=0x0b, p_port=0xc80299ec
06-25 14:28:16.706 668 983 I bt_stack: [INFO:port_api.cc(234)] RFCOMM_CreateConnection: bd_addr=ff:ff:ff:ff:ff:ff, scn=2, is_server=1, mtu=256, uuid=0x1112, dlci=4, signal_state=0x0b, p_port=0xc8029a74
06-25 14:28:16.706 668 983 I bt_stack: [INFO:port_api.cc(234)] RFCOMM_CreateConnection: bd_addr=ff:ff:ff:ff:ff:ff, scn=3, is_server=1, mtu=256, uuid=0x111f, dlci=6, signal_state=0x0b, p_port=0xc8029afc
06-25 14:28:16.707 322 324 D XM_HIDREAD: add@ add@/devices/virtual/devlink/regulator.8--5101400.ohci0-controller
01-01 08:00:22.022 170 170 W sunxi-ohci: OHCI SUNXI driver
01-01 08:00:22.023 170 170 W : sunxi ohci0-controller don't init wakeup source
01-01 08:00:22.023 170 170 W [sunxi-ohci0]: probe, pdev->name: 5101400.ohci0-controller, sunxi_ohci: 0xffffffc008f81378
01-01 08:00:22.024 170 170 I sunxi-ohci 5101400.ohci0-controller: OHCI Host Controller
01-01 08:00:22.024 170 170 I sunxi-ohci 5101400.ohci0-controller: new USB bus registered, assigned bus number 5
01-01 08:00:22.024 170 170 I sunxi-ohci 5101400.ohci0-controller: irq 51, io mem 0x05101400
06-25 14:28:16.712 187 187 I hwservicemanager: getTransport: Cannot find entry android.hardware.graphics.mapper@3.0::IMapper/default in either framework or device VINTF manifest.
06-25 14:28:16.714 477 613 I WifiScoreCard: Installing MemoryStore
06-25 14:28:16.714 477 613 I WifiHealthMonitor: Installing MemoryStore
06-25 14:28:16.714 676 954 W Gralloc3: mapper 3.x is not supported
06-25 14:28:16.715 668 668 I A2dpService: create()
06-25 14:28:16.716 477 534 I ActivityManager: com.dangbei.lerad.etna.haqu is exempt from freezer
06-25 14:28:16.719 477 534 D CompatibilityChangeReporter: Compat change id reported: 135634846; UID 1000; state: DISABLED
06-25 14:28:16.721 477 1031 I AppSearchUserInstanceMa: Creating new AppSearch instance at: /data/system_ce/0/appsearch/icing
06-25 14:28:16.727 477 477 D BluetoothA2dp: Proxy object connected
06-25 14:28:16.730 477 477 D BluetoothA2dp: Proxy object connected
06-25 14:28:16.731 477 477 D BluetoothA2dp: Proxy object connected
06-25 14:28:16.748 248 248 D Zygote : Forked child process 1051
06-25 14:28:16.756 1051 1051 I Zygote : seccomp disabled by setenforce 0
06-25 14:28:16.759 477 534 I ActivityManager: Posting BOOT_COMPLETED user #0
06-25 14:28:16.764 477 753 D CompatibilityChangeReporter: Compat change id reported: 168419799; UID 10074; state: DISABLED
06-25 14:28:16.769 477 1029 E system_server: No package ID 7f found for ID 0x7f070090.
06-25 14:28:16.764 328 328 I rainbow_flow: type=1400 audit(0.0:406): avc: denied { ioctl } for path="/dev/spidev1.0" dev="tmpfs" ino=5369 ioctlcmd=0x6b00 scontext=u:r:init:s0 tcontext=u:object_r:device:s0 tclass=chr_file permissive=1
06-25 14:28:16.769 477 1029 E system_server: No package ID 7f found for ID 0x7f10009b.
06-25 14:28:16.768 327 327 I xiriservice_All: type=1400 audit(0.0:407): avc: denied { read } for scontext=u:r:init:s0 tcontext=u:r:init:s0 tclass=netlink_kobject_uevent_socket permissive=1
06-25 14:28:16.771 322 324 D XM_HIDREAD: add@ add@/devices/platform/soc@3000000/5101400.ohci0-controller/usb5
01-01 08:00:22.086 170 170 I usb5 : New USB device found, idVendor=1d6b, idProduct=0001, bcdDevice= 5.04
01-01 08:00:22.086 170 170 I usb5 : New USB device strings: Mfr=3, Product=2, SerialNumber=1
01-01 08:00:22.086 170 170 I usb5 : Product: OHCI Host Controller
01-01 08:00:22.086 170 170 I usb5 : Manufacturer: Linux 5.4.125+ ohci_hcd
01-01 08:00:22.086 170 170 I usb5 : SerialNumber: sunxi-ohci
06-25 14:28:16.774 322 324 D XM_HIDREAD: add@ add@/devices/platform/soc@3000000/5101400.ohci0-controller/usb5/5-0:1.0
01-01 08:00:22.092 170 170 I hub 5-0 : 1.0: USB hub found
01-01 08:00:22.092 170 170 I hub 5-0 : 1.0: 1 port detected
01-01 08:00:22.097 170 170 W : sunxi ohci1-controller don't init wakeup source
01-01 08:00:22.097 170 170 W [sunxi-ohci1]: probe, pdev->name: 5200400.ohci1-controller, sunxi_ohci: 0xffffffc008f81a38
06-25 14:28:16.782 322 324 D XM_HIDREAD: add@ add@/devices/virtual/devlink/regulator.8--5200400.ohci1-controller
06-25 14:28:16.787 477 1031 W UnsafeUtil: platform method missing - proto runtime falling back to safer methods: java.lang.NoSuchMethodException: sun.misc.Unsafe.copyMemory [class java.lang.Object, long, class java.lang.Object, long, long]
01-01 08:00:22.099 170 170 I sunxi-ohci 5200400.ohci1-controller: OHCI Host Controller
01-01 08:00:22.099 170 170 I sunxi-ohci 5200400.ohci1-controller: new USB bus registered, assigned bus number 6
01-01 08:00:22.099 170 170 E debugfs : Directory 'sunxi-ohci' with parent 'ohci' already present!
01-01 08:00:22.109 170 170 I sunxi-ohci 5200400.ohci1-controller: irq 53, io mem 0x05200400
06-25 14:28:16.808 387 396 I adbd : jdwp connection from 1051
06-25 14:28:16.819 676 954 E gralloc : Arm Module v1.0
06-25 14:28:16.821 477 753 W ActivityManager: Slow operation: 61ms so far, now at attachApplicationLocked: after mServices.attachApplicationLocked
06-25 14:28:16.822 477 535 W ActivityManager: Slow operation: 109ms so far, now at startProcess: done updating battery stats
06-25 14:28:16.823 477 535 W ActivityManager: Slow operation: 109ms so far, now at startProcess: building log message
06-25 14:28:16.823 477 535 I ActivityManager: app.processName = com.dangbei.lerad.etna.haqu
06-25 14:28:16.823 477 535 I ActivityManager: Start proc 1051:com.dangbei.lerad.etna.haqu/1000 for added application com.dangbei.lerad.etna.haqu
06-25 14:28:16.825 1032 1032 D CompatibilityChangeReporter: Compat change id reported: 171979766; UID 10074; state: DISABLED
06-25 14:28:16.826 477 535 W ActivityManager: Slow operation: 109ms so far, now at startProcess: starting to update pids map
06-25 14:28:16.826 477 535 W ActivityManager: Slow operation: 112ms so far, now at startProcess: done updating pids map
06-25 14:28:16.827 187 187 I hwservicemanager: getTransport: Cannot find entry android.hardware.graphics.allocator@4.0::IAllocator/default in either framework or device VINTF manifest.
06-25 14:28:16.828 668 668 I A2dpService: start()
06-25 14:28:16.828 668 668 I BluetoothA2dpServiceJni: classInitNative: succeeds
06-25 14:28:16.829 668 668 I A2dpService: Max connected audio devices set to 5
06-25 14:28:16.830 676 954 W Gralloc4: allocator 4.x is not supported
06-25 14:28:16.831 668 668 I bt_btif : system/bt/btif/src/bluetooth.cc:417 get_profile_interface: get_profile_interface: id = a2dp
06-25 14:28:16.831 668 668 I btif_av : system/bt/btif/src/btif_av.cc:965 Init: bt_status_t BtifAvSource::Init(btav_source_callbacks_t *, int, const std::vector &, const std::vector &): max_connected_audio_devices=5
06-25 14:28:16.831 668 668 I a2dp_codec: system/bt/stack/a2dp/a2dp_codec_config.cc:569 init: init
06-25 14:28:16.831 668 668 I a2dp_codec: system/bt/stack/a2dp/a2dp_codec_config.cc:113 createCodec: createCodec: codec SBC
06-25 14:28:16.831 668 668 I a2dp_codec: system/bt/stack/a2dp/a2dp_codec_config.cc:633 init: init: updated SBC codec priority to 1001
06-25 14:28:16.831 668 668 I a2dp_codec: system/bt/stack/a2dp/a2dp_codec_config.cc:113 createCodec: createCodec: codec AAC
06-25 14:28:16.831 668 668 I a2dp_codec: system/bt/stack/a2dp/a2dp_codec_config.cc:633 init: init: updated AAC codec priority to 2001
06-25 14:28:16.831 668 668 I a2dp_codec: system/bt/stack/a2dp/a2dp_codec_config.cc:113 createCodec: createCodec: codec aptX
06-25 14:28:16.833 187 187 I hwservicemanager: getTransport: Cannot find entry android.hardware.graphics.allocator@3.0::IAllocator/default in either framework or device VINTF manifest.
06-25 14:28:16.834 676 954 W Gralloc3: allocator 3.x is not supported
06-25 14:28:16.836 668 668 E a2dp_vendor_aptx_encoder: system/bt/stack/a2dp/a2dp_vendor_aptx_encoder.cc:123 A2DP_VendorLoadEncoderAptx: A2DP_VendorLoadEncoderAptx: cannot open aptX encoder library libaptX_encoder.so: dlopen failed: library "libaptX_encoder.so" not found
06-25 14:28:16.836 668 668 E a2dp_vendor_aptx: system/bt/stack/a2dp/a2dp_vendor_aptx.cc:465 init: init: cannot load the encoder
06-25 14:28:16.836 668 668 I a2dp_codec: system/bt/stack/a2dp/a2dp_codec_config.cc:113 createCodec: createCodec: codec aptX-HD
06-25 14:28:16.837 668 668 E a2dp_vendor_aptx_hd_encoder: system/bt/stack/a2dp/a2dp_vendor_aptx_hd_encoder.cc:123 A2DP_VendorLoadEncoderAptxHd: A2DP_VendorLoadEncoderAptxHd: cannot open aptX-HD encoder library libaptXHD_encoder.so: dlopen failed: library "libaptXHD_encoder.so" not found
06-25 14:28:16.837 668 668 E a2dp_vendor_aptx_hd: system/bt/stack/a2dp/a2dp_vendor_aptx_hd.cc:483 init: init: cannot load the encoder
06-25 14:28:16.840 668 668 I a2dp_codec: system/bt/stack/a2dp/a2dp_codec_config.cc:113 createCodec: createCodec: codec LDAC
06-25 14:28:16.844 477 639 V BackupManagerService: [UserID:0] No ancestral data
06-25 14:28:16.854 477 1030 V BackupManagerConstants: getKeyValueBackupIntervalMilliseconds(...) returns 14400000
06-25 14:28:16.854 477 1030 V BackupManagerConstants: getKeyValueBackupFuzzMilliseconds(...) returns 600000
06-25 14:28:16.854 477 1030 V BackupManagerConstants: getKeyValueBackupRequiredNetworkType(...) returns 1
06-25 14:28:16.854 477 1030 V BackupManagerConstants: getKeyValueBackupRequireCharging(...) returns true
06-25 14:28:16.854 477 1030 V KeyValueBackupJob: Scheduling k/v pass in 240 minutes
06-25 14:28:16.855 322 324 D XM_HIDREAD: add@ add@/devices/platform/soc@3000000/5200400.ohci1-controller/usb6
06-25 14:28:16.857 322 324 D XM_HIDREAD: add@ add@/devices/platform/soc@3000000/5200400.ohci1-controller/usb6/6-0:1.0
01-01 08:00:22.170 170 170 I usb6 : New USB device found, idVendor=1d6b, idProduct=0001, bcdDevice= 5.04
01-01 08:00:22.170 170 170 I usb6 : New USB device strings: Mfr=3, Product=2, SerialNumber=1
01-01 08:00:22.170 170 170 I usb6 : Product: OHCI Host Controller
01-01 08:00:22.170 170 170 I usb6 : Manufacturer: Linux 5.4.125+ ohci_hcd
01-01 08:00:22.170 170 170 I usb6 : SerialNumber: sunxi-ohci
01-01 08:00:22.175 170 170 I hub 6-0 : 1.0: USB hub found
06-25 14:28:16.860 668 668 I a2dp_codec: system/bt/stack/a2dp/a2dp_codec_config.cc:633 init: init: updated LDAC codec priority to 5001
06-25 14:28:16.860 668 668 I a2dp_codec: system/bt/stack/a2dp/a2dp_codec_config.cc:113 createCodec: createCodec: codec SBC SINK
06-25 14:28:16.860 668 668 I a2dp_codec: system/bt/stack/a2dp/a2dp_codec_config.cc:113 createCodec: createCodec: codec AAC SINK
01-01 08:00:22.175 170 170 I hub 6-0 : 1.0: 1 port detected
01-01 08:00:22.181 170 170 W : sunxi ohci2-controller don't init wakeup source
01-01 08:00:22.181 170 170 W [sunxi-ohci2]: probe, pdev->name: 5310400.ohci2-controller, sunxi_ohci: 0xffffffc008f820f8
06-25 14:28:16.862 668 668 I a2dp_codec: system/bt/stack/a2dp/a2dp_codec_config.cc:113 createCodec: createCodec: codec LDAC SINK
06-25 14:28:16.864 668 668 E a2dp_vendor_ldac_decoder: system/bt/stack/a2dp/a2dp_vendor_ldac_decoder.cc:134 A2DP_VendorLoadDecoderLdac: A2DP_VendorLoadDecoderLdac: cannot open LDAC decoder library libldacBT_bco.so: dlopen failed: library "libldacBT_bco.so" not found
06-25 14:28:16.864 668 668 E a2dp_vendor_ldac: system/bt/stack/a2dp/a2dp_vendor_ldac.cc:1418 init: init: cannot load the decoder
06-25 14:28:16.864 668 668 I a2dp_codec: system/bt/stack/a2dp/a2dp_codec_config.cc:658 init: init: initialized Source codec LDAC
06-25 14:28:16.864 668 668 I a2dp_codec: system/bt/stack/a2dp/a2dp_codec_config.cc:658 init: init: initialized Source codec AAC
06-25 14:28:16.864 668 668 I a2dp_codec: system/bt/stack/a2dp/a2dp_codec_config.cc:658 init: init: initialized Source codec SBC
06-25 14:28:16.864 668 668 I a2dp_codec: system/bt/stack/a2dp/a2dp_codec_config.cc:665 init: init: initialized Sink codec AAC SINK
06-25 14:28:16.864 668 668 I a2dp_codec: system/bt/stack/a2dp/a2dp_codec_config.cc:665 init: init: initialized Sink codec SBC SINK
06-25 14:28:16.864 668 668 I a2dp_codec: system/bt/stack/a2dp/a2dp_codec_config.cc:569 init: init
06-25 14:28:16.864 668 668 I a2dp_codec: system/bt/stack/a2dp/a2dp_codec_config.cc:113 createCodec: createCodec: codec SBC
06-25 14:28:16.864 668 668 I a2dp_codec: system/bt/stack/a2dp/a2dp_codec_config.cc:633 init: init: updated SBC codec priority to 1001
06-25 14:28:16.864 668 668 I a2dp_codec: system/bt/stack/a2dp/a2dp_codec_config.cc:113 createCodec: createCodec: codec AAC
06-25 14:28:16.864 668 668 I a2dp_codec: system/bt/stack/a2dp/a2dp_codec_config.cc:633 init: init: updated AAC codec priority to 2001
06-25 14:28:16.864 668 668 I a2dp_codec: system/bt/stack/a2dp/a2dp_codec_config.cc:113 createCodec: createCodec: codec aptX
06-25 14:28:16.866 322 324 D XM_HIDREAD: add@ add@/devices/virtual/devlink/regulator.8--5310400.ohci2-controller
06-25 14:28:16.866 477 534 D CompatibilityChangeReporter: Compat change id reported: 135634846; UID 10031; state: DISABLED
06-25 14:28:16.867 477 534 D CompatibilityChangeReporter: Compat change id reported: 177438394; UID 10031; state: DISABLED
