06-25 14:28:33.647 2641 2840 W UNIPLAYERSDK: PingbackUtil.cpp:1133 getMemoryField, substringList.size()=3
06-25 14:28:33.648 2641 2840 D UNIPLAYERSDK: PingbackUtil.cpp:1143 getMemoryField, memory=1960M
06-25 14:28:33.648 2641 2840 V UFUnilog: api_threadpool_impl.cpp : 12 {fuc=APIThreadPoolImpl:APIThreadPoolImpl(),minPoolSize=0,maxPoolSize=2,threadidletime=30000,name=unified-x-pingback}
06-25 14:28:33.648 2641 2840 D UFUnilog: UFPThreadPoolImpl.cpp : 81 {ThreadPoolImpl::ThreadPoolImpl()}
06-25 14:28:33.648 2641 2840 D UNIPLAYERSDK: UniapiManager.cpp:449 initPingback, ret=1
06-25 14:28:33.649 2641 2840 D UNIPLAYERSDK: VideoPrecacher.cpp:235 VideoPrecacher::VideoPrecacher()
06-25 14:28:33.649 2641 2840 D UNIPLAYERSDK: PumaVideoPrecacheAdaptor.cpp:33 [PumaVideoPrecacheAdaptor@0xf332918c]PumaVideoPrecacheAdaptor()
06-25 14:28:33.649 2641 2840 D UNIPLAYERSDK: PumaVideoPrecacheAdaptor.cpp:57 [PumaVideoPrecacheAdaptor@0xf332918c]resetHitData()
06-25 14:28:33.651 2641 2840 D UNIPLAYERSDK: VendorVideoPrecacheAdaptor.cpp:23 VendorVideoPrecacheAdaptor()
06-25 14:28:33.651 2641 2840 D UNIPLAYERSDK: VendorVideoPrecacheAdaptor.cpp:42 [VendorVideoPrecacheAdaptor@0xf5ef5968]resetHitData()
06-25 14:28:33.651 2641 2840 D UNIPLAYERSDK: AccountImpl.cpp:25 AccountImpl::AccountImpl mLoginType: 0
06-25 14:28:33.651 2641 2840 I UNIPLAYERSDK: AccountManager.cpp:139 AccountManager::AddListener()!
06-25 14:28:33.651 2641 2840 I UNIPLAYERSDK: AccountManager.cpp:154 AccountManager::mListeners.push_back()!
06-25 14:28:33.651 2641 2840 I UNIPLAYERSDK: VideoPrecacher.cpp:42 VideoPrecacher::initialize()
06-25 14:28:33.651 2641 2840 D UNIPLAYERSDK: VideoPrecacher.cpp:387 VideoPrecacher::WorkHandler()
06-25 14:28:33.653 2641 2840 D UNIPLAYERSDK: PluginHelper.cpp:38 PluginHelper::getLibPath(libcurl.so), libPath = /data/user/0/com.tv.kuaisou/files/pluginsdkplayer/2.1107.1.220408/1.1107.2.04472/pluginsdkplayer-download-1.1107.2.04472-libs/libmctocurl.so
06-25 14:28:33.653 2641 2840 I UNIPLAYERSDK: Advertisement.cpp:789 Advertisement::setCupidStatus(libcurl_path, /data/user/0/com.tv.kuaisou/files/pluginsdkplayer/2.1107.1.220408/1.1107.2.04472/pluginsdkplayer-download-1.1107.2.04472-libs/libmctocurl.so)
06-25 14:28:33.654 2641 2840 D UNIPLAYERSDK: PumaPlayerUtils.cpp:310 PumaPlayerUtils::checkNativePath() - return=/storage/emulated/0/qcache/
06-25 14:28:33.654 2641 2840 W UNIPLAYERSDK: PumaPlayerUtils.cpp:327 PumaPlayerUtils::checkNativeConfigPath() - newConfigRootPath=[/data/user/0/com.tv.kuaisou/files/qcache/]
06-25 14:28:33.655 2641 2840 D UNIPLAYERSDK: PumaPlayerUtils.cpp:310 PumaPlayerUtils::checkNativePath() - return=/storage/emulated/0/qcache/
06-25 14:28:33.655 2641 2840 W UNIPLAYERSDK: PumaPlayerUtils.cpp:327 PumaPlayerUtils::checkNativeConfigPath() - newConfigRootPath=[/data/user/0/com.tv.kuaisou/files/qcache/]
06-25 14:28:33.655 2641 2840 I UNIPLAYERSDK: Advertisement.cpp:789 Advertisement::setCupidStatus(qtp_conf_path, /data/user/0/com.tv.kuaisou/files/qcache/config/)
06-25 14:28:33.655 2641 2840 I UNIPLAYERSDK: Advertisement.cpp:673 parseAppIDtoCupidAppID(2) -return 2
06-25 14:28:33.657 2641 2858 I UFUnilog: UFNCurlClientImpl.cpp : 937 {fuc=UFNCurlClientImpl:PerformInit(),logtag=netDocttor_for_pingback,request_type=0,verifyssl=0,allow_redirect=1,max_redirect_number=5,connect_time_out=10000ms,transfer_time_out=20000ms,user_agent=Unified-X(arm-unknown-linux-androideabi);libcurl/7.73.0.6;BoringSSL;zlib/1.2.11;Universal_Foundation/v4.0.1_656_63af7fd3;Universal_Nd/v4.0.1_434_999e551c,ipv6_allowed=0}
06-25 14:28:33.674 2641 2840 I UNIPLAYERSDK: Advertisement.cpp:789 Advertisement::setCupidStatus(locale, cn_s)
06-25 14:28:33.674 2641 2840 I UNIPLAYERSDK: Advertisement.cpp:783 Advertisement::setCupidStatus(extra_platform, 1)
06-25 14:28:33.674 2641 2840 I UNIPLAYERSDK: Advertisement.cpp:789 Advertisement::setCupidStatus(platform_code, 14025032401000000000)
06-25 14:28:33.674 2641 2840 I UNIPLAYERSDK: Advertisement.cpp:789 Advertisement::setCupidStatus(open_cupid_log_to_console, 1)
06-25 14:28:33.675 2641 2840 I CLog : 2025-06-25 14:28:33.674 T:2840 DEBUG: [CUPID]SetProxyServer(): proxy file path: /storage/emulated/0/qcache/adcache/proxy.conf
06-25 14:28:33.675 2641 2840 I CLog : 2025-06-25 14:28:33.675 T:2840 DEBUG: [CUPID]SetProxyServer(): proxy server:
06-25 14:28:33.675 2641 2840 I UNIPLAYERSDK: Advertisement.cpp:783 Advertisement::setCupidStatus(support_sports_vip, 0)
06-25 14:28:33.675 2641 2840 I CLog : 2025-06-25 14:28:33.675 T:2840 DEBUG: [CUPID]SetSdkStatusC(): status:{"support_sports_vip":0}
06-25 14:28:33.675 2641 2840 I CLog :
06-25 14:28:33.675 2641 2840 I CLog : 2025-06-25 14:28:33.675 T:2840 DEBUG: [CUPID]SetProxyServer(): proxy file path: /storage/emulated/0/qcache/adcache/proxy.conf
06-25 14:28:33.676 2641 2840 I CLog : 2025-06-25 14:28:33.675 T:2840 DEBUG: [CUPID]SetProxyServer(): proxy server:
06-25 14:28:33.676 2641 2840 D UNIPLAYERSDK: Advertisement.cpp:501 Advertisement::globalInitialize, hwverSub=, privateInfo: , manufacturerPrivateInfo:
06-25 14:28:33.676 2641 2840 D UNIUTIL : ThreadPriorityCache.cpp:48 getTPVFromThreadName :HyperPlayerProxyThread, mPriorityIdMap 19
06-25 14:28:33.676 2641 2840 I UNIPLAYERSDK: HyperPlayerProxy.cpp:74 registHyperPlayerLoadListener(), listener=0xf2913e40
06-25 14:28:33.676 2641 2840 D UNIPLAYERSDK: InitializeLoader.cpp:65 InitializeLoader::startLoad(2)
06-25 14:28:33.676 2641 2840 D UNIPLAYERSDK: InitializeLoader.cpp:103 InitializeLoader::doTvSdkLoad()
06-25 14:28:33.677 2641 2840 D UNIPLAYERSDK: PerfJob.h:67 PerfJob::PerfJob(), construct2, name=PackageNameCheckJob
06-25 14:28:33.677 2641 2840 D UNIPLAYERSDK: PerfJob.h:67 PerfJob::PerfJob(), construct2, name=ITVDeviceCheckJob
06-25 14:28:33.677 2641 2840 D UNIPLAYERSDK: PerfJob.h:72 PerfJob::Run(),jobName=PackageNameCheckJob
06-25 14:28:33.677 2641 2840 D UNIPLAYERSDK: PerfJob.h:75 PerfJob::Run(), mStartTime=36919, mTimeToken=0
06-25 14:28:33.677 2641 2840 D UNIPLAYERSDK: PackageNameCheckJob.cpp:15 CheckPackageNameJob::OnRun
06-25 14:28:33.677 2641 2840 D UNIPLAYERSDK: PerfJob.h:81 PerfJob::NotifyDone(), jobName=PackageNameCheckJob
06-25 14:28:33.677 2641 2840 D UNIPLAYERSDK: PerfJob.h:72 PerfJob::Run(),jobName=ITVDeviceCheckJob
06-25 14:28:33.677 2641 2840 D UNIPLAYERSDK: PerfJob.h:75 PerfJob::Run(), mStartTime=36919, mTimeToken=0
06-25 14:28:33.677 2641 2840 D UNIPLAYERSDK: AccessToken.cpp:28 AccessToken[0xf2eaa3d8]::isAllowedAccess(), now=1750832913677, mAccessCount=0, mAccessTime=0, kMaxCount=3, kInterval=30000, mSyncState=0
06-25 14:28:33.677 2641 2840 D UNIPLAYERSDK: AccessToken.cpp:41 AccessToken[0xf2eaa3d8]::isAllowedAccess(), return 1
06-25 14:28:33.677 2641 2840 V UFUnilog: api_group_impl.cpp : 380 {fuc=APIGroupImpl:callSync(),name=itv_devRegister,params=0xc1aaae08,result=0xf5eecba0}
06-25 14:28:33.677 2641 2864 I UNIUTIL : ThreadImp.cpp:149 set the name of HyperPlayerProx(HyperPlayerProxyThread) to current thread succeed, Tid: 2864
06-25 14:28:33.677 2641 2840 W UFUnilog: api_server_tm.cpp : 125 {fuc=APIServerTm:GetServerTimePointLong(),interface_msg=not get time from server now, use system time instead!}
06-25 14:28:33.677 2641 2840 I UNIPLAYERSDK: Tv2Utils.cpp:126 Tv2Utils::generateCode() codecleartext=20180903095708913MvpgVmPh1197420:02:fe:19:c2:0e1750832913677
06-25 14:28:33.682 2641 2840 W UFUnilog: api_server_tm.cpp : 125 {fuc=APIServerTm:GetServerTimePointLong(),interface_msg=not get time from server now, use system time instead!}
06-25 14:28:33.682 2641 2840 D UNIPLAYERSDK: ItvApiItemCallback.cpp:355 ItvApiItemCallback::isDevRegisterAuthEffective() expiredTime=10080, requesttime=1750925639012, currenttime=1750832913682
06-25 14:28:33.682 2641 2840 W UNIUTIL : System.cpp:148 GetModel
06-25 14:28:33.685 2641 2840 I UNIPLAYERSDK: ItvApiItemCallback.cpp:123 ItvApiItemCallback::fetchPostParameters post_params={"apkVer":"2.1107.1.220408","code":"4EEF17715C950D0DFC4D008D360602F5AFDF60E02963081EF36D3F493CDEDF4ED5A8F8F1AEEC565B475ED75D39F8B927DDD21FA1D53A964520686E09E9A3CF6839119C40C1502EEE2A4B8D145CC9B563E9E38F069607BD6369F2918BA6621460F154A184AE96B1BD1837692FEAC7E5E225C662C970A1E87CE9BDE81E1E760920","hardware":"1","model":"DBBOX-A2","product":1,"sdkintVer":"31","uniqueId":"1012441ef13ff000_Mi4xMTA3LjEuMjIwNDA4"}
06-25 14:28:33.685 2641 2840 D UNIPLAYERSDK: Tv2Utils.cpp:99 generateRequestId, url=http://sdk.ptqy.gitv.tv/api/register
06-25 14:28:33.685 2641 2840 D UFUnilog: api_group_impl.cpp : 1033 {fuc=APIGroupImpl:BuildRequest(),logtag=itv_devRegister_3,request_type=1,client_type=0}
06-25 14:28:33.685 2641 2840 W UFUnilog: api_server_tm.cpp : 125 {fuc=APIServerTm:GetServerTimePointLong(),interface_msg=not get time from server now, use system time instead!}
06-25 14:28:33.685 2641 2840 W UFUnilog: api_server_tm.cpp : 125 {fuc=APIServerTm:GetServerTimePointLong(),interface_msg=not get time from server now, use system time instead!}
06-25 14:28:33.686 2641 2840 V UFUnilog: api_engine.cpp : 181 {fuc=APIEngine:Call(),logtag=itv_devRegister_3,interface_msg=Start Try!,try_count=0}
06-25 14:28:33.686 2641 2840 D UFUnilog: api_strategy_impl.cpp : 899 {fuc=APIStrategyImpl:PickConfig(),logtag=itv_devRegister_3,strategyname=httpdns-strategy,interface_msg=pick normal strategy}
06-25 14:28:33.686 2641 2840 I UFUnilog: api_strategy_impl.cpp : 252 {fuc=APIStrategyImpl:JudgeStrategyOpporunity(),logtag=itv_devRegister_3,strategyname=httpdns-strategy,interface_msg=Can not use strategy,current_try_count=0,start_invoke_try_count=1,max_try_count=5}
06-25 14:28:33.686 1051 2440 E dangbei111: cccccc 检查遥控器是否连接: Dangbei E4:BB:D3:57:C0:18
06-25 14:28:33.687 2641 2840 I UFUnilog: api_engine.cpp : 241 {fuc=APIEngine:Call(),logtag=itv_devRegister_3,current_try_count=1,default_max_try_count=5}
06-25 14:28:33.687 2641 2840 V UFUnilog: UFNEasyCurlClientImpl.cpp : 16 {fuc=UFNEasyCurlClientImpl:Perform(),logtag=itv_devRegister_3,interface_msg=in}
06-25 14:28:33.687 2641 2840 I UFUnilog: UFNCurlClientImpl.cpp : 679 {fuc=UFNCurlClientImpl:PerformInit(),logtag=itv_devRegister_3,url=http://sdk.ptqy.gitv.tv/api/register}
06-25 14:28:33.688 2641 2840 I UFUnilog: UFNCurlClientImpl.cpp : 827 {fuc=UFNCurlClientImpl:PerformInit(),logtag=itv_devRegister_3,header=Content-Type:application/json; charset=utf-8
06-25 14:28:33.688 2641 2840 I UFUnilog: Request-Id:MTc1MDgzMjkxMzY4NTIwOjAyOmZlOjE5OmMyOjBlNTQwMzM4Mzg0NTkyNjc1ZWEwNDI4ZGI2NmEyYWY3NjY1MTA0MGU2NDc1
06-25 14:28:33.688 2641 2840 I UFUnilog: qyid:tv_9ebeab0821cc109c90e4626ac3a506cd_1750906610804_8810912147
06-25 14:28:33.688 2641 2840 I UFUnilog: }
06-25 14:28:33.688 2641 2840 I UFUnilog: UFNCurlClientImpl.cpp : 1559 {fuc=UFNCurlClientImpl:SetPostFields(),logtag=itv_devRegister_3,post_params={"apkVer":"2.1107.1.220408","code":"4EEF17715C950D0DFC4D008D360602F5AFDF60E02963081EF36D3F493CDEDF4ED5A8F8F1AEEC565B475ED75D39F8B927DDD21FA1D53A964520686E09E9A3CF6839119C40C1502EEE2A4B8D145CC9B563E9E38F069607BD6369F2918BA6621460F154A184AE96B1BD1837692FEAC7E5E225C662C970A1E87CE9BDE81E1E760920","hardware":"1","model":"DBBOX-A2","product":1,"sdkintVer":"31","uniqueId":"1012441ef13ff000_Mi4xMTA3LjEuMjIwNDA4"}
06-25 14:28:33.688 2641 2840 I UFUnilog: }
06-25 14:28:33.688 2641 2840 I UFUnilog: UFNCurlClientImpl.cpp : 937 {fuc=UFNCurlClientImpl:PerformInit(),logtag=itv_devRegister_3,request_type=1,verifyssl=1,allow_redirect=0,max_redirect_number=0,connect_time_out=10000ms,transfer_time_out=15000ms,user_agent=Unified-X(arm-unknown-linux-androideabi);libcurl/7.73.0.6;BoringSSL;zlib/1.2.11;Universal_Foundation/v4.0.1_656_63af7fd3;Universal_Api/v4.1_1767_8b99c7b4(14025032401000000000),ipv6_allowed=0}
06-25 14:28:33.689 1051 2440 E dangbei111: cccccc 检查遥控器是否连接: 蓝牙的结果 Dangbei E4:BB:D3:57:C0:18 false
06-25 14:28:33.689 1051 2440 E dangbei111: cccccc input中没有遥控器存在
06-25 14:28:33.689 1051 2440 E dangbei111: cccccc 蓝牙状态连接 不是连接状态 啥都不干
06-25 14:28:33.690 1051 2440 E dangbei111: cccccc 蓝牙状态连接 配对状态 尝试connect
06-25 14:28:33.691 1051 2440 D BluetoothGatt: cancelOpen() - device: E4:BB:D3:57:C0:18
06-25 14:28:33.692 1051 2440 D BluetoothGatt: close()
06-25 14:28:33.692 1051 2440 D BluetoothGatt: unregisterApp() - mClientIf=5
06-25 14:28:33.692 668 983 E bt_stack: [ERROR:bta_gattc_act.cc(298)] No such connection need to be cancelled
06-25 14:28:33.693 668 983 I bt_stack: [INFO:gatt_api.cc(1231)] GATT_CancelConnect: gatt_if:5, address: e4:bb:d3:57:c0:18, direct:0
06-25 14:28:33.694 668 983 I bt_stack: [INFO:gatt_api.cc(1042)] GATT_Deregister gatt_if=5
06-25 14:28:33.694 1051 2440 D BluetoothGatt: connect() - device: E4:BB:D3:57:C0:18, auto: true
06-25 14:28:33.694 1051 2440 D BluetoothGatt: registerApp()
06-25 14:28:33.694 1051 2440 D BluetoothGatt: registerApp() - UUID=6ff32f09-c83a-4086-bf32-3e3ac0d28433
06-25 14:28:33.696 1051 2440 E dangbei111 : cccccc 开启检查任务
06-25 14:28:33.696 668 983 I bluetooth: system/bt/stack/gatt/gatt_api.cc:1019 GATT_Register: Allocated name:GattClient uuid:50327bcf-98d5-a9d6-a86b-6afb7943df93 gatt_if:5 eatt_support:0
06-25 14:28:33.696 1051 1253 D BluetoothGatt: onClientRegistered() - status=0 clientIf=5
06-25 14:28:33.697 668 846 I bt_btif_config: system/bt/btif/src/btif_config.cc:137 btif_get_device_type: Device [e4:bb:d3:57:c0:18] device type 2
06-25 14:28:33.698 1051 2440 E dangbei111: cccccc 开始扫描
06-25 14:28:33.698 1051 2440 D BluetoothAdapter: isLeEnabled(): ON
06-25 14:28:33.711 2641 2847 I UFUnilog: api_httpdns_fastdns.cpp : 115 {fuc=APIHttpdnsFastDns:InitFastDns(),interface_msg=init fast dns success!,device_id=tv_9ebeab0821cc109c90e4626ac3a506cd_1750906610804_8810912147,domain_name=doh.ptqy.gitv.tv,hd_list=,file_path=,fastdns_version=1.1.3.27}
06-25 14:28:33.711 2641 2847 V UFUnilog: api_threadpool_impl.cpp : 12 {fuc=APIThreadPoolImpl:APIThreadPoolImpl(),minPoolSize=0,maxPoolSize=3,threadidletime=30000,name=httpdns-query}
06-25 14:28:33.711 2641 2847 D UFUnilog: UFPThreadPoolImpl.cpp : 81 {ThreadPoolImpl::ThreadPoolImpl()}
06-25 14:28:33.711 2641 2847 D UFUnilog: UFPThread.cpp : 42 {fuc=Thread:Thread(),constructor=httpdns-query-1}
06-25 14:28:33.712 2641 2847 W UFUnilog: api_server_tm.cpp : 125 {fuc=APIServerTm:GetServerTimePointLong(),interface_msg=not get time from server now, use system time instead!}
06-25 14:28:33.712 2641 2847 W UFUnilog: api_server_tm.cpp : 125 {fuc=APIServerTm:GetServerTimePointLong(),interface_msg=not get time from server now, use system time instead!}
06-25 14:28:33.712 2641 2847 V UFUnilog: api_engine.cpp : 181 {fuc=APIEngine:Call(),logtag=DNSServerList_4,interface_msg=Start Try!,try_count=0}
06-25 14:28:33.712 2641 2847 I UFUnilog: api_engine.cpp : 241 {fuc=APIEngine:Call(),logtag=DNSServerList_4,current_try_count=1,default_max_try_count=3}
06-25 14:28:33.712 2641 2847 V UFUnilog: UFNEasyCurlClientImpl.cpp : 16 {fuc=UFNEasyCurlClientImpl:Perform(),logtag=DNSServerList_4,interface_msg=in}
06-25 14:28:33.712 2641 2847 I UFUnilog: UFNCurlClientImpl.cpp : 679 {fuc=UFNCurlClientImpl:PerformInit(),logtag=DNSServerList_4,url=http://36.110.220.45/d?business=unifiedx&dn=hd.cloud.ptqy.gitv.tv}
06-25 14:28:33.712 2641 2847 I UFUnilog: UFNCurlClientImpl.cpp : 937 {fuc=UFNCurlClientImpl:PerformInit(),logtag=DNSServerList_4,request_type=0,verifyssl=1,allow_redirect=1,max_redirect_number=5,connect_time_out=10000ms,transfer_time_out=20000ms,user_agent=Unified-X(arm-unknown-linux-androideabi);libcurl/7.73.0.6;BoringSSL;zlib/1.2.11;Universal_Foundation/v4.0.1_656_63af7fd3;Universal_Api/v4.1_1767_8b99c7b4(14025032401000000000),ipv6_allowed=0}
06-25 14:28:33.727 2641 2848 I UFUnilog: UFNCurlClientImpl.cpp : 1199 {fuc=UFNCurlClientImpl:PerformEnd(),logtag=ServerTmTime_0,ufn_curl_client_code=0,http_code=200,code_msg=UFN Curl Client Success!}
06-25 14:28:33.727 2641 2848 I UFUnilog: UFNCurlClientImpl.cpp : 1322 {fuc=UFNCurlClientImpl:PerformEnd(),logtag=ServerTmTime_0,local_ip=192.168.3.161,server_ip=59.39.2.12,protocol_version=4,name_lookup_time=29ms,connect_time_out=64ms,ssl_connect_time=0ms,pre_transfer_time=64ms,start_transfer_time=117ms,redirect_time=0ms,response_time=117ms,curlclienttime=120ms,redirect_count=0,client_type=0,port=80}
06-25 14:28:33.727 2641 2848 I UFUnilog: UFNCurlClientImpl.cpp : 1325 {fuc=UFNCurlClientImpl:PerformEnd(),logtag=ServerTmTime_0,content_type=text/html; charset=utf-8,recv_header_size=330,response_size=39}
06-25 14:28:33.727 2641 2848 I UFUnilog: UFNCurlClientImpl.cpp : 1344 {fuc=UFNCurlClientImpl:PerformEnd(),logtag=ServerTmTime_0,verbose= Trying 59.39.2.12:80...;Connected to time.video.ptqy.gitv.tv (59.39.2.12) port 80 (#0);Mark bundle as not supporting multiuse;Connection #0 to host time.video.ptqy.gitv.tv left intact;}
06-25 14:28:33.727 2641 2848 I UFUnilog: UFNCurlClientImpl.cpp : 1352 {fuc=UFNCurlClientImpl:PerformEnd(),logtag=ServerTmTime_0,recv_data={"t":"1750925705","i":"220.181.109.33"}}
06-25 14:28:33.727 2641 2848 V UFUnilog: UFNEasyCurlClientImpl.cpp : 66 {fuc=UFNEasyCurlClientImpl:Perform(),logtag=ServerTmTime_0,interface_msg=out}
06-25 14:28:33.728 2641 2848 V UFUnilog: api_engine.cpp : 181 {fuc=APIEngine:Call(),logtag=ServerTmTime_0,interface_msg=Start Try!,try_count=1}
06-25 14:28:33.728 2641 2848 D UFUnilog: api_strategy_impl.cpp : 890 {fuc=APIStrategyImpl:PickConfig(),logtag=ServerTmTime_0,strategyname=antihijackhttps-strategy,interface_msg=pick prior custom dns strategy}
06-25 14:28:33.728 2641 2848 D UFUnilog: api_strategy_impl.cpp : 155 {fuc=APIStrategyImpl:JudgeStrategyOpporunity(),logtag=ServerTmTime_0,strategyname=antihijackhttps-strategy,interface_msg=Ignore Domain List,domain=time.video.ptqy.gitv.tv}
06-25 14:28:33.728 2641 2848 I UFUnilog: api_engine.cpp : 381 {fuc=APIEngine:Call(),logtag=ServerTmTime_0,try_count=1,curl_detail_code=0,curl_detail_time=120ms,curl_handle_detail_time=117ms,server_ip_detail=59.39.2.12,dns_detail_type=0,http_detail_code=200,ip_detail_net_type=0,total_time=127ms,apicode=0}
06-25 14:28:33.728 2641 2848 D UFUnilog: UFPThread.cpp : 42 {fuc=Thread:Thread(),constructor=unified-x-pingback-1}
06-25 14:28:33.730 2641 2873 V UFUnilog: api_engine.cpp : 181 {fuc=APIEngine:Call(),logtag=pingback_ServerTmTime_0_5,interface_msg=Start Try!,try_count=0}
06-25 14:28:33.730 2641 2873 D UFUnilog: api_strategy_impl.cpp : 155 {fuc=APIStrategyImpl:JudgeStrategyOpporunity(),logtag=pingback_ServerTmTime_0_5,strategyname=antihijackhttps-strategy,interface_msg=Ignore Domain List,domain=msg.ptqy.gitv.tv}
06-25 14:28:33.730 2641 2873 V UFUnilog: api_strategy_impl.cpp : 378 {fuc=APIStrategyImpl:CreateStrategyResult(),logtag=pingback_ServerTmTime_0_5,strategyname=antihijackhttps-strategy,current_try_count=0,interface_msg=try to get ip list from dns_type = 1}
06-25 14:28:33.730 2641 2873 D UFUnilog: api_httpdns_query.cpp : 90 {fuc=APIHttpDnsQuery:GetIpListByDomainName(),interface_msg=try to get ip list by domain name msg.ptqy.gitv.tv}
06-25 14:28:33.730 2641 2873 D UFUnilog: api_httpdns_query.cpp : 113 {fuc=APIHttpDnsQuery:GetIpListByDomainName(),interface_msg=Get ip list success!,domain=msg.ptqy.gitv.tv}
06-25 14:28:33.730 2641 2873 V UFUnilog: api_strategy_impl.cpp : 485 {fuc=APIStrategyImpl:CreateStrategyResult(),logtag=pingback_ServerTmTime_0_5,strategyname=antihijackhttps-strategy,interface_msg=complete build strategy result,suggest_url_params=,suggest_protocol=}
06-25 14:28:33.731 2641 2873 V UFUnilog: UFNEasyCurlClientImpl.cpp : 16 {fuc=UFNEasyCurlClientImpl:Perform(),logtag=pingback_ServerTmTime_0_5,interface_msg=in}
06-25 14:28:33.770 2641 2840 I UFUnilog: UFNCurlClientImpl.cpp : 1199 {fuc=UFNCurlClientImpl:PerformEnd(),logtag=itv_devRegister_3,ufn_curl_client_code=0,http_code=200,code_msg=UFN Curl Client Success!}
06-25 14:28:33.771 2641 2840 I UFUnilog: UFNCurlClientImpl.cpp : 1322 {fuc=UFNCurlClientImpl:PerformEnd(),logtag=itv_devRegister_3,local_ip=192.168.3.161,server_ip=116.211.189.170,protocol_version=4,name_lookup_time=17ms,connect_time_out=45ms,ssl_connect_time=0ms,pre_transfer_time=45ms,start_transfer_time=81ms,redirect_time=0ms,response_time=82ms,curlclienttime=83ms,redirect_count=0,client_type=0,port=80}
06-25 14:28:33.771 2641 2840 I UFUnilog: UFNCurlClientImpl.cpp : 1325 {fuc=UFNCurlClientImpl:PerformEnd(),logtag=itv_devRegister_3,content_type=application/json; charset=utf-8,recv_header_size=243,response_size=93}
06-25 14:28:33.771 2641 2840 I UFUnilog: UFNCurlClientImpl.cpp : 1344 {fuc=UFNCurlClientImpl:PerformEnd(),logtag=itv_devRegister_3,verbose= Trying 116.211.189.170:80...;Connected to sdk.ptqy.gitv.tv (116.211.189.170) port 80 (#0);upload completely sent off: 409 out of 409 bytes;Mark bundle as not supporting multiuse;Connection #0 to host sdk.ptqy.gitv.tv left intact;}
06-25 14:28:33.771 2641 2840 I UFUnilog: UFNCurlClientImpl.cpp : 1352 {fuc=UFNCurlClientImpl:PerformEnd(),logtag=itv_devRegister_3,recv_data={"expiredIn":10080,"drmEnabled":3,"manId":20000288,"subModId":"20001206","ip":"113.87.81.96"}}
06-25 14:28:33.771 2641 2840 V UFUnilog: UFNEasyCurlClientImpl.cpp : 66 {fuc=UFNEasyCurlClientImpl:Perform(),logtag=itv_devRegister_3,interface_msg=out}
06-25 14:28:33.771 2641 2840 V UFUnilog: api_engine.cpp : 181 {fuc=APIEngine:Call(),logtag=itv_devRegister_3,interface_msg=Start Try!,try_count=1}
06-25 14:28:33.771 2641 2840 D UFUnilog: api_strategy_impl.cpp : 890 {fuc=APIStrategyImpl:PickConfig(),logtag=itv_devRegister_3,strategyname=httpdns-strategy,interface_msg=pick prior custom dns strategy}
06-25 14:28:33.771 2641 2840 I UFUnilog: api_engine.cpp : 381 {fuc=APIEngine:Call(),logtag=itv_devRegister_3,try_count=1,curl_detail_code=0,curl_detail_time=83ms,curl_handle_detail_time=82ms,server_ip_detail=116.211.189.170,dns_detail_type=0,http_detail_code=200,ip_detail_net_type=0,total_time=94ms,apicode=0}
06-25 14:28:33.771 2641 2840 D UFUnilog: UFPThread.cpp : 42 {fuc=Thread:Thread(),constructor=unified-x-pingback-2}
06-25 14:28:33.772 2641 2840 D UNIPLAYERSDK: UniversalapiUtil.cpp:62 UniversalApiUtil::parseValueFromRequestHeader sRequestHeader=Content-Type:application/json; charset=utf-8
06-25 14:28:33.772 2641 2840 D UNIPLAYERSDK: Request-Id:MTc1MDgzMjkxMzY4NTIwOjAyOmZlOjE5OmMyOjBlNTQwMzM4Mzg0NTkyNjc1ZWEwNDI4ZGI2NmEyYWY3NjY1MTA0MGU2NDc1
06-25 14:28:33.772 2641 2840 D UNIPLAYERSDK: qyid:tv_9ebeab0821cc109c90e4626ac3a506cd_1750906610804_8810912147
06-25 14:28:33.772 2641 2840 D UNIPLAYERSDK: , sKey=Request-Id
06-25 14:28:33.772 2641 2840 D UNIPLAYERSDK: UniversalapiUtil.cpp:83 UniversalApiUtil::parseValueFromRequestHeader nPosStart=56, sResult=MTc1MDgzMjkxMzY4NTIwOjAyOmZlOjE5OmMyOjBlNTQwMzM4Mzg0NTkyNjc1ZWEwNDI4ZGI2NmEyYWY3NjY1MTA0MGU2NDc1
06-25 14:28:33.772 2641 2840 D UNIPLAYERSDK: ApiUtil.cpp:22 ToString(Json) not string type! value.type()=0
06-25 14:28:33.772 2641 2840 D UNIPLAYERSDK: ApiUtil.cpp:22 ToString(Json) not string type! value.type()=0
06-25 14:28:33.772 2641 2840 D UNIPLAYERSDK: ApiUtil.cpp:22 ToString(Json) not string type! value.type()=0
06-25 14:28:33.772 2641 2840 D UNIPLAYERSDK: ApiUtil.cpp:22 ToString(Json) not string type! value.type()=0
06-25 14:28:33.772 2641 2840 D UNIPLAYERSDK: Tv2Structure.cpp:395 ItvDevRegisterModel::CreateEncryptKey() empty secret
06-25 14:28:33.773 2641 2840 D UNIPLAYERSDK: Tv2Structure.cpp:470 ItvDevRegisterModel::UpdateData() nRequestTime=1750925705044
06-25 14:28:33.773 2641 2840 D UNIUTIL : System.cpp:466 saveString itv_devregister_secret : 3bcd46a49e902a76927a954577827e86e4101a2c9d4803ca61c8738980b39b560f99dee410d9bdec1c1501a99ff6e124832d5ca8b20009aeb0f60d38fc7467a5f3f4c7ff31fdbe2d5c0babf3b3576c7d2e1cb8efe068ce0ecc61ef227bf31da429dfedecc489a6ab05e6e125ab89f5d4bb6a4fc2e4a0566da04ba3b9d4c20631
06-25 14:28:33.774 2641 2858 I UFUnilog: UFNCurlClientImpl.cpp : 1199 {fuc=UFNCurlClientImpl:PerformEnd(),logtag=netDocttor_for_pingback,ufn_curl_client_code=0,http_code=200,code_msg=UFN Curl Client Success!}
06-25 14:28:33.774 2641 2840 D UNIUTIL : System.cpp:466 saveString itv_devregister_expired_in : 10080
06-25 14:28:33.775 2641 2858 I UFUnilog: UFNCurlClientImpl.cpp : 937 {fuc=UFNCurlClientImpl:PerformInit(),logtag=netDocttor_for_pingback,request_type=0,verifyssl=0,allow_redirect=1,max_redirect_number=5,connect_time_out=10000ms,transfer_time_out=20000ms,user_agent=Unified-X(arm-unknown-linux-androideabi);libcurl/7.73.0.6;BoringSSL;zlib/1.2.11;Universal_Foundation/v4.0.1_656_63af7fd3;Universal_Nd/v4.0.1_434_999e551c,ipv6_allowed=0}
06-25 14:28:33.775 2641 2840 D UNIUTIL : System.cpp:466 saveString itv_devregister_unique_id : 1012441ef13ff000_Mi4xMTA3LjEuMjIwNDA4
06-25 14:28:33.776 2641 2840 D UNIUTIL : System.cpp:466 saveString itv_devregister_encrypt_key : F9EBFBBFADB3F7061827D6261919E9F9
06-25 14:28:33.780 2641 2840 D UNIUTIL : System.cpp:466 saveString itv_devregister_authorization_key : B63BDF64FF37D1495B559AD9148403259FBA6B0F760F83FB851E3904A7B2305440FF315625DDC79BDBAB3C0B1379815E
06-25 14:28:33.781 2641 2875 V UFUnilog: api_engine.cpp : 181 {fuc=APIEngine:Call(),logtag=pingback_itv_devRegister_3_6,interface_msg=Start Try!,try_count=0}
06-25 14:28:33.781 2641 2875 D UFUnilog: api_strategy_impl.cpp : 155 {fuc=APIStrategyImpl:JudgeStrategyOpporunity(),logtag=pingback_itv_devRegister_3_6,strategyname=antihijackhttps-strategy,interface_msg=Ignore Domain List,domain=msg.ptqy.gitv.tv}
06-25 14:28:33.781 2641 2875 V UFUnilog: api_strategy_impl.cpp : 378 {fuc=APIStrategyImpl:CreateStrategyResult(),logtag=pingback_itv_devRegister_3_6,strategyname=antihijackhttps-strategy,current_try_count=0,interface_msg=try to get ip list from dns_type = 1}
06-25 14:28:33.781 2641 2875 D UFUnilog: api_httpdns_query.cpp : 90 {fuc=APIHttpDnsQuery:GetIpListByDomainName(),interface_msg=try to get ip list by domain name msg.ptqy.gitv.tv}
06-25 14:28:33.781 2641 2875 D UFUnilog: api_httpdns_query.cpp : 113 {fuc=APIHttpDnsQuery:GetIpListByDomainName(),interface_msg=Get ip list success!,domain=msg.ptqy.gitv.tv}
06-25 14:28:33.781 2641 2875 V UFUnilog: api_strategy_impl.cpp : 485 {fuc=APIStrategyImpl:CreateStrategyResult(),logtag=pingback_itv_devRegister_3_6,strategyname=antihijackhttps-strategy,interface_msg=complete build strategy result,suggest_url_params=,suggest_protocol=}
06-25 14:28:33.781 2641 2875 V UFUnilog: UFNEasyCurlClientImpl.cpp : 16 {fuc=UFNEasyCurlClientImpl:Perform(),logtag=pingback_itv_devRegister_3_6,interface_msg=in}
06-25 14:28:33.781 2641 2840 D UNIUTIL : System.cpp:466 saveString itv_devregister_authorization : 1012441ef13ff000_Mi4xMTA3LjEuMjIwNDA4 B63BDF64FF37D1495B559AD9148403259FBA6B0F760F83FB851E3904A7B2305440FF315625DDC79BDBAB3C0B1379815E
06-25 14:28:33.782 2641 2840 D UNIUTIL : System.cpp:466 saveString itv_devregister_request_time : 1750925705044
06-25 14:28:33.783 2641 2840 D UNIUTIL : System.cpp:466 saveString itv_devregister_publickey_md5 : c045d7f009c33419f3dfa225e096ca12
06-25 14:28:33.786 2641 2840 D UNIUTIL : System.cpp:466 saveString itv_devregister_uuid : 20180903095708913MvpgVmPh11974
06-25 14:28:33.786 2641 2840 D UNIPLAYERSDK: TvApi2.cpp:296 TvApi2::persistenceProperty() save property!
06-25 14:28:33.787 2641 2840 D UNIPLAYERSDK: PerfJob.h:96 request.addition.item.size() ==1
06-25 14:28:33.787 2641 2840 D UNIPLAYERSDK: PerfJob.h:98 result.addition.items[0].total_time_ms ==82
06-25 14:28:33.787 2641 2840 D UNIPLAYERSDK: AccessToken.cpp:17 >> AccessToken::increaseAccessCount()
06-25 14:28:33.787 2641 2840 D UNIPLAYERSDK: AccessToken.cpp:21 AccessToken[0xf2eaa3d8]::increaseAccessCount(), mAccessCount=1
06-25 14:28:33.787 2641 2840 I UNIPLAYERSDK: DeviceCheckResult.cpp:73 DeviceCheckResult::setItvDrmEnableFlag new flag = 3
06-25 14:28:33.787 2641 2840 D UNIPLAYERSDK: ITVDeviceCheckJob.cpp:72 ITVDeviceCheckJob - TVApi2::deviceRegister() succeed! deviceIp=113.87.81.96, authorization=1012441ef13ff000_Mi4xMTA3LjEuMjIwNDA4 B63BDF64FF37D1495B559AD9148403259FBA6B0F760F83FB851E3904A7B2305440FF315625DDC79BDBAB3C0B1379815E, itvDrmEnableFlag=3
06-25 14:28:33.787 2641 2840 D UNIPLAYERSDK: PerfJob.h:81 PerfJob::NotifyDone(), jobName=ITVDeviceCheckJob
06-25 14:28:33.787 2641 2840 D UNIPLAYERSDK: PerfJob.h:67 PerfJob::PerfJob(), construct2, name=ITVFetchFuncsConfigJob
06-25 14:28:33.787 2641 2840 D UNIPLAYERSDK: PerfJob.h:72 PerfJob::Run(),jobName=ITVFetchFuncsConfigJob
06-25 14:28:33.787 2641 2840 D UNIPLAYERSDK: PerfJob.h:75 PerfJob::Run(), mStartTime=37030, mTimeToken=0
06-25 14:28:33.787 2641 2840 V UFUnilog: api_group_impl.cpp : 380 {fuc=APIGroupImpl:callSync(),name=itv_funcs,params=0xc1aaad90,result=0xf4374b20}
06-25 14:28:33.788 2641 2840 D UNIPLAYERSDK: Tv2Utils.cpp:99 generateRequestId, url=http://sdk.ptqy.gitv.tv/api/funcs
06-25 14:28:33.788 2641 2840 D UFUnilog: api_group_impl.cpp : 1033 {fuc=APIGroupImpl:BuildRequest(),logtag=itv_funcs_7,request_type=0,client_type=0}
06-25 14:28:33.788 2641 2840 V UFUnilog: api_engine.cpp : 181 {fuc=APIEngine:Call(),logtag=itv_funcs_7,interface_msg=Start Try!,try_count=0}
06-25 14:28:33.788 2641 2840 D UFUnilog: api_strategy_impl.cpp : 890 {fuc=APIStrategyImpl:PickConfig(),logtag=itv_funcs_7,strategyname=httpdns-strategy,interface_msg=pick prior custom dns strategy}
06-25 14:28:33.788 2641 2840 I UFUnilog: api_strategy_impl.cpp : 205 {fuc=APIStrategyImpl:JudgeStrategyOpporunity(),logtag=itv_funcs_7,strategyname=httpdns-strategy,interface_msg=Use strategy because force strategy invoke when first effective try number request}
06-25 14:28:33.788 2641 2840 V UFUnilog: api_strategy_impl.cpp : 378 {fuc=APIStrategyImpl:CreateStrategyResult(),logtag=itv_funcs_7,strategyname=httpdns-strategy,current_try_count=0,interface_msg=try to get ip list from dns_type = 1}
06-25 14:28:33.788 2641 2840 D UFUnilog: api_httpdns_query.cpp : 90 {fuc=APIHttpDnsQuery:GetIpListByDomainName(),interface_msg=try to get ip list by domain name sdk.ptqy.gitv.tv}
06-25 14:28:33.788 2641 2840 D UFUnilog: api_httpdns_query.cpp : 113 {fuc=APIHttpDnsQuery:GetIpListByDomainName(),interface_msg=Get ip list success!,domain=sdk.ptqy.gitv.tv}
06-25 14:28:33.788 2641 2840 I UFUnilog: api_strategy_impl.cpp : 414 {fuc=APIStrategyImpl:CreateStrategyResult(),logtag=itv_funcs_7,strategyname=httpdns-strategy,find_ip=116.211.198.157,domain=sdk.ptqy.gitv.tv,dns=1 ,http_port :-1,https_port:-1}
06-25 14:28:33.788 2641 2840 V UFUnilog: api_strategy_impl.cpp : 485 {fuc=APIStrategyImpl:CreateStrategyResult(),logtag=itv_funcs_7,strategyname=httpdns-strategy,interface_msg=complete build strategy result,suggest_url_params=,suggest_protocol=}
06-25 14:28:33.788 2641 2840 I UFUnilog: api_engine.cpp : 241 {fuc=APIEngine:Call(),logtag=itv_funcs_7,current_try_count=1,default_max_try_count=5}
06-25 14:28:33.788 2641 2840 V UFUnilog: UFNEasyCurlClientImpl.cpp : 16 {fuc=UFNEasyCurlClientImpl:Perform(),logtag=itv_funcs_7,interface_msg=in}
06-25 14:28:33.788 2641 2840 I UFUnilog: UFNCurlClientImpl.cpp : 679 {fuc=UFNCurlClientImpl:PerformInit(),logtag=itv_funcs_7,url=http://sdk.ptqy.gitv.tv/api/funcs}
06-25 14:28:33.788 2641 2840 I UFUnilog: UFNCurlClientImpl.cpp : 782 {fuc=UFNCurlClientImpl:PerformInit(),logtag=itv_funcs_7,interface_msg=connect to aim ip!,domain=sdk.ptqy.gitv.tv,ip=116.211.198.157,port=-1:}
06-25 14:28:33.789 2641 2840 I UFUnilog: UFNCurlClientImpl.cpp : 827 {fuc=UFNCurlClientImpl:PerformInit(),logtag=itv_funcs_7,header=Authorization:1012441ef13ff000_Mi4xMTA3LjEuMjIwNDA4 B63BDF64FF37D1495B559AD9148403259FBA6B0F760F83FB851E3904A7B2305440FF315625DDC79BDBAB3C0B1379815E
06-25 14:28:33.789 2641 2840 I UFUnilog: Content-Type:application/json; charset=utf-8
06-25 14:28:33.789 2641 2840 I UFUnilog: Request-Id:MTc1MDgzMjkxMzc4ODIwOjAyOmZlOjE5OmMyOjBlMzI0MDQ5NzQyOGUzMDQxNWYxYjI1Yjk4MTdmNmQxY2M4OTZjMmE3ZDJl
06-25 14:28:33.789 2641 2840 I UFUnilog: qyid:tv_9ebeab0821cc109c90e4626ac3a506cd_1750906610804_8810912147
06-25 14:28:33.789 2641 2840 I UFUnilog: }
06-25 14:28:33.789 2641 2840 I UFUnilog: UFNCurlClientImpl.cpp : 937 {fuc=UFNCurlClientImpl:PerformInit(),logtag=itv_funcs_7,request_type=0,verifyssl=1,allow_redirect=0,max_redirect_number=0,connect_time_out=10000ms,transfer_time_out=15000ms,user_agent=Unified-X(arm-unknown-linux-androideabi);libcurl/7.73.0.6;BoringSSL;zlib/1.2.11;Universal_Foundation/v4.0.1_656_63af7fd3;Universal_Api/v4.1_1767_8b99c7b4(14025032401000000000),ipv6_allowed=0}
06-25 14:28:33.827 2641 2873 V UFUnilog: UFNEasyCurlClientImpl.cpp : 66 {fuc=UFNEasyCurlClientImpl:Perform(),logtag=pingback_ServerTmTime_0_5,interface_msg=out}
06-25 14:28:33.827 2641 2873 V UFUnilog: api_engine.cpp : 181 {fuc=APIEngine:Call(),logtag=pingback_ServerTmTime_0_5,interface_msg=Start Try!,try_count=1}
06-25 14:28:33.827 2641 2873 D UFUnilog: api_strategy_impl.cpp : 155 {fuc=APIStrategyImpl:JudgeStrategyOpporunity(),logtag=pingback_ServerTmTime_0_5,strategyname=antihijackhttps-strategy,interface_msg=Ignore Domain List,domain=msg.ptqy.gitv.tv}
06-25 14:28:33.828 2641 2873 D UFUnilog: api_pingback_sender.cpp : 33 {fuc=ApiPingbackSender:SendSync(),logtag=pingback_ServerTmTime_0,interface_msg=send success!}
06-25 14:28:33.828 2641 2873 V UFUnilog: api_pingback_sender.cpp : 46 {fuc=ApiPingbackSender:SendSync(),logtag=pingback_ServerTmTime_0,api_pingback_data=msg=[{"t":"11","pf":"3","p":"31","p1":"312","p2":"3128","hostv":"","mac":"20-02-FE-19-C2-0E","u":"tv_9ebeab0821cc109c90e4626ac3a506cd","deviceid":"tv_9ebeab0821cc109c90e4626ac3a506cd_1750906610804_8810912147","nu":"","v":"2.1107.1.220408","device_type":"20180903095708913MvpgVmPh11974","pu":"","firmver":"SP1A.211105.004","hwver":"DBBOX-A2","hu":"","window_disable":"","chip":"","mod":"cn_s","memory":"1960M","processid":"","re":"1920x1080","os":"31","core":"4","daynight":"","rammode":"","entermode":"","channel":"","network":"","cbv":"2.1107","aver":"v4.1_1767_8b99c7b4","fver":"v4.0.1_656_63af7fd3","rn":"909032939","ct":"170620_network_request","nin":"ServerTmTime","ngctc":"0","ngtpn":"","ngtpit}
06-25 14:28:33.828 2641 2873 V UFUnilog: api_pingback_sender.cpp : 46 {fuc=ApiPingbackSender:SendSync(),logtag=pingback_ServerTmTime_0,api_pingback_data=":"0","ngmrc":"3","ngct":"10000","ngtt":"20000","ngi":"true","nrqt":"get","nhc":"200","nanc":"0","nmsg":"UFN%20Curl%20Client%20Success%21","nhdr":"","naurl":"http%3A%2F%2Ftime.video.ptqy.gitv.tv%2Ft","neurl":"http%3A%2F%2Ftime.video.ptqy.gitv.tv%2Ft","ntc":"1","nipd":"59.39.2.12","nipl":"192.168.3.161","ncncn":"1","ncnct":"64","nnt":"29","npt":"64","nstt":"117","nttt":"117","nrdt":"0","nrdc":"0","ncntt":"text%2Fhtml%3B%20charset%3Dutf-8","nhsz":"330","nrsz":"39","nscc":"0","nsvr":"10000","nsv":"","ncc":"0","ntt":"127","naft":"7","ncft":"120","nuid":"0","ndt":"0","nsn":"antihijackhttps-strategy","ndtd":"0","natd":"7","nctd":"120","nsct":"0","naippd":"NULL%3A0","naipp":"NULL%3A0","namsgd":"","}
06-25 14:28:33.828 2641 2873 V UFUnilog: api_pingback_sender.cpp : 50 {fuc=ApiPingbackSender:SendSync(),logtag=pingback_ServerTmTime_0,api_pingback_data=namsg":"","nasil":"","nart":"1750832913600","nrd":"time.video.ptqy.gitv.tv","ntp":"http","nri":"","nru":"","nrhc":"","nhcd":"200","nev":"","nipv":"4","nrw":"1","nrh":"","nct":"0","nfoc":"20000","ime":"0","nint":"0","nintd":"0","nba":"1","npa":"1","nsu":"1","nfrdt":"0","npd":"80","npr":"-1"}]}
06-25 14:28:33.835 2641 2858 I UFUnilog: UFNCurlClientImpl.cpp : 1199 {fuc=UFNCurlClientImpl:PerformEnd(),logtag=netDocttor_for_pingback,ufn_curl_client_code=6,http_code=0,code_msg=Couldn't resolve host name}
06-25 14:28:33.836 2641 2858 I UFUnilog: UFNCurlClientImpl.cpp : 937 {fuc=UFNCurlClientImpl:PerformInit(),logtag=netDocttor_for_pingback,request_type=0,verifyssl=0,allow_redirect=1,max_redirect_number=5,connect_time_out=10000ms,transfer_time_out=20000ms,user_agent=Unified-X(arm-unknown-linux-androideabi);libcurl/7.73.0.6;BoringSSL;zlib/1.2.11;Universal_Foundation/v4.0.1_656_63af7fd3;Universal_Nd/v4.0.1_434_999e551c,ipv6_allowed=0}
06-25 14:28:33.850 2641 2852 I UFUnilog: UFNCurlClientImpl.cpp : 1199 {fuc=UFNCurlClientImpl:PerformEnd(),logtag=accessdispdns_2,ufn_curl_client_code=0,http_code=200,code_msg=UFN Curl Client Success!}
06-25 14:28:33.850 2641 2852 I UFUnilog: UFNCurlClientImpl.cpp : 1282 {fuc=UFNCurlClientImpl:PerformEnd(),logtag=accessdispdns_2,ssl_version=BoringSSL,ssl_verify_result=20,certinfo_count=3}
06-25 14:28:33.850 2641 2852 I UFUnilog: UFNCurlClientImpl.cpp : 1322 {fuc=UFNCurlClientImpl:PerformEnd(),logtag=accessdispdns_2,local_ip=192.168.3.161,server_ip=103.44.59.54,protocol_version=4,name_lookup_time=0ms,connect_time_out=58ms,ssl_connect_time=161ms,pre_transfer_time=162ms,start_transfer_time=232ms,redirect_time=0ms,response_time=232ms,curlclienttime=239ms,redirect_count=0,client_type=0,port=443}
06-25 14:28:33.850 2641 2852 I UFUnilog: UFNCurlClientImpl.cpp : 1325 {fuc=UFNCurlClientImpl:PerformEnd(),logtag=accessdispdns_2,content_type=text/plain,recv_header_size=199,response_size=49}
06-25 14:28:33.850 2641 2852 I UFUnilog: UFNCurlClientImpl.cpp : 1344 {fuc=UFNCurlClientImpl:PerformEnd(),logtag=accessdispdns_2,verbose= Trying 103.44.59.54:443...;Connected to 103.44.59.54 (103.44.59.54) port 443 (#0);ALPN, offering h2;ALPN, offering http/1.1;TLSv1.2 (OUT), TLS handshake, Client hello (1):;TLSv1.2 (IN), TLS handshake, Server hello (2):;TLSv1.3 (OUT), TLS change cipher, Change cipher spec (1):;TLSv1.3 (IN), TLS handshake, Encrypted Extensions (8):;TLSv1.3 (IN), TLS handshake, Certificate (11):;TLSv1.3 (IN), TLS handshake, CERT verify (15):;TLSv1.3 (IN), TLS handshake, Finished (20):;TLSv1.3 (OUT), TLS handshake, Finished (20):;SSL connection using TLSv1.3 / TLS_CHACHA20_POLY1305_SHA256;ALPN, server accepted to use h2;Server certificate:; subject: C=CN; ST=Beijing; L=Beijing; O=Beijing IQIYI Science & Technology Co., Ltd.; CN=103.44.59.54; start date: Jul 22 07:21:02 2024 GMT; expire date: Aug 23 07:21:01 2025 GMT; issuer: C=BE; O=GlobalSign nv-sa; CN=GlobalSign RSA OV SSL CA 2018; SSL certificate verify result: unable to get loca
06-25 14:28:33.850 2641 2852 I UFUnilog: UFNCurlClientImpl.cpp : 1352 {fuc=UFNCurlClientImpl:PerformEnd(),logtag=accessdispdns_2,recv_data=116.211.189.178;124.237.225.32}
06-25 14:28:33.850 2641 2852 V UFUnilog: UFNEasyCurlClientImpl.cpp : 66 {fuc=UFNEasyCurlClientImpl:Perform(),logtag=accessdispdns_2,interface_msg=out}
06-25 14:28:33.850 2641 2852 V UFUnilog: api_engine.cpp : 181 {fuc=APIEngine:Call(),logtag=accessdispdns_2,interface_msg=Start Try!,try_count=1}
06-25 14:28:33.850 2641 2852 D UFUnilog: api_strategy_impl.cpp : 890 {fuc=APIStrategyImpl:PickConfig(),logtag=accessdispdns_2,strategyname=antihijackhttps-strategy,interface_msg=pick prior custom dns strategy}
06-25 14:28:33.850 2641 2852 D UFUnilog: api_strategy_impl.cpp : 155 {fuc=APIStrategyImpl:JudgeStrategyOpporunity(),logtag=accessdispdns_2,strategyname=antihijackhttps-strategy,interface_msg=Ignore Domain List,domain=103.44.59.54}
06-25 14:28:33.851 2641 2852 I UFUnilog: api_engine.cpp : 381 {fuc=APIEngine:Call(),logtag=accessdispdns_2,try_count=1,curl_detail_code=0,curl_detail_time=239ms,curl_handle_detail_time=232ms,server_ip_detail=103.44.59.54,dns_detail_type=0,http_detail_code=200,ip_detail_net_type=0,total_time=240ms,apicode=0}
06-25 14:28:33.851 2641 2852 D UFUnilog: api_accessdispdns.cpp : 178 {fuc=APIAccessDispDns:UpdateAccessDispSync(),interface_msg=Update Success!}
06-25 14:28:33.852 2641 2873 V UFUnilog: api_engine.cpp : 181 {fuc=APIEngine:Call(),logtag=pingback_accessdispdns_2_8,interface_msg=Start Try!,try_count=0}
06-25 14:28:33.852 2641 2873 D UFUnilog: api_strategy_impl.cpp : 155 {fuc=APIStrategyImpl:JudgeStrategyOpporunity(),logtag=pingback_accessdispdns_2_8,strategyname=antihijackhttps-strategy,interface_msg=Ignore Domain List,domain=msg.ptqy.gitv.tv}
06-25 14:28:33.852 2641 2873 V UFUnilog: api_strategy_impl.cpp : 378 {fuc=APIStrategyImpl:CreateStrategyResult(),logtag=pingback_accessdispdns_2_8,strategyname=antihijackhttps-strategy,current_try_count=0,interface_msg=try to get ip list from dns_type = 1}
06-25 14:28:33.852 2641 2873 D UFUnilog: api_httpdns_query.cpp : 90 {fuc=APIHttpDnsQuery:GetIpListByDomainName(),interface_msg=try to get ip list by domain name msg.ptqy.gitv.tv}
06-25 14:28:33.852 2641 2873 D UFUnilog: api_httpdns_query.cpp : 113 {fuc=APIHttpDnsQuery:GetIpListByDomainName(),interface_msg=Get ip list success!,domain=msg.ptqy.gitv.tv}
06-25 14:28:33.852 2641 2873 V UFUnilog: api_strategy_impl.cpp : 485 {fuc=APIStrategyImpl:CreateStrategyResult(),logtag=pingback_accessdispdns_2_8,strategyname=antihijackhttps-strategy,interface_msg=complete build strategy result,suggest_url_params=,suggest_protocol=}
06-25 14:28:33.852 2641 2873 V UFUnilog: UFNEasyCurlClientImpl.cpp : 16 {fuc=UFNEasyCurlClientImpl:Perform(),logtag=pingback_accessdispdns_2_8,interface_msg=in}
06-25 14:28:33.873 2641 2840 I UFUnilog: UFNCurlClientImpl.cpp : 1199 {fuc=UFNCurlClientImpl:PerformEnd(),logtag=itv_funcs_7,ufn_curl_client_code=0,http_code=200,code_msg=UFN Curl Client Success!}
06-25 14:28:33.873 2641 2840 I UFUnilog: UFNCurlClientImpl.cpp : 1322 {fuc=UFNCurlClientImpl:PerformEnd(),logtag=itv_funcs_7,local_ip=192.168.3.161,server_ip=116.211.198.157,protocol_version=4,name_lookup_time=0ms,connect_time_out=34ms,ssl_connect_time=0ms,pre_transfer_time=34ms,start_transfer_time=80ms,redirect_time=0ms,response_time=83ms,curlclienttime=84ms,redirect_count=0,client_type=0,port=80}
06-25 14:28:33.873 2641 2840 I UFUnilog: UFNCurlClientImpl.cpp : 1325 {fuc=UFNCurlClientImpl:PerformEnd(),logtag=itv_funcs_7,content_type=application/json; charset=utf-8,recv_header_size=298,response_size=6940}
06-25 14:28:33.873 2641 2840 I UFUnilog: UFNCurlClientImpl.cpp : 1344 {fuc=UFNCurlClientImpl:PerformEnd(),logtag=itv_funcs_7,verbose=Connecting to hostname: 116.211.198.157; Trying 116.211.198.157:80...;Connected to 116.211.198.157 (116.211.198.157) port 80 (#0);Mark bundle as not supporting multiuse;Connection #0 to host 116.211.198.157 left intact;}
06-25 14:28:33.873 2641 2840 I UFUnilog: UFNCurlClientImpl.cpp : 1352 {fuc=UFNCurlClientImpl:PerformEnd(),logtag=itv_funcs_7,recv_data={"hide":"288995f233533eb9f861b63434d04901","4k":1,"h265":1,"passParam":"0","funcs":{"focused_sdk":"{\"focused_enable\":\"0\",\"playsource\":\"0\"}","net_config":"{\"common_client_type\":1,\"access_dispatch_enabled\":1,\"allow_bgp\":1,\"allow_prior_dns\":1,\"access_dispatch_support_domains\":\"data.video.ptqy.gitv.tv\"}","H265_Date":"NULL","no_vip":"none","interrecommend":"http://stv.ptqy.gitv.tv/stv/20230927/28263402/0/pianwei_b52be5e613858cdf2f381aeead01a926.json","gcwdance":"false","cashierSubsPay":"false","AutoStartMemory":"true","jumpfeed":"0","lowMemoryOptimLevel":"0","ms_parameter":"{\"\":\"\"}","jdplusVip":"1","version":"json格式","uuid":"http格式","1111":"{\"1\":\"在爱奇艺APP播放窗口 点击“投屏”按钮\"}","dvbLauncherValues":"{\"tabVipId\":\"70002\",\"tabDiamondVipId\":\"70001\"}","playerConfigTvServerPath":"http://stv.ptqy.gitv.tv/stv/playerConfig/universal/","partnerRightsReceiveBg":"htt
06-25 14:28:33.873 2641 2840 V UFUnilog: UFNEasyCurlClientImpl.cpp : 66 {fuc=UFNEasyCurlClientImpl:Perform(),logtag=itv_funcs_7,interface_msg=out}
06-25 14:28:33.873 2641 2840 V UFUnilog: api_engine.cpp : 181 {fuc=APIEngine:Call(),logtag=itv_funcs_7,interface_msg=Start Try!,try_count=1}
06-25 14:28:33.873 2641 2840 D UFUnilog: api_strategy_impl.cpp : 890 {fuc=APIStrategyImpl:PickConfig(),logtag=itv_funcs_7,strategyname=httpdns-strategy,interface_msg=pick prior custom dns strategy}
06-25 14:28:33.874 2641 2851 I UFUnilog: UFNCurlClientImpl.cpp : 1199 {fuc=UFNCurlClientImpl:PerformEnd(),logtag=accessdispdns_1,ufn_curl_client_code=0,http_code=200,code_msg=UFN Curl Client Success!}
06-25 14:28:33.874 2641 2851 I UFUnilog: UFNCurlClientImpl.cpp : 1282 {fuc=UFNCurlClientImpl:PerformEnd(),logtag=accessdispdns_1,ssl_version=BoringSSL,ssl_verify_result=20,certinfo_count=3}
06-25 14:28:33.874 2641 2840 I UFUnilog: api_engine.cpp : 381 {fuc=APIEngine:Call(),logtag=itv_funcs_7,try_count=1,curl_detail_code=0,curl_detail_time=84ms,curl_handle_detail_time=83ms,server_ip_detail=116.211.198.157,dns_detail_type=1,http_detail_code=200,ip_detail_net_type=2,total_time=86ms,apicode=0}
06-25 14:28:33.874 2641 2851 I UFUnilog: UFNCurlClientImpl.cpp : 1322 {fuc=UFNCurlClientImpl:PerformEnd(),logtag=accessdispdns_1,local_ip=192.168.3.161,server_ip=103.44.59.54,protocol_version=4,name_lookup_time=0ms,connect_time_out=57ms,ssl_connect_time=171ms,pre_transfer_time=172ms,start_transfer_time=255ms,redirect_time=0ms,response_time=255ms,curlclienttime=264ms,redirect_count=0,client_type=0,port=443}
06-25 14:28:33.874 2641 2851 I UFUnilog: UFNCurlClientImpl.cpp : 1325 {fuc=UFNCurlClientImpl:PerformEnd(),logtag=accessdispdns_1,content_type=text/plain,recv_header_size=199,response_size=49}
06-25 14:28:33.874 2641 2851 I UFUnilog: UFNCurlClientImpl.cpp : 1344 {fuc=UFNCurlClientImpl:PerformEnd(),logtag=accessdispdns_1,verbose=Hostname 103.44.59.54 was found in DNS cache; Trying 103.44.59.54:443...;Connected to 103.44.59.54 (103.44.59.54) port 443 (#0);ALPN, offering h2;ALPN, offering http/1.1;TLSv1.2 (OUT), TLS handshake, Client hello (1):;TLSv1.2 (IN), TLS handshake, Server hello (2):;TLSv1.3 (OUT), TLS change cipher, Change cipher spec (1):;TLSv1.3 (IN), TLS handshake, Encrypted Extensions (8):;TLSv1.3 (IN), TLS handshake, Certificate (11):;TLSv1.3 (IN), TLS handshake, CERT verify (15):;TLSv1.3 (IN), TLS handshake, Finished (20):;TLSv1.3 (OUT), TLS handshake, Finished (20):;SSL connection using TLSv1.3 / TLS_CHACHA20_POLY1305_SHA256;ALPN, server accepted to use h2;Server certificate:; subject: C=CN; ST=Beijing; L=Beijing; O=Beijing IQIYI Science & Technology Co., Ltd.; CN=103.44.59.54; start date: Jul 22 07:21:02 2024 GMT; expire date: Aug 23 07:21:01 2025 GMT; issuer: C=BE; O=GlobalSign nv-sa; CN=GlobalSign RSA OV SSL CA 2018; SSL
06-25 14:28:33.874 2641 2851 I UFUnilog: UFNCurlClientImpl.cpp : 1352 {fuc=UFNCurlClientImpl:PerformEnd(),logtag=accessdispdns_1,recv_data=116.211.189.178;124.237.225.32}
06-25 14:28:33.874 2641 2851 V UFUnilog: UFNEasyCurlClientImpl.cpp : 66 {fuc=UFNEasyCurlClientImpl:Perform(),logtag=accessdispdns_1,interface_msg=out}
06-25 14:28:33.874 2641 2851 V UFUnilog: api_engine.cpp : 181 {fuc=APIEngine:Call(),logtag=accessdispdns_1,interface_msg=Start Try!,try_count=1}
06-25 14:28:33.874 2641 2851 D UFUnilog: api_strategy_impl.cpp : 890 {fuc=APIStrategyImpl:PickConfig(),logtag=accessdispdns_1,strategyname=antihijackhttps-strategy,interface_msg=pick prior custom dns strategy}
06-25 14:28:33.874 2641 2851 D UFUnilog: api_strategy_impl.cpp : 155 {fuc=APIStrategyImpl:JudgeStrategyOpporunity(),logtag=accessdispdns_1,strategyname=antihijackhttps-strategy,interface_msg=Ignore Domain List,domain=103.44.59.54}
06-25 14:28:33.874 2641 2851 I UFUnilog: api_engine.cpp : 381 {fuc=APIEngine:Call(),logtag=accessdispdns_1,try_count=1,curl_detail_code=0,curl_detail_time=264ms,curl_handle_detail_time=255ms,server_ip_detail=103.44.59.54,dns_detail_type=0,http_detail_code=200,ip_detail_net_type=0,total_time=265ms,apicode=0}
06-25 14:28:33.875 2641 2840 D UNIPLAYERSDK: UniversalapiUtil.cpp:62 UniversalApiUtil::parseValueFromRequestHeader sRequestHeader=Authorization:1012441ef13ff000_Mi4xMTA3LjEuMjIwNDA4 B63BDF64FF37D1495B559AD9148403259FBA6B0F760F83FB851E3904A7B2305440FF315625DDC79BDBAB3C0B1379815E
06-25 14:28:33.875 2641 2840 D UNIPLAYERSDK: Content-Type:application/json; charset=utf-8
06-25 14:28:33.875 2641 2840 D UNIPLAYERSDK: Request-Id:MTc1MDgzMjkxMzc4ODIwOjAyOmZlOjE5OmMyOjBlMzI0MDQ5NzQyOGUzMDQxNWYxYjI1Yjk4MTdmNmQxY2M4OTZjMmE3ZDJl
06-25 14:28:33.875 2641 2840 D UNIPLAYERSDK: qyid:tv_9ebeab0821cc109c90e4626ac3a506cd_1750906610804_8810912147
06-25 14:28:33.875 2641 2840 D UNIPLAYERSDK: , sKey=Request-Id
06-25 14:28:33.875 2641 2840 D UNIPLAYERSDK: UniversalapiUtil.cpp:83 UniversalApiUtil::parseValueFromRequestHeader nPosStart=205, sResult=MTc1MDgzMjkxMzc4ODIwOjAyOmZlOjE5OmMyOjBlMzI0MDQ5NzQyOGUzMDQxNWYxYjI1Yjk4MTdmNmQxY2M4OTZjMmE3ZDJl
06-25 14:28:33.875 2641 2851 D UFUnilog: api_accessdispdns.cpp : 178 {fuc=APIAccessDispDns:UpdateAccessDispSync(),interface_msg=Update Success!}
06-25 14:28:33.877 2641 2840 D UNIPLAYERSDK: ApiUtil.cpp:22 ToString(Json) not string type! value.type()=0
06-25 14:28:33.877 2641 2840 D UNIPLAYERSDK: ApiUtil.cpp:22 ToString(Json) not string type! value.type()=0
06-25 14:28:33.878 2641 2840 D UNIPLAYERSDK: PerfJob.h:96 request.addition.item.size() ==1
06-25 14:28:33.878 2641 2840 D UNIPLAYERSDK: PerfJob.h:98 result.addition.items[0].total_time_ms ==83
06-25 14:28:33.878 2641 2840 D UNIPLAYERSDK: UniapiConfigUtil.cpp:108 formatJsJson, jsJson={"playerConfigPath":"http://static.ptqy.gitv.tv/js/tv/app/"}
06-25 14:28:33.878 2641 2840 D UNIPLAYERSDK: FetchPlayerConfig.cpp:1033 updateAsync
06-25 14:28:33.878 2641 2840 D UNIPLAYERSDK: Config.cpp:671 setSDKPushSwitch, 0
06-25 14:28:33.878 2641 2840 D UNIPLAYERSDK: Config.cpp:673 pushSwitch 0
06-25 14:28:33.879 2641 2840 D UNIPLAYERSDK: UniapiConfigUtil.cpp:136 formatJsonValue, jsonStr={"ha":"{\"passport\":true,\"cache.m\":true,\"dash\":true}"}
06-25 14:28:33.880 2641 2840 D UNIPLAYERSDK: PassportApi.cpp:163 setHaEnabled, enabled=1
06-25 14:28:33.880 2641 2840 W UNIPLAYERSDK: VrsApi.cpp:146 setDashCloudDnsStrategyEnable no inited!
06-25 14:28:33.880 2641 2840 D UNIPLAYERSDK: UniapiConfigUtil.cpp:136 formatJsonValue, jsonStr={"https_switch":"{\"https_tv\": true, \"https_boss\": true, \"https_passport\": true, \"https_tmts\": true, \"https_mus\": true, \"https_ts\": true, \"https_audio\": true, \"https_itv\": true, \"https_dash\": true, \"https_community\": true}"}
06-25 14:28:33.880 2641 2840 D UNIPLAYERSDK: UniapiConfigUtil.cpp:124 fetchJson, key=net_config, value={"common_client_type":1,"access_dispatch_enabled":1,"allow_bgp":1,"allow_prior_dns":1,"access_dispatch_support_domains":"data.video.ptqy.gitv.tv"}
06-25 14:28:33.880 2641 2840 D UNIPLAYERSDK: UniapiConfigUtil.cpp:136 formatJsonValue, jsonStr={"net_config":"{\"common_client_type\":1,\"access_dispatch_enabled\":1,\"allow_bgp\":1,\"allow_prior_dns\":1,\"access_dispatch_support_domains\":\"data.video.ptqy.gitv.tv\"}"}
