06-25 14:28:34.548 2641 2916 I UNIPLAYERSDK: BabelPbApi.cpp:34 PingbackLog: send success! trycount = 1, serverip = 106.38.178.44, uniplayersdkInit:http://msg.ptqy.gitv.tv/qos/3_31_312:msg=[{"ct":"tvsdkinit","deviceid":"tv_9ebeab0821cc109c90e4626ac3a506cd_1750906610804_8810912147","dfp":"","diy_armabi":"armeabi-v7a%2Carmeabi","diy_tp":"1","hu":"","hwver":"DBBOX-A2","mac_address":"20-02-FE-19-C2-0E","mkey":"20180903095708913MvpgVmPh11974","mod":"cn_s","os":"31","p1":"3_31_312","p2":"3128","pbv":"","pu":"","re":"1920x1080","rn":"4917952273","romrsz":"24465","romsz":"26357","stat":"1","stime":"1750925705568","t":"9","term":"%7B%22chip%22%3A%22%22%2C%22core%22%3A%224%22%2C%22dolbycodec%22%3A%22-1%22%2C%22firmver%22%3A%22SP1A.211105.004%22%2C%22hpformance%22%3A%22%22%2C%22hwprod%22%3A%22%22%2C%22hwversub%22%3A%22%22%2C%22memory%22%3A%221960M%22%2C%22p_hdcp%22%3A%22%22%2C%22p_maxhdcp%22%3A%22%22%2C%22rammode%22%3A%22%22%7D%0A","u":"tv_9ebeab0821cc109c90e4626ac3a506cd","v":"2.1107.1.220408"}]
06-25 14:28:34.548 2641 2916 D UNIPLAYERSDK: BabelPbApi.cpp:40 PingbackLog: send success! uniplayersdkInit:msg=[{"ct":"tvsdkinit","deviceid":"tv_9ebeab0821cc109c90e4626ac3a506cd_1750906610804_8810912147","dfp":"","diy_armabi":"armeabi-v7a%2Carmeabi","diy_tp":"1","hu":"","hwver":"DBBOX-A2","mac_address":"20-02-FE-19-C2-0E","mkey":"20180903095708913MvpgVmPh11974","mod":"cn_s","os":"31","p1":"3_31_312","p2":"3128","pbv":"","pu":"","re":"1920x1080","rn":"4917952273","romrsz":"24465","romsz":"26357","stat":"1","stime":"1750925705568","t":"9","term":"%7B%22chip%22%3A%22%22%2C%22core%22%3A%224%22%2C%22dolbycodec%22%3A%22-1%22%2C%22firmver%22%3A%22SP1A.211105.004%22%2C%22hpformance%22%3A%22%22%2C%22hwprod%22%3A%22%22%2C%22hwversub%22%3A%22%22%2C%22memory%22%3A%221960M%22%2C%22p_hdcp%22%3A%22%22%2C%22p_ma
06-25 14:28:34.548 2641 2916 D UNIPLAYERSDK: BabelPbApi.cpp:38 PingbackLog: send success! uniplayersdkInit:xhdcp%22%3A%22%22%2C%22rammode%22%3A%22%22%7D%0A","u":"tv_9ebeab0821cc109c90e4626ac3a506cd","v":"2.1107.1.220408"}]
06-25 14:28:34.548 2641 2915 V UFUnilog: UFNMultiCurlClientImpl.cpp : 102 {fuc=UFNMultiCurlClientImpl:Perform(),logtag=longyuan_pb_21,interface_msg=Out}
06-25 14:28:34.549 2641 2915 V UFUnilog: api_engine.cpp : 181 {fuc=APIEngine:Call(),logtag=longyuan_pb_21,interface_msg=Start Try!,try_count=1}
06-25 14:28:34.576 269 269 I EventThread: type=1400 audit(0.0:1778): avc: denied { search } for name="extcon" dev="sysfs" ino=18109 scontext=u:r:hal_tv_cec_default:s0 tcontext=u:object_r:sysfs_extcon:s0 tclass=dir permissive=1
06-25 14:28:34.619 2641 2915 I UNIPLAYERSDK: PbApi.cpp:34 PingbackLog: send success! trycount = 1,serverip = 106.38.178.44,uniplayersdkInit:http://msg.ptqy.gitv.tv/b:msg=[{"chip":"","core":"4","ct":"170811_uniplayersdk_init","deviceid":"tv_9ebeab0821cc109c90e4626ac3a506cd_1750906610804_8810912147","diy_armabi":"armeabi-v7a%2Carmeabi","diy_tp":"1","dt":"20180903095708913MvpgVmPh11974","firmver":"SP1A.211105.004","hu":"","hwver":"DBBOX-A2","hwversub":"","mac":"20-02-FE-19-C2-0E","memory":"1960M","mod":"cn_s","os":"31","p":"31","p1":"312","p2":"3128","p_ptid":"14025032401000000000","p_uid":"","pf":"3","play_hwversub":"","player_sn":"0","pu":"","re":"1920x1080","rn":"6736224475","romrsz":"24465","romsz":"26357","st":"1","t":"11","u":"tv_9ebeab0821cc109c90e4626ac3a506cd","v":"2.1107.1.220408"}]
06-25 14:28:34.636 2900 2900 I awei.connection: type=1400 audit(0.0:1779): avc: denied { getattr } for path="/data/user/0/com.dangbei.screencast" dev="mmcblk0p25" ino=891 scontext=u:r:platform_app:s0:c512,c768 tcontext=u:object_r:app_data_file:s0:c512,c768 tclass=dir permissive=1 app=com.dangbei.screencast
06-25 14:28:34.640 2401 2401 I SharedPreferenc: type=1400 audit(0.0:1780): avc: denied { open } for path="/data/user/0/com.dangbei.screencast/shared_prefs/tdid.xml" dev="mmcblk0p25" ino=2001 scontext=u:r:platform_app:s0:c512,c768 tcontext=u:object_r:app_data_file:s0:c512,c768 tclass=file permissive=1 app=com.dangbei.screencast
06-25 14:28:34.652 2641 2915 D UNIPLAYERSDK: PbApi.cpp:38 PingbackLog: send success! uniplayersdkInit:msg=[{"chip":"","core":"4","ct":"170811_uniplayersdk_init","deviceid":"tv_9ebeab0821cc109c90e4626ac3a506cd_1750906610804_8810912147","diy_armabi":"armeabi-v7a%2Carmeabi","diy_tp":"1","dt":"20180903095708913MvpgVmPh11974","firmver":"SP1A.211105.004","hu":"","hwver":"DBBOX-A2","hwversub":"","mac":"20-02-FE-19-C2-0E","memory":"1960M","mod":"cn_s","os":"31","p":"31","p1":"312","p2":"3128","p_ptid":"14025032401000000000","p_uid":"","pf":"3","play_hwversub":"","player_sn":"0","pu":"","re":"1920x1080","rn":"6736224475","romrsz":"24465","romsz":"26357","st":"1","t":"11","u":"tv_9ebeab0821cc109c90e4626ac3a506cd","v":"2.1107.1.220408"}]
06-25 14:28:34.652 2641 2914 D UNIUTIL : System.cpp:466 saveString _plugin_url : http://static-mix.ptqy.gitv.tv/stv/20220415/27500064/0/libHyperPlayerplugin4.8.1702.9097_b54bdc5836b91dc252c5b05e439fd0ca.zip
06-25 14:28:34.653 2641 2943 E TVUNIPLAYER: SDK/ErrorCodeWrapper : getNetworkData json { "data": [{ "code": "A00000", "type": "vrs", "desc": "请求成功", "content": "" }, { "code": "A00001", "type": "vrs", "desc": "请求参数无效", "content": "一个小意外发生了(A00001)\n请稍后重试" }, { "code": "A00002", "type": "vrs", "desc": "请求无权限", "content": "一个小意外发生了(A00002)\n请稍后重试" }, { "code": "A00003", "type": "vrs", "desc": "内部请求异常", "content": "一个小意外发生了(A00003)\n请稍后重试" }, { "code": "A00004", "type": "vrs", "desc": "请求无数据", "content": "一个小意外发生了(A00004)\n请稍后重试" }, { "code": "A00005", "type": "vrs", "desc": "请求数据为不可用状态,qipu is_enable=false或者没有is_enable字段", "content": "" }, { "code": "A00006", "type": "vrs", "desc": "tvid为负数或0", "content": "" }, { "code": "A00020", "type": "vrs", "desc": "时间戳
06-25 14:28:34.655 2641 2943 D TVUNIPLAYER: SDK/ErrorCodeWrapper : onSuccess: http://static.ptqy.gitv.tv/ext/tv/sdk/error_msg.json json is empty : false
06-25 14:28:34.655 2641 2943 D TVUNIPLAYER: SDK/ErrorCodeWrapper : >>>>>json length:50933
06-25 14:28:34.677 2900 2900 V GraphicsEnvironment: ANGLE Developer option for 'com.dangbei.screencast' set to: 'default'
06-25 14:28:34.678 2900 2900 V GraphicsEnvironment: Neither updatable production driver nor prerelease driver is supported.
06-25 14:28:34.680 2900 2900 D NetworkSecurityConfig: Using Network Security Config from resource network_security_config debugBuild: false
06-25 14:28:34.688 2900 2900 D NetworkSecurityConfig: Using Network Security Config from resource network_security_config debugBuild: false
06-25 14:28:34.689 2900 2900 I MultiDex: VM with version 2.1.0 has multidex support
06-25 14:28:34.689 2900 2900 I MultiDex: Installing application
06-25 14:28:34.689 2900 2900 I MultiDex: VM has multidex support, MultiDex support library is disabled.
06-25 14:28:34.724 2900 2900 I Thread-3: type=1400 audit(0.0:1781): avc: denied { lock } for path="/data/user/0/com.dangbei.screencast/files/.imprint" dev="mmcblk0p25" ino=2392 scontext=u:r:platform_app:s0:c512,c768 tcontext=u:object_r:app_data_file:s0:c512,c768 tclass=file permissive=1 app=com.dangbei.screencast
06-25 14:28:34.754 2641 2834 I ImageProvider/Config: setMemoryCacheSize: memoryCacheSize = 5.0
06-25 14:28:34.755 2641 2834 I ImageProvider/Config: setInBitmapPoolSize: inBitmapPoolSize = 3.0
06-25 14:28:34.755 2641 2834 D TVUNIPLAYER: HookUtil : myUid != SYSTEM_UID, myUid = 10077
06-25 14:28:34.864 2641 2914 D UNIUTIL : System.cpp:466 saveString _plugin_type : zip
06-25 14:28:34.892 2900 2980 I crashsdk: version unique build id: 6230cced
06-25 14:28:34.896 2401 2415 I gbei.screencas: Background young concurrent copying GC freed 28577(2576KB) AllocSpace objects, 5(100KB) LOS objects, 37% free, 4298KB/6903KB, paused 195us total 340.182ms
06-25 14:28:34.898 2900 2963 I crashsdk: version unique build id: 6230cced
06-25 14:28:34.896 2900 2900 I Thread-3: type=1400 audit(0.0:1782): avc: denied { read } for name="version" dev="proc" ino=4026532049 scontext=u:r:platform_app:s0:c512,c768 tcontext=u:object_r:proc_version:s0 tclass=file permissive=1 app=com.dangbei.screencast
01-01 08:00:40.220 2963 2963 W audit : audit_lost=1294 audit_rate_limit=5 audit_backlog_limit=64
01-01 08:00:40.220 2963 2963 E audit : rate limit exceeded
06-25 14:28:34.930 2900 2984 D crashsdk: Native log stat thread 2984 setup, waiting
06-25 14:28:34.937 2900 2963 I crashsdk: begin hack android.os.Process
06-25 14:28:34.937 2900 2963 I crashsdk: end hack android.os.Process
06-25 14:28:35.021 2900 2900 I TDLog : setReportUncaughtExceptions: true
06-25 14:28:35.022 2900 2900 E Application: onCreate:Version:v2.8.3/20830/883432e
06-25 14:28:35.024 2641 2889 V UFUnilog: UFNCurlClientHandleSocket.cpp : 128 {fuc=UFNMultiCurlClientImpl:HandleSocket(),logtag=op_anyget_23,interface_msg=MultiCurlImpl get ok!}
06-25 14:28:35.025 2641 2834 I AdCacheUtils: [TID 2834] getFreeSize = 25653993472
06-25 14:28:35.025 2641 2834 I AdCacheUtils: [TID 2834] isStorageEnough: cachedFileSize 0, freeSize=25653993472
06-25 14:28:35.025 2641 2834 I AdCacheUtils: [TID 2834] foundCacheDir : sdcardFile = /storage/emulated/0/qcache/data/ad_cache ,sdcardDirExists = true ,sdcardRemovable = false ,sdcardStorageEnough = true
06-25 14:28:35.026 2641 2834 I TVUNIPLAYER: PlayerSdkImpl@e16e607 : AdCacheUtils initForInteractAdCacheStrategy position = 1
06-25 14:28:35.027 2641 2932 I UFUnilog: UFNCurlClientImpl.cpp : 1199 {fuc=UFNCurlClientImpl:PerformEnd(),logtag=op_anyget_23,ufn_curl_client_code=0,http_code=200,code_msg=UFN Curl Client Success!}
06-25 14:28:35.027 2641 2932 I UFUnilog: UFNCurlClientImpl.cpp : 1322 {fuc=UFNCurlClientImpl:PerformEnd(),logtag=op_anyget_23,local_ip=192.168.3.161,server_ip=59.36.206.128,protocol_version=4,name_lookup_time=0ms,connect_time_out=89ms,ssl_connect_time=0ms,pre_transfer_time=90ms,start_transfer_time=137ms,redirect_time=0ms,response_time=137ms,curlclienttime=673ms,redirect_count=0,client_type=1,port=80}
06-25 14:28:35.027 2641 2932 I UFUnilog: UFNCurlClientImpl.cpp : 1325 {fuc=UFNCurlClientImpl:PerformEnd(),logtag=op_anyget_23,content_type=application/zip,recv_header_size=611,response_size=4572}
06-25 14:28:35.027 2641 2932 I UFUnilog: UFNCurlClientImpl.cpp : 1344 {fuc=UFNCurlClientImpl:PerformEnd(),logtag=op_anyget_23,verbose=Connecting to hostname: 59.36.206.128; Trying 59.36.206.128:80...;Connected to 59.36.206.128 (59.36.206.128) port 80 (#4);Mark bundle as not supporting multiuse;Connection #4 to host 59.36.206.128 left intact;}
06-25 14:28:35.028 2641 2932 I UFUnilog: UFNCurlClientImpl.cpp : 1352 {fuc=UFNCurlClientImpl:PerformEnd(),logtag=op_anyget_23,recv_data=PK
06-25 14:28:35.028 2641 2932 I UFUnilog: }
06-25 14:28:35.028 2641 2932 V UFUnilog: UFNMultiCurlClientImpl.cpp : 102 {fuc=UFNMultiCurlClientImpl:Perform(),logtag=op_anyget_23,interface_msg=Out}
06-25 14:28:35.028 2641 2932 V UFUnilog: api_engine.cpp : 181 {fuc=APIEngine:Call(),logtag=op_anyget_23,interface_msg=Start Try!,try_count=1}
06-25 14:28:35.028 2641 2932 D UFUnilog: api_strategy_impl.cpp : 890 {fuc=APIStrategyImpl:PickConfig(),logtag=op_anyget_23,strategyname=httpdns-strategy,interface_msg=pick prior custom dns strategy}
06-25 14:28:35.028 2641 2932 D UFUnilog: api_strategy_impl.cpp : 155 {fuc=APIStrategyImpl:JudgeStrategyOpporunity(),logtag=op_anyget_23,strategyname=httpdns-strategy,interface_msg=Ignore Domain List,domain=stv.ptqy.gitv.tv}
06-25 14:28:35.028 2641 2932 I UFUnilog: api_engine.cpp : 381 {fuc=APIEngine:Call(),logtag=op_anyget_23,try_count=1,curl_detail_code=0,curl_detail_time=673ms,curl_handle_detail_time=137ms,server_ip_detail=59.36.206.128,dns_detail_type=1,http_detail_code=200,ip_detail_net_type=0,total_time=685ms,apicode=0}
06-25 14:28:35.029 2641 2932 W UNIPLAYERSDK: ApiUtil.cpp:245 ApiUtil::parse error! logtag = op_anyget_23, isSuccess=0, value.isObject()=0
06-25 14:28:35.029 2641 2932 W UNIPLAYERSDK: Result.cpp:32 DataModel::ParseResponse logtag = op_anyget_23, code = -100, unepected response = PK
06-25 14:28:35.029 2641 2932 D CommonDataCallback-JNI: onDone!
06-25 14:28:35.029 2641 2932 D CommonDataCallback-JNI: onDone into!
06-25 14:28:35.029 2641 2932 E JNIHelper: getJNIEnv: Failed to obtain JNIEnv
06-25 14:28:35.031 2641 2873 V UFUnilog: api_engine.cpp : 181 {fuc=APIEngine:Call(),logtag=pingback_op_anyget_23_29,interface_msg=Start Try!,try_count=0}
06-25 14:28:35.031 2641 2873 D UFUnilog: api_strategy_impl.cpp : 155 {fuc=APIStrategyImpl:JudgeStrategyOpporunity(),logtag=pingback_op_anyget_23_29,strategyname=antihijackhttps-strategy,interface_msg=Ignore Domain List,domain=msg.ptqy.gitv.tv}
06-25 14:28:35.031 2641 2873 V UFUnilog: api_strategy_impl.cpp : 378 {fuc=APIStrategyImpl:CreateStrategyResult(),logtag=pingback_op_anyget_23_29,strategyname=antihijackhttps-strategy,current_try_count=0,interface_msg=try to get ip list from dns_type = 1}
06-25 14:28:35.031 2641 2873 D UFUnilog: api_httpdns_query.cpp : 90 {fuc=APIHttpDnsQuery:GetIpListByDomainName(),interface_msg=try to get ip list by domain name msg.ptqy.gitv.tv}
06-25 14:28:35.031 2641 2873 D UFUnilog: api_httpdns_query.cpp : 113 {fuc=APIHttpDnsQuery:GetIpListByDomainName(),interface_msg=Get ip list success!,domain=msg.ptqy.gitv.tv}
06-25 14:28:35.031 2641 2873 V UFUnilog: api_strategy_impl.cpp : 485 {fuc=APIStrategyImpl:CreateStrategyResult(),logtag=pingback_op_anyget_23_29,strategyname=antihijackhttps-strategy,interface_msg=complete build strategy result,suggest_url_params=,suggest_protocol=}
06-25 14:28:35.031 2641 2873 V UFUnilog: UFNMultiCurlClientImpl.cpp : 24 {fuc=UFNMultiCurlClientImpl:Perform(),logtag=pingback_op_anyget_23_29,interface_msg=In}
06-25 14:28:35.031 2641 2873 V UFUnilog: UFNCurlClientHandleSocketPool.cpp : 46 {fuc=UFNMultiCurlClientHandleSocket:AddEasyHandle(),logtag=pingback_op_anyget_23_29,interface_msg=add easyCurl to MultiCurl!}
06-25 14:28:35.042 2641 2917 I UNIPLAYERSDK: PlayerCapabilityManager.cpp:1011 PlayerCapabilityManager::updateEachPlayerCap()forced:0, : {"131090":-1,"134225985":2,"134225986":2,"134226113":2,"134226114":2,"134226177":2,"134226178":2,"134234305":2,"134234306":2,"134316241":2,"134316242":2,"134316305":2,"134316306":2,"134316369":2,"134316370":2,"134349009":2,"134349010":2,"134349073":2,"134349074":2,"163857":2,"268533969":2,"268533970":2,"268534033":2,"268534034":2,"33624129":2,"33624130":2,"33624257":2,"33624258":2,"37065":2,"37137":-1,"37138":-1,"67207377":2,"67207378":2,"67207441":2,"67207442":2,"67240145":2,"67240209":2,"98321":0,"98322":0}
06-25 14:28:35.042 2641 2943 D TVUNIPLAYER: SDK/ErrorCodeWrapper : data:{"data":[{"code":"A00000","content":"","desc":"请求成功","type":"vrs"},{"code":"A00001","content":"一个小意外发生了(A00001)\n请稍后重试","desc":"请求参数无效","type":"vrs"},{"code":"A00002","content":"一个小意外发生了(A00002)\n请稍后重试","desc":"请求无权限","type":"vrs"},{"code":"A00003","content":"一个小意外发生了(A00003)\n请稍后重试","desc":"内部请求异常","type":"vrs"},{"code":"A00004","content":"一个小意外发生了(A00004)\n请稍后重试","desc":"请求无数据","type":"vrs"},{"code":"A00005","content":"","desc":"请求数据为不可用状态,qipu is_enable=false或者没有is_enable字段","type":"vrs"},{"code":"A00006","content":"","desc":"tvid为负数或0","type":"vrs"},{"code":"A00020","content":"","desc":"时间戳校验超时(目前所有接口有效期6小时)","type":"vrs"},{"code":"A00005","content":"","desc":"请求数据为不可用状态","type":"vrs"},{"code":"A02500","cont
06-25 14:28:35.042 2641 2917 I UNIPLAYERSDK: PlayerCapabilityManager.cpp:1155 noPlayerTypeKey:131088(H.265 DolbyVision ),value:-1
06-25 14:28:35.042 2641 2917 I UNIPLAYERSDK: PlayerCapabilityManager.cpp:1155 noPlayerTypeKey:134225984(1080P(<=) 60fps ),value:2
06-25 14:28:35.042 2641 2917 I UNIPLAYERSDK: PlayerCapabilityManager.cpp:1155 noPlayerTypeKey:134225984(1080P(<=) 60fps ),value:2
06-25 14:28:35.042 2641 2917 I UNIPLAYERSDK: PlayerCapabilityManager.cpp:1155 noPlayerTypeKey:134226112(4K 60fps ),value:2
06-25 14:28:35.042 2641 2917 I UNIPLAYERSDK: PlayerCapabilityManager.cpp:1155 noPlayerTypeKey:134226112(4K 60fps ),value:2
06-25 14:28:35.042 2641 2917 I UNIPLAYERSDK: PlayerCapabilityManager.cpp:1155 noPlayerTypeKey:134226176(4KHigh 60fps ),value:2
06-25 14:28:35.042 2641 2917 I UNIPLAYERSDK: PlayerCapabilityManager.cpp:1155 noPlayerTypeKey:134226176(4KHigh 60fps ),value:2
06-25 14:28:35.043 2641 2917 I UNIPLAYERSDK: PlayerCapabilityManager.cpp:1155 noPlayerTypeKey:134234304(4K 120fps ),value:2
06-25 14:28:35.043 2641 2917 I UNIPLAYERSDK: PlayerCapabilityManager.cpp:1155 noPlayerTypeKey:134234304(4K 120fps ),value:2
06-25 14:28:35.043 2641 2917 I UNIPLAYERSDK: PlayerCapabilityManager.cpp:1155 noPlayerTypeKey:134316240(H.265 4K HDR10 ),value:2
06-25 14:28:35.043 2641 2917 I UNIPLAYERSDK: PlayerCapabilityManager.cpp:1155 noPlayerTypeKey:134316240(H.265 4K HDR10 ),value:2
06-25 14:28:35.043 2641 2917 I UNIPLAYERSDK: PlayerCapabilityManager.cpp:1155 noPlayerTypeKey:134316304(H.265 4KHigh HDR10 ),value:2
06-25 14:28:35.043 2641 2917 I UNIPLAYERSDK: PlayerCapabilityManager.cpp:1155 noPlayerTypeKey:134316304(H.265 4KHigh HDR10 ),value:2
06-25 14:28:35.043 2641 2917 I UNIPLAYERSDK: PlayerCapabilityManager.cpp:1155 noPlayerTypeKey:134316368(H.265 8K HDR10 ),value:2
06-25 14:28:35.043 2641 2917 I UNIPLAYERSDK: PlayerCapabilityManager.cpp:1155 noPlayerTypeKey:134316368(H.265 8K HDR10 ),value:2
06-25 14:28:35.043 2641 2917 I UNIPLAYERSDK: PlayerCapabilityManager.cpp:1155 noPlayerTypeKey:134349008(H.265 4K DolbyVision ),value:2
06-25 14:28:35.043 2641 2917 I UNIPLAYERSDK: PlayerCapabilityManager.cpp:1155 noPlayerTypeKey:134349008(H.265 4K DolbyVision ),value:2
06-25 14:28:35.043 2641 2917 I UNIPLAYERSDK: PlayerCapabilityManager.cpp:1155 noPlayerTypeKey:134349072(H.265 4KHigh DolbyVision ),value:2
06-25 14:28:35.043 2641 2917 I UNIPLAYERSDK: PlayerCapabilityManager.cpp:1155 noPlayerTypeKey:134349072(H.265 4KHigh DolbyVision ),value:2
06-25 14:28:35.043 2641 2917 I UNIPLAYERSDK: PlayerCapabilityManager.cpp:1155 noPlayerTypeKey:163856(H.265 ),value:2
06-25 14:28:35.043 2641 2917 I UNIPLAYERSDK: PlayerCapabilityManager.cpp:1155 noPlayerTypeKey:268533968(H.265 4K HDR10 ),value:2
06-25 14:28:35.043 2641 2917 I UNIPLAYERSDK: PlayerCapabilityManager.cpp:1155 noPlayerTypeKey:268533968(H.265 4K HDR10 ),value:2
06-25 14:28:35.043 2641 2917 I UNIPLAYERSDK: PlayerCapabilityManager.cpp:1155 noPlayerTypeKey:268534032(H.265 4KHigh HDR10 ),value:2
06-25 14:28:35.043 2641 2917 I UNIPLAYERSDK: PlayerCapabilityManager.cpp:1155 noPlayerTypeKey:268534032(H.265 4KHigh HDR10 ),value:2
06-25 14:28:35.043 2641 2917 I UNIPLAYERSDK: PlayerCapabilityManager.cpp:1155 noPlayerTypeKey:33624128(1080P(<=) 25fps EDR FastSpeed),value:2
06-25 14:28:35.044 2641 2917 I UNIPLAYERSDK: PlayerCapabilityManager.cpp:1155 noPlayerTypeKey:33624128(1080P(<=) 25fps EDR FastSpeed),value:2
06-25 14:28:35.044 2641 2917 I UNIPLAYERSDK: PlayerCapabilityManager.cpp:1155 noPlayerTypeKey:33624256(4K 25fps EDR FastSpeed),value:2
06-25 14:28:35.044 2641 2917 I UNIPLAYERSDK: PlayerCapabilityManager.cpp:1155 noPlayerTypeKey:33624256(4K 25fps EDR FastSpeed),value:2
06-25 14:28:35.044 2641 2917 I UNIPLAYERSDK: PlayerCapabilityManager.cpp:1155 noPlayerTypeKey:37064(H.264 4K 25fps SDR ),value:2
06-25 14:28:35.044 2641 2917 I UNIPLAYERSDK: PlayerCapabilityManager.cpp:1155 noPlayerTypeKey:37136(H.265 4KHigh 25fps SDR ),value:-1
06-25 14:28:35.044 2641 2917 I UNIPLAYERSDK: PlayerCapabilityManager.cpp:1155 noPlayerTypeKey:37136(H.265 4KHigh 25fps SDR ),value:-1
06-25 14:28:35.044 2641 2917 I UNIPLAYERSDK: PlayerCapabilityManager.cpp:1155 noPlayerTypeKey:67207376(H.265 4K HDR10 ),value:2
06-25 14:28:35.044 2641 2917 I UNIPLAYERSDK: PlayerCapabilityManager.cpp:1155 noPlayerTypeKey:67207376(H.265 4K HDR10 ),value:2
06-25 14:28:35.044 2641 2917 I UNIPLAYERSDK: PlayerCapabilityManager.cpp:1155 noPlayerTypeKey:67207440(H.265 4KHigh HDR10 ),value:2
06-25 14:28:35.044 2641 2917 I UNIPLAYERSDK: PlayerCapabilityManager.cpp:1155 noPlayerTypeKey:67207440(H.265 4KHigh HDR10 ),value:2
06-25 14:28:35.044 2641 2917 I UNIPLAYERSDK: PlayerCapabilityManager.cpp:1155 noPlayerTypeKey:67240144(H.265 4K DolbyVision ),value:2
06-25 14:28:35.044 2641 2917 I UNIPLAYERSDK: PlayerCapabilityManager.cpp:1155 noPlayerTypeKey:67240208(H.265 4KHigh DolbyVision ),value:2
06-25 14:28:35.044 2641 2917 I UNIPLAYERSDK: PlayerCapabilityManager.cpp:1155 noPlayerTypeKey:98320(H.265 HDR10 ),value:0
06-25 14:28:35.044 2641 2917 I UNIPLAYERSDK: PlayerCapabilityManager.cpp:1155 noPlayerTypeKey:98320(H.265 HDR10 ),value:0
06-25 14:28:35.058 2641 2932 D CommonDataCallback-JNI: onDone JNIEnv!
06-25 14:28:35.058 2641 2932 E NetWorkData-JNI: gala_player_NetWorkData: apicode
06-25 14:28:35.058 2641 2932 E NetWorkData-JNI: gala_player_NetWorkData: httpCode
06-25 14:28:35.058 2641 2932 E NetWorkData-JNI: gala_player_NetWorkData: reponse
06-25 14:28:35.058 2641 2932 D CommonDataCallback-JNI: onDone networkData!
06-25 14:28:35.058 2641 2932 D CommonDataCallback-JNI: onDone mCallback not null!
06-25 14:28:35.058 2641 2932 D TVUNIPLAYER: BitStreamConfigParse@62e163d : fetchNetDate bitStreamAnimator onDone:0/200
06-25 14:28:35.058 2641 2932 D CommonDataCallback-JNI: onDone CallVoidMethod!
06-25 14:28:35.059 2641 2932 V UFUnilog: api_engine.cpp : 181 {fuc=APIEngine:Call(),logtag=op_anyget_25,interface_msg=Start Try!,try_count=0}
06-25 14:28:35.059 2641 2932 D UFUnilog: api_strategy_impl.cpp : 890 {fuc=APIStrategyImpl:PickConfig(),logtag=op_anyget_25,strategyname=httpdns-strategy,interface_msg=pick prior custom dns strategy}
06-25 14:28:35.059 2641 2927 I TVUNIPLAYER: BitStreamConfigParse@62e163d : get network bitStreamAnimation data success: PK
06-25 14:28:35.059 2641 2932 D UFUnilog: api_strategy_impl.cpp : 155 {fuc=APIStrategyImpl:JudgeStrategyOpporunity(),logtag=op_anyget_25,strategyname=httpdns-strategy,interface_msg=Ignore Domain List,domain=stv.ptqy.gitv.tv}
06-25 14:28:35.059 2641 2932 I UFUnilog: api_strategy_impl.cpp : 205 {fuc=APIStrategyImpl:JudgeStrategyOpporunity(),logtag=op_anyget_25,strategyname=httpdns-strategy,interface_msg=Use strategy because force strategy invoke when first effective try number request}
06-25 14:28:35.059 2641 2932 V UFUnilog: api_strategy_impl.cpp : 378 {fuc=APIStrategyImpl:CreateStrategyResult(),logtag=op_anyget_25,strategyname=httpdns-strategy,current_try_count=0,interface_msg=try to get ip list from dns_type = 1}
06-25 14:28:35.059 2641 2932 D UFUnilog: api_httpdns_query.cpp : 90 {fuc=APIHttpDnsQuery:GetIpListByDomainName(),interface_msg=try to get ip list by domain name stv.ptqy.gitv.tv}
06-25 14:28:35.059 2641 2932 D UFUnilog: api_httpdns_query.cpp : 113 {fuc=APIHttpDnsQuery:GetIpListByDomainName(),interface_msg=Get ip list success!,domain=stv.ptqy.gitv.tv}
06-25 14:28:35.059 2641 2932 I UFUnilog: api_strategy_impl.cpp : 414 {fuc=APIStrategyImpl:CreateStrategyResult(),logtag=op_anyget_25,strategyname=httpdns-strategy,find_ip=59.36.206.128,domain=stv.ptqy.gitv.tv,dns=1 ,http_port :-1,https_port:-1}
06-25 14:28:35.059 2641 2932 V UFUnilog: api_strategy_impl.cpp : 485 {fuc=APIStrategyImpl:CreateStrategyResult(),logtag=op_anyget_25,strategyname=httpdns-strategy,interface_msg=complete build strategy result,suggest_url_params=,suggest_protocol=}
06-25 14:28:35.059 2641 2932 I UFUnilog: api_engine.cpp : 241 {fuc=APIEngine:Call(),logtag=op_anyget_25,current_try_count=1,default_max_try_count=5}
06-25 14:28:35.059 2641 2932 V UFUnilog: UFNMultiCurlClientImpl.cpp : 24 {fuc=UFNMultiCurlClientImpl:Perform(),logtag=op_anyget_25,interface_msg=In}
06-25 14:28:35.059 2641 2932 I UFUnilog: UFNCurlClientImpl.cpp : 679 {fuc=UFNCurlClientImpl:PerformInit(),logtag=op_anyget_25,url=http://stv.ptqy.gitv.tv/stv/20240320/28515012/0/lottie_4fc5c825171491f83d8923c43166f02d.zip}
06-25 14:28:35.059 2641 2932 I UFUnilog: UFNCurlClientImpl.cpp : 782 {fuc=UFNCurlClientImpl:PerformInit(),logtag=op_anyget_25,interface_msg=connect to aim ip!,domain=stv.ptqy.gitv.tv,ip=59.36.206.128,port=-1:}
06-25 14:28:35.059 2641 2932 I UFUnilog: UFNCurlClientImpl.cpp : 827 {fuc=UFNCurlClientImpl:PerformInit(),logtag=op_anyget_25,header=Authorization:1012441ef13ff000_Mi4xMTA3LjEuMjIwNDA4 B63BDF64FF37D1495B559AD9148403259FBA6B0F760F83FB851E3904A7B2305440FF315625DDC79BDBAB3C0B1379815E
06-25 14:28:35.059 2641 2932 I UFUnilog: }
06-25 14:28:35.059 2641 2932 I UFUnilog: UFNCurlClientImpl.cpp : 937 {fuc=UFNCurlClientImpl:PerformInit(),logtag=op_anyget_25,request_type=0,verifyssl=1,allow_redirect=0,max_redirect_number=0,connect_time_out=10000ms,transfer_time_out=15000ms,user_agent=Unified-X(arm-unknown-linux-androideabi);libcurl/7.73.0.6;BoringSSL;zlib/1.2.11;Universal_Foundation/v4.0.1_656_63af7fd3;Universal_Api/v4.1_1767_8b99c7b4(14025032401000000000),ipv6_allowed=0}
06-25 14:28:35.060 2641 2932 V UFUnilog: UFNCurlClientHandleSocketPool.cpp : 46 {fuc=UFNMultiCurlClientHandleSocket:AddEasyHandle(),logtag=op_anyget_25,interface_msg=add easyCurl to MultiCurl!}
06-25 14:28:35.061 2641 2917 D UNIPLAYERSDK: WhiteListManager.cpp:161 key = abs_can_up_suggest value = 0
06-25 14:28:35.061 2641 2917 D UNIPLAYERSDK: WhiteListManager.cpp:161 key = abs_maxbuffer_auto_learn value = true
06-25 14:28:35.063 2900 2900 D NearFieldManagerService: NearFieldManagerService.
06-25 14:28:35.063 2900 2963 I Matrix.AnrTracer: anrTrace, final mAnrBeatTime:400, mAnrBeatRate:400
06-25 14:28:35.063 2900 2900 D NearFieldManagerService: onCreate, enter.
06-25 14:28:35.064 2641 2917 D UNIPLAYERSDK: WhiteListManager.cpp:161 key = abs_maxbuffer_learn_times value = 500
06-25 14:28:35.065 2641 2917 D UNIPLAYERSDK: WhiteListManager.cpp:161 key = ad_cfg.paster_qr_close_tip value = 关闭二维码,继续播放
06-25 14:28:35.065 2641 2917 D UNIPLAYERSDK: WhiteListManager.cpp:161 key = ad_pre_dispatch_strategy.download_segment_count value = 2
06-25 14:28:35.065 2641 2917 D UNIPLAYERSDK: WhiteListManager.cpp:161 key = ad_pre_dispatch_strategy.feature_is_open value = false
06-25 14:28:35.065 2641 2917 D UNIPLAYERSDK: WhiteListManager.cpp:161 key = ad_pre_dispatch_strategy.is_open value = false
06-25 14:28:35.065 2641 2917 D UNIPLAYERSDK: WhiteListManager.cpp:161 key = ad_pre_dispatch_strategy.system_min_free_size_mb value = 300
06-25 14:28:35.065 2641 2917 D UNIPLAYERSDK: WhiteListManager.cpp:161 key = adstart_pingback_cache value = true
06-25 14:28:35.065 2641 2917 D UNIPLAYERSDK: WhiteListManager.cpp:161 key = ai_abs_enable_control value = true
06-25 14:28:35.065 2641 2917 D UNIPLAYERSDK: WhiteListManager.cpp:161 key = apm_evil_method_report_count value = 0
06-25 14:28:35.065 2641 2917 D UNIPLAYERSDK: WhiteListManager.cpp:161 key = apm_hot_class_preload value = 0
06-25 14:28:35.065 2641 2917 D UNIPLAYERSDK: WhiteListManager.cpp:161 key = audio_track_config value = 2
06-25 14:28:35.065 2641 2917 D UNIPLAYERSDK: WhiteListManager.cpp:161 key = b_enable_sound_play value = true
06-25 14:28:35.065 2641 2917 D UNIPLAYERSDK: WhiteListManager.cpp:161 key = b_fast_puma value = true
06-25 14:28:35.065 2641 2917 D UNIPLAYERSDK: WhiteListManager.cpp:161 key = b_open_pumaplayer_async_mode value = false
06-25 14:28:35.065 2641 2917 D UNIPLAYERSDK: WhiteListManager.cpp:161 key = b_puma_fast_switch_stream value = false
06-25 14:28:35.065 2641 2917 D UNIPLAYERSDK: WhiteListManager.cpp:161 key = bs_need_reset_surface value = 0
06-25 14:28:35.065 2641 2917 D UNIPLAYERSDK: WhiteListManager.cpp:161 key = danmaku_data_request value = 1
06-25 14:28:35.065 2641 2917 D UNIPLAYERSDK: WhiteListManager.cpp:161 key = danmaku_rows_support value = -1
06-25 14:28:35.065 2641 2917 D UNIPLAYERSDK: WhiteListManager.cpp:161 key = delay_destroy_surface value = 0
06-25 14:28:35.065 2641 2917 D UNIPLAYERSDK: WhiteListManager.cpp:161 key = develop_bitstream_json value = http://163.177.159.221/test/bs_level/0.json
06-25 14:28:35.066 2641 2917 D UNIPLAYERSDK: WhiteListManager.cpp:161 key = disableADCache value = false
06-25 14:28:35.066 2641 2917 D UNIPLAYERSDK: WhiteListManager.cpp:161 key = disable_killprocess_upgrade value = false
06-25 14:28:35.066 2641 2917 D UNIPLAYERSDK: WhiteListManager.cpp:161 key = disable_searchmp value = false
06-25 14:28:35.066 2641 2917 D UNIPLAYERSDK: WhiteListManager.cpp:161 key = disable_thirdparty_log value = false
06-25 14:28:35.066 2641 2917 D UNIPLAYERSDK: WhiteListManager.cpp:161 key = drmv5_exempt_token value = 1
06-25 14:28:35.066 2641 2917 D UNIPLAYERSDK: WhiteListManager.cpp:161 key = enable_ad_cache_rename value = true
06-25 14:28:35.066 2641 2917 D UNIPLAYERSDK: WhiteListManager.cpp:161 key = enable_cache_module value = true
06-25 14:28:35.066 2641 2917 D UNIPLAYERSDK: WhiteListManager.cpp:161 key = enable_cdn_tracer value = false
06-25 14:28:35.066 2641 2917 D UNIPLAYERSDK: WhiteListManager.cpp:161 key = enable_dash_mus value = false
06-25 14:28:35.066 2641 2917 D UNIPLAYERSDK: WhiteListManager.cpp:161 key = enable_drm_m3u8_reduce value = true
06-25 14:28:35.066 2641 2917 D UNIPLAYERSDK: WhiteListManager.cpp:161 key = enable_fake_host_for_drm value = true
06-25 14:28:35.066 2641 2917 D UNIPLAYERSDK: WhiteListManager.cpp:161 key = enable_focus_preload value = true
06-25 14:28:35.066 2641 2917 D UNIPLAYERSDK: WhiteListManager.cpp:161 key = enable_focus_preload_useract_pb value = false
06-25 14:28:35.066 2641 2917 D UNIPLAYERSDK: WhiteListManager.cpp:161 key = enable_h265_new_device value = true
06-25 14:28:35.066 2641 2917 D UNIPLAYERSDK: WhiteListManager.cpp:161 key = enable_httpdns_download value = true
06-25 14:28:35.066 2641 2917 D UNIPLAYERSDK: WhiteListManager.cpp:161 key = enable_inspect_h265 value = false
06-25 14:28:35.066 2641 2917 D UNIPLAYERSDK: WhiteListManager.cpp:161 key = enable_intertrust value = false
06-25 14:28:35.066 2641 2917 D UNIPLAYERSDK: WhiteListManager.cpp:161 key = enable_license_cloud_config value = true
06-25 14:28:35.066 2641 2917 D UNIPLAYERSDK: WhiteListManager.cpp:161 key = enable_local_cfg value = false
06-25 14:28:35.066 2641 2917 D UNIPLAYERSDK: WhiteListManager.cpp:161 key = enable_logcat value = true
06-25 14:28:35.067 2641 2917 I UNIPLAYERSDK: PlayerSdkImpl.cpp:525 setEnableLogcat(1), force 1
06-25 14:28:35.067 2641 2917 D UNIPLAYERSDK: PlayerSdkImpl.cpp:535 updateLogConfig mEnableLogcat:1, mLogLevel:1
06-25 14:28:35.068 2900 2900 I NearFieldManagerService: onBind, enter.
06-25 14:28:35.068 2900 2900 D NearFieldManagerService: initService
06-25 14:28:35.068 2900 2900 D NearFieldManagerService: NearField starting...
06-25 14:28:35.069 2900 2900 D NearFieldUtils: checkSystemProperty in
06-25 14:28:35.070 2900 2900 D NearFieldUtils: checkSystemProperty: systemProperties:
06-25 14:28:35.070 2900 2900 E NearFieldUtils: validProperty: priority is null
06-25 14:28:35.071 2900 2963 E LaunchManager: Non main process !
06-25 14:28:35.071 2641 2943 D TVUNIPLAYER: SDK/ErrorCodeWrapper : model:[{"code":"A00000","content":"","desc":"请求成功","type":"vrs"},{"code":"A00001","content":"一个小意外发生了(A00001)\n请稍后重试","desc":"请求参数无效","type":"vrs"},{"code":"A00002","content":"一个小意外发生了(A00002)\n请稍后重试","desc":"请求无权限","type":"vrs"},{"code":"A00003","content":"一个小意外发生了(A00003)\n请稍后重试","desc":"内部请求异常","type":"vrs"},{"code":"A00004","content":"一个小意外发生了(A00004)\n请稍后重试","desc":"请求无数据","type":"vrs"},{"code":"A00005","content":"","desc":"请求数据为不可用状态,qipu is_enable=false或者没有is_enable字段","type":"vrs"},{"code":"A00006","content":"","desc":"tvid为负数或0","type":"vrs"},{"code":"A00020","content":"","desc":"时间戳校验超时(目前所有接口有效期6小时)","type":"vrs"},{"code":"A00005","content":"","desc":"请求数据为不可用状态","type":"vrs"},{"code":"A02500","content":"
06-25 14:28:35.071 2900 2963 W System.err: java.lang.NullPointerException: Attempt to invoke virtual method 'boolean com.efs.sdk.launch.LaunchConfigManager.enableTracer()' on a null object reference
06-25 14:28:35.071 2900 2963 W System.err: at com.umeng.umcrash.UMCrash.init(Unknown Source:403)
06-25 14:28:35.071 2900 2963 W System.err: at java.lang.reflect.Method.invoke(Native Method)
06-25 14:28:35.071 2641 2943 E TVUNIPLAYER: SDK/ErrorCodeWrapper : saveDataToLocal
06-25 14:28:35.071 2900 2963 W System.err: at com.umeng.commonsdk.UMConfigure.init(Unknown Source:811)
06-25 14:28:35.071 2900 2963 W System.err: at b.f.f.b.a(:4)
06-25 14:28:35.071 2900 2963 W System.err: at h.o.a.run(Unknown Source:2)
06-25 14:28:35.072 2641 2943 D TVUNIPLAYER: SDK/ErrorCodeWrapper : saveDataToLocal models size: 432
06-25 14:28:35.073 2401 2401 D NearFieldManager: service connected.
06-25 14:28:35.074 477 2833 W ServiceManager: Permission failure: android.permission.HIGH_SAMPLING_RATE_SENSORS from uid=10013 pid=2900
06-25 14:28:35.074 2401 2401 D HiSight-Discovery: eventId: 4001
06-25 14:28:35.075 2401 2899 D HiSight-Discovery: msg 4001
06-25 14:28:35.075 2401 2899 D HiSight-Discovery: bind success, status Ready
06-25 14:28:35.075 2401 2899 D HiSight-Discovery: startAdvertise 2
06-25 14:28:35.075 2401 2899 D HiSight-Discovery: stopAdvertise.
06-25 14:28:35.075 2401 2899 D HiSight-Discovery: nearFieldStartListen deviceType 46
06-25 14:28:35.076 2900 2964 I TDLog : TalkingData SDK init...
06-25 14:28:35.076 2900 2964 I TDLog : SDK_VERSION is: Android+TD+V5.0.7 gp Type:Native Build_Num:2141
06-25 14:28:35.076 2900 2964 I TDLog : App ID is: B9D7815EC975466AB1332111FCE62DF5
06-25 14:28:35.076 2900 2964 I TDLog : App Channel is: os
06-25 14:28:35.076 2900 2964 I TDLog : App Custom is:
06-25 14:28:35.076 2900 2964 I TDLog : SDK_OVC is: TDOVC+a3bb7754719798526508b6caad480dd7+SaaS
06-25 14:28:35.076 2641 2845 I UNIPLAYERSDK: UniPlayerDataProxy.cpp:1422 Received kMsgUpdSetEnableLogcat:
06-25 14:28:35.077 2641 2845 D UNIPLAYERSDK: UniPlayerDataProxy.cpp:1427 Process kMsgUpdSetLogLevel: targetLevel = 1, curLevel = 1, mFuncSetLogLevel=0x0
06-25 14:28:35.077 2641 2845 I UNIPLAYERSDK: UniPlayerDataProxy.cpp:1408 Received kMsgUpdSetLogLevel:
06-25 14:28:35.077 2641 2845 D UNIPLAYERSDK: UniPlayerDataProxy.cpp:1413 Process kMsgUpdSetLogLevel: targetLevel = 1, curLevel = 3, mFuncSetLogLevel=0x0
06-25 14:28:35.077 2641 2917 D UNIPLAYERSDK: PumaWrapper.cpp:454 PumaWrapper::setLogLevel() - logger=1
06-25 14:28:35.077 2641 2917 D UNIPLAYERSDK: WhiteListManager.cpp:161 key = enable_m3u8_reduce value = true
06-25 14:28:35.077 2641 2917 D UNIPLAYERSDK: WhiteListManager.cpp:161 key = enable_plugin_update_serial value = true
06-25 14:28:35.077 2641 2917 D UNIPLAYERSDK: WhiteListManager.cpp:161 key = enable_priority_play_with_enhance_audio value = false
06-25 14:28:35.077 2641 2917 D UNIPLAYERSDK: WhiteListManager.cpp:161 key = enable_puma_player_dobly_gain value = false
06-25 14:28:35.077 2641 2917 D UNIPLAYERSDK: WhiteListManager.cpp:161 key = enable_skip_front_ad_for_error_retry value = true
06-25 14:28:35.077 2641 2917 D UNIPLAYERSDK: WhiteListManager.cpp:161 key = enable_web_hw value = true
06-25 14:28:35.077 2641 2917 D UNIPLAYERSDK: WhiteListManager.cpp:161 key = enabled_tvs_pingback value = false
06-25 14:28:35.077 2641 2917 D UNIPLAYERSDK: WhiteListManager.cpp:161 key = error_config_info value = [{"module":106,"code":10002,"type":"restart_app"},{"module":102,"code":10002,"type":"restart_app"},{"module":106,"code":9000,"type":"restart_app"}]
06-25 14:28:35.077 2900 2954 I NearFieldManagerImpl: setDeviceInfo, sDeviceId changes
06-25 14:28:35.077 2641 2917 D UNIPLAYERSDK: WhiteListManager.cpp:161 key = float_m3u8 value = 0
06-25 14:28:35.077 2641 2917 D UNIPLAYERSDK: WhiteListManager.cpp:161 key = focus_preload_delay value = 1000
06-25 14:28:35.077 2641 2917 D UNIPLAYERSDK: WhiteListManager.cpp:161 key = force_video_size_mode value = 200
06-25 14:28:35.078 2641 2917 D UNIPLAYERSDK: WhiteListManager.cpp:161 key = gala_apm_cfg value = {"io":{"enable":0,"record":0,"anr":0,"read":0,"write":0},"monitor":{"enable":0,"cpu":1,"cpuRecord":0,"floating":0},"trace":{"enable":1,"detect":0,"fps":0,"handleAnr":1,"traceIns":0}}
06-25 14:28:35.078 2641 2917 D UNIPLAYERSDK: WhiteListManager.cpp:161 key = get_hdcp_version value = 0
06-25 14:28:35.078 2641 2917 D UNIPLAYERSDK: WhiteListManager.cpp:161 key = get_media_codec_list value = 2
06-25 14:28:35.078 2641 2917 D UNIPLAYERSDK: WhiteListManager.cpp:161 key = get_profilelevels value = 2
06-25 14:28:35.078 2641 2917 D UNIPLAYERSDK: WhiteListManager.cpp:161 key = h265_gop_mode value = 0
06-25 14:28:35.078 2641 2917 D UNIPLAYERSDK: WhiteListManager.cpp:161 key = h265_support_video_in value = true
06-25 14:28:35.078 2641 2917 D UNIPLAYERSDK: WhiteListManager.cpp:161 key = hcdn.4k value = true
06-25 14:28:35.078 2641 2917 D UNIPLAYERSDK: WhiteListManager.cpp:161 key = hcdn.ad_f4v value = false
06-25 14:28:35.078 2641 2917 D UNIPLAYERSDK: WhiteListManager.cpp:161 key = hcdn.ad_ts value = true
06-25 14:28:35.078 2641 2917 D UNIPLAYERSDK: WhiteListManager.cpp:161 key = hcdn.b_hcdn_enable_stuck_pingback value = true
06-25 14:28:35.078 2641 2917 D UNIPLAYERSDK: WhiteListManager.cpp:161 key = hcdn.drm_nowatermark value = true
06-25 14:28:35.078 2641 2917 D UNIPLAYERSDK: WhiteListManager.cpp:161 key = hcdn.drm_watermark value = false
06-25 14:28:35.079 2900 2954 I NearFieldManagerImpl: setDeviceInfo, sDeviceName changes
06-25 14:28:35.079 2900 2954 D NearFieldManagerImpl: setServiceData, sServiceData=[], serviceData=[32]
06-25 14:28:35.080 2401 2899 E NearFieldManager: setIdnNetworkPriority: networkPortPriority is empty
06-25 14:28:35.080 2401 2899 D NearFieldManager: StartListen moduleId: CastPlusDiscoveryModule
06-25 14:28:35.080 2900 2954 D NearFieldManagerImpl: startListen: moduleId: CastPlusDiscoveryModule
06-25 14:28:35.080 2900 2954 D NearFieldUtils: getPreferredIpAddress exec
06-25 14:28:35.080 2900 2954 D NearFieldUtils: getPreferredIpAddress by custom priority
06-25 14:28:35.080 2900 2954 D NearFieldUtils: getIpByInterfaceSetting customIdnNetworkPriority:[]
06-25 14:28:35.080 2900 2954 D NearFieldUtils: getPreferredIpAddress by default priority
06-25 14:28:35.082 2641 2917 D UNIPLAYERSDK: WhiteListManager.cpp:161 key = hcdn.emmc_consumed_config value =
06-25 14:28:35.082 2641 2917 D UNIPLAYERSDK: WhiteListManager.cpp:161 key = hcdn.emmc_write_threshold value = 0
06-25 14:28:35.082 2641 2917 D UNIPLAYERSDK: WhiteListManager.cpp:161 key = hcdn.force_hls_when_livenet_error value = true
06-25 14:28:35.082 2641 2917 D UNIPLAYERSDK: WhiteListManager.cpp:161 key = hcdn.h211_vod value = true
06-25 14:28:35.083 2641 2917 D UNIPLAYERSDK: WhiteListManager.cpp:161 key = hcdn.h264_f4vtohls value = false
06-25 14:28:35.083 2641 2917 D UNIPLAYERSDK: WhiteListManager.cpp:161 key = hcdn.h264ts_vod value = true
06-25 14:28:35.083 2641 2917 D UNIPLAYERSDK: WhiteListManager.cpp:161 key = hcdn.hcdnls_enable_range value = true
06-25 14:28:35.083 2641 2917 D UNIPLAYERSDK: WhiteListManager.cpp:161 key = hcdn.i_cpu_limit_level value = 0
06-25 14:28:35.083 2641 2917 D UNIPLAYERSDK: WhiteListManager.cpp:161 key = hcdn.i_force_video_time value = 0
06-25 14:28:35.083 2641 2917 D UNIPLAYERSDK: WhiteListManager.cpp:161 key = hcdn.i_hcdn_max_disk_usage value = -1
06-25 14:28:35.083 2641 2917 D UNIPLAYERSDK: WhiteListManager.cpp:161 key = hcdn.i_hcdn_play_protect_interval value = 3000
06-25 14:28:35.083 2641 2917 D UNIPLAYERSDK: WhiteListManager.cpp:161 key = hcdn.i_hcdn_taskid_manage value = 1
06-25 14:28:35.083 2641 2917 D UNIPLAYERSDK: WhiteListManager.cpp:161 key = hcdn.i_hcdn_ts_complete_timeout value = -1
06-25 14:28:35.083 2641 2917 D UNIPLAYERSDK: WhiteListManager.cpp:161 key = hcdn.i_hcdn_ts_disconnect_timeout value = -1
06-25 14:28:35.083 2641 2917 D UNIPLAYERSDK: WhiteListManager.cpp:161 key = hcdn.live value = true
06-25 14:28:35.083 2641 2892 V UFUnilog: UFNCurlClientHandleSocket.cpp : 128 {fuc=UFNMultiCurlClientImpl:HandleSocket(),logtag=pingback_op_anyget_23_29,interface_msg=MultiCurlImpl get ok!}
06-25 14:28:35.083 2641 2917 D UNIPLAYERSDK: WhiteListManager.cpp:161 key = hcdn.memory_level value = 0
06-25 14:28:35.083 2641 2917 D UNIPLAYERSDK: WhiteListManager.cpp:161 key = hcdn.multiaudio_audio value = false
06-25 14:28:35.083 2641 2917 D UNIPLAYERSDK: WhiteListManager.cpp:161 key = hcdn.multiaudio_video value = true
06-25 14:28:35.083 2641 2917 D UNIPLAYERSDK: WhiteListManager.cpp:161 key = hcdn.nodrm_watermark value = false
06-25 14:28:35.083 2641 2873 V UFUnilog: UFNMultiCurlClientImpl.cpp : 102 {fuc=UFNMultiCurlClientImpl:Perform(),logtag=pingback_op_anyget_23_29,interface_msg=Out}
06-25 14:28:35.083 2641 2917 D UNIPLAYERSDK: WhiteListManager.cpp:161 key = hcdn.open_hcdn value = true
06-25 14:28:35.083 2641 2917 D UNIPLAYERSDK: WhiteListManager.cpp:161 key = hcdn.preview value = true
06-25 14:28:35.083 2641 2917 D UNIPLAYERSDK: WhiteListManager.cpp:161 key = hcdn.vipuser_close_p2p_upload value = false
06-25 14:28:35.084 2641 2917 D UNIPLAYERSDK: WhiteListManager.cpp:161 key = hdcp_version value = 0
06-25 14:28:35.084 2641 2873 V UFUnilog: api_engine.cpp : 181 {fuc=APIEngine:Call(),logtag=pingback_op_anyget_23_29,interface_msg=Start Try!,try_count=1}
06-25 14:28:35.084 2641 2917 D UNIPLAYERSDK: WhiteListManager.cpp:161 key = host_disable_https value = true
06-25 14:28:35.084 2641 2917 D UNIPLAYERSDK: WhiteListManager.cpp:161 key = ignore_mediacodec_enable_dolby value = false
06-25 14:28:35.084 2641 2873 D UFUnilog: api_strategy_impl.cpp : 155 {fuc=APIStrategyImpl:JudgeStrategyOpporunity(),logtag=pingback_op_anyget_23_29,strategyname=antihijackhttps-strategy,interface_msg=Ignore Domain List,domain=msg.ptqy.gitv.tv}
06-25 14:28:35.084 2641 2917 D UNIPLAYERSDK: WhiteListManager.cpp:161 key = imgpvd_https_whitelist value = *.inter.ptqy.gitv.tv,static.ptqy.gitv.tv,stv.ptqy.gitv.tv,static-s.ptqy.gitv.tv,static-mix.ptqy.gitv.tv
06-25 14:28:35.084 2641 2917 D UNIPLAYERSDK: WhiteListManager.cpp:161 key = immersive_support_window value = true
06-25 14:28:35.084 2641 2917 D UNIPLAYERSDK: WhiteListManager.cpp:161 key = in_definition_abs_config value = false
06-25 14:28:35.084 2641 2917 D UNIPLAYERSDK: WhiteListManager.cpp:161 key = interactive_video value = {"exceptionTvids":[],"enable":true}
06-25 14:28:35.084 2641 2917 D UNIPLAYERSDK: WhiteListManager.cpp:161 key = ipv6_allowed value = false
06-25 14:28:35.084 2641 2873 D UFUnilog: api_pingback_sender.cpp : 33 {fuc=ApiPingbackSender:SendSync(),logtag=pingback_op_anyget_23,interface_msg=send success!}
06-25 14:28:35.084 2641 2917 D UNIPLAYERSDK: WhiteListManager.cpp:161 key = mac_info_condition value = {"brecord":true,"recordtime":3600}
06-25 14:28:35.084 2641 2873 V UFUnilog: api_pingback_sender.cpp : 46 {fuc=ApiPingbackSender:SendSync(),logtag=pingback_op_anyget_23,api_pingback_data=msg=[{"t":"11","pf":"3","p":"31","p1":"312","p2":"3128","hostv":"","mac":"20-02-FE-19-C2-0E","u":"tv_9ebeab0821cc109c90e4626ac3a506cd","deviceid":"tv_9ebeab0821cc109c90e4626ac3a506cd_1750906610804_8810912147","nu":"","v":"2.1107.1.220408","device_type":"20180903095708913MvpgVmPh11974","pu":"","firmver":"SP1A.211105.004","hwver":"DBBOX-A2","hu":"","window_disable":"","chip":"","mod":"cn_s","memory":"1960M","processid":"","re":"1920x1080","os":"31","core":"4","daynight":"","rammode":"","entermode":"","channel":"","network":"","cbv":"2.1107","aver":"v4.1_1767_8b99c7b4","fver":"v4.0.1_656_63af7fd3","rn":"676477094","ct":"170620_network_request","nin":"op_anyget","ngctc":"0","ngtpn":"uniapi","ngt}
06-25 14:28:35.084 2641 2873 V UFUnilog: api_pingback_sender.cpp : 46 {fuc=ApiPingbackSender:SendSync(),logtag=pingback_op_anyget_23,api_pingback_data=pit":"60000","ngmrc":"5","ngct":"10000","ngtt":"15000","ngi":"true","nrqt":"get","nhc":"200","nanc":"0","nmsg":"UFN%20Curl%20Client%20Success%21","nhdr":"Authorization%3A1012441ef13ff000_Mi4xMTA3LjEuMjIwNDA4%20B63BDF64FF37D1495B559AD9148403259FBA6B0F760F83FB851E3904A7B2305440FF315625DDC79BDBAB3C0B1379815E%7C","naurl":"http%3A%2F%2Fstv.ptqy.gitv.tv%2Fstv%2F20240320%2F28515012%2F0%2Flottie_4fc5c825171491f83d8923c43166f02d.zip","neurl":"http%3A%2F%2Fstv.ptqy.gitv.tv%2Fstv%2F20240320%2F28515012%2F0%2Flottie_4fc5c825171491f83d8923c43166f02d.zip","ntc":"1","nipd":"59.36.206.128","nipl":"192.168.3.161","ncncn":"1","ncnct":"89","nnt":"0","npt":"90","nstt":"137","nttt":"137","nrdt":"0","nrdc":"0","nc}
06-25 14:28:35.084 2641 2917 D UNIPLAYERSDK: WhiteListManager.cpp:161 key = max_threadpool_size value = 16
06-25 14:28:35.084 2641 2873 V UFUnilog: api_pingback_sender.cpp : 50 {fuc=ApiPingbackSender:SendSync(),logtag=pingback_op_anyget_23,api_pingback_data=ntt":"application%2Fzip","nhsz":"611","nrsz":"4572","nscc":"0","nsvr":"10000","nsv":"","ncc":"0","ntt":"685","naft":"1","ncft":"673","nuid":"23","ndt":"1","nsn":"httpdns-strategy","ndtd":"1","natd":"1","nctd":"673","nsct":"0","naippd":"NULL%3A0","naipp":"NULL%3A0","namsgd":"","namsg":"","nasil":"","nart":"1750925705625","nrd":"stv.ptqy.gitv.tv","ntp":"http","nri":"","nru":"","nrhc":"","nhcd":"200","nev":"","nipv":"4","nrw":"1","nrh":"","nct":"1","nfoc":"20000","ime":"0","nint":"0","nintd":"0","nba":"1","npa":"1","nsu":"1","nfrdt":"1","npd":"80","npr":"-1"}]}
06-25 14:28:35.096 2641 2943 D TVUNIPLAYER: SDK/DiskCache : key: playersdk/error_code.dem value: {E150=[com.gala.video.player.errorcode.ErrorCodeModel@d4bdb6e], A00097=[com.gala.video.player.errorcode.ErrorCodeModel@751ecc2], A00099=[com.gala.video.player.errorcode.ErrorCodeModel@3a6e610], A00098=[com.gala.video.player.errorcode.ErrorCodeModel@4111ad3], 655360_1,-1010=[com.gala.video.player.errorcode.ErrorCodeModel@447b0cb], E000012=[com.gala.video.player.errorcode.ErrorCodeModel@96a194c], E260=[com.gala.video.player.errorcode.ErrorCodeModel@4fa1300], E261=[com.gala.video.player.errorcode.ErrorCodeModel@2444739], E262=[com.gala.video.player.errorcode.ErrorCodeModel@501ec88], E263=[com.gala.video.player.errorcode.ErrorCodeModel@7ffea46], E264=[com.gala.video.player.errorcode.ErrorCodeModel@97c4407], E265=[com.gala.video.player.errorcode.ErrorCodeModel@b0d4934], E266=[com.gala.video.player.errorcode.ErrorCodeModel@32e335d], E267=[com.gala.video.player.errorcode.ErrorCodeModel@54064d2], E268=[com.gala.video.player.errorcode.ErrorCodeModel@78f19a3], 1=[co
06-25 14:28:35.097 2641 2834 I AbsAdCacheStrategy: [TID 2834] <>addAdCacheStrategy stragety = :InteractAdCacheStrategy9ab1160{mCacheAdType = 0x8mSharedType = 0x8, mMaxCacheMBytes = 4, mMinFreeMBytes = 30, mCachePath = /storage/emulated/0/qcache/data/hd_cache, mCacheMaxNum = -1}
06-25 14:28:35.099 2641 2834 D AdCacheManager-JNI: native_addAdCacheStrategy
06-25 14:28:35.099 2641 2834 D UNIPLAYERSDK: AdCacheManager.cpp:22 AdCacheManager::AdCacheManager()
06-25 14:28:35.099 2641 2834 I UNIPLAYERSDK: AdCacheManager.cpp:36 addAdCacheStrategy, adType:8, maxCount:-1, path:/storage/emulated/0/qcache/data/hd_cache
06-25 14:28:35.099 2641 2834 D UNIPLAYERSDK: AdCacheManager.cpp:128 cacheStrateg, type:8, maxSize:4, minSysSize:30
06-25 14:28:35.100 2641 2834 D TVUNIPLAYER: player/utils/AppPreference : AppPreference --- save --- 【interact_video_cache_path,/storage/emulated/0/qcache/data/hd_cache】
06-25 14:28:35.102 2900 2900 I crashsdk: Catcher mask: 5000, 20480
06-25 14:28:35.103 2900 2900 I crashsdk: Catcher thread 2905
06-25 14:28:35.103 2900 2900 D crashsdk: Register ANR handler ...
06-25 14:28:35.103 2900 2900 D NearFieldManagerImpl: onReceive action get:android.net.conn.CONNECTIVITY_CHANGE
06-25 14:28:35.112 2641 2917 W UNIUTIL : ThreadPoolImpl.cpp:194 ThreadPoolImpl::setLargestPoolSize 16
06-25 14:28:35.112 2641 2917 W UNIUTIL : ThreadPoolImpl.cpp:194 ThreadPoolImpl::setLargestPoolSize 16
06-25 14:28:35.112 2641 2917 I UNIPLAYERSDK: WhiteListManager.cpp:180 WhiteListManager::updateConfig(), setMaxThreadPoolSize: 16
06-25 14:28:35.112 2641 2917 D UNIPLAYERSDK: WhiteListManager.cpp:161 key = mediaplayer_mp4 value = 2
06-25 14:28:35.112 2641 2917 D UNIPLAYERSDK: WhiteListManager.cpp:161 key = mediaplayer_set_volume value = 0
06-25 14:28:35.112 2641 2917 D UNIPLAYERSDK: WhiteListManager.cpp:161 key = min_retry_interval_time value = 15000
06-25 14:28:35.112 2641 2917 D UNIPLAYERSDK: WhiteListManager.cpp:161 key = need_filter_discontinuty value = 0
06-25 14:28:35.112 2641 2917 D UNIPLAYERSDK: WhiteListManager.cpp:161 key = network_config.common_strategy-apm_samplerate value = 100
06-25 14:28:35.112 2641 2917 D UNIPLAYERSDK: WhiteListManager.cpp:161 key = network_config.common_strategy-open_apm_monitor value = true
06-25 14:28:35.112 2641 2917 D UNIPLAYERSDK: WhiteListManager.cpp:161 key = network_config.itv_playCheck-strategy_config value = {"access_dispatch_enabled": true}
06-25 14:28:35.112 2641 2917 D UNIPLAYERSDK: WhiteListManager.cpp:161 key = network_config.multiexit_tracer-check_duration value = 180000
06-25 14:28:35.112 2641 2917 D UNIPLAYERSDK: WhiteListManager.cpp:161 key = network_config.multiexit_tracer-domain_list value = ["cache.video.ptqy.gitv.tv","data.video.ptqy.gitv.tv"]
06-25 14:28:35.112 2641 2917 D UNIPLAYERSDK: WhiteListManager.cpp:161 key = network_config.multiexit_tracer-func_open value = false
06-25 14:28:35.113 2641 2917 D UNIPLAYERSDK: WhiteListManager.cpp:161 key = network_config.ts_download-pingback_config value = {"sample_weight": 10, "force_pingback_failed": true, "batch_count": 1}
06-25 14:28:35.113 2641 2917 D UNIPLAYERSDK: WhiteListManager.cpp:161 key = network_config.vrs_dash-open_strategy_retry value = true
06-25 14:28:35.113 2641 2917 D UNIPLAYERSDK: WhiteListManager.cpp:161 key = network_config.vrs_dash-sdk_dash_domain_allow value = false
06-25 14:28:35.113 2641 2917 D UNIPLAYERSDK: WhiteListManager.cpp:161 key = open_ad_seamless_switch value = false
06-25 14:28:35.113 2641 2917 D UNIPLAYERSDK: WhiteListManager.cpp:161 key = open_plugin_io_balance value = false
06-25 14:28:35.113 2641 2917 D UNIPLAYERSDK: WhiteListManager.cpp:161 key = perf_client_version value = 13.12.0.170603
06-25 14:28:35.113 2641 2917 D UNIPLAYERSDK: WhiteListManager.cpp:161 key = perf_client_version_base64 value = MTMuMTIuMC4xNzA2MDM=
06-25 14:28:35.113 2641 2917 D UNIPLAYERSDK: WhiteListManager.cpp:161 key = perf_cpu_tracker value = {"enable":1,"interval":10000}
06-25 14:28:35.162 2401 2517 E raop : JavaCallback init
06-25 14:28:35.161 2900 2900 D NearFieldUtils: getPreferredIpAddress exec
06-25 14:28:35.162 2900 2900 D NearFieldUtils: getPreferredIpAddress by custom priority
06-25 14:28:35.163 2900 2900 D NearFieldUtils: getIpByInterfaceSetting customIdnNetworkPriority:[]
06-25 14:28:35.163 2900 2900 D NearFieldUtils: getPreferredIpAddress by default priority
