06-25 14:28:33.906 2641 2840 I UNIPLAYERSDK: PlugInfoStore.cpp:256 PlugInfoStore::Default::getDefaultPluginInfo(libbasenetplugin)
06-25 14:28:33.906 2641 2840 I UNIPLAYERSDK: PlugInfoStore.cpp:386 PlugInfoStore::Buildin::getBuildinPluginInfo(libbasenetplugin)
06-25 14:28:33.906 2641 2840 D UNIUTIL : System.cpp:507 loadString:LibPlayerPuma_plugin_dir_new
06-25 14:28:33.907 2641 2840 I UNIPLAYERSDK: PlugInfoStore.cpp:776 PlugInfoStore::getPluginModules(LibPlayerPuma)
06-25 14:28:33.907 2641 2840 D UNIPLAYERSDK: PluginUtils.cpp:199 PluginUtils::isPluginModuleExisted, libPath= /data/user/0/com.tv.kuaisou/files/LibPlayerPuma/4.8.1702.6907
06-25 14:28:33.908 2641 2840 D UNIPLAYERSDK: PluginUtils.cpp:215 PluginHelper::checkModulesCompelete : 1
06-25 14:28:33.908 2641 2840 I UNIPLAYERSDK: PlugInfoStore.cpp:793 PlugInfoStore::readDatabase(LibPlayerPuma)
06-25 14:28:33.908 2641 2840 D UNIUTIL : System.cpp:507 loadString:LibPlayerPuma_plugin_version
06-25 14:28:33.908 2641 2840 D UNIUTIL : System.cpp:507 loadString:LibPlayerPuma_plugin_dir_new
06-25 14:28:33.908 2641 2840 D UNIUTIL : System.cpp:507 loadString:LibPlayerPuma_plugin_path_new
06-25 14:28:33.908 2641 2840 D UNIUTIL : System.cpp:507 loadString:LibPlayerPuma_plugin_type
06-25 14:28:33.909 2641 2840 D UNIUTIL : System.cpp:507 loadString:LibPlayerPuma_host_v_min
06-25 14:28:33.909 2641 2840 D UNIUTIL : System.cpp:507 loadString:LibPlayerPuma_host_v_max
06-25 14:28:33.909 2641 2840 D UNIUTIL : System.cpp:507 loadString:LibPlayerPuma_plugin_url
06-25 14:28:33.909 2641 2840 I UNIPLAYERSDK: PlugInfoStore.cpp:256 PlugInfoStore::Default::getDefaultPluginInfo(LibPlayerPuma)
06-25 14:28:33.909 2641 2840 I UNIPLAYERSDK: PlugInfoStore.cpp:386 PlugInfoStore::Buildin::getBuildinPluginInfo(LibPlayerPuma)
06-25 14:28:33.909 2641 2840 D UNIUTIL : System.cpp:507 loadString:libuniplayerdata_plugin_dir_new
06-25 14:28:33.909 2641 2840 I UNIPLAYERSDK: PlugInfoStore.cpp:776 PlugInfoStore::getPluginModules(libuniplayerdata)
06-25 14:28:33.909 2641 2840 D UNIPLAYERSDK: PluginUtils.cpp:199 PluginUtils::isPluginModuleExisted, libPath= /data/user/0/com.tv.kuaisou/files/libuniplayerdata/2.1107.0.2821
06-25 14:28:33.910 2641 2840 D UNIPLAYERSDK: PluginUtils.cpp:215 PluginHelper::checkModulesCompelete : 1
06-25 14:28:33.910 2641 2840 I UNIPLAYERSDK: PlugInfoStore.cpp:793 PlugInfoStore::readDatabase(libuniplayerdata)
06-25 14:28:33.910 2641 2840 D UNIUTIL : System.cpp:507 loadString:libuniplayerdata_plugin_version
06-25 14:28:33.910 2641 2840 D UNIUTIL : System.cpp:507 loadString:libuniplayerdata_plugin_dir_new
06-25 14:28:33.911 2641 2840 D UNIUTIL : System.cpp:507 loadString:libuniplayerdata_plugin_path_new
06-25 14:28:33.911 2641 2840 D UNIUTIL : System.cpp:507 loadString:libuniplayerdata_plugin_type
06-25 14:28:33.911 2641 2840 D UNIUTIL : System.cpp:507 loadString:libuniplayerdata_host_v_min
06-25 14:28:33.911 2641 2840 D UNIUTIL : System.cpp:507 loadString:libuniplayerdata_host_v_max
06-25 14:28:33.911 2641 2840 D UNIUTIL : System.cpp:507 loadString:libuniplayerdata_plugin_url
06-25 14:28:33.911 2641 2840 I UNIPLAYERSDK: PlugInfoStore.cpp:256 PlugInfoStore::Default::getDefaultPluginInfo(libuniplayerdata)
06-25 14:28:33.911 2641 2840 I UNIPLAYERSDK: PlugInfoStore.cpp:386 PlugInfoStore::Buildin::getBuildinPluginInfo(libuniplayerdata)
06-25 14:28:33.912 2641 2840 D UNIUTIL : System.cpp:507 loadString:libWasabiJni_plugin_dir_new
06-25 14:28:33.912 2641 2840 I UNIPLAYERSDK: PlugInfoStore.cpp:776 PlugInfoStore::getPluginModules(libWasabiJni)
06-25 14:28:33.912 2641 2840 D UNIPLAYERSDK: PluginUtils.cpp:199 PluginUtils::isPluginModuleExisted, libPath= /data/user/0/com.tv.kuaisou/files/libWasabiJni/1.1006.1234.0
06-25 14:28:33.912 2641 2840 D UNIPLAYERSDK: PluginUtils.cpp:215 PluginHelper::checkModulesCompelete : 1
06-25 14:28:33.912 2641 2840 I UNIPLAYERSDK: PlugInfoStore.cpp:793 PlugInfoStore::readDatabase(libWasabiJni)
06-25 14:28:33.912 2641 2840 D UNIUTIL : System.cpp:507 loadString:libWasabiJni_plugin_version
06-25 14:28:33.913 2641 2840 D UNIUTIL : System.cpp:507 loadString:libWasabiJni_plugin_dir_new
06-25 14:28:33.913 2641 2840 D UNIUTIL : System.cpp:507 loadString:libWasabiJni_plugin_path_new
06-25 14:28:33.915 2641 2840 D UNIUTIL : System.cpp:507 loadString:libWasabiJni_plugin_type
06-25 14:28:33.915 2641 2840 D UNIUTIL : System.cpp:507 loadString:libWasabiJni_host_v_min
06-25 14:28:33.916 2641 2840 D UNIUTIL : System.cpp:507 loadString:libWasabiJni_host_v_max
06-25 14:28:33.916 2641 2840 D UNIUTIL : System.cpp:507 loadString:libWasabiJni_plugin_url
06-25 14:28:33.917 2641 2858 I UFUnilog: UFNCurlClientImpl.cpp : 1199 {fuc=UFNCurlClientImpl:PerformEnd(),logtag=netDocttor_for_pingback,ufn_curl_client_code=0,http_code=200,code_msg=UFN Curl Client Success!}
06-25 14:28:33.917 2641 2840 I UNIPLAYERSDK: PlugInfoStore.cpp:256 PlugInfoStore::Default::getDefaultPluginInfo(libWasabiJni)
06-25 14:28:33.917 2641 2840 I UNIPLAYERSDK: PlugInfoStore.cpp:386 PlugInfoStore::Buildin::getBuildinPluginInfo(libWasabiJni)
06-25 14:28:33.917 2641 2840 D UNIUTIL : System.cpp:507 loadString:libHyperPlayerplugin_plugin_dir_new
06-25 14:28:33.917 2641 2858 I UFUnilog: nd_dnslab.cpp : 81 {fuc=NDDnsLab:DnsInfo(),logtag=netDocttor_for_pingback,curl_errorcode=0,curl_errormsg=UFN Curl Client Success!,result={
06-25 14:28:33.917 2641 2858 I UFUnilog: "dnslab": {
06-25 14:28:33.917 2641 2858 I UFUnilog: "errorcode": 0,
06-25 14:28:33.917 2641 2858 I UFUnilog: "errormsg": "UFN Curl Client Success!",
06-25 14:28:33.917 2641 2858 I UFUnilog: "version": "2025-06-12 v0.0.15",
06-25 14:28:33.917 2641 2858 I UFUnilog: "id": "a23575aa-2bd819fdc8fb-0a0a8250-xxxxxxxxxxxxxxxxxxxxxxxxxxxxxxxx",
06-25 14:28:33.917 2641 2858 I UFUnilog: "UEIP": "113.87.81.96",
06-25 14:28:33.917 2641 2858 I UFUnilog: "UE_AREA": "CT|GuangDong_ShenZhen",
06-25 14:28:33.917 2641 2858 I UFUnilog: "LDNSIP": "219.128.132.90",
06-25 14:28:33.917 2641 2858 I UFUnilog: "LDNS_AREA": "CT|GuangDong",
06-25 14:28:33.917 2641 2858 I UFUnilog: "checkurl": "http://api.afdback.ptqy.gitv.tv/dom?bsid=unifiedx",
06-25 14:28:33.917 2641 2858 I UFUnilog: "dns-url": "http://a23575aa-2bd819fdc8fb-0a0a8250-xxxxxxxxxxxxxxxxxxxxxxxxxxxxxxxx.afdback.ptqy.gitv.tv/dom.jpg",
06-25 14:28:33.917 2641 2858 I UFUnilog: "result-url": "http://api.afdback.ptqy.gitv.tv/get?bsid=unifiedx&rid=a23575aa-2bd819fdc8fb-0a0a8250-xxxxxxxxxxxxxxxxxxxxxxxxxxxxxxxx",
06-25 14:28:33.917 2641 2858 I UFUnilog: "customfield": "netDocttor_for_pingback"
06-25 14:28:33.917 2641 2858 I UFUnilog: }
06-25 14:28:33.917 2641 2858 I UFUnilog: }}
06-25 14:28:33.918 2641 2840 I UNIPLAYERSDK: PlugInfoStore.cpp:776 PlugInfoStore::getPluginModules(libHyperPlayerplugin)
06-25 14:28:33.918 2641 2840 D UNIPLAYERSDK: PluginUtils.cpp:199 PluginUtils::isPluginModuleExisted, libPath= /data/user/0/com.tv.kuaisou/files/libHyperPlayerplugin/4.8.1702.9097
06-25 14:28:33.918 2641 2840 D UNIPLAYERSDK: PluginUtils.cpp:215 PluginHelper::checkModulesCompelete : 1
06-25 14:28:33.918 2641 2840 I UNIPLAYERSDK: PlugInfoStore.cpp:793 PlugInfoStore::readDatabase(libHyperPlayerplugin)
06-25 14:28:33.918 2641 2840 D UNIUTIL : System.cpp:507 loadString:libHyperPlayerplugin_plugin_version
06-25 14:28:33.918 2641 2840 D UNIUTIL : System.cpp:507 loadString:libHyperPlayerplugin_plugin_dir_new
06-25 14:28:33.919 2641 2840 D UNIUTIL : System.cpp:507 loadString:libHyperPlayerplugin_plugin_path_new
06-25 14:28:33.919 2641 2840 D UNIUTIL : System.cpp:507 loadString:libHyperPlayerplugin_plugin_type
06-25 14:28:33.919 2641 2840 D UNIUTIL : System.cpp:507 loadString:libHyperPlayerplugin_host_v_min
06-25 14:28:33.919 2641 2840 D UNIUTIL : System.cpp:507 loadString:libHyperPlayerplugin_host_v_max
06-25 14:28:33.919 2641 2840 D UNIUTIL : System.cpp:507 loadString:libHyperPlayerplugin_plugin_url
06-25 14:28:33.920 2641 2840 I UNIPLAYERSDK: PlugInfoStore.cpp:577 PlugInfoStore::Candidate::loadCandidateInfo(libHyperPlayerplugin),isExist = 1, dir = /data/user/0/com.tv.kuaisou/files/libHyperPlayerplugin/4.8.1702.9097
06-25 14:28:33.920 2641 2840 D UNIUTIL : System.cpp:507 loadString:libbasenetplugin_plugin_dir_new
06-25 14:28:33.920 2641 2840 I UNIPLAYERSDK: PlugInfoStore.cpp:776 PlugInfoStore::getPluginModules(libbasenetplugin)
06-25 14:28:33.920 2641 2840 D UNIPLAYERSDK: PluginUtils.cpp:199 PluginUtils::isPluginModuleExisted, libPath= /data/user/0/com.tv.kuaisou/files/libbasenetplugin/1.1107.0.16
06-25 14:28:33.920 2641 2840 D UNIPLAYERSDK: PluginUtils.cpp:215 PluginHelper::checkModulesCompelete : 1
06-25 14:28:33.920 2641 2840 I UNIPLAYERSDK: PlugInfoStore.cpp:793 PlugInfoStore::readDatabase(libbasenetplugin)
06-25 14:28:33.920 2641 2840 D UNIUTIL : System.cpp:507 loadString:libbasenetplugin_plugin_version
06-25 14:28:33.920 2641 2840 D UNIUTIL : System.cpp:507 loadString:libbasenetplugin_plugin_dir_new
06-25 14:28:33.921 2641 2840 D UNIUTIL : System.cpp:507 loadString:libbasenetplugin_plugin_path_new
06-25 14:28:33.921 2641 2840 D UNIUTIL : System.cpp:507 loadString:libbasenetplugin_plugin_type
06-25 14:28:33.921 2641 2840 D UNIUTIL : System.cpp:507 loadString:libbasenetplugin_host_v_min
06-25 14:28:33.921 2641 2840 D UNIUTIL : System.cpp:507 loadString:libbasenetplugin_host_v_max
06-25 14:28:33.921 2641 2893 I UFUnilog: UFNCurlClientImpl.cpp : 937 {fuc=UFNCurlClientImpl:PerformInit(),logtag=nd-pingback,request_type=1,verifyssl=0,allow_redirect=1,max_redirect_number=5,connect_time_out=10000ms,transfer_time_out=20000ms,user_agent=Unified-X(arm-unknown-linux-androideabi);libcurl/7.73.0.6;BoringSSL;zlib/1.2.11;Universal_Foundation/v4.0.1_656_63af7fd3;Universal_Nd/v4.0.1_434_999e551c,ipv6_allowed=0}
06-25 14:28:33.921 2641 2840 D UNIUTIL : System.cpp:507 loadString:libbasenetplugin_plugin_url
06-25 14:28:33.922 2641 2840 I UNIPLAYERSDK: PlugInfoStore.cpp:577 PlugInfoStore::Candidate::loadCandidateInfo(libbasenetplugin),isExist = 1, dir = /data/user/0/com.tv.kuaisou/files/libbasenetplugin/1.1107.0.16
06-25 14:28:33.922 2641 2840 D UNIUTIL : System.cpp:507 loadString:LibPlayerPuma_plugin_dir_new
06-25 14:28:33.922 2641 2840 I UNIPLAYERSDK: PlugInfoStore.cpp:776 PlugInfoStore::getPluginModules(LibPlayerPuma)
06-25 14:28:33.922 2641 2840 D UNIPLAYERSDK: PluginUtils.cpp:199 PluginUtils::isPluginModuleExisted, libPath= /data/user/0/com.tv.kuaisou/files/LibPlayerPuma/4.8.1702.6907
06-25 14:28:33.922 2641 2840 D UNIPLAYERSDK: PluginUtils.cpp:215 PluginHelper::checkModulesCompelete : 1
06-25 14:28:33.922 2641 2840 I UNIPLAYERSDK: PlugInfoStore.cpp:793 PlugInfoStore::readDatabase(LibPlayerPuma)
06-25 14:28:33.922 2641 2840 D UNIUTIL : System.cpp:507 loadString:LibPlayerPuma_plugin_version
06-25 14:28:33.923 2641 2840 D UNIUTIL : System.cpp:507 loadString:LibPlayerPuma_plugin_dir_new
06-25 14:28:33.923 2641 2840 D UNIUTIL : System.cpp:507 loadString:LibPlayerPuma_plugin_path_new
06-25 14:28:33.923 2641 2840 D UNIUTIL : System.cpp:507 loadString:LibPlayerPuma_plugin_type
06-25 14:28:33.923 2641 2840 D UNIUTIL : System.cpp:507 loadString:LibPlayerPuma_host_v_min
06-25 14:28:33.923 2641 2840 D UNIUTIL : System.cpp:507 loadString:LibPlayerPuma_host_v_max
06-25 14:28:33.924 2641 2840 D UNIUTIL : System.cpp:507 loadString:LibPlayerPuma_plugin_url
06-25 14:28:33.924 2641 2840 I UNIPLAYERSDK: PlugInfoStore.cpp:577 PlugInfoStore::Candidate::loadCandidateInfo(LibPlayerPuma),isExist = 1, dir = /data/user/0/com.tv.kuaisou/files/LibPlayerPuma/4.8.1702.6907
06-25 14:28:33.924 2641 2840 D UNIUTIL : System.cpp:507 loadString:libuniplayerdata_plugin_dir_new
06-25 14:28:33.924 2641 2840 I UNIPLAYERSDK: PlugInfoStore.cpp:776 PlugInfoStore::getPluginModules(libuniplayerdata)
06-25 14:28:33.924 2641 2840 D UNIPLAYERSDK: PluginUtils.cpp:199 PluginUtils::isPluginModuleExisted, libPath= /data/user/0/com.tv.kuaisou/files/libuniplayerdata/2.1107.0.2821
06-25 14:28:33.924 2641 2840 D UNIPLAYERSDK: PluginUtils.cpp:215 PluginHelper::checkModulesCompelete : 1
06-25 14:28:33.924 2641 2840 I UNIPLAYERSDK: PlugInfoStore.cpp:793 PlugInfoStore::readDatabase(libuniplayerdata)
06-25 14:28:33.924 2641 2840 D UNIUTIL : System.cpp:507 loadString:libuniplayerdata_plugin_version
06-25 14:28:33.924 2641 2840 D UNIUTIL : System.cpp:507 loadString:libuniplayerdata_plugin_dir_new
06-25 14:28:33.925 2641 2840 D UNIUTIL : System.cpp:507 loadString:libuniplayerdata_plugin_path_new
06-25 14:28:33.925 2641 2840 D UNIUTIL : System.cpp:507 loadString:libuniplayerdata_plugin_type
06-25 14:28:33.925 2641 2840 D UNIUTIL : System.cpp:507 loadString:libuniplayerdata_host_v_min
06-25 14:28:33.925 2641 2840 D UNIUTIL : System.cpp:507 loadString:libuniplayerdata_host_v_max
06-25 14:28:33.926 2641 2840 D UNIUTIL : System.cpp:507 loadString:libuniplayerdata_plugin_url
06-25 14:28:33.926 2641 2840 I UNIPLAYERSDK: PlugInfoStore.cpp:577 PlugInfoStore::Candidate::loadCandidateInfo(libuniplayerdata),isExist = 1, dir = /data/user/0/com.tv.kuaisou/files/libuniplayerdata/2.1107.0.2821
06-25 14:28:33.926 2641 2840 D UNIUTIL : System.cpp:507 loadString:libWasabiJni_plugin_dir_new
06-25 14:28:33.926 2641 2840 I UNIPLAYERSDK: PlugInfoStore.cpp:776 PlugInfoStore::getPluginModules(libWasabiJni)
06-25 14:28:33.926 2641 2840 D UNIPLAYERSDK: PluginUtils.cpp:199 PluginUtils::isPluginModuleExisted, libPath= /data/user/0/com.tv.kuaisou/files/libWasabiJni/1.1006.1234.0
06-25 14:28:33.926 2641 2840 D UNIPLAYERSDK: PluginUtils.cpp:215 PluginHelper::checkModulesCompelete : 1
06-25 14:28:33.926 2641 2840 I UNIPLAYERSDK: PlugInfoStore.cpp:793 PlugInfoStore::readDatabase(libWasabiJni)
06-25 14:28:33.926 2641 2840 D UNIUTIL : System.cpp:507 loadString:libWasabiJni_plugin_version
06-25 14:28:33.927 2641 2840 D UNIUTIL : System.cpp:507 loadString:libWasabiJni_plugin_dir_new
06-25 14:28:33.927 2641 2840 D UNIUTIL : System.cpp:507 loadString:libWasabiJni_plugin_path_new
06-25 14:28:33.927 2641 2840 D UNIUTIL : System.cpp:507 loadString:libWasabiJni_plugin_type
06-25 14:28:33.927 2641 2840 D UNIUTIL : System.cpp:507 loadString:libWasabiJni_host_v_min
06-25 14:28:33.927 2641 2840 D UNIUTIL : System.cpp:507 loadString:libWasabiJni_host_v_max
06-25 14:28:33.928 2641 2840 D UNIUTIL : System.cpp:507 loadString:libWasabiJni_plugin_url
06-25 14:28:33.928 2641 2840 I UNIPLAYERSDK: PlugInfoStore.cpp:577 PlugInfoStore::Candidate::loadCandidateInfo(libWasabiJni),isExist = 1, dir = /data/user/0/com.tv.kuaisou/files/libWasabiJni/1.1006.1234.0
06-25 14:28:33.928 2641 2840 I UNIPLAYERSDK: PlugInfoStore.cpp:694 PlugInfoStore::Delete::deleteOldPlugin()
06-25 14:28:33.928 2641 2840 D UNIUTIL : System.cpp:507 loadString:libHyperPlayerplugin_plugin_dir
06-25 14:28:33.928 2641 2840 D UNIUTIL : System.cpp:507 loadString:libbasenetplugin_plugin_dir
06-25 14:28:33.928 2641 2840 D UNIUTIL : System.cpp:507 loadString:LibPlayerPuma_plugin_dir
06-25 14:28:33.928 2641 2840 D UNIUTIL : System.cpp:507 loadString:libuniplayerdata_plugin_dir
06-25 14:28:33.929 2641 2840 D UNIUTIL : System.cpp:507 loadString:libWasabiJni_plugin_dir
06-25 14:28:33.929 2641 2840 D UNIPLAYERSDK: AccessToken.cpp:28 AccessToken[0xf1e3aa60]::isAllowedAccess(), now=1750832913929, mAccessCount=0, mAccessTime=0, kMaxCount=3, kInterval=30000, mSyncState=0
06-25 14:28:33.929 2641 2840 D UNIPLAYERSDK: AccessToken.cpp:41 AccessToken[0xf1e3aa60]::isAllowedAccess(), return 1
06-25 14:28:33.929 2641 2840 D UNIPLAYERSDK: AccessToken.cpp:17 >> AccessToken::increaseAccessCount()
06-25 14:28:33.929 2641 2840 D UNIPLAYERSDK: AccessToken.cpp:21 AccessToken[0xf1e3aa60]::increaseAccessCount(), mAccessCount=1
06-25 14:28:33.929 2641 2840 I UNIPLAYERSDK: PluginManager.cpp:390 PluginManager::fetchRmotePluginInfo() , isEnableBatchPluginInfo=1
06-25 14:28:33.929 2641 2840 I UNIPLAYERSDK: PlugInfoStore.cpp:448 PlugInfoStore::Local::getVersion(libHyperPlayerplugin) 0.0.0.0
06-25 14:28:33.929 2641 2840 I UNIPLAYERSDK: PluginManager.cpp:398 PluginManager::fetchRemotePluginInfo() , plugin name =libHyperPlayerplugin, version = 0.0.0.0
06-25 14:28:33.929 2641 2840 I UNIPLAYERSDK: PlugInfoStore.cpp:448 PlugInfoStore::Local::getVersion(libbasenetplugin) 0.0.0.0
06-25 14:28:33.929 2641 2840 I UNIPLAYERSDK: PluginManager.cpp:398 PluginManager::fetchRemotePluginInfo() , plugin name =libbasenetplugin, version = 0.0.0.0
06-25 14:28:33.929 2641 2840 I UNIPLAYERSDK: PlugInfoStore.cpp:448 PlugInfoStore::Local::getVersion(LibPlayerPuma) 0.0.0.0
06-25 14:28:33.929 2641 2840 I UNIPLAYERSDK: PluginManager.cpp:398 PluginManager::fetchRemotePluginInfo() , plugin name =LibPlayerPuma, version = 0.0.0.0
06-25 14:28:33.929 2641 2840 I UNIPLAYERSDK: PlugInfoStore.cpp:448 PlugInfoStore::Local::getVersion(libuniplayerdata) 0.0.0.0
06-25 14:28:33.929 2641 2840 I UNIPLAYERSDK: PluginManager.cpp:398 PluginManager::fetchRemotePluginInfo() , plugin name =libuniplayerdata, version = 0.0.0.0
06-25 14:28:33.929 2641 2840 I UNIPLAYERSDK: PlugInfoStore.cpp:448 PlugInfoStore::Local::getVersion(libWasabiJni) 0.0.0.0
06-25 14:28:33.930 2641 2840 I UNIPLAYERSDK: PluginManager.cpp:398 PluginManager::fetchRemotePluginInfo() , plugin name =libWasabiJni, version = 0.0.0.0
06-25 14:28:33.930 2641 2840 D UNIPLAYERSDK: ITVFetchPluginUpgradeTask.cpp:22 ITVFetchPluginUpgradeTask::fetchITVPluginInfo(), mPluginIds.size=5.
06-25 14:28:33.930 2641 2840 V UFUnilog: api_group_impl.cpp : 380 {fuc=APIGroupImpl:callSync(),name=itv_pluginUpgrade,params=0xc1aaad5c,result=0xf5eec970}
06-25 14:28:33.930 2641 2840 W UNIUTIL : System.cpp:148 GetModel
06-25 14:28:33.930 2641 2840 D UNIUTIL : HardwareAndOsInfoUtilsImpl.cpp:666 total memory size:2007268, kB
06-25 14:28:33.931 2641 2840 D UNIPLAYERSDK: Tv2Utils.cpp:99 generateRequestId, url=https://ota.ptqy.gitv.tv/api/pluginupgrade?opVer=12&chip=1&platformModel=DBBOX-A2&productModel=TVSDK&sdkVer=31&mem=1960&pluginKeys=LibPlayerPuma%3A0.0.0.0%2ClibHyperPlayerplugin%3A0.0.0.0%2ClibWasabiJni%3A0.0.0.0%2Clibbasenetplugin%3A0.0.0.0%2Clibuniplayerdata%3A0.0.0.0&apkVer=1.1107.2.04472&singleBatch=true
06-25 14:28:33.931 2641 2840 D UFUnilog: api_group_impl.cpp : 1033 {fuc=APIGroupImpl:BuildRequest(),logtag=itv_pluginUpgrade_12,request_type=0,client_type=1}
06-25 14:28:33.931 2641 2840 V UFUnilog: api_engine.cpp : 181 {fuc=APIEngine:Call(),logtag=itv_pluginUpgrade_12,interface_msg=Start Try!,try_count=0}
06-25 14:28:33.931 2641 2840 D UFUnilog: api_strategy_impl.cpp : 890 {fuc=APIStrategyImpl:PickConfig(),logtag=itv_pluginUpgrade_12,strategyname=httpdns-strategy,interface_msg=pick prior custom dns strategy}
06-25 14:28:33.931 2641 2840 I UFUnilog: api_strategy_impl.cpp : 205 {fuc=APIStrategyImpl:JudgeStrategyOpporunity(),logtag=itv_pluginUpgrade_12,strategyname=httpdns-strategy,interface_msg=Use strategy because force strategy invoke when first effective try number request}
06-25 14:28:33.931 2641 2840 V UFUnilog: api_strategy_impl.cpp : 378 {fuc=APIStrategyImpl:CreateStrategyResult(),logtag=itv_pluginUpgrade_12,strategyname=httpdns-strategy,current_try_count=0,interface_msg=try to get ip list from dns_type = 1}
06-25 14:28:33.931 2641 2840 D UFUnilog: api_httpdns_query.cpp : 90 {fuc=APIHttpDnsQuery:GetIpListByDomainName(),interface_msg=try to get ip list by domain name ota.ptqy.gitv.tv}
06-25 14:28:33.932 2641 2840 D UFUnilog: api_httpdns_query.cpp : 113 {fuc=APIHttpDnsQuery:GetIpListByDomainName(),interface_msg=Get ip list success!,domain=ota.ptqy.gitv.tv}
06-25 14:28:33.932 2641 2840 I UFUnilog: api_strategy_impl.cpp : 414 {fuc=APIStrategyImpl:CreateStrategyResult(),logtag=itv_pluginUpgrade_12,strategyname=httpdns-strategy,find_ip=116.211.189.170,domain=ota.ptqy.gitv.tv,dns=1 ,http_port :-1,https_port:-1}
06-25 14:28:33.932 2641 2840 V UFUnilog: api_strategy_impl.cpp : 485 {fuc=APIStrategyImpl:CreateStrategyResult(),logtag=itv_pluginUpgrade_12,strategyname=httpdns-strategy,interface_msg=complete build strategy result,suggest_url_params=,suggest_protocol=}
06-25 14:28:33.932 2641 2840 I UFUnilog: api_engine.cpp : 241 {fuc=APIEngine:Call(),logtag=itv_pluginUpgrade_12,current_try_count=1,default_max_try_count=5}
06-25 14:28:33.932 2641 2840 V UFUnilog: UFNMultiCurlClientImpl.cpp : 24 {fuc=UFNMultiCurlClientImpl:Perform(),logtag=itv_pluginUpgrade_12,interface_msg=In}
06-25 14:28:33.932 2641 2840 I UFUnilog: UFNCurlClientImpl.cpp : 679 {fuc=UFNCurlClientImpl:PerformInit(),logtag=itv_pluginUpgrade_12,url=https://ota.ptqy.gitv.tv/api/pluginupgrade?opVer=12&chip=1&platformModel=DBBOX-A2&productModel=TVSDK&sdkVer=31&mem=1960&pluginKeys=LibPlayerPuma%3A0.0.0.0%2ClibHyperPlayerplugin%3A0.0.0.0%2ClibWasabiJni%3A0.0.0.0%2Clibbasenetplugin%3A0.0.0.0%2Clibuniplayerdata%3A0.0.0.0&apkVer=1.1107.2.04472&singleBatch=true}
06-25 14:28:33.932 2641 2840 I UFUnilog: UFNCurlClientImpl.cpp : 782 {fuc=UFNCurlClientImpl:PerformInit(),logtag=itv_pluginUpgrade_12,interface_msg=connect to aim ip!,domain=ota.ptqy.gitv.tv,ip=116.211.189.170,port=-1:}
06-25 14:28:33.932 2641 2840 I UFUnilog: UFNCurlClientImpl.cpp : 827 {fuc=UFNCurlClientImpl:PerformInit(),logtag=itv_pluginUpgrade_12,header=Authorization:1012441ef13ff000_Mi4xMTA3LjEuMjIwNDA4 B63BDF64FF37D1495B559AD9148403259FBA6B0F760F83FB851E3904A7B2305440FF315625DDC79BDBAB3C0B1379815E
06-25 14:28:33.932 2641 2840 I UFUnilog: Content-Type:application/json; charset=utf-8
06-25 14:28:33.932 2641 2840 I UFUnilog: Request-Id:MTc1MDgzMjkxMzkzMTIwOjAyOmZlOjE5OmMyOjBlNjkzMzA0MzQxNzQzMjEwZjEyNTk4YjM1Njg0ZDdjMTMyYTMwZTU0MDk1
06-25 14:28:33.932 2641 2840 I UFUnilog: qyid:tv_9ebeab0821cc109c90e4626ac3a506cd_1750906610804_8810912147
06-25 14:28:33.932 2641 2840 I UFUnilog: }
06-25 14:28:33.932 2641 2840 I UFUnilog: UFNCurlClientImpl.cpp : 937 {fuc=UFNCurlClientImpl:PerformInit(),logtag=itv_pluginUpgrade_12,request_type=0,verifyssl=1,allow_redirect=0,max_redirect_number=0,connect_time_out=10000ms,transfer_time_out=15000ms,user_agent=Unified-X(arm-unknown-linux-androideabi);libcurl/7.73.0.6;BoringSSL;zlib/1.2.11;Universal_Foundation/v4.0.1_656_63af7fd3;Universal_Api/v4.1_1767_8b99c7b4(14025032401000000000),ipv6_allowed=0}
06-25 14:28:33.932 2641 2840 V UFUnilog: UFNCurlClientHandleSocketPool.cpp : 46 {fuc=UFNMultiCurlClientHandleSocket:AddEasyHandle(),logtag=itv_pluginUpgrade_12,interface_msg=add easyCurl to MultiCurl!}
06-25 14:28:33.936 2641 2889 V UFUnilog: UFNCurlClientHandleSocket.cpp : 128 {fuc=UFNMultiCurlClientImpl:HandleSocket(),logtag=getisp_11,interface_msg=MultiCurlImpl get ok!}
06-25 14:28:33.937 2641 2890 I UFUnilog: UFNCurlClientImpl.cpp : 1199 {fuc=UFNCurlClientImpl:PerformEnd(),logtag=getisp_11,ufn_curl_client_code=0,http_code=200,code_msg=UFN Curl Client Success!}
06-25 14:28:33.937 2641 2890 I UFUnilog: UFNCurlClientImpl.cpp : 1322 {fuc=UFNCurlClientImpl:PerformEnd(),logtag=getisp_11,local_ip=192.168.3.161,server_ip=59.39.2.6,protocol_version=4,name_lookup_time=0ms,connect_time_out=13ms,ssl_connect_time=0ms,pre_transfer_time=14ms,start_transfer_time=32ms,redirect_time=0ms,response_time=32ms,curlclienttime=33ms,redirect_count=0,client_type=1,port=80}
06-25 14:28:33.937 2641 2890 I UFUnilog: UFNCurlClientImpl.cpp : 1325 {fuc=UFNCurlClientImpl:PerformEnd(),logtag=getisp_11,content_type=application/json,recv_header_size=219,response_size=201}
06-25 14:28:33.937 2641 2890 I UFUnilog: UFNCurlClientImpl.cpp : 1344 {fuc=UFNCurlClientImpl:PerformEnd(),logtag=getisp_11,verbose=Connecting to hostname: 59.39.2.6; Trying 59.39.2.6:80...;Connected to 59.39.2.6 (59.39.2.6) port 80 (#1);Mark bundle as not supporting multiuse;Connection #1 to host 59.39.2.6 left intact;}
06-25 14:28:33.937 2641 2890 I UFUnilog: UFNCurlClientImpl.cpp : 1352 {fuc=UFNCurlClientImpl:PerformEnd(),logtag=getisp_11,recv_data={"t":"CT|GuangDong_ShenZhen-113.87.81.96","mrc":"0","time":"1750925705","v":"2025-06-23 v25.25.1","l":"http://bscloudcdnct.inter.ptqy.gitv.tv/v.f4v?uuid=71575160-685d0189-2ac&cphc=arta","z":"bscdn_ct"}}
06-25 14:28:33.937 2641 2890 V UFUnilog: UFNMultiCurlClientImpl.cpp : 102 {fuc=UFNMultiCurlClientImpl:Perform(),logtag=getisp_11,interface_msg=Out}
06-25 14:28:33.937 2641 2890 V UFUnilog: api_engine.cpp : 181 {fuc=APIEngine:Call(),logtag=getisp_11,interface_msg=Start Try!,try_count=1}
06-25 14:28:33.937 2641 2890 D UFUnilog: api_strategy_impl.cpp : 890 {fuc=APIStrategyImpl:PickConfig(),logtag=getisp_11,strategyname=antihijackhttps-strategy,interface_msg=pick prior custom dns strategy}
06-25 14:28:33.937 2641 2890 D UFUnilog: api_strategy_impl.cpp : 155 {fuc=APIStrategyImpl:JudgeStrategyOpporunity(),logtag=getisp_11,strategyname=antihijackhttps-strategy,interface_msg=Ignore Domain List,domain=data.video.ptqy.gitv.tv}
06-25 14:28:33.937 2641 2890 I UFUnilog: api_engine.cpp : 381 {fuc=APIEngine:Call(),logtag=getisp_11,try_count=1,curl_detail_code=0,curl_detail_time=33ms,curl_handle_detail_time=32ms,server_ip_detail=59.39.2.6,dns_detail_type=1,http_detail_code=200,ip_detail_net_type=0,total_time=35ms,apicode=0}
06-25 14:28:33.938 2641 2890 D UFUnilog: api_clouddns_query.cpp : 355 {fuc=APICloudDnsQuery:UpdateIspSync(),isp=CT}
06-25 14:28:33.938 2641 2890 V UFUnilog: api_engine.cpp : 181 {fuc=APIEngine:Call(),logtag=clouddns_13,interface_msg=Start Try!,try_count=0}
06-25 14:28:33.938 2641 2890 D UFUnilog: api_strategy_impl.cpp : 890 {fuc=APIStrategyImpl:PickConfig(),logtag=clouddns_13,strategyname=antihijackhttps-strategy,interface_msg=pick prior custom dns strategy}
06-25 14:28:33.938 2641 2890 D UFUnilog: api_strategy_impl.cpp : 155 {fuc=APIStrategyImpl:JudgeStrategyOpporunity(),logtag=clouddns_13,strategyname=antihijackhttps-strategy,interface_msg=Ignore Domain List,domain=puma-api.ptqy.gitv.tv}
06-25 14:28:33.938 2641 2890 I UFUnilog: api_strategy_impl.cpp : 205 {fuc=APIStrategyImpl:JudgeStrategyOpporunity(),logtag=clouddns_13,strategyname=antihijackhttps-strategy,interface_msg=Use strategy because force strategy invoke when first effective try number request}
06-25 14:28:33.938 2641 2890 V UFUnilog: api_strategy_impl.cpp : 378 {fuc=APIStrategyImpl:CreateStrategyResult(),logtag=clouddns_13,strategyname=antihijackhttps-strategy,current_try_count=0,interface_msg=try to get ip list from dns_type = 1}
06-25 14:28:33.938 2641 2890 D UFUnilog: api_httpdns_query.cpp : 90 {fuc=APIHttpDnsQuery:GetIpListByDomainName(),interface_msg=try to get ip list by domain name puma-api.ptqy.gitv.tv}
06-25 14:28:33.938 2641 2890 D UFUnilog: api_httpdns_query.cpp : 113 {fuc=APIHttpDnsQuery:GetIpListByDomainName(),interface_msg=Get ip list success!,domain=puma-api.ptqy.gitv.tv}
06-25 14:28:33.938 2641 2890 I UFUnilog: api_strategy_impl.cpp : 414 {fuc=APIStrategyImpl:CreateStrategyResult(),logtag=clouddns_13,strategyname=antihijackhttps-strategy,find_ip=220.181.125.12,domain=puma-api.ptqy.gitv.tv,dns=1 ,http_port :-1,https_port:-1}
06-25 14:28:33.938 2641 2890 V UFUnilog: api_strategy_impl.cpp : 485 {fuc=APIStrategyImpl:CreateStrategyResult(),logtag=clouddns_13,strategyname=antihijackhttps-strategy,interface_msg=complete build strategy result,suggest_url_params=,suggest_protocol=}
06-25 14:28:33.938 2641 2890 I UFUnilog: api_engine.cpp : 241 {fuc=APIEngine:Call(),logtag=clouddns_13,current_try_count=1,default_max_try_count=3,Strategy set new max try count = 3}
06-25 14:28:33.938 2641 2890 V UFUnilog: UFNMultiCurlClientImpl.cpp : 24 {fuc=UFNMultiCurlClientImpl:Perform(),logtag=clouddns_13,interface_msg=In}
06-25 14:28:33.938 2641 2890 I UFUnilog: UFNCurlClientImpl.cpp : 679 {fuc=UFNCurlClientImpl:PerformInit(),logtag=clouddns_13,url=https://puma-api.ptqy.gitv.tv/tiger/fetch?key={%22pf%22:9}&businessGroupId=4}
06-25 14:28:33.938 2641 2890 I UFUnilog: UFNCurlClientImpl.cpp : 782 {fuc=UFNCurlClientImpl:PerformInit(),logtag=clouddns_13,interface_msg=connect to aim ip!,domain=puma-api.ptqy.gitv.tv,ip=220.181.125.12,port=-1:}
06-25 14:28:33.938 2641 2890 I UFUnilog: UFNCurlClientImpl.cpp : 937 {fuc=UFNCurlClientImpl:PerformInit(),logtag=clouddns_13,request_type=0,verifyssl=1,allow_redirect=1,max_redirect_number=5,connect_time_out=10000ms,transfer_time_out=20000ms,user_agent=Unified-X(arm-unknown-linux-androideabi);libcurl/7.73.0.6;BoringSSL;zlib/1.2.11;Universal_Foundation/v4.0.1_656_63af7fd3;Universal_Api/v4.1_1767_8b99c7b4(14025032401000000000),ipv6_allowed=0}
06-25 14:28:33.938 2641 2890 V UFUnilog: UFNCurlClientHandleSocketPool.cpp : 46 {fuc=UFNMultiCurlClientHandleSocket:AddEasyHandle(),logtag=clouddns_13,interface_msg=add easyCurl to MultiCurl!}
06-25 14:28:33.954 2641 2873 V UFUnilog: UFNEasyCurlClientImpl.cpp : 66 {fuc=UFNEasyCurlClientImpl:Perform(),logtag=pingback_accessdispdns_2_8,interface_msg=out}
06-25 14:28:33.954 2641 2873 V UFUnilog: api_engine.cpp : 181 {fuc=APIEngine:Call(),logtag=pingback_accessdispdns_2_8,interface_msg=Start Try!,try_count=1}
06-25 14:28:33.954 2641 2873 D UFUnilog: api_strategy_impl.cpp : 155 {fuc=APIStrategyImpl:JudgeStrategyOpporunity(),logtag=pingback_accessdispdns_2_8,strategyname=antihijackhttps-strategy,interface_msg=Ignore Domain List,domain=msg.ptqy.gitv.tv}
06-25 14:28:33.955 2641 2873 D UFUnilog: api_pingback_sender.cpp : 33 {fuc=ApiPingbackSender:SendSync(),logtag=pingback_accessdispdns_2,interface_msg=send success!}
06-25 14:28:33.955 2641 2873 V UFUnilog: api_pingback_sender.cpp : 46 {fuc=ApiPingbackSender:SendSync(),logtag=pingback_accessdispdns_2,api_pingback_data=msg=[{"t":"11","pf":"3","p":"31","p1":"312","p2":"3128","hostv":"","mac":"20-02-FE-19-C2-0E","u":"tv_9ebeab0821cc109c90e4626ac3a506cd","deviceid":"tv_9ebeab0821cc109c90e4626ac3a506cd_1750906610804_8810912147","nu":"","v":"2.1107.1.220408","device_type":"20180903095708913MvpgVmPh11974","pu":"","firmver":"SP1A.211105.004","hwver":"DBBOX-A2","hu":"","window_disable":"","chip":"","mod":"cn_s","memory":"1960M","processid":"","re":"1920x1080","os":"31","core":"4","daynight":"","rammode":"","entermode":"","channel":"","network":"","cbv":"2.1107","aver":"v4.1_1767_8b99c7b4","fver":"v4.0.1_656_63af7fd3","rn":"909032939","ct":"170620_network_request","nin":"accessdispdns","ngctc":"0","ngtpn":"","ngtpi}
06-25 14:28:33.955 2641 2873 V UFUnilog: api_pingback_sender.cpp : 46 {fuc=ApiPingbackSender:SendSync(),logtag=pingback_accessdispdns_2,api_pingback_data=t":"0","ngmrc":"3","ngct":"10000","ngtt":"20000","ngi":"true","nrqt":"get","nhc":"200","nanc":"0","nmsg":"UFN%20Curl%20Client%20Success%21","nhdr":"","naurl":"https%3A%2F%2F103.44.59.54%2F3f2","neurl":"https%3A%2F%2F103.44.59.54%2F3f2","ntc":"1","nipd":"103.44.59.54","nipl":"192.168.3.161","ncncn":"1","ncnct":"58","nnt":"0","npt":"162","nstt":"232","nttt":"232","nrdt":"0","nrdc":"0","ncntt":"text%2Fplain","nhsz":"199","nrsz":"49","nscc":"3","nsvr":"20","nsv":"BoringSSL","ncc":"0","ntt":"240","naft":"1","ncft":"239","nuid":"2","ndt":"0","nsn":"antihijackhttps-strategy","ndtd":"0","natd":"1","nctd":"239","nsct":"161","naippd":"NULL%3A0","naipp":"NULL%3A0","namsgd":"","namsg":"","nasil":"","nar}
06-25 14:28:33.955 2641 2873 V UFUnilog: api_pingback_sender.cpp : 50 {fuc=ApiPingbackSender:SendSync(),logtag=pingback_accessdispdns_2,api_pingback_data=t":"1750832913610","nrd":"103.44.59.54","ntp":"https","nri":"","nru":"","nrhc":"","nhcd":"200","nev":"","nipv":"4","nrw":"1","nrh":"","nct":"0","nfoc":"20000","ime":"0","nint":"0","nintd":"0","nba":"1","npa":"1","nsu":"1","nfrdt":"0","npd":"443","npr":"-1"}]}
06-25 14:28:33.956 2641 2873 V UFUnilog: api_engine.cpp : 181 {fuc=APIEngine:Call(),logtag=pingback_accessdispdns_1_14,interface_msg=Start Try!,try_count=0}
06-25 14:28:33.956 2641 2873 D UFUnilog: api_strategy_impl.cpp : 155 {fuc=APIStrategyImpl:JudgeStrategyOpporunity(),logtag=pingback_accessdispdns_1_14,strategyname=antihijackhttps-strategy,interface_msg=Ignore Domain List,domain=msg.ptqy.gitv.tv}
06-25 14:28:33.956 2641 2873 V UFUnilog: api_strategy_impl.cpp : 378 {fuc=APIStrategyImpl:CreateStrategyResult(),logtag=pingback_accessdispdns_1_14,strategyname=antihijackhttps-strategy,current_try_count=0,interface_msg=try to get ip list from dns_type = 1}
06-25 14:28:33.956 2641 2873 D UFUnilog: api_httpdns_query.cpp : 90 {fuc=APIHttpDnsQuery:GetIpListByDomainName(),interface_msg=try to get ip list by domain name msg.ptqy.gitv.tv}
06-25 14:28:33.956 2641 2873 D UFUnilog: api_httpdns_query.cpp : 113 {fuc=APIHttpDnsQuery:GetIpListByDomainName(),interface_msg=Get ip list success!,domain=msg.ptqy.gitv.tv}
06-25 14:28:33.956 2641 2873 V UFUnilog: api_strategy_impl.cpp : 485 {fuc=APIStrategyImpl:CreateStrategyResult(),logtag=pingback_accessdispdns_1_14,strategyname=antihijackhttps-strategy,interface_msg=complete build strategy result,suggest_url_params=,suggest_protocol=}
06-25 14:28:33.956 2641 2873 V UFUnilog: UFNMultiCurlClientImpl.cpp : 24 {fuc=UFNMultiCurlClientImpl:Perform(),logtag=pingback_accessdispdns_1_14,interface_msg=In}
06-25 14:28:33.957 2641 2873 V UFUnilog: UFNCurlClientHandleSocketPool.cpp : 46 {fuc=UFNMultiCurlClientHandleSocket:AddEasyHandle(),logtag=pingback_accessdispdns_1_14,interface_msg=add easyCurl to MultiCurl!}
06-25 14:28:33.971 658 658 E WifiHAL : wifi_get_link_stats: requestResponse Error:-5
06-25 14:28:33.973 477 613 E WifiVendorHal: getWifiLinkLayerStats_1_5_Internal(l.1191) failed {.code = ERROR_INVALID_ARGS, .description = }
06-25 14:28:33.995 2641 2889 V UFUnilog: UFNCurlClientHandleSocket.cpp : 128 {fuc=UFNMultiCurlClientImpl:HandleSocket(),logtag=pingback_itv_funcs_7_9,interface_msg=MultiCurlImpl get ok!}
06-25 14:28:33.995 2641 2875 V UFUnilog: UFNMultiCurlClientImpl.cpp : 102 {fuc=UFNMultiCurlClientImpl:Perform(),logtag=pingback_itv_funcs_7_9,interface_msg=Out}
06-25 14:28:33.996 2641 2875 V UFUnilog: api_engine.cpp : 181 {fuc=APIEngine:Call(),logtag=pingback_itv_funcs_7_9,interface_msg=Start Try!,try_count=1}
06-25 14:28:33.996 2641 2875 D UFUnilog: api_strategy_impl.cpp : 155 {fuc=APIStrategyImpl:JudgeStrategyOpporunity(),logtag=pingback_itv_funcs_7_9,strategyname=antihijackhttps-strategy,interface_msg=Ignore Domain List,domain=msg.ptqy.gitv.tv}
06-25 14:28:33.996 2641 2875 D UFUnilog: api_pingback_sender.cpp : 33 {fuc=ApiPingbackSender:SendSync(),logtag=pingback_itv_funcs_7,interface_msg=send success!}
06-25 14:28:33.996 2641 2875 V UFUnilog: api_pingback_sender.cpp : 46 {fuc=ApiPingbackSender:SendSync(),logtag=pingback_itv_funcs_7,api_pingback_data=msg=[{"t":"11","pf":"3","p":"31","p1":"312","p2":"3128","hostv":"","mac":"20-02-FE-19-C2-0E","u":"tv_9ebeab0821cc109c90e4626ac3a506cd","deviceid":"tv_9ebeab0821cc109c90e4626ac3a506cd_1750906610804_8810912147","nu":"","v":"2.1107.1.220408","device_type":"20180903095708913MvpgVmPh11974","pu":"","firmver":"SP1A.211105.004","hwver":"DBBOX-A2","hu":"","window_disable":"","chip":"","mod":"cn_s","memory":"1960M","processid":"","re":"1920x1080","os":"31","core":"4","daynight":"","rammode":"","entermode":"","channel":"","network":"","cbv":"2.1107","aver":"v4.1_1767_8b99c7b4","fver":"v4.0.1_656_63af7fd3","rn":"909032939","ct":"170620_network_request","nin":"itv_funcs","ngctc":"0","ngtpn":"uniapi","ngt}
06-25 14:28:33.996 2641 2875 V UFUnilog: api_pingback_sender.cpp : 46 {fuc=ApiPingbackSender:SendSync(),logtag=pingback_itv_funcs_7,api_pingback_data=pit":"60000","ngmrc":"5","ngct":"10000","ngtt":"15000","ngi":"true","nrqt":"get","nhc":"200","nanc":"0","nmsg":"UFN%20Curl%20Client%20Success%21","nhdr":"Authorization%3A1012441ef13ff000_Mi4xMTA3LjEuMjIwNDA4%20B63BDF64FF37D1495B559AD9148403259FBA6B0F760F83FB851E3904A7B2305440FF315625DDC79BDBAB3C0B1379815E%7CContent-Type%3Aapplication%2Fjson%3B%20charset%3Dutf-8%7CRequest-Id%3AMTc1MDgzMjkxMzc4ODIwOjAyOmZlOjE5OmMyOjBlMzI0MDQ5NzQyOGUzMDQxNWYxYjI1Yjk4MTdmNmQxY2M4OTZjMmE3ZDJl%7Cqyid%3Atv_9ebeab0821cc109c90e4626ac3a506cd_1750906610804_8810912147%7C","naurl":"http%3A%2F%2Fsdk.ptqy.gitv.tv%2Fapi%2Ffuncs","neurl":"http%3A%2F%2Fsdk.ptqy.gitv.tv%2Fapi%2Ffuncs","ntc":"1","nipd":"116.211.198.157","nipl":}
06-25 14:28:33.996 2641 2875 V UFUnilog: api_pingback_sender.cpp : 50 {fuc=ApiPingbackSender:SendSync(),logtag=pingback_itv_funcs_7,api_pingback_data="192.168.3.161","ncncn":"1","ncnct":"34","nnt":"0","npt":"34","nstt":"80","nttt":"83","nrdt":"0","nrdc":"0","ncntt":"application%2Fjson%3B%20charset%3Dutf-8","nhsz":"298","nrsz":"6940","nscc":"0","nsvr":"10000","nsv":"","ncc":"0","ntt":"86","naft":"2","ncft":"84","nuid":"7","ndt":"1","nsn":"httpdns-strategy","ndtd":"1","natd":"2","nctd":"84","nsct":"0","naippd":"NULL%3A0","naipp":"NULL%3A0","namsgd":"","namsg":"","nasil":"","nart":"1750925705059","nrd":"sdk.ptqy.gitv.tv","ntp":"http","nri":"","nru":"","nrhc":"","nhcd":"200","nev":"","nipv":"4","nrw":"1","nrh":"","nct":"0","nfoc":"20000","ime":"0","nint":"2","nintd":"2","nba":"1","npa":"1","nsu":"1","nfrdt":"1","npd":"80","npr":"-1"}]}
06-25 14:28:33.997 2641 2875 V UFUnilog: api_engine.cpp : 181 {fuc=APIEngine:Call(),logtag=pingback_getisp_11_15,interface_msg=Start Try!,try_count=0}
06-25 14:28:33.997 2641 2875 D UFUnilog: api_strategy_impl.cpp : 155 {fuc=APIStrategyImpl:JudgeStrategyOpporunity(),logtag=pingback_getisp_11_15,strategyname=antihijackhttps-strategy,interface_msg=Ignore Domain List,domain=msg.ptqy.gitv.tv}
06-25 14:28:33.998 2641 2875 V UFUnilog: api_strategy_impl.cpp : 378 {fuc=APIStrategyImpl:CreateStrategyResult(),logtag=pingback_getisp_11_15,strategyname=antihijackhttps-strategy,current_try_count=0,interface_msg=try to get ip list from dns_type = 1}
06-25 14:28:33.998 2641 2875 D UFUnilog: api_httpdns_query.cpp : 90 {fuc=APIHttpDnsQuery:GetIpListByDomainName(),interface_msg=try to get ip list by domain name msg.ptqy.gitv.tv}
06-25 14:28:33.998 2641 2875 D UFUnilog: api_httpdns_query.cpp : 113 {fuc=APIHttpDnsQuery:GetIpListByDomainName(),interface_msg=Get ip list success!,domain=msg.ptqy.gitv.tv}
06-25 14:28:33.998 2641 2875 V UFUnilog: api_strategy_impl.cpp : 485 {fuc=APIStrategyImpl:CreateStrategyResult(),logtag=pingback_getisp_11_15,strategyname=antihijackhttps-strategy,interface_msg=complete build strategy result,suggest_url_params=,suggest_protocol=}
06-25 14:28:33.998 2641 2875 V UFUnilog: UFNMultiCurlClientImpl.cpp : 24 {fuc=UFNMultiCurlClientImpl:Perform(),logtag=pingback_getisp_11_15,interface_msg=In}
06-25 14:28:33.998 2641 2875 V UFUnilog: UFNCurlClientHandleSocketPool.cpp : 46 {fuc=UFNMultiCurlClientHandleSocket:AddEasyHandle(),logtag=pingback_getisp_11_15,interface_msg=add easyCurl to MultiCurl!}
06-25 14:28:34.018 2401 2475 I efs.config: No update is required, less than 8h since the last update
06-25 14:28:34.031 1051 1281 E RCInfo : vid:
06-25 14:28:34.031 1051 1281 E RCInfo : pid:
06-25 14:28:34.032 1051 1281 E RCInfo : vid:
06-25 14:28:34.032 1051 1281 E RCInfo : pid:
06-25 14:28:34.042 2641 2889 V UFUnilog: UFNCurlClientHandleSocket.cpp : 128 {fuc=UFNMultiCurlClientImpl:HandleSocket(),logtag=pingback_getisp_11_15,interface_msg=MultiCurlImpl get ok!}
06-25 14:28:34.042 2641 2875 V UFUnilog: UFNMultiCurlClientImpl.cpp : 102 {fuc=UFNMultiCurlClientImpl:Perform(),logtag=pingback_getisp_11_15,interface_msg=Out}
06-25 14:28:34.042 2641 2875 V UFUnilog: api_engine.cpp : 181 {fuc=APIEngine:Call(),logtag=pingback_getisp_11_15,interface_msg=Start Try!,try_count=1}
06-25 14:28:34.043 2641 2875 D UFUnilog: api_strategy_impl.cpp : 155 {fuc=APIStrategyImpl:JudgeStrategyOpporunity(),logtag=pingback_getisp_11_15,strategyname=antihijackhttps-strategy,interface_msg=Ignore Domain List,domain=msg.ptqy.gitv.tv}
06-25 14:28:34.043 2641 2875 D UFUnilog: api_pingback_sender.cpp : 33 {fuc=ApiPingbackSender:SendSync(),logtag=pingback_getisp_11,interface_msg=send success!}
06-25 14:28:34.043 2641 2875 V UFUnilog: api_pingback_sender.cpp : 46 {fuc=ApiPingbackSender:SendSync(),logtag=pingback_getisp_11,api_pingback_data=msg=[{"t":"11","pf":"3","p":"31","p1":"312","p2":"3128","hostv":"","mac":"20-02-FE-19-C2-0E","u":"tv_9ebeab0821cc109c90e4626ac3a506cd","deviceid":"tv_9ebeab0821cc109c90e4626ac3a506cd_1750906610804_8810912147","nu":"","v":"2.1107.1.220408","device_type":"20180903095708913MvpgVmPh11974","pu":"","firmver":"SP1A.211105.004","hwver":"DBBOX-A2","hu":"","window_disable":"","chip":"","mod":"cn_s","memory":"1960M","processid":"","re":"1920x1080","os":"31","core":"4","daynight":"","rammode":"","entermode":"","channel":"","network":"","cbv":"2.1107","aver":"v4.1_1767_8b99c7b4","fver":"v4.0.1_656_63af7fd3","rn":"909032939","ct":"170620_network_request","nin":"getisp","ngctc":"0","ngtpn":"","ngtpit":"0",}
06-25 14:28:34.043 2641 2875 V UFUnilog: api_pingback_sender.cpp : 46 {fuc=ApiPingbackSender:SendSync(),logtag=pingback_getisp_11,api_pingback_data="ngmrc":"3","ngct":"10000","ngtt":"20000","ngi":"true","nrqt":"get","nhc":"200","nanc":"0","nmsg":"UFN%20Curl%20Client%20Success%21","nhdr":"","naurl":"http%3A%2F%2Fdata.video.ptqy.gitv.tv%2Fv.f4v","neurl":"http%3A%2F%2Fdata.video.ptqy.gitv.tv%2Fv.f4v","ntc":"1","nipd":"59.39.2.6","nipl":"192.168.3.161","ncncn":"1","ncnct":"13","nnt":"0","npt":"14","nstt":"32","nttt":"32","nrdt":"0","nrdc":"0","ncntt":"application%2Fjson","nhsz":"219","nrsz":"201","nscc":"0","nsvr":"10000","nsv":"","ncc":"0","ntt":"35","naft":"2","ncft":"33","nuid":"11","ndt":"1","nsn":"antihijackhttps-strategy","ndtd":"1","natd":"2","nctd":"33","nsct":"0","naippd":"NULL%3A0","naipp":"NULL%3A0","namsgd":"","namsg":"","nasil"}
06-25 14:28:34.043 2641 2875 V UFUnilog: api_pingback_sender.cpp : 50 {fuc=ApiPingbackSender:SendSync(),logtag=pingback_getisp_11,api_pingback_data=:"","nart":"1750925705174","nrd":"data.video.ptqy.gitv.tv","ntp":"http","nri":"","nru":"","nrhc":"","nhcd":"200","nev":"","nipv":"4","nrw":"1","nrh":"","nct":"1","nfoc":"20000","ime":"0","nint":"0","nintd":"0","nba":"1","npa":"1","nsu":"1","nfrdt":"1","npd":"80","npr":"-1"}]}
06-25 14:28:34.080 477 1298 W TelephonyPermissions: reportAccessDeniedToReadIdentifiers:com.dangbei.screencast:getSerial:-1
06-25 14:28:34.103 2641 2889 V UFUnilog: UFNCurlClientHandleSocket.cpp : 128 {fuc=UFNMultiCurlClientImpl:HandleSocket(),logtag=pingback_accessdispdns_1_14,interface_msg=MultiCurlImpl get ok!}
06-25 14:28:34.103 2641 2873 V UFUnilog: UFNMultiCurlClientImpl.cpp : 102 {fuc=UFNMultiCurlClientImpl:Perform(),logtag=pingback_accessdispdns_1_14,interface_msg=Out}
06-25 14:28:34.104 2641 2873 V UFUnilog: api_engine.cpp : 181 {fuc=APIEngine:Call(),logtag=pingback_accessdispdns_1_14,interface_msg=Start Try!,try_count=1}
06-25 14:28:34.104 2641 2873 D UFUnilog: api_strategy_impl.cpp : 155 {fuc=APIStrategyImpl:JudgeStrategyOpporunity(),logtag=pingback_accessdispdns_1_14,strategyname=antihijackhttps-strategy,interface_msg=Ignore Domain List,domain=msg.ptqy.gitv.tv}
06-25 14:28:34.104 2641 2893 I UFUnilog: UFNCurlClientImpl.cpp : 1199 {fuc=UFNCurlClientImpl:PerformEnd(),logtag=nd-pingback,ufn_curl_client_code=0,http_code=200,code_msg=UFN Curl Client Success!}
06-25 14:28:34.104 2641 2873 D UFUnilog: api_pingback_sender.cpp : 33 {fuc=ApiPingbackSender:SendSync(),logtag=pingback_accessdispdns_1,interface_msg=send success!}
06-25 14:28:34.104 2641 2873 V UFUnilog: api_pingback_sender.cpp : 46 {fuc=ApiPingbackSender:SendSync(),logtag=pingback_accessdispdns_1,api_pingback_data=msg=[{"t":"11","pf":"3","p":"31","p1":"312","p2":"3128","hostv":"","mac":"20-02-FE-19-C2-0E","u":"tv_9ebeab0821cc109c90e4626ac3a506cd","deviceid":"tv_9ebeab0821cc109c90e4626ac3a506cd_1750906610804_8810912147","nu":"","v":"2.1107.1.220408","device_type":"20180903095708913MvpgVmPh11974","pu":"","firmver":"SP1A.211105.004","hwver":"DBBOX-A2","hu":"","window_disable":"","chip":"","mod":"cn_s","memory":"1960M","processid":"","re":"1920x1080","os":"31","core":"4","daynight":"","rammode":"","entermode":"","channel":"","network":"","cbv":"2.1107","aver":"v4.1_1767_8b99c7b4","fver":"v4.0.1_656_63af7fd3","rn":"909032939","ct":"170620_network_request","nin":"accessdispdns","ngctc":"0","ngtpn":"","ngtpi}
06-25 14:28:34.104 2641 2873 V UFUnilog: api_pingback_sender.cpp : 46 {fuc=ApiPingbackSender:SendSync(),logtag=pingback_accessdispdns_1,api_pingback_data=t":"0","ngmrc":"3","ngct":"10000","ngtt":"20000","ngi":"true","nrqt":"get","nhc":"200","nanc":"0","nmsg":"UFN%20Curl%20Client%20Success%21","nhdr":"","naurl":"https%3A%2F%2F103.44.59.54%2F3f2","neurl":"https%3A%2F%2F103.44.59.54%2F3f2","ntc":"1","nipd":"103.44.59.54","nipl":"192.168.3.161","ncncn":"1","ncnct":"57","nnt":"0","npt":"172","nstt":"255","nttt":"255","nrdt":"0","nrdc":"0","ncntt":"text%2Fplain","nhsz":"199","nrsz":"49","nscc":"3","nsvr":"20","nsv":"BoringSSL","ncc":"0","ntt":"265","naft":"1","ncft":"264","nuid":"1","ndt":"0","nsn":"antihijackhttps-strategy","ndtd":"0","natd":"1","nctd":"264","nsct":"171","naippd":"NULL%3A0","naipp":"NULL%3A0","namsgd":"","namsg":"","nasil":"","nar}
06-25 14:28:34.104 2641 2873 V UFUnilog: api_pingback_sender.cpp : 50 {fuc=ApiPingbackSender:SendSync(),logtag=pingback_accessdispdns_1,api_pingback_data=t":"1750832913609","nrd":"103.44.59.54","ntp":"https","nri":"","nru":"","nrhc":"","nhcd":"200","nev":"","nipv":"4","nrw":"1","nrh":"","nct":"0","nfoc":"20000","ime":"0","nint":"0","nintd":"0","nba":"1","npa":"1","nsu":"1","nfrdt":"0","npd":"443","npr":"-1"}]}
06-25 14:28:34.122 2641 2889 V UFUnilog: UFNCurlClientHandleSocket.cpp : 128 {fuc=UFNMultiCurlClientImpl:HandleSocket(),logtag=clouddns_13,interface_msg=MultiCurlImpl get ok!}
06-25 14:28:34.122 2641 2890 I UFUnilog: UFNCurlClientImpl.cpp : 1199 {fuc=UFNCurlClientImpl:PerformEnd(),logtag=clouddns_13,ufn_curl_client_code=0,http_code=200,code_msg=UFN Curl Client Success!}
06-25 14:28:34.122 2641 2890 I UFUnilog: UFNCurlClientImpl.cpp : 1282 {fuc=UFNCurlClientImpl:PerformEnd(),logtag=clouddns_13,ssl_version=BoringSSL,ssl_verify_result=20,certinfo_count=3}
06-25 14:28:34.122 2641 2890 I UFUnilog: UFNCurlClientImpl.cpp : 1322 {fuc=UFNCurlClientImpl:PerformEnd(),logtag=clouddns_13,local_ip=192.168.3.161,server_ip=220.181.125.12,protocol_version=4,name_lookup_time=0ms,connect_time_out=60ms,ssl_connect_time=123ms,pre_transfer_time=124ms,start_transfer_time=182ms,redirect_time=0ms,response_time=183ms,curlclienttime=183ms,redirect_count=0,client_type=1,port=443}
06-25 14:28:34.122 2641 2890 I UFUnilog: UFNCurlClientImpl.cpp : 1325 {fuc=UFNCurlClientImpl:PerformEnd(),logtag=clouddns_13,content_type=application/json;charset=utf-8,recv_header_size=441,response_size=908}
06-25 14:28:34.122 2641 2890 I UFUnilog: UFNCurlClientImpl.cpp : 1344 {fuc=UFNCurlClientImpl:PerformEnd(),logtag=clouddns_13,verbose=Connecting to hostname: 220.181.125.12;Hostname 220.181.125.12 was found in DNS cache; Trying 220.181.125.12:443...;Connected to 220.181.125.12 (220.181.125.12) port 443 (#2);ALPN, offering h2;ALPN, offering http/1.1;TLSv1.2 (OUT), TLS handshake, Client hello (1):;TLSv1.2 (IN), TLS handshake, Server hello (2):;TLSv1.3 (OUT), TLS change cipher, Change cipher spec (1):;TLSv1.3 (IN), TLS handshake, Encrypted Extensions (8):;TLSv1.3 (IN), TLS handshake, Certificate (11):;TLSv1.3 (IN), TLS handshake, CERT verify (15):;TLSv1.3 (IN), TLS handshake, Finished (20):;TLSv1.3 (OUT), TLS handshake, Finished (20):;SSL connection using TLSv1.3 / TLS_CHACHA20_POLY1305_SHA256;ALPN, server accepted to use http/1.1;Server certificate:; subject: C=CN; ST=\U5317\U4EAC; L=\U5317\U4EAC; O=\U94F6\U6CB3\U4E92\U8054\U7F51\U7535\U89C6\U6709\U9650\U516C\U53F8; CN=*.ptqy.gitv.tv; start date: Nov 5 05:40:13 2024 GMT; expire date: Dec 6 08:29:01
06-25 14:28:34.122 2641 2890 I UFUnilog: UFNCurlClientImpl.cpp : 1352 {fuc=UFNCurlClientImpl:PerformEnd(),logtag=clouddns_13,recv_data={"adapter":{"cache.video.ptqy.gitv.tv":"{\"config\":{\"is_open\":1,\"force\":0,\"retryurl\":{\"errortype\":{\"key\":\"ecodetype\",\"neterror\":\"0\",\"buserror\":\"1\"},\"retrytimes\":{\"key\":\"k_err_retries\"},\"errordetail\":[{\"key\":\"ecode\",\"neterrorenable\":true,\"neterrorprefix\":\"1-1-\",\"buserrorenable\":true,\"buserrorprefix\":\"1-3-\",\"buserrorvalue\":[\"code\",\"data|st\"]},{\"key\":\"st\",\"neterrorenable\":false,\"buserrorenable\":true,\"buserrorvalue\":[\"data|st\"]}]},\"codes\":[{\"rule\":\"code\",\"code\":[\"A00003\",\"A00004\",\"A00010\"]},{\"rule\":\"data|st\",\"code\":[\"313\",\"391\",\"392\",\"393\",\"411\",\"412\",\"413\",\"414\",\"491\",\"492\",\"493\",\"1500\",\"1501\",\"1502\",\"1503\"]}]},\"isps\":[{\"isp\":\"CNC\",\"ip\":[{\"dc\":\"bdxs\",\"group\":[\"110.242.72.43\"]},{\"dc\":\"zyx\",\"group\":[\"123.126.131.61\"]},{\"dc\":\"whlkg\",\"group\":[\"61.242.176.2\"]}]},{\"isp\":\"CT\",\"i
06-25 14:28:34.122 2641 2890 V UFUnilog: UFNMultiCurlClientImpl.cpp : 102 {fuc=UFNMultiCurlClientImpl:Perform(),logtag=clouddns_13,interface_msg=Out}
06-25 14:28:34.123 2641 2890 V UFUnilog: api_engine.cpp : 181 {fuc=APIEngine:Call(),logtag=clouddns_13,interface_msg=Start Try!,try_count=1}
06-25 14:28:34.123 2641 2890 D UFUnilog: api_strategy_impl.cpp : 890 {fuc=APIStrategyImpl:PickConfig(),logtag=clouddns_13,strategyname=antihijackhttps-strategy,interface_msg=pick prior custom dns strategy}
06-25 14:28:34.123 2641 2890 D UFUnilog: api_strategy_impl.cpp : 155 {fuc=APIStrategyImpl:JudgeStrategyOpporunity(),logtag=clouddns_13,strategyname=antihijackhttps-strategy,interface_msg=Ignore Domain List,domain=puma-api.ptqy.gitv.tv}
06-25 14:28:34.123 2641 2890 I UFUnilog: api_engine.cpp : 381 {fuc=APIEngine:Call(),logtag=clouddns_13,try_count=1,curl_detail_code=0,curl_detail_time=183ms,curl_handle_detail_time=183ms,server_ip_detail=220.181.125.12,dns_detail_type=1,http_detail_code=200,ip_detail_net_type=0,total_time=185ms,apicode=0}
06-25 14:28:34.124 2641 2890 D UFUnilog: api_clouddns_query.cpp : 698 {fuc=APICloudDnsQuery:AnalyzeCloudDnsResponse(),domain=cache.video.ptqy.gitv.tv,interface_msg=Cloud dns data parse success!}
06-25 14:28:34.124 2641 2890 D UFUnilog: api_clouddns_query.cpp : 698 {fuc=APICloudDnsQuery:AnalyzeCloudDnsResponse(),domain=sdk-drml.video.ptqy.gitv.tv,interface_msg=Cloud dns data parse success!}
06-25 14:28:34.124 2641 2890 D UFUnilog: api_clouddns_query.cpp : 698 {fuc=APICloudDnsQuery:AnalyzeCloudDnsResponse(),domain=drml.video.ptqy.gitv.tv,interface_msg=Cloud dns data parse success!}
06-25 14:28:34.124 2641 2890 D UFUnilog: api_clouddns_query.cpp : 698 {fuc=APICloudDnsQuery:AnalyzeCloudDnsResponse(),domain=passport.ptqy.gitv.tv,interface_msg=Cloud dns data parse success!}
