01-01 08:00:40.497 917 917 E sprdwl : sprdwl_rx_rsp_process ctx_id 0 recv rsp[WIFI_CMD_TX_DATA] status[SPRDWL_CMD_STATUS_ERROR]
06-25 14:28:35.246 210 225 I keystore2: keystore2::watchdog: Watchdog thread idle -> terminating. Have a great day.
01-01 08:00:40.553 917 917 E sprdwl : sprdwl_rx_rsp_process ctx_id 0 recv rsp[WIFI_CMD_TX_DATA] status[SPRDWL_CMD_STATUS_ERROR]
01-01 08:00:40.574 917 917 E sprdwl : sprdwl_rx_rsp_process ctx_id 0 recv rsp[WIFI_CMD_TX_DATA] status[SPRDWL_CMD_STATUS_ERROR]
06-25 14:28:35.113 2641 2917 D UNIPLAYERSDK: WhiteListManager.cpp:161 key = perf_disable_load_extra_page value = 907,497
06-25 14:28:35.283 2641 2943 D TVUNIPLAYER: SDK/DiskCache : write finished
06-25 14:28:35.283 2641 2834 I AbsAdCacheStrategy: [TID 2834] createNoMediaFile type = 8 path = /storage/emulated/0/qcache/data/hd_cache/.nomedia
06-25 14:28:35.283 2641 2889 V UFUnilog: UFNCurlClientHandleSocket.cpp : 128 {fuc=UFNMultiCurlClientImpl:HandleSocket(),logtag=itv_imgDocs_24,interface_msg=MultiCurlImpl get ok!}
06-25 14:28:35.283 2641 2917 D UNIPLAYERSDK: WhiteListManager.cpp:161 key = perf_enable_clear_player_event_on_stop value = true
01-01 08:00:40.593 917 917 E sprdwl : sprdwl_rx_rsp_process ctx_id 0 recv rsp[WIFI_CMD_TX_DATA] status[SPRDWL_CMD_STATUS_ERROR]
06-25 14:28:35.283 2641 2917 D UNIPLAYERSDK: WhiteListManager.cpp:161 key = perf_feed_card_max_size value = 10
06-25 14:28:35.283 2641 2917 D UNIPLAYERSDK: WhiteListManager.cpp:161 key = perf_key_tab_refresh_interval value = 86400
06-25 14:28:35.283 2641 2917 D UNIPLAYERSDK: WhiteListManager.cpp:161 key = perf_mem_tracker value = {"enable":1,"interval":10000}
06-25 14:28:35.283 2641 2917 D UNIPLAYERSDK: WhiteListManager.cpp:161 key = perf_save_historyrecord_async value = true
06-25 14:28:35.283 2641 2917 D UNIPLAYERSDK: WhiteListManager.cpp:161 key = perf_support_home_tab_layout_fading_edge value = false
06-25 14:28:35.284 2641 2917 D UNIPLAYERSDK: WhiteListManager.cpp:161 key = perf_support_sp_anr_opt value = true
06-25 14:28:35.284 2641 2917 D UNIPLAYERSDK: WhiteListManager.cpp:161 key = pingback.adfirst value = 0
06-25 14:28:35.284 2641 2917 D UNIPLAYERSDK: WhiteListManager.cpp:161 key = pingback.precache value = 0
06-25 14:28:35.284 2641 2917 D UNIPLAYERSDK: WhiteListManager.cpp:161 key = pingback.tvadpiece value = 0
06-25 14:28:35.284 2641 2917 D UNIPLAYERSDK: WhiteListManager.cpp:161 key = pingback.tvdrm value = 0
06-25 14:28:35.284 2641 2917 D UNIPLAYERSDK: WhiteListManager.cpp:161 key = pingback.tvtsdload value = 0
06-25 14:28:35.284 2641 2917 D UNIPLAYERSDK: WhiteListManager.cpp:161 key = pingback_merge value = true
06-25 14:28:35.284 2641 2917 D UNIPLAYERSDK: WhiteListManager.cpp:161 key = play_vod_preload value = 2
06-25 14:28:35.284 2641 2917 D UNIPLAYERSDK: WhiteListManager.cpp:161 key = play_vod_preload_overall value = 2
06-25 14:28:35.284 2641 2917 D UNIPLAYERSDK: WhiteListManager.cpp:161 key = player_adaptation.do_pause_before_seek value = 0
06-25 14:28:35.284 2641 2917 D UNIPLAYERSDK: WhiteListManager.cpp:161 key = player_adaptation.do_start_after_seek_complete value = 0
06-25 14:28:35.284 2641 2917 D UNIPLAYERSDK: WhiteListManager.cpp:161 key = player_adaptation.no_video_size value = 0
06-25 14:28:35.284 2641 2917 D UNIPLAYERSDK: WhiteListManager.cpp:161 key = player_adaptation.permit_seek_before_start value = 2
06-25 14:28:35.284 2641 2917 D UNIPLAYERSDK: WhiteListManager.cpp:161 key = player_adaptation.skyworth_dolby_soc_player value = 0
06-25 14:28:35.284 2641 2917 D UNIPLAYERSDK: WhiteListManager.cpp:161 key = player_adaptation.skyworth_dolby_vision_soc_player value = 0
06-25 14:28:35.284 2641 2917 D UNIPLAYERSDK: WhiteListManager.cpp:161 key = player_adaptation.wait_display_ready value = 2
06-25 14:28:35.284 2641 2917 D UNIPLAYERSDK: WhiteListManager.cpp:161 key = player_capability_broadcast value = 0
06-25 14:28:35.284 2641 2917 D UNIPLAYERSDK: WhiteListManager.cpp:161 key = player_retry_strategy value = {"errornumberlist": ["201_*", "202_*", "203_*", "204_*", "205_*", "206_*", "207_*", "208_*", "101_101_*", "101_102_*", "101_103_*", "101_104_*", "101_105_*", "101_111_*", "101_112_*", "101_113_*", "101_114_*", "101_115_*", "101_501_*", "101_502_*", "101_504_*", "101_701_*", "101_3101_*", "101_3102_*", "101_3201_*", "101_3202_*", "101_4011_*", "101_4012_*", "101_4016_*", "101_4017_*", "101_10000_*", "101_10001_*", "101_10002_*", "106_1001_*", "106_1002_*", "106_1003_*", "106_1004_*", "106_2001_*", "106_2002_*", "106_2003_*", "106_2004_*", "106_3001_*", "106_3003_*", "106_10000_*", "106_5001_*", "106_6001_*", "106_6002_*", "106_11000_*", "106_10002_*", "102_10002_*", "102_30010_*", "106_10001_*", "106_21_*", "202_21_*", "100_100003_*", "102_1009_*", "106_16000_*"], "maxretrycount":3, "delaytimes" :[2, 3, 5, 10, 10, 10, 10, 10, 10, 10], "needswitchplayer": {"101_800_403_*":1, "101_655361_1_*":1, "101_655365_*":1, "106_9000_*":1, "106_100000_*":1, "101
06-25 14:28:35.285 2641 2917 D UNIPLAYERSDK: WhiteListManager.cpp:161 key = player_type_config value = {"common":"2,1"}
06-25 14:28:35.285 2641 2917 D UNIPLAYERSDK: WhiteListManager.cpp:161 key = pst_limit_user_type value = 60
06-25 14:28:35.285 2641 2917 D UNIPLAYERSDK: WhiteListManager.cpp:161 key = puma_size_change_threshold value = {"threshold":0.4}
06-25 14:28:35.285 2641 2917 D UNIPLAYERSDK: WhiteListManager.cpp:161 key = reset_surface value = 2
06-25 14:28:35.285 2641 2917 D UNIPLAYERSDK: WhiteListManager.cpp:161 key = reset_surface_for_switch_player value = 0
06-25 14:28:35.285 2641 2917 D UNIPLAYERSDK: WhiteListManager.cpp:161 key = resource_for_close_intertrust value =
06-25 14:28:35.285 2641 2917 D UNIPLAYERSDK: WhiteListManager.cpp:161 key = reuse_mediaplayer value = 2
06-25 14:28:35.285 2641 2917 D UNIPLAYERSDK: WhiteListManager.cpp:161 key = seek_preview value = 2
06-25 14:28:35.285 2641 2917 D UNIPLAYERSDK: WhiteListManager.cpp:161 key = setFixedSize value = 100
06-25 14:28:35.290 2900 2991 W efs.send_log: tryFileLock start!
01-01 08:00:40.613 917 917 E sprdwl : sprdwl_rx_rsp_process ctx_id 0 recv rsp[WIFI_CMD_TX_DATA] status[SPRDWL_CMD_STATUS_ERROR]
06-25 14:28:35.399 2900 2954 D NearFieldUtils: to get wlan0 ip address
06-25 14:28:35.399 2900 2954 D NearFieldUtils: get wlan0 IP succeed.
06-25 14:28:35.399 2900 2954 D NearFieldManagerImpl: sDeviceType: 46
06-25 14:28:35.399 2900 2954 D NearFieldManagerImpl: registerDevice() is called.
06-25 14:28:35.399 2900 2954 E NearFieldManagerUtilsNative: Begin System.loadLibrary()
06-25 14:28:35.445 2900 2900 D NearFieldUtils: to get wlan0 ip address
06-25 14:28:35.445 2900 2900 D NearFieldUtils: get wlan0 IP succeed.
06-25 14:28:35.445 2900 2900 E NearFieldManagerImpl: notifyByPriority: interfaceNameInUse is null
06-25 14:28:35.445 2900 2900 D NearFieldManagerImpl: handleConnectivityAction: notified by default
06-25 14:28:35.285 2641 2917 D UNIPLAYERSDK: WhiteListManager.cpp:161 key = set_drm_http_proxy value =
06-25 14:28:35.497 2641 2917 D UNIPLAYERSDK: WhiteListManager.cpp:161 key = set_drm_stream_mix_capability value = 1
06-25 14:28:35.497 2641 2917 D UNIPLAYERSDK: WhiteListManager.cpp:161 key = set_fixed_size_off value = false
06-25 14:28:35.498 2641 2917 D UNIPLAYERSDK: WhiteListManager.cpp:161 key = show_player_lab_item value = true
06-25 14:28:35.498 2641 2917 D UNIPLAYERSDK: WhiteListManager.cpp:161 key = smallWindow value = 2
06-25 14:28:35.498 2641 2917 D UNIPLAYERSDK: WhiteListManager.cpp:161 key = small_window_supported_clouds value = 2
06-25 14:28:35.498 2641 2917 D UNIPLAYERSDK: WhiteListManager.cpp:161 key = small_window_supported_clouds_list value = 2
06-25 14:28:35.498 2641 2917 D UNIPLAYERSDK: WhiteListManager.cpp:161 key = small_window_supported_detail value = 2
06-25 14:28:35.498 2641 2917 D UNIPLAYERSDK: WhiteListManager.cpp:161 key = small_window_supported_detail_float value = 2
06-25 14:28:35.498 2641 2917 D UNIPLAYERSDK: WhiteListManager.cpp:161 key = start_player_from_debug_page value = false
06-25 14:28:35.498 2641 2917 D UNIPLAYERSDK: WhiteListManager.cpp:161 key = stucker_config.allow_forbid_timeout value = true
06-25 14:28:35.498 2641 2917 D UNIPLAYERSDK: WhiteListManager.cpp:161 key = stucker_config.allowed_stuck value = 0
06-25 14:28:35.498 2641 2917 D UNIPLAYERSDK: WhiteListManager.cpp:161 key = stucker_config.force_forbid_timeout value = false
06-25 14:28:35.498 2641 2917 D UNIPLAYERSDK: WhiteListManager.cpp:161 key = stucker_config.limit_maxintervalts_index value = 10
06-25 14:28:35.498 2641 2917 D UNIPLAYERSDK: WhiteListManager.cpp:161 key = stucker_config.limit_maxintervalts_ms value = 20000
06-25 14:28:35.498 2641 2917 D UNIPLAYERSDK: WhiteListManager.cpp:161 key = stucker_config.limit_maxstucktimes value = 100
06-25 14:28:35.498 2641 2917 D UNIPLAYERSDK: WhiteListManager.cpp:161 key = stucker_config.limit_minintervalts_index value = 2
06-25 14:28:35.498 2641 2917 D UNIPLAYERSDK: WhiteListManager.cpp:161 key = stucker_config.limit_minstucktimes value = 30
06-25 14:28:35.498 2641 2917 D UNIPLAYERSDK: WhiteListManager.cpp:161 key = stucker_config.verify_auto value = true
06-25 14:28:35.499 2641 2917 D UNIPLAYERSDK: WhiteListManager.cpp:161 key = subtitle_capability value = 0
06-25 14:28:35.499 2641 2917 D UNIPLAYERSDK: WhiteListManager.cpp:161 key = support_ad_high_definition value = true
06-25 14:28:35.499 2641 2931 I UFUnilog: UFNCurlClientImpl.cpp : 1199 {fuc=UFNCurlClientImpl:PerformEnd(),logtag=itv_imgDocs_24,ufn_curl_client_code=0,http_code=200,code_msg=UFN Curl Client Success!}
06-25 14:28:35.499 2641 2931 I UFUnilog: UFNCurlClientImpl.cpp : 1282 {fuc=UFNCurlClientImpl:PerformEnd(),logtag=itv_imgDocs_24,ssl_version=BoringSSL,ssl_verify_result=0,certinfo_count=3}
06-25 14:28:35.499 2641 2931 I UFUnilog: UFNCurlClientImpl.cpp : 1322 {fuc=UFNCurlClientImpl:PerformEnd(),logtag=itv_imgDocs_24,local_ip=192.168.3.161,server_ip=116.211.198.157,protocol_version=4,name_lookup_time=0ms,connect_time_out=128ms,ssl_connect_time=807ms,pre_transfer_time=808ms,start_transfer_time=888ms,redirect_time=0ms,response_time=889ms,curlclienttime=929ms,redirect_count=0,client_type=1,port=443}
06-25 14:28:35.499 2641 2931 I UFUnilog: UFNCurlClientImpl.cpp : 1325 {fuc=UFNCurlClientImpl:PerformEnd(),logtag=itv_imgDocs_24,content_type=application/json; charset=utf-8,recv_header_size=243,response_size=2117}
06-25 14:28:35.499 2641 2931 I UFUnilog: UFNCurlClientImpl.cpp : 1344 {fuc=UFNCurlClientImpl:PerformEnd(),logtag=itv_imgDocs_24,verbose=Connecting to hostname: 116.211.198.157; Trying 116.211.198.157:443...;Connected to 116.211.198.157 (116.211.198.157) port 443 (#5);ALPN, offering h2;ALPN, offering http/1.1;successfully set certificate verify locations:; CAfile: /data/user/0/com.tv.kuaisou/files/cacert_b.pem; CApath: none;TLSv1.2 (OUT), TLS handshake, Client hello (1):;TLSv1.2 (IN), TLS handshake, Server hello (2):;TLSv1.3 (OUT), TLS change cipher, Change cipher spec (1):;TLSv1.3 (IN), TLS handshake, Encrypted Extensions (8):;TLSv1.3 (IN), TLS handshake, Certificate (11):;TLSv1.3 (IN), TLS handshake, CERT verify (15):;TLSv1.3 (IN), TLS handshake, Finished (20):;TLSv1.3 (OUT), TLS handshake, Finished (20):;SSL connection using TLSv1.3 / TLS_AES_256_GCM_SHA384;ALPN, server accepted to use h2;Server certificate:; subject: C=CN; ST=\U5317\U4EAC; L=\U5317\U4EAC; O=\U94F6\U6CB3\U4E92\U8054\U7F51\U7535\U89C6\U6709\U9650\U516C\U53F8; CN=*.ptqy.gitv.tv; s
06-25 14:28:35.499 2641 2931 I UFUnilog: UFNCurlClientImpl.cpp : 1352 {fuc=UFNCurlClientImpl:PerformEnd(),logtag=itv_imgDocs_24,recv_data={"imgDocs":[{"dailyTagsId2":"24318422412,204913812,213417812,204913612,213560012,204913412","extends":{}},{"extends":{},"watchlater_detail_login_maintitle":"登录后完成添加"},{"extends":{},"loginbg_p":""},{"extends":{},"pointAwardChannel":"XBEe6rMmBtCPtk1Z_0qIE5yxBU7MZrlSl_rrVClW5Y8mjZPjs5_ujt76o5n5ENvFTCW"},{"VIP_logoutpic":"http://stv.ptqy.gitv.tv/stv/20201222/26810517/0/feivip.png","extends":{}},{"extends":{},"watchlater_detail_login_subtitle":"登录还可免费看1080P高清内容哦~"},{"extends":{},"login_t":"扫码登录"},{"extends":{},"fullversionMark":"http://stv.ptqy.gitv.tv/stv/20221215/27851586/0/27249d57348c00c6edd028bf6fb6546e.png"},{"extends":{},"nonVIP_logoutpic":"http://stv.ptqy.gitv.tv/stv/20230516/28070317/0/1111_28919f21d94df90402670afad18c18f0.png"},{"extends":{},"subwx_detail_follow_maintitle":"关注公众号后完成添加"},{"extends":{},"loginsub_t":"畅享高清1080P内容!"},
06-25 14:28:35.499 2641 2931 V UFUnilog: UFNMultiCurlClientImpl.cpp : 102 {fuc=UFNMultiCurlClientImpl:Perform(),logtag=itv_imgDocs_24,interface_msg=Out}
06-25 14:28:35.500 2641 2931 V UFUnilog: api_engine.cpp : 181 {fuc=APIEngine:Call(),logtag=itv_imgDocs_24,interface_msg=Start Try!,try_count=1}
06-25 14:28:35.500 2641 2931 D UFUnilog: api_strategy_impl.cpp : 890 {fuc=APIStrategyImpl:PickConfig(),logtag=itv_imgDocs_24,strategyname=httpdns-strategy,interface_msg=pick prior custom dns strategy}
06-25 14:28:35.500 2641 2931 I UFUnilog: api_engine.cpp : 381 {fuc=APIEngine:Call(),logtag=itv_imgDocs_24,try_count=1,curl_detail_code=0,curl_detail_time=929ms,curl_handle_detail_time=889ms,server_ip_detail=116.211.198.157,dns_detail_type=1,http_detail_code=200,ip_detail_net_type=2,total_time=1154ms,apicode=0}
06-25 14:28:35.502 2641 2875 V UFUnilog: api_engine.cpp : 181 {fuc=APIEngine:Call(),logtag=pingback_itv_imgDocs_24_31,interface_msg=Start Try!,try_count=0}
06-25 14:28:35.502 2641 2875 D UFUnilog: api_strategy_impl.cpp : 155 {fuc=APIStrategyImpl:JudgeStrategyOpporunity(),logtag=pingback_itv_imgDocs_24_31,strategyname=antihijackhttps-strategy,interface_msg=Ignore Domain List,domain=msg.ptqy.gitv.tv}
06-25 14:28:35.502 2641 2875 V UFUnilog: api_strategy_impl.cpp : 378 {fuc=APIStrategyImpl:CreateStrategyResult(),logtag=pingback_itv_imgDocs_24_31,strategyname=antihijackhttps-strategy,current_try_count=0,interface_msg=try to get ip list from dns_type = 1}
06-25 14:28:35.502 2641 2875 D UFUnilog: api_httpdns_query.cpp : 90 {fuc=APIHttpDnsQuery:GetIpListByDomainName(),interface_msg=try to get ip list by domain name msg.ptqy.gitv.tv}
06-25 14:28:35.502 2641 2875 D UFUnilog: api_httpdns_query.cpp : 113 {fuc=APIHttpDnsQuery:GetIpListByDomainName(),interface_msg=Get ip list success!,domain=msg.ptqy.gitv.tv}
06-25 14:28:35.502 2641 2875 V UFUnilog: api_strategy_impl.cpp : 485 {fuc=APIStrategyImpl:CreateStrategyResult(),logtag=pingback_itv_imgDocs_24_31,strategyname=antihijackhttps-strategy,interface_msg=complete build strategy result,suggest_url_params=,suggest_protocol=}
06-25 14:28:35.502 2641 2875 V UFUnilog: UFNMultiCurlClientImpl.cpp : 24 {fuc=UFNMultiCurlClientImpl:Perform(),logtag=pingback_itv_imgDocs_24_31,interface_msg=In}
06-25 14:28:35.503 2641 2875 V UFUnilog: UFNCurlClientHandleSocketPool.cpp : 46 {fuc=UFNMultiCurlClientHandleSocket:AddEasyHandle(),logtag=pingback_itv_imgDocs_24_31,interface_msg=add easyCurl to MultiCurl!}
06-25 14:28:35.505 2641 2943 D TVUNIPLAYER: SDK/ErrorCodeWrapper : saveDataToLocal cost: 214
06-25 14:28:35.505 2641 2834 I AdCacheUtils: [TID 2834] checkExist: return false, fileName=/storage/emulated/0/qcache/data/hd_cache/.nomedia
06-25 14:28:35.505 2641 2914 D UNIUTIL : System.cpp:466 saveString _host_v_min : 1.1107.2.04417
06-25 14:28:35.506 477 525 W IorapForwardingService: No service published for: iorapd
06-25 14:28:35.509 2641 2892 V UFUnilog: UFNCurlClientHandleSocket.cpp : 128 {fuc=UFNMultiCurlClientImpl:HandleSocket(),logtag=op_anyget_25,interface_msg=MultiCurlImpl get ok!}
06-25 14:28:35.509 2641 2840 V UFUnilog: api_group_impl.cpp : 422 {fuc=APIGroupImpl:call(),name=macinfo_pb,params=0xc1aaac44,callback=0xb9cccf80}
06-25 14:28:35.517 2641 2932 I UFUnilog: UFNCurlClientImpl.cpp : 1199 {fuc=UFNCurlClientImpl:PerformEnd(),logtag=op_anyget_25,ufn_curl_client_code=0,http_code=200,code_msg=UFN Curl Client Success!}
06-25 14:28:35.517 2641 2932 I UFUnilog: UFNCurlClientImpl.cpp : 1322 {fuc=UFNCurlClientImpl:PerformEnd(),logtag=op_anyget_25,local_ip=192.168.3.161,server_ip=59.36.206.128,protocol_version=4,name_lookup_time=0ms,connect_time_out=97ms,ssl_connect_time=0ms,pre_transfer_time=99ms,start_transfer_time=252ms,redirect_time=0ms,response_time=252ms,curlclienttime=458ms,redirect_count=0,client_type=1,port=80}
06-25 14:28:35.517 2641 2932 I UFUnilog: UFNCurlClientImpl.cpp : 1325 {fuc=UFNCurlClientImpl:PerformEnd(),logtag=op_anyget_25,content_type=application/zip,recv_header_size=611,response_size=4572}
06-25 14:28:35.518 2641 2932 I UFUnilog: UFNCurlClientImpl.cpp : 1344 {fuc=UFNCurlClientImpl:PerformEnd(),logtag=op_anyget_25,verbose=Connecting to hostname: 59.36.206.128;Hostname 59.36.206.128 was found in DNS cache; Trying 59.36.206.128:80...;Connected to 59.36.206.128 (59.36.206.128) port 80 (#5);Mark bundle as not supporting multiuse;Connection cache is full, closing the oldest one.;Closing connection 0;TLSv1.3 (OUT), TLS alert, close notify (256):;Connection #5 to host 59.36.206.128 left intact;}
06-25 14:28:35.518 2641 2932 I UFUnilog: UFNCurlClientImpl.cpp : 1352 {fuc=UFNCurlClientImpl:PerformEnd(),logtag=op_anyget_25,recv_data=PK
06-25 14:28:35.518 2641 2932 I UFUnilog: }
06-25 14:28:35.518 2641 2932 V UFUnilog: UFNMultiCurlClientImpl.cpp : 102 {fuc=UFNMultiCurlClientImpl:Perform(),logtag=op_anyget_25,interface_msg=Out}
06-25 14:28:35.518 2641 2932 V UFUnilog: api_engine.cpp : 181 {fuc=APIEngine:Call(),logtag=op_anyget_25,interface_msg=Start Try!,try_count=1}
06-25 14:28:35.518 2641 2932 D UFUnilog: api_strategy_impl.cpp : 890 {fuc=APIStrategyImpl:PickConfig(),logtag=op_anyget_25,strategyname=httpdns-strategy,interface_msg=pick prior custom dns strategy}
06-25 14:28:35.518 2641 2932 D UFUnilog: api_strategy_impl.cpp : 155 {fuc=APIStrategyImpl:JudgeStrategyOpporunity(),logtag=op_anyget_25,strategyname=httpdns-strategy,interface_msg=Ignore Domain List,domain=stv.ptqy.gitv.tv}
06-25 14:28:35.518 2641 2932 I UFUnilog: api_engine.cpp : 381 {fuc=APIEngine:Call(),logtag=op_anyget_25,try_count=1,curl_detail_code=0,curl_detail_time=458ms,curl_handle_detail_time=252ms,server_ip_detail=59.36.206.128,dns_detail_type=1,http_detail_code=200,ip_detail_net_type=0,total_time=1132ms,apicode=0}
06-25 14:28:35.519 2641 2932 W UNIPLAYERSDK: ApiUtil.cpp:245 ApiUtil::parse error! logtag = op_anyget_25, isSuccess=0, value.isObject()=0
06-25 14:28:35.519 2641 2932 W UNIPLAYERSDK: Result.cpp:32 DataModel::ParseResponse logtag = op_anyget_25, code = -100, unepected response = PK
06-25 14:28:35.519 2641 2932 D CommonDataCallback-JNI: onDone!
06-25 14:28:35.519 2641 2932 D CommonDataCallback-JNI: onDone into!
06-25 14:28:35.519 2641 2932 E JNIHelper: getJNIEnv: Failed to obtain JNIEnv
06-25 14:28:35.520 2641 2873 V UFUnilog: api_engine.cpp : 181 {fuc=APIEngine:Call(),logtag=pingback_op_anyget_25_32,interface_msg=Start Try!,try_count=0}
06-25 14:28:35.520 2641 2873 D UFUnilog: api_strategy_impl.cpp : 155 {fuc=APIStrategyImpl:JudgeStrategyOpporunity(),logtag=pingback_op_anyget_25_32,strategyname=antihijackhttps-strategy,interface_msg=Ignore Domain List,domain=msg.ptqy.gitv.tv}
06-25 14:28:35.520 2641 2873 V UFUnilog: api_strategy_impl.cpp : 378 {fuc=APIStrategyImpl:CreateStrategyResult(),logtag=pingback_op_anyget_25_32,strategyname=antihijackhttps-strategy,current_try_count=0,interface_msg=try to get ip list from dns_type = 1}
06-25 14:28:35.520 2641 2873 D UFUnilog: api_httpdns_query.cpp : 90 {fuc=APIHttpDnsQuery:GetIpListByDomainName(),interface_msg=try to get ip list by domain name msg.ptqy.gitv.tv}
06-25 14:28:35.520 2641 2873 D UFUnilog: api_httpdns_query.cpp : 113 {fuc=APIHttpDnsQuery:GetIpListByDomainName(),interface_msg=Get ip list success!,domain=msg.ptqy.gitv.tv}
06-25 14:28:35.520 2641 2873 V UFUnilog: api_strategy_impl.cpp : 485 {fuc=APIStrategyImpl:CreateStrategyResult(),logtag=pingback_op_anyget_25_32,strategyname=antihijackhttps-strategy,interface_msg=complete build strategy result,suggest_url_params=,suggest_protocol=}
06-25 14:28:35.520 2641 2873 V UFUnilog: UFNMultiCurlClientImpl.cpp : 24 {fuc=UFNMultiCurlClientImpl:Perform(),logtag=pingback_op_anyget_25_32,interface_msg=In}
06-25 14:28:35.520 2900 2954 I HicomNfTimerManager: epoll fd:125 create success
06-25 14:28:35.520 2900 2954 I HicomNfTimerManager: epoll add fd:127--->125 success
06-25 14:28:35.520 2900 2954 I HicomNfTimerManager: time fd:127 add to epoll success
06-25 14:28:35.521 2641 2931 D UNIPLAYERSDK: ApiUtil.cpp:22 ToString(Json) not string type! value.type()=0
06-25 14:28:35.521 2641 2931 D UNIPLAYERSDK: ApiUtil.cpp:22 ToString(Json) not string type! value.type()=0
06-25 14:28:35.521 2641 2873 V UFUnilog: UFNCurlClientHandleSocketPool.cpp : 46 {fuc=UFNMultiCurlClientHandleSocket:AddEasyHandle(),logtag=pingback_op_anyget_25_32,interface_msg=add easyCurl to MultiCurl!}
06-25 14:28:35.522 2641 2931 D CommonDataCallback-JNI: onDone!
06-25 14:28:35.522 2641 2931 D CommonDataCallback-JNI: onDone into!
06-25 14:28:35.522 2641 2931 E JNIHelper: getJNIEnv: Failed to obtain JNIEnv
06-25 14:28:35.533 2900 2900 D NearFieldUtils: to get wlan0 ip address
06-25 14:28:35.533 2900 2900 D NearFieldUtils: get wlan0 IP succeed.
06-25 14:28:35.533 2900 2900 I NearFieldManagerImpl: wlan Connected
06-25 14:28:35.546 756 765 I rkstack.proces: Background young concurrent copying GC freed 93883(2818KB) AllocSpace objects, 0(0B) LOS objects, 35% free, 3958KB/6128KB, paused 8.042ms total 253.132ms
06-25 14:28:35.547 2900 2900 I HicomNf_java_to_c: notifyNetworkStateChanged with maskStr, networkType: 0, networkState: 0, mask:
06-25 14:28:35.548 2900 2900 I HicomNfMainCtrlManager: NotifyNetworkStateChanged is called with networkState: 0
06-25 14:28:35.548 2900 2900 I HicomNfMainCtrlManager: P2P and USB are both disconnected
06-25 14:28:35.548 2900 2900 I HicomNfSecureManager: stop listening
06-25 14:28:35.548 2900 2900 I HicomNfSecureManager: StopListening, m_sessionInfoLock out, before calling NSTACKX_DMsgClose 2
06-25 14:28:35.548 2900 2900 I HicomNfSecureManager: StopListening, after calling NSTACKX_DMsgClose 2
06-25 14:28:35.548 2641 2889 V UFUnilog: UFNCurlClientHandleSocket.cpp : 128 {fuc=UFNMultiCurlClientImpl:HandleSocket(),logtag=pingback_itv_imgDocs_24_31,interface_msg=MultiCurlImpl get ok!}
06-25 14:28:35.548 2641 2875 V UFUnilog: UFNMultiCurlClientImpl.cpp : 102 {fuc=UFNMultiCurlClientImpl:Perform(),logtag=pingback_itv_imgDocs_24_31,interface_msg=Out}
06-25 14:28:35.548 2641 2875 V UFUnilog: api_engine.cpp : 181 {fuc=APIEngine:Call(),logtag=pingback_itv_imgDocs_24_31,interface_msg=Start Try!,try_count=1}
06-25 14:28:35.548 2641 2875 D UFUnilog: api_strategy_impl.cpp : 155 {fuc=APIStrategyImpl:JudgeStrategyOpporunity(),logtag=pingback_itv_imgDocs_24_31,strategyname=antihijackhttps-strategy,interface_msg=Ignore Domain List,domain=msg.ptqy.gitv.tv}
06-25 14:28:35.549 2641 2875 D UFUnilog: api_pingback_sender.cpp : 33 {fuc=ApiPingbackSender:SendSync(),logtag=pingback_itv_imgDocs_24,interface_msg=send success!}
06-25 14:28:35.549 2641 2875 V UFUnilog: api_pingback_sender.cpp : 46 {fuc=ApiPingbackSender:SendSync(),logtag=pingback_itv_imgDocs_24,api_pingback_data=msg=[{"t":"11","pf":"3","p":"31","p1":"312","p2":"3128","hostv":"","mac":"20-02-FE-19-C2-0E","u":"tv_9ebeab0821cc109c90e4626ac3a506cd","deviceid":"tv_9ebeab0821cc109c90e4626ac3a506cd_1750906610804_8810912147","nu":"","v":"2.1107.1.220408","device_type":"20180903095708913MvpgVmPh11974","pu":"","firmver":"SP1A.211105.004","hwver":"DBBOX-A2","hu":"","window_disable":"","chip":"","mod":"cn_s","memory":"1960M","processid":"","re":"1920x1080","os":"31","core":"4","daynight":"","rammode":"","entermode":"","channel":"","network":"","cbv":"2.1107","aver":"v4.1_1767_8b99c7b4","fver":"v4.0.1_656_63af7fd3","rn":"676477094","ct":"170620_network_request","nin":"itv_imgDocs","ngctc":"1","ngtpn":"uniapi","n}
06-25 14:28:35.549 2641 2875 V UFUnilog: api_pingback_sender.cpp : 46 {fuc=ApiPingbackSender:SendSync(),logtag=pingback_itv_imgDocs_24,api_pingback_data=gtpit":"60000","ngmrc":"5","ngct":"10000","ngtt":"15000","ngi":"true","nrqt":"get","nhc":"200","nanc":"0","nmsg":"UFN%20Curl%20Client%20Success%21","nhdr":"Authorization%3A1012441ef13ff000_Mi4xMTA3LjEuMjIwNDA4%20B63BDF64FF37D1495B559AD9148403259FBA6B0F760F83FB851E3904A7B2305440FF315625DDC79BDBAB3C0B1379815E%7CContent-Type%3Aapplication%2Fjson%3B%20charset%3Dutf-8%7CRequest-Id%3AMTc1MDgzMjkxNDM0NTIwOjAyOmZlOjE5OmMyOjBlMzUwMDA3NjIwMTVjMzQxZjk5ZTU4NmQ4ODY3MmJjZWM3YmY5ZGViNzJh%7Cqyid%3Atv_9ebeab0821cc109c90e4626ac3a506cd_1750906610804_8810912147%7C","naurl":"https%3A%2F%2Fsdk.ptqy.gitv.tv%2Fapi%2FimgDocs","neurl":"https%3A%2F%2Fsdk.ptqy.gitv.tv%2Fapi%2FimgDocs","ntc":"1","nipd":"116.211.198.157"}
06-25 14:28:35.549 2641 2875 V UFUnilog: api_pingback_sender.cpp : 46 {fuc=ApiPingbackSender:SendSync(),logtag=pingback_itv_imgDocs_24,api_pingback_data=,"nipl":"192.168.3.161","ncncn":"1","ncnct":"128","nnt":"0","npt":"808","nstt":"888","nttt":"889","nrdt":"0","nrdc":"0","ncntt":"application%2Fjson%3B%20charset%3Dutf-8","nhsz":"243","nrsz":"2117","nscc":"3","nsvr":"0","nsv":"BoringSSL","ncc":"0","ntt":"1154","naft":"215","ncft":"929","nuid":"24","ndt":"1","nsn":"httpdns-strategy","ndtd":"1","natd":"215","nctd":"929","nsct":"807","naippd":"NULL%3A0","naipp":"NULL%3A0","namsgd":"","namsg":"","nasil":"","nart":"1750925705627","nrd":"sdk.ptqy.gitv.tv","ntp":"https","nri":"","nru":"","nrhc":"","nhcd":"200","nev":"","nipv":"4","nrw":"1","nrh":"","nct":"1","nfoc":"20000","ime":"0","nint":"2","nintd":"2","nba":"1","npa":"1","nsu":"1","nfrdt":"1","n}
06-25 14:28:35.549 2641 2875 V UFUnilog: api_pingback_sender.cpp : 50 {fuc=ApiPingbackSender:SendSync(),logtag=pingback_itv_imgDocs_24,api_pingback_data=pd":"443","npr":"-1"}]}
06-25 14:28:35.553 2900 2954 D nStackXDFinder: NSTACKX_Init:[146] :nstack ctrl creat epollfd 129
06-25 14:28:35.554 2900 2954 I nStackXDFinder: InitDefaultInterfaceName:[779] :InitDefaultInterfaceName exec
06-25 14:28:35.554 2900 2954 D nStackXCoAP: CoapServerInit:[174] :CoapServerInit is called
06-25 14:28:35.554 2900 2954 E nStackXDFinder: GetLocalIp:[401] :GetLocalIp exec
06-25 14:28:35.554 2900 2954 E nStackXDFinder: GetLocalIp:[407] :GetLocalIp, ifInfo is null
06-25 14:28:35.554 2900 2954 I HicomNfMainCtrlManager: NSTACKX_RegisterDevice is called
06-25 14:28:35.554 2900 2954 D NearFieldManagerImpl: Register device success.
06-25 14:28:35.554 2900 2954 I NearFieldManagerImpl: serviceName is castPlus
06-25 14:28:35.554 2900 2954 D NearFieldManagerImpl: registerCapability() called with: capabilityBitmapNum = 1, capabilityBitmap = [8]
06-25 14:28:35.554 2900 2954 I HicomNf_java_to_c: registerCapability, capabilityBitmapNum: 1
06-25 14:28:35.554 2900 2954 I HicomNfMainCtrlManager: RegisterCapability: 1, 8
06-25 14:28:35.554 2900 2954 D NearFieldManagerImpl: Register capability succeed with capabilityBitmapNum = 1, capabilityBitmap = [8]
06-25 14:28:35.554 2900 2954 D NearFieldManagerImpl: registerServiceData() called with: serviceData = 32
06-25 14:28:35.555 2900 2954 D NearFieldManagerImpl: registerModule() called with: packageModuleName = com.huawei.connection+CastPlusDiscoveryModule
06-25 14:28:35.555 2900 2954 I HicomNf_java_to_c: registerModule, moduleName: com.huawei.connection+CastPlusDiscoveryModule
06-25 14:28:35.555 2900 2954 I HicomNfMainCtrlManager: Enter RegisterModule
06-25 14:28:35.555 2900 2954 I HicomNfRegManager: RegisterModule OK, add module name com.huawei.connection+CastPlusDiscoveryModule
06-25 14:28:35.556 2401 2899 I Hisight-DeviceListManager: init DeviceListManager.
06-25 14:28:35.568 2401 2899 D Hisight-DeviceListManager: get old secret key
06-25 14:28:35.570 2900 2900 I HicomNf_java_to_c: notifyNetworkStateChanged with maskStr, networkType: 0, networkState: 1, mask: 255.255.254.0
06-25 14:28:35.570 2900 2900 I HicomNfMainCtrlManager: NotifyNetworkStateChanged is called with networkState: 1
06-25 14:28:35.570 2900 2900 I HicomNfSecureManager: StartListening, before calling NSTACKX_DMsgServer
06-25 14:28:35.570 2900 2900 I nStackXDMsg: NSTACKX_DMsgServer:[1335] :msgReceiver is not NULL
06-25 14:28:35.570 2900 2900 D nStackXDMsg: StartDMsgMainThread:[1274] :pthread_create
06-25 14:28:35.570 2900 2900 I HicomNfSecureManager: StartListening, after calling NSTACKX_DMsgServer
06-25 14:28:35.570 2900 2900 I HicomNfSecureManager: OnehopSecureCtrlManager: succeeded to StartListening with type 0
06-25 14:28:35.571 2900 2991 I efs.config: --->>> 删除旧的配置文件 false
06-25 14:28:35.576 2900 2900 I efs-base: type=1400 audit(0.0:1795): avc: denied { create } for name="2900" scontext=u:r:platform_app:s0:c512,c768 tcontext=u:object_r:app_data_file:s0:c512,c768 tclass=dir permissive=1 app=com.dangbei.screencast
06-25 14:28:35.572 2900 3038 W efs.info.manager: network change: wifi
06-25 14:28:35.573 2641 2917 D UNIPLAYERSDK: WhiteListManager.cpp:161 key = support_ad_max_view value = true
06-25 14:28:35.573 2641 2917 D UNIPLAYERSDK: WhiteListManager.cpp:198 WhiteListManager::updateConfig(), setSupportAdMaxView:true
06-25 14:28:35.573 2641 2917 I UNIPLAYERSDK: Advertisement.cpp:789 Advertisement::setCupidStatus(support_max_view, true)
06-25 14:28:35.574 2900 3037 I efs.base: lt=event`ev_ct=efs_core`ev_ac=pvuv`tm=2025-06-25 14:28:49`dn=884562d0-54da-4cce-9d74-00e5c75509d9`ps=com.huawei.connection`um_os=android`stime=1750832914734`pid=2900`fr=android`pkg=com.dangbei.screencast`vcode=20830`dsp_w=1920`uid=884562d0-54da-4cce-9d74-00e5c75509d9`rom=12`wid=884562d0-54da-4cce-9d74-00e5c75509d9`um_app_carrier=`um_access=wifi`um_app_channel=os`um_crash_sdk_version=1.4.0`ctime=1750832915`model=dbbox-a2`lang=zh`net=wifi`brand=dangbei`dsp_h=1080`um_network_type=0`ver=v2.8.3`build_model=DBBOX-A2`w_tm=1750832915`appid=5fc60c21094d637f3130af19`um_umid_header=ai1cc720f47734fc58e671cdbea6807313`sdk=31`tzone=Asia/Shanghai`sdk_ver=1.3.6.umeng
06-25 14:28:35.578 2900 3034 I nStackXDFinder: UpdateLocalNetworkInterface:[472] :UpdateLocalNetworkInterface exec,initerfaceName:wlan0
06-25 14:28:35.578 2900 3034 E nStackXDFinder: GetLocalIp:[401] :GetLocalIp exec
06-25 14:28:35.578 2900 3034 E nStackXDFinder: GetLocalIp:[407] :GetLocalIp, ifInfo is null
06-25 14:28:35.578 2900 3034 I nStackXDFinder: UpdateLocalNetworkInterface:[498] :UpdateLocalNetworkInterface copy ip value in default process
06-25 14:28:35.578 2900 3034 E nStackXDFinder: GetLocalIp:[401] :GetLocalIp exec
06-25 14:28:35.578 2900 3034 D nStackXCoAP: CoapServerInit:[174] :CoapServerInit is called
06-25 14:28:35.578 2900 3034 E nStackXDFinder: GetLocalIp:[401] :GetLocalIp exec
06-25 14:28:35.578 2900 3034 I nStackXUtil: BindToDevice:[352] :BindToDevice exec
06-25 14:28:35.578 2900 3034 I nStackXUtil: GetInterfaceByPriority:[279] :GetInterfaceByPriority exec
06-25 14:28:35.578 2900 3034 I nStackXUtil: GetInterfaceByDefault:[309] :GetInterfaceByDefault exec
06-25 14:28:35.578 2900 3034 I nStackXUtil: GetInterfaceByDefault:[316] :GetInterfaceByDefault, ndevice name: lo
06-25 14:28:35.578 2900 3034 I nStackXUtil: GetInterfaceByDefault:[316] :GetInterfaceByDefault, ndevice name: wlan0
06-25 14:28:35.579 2900 3034 I nStackXUtil: BindToDevice:[374] :BindToDevice, Bind localAddr name: wlan0
06-25 14:28:35.579 2900 3034 E nStackXUtil: BindToDeviceInner:[188] :setsockopt fail, errno = 1
06-25 14:28:35.579 2900 3034 E nStackXCoAP: CoapGetContext:[250] :bind to device fail
06-25 14:28:35.579 2900 3034 D nStackXCoAP: CoapInitResources:[744] :CoapInitResources g_wlanOrEthContext update
06-25 14:28:35.579 2900 3034 I nStackXDFinder: RegisterServiceData:[728] :RegisterServiceData, serviceData=[32]
06-25 14:28:35.580 2900 2991 I efs.config: current config version (-1) is older than another (1735614866)
06-25 14:28:35.580 2900 2991 I efs.config: load config from storage and notify observer
06-25 14:28:35.595 2401 2899 E Hisight-ConnectAuthCallBack: readSecureFile failed, no such file
06-25 14:28:35.595 2401 2899 W Hisight-DeviceListManager: deviceRecords is empty
06-25 14:28:35.595 2401 2899 W Hisight-DeviceListManager: occur error, clear all the list
06-25 14:28:35.595 2401 2899 D Hisight-HiChainAuthControl: start HiChainAuthControl
06-25 14:28:35.598 2641 2917 I CLog : 2025-06-25 14:28:35.586 T:2917 DEBUG: [CUPID]SetSdkStatusC(): status:{"support_max_view":"true"}
06-25 14:28:35.598 2641 2917 I CLog :
06-25 14:28:35.598 2641 2917 I CLog : 2025-06-25 14:28:35.598 T:2917 DEBUG: [CUPID]SetProxyServer(): proxy file path: /storage/emulated/0/qcache/adcache/proxy.conf
06-25 14:28:35.599 2641 2840 D UFUnilog: api_group_impl.cpp : 1033 {fuc=APIGroupImpl:BuildRequest(),logtag=macinfo_pb_30,request_type=1,client_type=1}
06-25 14:28:35.600 2641 2917 I CLog : 2025-06-25 14:28:35.600 T:2917 DEBUG: [CUPID]SetProxyServer(): proxy server:
06-25 14:28:35.600 2641 2840 D UFUnilog: UFPThread.cpp : 42 {fuc=Thread:Thread(),constructor=macInfo_pingback-1}
06-25 14:28:35.600 2641 2917 D UNIPLAYERSDK: WhiteListManager.cpp:161 key = support_buffer_monitor value = true
06-25 14:28:35.600 2641 2917 D UNIPLAYERSDK: WhiteListManager.cpp:161 key = support_multi_audio_track value = 3
06-25 14:28:35.600 2641 2917 D UNIPLAYERSDK: WhiteListManager.cpp:161 key = support_parts_behind value = true
06-25 14:28:35.600 2641 2917 D UNIPLAYERSDK: WhiteListManager.cpp:161 key = support_pause_spotlight value = true
06-25 14:28:35.600 2641 2917 D UNIPLAYERSDK: WhiteListManager.cpp:213 WhiteListManager::updateConfig(), setSupportPauseSpotlight:true
06-25 14:28:35.602 2641 2917 I UNIPLAYERSDK: Advertisement.cpp:789 Advertisement::setCupidStatus(support_pause_spotlight, 1)
06-25 14:28:35.603 2641 2917 I CLog : 2025-06-25 14:28:35.603 T:2917 DEBUG: [CUPID]SetSdkStatusC(): status:{"support_pause_spotlight":"1"}
06-25 14:28:35.603 2641 2917 I CLog :
06-25 14:28:35.603 2641 2917 I CLog : 2025-06-25 14:28:35.603 T:2917 DEBUG: [CUPID]SetProxyServer(): proxy file path: /storage/emulated/0/qcache/adcache/proxy.conf
06-25 14:28:35.603 2641 2834 D DataFetch-JNI: releaseFetchTaskRef
06-25 14:28:35.604 2641 2834 D DataFetch-JNI: releaseFetchTaskRef
06-25 14:28:35.604 2641 2834 D DataFetch-JNI: releaseFetchTaskRef
06-25 14:28:35.604 2641 2834 D DataFetch-JNI: releaseFetchTaskRef
06-25 14:28:35.604 2641 2834 D DataFetch-JNI: releaseFetchTaskRef
06-25 14:28:35.604 2641 2834 D DataFetch-JNI: releaseFetchTaskRef
06-25 14:28:35.604 2641 2834 D CommonDataCallback-JNI: ~CommonDataCallback()
06-25 14:28:35.604 2641 2932 D CommonDataCallback-JNI: onDone JNIEnv!
06-25 14:28:35.604 2641 2932 E NetWorkData-JNI: gala_player_NetWorkData: apicode
06-25 14:28:35.604 2641 2932 E NetWorkData-JNI: gala_player_NetWorkData: httpCode
06-25 14:28:35.607 2641 2917 I CLog : 2025-06-25 14:28:35.607 T:2917 DEBUG: [CUPID]SetProxyServer(): proxy server:
06-25 14:28:35.608 2641 2917 D UNIPLAYERSDK: WhiteListManager.cpp:161 key = support_start_restart value = false
06-25 14:28:35.608 2641 2917 D UNIPLAYERSDK: WhiteListManager.cpp:161 key = support_stuck_monitor value = true
06-25 14:28:35.608 2641 2917 D UNIPLAYERSDK: WhiteListManager.cpp:161 key = support_webview_overlay value = true
06-25 14:28:35.608 2641 2917 D UNIPLAYERSDK: WhiteListManager.cpp:205 WhiteListManager::updateConfig(), setSupportWebviewOverlay:true
06-25 14:28:35.608 2641 2931 D CommonDataCallback-JNI: onDone JNIEnv!
06-25 14:28:35.608 2641 2917 I UNIPLAYERSDK: Advertisement.cpp:789 Advertisement::setCupidStatus(support_webview_overlay, 1)
06-25 14:28:35.608 2641 2931 E NetWorkData-JNI: gala_player_NetWorkData: apicode
06-25 14:28:35.608 2641 2931 E NetWorkData-JNI: gala_player_NetWorkData: httpCode
06-25 14:28:35.608 2641 2917 I CLog : 2025-06-25 14:28:35.608 T:2917 DEBUG: [CUPID]SetSdkStatusC(): status:{"support_webview_overlay":"1"}
06-25 14:28:35.608 2641 2917 I CLog :
06-25 14:28:35.608 2641 2917 I CLog : 2025-06-25 14:28:35.608 T:2917 DEBUG: [CUPID]SetProxyServer(): proxy file path: /storage/emulated/0/qcache/adcache/proxy.conf
06-25 14:28:35.611 2641 2917 I CLog : 2025-06-25 14:28:35.611 T:2917 DEBUG: [CUPID]SetProxyServer(): proxy server:
06-25 14:28:35.616 2401 2899 I ConnectAuthJNI: JNI_OnLoad begin load
06-25 14:28:35.616 2401 2899 I ConnectAuthJNI: RegisterNativeMethod begin
06-25 14:28:35.616 2401 2899 I ConnectAuthJNI: RegisterNativeMethod end
06-25 14:28:35.616 2401 2899 I ConnectAuthJNI: RegisterNativeMethod 1004 methodLen=10
06-25 14:28:35.616 2401 2899 I ConnectAuthJNI: RegisterNativeMethod 1007 RegisterNatives=0
06-25 14:28:35.616 2401 2899 I ConnectAuthJNI: InitArraylist 1013
06-25 14:28:35.630 2641 2917 D UNIPLAYERSDK: WhiteListManager.cpp:161 key = surfaceFormat value = 0
06-25 14:28:35.630 2641 2917 D UNIPLAYERSDK: WhiteListManager.cpp:161 key = sys_player_precise_startup value = true
06-25 14:28:35.630 2641 2917 D UNIPLAYERSDK: WhiteListManager.cpp:161 key = threadpool_watchdog value = {"bopen":true,"duration":5,"cachesize":100,"threadpoolstuckcondition":15,"runnablestuckcondition":30}
06-25 14:28:35.630 2641 2917 D UNIPLAYERSDK: WhiteListManager.cpp:161 key = threshold_ts_perf_ms value = 500
06-25 14:28:35.630 2641 2917 D UNIPLAYERSDK: WhiteListManager.cpp:161 key = timeout_block_value value = 10000
06-25 14:28:35.630 2641 2917 D UNIPLAYERSDK: WhiteListManager.cpp:161 key = uniplayerdata.adaptivehls value = 1
06-25 14:28:35.630 2641 2917 D UNIPLAYERSDK: WhiteListManager.cpp:161 key = uniplayerdata.adseamless value = false
06-25 14:28:35.630 2641 2917 D UNIPLAYERSDK: WhiteListManager.cpp:161 key = uniplayerdata.adts value = true
06-25 14:28:35.630 2641 2917 D UNIPLAYERSDK: WhiteListManager.cpp:161 key = uniplayerdata.chinadrm value = true
06-25 14:28:35.630 2641 2917 D UNIPLAYERSDK: WhiteListManager.cpp:161 key = uniplayerdata.chinadrmremux value = true
06-25 14:28:35.630 2641 2917 D UNIPLAYERSDK: WhiteListManager.cpp:161 key = uniplayerdata.disable_void_dispatch_opt value = false
06-25 14:28:35.630 2641 2917 D UNIPLAYERSDK: WhiteListManager.cpp:161 key = uniplayerdata.dolby_pts_must_zero value = 0
06-25 14:28:35.630 2641 2917 D UNIPLAYERSDK: WhiteListManager.cpp:161 key = uniplayerdata.dolby_with_hcdn value = true
06-25 14:28:35.630 2641 2917 D UNIPLAYERSDK: WhiteListManager.cpp:161 key = uniplayerdata.down_http_code value = #400#401#403#404#405#500#502#504
06-25 14:28:35.631 2641 2917 D UNIPLAYERSDK: WhiteListManager.cpp:161 key = uniplayerdata.down_timeout value = 30
06-25 14:28:35.631 2641 2917 D UNIPLAYERSDK: WhiteListManager.cpp:161 key = uniplayerdata.dts_use_dvb_standard value = 0
06-25 14:28:35.631 2641 2917 D UNIPLAYERSDK: WhiteListManager.cpp:161 key = uniplayerdata.enalbe_internal_log_for_mhd value = true
06-25 14:28:35.631 2641 2917 D UNIPLAYERSDK: WhiteListManager.cpp:161 key = uniplayerdata.hcdnproxy value = true
06-25 14:28:35.631 2641 2917 D UNIPLAYERSDK: WhiteListManager.cpp:161 key = uniplayerdata.intertrustdrm value = true
06-25 14:28:35.631 2641 2917 D UNIPLAYERSDK: WhiteListManager.cpp:161 key = uniplayerdata.intertrustdrmremux value = true
06-25 14:28:35.631 2641 2917 D UNIPLAYERSDK: WhiteListManager.cpp:161 key = uniplayerdata.is_open value = 1
06-25 14:28:35.631 2641 2917 D UNIPLAYERSDK: WhiteListManager.cpp:161 key = uniplayerdata.live value = true
06-25 14:28:35.631 2641 2917 D UNIPLAYERSDK: WhiteListManager.cpp:161 key = uniplayerdata.localserver_debug_play value = false
06-25 14:28:35.631 2641 2917 D UNIPLAYERSDK: WhiteListManager.cpp:161 key = uniplayerdata.localserver_http_range_response_correctly value = 2
06-25 14:28:35.631 2641 2917 D UNIPLAYERSDK: WhiteListManager.cpp:161 key = uniplayerdata.localserver_m3u8_range value = false
06-25 14:28:35.631 2641 2917 D UNIPLAYERSDK: WhiteListManager.cpp:161 key = uniplayerdata.localserver_ts_range value = 0
06-25 14:28:35.631 2641 2917 D UNIPLAYERSDK: WhiteListManager.cpp:161 key = uniplayerdata.preparing_use_fake_ts value = 2
06-25 14:28:35.631 2641 2917 D UNIPLAYERSDK: WhiteListManager.cpp:161 key = uniplayerdata.rawhls value = true
06-25 14:28:35.631 2641 2917 D UNIPLAYERSDK: WhiteListManager.cpp:161 key = uniplayerdata.rawmp4 value = true
06-25 14:28:35.631 2641 2917 D UNIPLAYERSDK: WhiteListManager.cpp:161 key = uniplayerdata.rawts value = true
06-25 14:28:35.631 2641 2917 D UNIPLAYERSDK: WhiteListManager.cpp:161 key = uniplayerdata.remuxaudiotrack value = true
06-25 14:28:35.631 2641 2917 D UNIPLAYERSDK: WhiteListManager.cpp:161 key = uniplayerdata.use_dvb_standard value = 0
06-25 14:28:35.632 2641 2917 D UNIPLAYERSDK: WhiteListManager.cpp:161 key = uniplayerdata.use_hcdn_localserver_only value = 0
06-25 14:28:35.632 2641 2917 D UNIPLAYERSDK: WhiteListManager.cpp:161 key = uniplayerdata.vodtolive value = 0
06-25 14:28:35.632 2641 2917 D UNIPLAYERSDK: WhiteListManager.cpp:161 key = update_surfaceview_after_start value = 0
06-25 14:28:35.632 2641 2917 D UNIPLAYERSDK: WhiteListManager.cpp:161 key = use_capability_api_for_puma_player value = 0
06-25 14:28:35.632 2641 2917 D UNIPLAYERSDK: WhiteListManager.cpp:161 key = use_capability_api_for_system_player value = 0
06-25 14:28:35.632 2641 2917 D UNIPLAYERSDK: WhiteListManager.cpp:161 key = use_cdn_tracer_result value = false
06-25 14:28:35.632 2641 2917 D UNIPLAYERSDK: WhiteListManager.cpp:161 key = use_fd_local_playback value = 0
06-25 14:28:35.632 2641 2917 D UNIPLAYERSDK: WhiteListManager.cpp:161 key = use_qdsc value = true
06-25 14:28:35.632 2641 2917 D UNIPLAYERSDK: WhiteListManager.cpp:161 key = video_change_loading value = 2
06-25 14:28:35.632 2641 2917 D UNIPLAYERSDK: WhiteListManager.cpp:161 key = video_in_sys_player_switch value = true
06-25 14:28:35.632 2641 2917 D UNIPLAYERSDK: WhiteListManager.cpp:221 WhiteListManager::updateConfig(), videoin enable:true
06-25 14:28:35.632 2641 2917 I UNIPLAYERSDK: Advertisement.cpp:789 Advertisement::setCupidStatus(unsupport_video_in_splits, 0)
06-25 14:28:35.632 2641 2917 I CLog : 2025-06-25 14:28:35.632 T:2917 DEBUG: [CUPID]SetSdkStatusC(): status:{"unsupport_video_in_splits":"0"}
06-25 14:28:35.632 2641 2917 I CLog :
06-25 14:28:35.632 2641 2917 I CLog : 2025-06-25 14:28:35.632 T:2917 DEBUG: [CUPID]SetProxyServer(): proxy file path: /storage/emulated/0/qcache/adcache/proxy.conf
06-25 14:28:35.633 2401 2899 I ConnectAuthJNI: InitConnectAuthStaticJNIMethod 1114 methodRet=0
06-25 14:28:35.633 2401 2899 E ConnectAuthJNI: JNI_OnLoad finish....1138
06-25 14:28:35.633 2401 2899 D Hisight-HiChainAuthControl: setupAuthIfNeeded, HiChainInstance hasn't been initialized
06-25 14:28:35.633 2401 2899 I ConnectAuthJNI: Java_com_huawei_hisight_security_ConnectAuthNative_nativeSetup 795 call HiChainNativeSetup
06-25 14:28:35.634 2401 2899 I ConnectAuthJNI: HiChainNativeSetup 565 registe_log
06-25 14:28:35.635 2401 2899 I ConnectAuthJNI: HksStorageRegisterFileCallbacks 245 register hks file callback status =0
06-25 14:28:35.635 2401 2899 I ConnectAuthJNI: HksRegisterGetDeviceIdCallback 268 register hks get hardware udid callback status =0
06-25 14:28:35.636 2641 2943 D TVUNIPLAYER: PlayerSdkImpl@e16e607 : onSuccess { "data": [{ "code": "A00000", "type": "vrs", "desc": "请求成功", "content": "" }, { "code": "A00001", "type": "vrs", "desc": "请求参数无效", "content": "一个小意外发生了(A00001)\n请稍后重试" }, { "code": "A00002", "type": "vrs", "desc": "请求无权限", "content": "一个小意外发生了(A00002)\n请稍后重试" }, { "code": "A00003", "type": "vrs", "desc": "内部请求异常", "content": "一个小意外发生了(A00003)\n请稍后重试" }, { "code": "A00004", "type": "vrs", "desc": "请求无数据", "content": "一个小意外发生了(A00004)\n请稍后重试" }, { "code": "A00005", "type": "vrs", "desc": "请求数据为不可用状态,qipu is_enable=false或者没有is_enable字段", "content": "" }, { "code": "A00006", "type": "vrs", "desc": "tvid为负数或0", "content": "" }, { "code": "A00020", "type": "vrs", "desc": "时间戳校验超
06-25 14:28:35.640 2401 2899 D ConnectAuthJNI: [HiChain] get_instance Begin get instance
06-25 14:28:35.640 2401 2899 I ConnectAuthJNI: [HKS] hks_service_key_info_init hks init : begin
06-25 14:28:35.640 2401 2899 I ConnectAuthJNI: FileRead 113 FileRead
06-25 14:28:35.640 2401 2899 I ConnectAuthJNI: FileRead 122 FileRead call readSecureFile begin
06-25 14:28:35.641 2401 2899 E Hisight-ConnectAuthCallBack: readSecureFile failed, no such file
06-25 14:28:35.641 2401 2899 W ConnectAuthJNI: FileRead 132 FileRead call readSecureFile byteArray is null
06-25 14:28:35.642 2641 2892 V UFUnilog: UFNCurlClientHandleSocket.cpp : 128 {fuc=UFNMultiCurlClientImpl:HandleSocket(),logtag=pingback_op_anyget_25_32,interface_msg=MultiCurlImpl get ok!}
06-25 14:28:35.642 2641 2873 V UFUnilog: UFNMultiCurlClientImpl.cpp : 102 {fuc=UFNMultiCurlClientImpl:Perform(),logtag=pingback_op_anyget_25_32,interface_msg=Out}
06-25 14:28:35.642 2401 2899 I ConnectAuthJNI: [HKS] hks_rkc_init RKC init:begin, is_key_info_exist=0
06-25 14:28:35.642 2401 2899 I ConnectAuthJNI: [HKS] hks_rkc_init_entropy the entropy is empty
06-25 14:28:35.642 2401 2899 I ConnectAuthJNI: FileSize 214 FileSize
06-25 14:28:35.642 2641 2873 V UFUnilog: api_engine.cpp : 181 {fuc=APIEngine:Call(),logtag=pingback_op_anyget_25_32,interface_msg=Start Try!,try_count=1}
06-25 14:28:35.642 2641 2873 D UFUnilog: api_strategy_impl.cpp : 155 {fuc=APIStrategyImpl:JudgeStrategyOpporunity(),logtag=pingback_op_anyget_25_32,strategyname=antihijackhttps-strategy,interface_msg=Ignore Domain List,domain=msg.ptqy.gitv.tv}
06-25 14:28:35.642 2641 2873 D UFUnilog: api_pingback_sender.cpp : 33 {fuc=ApiPingbackSender:SendSync(),logtag=pingback_op_anyget_25,interface_msg=send success!}
06-25 14:28:35.642 2641 2873 V UFUnilog: api_pingback_sender.cpp : 46 {fuc=ApiPingbackSender:SendSync(),logtag=pingback_op_anyget_25,api_pingback_data=msg=[{"t":"11","pf":"3","p":"31","p1":"312","p2":"3128","hostv":"","mac":"20-02-FE-19-C2-0E","u":"tv_9ebeab0821cc109c90e4626ac3a506cd","deviceid":"tv_9ebeab0821cc109c90e4626ac3a506cd_1750906610804_8810912147","nu":"","v":"2.1107.1.220408","device_type":"20180903095708913MvpgVmPh11974","pu":"","firmver":"SP1A.211105.004","hwver":"DBBOX-A2","hu":"","window_disable":"","chip":"","mod":"cn_s","memory":"1960M","processid":"","re":"1920x1080","os":"31","core":"4","daynight":"","rammode":"","entermode":"","channel":"","network":"","cbv":"2.1107","aver":"v4.1_1767_8b99c7b4","fver":"v4.0.1_656_63af7fd3","rn":"676477094","ct":"170620_network_request","nin":"op_anyget","ngctc":"2","ngtpn":"uniapi","ngt}
06-25 14:28:35.642 2641 2873 V UFUnilog: api_pingback_sender.cpp : 46 {fuc=ApiPingbackSender:SendSync(),logtag=pingback_op_anyget_25,api_pingback_data=pit":"60000","ngmrc":"5","ngct":"10000","ngtt":"15000","ngi":"true","nrqt":"get","nhc":"200","nanc":"0","nmsg":"UFN%20Curl%20Client%20Success%21","nhdr":"Authorization%3A1012441ef13ff000_Mi4xMTA3LjEuMjIwNDA4%20B63BDF64FF37D1495B559AD9148403259FBA6B0F760F83FB851E3904A7B2305440FF315625DDC79BDBAB3C0B1379815E%7C","naurl":"http%3A%2F%2Fstv.ptqy.gitv.tv%2Fstv%2F20240320%2F28515012%2F0%2Flottie_4fc5c825171491f83d8923c43166f02d.zip","neurl":"http%3A%2F%2Fstv.ptqy.gitv.tv%2Fstv%2F20240320%2F28515012%2F0%2Flottie_4fc5c825171491f83d8923c43166f02d.zip","ntc":"1","nipd":"59.36.206.128","nipl":"192.168.3.161","ncncn":"1","ncnct":"97","nnt":"0","npt":"99","nstt":"252","nttt":"252","nrdt":"0","nrdc":"0","nc}
06-25 14:28:35.642 2641 2873 V UFUnilog: api_pingback_sender.cpp : 50 {fuc=ApiPingbackSender:SendSync(),logtag=pingback_op_anyget_25,api_pingback_data=ntt":"application%2Fzip","nhsz":"611","nrsz":"4572","nscc":"0","nsvr":"10000","nsv":"","ncc":"0","ntt":"1132","naft":"1","ncft":"458","nuid":"25","ndt":"1","nsn":"httpdns-strategy","ndtd":"1","natd":"1","nctd":"458","nsct":"0","naippd":"NULL%3A0","naipp":"NULL%3A0","namsgd":"","namsg":"","nasil":"","nart":"1750925706330","nrd":"stv.ptqy.gitv.tv","ntp":"http","nri":"","nru":"","nrhc":"","nhcd":"200","nev":"","nipv":"4","nrw":"1","nrh":"","nct":"1","nfoc":"20000","ime":"0","nint":"0","nintd":"0","nba":"1","npa":"1","nsu":"1","nfrdt":"1","npd":"80","npr":"-1"}]}
06-25 14:28:35.643 2401 2899 I ConnectAuthJNI: FileSize 230 fileSize=258
06-25 14:28:35.643 2401 2899 I ConnectAuthJNI: FileRead 113 FileRead
06-25 14:28:35.643 2401 2899 I ConnectAuthJNI: FileRead 122 FileRead call readSecureFile begin
06-25 14:28:35.643 2401 2899 I ConnectAuthJNI: FileRead 135 FileRead call readSecureFile end
06-25 14:28:35.643 2401 2899 I ConnectAuthJNI: FileRead 150 fileBuff size 258, buf len 258
06-25 14:28:35.643 2401 2899 I ConnectAuthJNI: FileSize 214 FileSize
06-25 14:28:35.643 2401 2899 I ConnectAuthJNI: FileSize 230 fileSize=258
06-25 14:28:35.643 2401 2899 I ConnectAuthJNI: FileRead 113 FileRead
06-25 14:28:35.643 2401 2899 I ConnectAuthJNI: FileRead 122 FileRead call readSecureFile begin
06-25 14:28:35.644 2401 2899 I ConnectAuthJNI: FileRead 135 FileRead call readSecureFile end
06-25 14:28:35.644 2401 2899 I ConnectAuthJNI: FileRead 150 fileBuff size 258, buf len 258
06-25 14:28:35.644 2401 2899 I ConnectAuthJNI: [HKS] hks_rkc_load_ksf load ksf success
06-25 14:28:35.644 2401 2899 I ConnectAuthJNI: [HKS] hks_rkc_init root key component init success
06-25 14:28:35.644 2401 2899 I ConnectAuthJNI: [HKS] hks_rkc_init RKC init:end,rc=0
06-25 14:28:35.644 2401 2899 I ConnectAuthJNI: [HKS] hks_service_key_info_init hks init : end
06-25 14:28:35.644 2401 2899 I ConnectAuthJNI: GetHiChainProtocolParamsCallback 371 GetHiChainProtocolParamsCallback operation_code= 99
06-25 14:28:35.644 2401 2899 I ConnectAuthJNI: paramLen is ,=0
06-25 14:28:35.644 2401 2899 I ConnectAuthJNI: paramLen is ,=0
06-25 14:28:35.644 2401 2899 I ConnectAuthJNI: GetHiChainProtocolParamsCallback 402 GetHiChainProtocolParamsCallback end
06-25 14:28:35.644 2401 2899 I ConnectAuthJNI: [HiChain] get_instance Get instance success
06-25 14:28:35.644 2401 2899 I ConnectAuthJNI: Java_com_huawei_hisight_security_ConnectAuthNative_nativeGetHiChainInstance 598 get instance success
06-25 14:28:35.644 2401 2899 D Hisight-HiChainAuthControl: destroyAuth
06-25 14:28:35.644 2401 2899 I ConnectAuthJNI: Java_com_huawei_hisight_security_ConnectAuthNative_nativeDestroy 603 destroy
06-25 14:28:35.644 2401 2899 D Hisight-HiChainAuthControl: setupAuthIfNeeded, HiChainInstance hasn't been initialized
06-25 14:28:35.644 2401 2899 I ConnectAuthJNI: Java_com_huawei_hisight_security_ConnectAuthNative_nativeSetup 795 call HiChainNativeSetup
06-25 14:28:35.644 2401 2899 I ConnectAuthJNI: HiChainNativeSetup 565 registe_log
