06-25 14:28:12.686 477 573 I SystemServerTimingAsync: InitThreadPoolExec:Update app-ops uidState in case package com.android.dynsystem changed
06-25 14:28:12.686 477 573 D SystemServerInitThreadPool: Started executing Update app-ops uidState in case package com.android.dynsystem changed
06-25 14:28:12.686 477 573 D SystemServerInitThreadPool: Finished executing Update app-ops uidState in case package com.android.dynsystem changed
06-25 14:28:12.686 477 522 D SystemServerInitThreadPool: Finished executing Update app-ops uidState in case package com.android.providers.contacts changed
06-25 14:28:12.686 477 573 I SystemServerTimingAsync: InitThreadPoolExec:Update app-ops uidState in case package com.dangbei.lerad.rocky changed
06-25 14:28:12.686 477 522 I SystemServerTimingAsync: InitThreadPoolExec:Update app-ops uidState in case package com.android.tv.settings changed
06-25 14:28:12.686 477 573 D SystemServerInitThreadPool: Started executing Update app-ops uidState in case package com.dangbei.lerad.rocky changed
06-25 14:28:12.686 477 582 D SystemServerInitThreadPool: Finished executing Update app-ops uidState in case package com.tv.filemanager.os changed
06-25 14:28:12.686 477 573 D SystemServerInitThreadPool: Finished executing Update app-ops uidState in case package com.dangbei.lerad.rocky changed
06-25 14:28:12.686 477 522 D SystemServerInitThreadPool: Started executing Update app-ops uidState in case package com.android.tv.settings changed
06-25 14:28:12.686 477 573 I SystemServerTimingAsync: InitThreadPoolExec:Update app-ops uidState in case package com.dangbei.zhushou.os changed
06-25 14:28:12.686 477 573 D SystemServerInitThreadPool: Started executing Update app-ops uidState in case package com.dangbei.zhushou.os changed
06-25 14:28:12.686 477 582 I SystemServerTimingAsync: InitThreadPoolExec:Update app-ops uidState in case package com.oranth.factory changed
06-25 14:28:12.686 477 522 D SystemServerInitThreadPool: Finished executing Update app-ops uidState in case package com.android.tv.settings changed
06-25 14:28:12.686 477 573 D SystemServerInitThreadPool: Finished executing Update app-ops uidState in case package com.dangbei.zhushou.os changed
06-25 14:28:12.686 477 582 D SystemServerInitThreadPool: Started executing Update app-ops uidState in case package com.oranth.factory changed
06-25 14:28:12.686 477 522 I SystemServerTimingAsync: InitThreadPoolExec:Update app-ops uidState in case package com.oranth.ledstatus changed
06-25 14:28:12.686 477 582 D SystemServerInitThreadPool: Finished executing Update app-ops uidState in case package com.oranth.factory changed
06-25 14:28:12.686 477 522 D SystemServerInitThreadPool: Started executing Update app-ops uidState in case package com.oranth.ledstatus changed
06-25 14:28:12.686 477 582 I SystemServerTimingAsync: InitThreadPoolExec:Update app-ops uidState in case package com.dangbei.leard.leradlauncher changed
06-25 14:28:12.686 477 530 D SystemServerInitThreadPool: Finished executing Update app-ops uidState in case package com.dangbei.hqguide changed
06-25 14:28:12.686 477 582 D SystemServerInitThreadPool: Started executing Update app-ops uidState in case package com.dangbei.leard.leradlauncher changed
06-25 14:28:12.686 477 522 D SystemServerInitThreadPool: Finished executing Update app-ops uidState in case package com.oranth.ledstatus changed
06-25 14:28:12.686 477 573 I SystemServerTimingAsync: InitThreadPoolExec:Update app-ops uidState in case package android changed
06-25 14:28:12.686 477 522 I SystemServerTimingAsync: InitThreadPoolExec:Update app-ops uidState in case package com.android.inputdevices changed
06-25 14:28:12.686 477 530 I SystemServerTimingAsync: InitThreadPoolExec:Update app-ops uidState in case package com.android.providers.settings changed
06-25 14:28:12.686 477 573 D SystemServerInitThreadPool: Started executing Update app-ops uidState in case package android changed
06-25 14:28:12.687 477 582 D SystemServerInitThreadPool: Finished executing Update app-ops uidState in case package com.dangbei.leard.leradlauncher changed
06-25 14:28:12.687 477 522 D SystemServerInitThreadPool: Started executing Update app-ops uidState in case package com.android.inputdevices changed
06-25 14:28:12.687 477 582 I SystemServerTimingAsync: InitThreadPoolExec:Update app-ops uidState in case package com.oranth.inputmacsn changed
06-25 14:28:12.687 477 573 D SystemServerInitThreadPool: Finished executing Update app-ops uidState in case package android changed
06-25 14:28:12.687 477 582 D SystemServerInitThreadPool: Started executing Update app-ops uidState in case package com.oranth.inputmacsn changed
06-25 14:28:12.687 477 522 D SystemServerInitThreadPool: Finished executing Update app-ops uidState in case package com.android.inputdevices changed
06-25 14:28:12.687 477 573 I SystemServerTimingAsync: InitThreadPoolExec:Update app-ops uidState in case package com.android.keychain changed
06-25 14:28:12.687 477 522 I SystemServerTimingAsync: InitThreadPoolExec:Update app-ops uidState in case package com.android.localtransport changed
06-25 14:28:12.687 477 582 D SystemServerInitThreadPool: Finished executing Update app-ops uidState in case package com.oranth.inputmacsn changed
06-25 14:28:12.687 477 530 D SystemServerInitThreadPool: Started executing Update app-ops uidState in case package com.android.providers.settings changed
06-25 14:28:12.687 477 582 I SystemServerTimingAsync: InitThreadPoolExec:Update app-ops uidState in case package com.android.packageinstaller changed
06-25 14:28:12.687 477 573 D SystemServerInitThreadPool: Started executing Update app-ops uidState in case package com.android.keychain changed
06-25 14:28:12.687 477 530 D SystemServerInitThreadPool: Finished executing Update app-ops uidState in case package com.android.providers.settings changed
06-25 14:28:12.687 477 530 I SystemServerTimingAsync: InitThreadPoolExec:Update app-ops uidState in case package com.oranth.usbopenft changed
06-25 14:28:12.687 477 522 D SystemServerInitThreadPool: Started executing Update app-ops uidState in case package com.android.localtransport changed
06-25 14:28:12.687 477 582 D SystemServerInitThreadPool: Started executing Update app-ops uidState in case package com.android.packageinstaller changed
06-25 14:28:12.687 477 530 D SystemServerInitThreadPool: Started executing Update app-ops uidState in case package com.oranth.usbopenft changed
06-25 14:28:12.687 477 582 D SystemServerInitThreadPool: Finished executing Update app-ops uidState in case package com.android.packageinstaller changed
06-25 14:28:12.687 477 530 D SystemServerInitThreadPool: Finished executing Update app-ops uidState in case package com.oranth.usbopenft changed
06-25 14:28:12.687 477 582 I SystemServerTimingAsync: InitThreadPoolExec:Update app-ops uidState in case package com.dangbei.lerad.etna.haqu changed
06-25 14:28:12.687 477 530 I SystemServerTimingAsync: InitThreadPoolExec:Update app-ops uidState in case package com.oranth.powerwindow changed
06-25 14:28:12.687 477 582 D SystemServerInitThreadPool: Started executing Update app-ops uidState in case package com.dangbei.lerad.etna.haqu changed
06-25 14:28:12.687 477 522 D SystemServerInitThreadPool: Finished executing Update app-ops uidState in case package com.android.localtransport changed
06-25 14:28:12.687 477 573 D SystemServerInitThreadPool: Finished executing Update app-ops uidState in case package com.android.keychain changed
06-25 14:28:12.687 477 522 I SystemServerTimingAsync: InitThreadPoolExec:Update app-ops uidState in case package com.android.wallpaperbackup changed
06-25 14:28:12.687 477 530 D SystemServerInitThreadPool: Started executing Update app-ops uidState in case package com.oranth.powerwindow changed
06-25 14:28:12.687 477 522 D SystemServerInitThreadPool: Started executing Update app-ops uidState in case package com.android.wallpaperbackup changed
06-25 14:28:12.687 477 530 D SystemServerInitThreadPool: Finished executing Update app-ops uidState in case package com.oranth.powerwindow changed
06-25 14:28:12.687 477 582 D SystemServerInitThreadPool: Finished executing Update app-ops uidState in case package com.dangbei.lerad.etna.haqu changed
06-25 14:28:12.687 477 530 I SystemServerTimingAsync: InitThreadPoolExec:Update app-ops uidState in case package com.dangbei.haqusetting changed
06-25 14:28:12.687 477 582 I SystemServerTimingAsync: InitThreadPoolExec:Update app-ops uidState in case package com.softwinner.miracastReceiver changed
06-25 14:28:12.687 477 530 D SystemServerInitThreadPool: Started executing Update app-ops uidState in case package com.dangbei.haqusetting changed
06-25 14:28:12.687 477 582 D SystemServerInitThreadPool: Started executing Update app-ops uidState in case package com.softwinner.miracastReceiver changed
06-25 14:28:12.687 477 522 D SystemServerInitThreadPool: Finished executing Update app-ops uidState in case package com.android.wallpaperbackup changed
06-25 14:28:12.687 477 573 I SystemServerTimingAsync: InitThreadPoolExec:Update app-ops uidState in case package com.android.location.fused changed
06-25 14:28:12.687 477 582 D SystemServerInitThreadPool: Finished executing Update app-ops uidState in case package com.softwinner.miracastReceiver changed
06-25 14:28:12.687 477 530 D SystemServerInitThreadPool: Finished executing Update app-ops uidState in case package com.dangbei.haqusetting changed
06-25 14:28:12.687 477 573 D SystemServerInitThreadPool: Started executing Update app-ops uidState in case package com.android.location.fused changed
06-25 14:28:12.687 477 573 D SystemServerInitThreadPool: Finished executing Update app-ops uidState in case package com.android.location.fused changed
06-25 14:28:12.688 477 477 I SystemServerTiming: killProcesses
06-25 14:28:12.688 477 477 I ActivityManager: System now ready
06-25 14:28:12.688 477 477 I SystemServerTiming: updateTopComponentForFactoryTest
06-25 14:28:12.688 477 477 I SystemServerTiming: registerActivityLaunchObserver
06-25 14:28:12.689 477 477 I SystemServerTiming: watchDeviceProvisioning
06-25 14:28:12.699 477 477 I SystemServerTiming: retrieveSettings
06-25 14:28:12.701 477 477 I ActivityTaskManager: Config changes=10000000 {1.0 ?mcc?mnc [zh_CN] ldltr sw720dp w1280dp h696dp 240dpi xlrg long land television -touch qwerty/v/v dpad/v winConfig={ mBounds=Rect(0, 0 - 1920, 1080) mAppBounds=Rect(0, 0 - 1920, 1080) mMaxBounds=Rect(0, 0 - 1920, 1080) mWindowingMode=fullscreen mDisplayWindowingMode=fullscreen mActivityType=undefined mAlwaysOnTop=undefined mRotation=ROTATION_0} s.6 fontWeightAdjustment=0}
06-25 14:28:12.702 477 477 I WindowManager: Override config changes=10000000 {1.0 ?mcc?mnc [zh_CN] ldltr sw720dp w1280dp h696dp 240dpi xlrg long land television -touch qwerty/v/v dpad/v winConfig={ mBounds=Rect(0, 0 - 1920, 1080) mAppBounds=Rect(0, 0 - 1920, 1080) mMaxBounds=Rect(0, 0 - 1920, 1080) mWindowingMode=fullscreen mDisplayWindowingMode=fullscreen mActivityType=undefined mAlwaysOnTop=undefined mRotation=ROTATION_0} s.6 fontWeightAdjustment=0} for displayId=0
06-25 14:28:12.704 322 324 D XM_HIDREAD: add@ add@/bus/platform/drivers/unisoc_wifi
06-25 14:28:12.704 322 324 D XM_HIDREAD: add@ add@/devices/platform/unisoc_wifi
01-01 08:00:18.019 658 658 I WCN : start_marlin [MARLIN_WIFI]
01-01 08:00:18.019 658 658 D : CPU: 2 PID: 658 Comm: wifi@1.0-servic Tainted: G O 5.4.125+ #22
01-01 08:00:18.019 658 658 D Hardware name: sun50iw9 (DT)
01-01 08:00:18.019 658 658 D Call trace:
01-01 08:00:18.019 658 658 D : dump_backtrace.cfi_jt+0x0/0x4
01-01 08:00:18.019 658 658 D : dump_stack+0xbc/0x104
01-01 08:00:18.019 658 658 D : marlin_set_power+0x2c/0x78c [uwe5621_bsp_sdio]
01-01 08:00:18.019 658 658 D : start_marlin+0xbc/0x14c [uwe5621_bsp_sdio]
01-01 08:00:18.019 658 658 D : sprdwl_probe+0x28/0x3f4 [sprdwl_ng]
01-01 08:00:18.019 658 658 D : platform_drv_probe+0xac/0xf0
01-01 08:00:18.019 658 658 D : really_probe+0x340/0x8f8
01-01 08:00:18.019 658 658 D : driver_probe_device+0x70/0x144
01-01 08:00:18.019 658 658 D : __device_attach_driver+0x14c/0x210
01-01 08:00:18.019 658 658 D : bus_for_each_drv+0x98/0x10c
01-01 08:00:18.019 658 658 D : __device_attach.llvm.14547616182355937686+0x108/0x1a8
01-01 08:00:18.019 658 658 D : bus_probe_device+0x3c/0xdc
01-01 08:00:18.019 658 658 D : device_add+0x950/0xb78
01-01 08:00:18.019 658 658 D : platform_device_add+0x90/0x260
01-01 08:00:18.020 658 658 D : init_module+0x48/0xfc4 [sprdwl_ng]
01-01 08:00:18.020 658 658 D : do_one_initcall+0xc4/0x238
01-01 08:00:18.020 658 658 D : do_init_module+0x58/0x2e0
01-01 08:00:18.020 658 658 D : load_module+0x31b8/0x3a40
06-25 14:28:12.707 477 477 I SystemServerTiming: Ugm.onSystemReady
01-01 08:00:18.020 658 658 D : __arm64_sys_finit_module+0xbc/0x120
01-01 08:00:18.020 658 658 D : el0_svc_common+0xb8/0x1cc
01-01 08:00:18.020 658 658 D : el0_svc_compat_handler+0x1c/0x28
01-01 08:00:18.020 658 658 D : el0_svc_compat+0x8/0x24
01-01 08:00:18.020 658 658 I WCN : marlin power state:0, subsys: [MARLIN_WIFI] power 1
01-01 08:00:18.020 658 658 I WCN : the first power on start
06-25 14:28:12.708 477 477 I SystemServerTiming: updateForceBackgroundCheck
06-25 14:28:12.709 477 477 I SystemServer: Making services ready
06-25 14:28:12.709 477 477 I SystemServerTiming: StartActivityManagerReadyPhase
06-25 14:28:12.709 477 477 I SystemServiceManager: Starting phase 550
06-25 14:28:12.709 477 477 I SystemServerTiming: OnBootPhase_550
06-25 14:28:12.711 187 187 I hwservicemanager: getTransport: Cannot find entry android.hardware.thermal@2.0::IThermal/default in either framework or device VINTF manifest.
06-25 14:28:12.711 477 477 E ThermalHalWrapper: Thermal HAL 2.0 service not connected.
06-25 14:28:12.712 187 187 I hwservicemanager: getTransport: Cannot find entry android.hardware.thermal@1.1::IThermal/default in either framework or device VINTF manifest.
06-25 14:28:12.713 477 477 E ThermalHalWrapper: Thermal HAL 1.1 service not connected.
06-25 14:28:12.713 187 187 I hwservicemanager: getTransport: Cannot find entry android.hardware.thermal@1.0::IThermal/default in either framework or device VINTF manifest.
06-25 14:28:12.713 477 477 E ThermalHalWrapper: Thermal HAL 1.0 service not connected.
06-25 14:28:12.713 477 477 W ThermalManagerService: No Thermal HAL service on this device
06-25 14:28:12.717 477 477 W ActivityManager: Unable to start service Intent { act=com.android.ITelecomService cmp=com.android.server.telecom/.components.TelecomService } U=0: not found
06-25 14:28:12.720 477 477 I SyncManager: No initial accounts
06-25 14:28:12.726 477 591 E NativeTombstoneManager: Tombstone's UID (1013) not an app, ignoring
06-25 14:28:12.727 477 591 I DropBoxManagerService: add tag=SYSTEM_TOMBSTONE_PROTO isTagEnabled=true flags=0x4
06-25 14:28:12.727 477 477 D BluetoothManagerService: Bluetooth boot completed
06-25 14:28:12.727 477 477 D BluetoothManagerService: Auto-enabling Bluetooth.
06-25 14:28:12.729 477 477 D BluetoothA2dp: Binding service...
06-25 14:28:12.732 477 525 D BluetoothManagerService: MESSAGE_ENABLE(0): mBluetooth = null
06-25 14:28:12.732 477 525 D BluetoothManagerService: binding Bluetooth service
06-25 14:28:12.733 477 477 I BluetoothAirplaneModeListener: start
06-25 14:28:12.736 477 525 D CompatibilityChangeReporter: Compat change id reported: 135634846; UID 1002; state: DISABLED
06-25 14:28:12.753 248 248 D Zygote : Forked child process 668
06-25 14:28:12.755 477 477 W InputMethodUtils: Found no fallback locale. imis=[InputMethodInfo{com.sohu.inputmethod.sogou.tv/.SogouIME, settings: com.sohu.inputmethod.sogou.SogouIMESettingsLauncher}]
06-25 14:28:12.756 477 535 I ActivityManager: app.processName = com.android.bluetooth
06-25 14:28:12.757 477 535 I ActivityManager: Start proc 668:com.android.bluetooth/1002 for service {com.android.bluetooth/com.android.bluetooth.btservice.AdapterService}
06-25 14:28:12.759 477 477 W InputMethodUtils: No software keyboard is found. imis=[InputMethodInfo{com.sohu.inputmethod.sogou.tv/.SogouIME, settings: com.sohu.inputmethod.sogou.SogouIMESettingsLauncher}] systemLocale=zh_CN fallbackLocale=null
06-25 14:28:12.762 477 477 I RebootEscrowManager: No reboot escrow data found for users, skipping loading escrow data
06-25 14:28:12.763 668 668 I Zygote : seccomp disabled by setenforce 0
06-25 14:28:12.766 477 477 I WallpaperManagerService: No static wallpaper imagery; defaults will be shown
06-25 14:28:12.766 477 477 V WallpaperManagerService: bindWallpaperComponentLocked: componentName=ComponentInfo{com.android.systemui/com.android.systemui.ImageWallpaper}
06-25 14:28:12.771 477 477 D CompatibilityChangeReporter: Compat change id reported: 135634846; UID 10067; state: DISABLED
06-25 14:28:12.771 477 477 D CompatibilityChangeReporter: Compat change id reported: 177438394; UID 10067; state: DISABLED
06-25 14:28:12.771 477 477 D CompatibilityChangeReporter: Compat change id reported: 135772972; UID 10067; state: DISABLED
06-25 14:28:12.771 477 477 D CompatibilityChangeReporter: Compat change id reported: 135754954; UID 10067; state: ENABLED
06-25 14:28:12.772 477 535 D CompatibilityChangeReporter: Compat change id reported: 143937733; UID 10067; state: ENABLED
06-25 14:28:12.784 248 248 D Zygote : Forked child process 676
06-25 14:28:12.786 477 535 I ActivityManager: app.processName = com.android.systemui
06-25 14:28:12.786 477 535 I ActivityManager: Start proc 676:com.android.systemui/u0a67 for service {com.android.systemui/com.android.systemui.ImageWallpaper}
06-25 14:28:12.788 387 396 I adbd : jdwp connection from 668
06-25 14:28:12.799 477 477 E BitmapFactory: Unable to decode stream: java.io.FileNotFoundException: /data/system/users/0/wallpaper_orig: open failed: ENOENT (No such file or directory)
06-25 14:28:12.799 477 477 W WallpaperManagerService: Invalid wallpaper data
06-25 14:28:12.799 477 477 E WallpaperManagerService: Unable to apply new wallpaper
06-25 14:28:12.801 676 676 I Zygote : seccomp disabled by setenforce 0
06-25 14:28:12.803 253 288 V audio_hw_primary: adev_set_parameters, A2dpSuspended=false
06-25 14:28:12.803 477 477 D AdbService: systemReady
06-25 14:28:12.805 477 630 D BluetoothManagerService: Trying to bind to profile: 1, while Bluetooth was disabled
06-25 14:28:12.806 477 630 D BluetoothA2dp: Binding service...
06-25 14:28:12.808 477 578 D CompatibilityChangeReporter: Compat change id reported: 168419799; UID 1002; state: DISABLED
06-25 14:28:12.811 477 522 I SystemServerTimingAsync: InitThreadPoolExec:UsbService$Lifecycle#onBootPhase
06-25 14:28:12.811 477 522 D SystemServerInitThreadPool: Started executing UsbService$Lifecycle#onBootPhase
06-25 14:28:12.814 271 284 E android.hardware.usb@1.0-service: Failed to open /sys/class/typec
06-25 14:28:12.815 477 522 D SystemServerInitThreadPool: Finished executing UsbService$Lifecycle#onBootPhase
06-25 14:28:12.815 477 477 D SoundTriggerService: onBootPhase: 550 : false
06-25 14:28:12.815 477 640 E UsbPortManager: port status enquiry failed
01-01 08:00:18.136 658 658 I sunxi-rfkill soc@3000000: rfkill: wlan power on success
01-01 08:00:18.136 658 658 I WCN : marlin chip en pull up
06-25 14:28:12.825 253 288 V audio_hw_primary: adev_set_parameters, BT_SCO=off
06-25 14:28:12.827 477 631 I AS.AudioDeviceInventory: removePreferredDevicesForStrategySync, strategy: 14
06-25 14:28:12.829 668 668 D CompatibilityChangeReporter: Compat change id reported: 171979766; UID 1002; state: ENABLED
06-25 14:28:12.830 477 477 I AppBindingService: Updating constants with: null
06-25 14:28:12.835 253 288 D audio_hw_primary: Mic get_audio_devices_active:
06-25 14:28:12.835 253 288 D audio_hw_primary: get_audio_devices_active: AUDIO_CODEC
06-25 14:28:12.835 253 288 D xm_audio: adev_get_parameters
06-25 14:28:12.836 276 422 I hash_map_utils: system/bt/osi/src/hash_map_utils.cc:81 hash_map_utils_dump_string_keys_string_values: key: 'audio_devices_out_active' value: ''
06-25 14:28:12.838 387 396 I adbd : jdwp connection from 676
06-25 14:28:12.847 276 422 I AudioFlinger: systemReady
01-01 08:00:18.162 658 658 I sdiohal : sdiohal_scan_card
01-01 08:00:18.162 658 658 I sunxi-rfkill soc@3000000: rfkill: bus_index: 1
01-01 08:00:18.162 0 0 E : [ C0] sunxi-mmc 4021000.sdmmc: smc 2 p1 err, cmd 52, RTO !!
06-25 14:28:12.851 477 630 D AS.AudioService: No vibrator found
06-25 14:28:12.854 322 324 D XM_HIDREAD: add@ add@/bus/sdio/drivers/sdiohal
01-01 08:00:18.169 658 658 W sdiohal : probe of mmc2:8800:1 failed with error -110
01-01 08:00:18.170 0 0 E : [ C0] sunxi-mmc 4021000.sdmmc: smc 2 p1 err, cmd 7, RTO !!
06-25 14:28:12.867 477 477 I PackageManager: Permission ownership changed. Updating all permissions.
01-01 08:00:18.177 0 0 E : [ C0] sunxi-mmc 4021000.sdmmc: smc 2 p1 err, cmd 7, RTO !!
01-01 08:00:18.185 0 0 E : [ C0] sunxi-mmc 4021000.sdmmc: smc 2 p1 err, cmd 7, RTO !!
01-01 08:00:18.193 0 0 E : [ C0] sunxi-mmc 4021000.sdmmc: smc 2 p1 err, cmd 7, RTO !!
01-01 08:00:18.201 127 127 I mmc2 : card 8800 removed
01-01 08:00:18.201 127 127 I sunxi-mmc 4021000.sdmmc: sdc set ios:clk 0Hz bm PP pm OFF vdd 0 width 1 timing LEGACY(SDR12) dt B
06-25 14:28:12.886 322 324 D XM_HIDREAD: remove@ remove@/devices/platform/soc@3000000/4021000.sdmmc/mmc_host/mmc2/mmc2:8800/mmc2:8800:1
06-25 14:28:12.887 322 324 D XM_HIDREAD: remove@ remove@/devices/platform/soc@3000000/4021000.sdmmc/mmc_host/mmc2/mmc2:8800
01-01 08:00:18.204 127 127 I sunxi-mmc 4021000.sdmmc: sdc set ios:clk 0Hz bm PP pm UP vdd 23 width 1 timing LEGACY(SDR12) dt B
01-01 08:00:18.215 127 127 I sunxi-mmc 4021000.sdmmc: sdc set ios:clk 400000Hz bm PP pm ON vdd 23 width 1 timing LEGACY(SDR12) dt B
01-01 08:00:18.227 0 0 E : [ C0] sunxi-mmc 4021000.sdmmc: smc 2 p1 err, cmd 52, RTO !!
01-01 08:00:18.235 0 0 E : [ C0] sunxi-mmc 4021000.sdmmc: smc 2 p1 err, cmd 52, RTO !!
01-01 08:00:18.243 127 127 I sunxi-mmc 4021000.sdmmc: sdc set ios:clk 400000Hz bm PP pm ON vdd 23 width 1 timing LEGACY(SDR12) dt B
06-25 14:28:12.931 358 467 D MediaCodecList: Allowing all OMX codecs
01-01 08:00:18.246 127 127 I sunxi-mmc 4021000.sdmmc: sdc set ios:clk 400000Hz bm PP pm ON vdd 23 width 1 timing LEGACY(SDR12) dt B
06-25 14:28:12.935 358 467 E cutils-trace: Error opening trace file: No such file or directory (2)
06-25 14:28:12.932 328 328 I rainbow_flow: type=1400 audit(0.0:334): avc: denied { ioctl } for path="/dev/spidev1.0" dev="tmpfs" ino=5369 ioctlcmd=0x6b00 scontext=u:r:init:s0 tcontext=u:object_r:device:s0 tclass=chr_file permissive=1
06-25 14:28:12.941 358 467 I OMXClient: IOmx service obtained
06-25 14:28:12.942 367 367 I OMXStore: makeComponentInstance(OMX.allwinner.video.decoder.avc) in android.hardwar process
06-25 14:28:12.944 322 324 D XM_HIDREAD: add@ add@/devices/platform/soc@3000000/4021000.sdmmc/mmc_host/mmc2/mmc2:8800
06-25 14:28:12.944 322 324 D XM_HIDREAD: add@ add@/devices/platform/soc@3000000/4021000.sdmmc/mmc_host/mmc2/mmc2:8800/mmc2:8800:1
01-01 08:00:18.258 127 127 I sunxi-mmc 4021000.sdmmc: sdc set ios:clk 400000Hz bm PP pm ON vdd 23 width 4 timing LEGACY(SDR12) dt B
01-01 08:00:18.258 127 127 I sunxi-mmc 4021000.sdmmc: sdc set ios:clk 400000Hz bm PP pm ON vdd 23 width 4 timing UHS-SDR104 dt B
01-01 08:00:18.258 127 127 I sunxi-mmc 4021000.sdmmc: sdc set ios:clk 150000000Hz bm PP pm ON vdd 23 width 4 timing UHS-SDR104 dt B
01-01 08:00:18.259 127 127 I mmc2 : new ultra high speed SDR104 SDIO card at address 8800
01-01 08:00:18.267 127 127 I sdiohal : sdiohal_probe: func->class=0, vendor=0x0000, device=0x0000, func_num=0x0001, clock=150000000, SDIOHAL_RX_RECVBUF_LEN:200,SDIOHAL_32_BIT_RX_RECVBUF_LEN:32.
01-01 08:00:18.267 127 127 I WCN : marlin_get_wcn_chipid: chipid: 0x56630001
01-01 08:00:18.267 127 127 I WCN : marlin_scan_finish!
01-01 08:00:18.267 127 127 I sdiohal : sdiohal_probe: sdio_dev_host, max_req_size=0x2000000, max_blk_count=0x2000, max_blk_size=0x1000
01-01 08:00:18.267 127 127 I sdiohal : probe ok
01-01 08:00:18.268 658 658 I sdiohal : scan end!
01-01 08:00:18.268 658 658 I WCN : then marlin start to download
01-01 08:00:18.268 127 127 I WCN : marlin_request_firmware from /vendor/etc/firmware/wcnmodem.bin start!
06-25 14:28:12.954 367 367 I omx_vdec_aw: : OmxDecoderCreate.
01-01 08:00:18.276 127 127 I WCN : marlin_firmware_parse_image imagepack is WCNE type,need parse it
01-01 08:00:18.276 127 127 I WCN : marlin marlin_firmware_write imagepack is WCNE type,need parse it
01-01 08:00:18.277 0 0 E : [ C0] sunxi-mmc 4021000.sdmmc: smc 2 p1 err, cmd 53, WR DCE !!
06-25 14:28:12.960 367 367 W omx_vdec: <__AwOmxVdecSetParameter:1561>: Set Parameter called in valid state
06-25 14:28:12.961 367 367 W omx_vdec: : pParamProfileLevel->nProfileIndex[0x3] error!
06-25 14:28:12.961 367 367 E OMXNodeInstance: getParameter(0xf59c0000:allwinner.decoder.avc, ParamVideoProfileLevelQuerySupported(0x600000f)) ERROR: BadParameter(0x80001005)
06-25 14:28:12.961 367 367 W omx_vdec: <__AwOmxVdecGetExtensionIndex:1737>: GetExtensionIndex OMX.google.android.index.describeColorFormat, err [0x80001001].
06-25 14:28:12.961 367 367 W omx_vdec: <__AwOmxVdecGetExtensionIndex:1737>: GetExtensionIndex OMX.google.android.index.describeColorFormat2, err [0x80001001].
06-25 14:28:12.961 367 367 E omx_vdec: : erro: pParamData->nIndex > m_sPortFormatType.nIndex
06-25 14:28:12.961 367 367 W omx_vdec: <__AwOmxVdecGetExtensionIndex:1737>: GetExtensionIndex OMX.google.android.index.describeColorFormat, err [0x80001001].
06-25 14:28:12.962 367 367 W omx_vdec: <__AwOmxVdecGetExtensionIndex:1737>: GetExtensionIndex OMX.google.android.index.describeColorFormat2, err [0x80001001].
06-25 14:28:12.962 367 367 E omx_vdec: : erro: pParamData->nIndex > m_sPortFormatType.nIndex
06-25 14:28:12.962 367 367 W omx_vdec: <__AwOmxVdecGetExtensionIndex:1737>: GetExtensionIndex OMX.google.android.index.describeColorFormat, err [0x80001001].
06-25 14:28:12.962 367 367 W omx_vdec: <__AwOmxVdecGetExtensionIndex:1737>: GetExtensionIndex OMX.google.android.index.describeColorFormat2, err [0x80001001].
06-25 14:28:12.962 367 367 E omx_vdec: : erro: pParamData->nIndex > m_sPortFormatType.nIndex
06-25 14:28:12.962 367 367 W omx_vdec: <__AwOmxVdecGetExtensionIndex:1737>: GetExtensionIndex OMX.google.android.index.describeColorFormat, err [0x80001001].
06-25 14:28:12.962 367 367 W omx_vdec: <__AwOmxVdecGetExtensionIndex:1737>: GetExtensionIndex OMX.google.android.index.describeColorFormat2, err [0x80001001].
06-25 14:28:12.962 367 367 E omx_vdec: : erro: pParamData->nIndex > m_sPortFormatType.nIndex
06-25 14:28:12.963 367 367 W omx_vdec: <__AwOmxVdecGetExtensionIndex:1737>: GetExtensionIndex OMX.google.android.index.describeColorFormat, err [0x80001001].
06-25 14:28:12.963 367 367 W omx_vdec: <__AwOmxVdecGetExtensionIndex:1737>: GetExtensionIndex OMX.google.android.index.describeColorFormat2, err [0x80001001].
06-25 14:28:12.963 367 367 E omx_vdec: : erro: pParamData->nIndex > m_sPortFormatType.nIndex
06-25 14:28:12.963 367 367 W omx_vdec: <__AwOmxVdecGetExtensionIndex:1737>: GetExtensionIndex OMX.google.android.index.describeColorFormat, err [0x80001001].
06-25 14:28:12.963 367 367 W omx_vdec: <__AwOmxVdecGetExtensionIndex:1737>: GetExtensionIndex OMX.google.android.index.describeColorFormat2, err [0x80001001].
06-25 14:28:12.963 367 367 E omx_vdec: : erro: pParamData->nIndex > m_sPortFormatType.nIndex
06-25 14:28:12.963 367 367 W omx_vdec: <__AwOmxVdecGetExtensionIndex:1737>: GetExtensionIndex OMX.google.android.index.describeColorFormat, err [0x80001001].
06-25 14:28:12.963 367 367 W omx_vdec: <__AwOmxVdecGetExtensionIndex:1737>: GetExtensionIndex OMX.google.android.index.describeColorFormat2, err [0x80001001].
06-25 14:28:12.963 367 367 E omx_vdec: : erro: pParamData->nIndex > m_sPortFormatType.nIndex
06-25 14:28:12.964 367 367 W omx_vdec: <__AwOmxVdecGetExtensionIndex:1737>: GetExtensionIndex OMX.google.android.index.describeColorFormat, err [0x80001001].
06-25 14:28:12.964 367 367 W omx_vdec: <__AwOmxVdecGetExtensionIndex:1737>: GetExtensionIndex OMX.google.android.index.describeColorFormat2, err [0x80001001].
06-25 14:28:12.964 367 367 E omx_vdec: : erro: pParamData->nIndex > m_sPortFormatType.nIndex
06-25 14:28:12.964 367 367 W omx_vdec: <__AwOmxVdecGetExtensionIndex:1737>: GetExtensionIndex OMX.google.android.index.describeColorFormat, err [0x80001001].
06-25 14:28:12.964 367 367 W omx_vdec: <__AwOmxVdecGetExtensionIndex:1737>: GetExtensionIndex OMX.google.android.index.describeColorFormat2, err [0x80001001].
06-25 14:28:12.964 367 367 E omx_vdec: : erro: pParamData->nIndex > m_sPortFormatType.nIndex
06-25 14:28:12.964 367 367 W omx_vdec: <__AwOmxVdecGetExtensionIndex:1737>: GetExtensionIndex OMX.google.android.index.describeColorFormat, err [0x80001001].
06-25 14:28:12.964 367 367 W omx_vdec: <__AwOmxVdecGetExtensionIndex:1737>: GetExtensionIndex OMX.google.android.index.describeColorFormat2, err [0x80001001].
06-25 14:28:12.964 367 367 E omx_vdec: : erro: pParamData->nIndex > m_sPortFormatType.nIndex
06-25 14:28:12.965 367 367 W omx_vdec: <__AwOmxVdecGetExtensionIndex:1737>: GetExtensionIndex OMX.google.android.index.describeColorFormat, err [0x80001001].
06-25 14:28:12.965 367 367 W omx_vdec: <__AwOmxVdecGetExtensionIndex:1737>: GetExtensionIndex OMX.google.android.index.describeColorFormat2, err [0x80001001].
06-25 14:28:12.965 367 367 E omx_vdec: : erro: pParamData->nIndex > m_sPortFormatType.nIndex
06-25 14:28:12.965 367 367 W omx_vdec: <__AwOmxVdecGetExtensionIndex:1737>: GetExtensionIndex OMX.google.android.index.describeColorFormat, err [0x80001001].
06-25 14:28:12.965 367 367 W omx_vdec: <__AwOmxVdecGetExtensionIndex:1737>: GetExtensionIndex OMX.google.android.index.describeColorFormat2, err [0x80001001].
06-25 14:28:12.965 367 367 E omx_vdec: : erro: pParamData->nIndex > m_sPortFormatType.nIndex
06-25 14:28:12.965 367 367 W omx_vdec: <__AwOmxVdecGetExtensionIndex:1737>: GetExtensionIndex OMX.google.android.index.describeColorFormat, err [0x80001001].
06-25 14:28:12.965 367 367 W omx_vdec: <__AwOmxVdecGetExtensionIndex:1737>: GetExtensionIndex OMX.google.android.index.describeColorFormat2, err [0x80001001].
06-25 14:28:12.965 367 367 E omx_vdec: : erro: pParamData->nIndex > m_sPortFormatType.nIndex
06-25 14:28:12.966 367 367 W omx_vdec: <__AwOmxVdecGetExtensionIndex:1737>: GetExtensionIndex OMX.google.android.index.describeColorFormat, err [0x80001001].
06-25 14:28:12.966 367 367 W omx_vdec: <__AwOmxVdecGetExtensionIndex:1737>: GetExtensionIndex OMX.google.android.index.describeColorFormat2, err [0x80001001].
06-25 14:28:12.966 367 367 E omx_vdec: : erro: pParamData->nIndex > m_sPortFormatType.nIndex
06-25 14:28:12.966 367 367 W omx_vdec: <__AwOmxVdecGetExtensionIndex:1737>: GetExtensionIndex OMX.google.android.index.describeColorFormat, err [0x80001001].
06-25 14:28:12.966 367 367 W omx_vdec: <__AwOmxVdecGetExtensionIndex:1737>: GetExtensionIndex OMX.google.android.index.describeColorFormat2, err [0x80001001].
06-25 14:28:12.966 367 367 E omx_vdec: : erro: pParamData->nIndex > m_sPortFormatType.nIndex
06-25 14:28:12.966 367 367 W omx_vdec: <__AwOmxVdecGetExtensionIndex:1737>: GetExtensionIndex OMX.google.android.index.describeColorFormat, err [0x80001001].
06-25 14:28:12.966 367 367 W omx_vdec: <__AwOmxVdecGetExtensionIndex:1737>: GetExtensionIndex OMX.google.android.index.describeColorFormat2, err [0x80001001].
06-25 14:28:12.966 367 367 E omx_vdec: : erro: pParamData->nIndex > m_sPortFormatType.nIndex
06-25 14:28:12.966 367 367 W omx_vdec: <__AwOmxVdecGetExtensionIndex:1737>: GetExtensionIndex OMX.google.android.index.describeColorFormat, err [0x80001001].
06-25 14:28:12.967 367 367 W omx_vdec: <__AwOmxVdecGetExtensionIndex:1737>: GetExtensionIndex OMX.google.android.index.describeColorFormat2, err [0x80001001].
06-25 14:28:12.967 367 367 E omx_vdec: : erro: pParamData->nIndex > m_sPortFormatType.nIndex
06-25 14:28:12.967 367 367 W omx_vdec: <__AwOmxVdecGetExtensionIndex:1737>: GetExtensionIndex OMX.google.android.index.describeColorFormat, err [0x80001001].
06-25 14:28:12.967 367 367 W omx_vdec: <__AwOmxVdecGetExtensionIndex:1737>: GetExtensionIndex OMX.google.android.index.describeColorFormat2, err [0x80001001].
06-25 14:28:12.967 367 367 E omx_vdec: : erro: pParamData->nIndex > m_sPortFormatType.nIndex
06-25 14:28:12.967 367 367 W omx_vdec: <__AwOmxVdecGetExtensionIndex:1737>: GetExtensionIndex OMX.google.android.index.describeColorFormat, err [0x80001001].
06-25 14:28:12.967 367 367 W omx_vdec: <__AwOmxVdecGetExtensionIndex:1737>: GetExtensionIndex OMX.google.android.index.describeColorFormat2, err [0x80001001].
06-25 14:28:12.967 367 367 E omx_vdec: : erro: pParamData->nIndex > m_sPortFormatType.nIndex
06-25 14:28:12.967 367 367 W omx_vdec: <__AwOmxVdecGetExtensionIndex:1737>: GetExtensionIndex OMX.google.android.index.describeColorFormat, err [0x80001001].
06-25 14:28:12.968 367 367 W omx_vdec: <__AwOmxVdecGetExtensionIndex:1737>: GetExtensionIndex OMX.google.android.index.describeColorFormat2, err [0x80001001].
06-25 14:28:12.968 367 367 E omx_vdec: : erro: pParamData->nIndex > m_sPortFormatType.nIndex
06-25 14:28:12.968 367 367 W omx_vdec: <__AwOmxVdecGetExtensionIndex:1737>: GetExtensionIndex OMX.google.android.index.describeColorFormat, err [0x80001001].
06-25 14:28:12.968 367 367 W omx_vdec: <__AwOmxVdecGetExtensionIndex:1737>: GetExtensionIndex OMX.google.android.index.describeColorFormat2, err [0x80001001].
06-25 14:28:12.968 367 367 E omx_vdec: : erro: pParamData->nIndex > m_sPortFormatType.nIndex
06-25 14:28:12.968 367 367 W omx_vdec: <__AwOmxVdecGetExtensionIndex:1737>: GetExtensionIndex OMX.google.android.index.describeColorFormat, err [0x80001001].
06-25 14:28:12.968 367 367 W omx_vdec: <__AwOmxVdecGetExtensionIndex:1737>: GetExtensionIndex OMX.google.android.index.describeColorFormat2, err [0x80001001].
06-25 14:28:12.968 367 367 E omx_vdec: : erro: pParamData->nIndex > m_sPortFormatType.nIndex
06-25 14:28:12.968 367 367 W omx_vdec: <__AwOmxVdecGetExtensionIndex:1737>: GetExtensionIndex OMX.google.android.index.describeColorFormat, err [0x80001001].
06-25 14:28:12.969 367 367 W omx_vdec: <__AwOmxVdecGetExtensionIndex:1737>: GetExtensionIndex OMX.google.android.index.describeColorFormat2, err [0x80001001].
06-25 14:28:12.969 367 367 E omx_vdec: : erro: pParamData->nIndex > m_sPortFormatType.nIndex
06-25 14:28:12.969 367 367 W omx_vdec: <__AwOmxVdecGetExtensionIndex:1737>: GetExtensionIndex OMX.google.android.index.describeColorFormat, err [0x80001001].
06-25 14:28:12.969 367 367 W omx_vdec: <__AwOmxVdecGetExtensionIndex:1737>: GetExtensionIndex OMX.google.android.index.describeColorFormat2, err [0x80001001].
06-25 14:28:12.969 367 367 E omx_vdec: : erro: pParamData->nIndex > m_sPortFormatType.nIndex
06-25 14:28:12.969 367 367 W omx_vdec: <__AwOmxVdecGetExtensionIndex:1737>: GetExtensionIndex OMX.google.android.index.describeColorFormat, err [0x80001001].
06-25 14:28:12.969 367 367 W omx_vdec: <__AwOmxVdecGetExtensionIndex:1737>: GetExtensionIndex OMX.google.android.index.describeColorFormat2, err [0x80001001].
06-25 14:28:12.969 367 367 E omx_vdec: : erro: pParamData->nIndex > m_sPortFormatType.nIndex
06-25 14:28:12.970 367 367 W omx_vdec: <__AwOmxVdecGetExtensionIndex:1737>: GetExtensionIndex OMX.google.android.index.describeColorFormat, err [0x80001001].
06-25 14:28:12.970 367 367 W omx_vdec: <__AwOmxVdecGetExtensionIndex:1737>: GetExtensionIndex OMX.google.android.index.describeColorFormat2, err [0x80001001].
06-25 14:28:12.970 367 367 E omx_vdec: : erro: pParamData->nIndex > m_sPortFormatType.nIndex
06-25 14:28:12.970 367 367 W omx_vdec: <__AwOmxVdecGetExtensionIndex:1737>: GetExtensionIndex OMX.google.android.index.describeColorFormat, err [0x80001001].
06-25 14:28:12.970 367 367 W omx_vdec: <__AwOmxVdecGetExtensionIndex:1737>: GetExtensionIndex OMX.google.android.index.describeColorFormat2, err [0x80001001].
06-25 14:28:12.970 367 367 E omx_vdec: : erro: pParamData->nIndex > m_sPortFormatType.nIndex
06-25 14:28:12.970 367 367 W omx_vdec: <__AwOmxVdecGetExtensionIndex:1737>: GetExtensionIndex OMX.google.android.index.describeColorFormat, err [0x80001001].
06-25 14:28:12.970 367 367 W omx_vdec: <__AwOmxVdecGetExtensionIndex:1737>: GetExtensionIndex OMX.google.android.index.describeColorFormat2, err [0x80001001].
06-25 14:28:12.970 367 367 E omx_vdec: : erro: pParamData->nIndex > m_sPortFormatType.nIndex
06-25 14:28:12.971 367 367 W omx_vdec: <__AwOmxVdecGetExtensionIndex:1737>: GetExtensionIndex OMX.google.android.index.describeColorFormat, err [0x80001001].
06-25 14:28:12.971 367 367 W omx_vdec: <__AwOmxVdecGetExtensionIndex:1737>: GetExtensionIndex OMX.google.android.index.describeColorFormat2, err [0x80001001].
06-25 14:28:12.971 367 367 E omx_vdec: : erro: pParamData->nIndex > m_sPortFormatType.nIndex
06-25 14:28:12.971 367 367 W omx_vdec: <__AwOmxVdecGetExtensionIndex:1737>: GetExtensionIndex OMX.google.android.index.describeColorFormat, err [0x80001001].
06-25 14:28:12.971 367 367 W omx_vdec: <__AwOmxVdecGetExtensionIndex:1737>: GetExtensionIndex OMX.google.android.index.describeColorFormat2, err [0x80001001].
06-25 14:28:12.971 367 367 E omx_vdec: : erro: pParamData->nIndex > m_sPortFormatType.nIndex
06-25 14:28:12.971 367 367 W omx_vdec: <__AwOmxVdecGetExtensionIndex:1737>: GetExtensionIndex OMX.google.android.index.describeColorFormat, err [0x80001001].
06-25 14:28:12.971 367 367 W omx_vdec: <__AwOmxVdecGetExtensionIndex:1737>: GetExtensionIndex OMX.google.android.index.describeColorFormat2, err [0x80001001].
06-25 14:28:12.971 367 367 E omx_vdec: : erro: pParamData->nIndex > m_sPortFormatType.nIndex
06-25 14:28:12.971 367 367 W omx_vdec: <__AwOmxVdecGetExtensionIndex:1737>: GetExtensionIndex OMX.google.android.index.describeColorFormat, err [0x80001001].
06-25 14:28:12.972 367 367 W omx_vdec: <__AwOmxVdecGetExtensionIndex:1737>: GetExtensionIndex OMX.google.android.index.describeColorFormat2, err [0x80001001].
06-25 14:28:12.972 367 367 E omx_vdec: : erro: pParamData->nIndex > m_sPortFormatType.nIndex
06-25 14:28:12.972 367 367 W omx_vdec: <__AwOmxVdecGetExtensionIndex:1737>: GetExtensionIndex OMX.google.android.index.describeColorFormat, err [0x80001001].
06-25 14:28:12.972 367 367 W omx_vdec: <__AwOmxVdecGetExtensionIndex:1737>: GetExtensionIndex OMX.google.android.index.describeColorFormat2, err [0x80001001].
06-25 14:28:12.972 358 467 W ACodec : [OMX.allwinner.video.decoder.avc] stopping checking formats after 32: COLOR_FormatYUV420Planar(13)
06-25 14:28:12.972 367 367 W omx_vdec: <__AwOmxVdecGetExtensionIndex:1737>: GetExtensionIndex OMX.google.android.index.configureVideoTunnelMode, err [0x80001001].
06-25 14:28:12.972 367 367 E OMXNodeInstance: getExtensionIndex(0xf59c0000:allwinner.decoder.avc, OMX.google.android.index.configureVideoTunnelMode) ERROR: Undefined(0x80001001)
06-25 14:28:12.972 358 467 D MediaCodecInfo: detail feature-tunneled-playback wasn't present to remove
06-25 14:28:12.972 367 367 W omx_vdec: <__AwOmxVdecGetExtensionIndex:1737>: GetExtensionIndex OMX.google.android.index.storeANWBufferInMetadata, err [0x80001001].
06-25 14:28:12.972 367 367 W omx_vdec_aw: <__anSetExtPara:3011>: Setparameter: unknown param 2131755011
06-25 14:28:12.972 367 367 W OMXNodeInstance: [0xf59c0000:allwinner.decoder.avc] component does not support metadata mode; using fallback
06-25 14:28:12.973 367 709 W libc : invalid pthread_t (0) passed to pthread_join
06-25 14:28:12.973 367 709 W libc : invalid pthread_t (0) passed to pthread_join
06-25 14:28:12.973 367 709 W libc : invalid pthread_t (0) passed to pthread_join
06-25 14:28:12.974 477 477 W SystemServiceManager: Service com.android.server.policy.PermissionPolicyService took 143 ms in onBootPhase
06-25 14:28:12.975 477 477 I SystemServerTiming: StartObservingNativeCrashes
06-25 14:28:12.975 477 477 I SystemServerTiming: RegisterAppOpsPolicy
06-25 14:28:12.976 477 578 D CompatibilityChangeReporter: Compat change id reported: 168419799; UID 10067; state: DISABLED
06-25 14:28:12.976 477 578 W ActivityManager: Slow operation: 118ms so far, now at attachApplicationLocked: immediately before bindApplication
01-01 08:00:18.285 132 132 I sunxi-mmc 4021000.sdmmc: *****retry:start*****
01-01 08:00:18.285 132 132 I sunxi-mmc 4021000.sdmmc: REG_DRV_DL: 0x00010000
01-01 08:00:18.285 132 132 I sunxi-mmc 4021000.sdmmc: REG_SD_NTSR: 0x81710000
01-01 08:00:18.285 132 132 I sunxi-mmc 4021000.sdmmc: *****retry:re-send cmd*****
01-01 08:00:18.285 0 0 E : [ C0] sunxi-mmc 4021000.sdmmc: smc 2 p1 err, cmd 53, WR DCE !!
01-01 08:00:18.293 132 132 I sunxi-mmc 4021000.sdmmc: *****retry:start*****
01-01 08:00:18.293 132 132 I sunxi-mmc 4021000.sdmmc: REG_DRV_DL: 0x00010000
01-01 08:00:18.293 132 132 I sunxi-mmc 4021000.sdmmc: REG_SD_NTSR: 0x81710000
01-01 08:00:18.293 132 132 I sunxi-mmc 4021000.sdmmc: *****retry:re-send cmd*****
01-01 08:00:18.293 0 0 E : [ C0] sunxi-mmc 4021000.sdmmc: smc 2 p1 err, cmd 53, WR DCE !!
06-25 14:28:12.979 477 578 W ActivityManager: Slow operation: 120ms so far, now at attachApplicationLocked: immediately after bindApplication
06-25 14:28:12.980 358 467 I OMXClient: IOmx service obtained
06-25 14:28:12.981 367 367 I OMXStore: makeComponentInstance(OMX.allwinner.video.decoder.avc.secure) in android.hardwar process
06-25 14:28:12.981 477 578 W ActivityManager: Slow operation: 122ms so far, now at attachApplicationLocked: after updateLruProcessLocked
06-25 14:28:12.986 367 367 E omx_vdec: : This platform does not support secure video playback
06-25 14:28:12.986 367 367 E omx_sem : : handle is null
06-25 14:28:12.986 367 367 E omx_sem : : handle is null
06-25 14:28:12.986 367 367 E omx_sem : : handle is null
06-25 14:28:12.986 367 367 E omx_sem : : handle is null
06-25 14:28:12.986 367 367 E omx_sem : : handle is null
06-25 14:28:12.986 367 367 W omx_vdec_aw: : pdec is null
06-25 14:28:12.986 367 367 E android.hardware.media.omx@1.0-service: Failed to allocate omx component 'OMX.allwinner.video.decoder.avc.secure' err=InvalidComponentName(0x80001002)
06-25 14:28:12.988 358 467 W OmxInfoBuilder: Fail to add media type video/avc to codec OMX.allwinner.video.decoder.avc.secure
06-25 14:28:12.989 358 467 I OMXClient: IOmx service obtained
06-25 14:28:12.989 367 367 I OMXStore: makeComponentInstance(OMX.allwinner.video.decoder.hevc) in android.hardwar process
06-25 14:28:12.990 367 367 I omx_vdec_aw: : OmxDecoderCreate.
06-25 14:28:12.991 367 367 W omx_vdec: <__AwOmxVdecSetParameter:1561>: Set Parameter called in valid state
06-25 14:28:12.992 367 367 W omx_vdec: : pParamProfileLevel->nProfileIndex[0x1] error!
06-25 14:28:12.992 367 367 E OMXNodeInstance: getParameter(0xf59c0000:allwinner.decoder.hevc, ParamVideoProfileLevelQuerySupported(0x600000f)) ERROR: BadParameter(0x80001005)
06-25 14:28:12.992 367 367 W omx_vdec: <__AwOmxVdecGetExtensionIndex:1737>: GetExtensionIndex OMX.google.android.index.describeColorFormat, err [0x80001001].
06-25 14:28:12.992 367 367 W omx_vdec: <__AwOmxVdecGetExtensionIndex:1737>: GetExtensionIndex OMX.google.android.index.describeColorFormat2, err [0x80001001].
06-25 14:28:12.992 367 367 E omx_vdec: : erro: pParamData->nIndex > m_sPortFormatType.nIndex
06-25 14:28:12.992 367 367 W omx_vdec: <__AwOmxVdecGetExtensionIndex:1737>: GetExtensionIndex OMX.google.android.index.describeColorFormat, err [0x80001001].
06-25 14:28:12.992 367 367 W omx_vdec: <__AwOmxVdecGetExtensionIndex:1737>: GetExtensionIndex OMX.google.android.index.describeColorFormat2, err [0x80001001].
06-25 14:28:12.993 367 367 E omx_vdec: : erro: pParamData->nIndex > m_sPortFormatType.nIndex
06-25 14:28:12.993 367 367 W omx_vdec: <__AwOmxVdecGetExtensionIndex:1737>: GetExtensionIndex OMX.google.android.index.describeColorFormat, err [0x80001001].
06-25 14:28:12.993 367 367 W omx_vdec: <__AwOmxVdecGetExtensionIndex:1737>: GetExtensionIndex OMX.google.android.index.describeColorFormat2, err [0x80001001].
06-25 14:28:12.993 367 367 E omx_vdec: : erro: pParamData->nIndex > m_sPortFormatType.nIndex
06-25 14:28:12.993 367 367 W omx_vdec: <__AwOmxVdecGetExtensionIndex:1737>: GetExtensionIndex OMX.google.android.index.describeColorFormat, err [0x80001001].
06-25 14:28:12.993 367 367 W omx_vdec: <__AwOmxVdecGetExtensionIndex:1737>: GetExtensionIndex OMX.google.android.index.describeColorFormat2, err [0x80001001].
06-25 14:28:12.993 367 367 E omx_vdec: : erro: pParamData->nIndex > m_sPortFormatType.nIndex
06-25 14:28:12.993 367 367 W omx_vdec: <__AwOmxVdecGetExtensionIndex:1737>: GetExtensionIndex OMX.google.android.index.describeColorFormat, err [0x80001001].
06-25 14:28:12.993 367 367 W omx_vdec: <__AwOmxVdecGetExtensionIndex:1737>: GetExtensionIndex OMX.google.android.index.describeColorFormat2, err [0x80001001].
06-25 14:28:12.994 367 367 E omx_vdec: : erro: pParamData->nIndex > m_sPortFormatType.nIndex
06-25 14:28:12.994 367 367 W omx_vdec: <__AwOmxVdecGetExtensionIndex:1737>: GetExtensionIndex OMX.google.android.index.describeColorFormat, err [0x80001001].
06-25 14:28:12.994 367 367 W omx_vdec: <__AwOmxVdecGetExtensionIndex:1737>: GetExtensionIndex OMX.google.android.index.describeColorFormat2, err [0x80001001].
06-25 14:28:12.994 367 367 E omx_vdec: : erro: pParamData->nIndex > m_sPortFormatType.nIndex
06-25 14:28:12.994 367 367 W omx_vdec: <__AwOmxVdecGetExtensionIndex:1737>: GetExtensionIndex OMX.google.android.index.describeColorFormat, err [0x80001001].
06-25 14:28:12.995 367 367 W omx_vdec: <__AwOmxVdecGetExtensionIndex:1737>: GetExtensionIndex OMX.google.android.index.describeColorFormat2, err [0x80001001].
06-25 14:28:12.995 367 367 E omx_vdec: : erro: pParamData->nIndex > m_sPortFormatType.nIndex
06-25 14:28:12.995 367 367 W omx_vdec: <__AwOmxVdecGetExtensionIndex:1737>: GetExtensionIndex OMX.google.android.index.describeColorFormat, err [0x80001001].
06-25 14:28:12.995 367 367 W omx_vdec: <__AwOmxVdecGetExtensionIndex:1737>: GetExtensionIndex OMX.google.android.index.describeColorFormat2, err [0x80001001].
01-01 08:00:18.302 132 132 I sunxi-mmc 4021000.sdmmc: *****retry:start*****
06-25 14:28:12.995 367 367 E omx_vdec: : erro: pParamData->nIndex > m_sPortFormatType.nIndex
06-25 14:28:12.995 367 367 W omx_vdec: <__AwOmxVdecGetExtensionIndex:1737>: GetExtensionIndex OMX.google.android.index.describeColorFormat, err [0x80001001].
01-01 08:00:18.302 132 132 I sunxi-mmc 4021000.sdmmc: REG_DRV_DL: 0x00010000
06-25 14:28:12.995 367 367 W omx_vdec: <__AwOmxVdecGetExtensionIndex:1737>: GetExtensionIndex OMX.google.android.index.describeColorFormat2, err [0x80001001].
01-01 08:00:18.302 132 132 I sunxi-mmc 4021000.sdmmc: REG_SD_NTSR: 0x81710000
06-25 14:28:12.995 367 367 E omx_vdec: : erro: pParamData->nIndex > m_sPortFormatType.nIndex
01-01 08:00:18.302 132 132 I sunxi-mmc 4021000.sdmmc: *****retry:re-send cmd*****
01-01 08:00:18.302 0 0 E : [ C0] sunxi-mmc 4021000.sdmmc: smc 2 p1 err, cmd 53, WR DCE !!
06-25 14:28:12.996 367 367 W omx_vdec: <__AwOmxVdecGetExtensionIndex:1737>: GetExtensionIndex OMX.google.android.index.describeColorFormat, err [0x80001001].
01-01 08:00:18.310 132 132 I sunxi-mmc 4021000.sdmmc: *****retry:start*****
01-01 08:00:18.310 132 132 I sunxi-mmc 4021000.sdmmc: REG_DRV_DL: 0x00030000
01-01 08:00:18.310 132 132 I sunxi-mmc 4021000.sdmmc: REG_SD_NTSR: 0x81710110
01-01 08:00:18.310 132 132 I sunxi-mmc 4021000.sdmmc: *****retry:re-send cmd*****
01-01 08:00:18.310 0 0 D : [ C0] 4,end
06-25 14:28:12.996 367 367 W omx_vdec: <__AwOmxVdecGetExtensionIndex:1737>: GetExtensionIndex OMX.google.android.index.describeColorFormat2, err [0x80001001].
06-25 14:28:12.996 367 367 E omx_vdec: : erro: pParamData->nIndex > m_sPortFormatType.nIndex
06-25 14:28:12.996 367 367 W omx_vdec: <__AwOmxVdecGetExtensionIndex:1737>: GetExtensionIndex OMX.google.android.index.describeColorFormat, err [0x80001001].
06-25 14:28:12.996 367 367 W omx_vdec: <__AwOmxVdecGetExtensionIndex:1737>: GetExtensionIndex OMX.google.android.index.describeColorFormat2, err [0x80001001].
06-25 14:28:12.996 367 367 E omx_vdec: : erro: pParamData->nIndex > m_sPortFormatType.nIndex
06-25 14:28:12.996 367 367 W omx_vdec: <__AwOmxVdecGetExtensionIndex:1737>: GetExtensionIndex OMX.google.android.index.describeColorFormat, err [0x80001001].
06-25 14:28:12.996 367 367 W omx_vdec: <__AwOmxVdecGetExtensionIndex:1737>: GetExtensionIndex OMX.google.android.index.describeColorFormat2, err [0x80001001].
06-25 14:28:12.996 367 367 E omx_vdec: : erro: pParamData->nIndex > m_sPortFormatType.nIndex
06-25 14:28:12.996 367 367 W omx_vdec: <__AwOmxVdecGetExtensionIndex:1737>: GetExtensionIndex OMX.google.android.index.describeColorFormat, err [0x80001001].
06-25 14:28:12.997 367 367 W omx_vdec: <__AwOmxVdecGetExtensionIndex:1737>: GetExtensionIndex OMX.google.android.index.describeColorFormat2, err [0x80001001].
06-25 14:28:12.997 367 367 E omx_vdec: : erro: pParamData->nIndex > m_sPortFormatType.nIndex
06-25 14:28:12.997 367 367 W omx_vdec: <__AwOmxVdecGetExtensionIndex:1737>: GetExtensionIndex OMX.google.android.index.describeColorFormat, err [0x80001001].
06-25 14:28:12.997 367 367 W omx_vdec: <__AwOmxVdecGetExtensionIndex:1737>: GetExtensionIndex OMX.google.android.index.describeColorFormat2, err [0x80001001].
06-25 14:28:12.997 367 367 E omx_vdec: : erro: pParamData->nIndex > m_sPortFormatType.nIndex
06-25 14:28:12.997 367 367 W omx_vdec: <__AwOmxVdecGetExtensionIndex:1737>: GetExtensionIndex OMX.google.android.index.describeColorFormat, err [0x80001001].
06-25 14:28:12.997 367 367 W omx_vdec: <__AwOmxVdecGetExtensionIndex:1737>: GetExtensionIndex OMX.google.android.index.describeColorFormat2, err [0x80001001].
06-25 14:28:12.997 367 367 E omx_vdec: : erro: pParamData->nIndex > m_sPortFormatType.nIndex
06-25 14:28:12.997 367 367 W omx_vdec: <__AwOmxVdecGetExtensionIndex:1737>: GetExtensionIndex OMX.google.android.index.describeColorFormat, err [0x80001001].
06-25 14:28:12.997 367 367 W omx_vdec: <__AwOmxVdecGetExtensionIndex:1737>: GetExtensionIndex OMX.google.android.index.describeColorFormat2, err [0x80001001].
06-25 14:28:12.998 367 367 E omx_vdec: : erro: pParamData->nIndex > m_sPortFormatType.nIndex
