06-25 14:28:11.314 477 477 I SystemServerTiming: AppIntegrityService
06-25 14:28:11.314 477 477 I SystemServiceManager: Starting com.android.server.integrity.AppIntegrityManagerService
06-25 14:28:11.316 477 477 E IntegrityFileManager: Error creating staging and rules directory
06-25 14:28:11.317 322 324 D XM_HIDREAD: add@ add@/devices/virtual/wakeup/wakeup24
06-25 14:28:11.317 477 604 I WatchlistLoggingHandler: No need to aggregate record yet.
06-25 14:28:11.317 477 604 I WatchlistLoggingHandler: Milliseconds spent on tryAggregateRecords(): 17
06-25 14:28:11.320 477 602 I EventHub: usingClockIoctl=true
06-25 14:28:11.320 477 602 I EventHub: New device: id=2, fd=167, path='/dev/input/event0', name='sunxi-ir', classes=KEYBOARD, configuration='', keyLayout='/system/usr/keylayout/sunxi-ir.kl', keyCharacterMap='/system/usr/keychars/Generic.kcm', builtinKeyboard=false,
06-25 14:28:11.327 477 602 I InputReader: Device added: id=-1, eventHubId=-1, name='Virtual', descriptor='a718a782d34bc767f4689c232d64d527998ea7fd',sources=0x00000301
06-25 14:28:11.327 477 602 I InputReader: Device added: id=2, eventHubId=2, name='sunxi-ir', descriptor='485d69228e24f5e46da1598745890b214130dbc4',sources=0x00000101
06-25 14:28:11.328 477 602 W InputReader: Can't find the designated viewport with ID 0 to update cursor input mapper. Fall back to default display
06-25 14:28:11.328 477 602 E InputReader: Still can't find a viable viewport to update cursor input mapper. Skip setting it to PointerController.
06-25 14:28:11.328 477 602 I InputReader: Device added: id=3, eventHubId=1, name='sunxi-ir-uinput', descriptor='0a253e777d1b2169367be63d7c9054e7991953a6',sources=0x00002303
06-25 14:28:11.330 477 477 I WindowManager: SAFE MODE not enabled
06-25 14:28:11.330 477 477 I SystemServerTiming: StartInputMethodManagerLifecycle
06-25 14:28:11.330 477 477 I SystemServiceManager: Starting com.android.server.inputmethod.InputMethodManagerService$Lifecycle
06-25 14:28:11.335 477 477 I SystemServerTiming: StartAccessibilityManagerService
06-25 14:28:11.335 477 477 I SystemServiceManager: Starting com.android.server.accessibility.AccessibilityManagerService$Lifecycle
06-25 14:28:11.343 477 477 I SystemServerTiming: MakeDisplayReady
06-25 14:28:11.348 477 477 W InputReader: Device sunxi-ir-uinput is associated with display ADISPLAY_ID_NONE.
06-25 14:28:11.349 477 477 W InputReader: Device sunxi-ir-uinput is associated with display ADISPLAY_ID_NONE.
06-25 14:28:11.350 477 477 I ActivityTaskManager: Config changes=20005df8 {1.0 ?mcc?mnc [zh_CN] ldltr sw720dp w1280dp h696dp 240dpi xlrg long land ?uimode ?night -touch qwerty/v/v dpad/v winConfig={ mBounds=Rect(0, 0 - 1920, 1080) mAppBounds=Rect(0, 0 - 1920, 1080) mMaxBounds=Rect(0, 0 - 1920, 1080) mWindowingMode=fullscreen mDisplayWindowingMode=fullscreen mActivityType=undefined mAlwaysOnTop=undefined mRotation=ROTATION_0} s.2 ?fontWeightAdjustment}
06-25 14:28:11.353 477 477 I WindowManager: Override config changes=60007dfc {1.0 ?mcc?mnc [zh_CN] ldltr sw720dp w1280dp h696dp 240dpi xlrg long land ?uimode ?night -touch qwerty/v/v dpad/v winConfig={ mBounds=Rect(0, 0 - 1920, 1080) mAppBounds=Rect(0, 0 - 1920, 1080) mMaxBounds=Rect(0, 0 - 1920, 1080) mWindowingMode=fullscreen mDisplayWindowingMode=fullscreen mActivityType=undefined mAlwaysOnTop=undefined mRotation=ROTATION_0} s.2 ?fontWeightAdjustment} for displayId=0
06-25 14:28:11.356 315 315 D XiriService: check file name: /data/data/com.android.cts.priv.ctsshim/lib
06-25 14:28:11.352 315 315 I xiriservice_All: type=1400 audit(0.0:311): avc: denied { search } for name="com.android.cts.priv.ctsshim" dev="mmcblk0p25" ino=567 scontext=u:r:init:s0 tcontext=u:object_r:privapp_data_file:s0:c512,c768 tclass=dir permissive=1
06-25 14:28:11.356 315 315 I xiriservice_All: type=1400 audit(0.0:312): avc: denied { read } for name="lib" dev="mmcblk0p25" ino=31138 scontext=u:r:init:s0 tcontext=u:object_r:privapp_data_file:s0:c512,c768 tclass=lnk_file permissive=1
06-25 14:28:11.358 315 315 D XiriService: check file name: /data/data/com.android.cts.priv.ctsshim/lib
06-25 14:28:11.359 315 315 D XiriService: check file name: /data/data/com.android.cts.priv.ctsshim/lib
06-25 14:28:11.360 315 315 D XiriService: check file name: /data/data/com.android.cts.priv.ctsshim/lib
06-25 14:28:11.363 477 477 W InputReader: Device sunxi-ir-uinput is associated with display ADISPLAY_ID_NONE.
06-25 14:28:11.364 477 477 I SystemServerTiming: StartStorageManagerService
06-25 14:28:11.364 477 477 I SystemServiceManager: Starting com.android.server.StorageManagerService$Lifecycle
06-25 14:28:11.367 477 526 I InputManager-JNI: Viewport [0] to add: local:0, isActive: false
06-25 14:28:11.368 477 602 I InputReader: Reconfiguring input devices, changes=DISPLAY_INFO |
06-25 14:28:11.369 354 588 D installd: Found quota mount /dev/block/by-name/userdata at /data
06-25 14:28:11.369 354 588 D installd: Found quota mount /dev/block/by-name/userdata at /data/user/0
01-01 08:00:16.691 1 1 I init : processing action (sys.sysctl.extra_free_kbytes=*) from (/system/etc/init/hw/init.rc:1139)
06-25 14:28:11.377 315 315 D XiriService: check file name: /data/data/com.android.cts.priv.ctsshim/lib
06-25 14:28:11.378 315 315 D XiriService: check file name: /data/data/com.android.cts.priv.ctsshim/lib
06-25 14:28:11.378 315 315 D XiriService: check file name: /data/data/com.android.cts.priv.ctsshim/lib
06-25 14:28:11.378 315 315 D XiriService: check file name: /data/data/com.android.cts.priv.ctsshim/lib
06-25 14:28:11.376 315 315 I xiriservice_All: type=1400 audit(0.0:313): avc: denied { read } for name="lib" dev="mmcblk0p25" ino=30991 scontext=u:r:init:s0 tcontext=u:object_r:privapp_data_file:s0:c512,c768 tclass=lnk_file permissive=1
06-25 14:28:11.379 477 607 D StorageManagerService: Thinking about init, mBootCompleted=false, mDaemonConnected=true
06-25 14:28:11.379 477 607 D StorageManagerService: Thinking about reset, mBootCompleted=false, mDaemonConnected=true
06-25 14:28:11.382 315 315 D XiriService: check file name: /data/data/com.android.dynsystem/lib
06-25 14:28:11.382 477 607 D StorageManagerService: Thinking about init, mBootCompleted=false, mDaemonConnected=true
06-25 14:28:11.382 477 607 D StorageManagerService: Thinking about reset, mBootCompleted=false, mDaemonConnected=true
06-25 14:28:11.382 315 315 D XiriService: check file name: /data/data/com.android.dynsystem/lib
06-25 14:28:11.382 315 315 D XiriService: check file name: /data/data/com.android.dynsystem/lib
06-25 14:28:11.383 477 477 I SystemServerTiming: StartStorageStatsService
06-25 14:28:11.380 315 315 I xiriservice_All: type=1400 audit(0.0:314): avc: denied { search } for name="com.android.dynsystem" dev="mmcblk0p25" ino=575 scontext=u:r:init:s0 tcontext=u:object_r:system_app_data_file:s0 tclass=dir permissive=1
06-25 14:28:11.383 477 477 I SystemServiceManager: Starting com.android.server.usage.StorageStatsService$Lifecycle
06-25 14:28:11.380 315 315 I xiriservice_All: type=1400 audit(0.0:315): avc: denied { read } for name="lib" dev="mmcblk0p25" ino=31139 scontext=u:r:init:s0 tcontext=u:object_r:system_app_data_file:s0 tclass=lnk_file permissive=1
06-25 14:28:11.385 354 588 D installd: Found quota mount /dev/block/by-name/userdata at /data
06-25 14:28:11.385 354 588 D installd: Found quota mount /dev/block/by-name/userdata at /data/user/0
06-25 14:28:11.388 354 588 D installd: Found quota mount /dev/block/by-name/userdata at /data
06-25 14:28:11.388 354 588 D installd: Found quota mount /dev/block/by-name/userdata at /data/user/0
06-25 14:28:11.390 315 315 D XiriService: check file name: /data/data/com.android.dynsystem/lib
06-25 14:28:11.391 315 315 D XiriService: check file name: /data/data/com.android.dynsystem/lib
06-25 14:28:11.391 315 315 D XiriService: check file name: /data/data/com.android.dynsystem/lib
06-25 14:28:11.391 315 315 D XiriService: check file name: /data/data/com.android.dynsystem/lib
06-25 14:28:11.393 477 477 I SystemServerTiming: StartUiModeManager
06-25 14:28:11.393 315 315 D XiriService: check file name: /data/data/com.dangbei.lerad.rocky/lib
06-25 14:28:11.393 477 477 I SystemServiceManager: Starting com.android.server.UiModeManagerService
06-25 14:28:11.393 315 315 D XiriService: check file name: /data/data/com.dangbei.lerad.rocky/lib
06-25 14:28:11.394 315 315 D XiriService: check file name: /data/data/com.dangbei.lerad.rocky/lib
06-25 14:28:11.394 315 315 D XiriService: check file name: /data/data/com.dangbei.lerad.rocky/lib
06-25 14:28:11.395 477 477 I SystemServerTiming: UpdatePackagesIfNeeded
06-25 14:28:11.395 477 477 I Watchdog: Pausing HandlerChecker: main thread for reason: dexopt. Pause count: 1
06-25 14:28:11.395 477 477 I Watchdog: Resuming HandlerChecker: main thread for reason: dexopt. Pause count: 0
06-25 14:28:11.395 477 477 I SystemServerTiming: PerformFstrimIfNeeded
06-25 14:28:11.395 477 522 I SystemServerTimingAsync: InitThreadPoolExec:UiModeManager.onStart
06-25 14:28:11.395 477 522 D SystemServerInitThreadPool: Started executing UiModeManager.onStart
06-25 14:28:11.396 477 477 I SystemServerTiming: StartLockSettingsService
06-25 14:28:11.396 477 477 I SystemServiceManager: Starting com.android.server.locksettings.LockSettingsService$Lifecycle
06-25 14:28:11.403 315 315 D XiriService: check file name: /data/data/com.dangbei.lerad.rocky/lib
06-25 14:28:11.404 477 522 D SystemServerInitThreadPool: Finished executing UiModeManager.onStart
06-25 14:28:11.404 315 315 D XiriService: check file name: /data/data/com.dangbei.lerad.rocky/lib
06-25 14:28:11.405 315 315 D XiriService: check file name: /data/data/com.dangbei.lerad.rocky/lib
06-25 14:28:11.405 315 315 D XiriService: check file name: /data/data/com.dangbei.lerad.rocky/lib
06-25 14:28:11.412 315 315 D XiriService: check file name: /data/data/com.android.tv.settings/lib
06-25 14:28:11.412 315 315 D XiriService: check file name: /data/data/com.android.tv.settings/lib
06-25 14:28:11.413 315 315 D XiriService: check file name: /data/data/com.android.tv.settings/lib
06-25 14:28:11.413 315 315 D XiriService: check file name: /data/data/com.android.tv.settings/lib
06-25 14:28:11.418 477 477 I SystemServerTiming: StartPersistentDataBlock
06-25 14:28:11.418 477 477 I SystemServiceManager: Starting com.android.server.PersistentDataBlockService
06-25 14:28:11.418 477 477 I SystemServerTiming: StartTestHarnessMode
06-25 14:28:11.418 477 477 I SystemServiceManager: Starting com.android.server.testharness.TestHarnessModeService
06-25 14:28:11.418 477 582 I SystemServerTimingAsync: InitThreadPoolExec:PersistentDataBlockService.onStart
06-25 14:28:11.419 477 582 D SystemServerInitThreadPool: Started executing PersistentDataBlockService.onStart
06-25 14:28:11.420 477 477 I SystemServerTiming: StartOemLockService
06-25 14:28:11.420 477 477 I SystemServiceManager: Starting com.android.server.oemlock.OemLockService
06-25 14:28:11.421 315 315 D XiriService: check file name: /data/data/com.android.tv.settings/lib
06-25 14:28:11.421 315 315 D XiriService: check file name: /data/data/com.android.tv.settings/lib
06-25 14:28:11.421 315 315 D XiriService: check file name: /data/data/com.android.tv.settings/lib
06-25 14:28:11.422 187 187 I hwservicemanager: getTransport: Cannot find entry android.hardware.oemlock@1.0::IOemLock/default in either framework or device VINTF manifest.
06-25 14:28:11.423 477 477 I OemLock : OemLock HAL not present on device
06-25 14:28:11.423 477 477 I OemLock : Using persistent data block based lock
06-25 14:28:11.425 477 477 I SystemServerTiming: StartDeviceIdleController
06-25 14:28:11.425 477 477 I SystemServiceManager: Starting com.android.server.DeviceIdleController
06-25 14:28:11.431 477 477 I SystemServerTiming: StartDevicePolicyManager
06-25 14:28:11.432 477 477 I SystemServiceManager: Starting com.android.server.devicepolicy.DevicePolicyManagerService$Lifecycle
06-25 14:28:11.434 315 315 D XiriService: check file name: /data/data/com.oranth.factory/lib
06-25 14:28:11.435 315 315 D XiriService: check file name: /data/data/com.oranth.factory/lib
06-25 14:28:11.435 315 315 D XiriService: check file name: /data/data/com.oranth.factory/lib
06-25 14:28:11.435 315 315 D XiriService: check file name: /data/data/com.oranth.factory/lib
06-25 14:28:11.439 477 582 D SystemServerInitThreadPool: Finished executing PersistentDataBlockService.onStart
06-25 14:28:11.443 315 315 D XiriService: check file name: /data/data/com.oranth.factory/lib
06-25 14:28:11.443 315 315 D XiriService: check file name: /data/data/com.oranth.factory/lib
06-25 14:28:11.443 315 315 D XiriService: check file name: /data/data/com.oranth.factory/lib
06-25 14:28:11.444 477 477 I SystemServerTiming: StartStatusBarManagerService
06-25 14:28:11.445 477 477 D SystemServer: MusicRecognitionManagerService not defined by OEM or disabled by flag
06-25 14:28:11.446 477 477 D SystemServer: ContentCaptureService disabled because resource is not overlaid
06-25 14:28:11.446 477 477 D SystemServer: AttentionService is not configured on this device
06-25 14:28:11.446 477 477 D SystemServer: RotationResolverService is not configured on this device
06-25 14:28:11.446 477 477 D SystemServer: SystemCaptionsManagerService disabled because resource is not overlaid
06-25 14:28:11.447 477 477 I SystemServerTiming: StartTextToSpeechManagerService
06-25 14:28:11.447 477 477 I SystemServiceManager: Starting com.android.server.texttospeech.TextToSpeechManagerService
06-25 14:28:11.449 477 477 I SystemServerTiming: StartSpeechRecognitionManagerService
06-25 14:28:11.450 477 477 I SystemServiceManager: Starting com.android.server.speech.SpeechRecognitionManagerService
06-25 14:28:11.451 315 315 D XiriService: check file name: /data/data/com.dangbei.zhushou.os/lib
06-25 14:28:11.451 315 315 D XiriService: check file name: /data/data/com.dangbei.zhushou.os/lib
06-25 14:28:11.451 315 315 D XiriService: check file name: /data/data/com.dangbei.zhushou.os/lib
06-25 14:28:11.451 315 315 D XiriService: check file name: /data/data/com.dangbei.zhushou.os/lib
06-25 14:28:11.453 477 477 D SystemServer: AppPredictionService not defined by OEM
06-25 14:28:11.453 477 477 D SystemServer: ContentSuggestionsService not defined by OEM
06-25 14:28:11.453 477 477 I SystemServerTiming: StartSearchUiService
06-25 14:28:11.453 477 477 I SystemServiceManager: Starting com.android.server.searchui.SearchUiManagerService
06-25 14:28:11.455 477 477 I SystemServerTiming: StartSmartspaceService
06-25 14:28:11.455 477 477 I SystemServiceManager: Starting com.android.server.smartspace.SmartspaceManagerService
06-25 14:28:11.457 315 315 D XiriService: check file name: /data/data/com.dangbei.zhushou.os/lib
06-25 14:28:11.457 315 315 D XiriService: check file name: /data/data/com.dangbei.zhushou.os/lib
06-25 14:28:11.457 477 477 I SystemServerTiming: InitConnectivityModuleConnector
06-25 14:28:11.458 477 477 D ConnectivityModuleConnector: Network stack init
06-25 14:28:11.458 315 315 D XiriService: check file name: /data/data/com.dangbei.zhushou.os/lib
06-25 14:28:11.458 315 315 D XiriService: check file name: /data/data/com.dangbei.zhushou.os/lib
06-25 14:28:11.463 477 477 I SystemServerTiming: InitNetworkStackClient
06-25 14:28:11.466 477 477 I SystemServerTiming: StartNetworkManagementService
06-25 14:28:11.472 477 477 I SystemServerTiming: StartIpSecService
06-25 14:28:11.477 477 477 I SystemServerTiming: StartTextServicesManager
06-25 14:28:11.477 477 477 I SystemServiceManager: Starting com.android.server.textservices.TextServicesManagerService$Lifecycle
06-25 14:28:11.477 477 522 I SystemServerTimingAsync: InitThreadPoolExec:START_FONT_MANAGER_SERVICE
06-25 14:28:11.477 477 522 D SystemServerInitThreadPool: Started executing START_FONT_MANAGER_SERVICE
06-25 14:28:11.478 477 522 I SystemServerTimingAsync: START_FONT_MANAGER_SERVICE
06-25 14:28:11.479 477 477 I SystemServerTiming: StartTextClassificationManagerService
06-25 14:28:11.479 477 477 I SystemServiceManager: Starting com.android.server.textclassifier.TextClassificationManagerService$Lifecycle
06-25 14:28:11.484 477 477 I SystemServerTiming: StartNetworkScoreService
06-25 14:28:11.484 477 477 I SystemServiceManager: Starting com.android.server.NetworkScoreService$Lifecycle
06-25 14:28:11.486 477 477 I NetworkScoreService: Registering network_score
06-25 14:28:11.487 477 477 I SystemServerTiming: StartNetworkStatsService
06-25 14:28:11.491 315 315 D XiriService: check file name: /data/data/com.sohu.inputmethod.sogou.tv/lib
06-25 14:28:11.488 315 315 I xiriservice_All: type=1400 audit(0.0:316): avc: denied { search } for name="com.sohu.inputmethod.sogou.tv" dev="mmcblk0p25" ino=1406 scontext=u:r:init:s0 tcontext=u:object_r:app_data_file:s0:c48,c256,c512,c768 tclass=dir permissive=1
06-25 14:28:11.488 315 315 I xiriservice_All: type=1400 audit(0.0:317): avc: denied { read } for name="lib" dev="mmcblk0p25" ino=31144 scontext=u:r:init:s0 tcontext=u:object_r:app_data_file:s0:c48,c256,c512,c768 tclass=lnk_file permissive=1
06-25 14:28:11.492 315 315 D XiriService: check file name: /data/data/com.sohu.inputmethod.sogou.tv/lib
06-25 14:28:11.492 315 315 D XiriService: check file name: /data/data/com.sohu.inputmethod.sogou.tv/lib
06-25 14:28:11.492 315 315 D XiriService: check file name: /data/data/com.sohu.inputmethod.sogou.tv/lib
06-25 14:28:11.500 315 315 D XiriService: check file name: /data/data/com.sohu.inputmethod.sogou.tv/lib
06-25 14:28:11.501 315 315 D XiriService: check file name: /data/data/com.sohu.inputmethod.sogou.tv/lib
06-25 14:28:11.502 315 315 D XiriService: check file name: /data/data/com.sohu.inputmethod.sogou.tv/lib
06-25 14:28:11.503 477 477 I SystemServerTiming: StartNetworkPolicyManagerService
06-25 14:28:11.519 477 477 I SystemServerTiming: StartWifi
06-25 14:28:11.544 315 315 D XiriService: check file name: /data/data/com.oranth.ledstatus/lib
06-25 14:28:11.545 315 315 D XiriService: check file name: /data/data/com.oranth.ledstatus/lib
06-25 14:28:11.545 315 315 D XiriService: check file name: /data/data/com.oranth.ledstatus/lib
06-25 14:28:11.545 315 315 D XiriService: check file name: /data/data/com.oranth.ledstatus/lib
06-25 14:28:11.548 248 248 W Zygote : Class not found for preloading: android.view.SurfaceView$2
06-25 14:28:11.553 315 315 D XiriService: check file name: /data/data/com.oranth.ledstatus/lib
06-25 14:28:11.554 315 315 D XiriService: check file name: /data/data/com.dangbei.lerad.videoposter/lib
06-25 14:28:11.554 315 315 D XiriService: check file name: /data/data/com.dangbei.lerad.videoposter/lib
06-25 14:28:11.552 315 315 I xiriservice_All: type=1400 audit(0.0:318): avc: denied { search } for name="com.dangbei.lerad.videoposter" dev="mmcblk0p25" ino=747 scontext=u:r:init:s0 tcontext=u:object_r:app_data_file:s0:c512,c768 tclass=dir permissive=1
06-25 14:28:11.552 315 315 I xiriservice_All: type=1400 audit(0.0:319): avc: denied { read } for name="lib" dev="mmcblk0p25" ino=31027 scontext=u:r:init:s0 tcontext=u:object_r:app_data_file:s0:c512,c768 tclass=lnk_file permissive=1
06-25 14:28:11.554 315 315 D XiriService: check file name: /data/data/com.dangbei.lerad.videoposter/lib
06-25 14:28:11.559 477 477 I SystemServiceManager: Starting com.android.server.wifi.WifiService
06-25 14:28:11.563 315 315 D XiriService: check file name: /data/data/com.dangbei.lerad.videoposter/lib
06-25 14:28:11.563 315 315 D XiriService: check file name: /data/data/com.dangbei.lerad.videoposter/lib
06-25 14:28:11.563 315 315 D XiriService: check file name: /data/data/com.dangbei.lerad.videoposter/lib
06-25 14:28:11.563 315 315 D XiriService: check file name: /data/data/com.dangbei.lerad.videoposter/lib
06-25 14:28:11.582 477 477 I WifiContext: Found Wifi Resources APK at: com.android.wifi.resources
06-25 14:28:11.587 315 315 D XiriService: check file name: /data/data/com.android.networkstack/lib
06-25 14:28:11.587 315 315 D XiriService: check file name: /data/data/com.android.networkstack/lib
06-25 14:28:11.584 315 315 I xiriservice_All: type=1400 audit(0.0:320): avc: denied { read } for name="lib" dev="mmcblk0p25" ino=31147 scontext=u:r:init:s0 tcontext=u:object_r:radio_data_file:s0 tclass=lnk_file permissive=1
06-25 14:28:11.588 315 315 D XiriService: check file name: /data/data/com.android.networkstack/lib
06-25 14:28:11.596 315 315 D XiriService: check file name: /data/data/com.android.networkstack/lib
06-25 14:28:11.597 315 315 D XiriService: check file name: /data/data/com.android.networkstack/lib
06-25 14:28:11.597 315 315 D XiriService: check file name: /data/data/com.android.networkstack/lib
06-25 14:28:11.599 477 477 V NetworkScoreManager: registerNetworkScoreCallback: callback=com.android.server.wifi.WifiNetworkScoreCache@1b5b601, executor=com.android.wifi.x.android.os.HandlerExecutor@d98fca6
06-25 14:28:11.621 477 477 D ScanMetrics: Settings package: com.android.tv.settings
06-25 14:28:11.624 477 477 E ScanMetrics: Can't get GMS uid
06-25 14:28:11.647 477 477 I WifiCoexManager: Default coex algorithm is disabled.
06-25 14:28:11.695 315 315 D XiriService: check file name: /data/data/com.dangbei.screencast/lib
06-25 14:28:11.695 315 315 D XiriService: check file name: /data/data/com.dangbei.screencast/lib
06-25 14:28:11.696 315 315 D XiriService: check file name: /data/data/com.dangbei.screencast/lib
06-25 14:28:11.696 315 315 D XiriService: check file name: /data/data/com.dangbei.screencast/lib
06-25 14:28:11.697 477 477 D WifiOpenNetworkNotifier: Settings toggle enabled=true
06-25 14:28:11.705 477 477 D WifiNl80211Manager: registerCountryCodeEventListener called
06-25 14:28:11.705 315 315 D XiriService: check file name: /data/data/com.dangbei.screencast/lib
06-25 14:28:11.705 364 364 I wificond: New wificond event callback registered
06-25 14:28:11.705 477 477 D WifiCountryCode: Default country code from system property ro.boot.wificountrycode is CN
06-25 14:28:11.715 477 477 D WakeupController: WifiWake enabled
06-25 14:28:11.719 477 477 V HistoricalRegistry: Interaction before persistence initialized
06-25 14:28:11.723 315 315 D XiriService: check file name: /data/data/com.dangbei.leard.leradlauncher/lib
06-25 14:28:11.723 315 315 D XiriService: check file name: /data/data/com.dangbei.leard.leradlauncher/lib
06-25 14:28:11.724 315 315 D XiriService: check file name: /data/data/com.dangbei.leard.leradlauncher/lib
06-25 14:28:11.724 315 315 D XiriService: check file name: /data/data/com.dangbei.leard.leradlauncher/lib
06-25 14:28:11.728 477 477 I WifiService: Registering wifi
06-25 14:28:11.729 477 477 I SystemServerTiming: StartWifiScanning
06-25 14:28:11.730 477 477 I SystemServiceManager: Starting com.android.server.wifi.scanner.WifiScanningService
06-25 14:28:11.730 477 477 I WifiScanningService: Creating wifiscanner
06-25 14:28:11.732 315 315 D XiriService: check file name: /data/data/com.dangbei.leard.leradlauncher/lib
06-25 14:28:11.732 315 315 D XiriService: check file name: /data/data/com.dangbei.leard.leradlauncher/lib
06-25 14:28:11.733 315 315 D XiriService: check file name: /data/data/com.dangbei.leard.leradlauncher/lib
06-25 14:28:11.733 315 315 D XiriService: check file name: /data/data/com.dangbei.leard.leradlauncher/lib
06-25 14:28:11.738 477 477 I WifiScanningService: Publishing wifiscanner
06-25 14:28:11.739 477 477 I SystemServerTiming: StartWifiP2P
06-25 14:28:11.740 477 477 I SystemServiceManager: Starting com.android.server.wifi.p2p.WifiP2pService
06-25 14:28:11.742 315 315 D XiriService: check file name: /data/data/com.android.printspooler/lib
06-25 14:28:11.740 315 315 I xiriservice_All: type=1400 audit(0.0:321): avc: denied { search } for name="com.android.printspooler" dev="mmcblk0p25" ino=935 scontext=u:r:init:s0 tcontext=u:object_r:app_data_file:s0:c41,c256,c512,c768 tclass=dir permissive=1
06-25 14:28:11.740 315 315 I xiriservice_All: type=1400 audit(0.0:322): avc: denied { read } for name="lib" dev="mmcblk0p25" ino=31042 scontext=u:r:init:s0 tcontext=u:object_r:app_data_file:s0:c41,c256,c512,c768 tclass=lnk_file permissive=1
06-25 14:28:11.750 477 477 I WifiP2pService: Registering wifip2p
06-25 14:28:11.752 477 477 I SystemServerTiming: StartEthernet
06-25 14:28:11.753 477 477 I SystemServiceManager: Starting com.android.server.ethernet.EthernetService
06-25 14:28:11.754 477 477 I EthernetService: Registering service ethernet
06-25 14:28:11.754 315 315 D XiriService: check file name: /data/data/com.android.printspooler/lib
06-25 14:28:11.755 477 477 I SystemServerTiming: StartPacProxyService
06-25 14:28:11.763 477 477 I SystemServerTiming: StartPppoe
06-25 14:28:11.764 315 315 D XiriService: check file name: /data/data/com.android.webview/lib
06-25 14:28:11.760 315 315 I xiriservice_All: type=1400 audit(0.0:323): avc: denied { search } for name="com.android.webview" dev="mmcblk0p25" ino=951 scontext=u:r:init:s0 tcontext=u:object_r:app_data_file:s0:c60,c256,c512,c768 tclass=dir permissive=1
06-25 14:28:11.760 315 315 I xiriservice_All: type=1400 audit(0.0:324): avc: denied { read } for name="lib" dev="mmcblk0p25" ino=31045 scontext=u:r:init:s0 tcontext=u:object_r:app_data_file:s0:c60,c256,c512,c768 tclass=lnk_file permissive=1
06-25 14:28:11.764 477 477 I SystemServiceManager: Starting com.android.server.pppoe.PppoeService
06-25 14:28:11.765 477 477 I PppoeServiceImpl: Creating PppoeServiceImpl
06-25 14:28:11.772 315 315 D XiriService: check file name: /data/data/com.android.webview/lib
06-25 14:28:11.773 315 315 D XiriService: check file name: /data/data/com.android.webview/lib
06-25 14:28:11.774 315 315 D XiriService: check file name: /data/data/com.android.webview/lib
06-25 14:28:11.774 315 315 D XiriService: check file name: /data/data/com.android.webview/lib
06-25 14:28:11.778 477 477 I PppoeService: Registering service pppoe
06-25 14:28:11.779 477 477 I SystemServerTiming: StartConnectivityService
06-25 14:28:11.786 248 248 I Zygote : ...preloaded 7337 classes in 949ms.
06-25 14:28:11.788 315 315 D XiriService: check file name: /data/data/com.android.bips/lib
06-25 14:28:11.793 248 248 D ApplicationLoaders: Created zygote-cached class loader: /system/framework/android.hidl.base-V1.0-java.jar
06-25 14:28:11.796 315 315 D XiriService: check file name: /data/data/com.android.bips/lib
06-25 14:28:11.796 315 315 D XiriService: check file name: /data/data/com.android.bips/lib
06-25 14:28:11.796 315 315 D XiriService: check file name: /data/data/com.android.bips/lib
06-25 14:28:11.797 315 315 D XiriService: check file name: /data/data/com.android.bips/lib
06-25 14:28:11.797 315 315 D XiriService: check file name: /data/data/com.oranth.inputmacsn/lib
06-25 14:28:11.797 315 315 D XiriService: check file name: /data/data/com.oranth.inputmacsn/lib
06-25 14:28:11.798 315 315 D XiriService: check file name: /data/data/com.oranth.inputmacsn/lib
06-25 14:28:11.798 315 315 D XiriService: check file name: /data/data/com.oranth.inputmacsn/lib
06-25 14:28:11.798 248 248 D ApplicationLoaders: Created zygote-cached class loader: /system/framework/android.hidl.manager-V1.0-java.jar
06-25 14:28:11.800 477 477 I SystemServiceManager: Starting com.android.server.ConnectivityServiceInitializer
06-25 14:28:11.802 248 248 D ApplicationLoaders: Created zygote-cached class loader: /system/framework/android.test.base.jar
06-25 14:28:11.802 248 248 I Zygote : Preloading resources...
06-25 14:28:11.806 315 315 D XiriService: check file name: /data/data/com.oranth.inputmacsn/lib
06-25 14:28:11.806 315 315 D XiriService: check file name: /data/data/com.oranth.inputmacsn/lib
06-25 14:28:11.807 315 315 D XiriService: check file name: /data/data/com.oranth.inputmacsn/lib
06-25 14:28:11.807 315 315 D XiriService: check file name: /data/data/com.oranth.inputmacsn/lib
06-25 14:28:11.821 248 248 W Resources: Preloaded drawable resource #0x1080286 (android:drawable/dialog_background_material) that varies with configuration!!
06-25 14:28:11.823 315 315 D XiriService: check file name: /data/data/com.dangbei.hqmedia/lib
06-25 14:28:11.823 315 315 D XiriService: check file name: /data/data/com.dangbei.hqmedia/lib
06-25 14:28:11.820 315 315 I xiriservice_All: type=1400 audit(0.0:325): avc: denied { search } for name="com.dangbei.hqmedia" dev="mmcblk0p25" ino=3095 scontext=u:r:init:s0 tcontext=u:object_r:app_data_file:s0:c76,c256,c512,c768 tclass=dir permissive=1
06-25 14:28:11.820 315 315 I xiriservice_All: type=1400 audit(0.0:326): avc: denied { read } for name="lib" dev="mmcblk0p25" ino=31056 scontext=u:r:init:s0 tcontext=u:object_r:app_data_file:s0:c76,c256,c512,c768 tclass=lnk_file permissive=1
06-25 14:28:11.824 315 315 D XiriService: check file name: /data/data/com.dangbei.hqmedia/lib
06-25 14:28:11.829 477 477 D ConnectivityService: ConnectivityService starting up
06-25 14:28:11.832 315 315 D XiriService: check file name: /data/data/com.android.keychain/lib
06-25 14:28:11.833 315 315 D XiriService: check file name: /data/data/com.android.keychain/lib
06-25 14:28:11.833 315 315 D XiriService: check file name: /data/data/com.android.keychain/lib
06-25 14:28:11.834 477 477 D pppoeNRI:: uid/pid:1000/477 activeRequest: null callbackRequest: 5 [NetworkRequest [ REQUEST id=5, [ Transports: PPPOE Capabilities: INTERNET&NOT_RESTRICTED&TRUSTED&NOT_VPN&NOT_VCN_MANAGED RequestorUid: 1000 RequestorPkg: android] ]] callback flags: 1 priority: 2147483647
06-25 14:28:11.840 477 477 E TAG : Exception = android.content.pm.PackageManager$NameNotFoundException: android.telephony.cts
06-25 14:28:11.841 477 477 E TAG : Exception = android.content.pm.PackageManager$NameNotFoundException: android.net.cts
06-25 14:28:11.842 315 315 D XiriService: check file name: /data/data/com.android.keychain/lib
06-25 14:28:11.842 315 315 D XiriService: check file name: /data/data/com.android.keychain/lib
06-25 14:28:11.842 315 315 D XiriService: check file name: /data/data/com.android.keychain/lib
06-25 14:28:11.858 315 315 D XiriService: check file name: /data/data/com.android.localtransport/lib
06-25 14:28:11.858 315 315 D XiriService: check file name: /data/data/com.android.localtransport/lib
06-25 14:28:11.858 315 315 D XiriService: check file name: /data/data/com.android.localtransport/lib
06-25 14:28:11.858 315 315 D XiriService: check file name: /data/data/com.android.localtransport/lib
06-25 14:28:11.867 315 315 D XiriService: check file name: /data/data/com.android.localtransport/lib
06-25 14:28:11.869 315 315 D XiriService: check file name: /data/data/com.android.packageinstaller/lib
06-25 14:28:11.875 477 522 D SystemServerInitThreadPool: Finished executing START_FONT_MANAGER_SERVICE
06-25 14:28:11.879 315 315 D XiriService: check file name: /data/data/com.android.packageinstaller/lib
06-25 14:28:11.882 248 248 I Zygote : ...preloaded 64 resources in 80ms.
06-25 14:28:11.885 477 477 D CompatibilityChangeReporter: Compat change id reported: 182478738; UID 1000; state: ENABLED
06-25 14:28:11.893 248 248 I Zygote : ...preloaded 41 resources in 11ms.
06-25 14:28:11.894 315 315 D XiriService: check file name: /data/data/com.oranth.usbopenft/lib
06-25 14:28:11.894 315 315 D XiriService: check file name: /data/data/com.oranth.usbopenft/lib
06-25 14:28:11.894 315 315 D XiriService: check file name: /data/data/com.oranth.usbopenft/lib
06-25 14:28:11.894 315 315 D XiriService: check file name: /data/data/com.oranth.usbopenft/lib
06-25 14:28:11.895 477 477 I ConnectivityServiceInitializer: Registering connectivity
06-25 14:28:11.896 477 477 I SystemServerTiming: StartVpnManagerService
06-25 14:28:11.900 477 477 D VpnManagerService: VpnManagerService starting up
06-25 14:28:11.900 315 315 D XiriService: check file name: /data/data/com.oranth.usbopenft/lib
06-25 14:28:11.901 315 315 D XiriService: check file name: /data/data/com.oranth.usbopenft/lib
06-25 14:28:11.901 315 315 D XiriService: check file name: /data/data/com.oranth.usbopenft/lib
06-25 14:28:11.902 315 315 D XiriService: check file name: /data/data/com.android.networkstack.tethering/lib
06-25 14:28:11.902 315 315 D XiriService: check file name: /data/data/com.android.networkstack.tethering/lib
06-25 14:28:11.902 477 477 I SystemServerTiming: StartVcnManagementService
06-25 14:28:11.905 315 315 D XiriService: check file name: /data/data/com.android.networkstack.tethering/lib
06-25 14:28:11.910 477 477 I SystemServerTiming: StartNsdService
06-25 14:28:11.911 477 477 D NsdService: Network service discovery is enabled
06-25 14:28:11.913 315 315 D XiriService: check file name: /data/data/com.android.networkstack.tethering/lib
06-25 14:28:11.913 315 315 D XiriService: check file name: /data/data/com.android.networkstack.tethering/lib
06-25 14:28:11.914 315 315 D XiriService: check file name: /data/data/com.android.networkstack.tethering/lib
06-25 14:28:11.914 315 315 D XiriService: check file name: /data/data/com.android.networkstack.tethering/lib
06-25 14:28:11.915 477 477 I SystemServerTiming: StartSystemUpdateManagerService
06-25 14:28:11.916 477 477 I SystemUpdateManagerService: No existing info file /data/system/system-update-info.xml
06-25 14:28:11.917 477 477 I SystemServerTiming: StartUpdateLockService
06-25 14:28:11.918 477 477 I SystemServerTiming: StartNotificationManager
06-25 14:28:11.918 477 477 I SystemServiceManager: Starting com.android.server.notification.NotificationManagerService
06-25 14:28:11.920 315 315 D XiriService: check file name: /data/data/com.dangbei.lerad.etna.haqu/lib
06-25 14:28:11.921 315 315 D XiriService: check file name: /data/data/com.dangbei.lerad.etna.haqu/lib
06-25 14:28:11.921 315 315 D XiriService: check file name: /data/data/com.dangbei.lerad.etna.haqu/lib
06-25 14:28:11.921 315 315 D XiriService: check file name: /data/data/com.dangbei.lerad.etna.haqu/lib
06-25 14:28:11.922 248 248 D libEGL : loaded /vendor/lib/egl/libGLES_mali.so
06-25 14:28:11.927 315 315 D XiriService: check file name: /data/data/com.dangbei.lerad.etna.haqu/lib
06-25 14:28:11.928 315 315 D XiriService: check file name: /data/data/com.dangbei.lerad.etna.haqu/lib
06-25 14:28:11.928 315 315 D XiriService: check file name: /data/data/com.dangbei.lerad.etna.haqu/lib
06-25 14:28:11.933 477 477 D ConditionProviders.SCP: new ScheduleConditionProvider()
06-25 14:28:11.953 315 315 D XiriService: check file name: /data/data/com.oranth.powerwindow/lib
06-25 14:28:11.953 315 315 D XiriService: check file name: /data/data/com.oranth.powerwindow/lib
06-25 14:28:11.954 315 315 D XiriService: check file name: /data/data/com.oranth.powerwindow/lib
06-25 14:28:11.954 315 315 D XiriService: check file name: /data/data/com.oranth.powerwindow/lib
06-25 14:28:11.956 477 477 I NotificationAssistants: Read notification assistant permissions from xml
06-25 14:28:11.956 477 477 I ConditionProviders: Read condition provider permissions from xml
06-25 14:28:11.957 477 477 I ConditionProviders: Read condition provider permissions from xml
06-25 14:28:11.958 477 477 D NotificationAssistants: Approving default notification assistant for user 0
06-25 14:28:11.958 477 477 I ConditionProviders: Allowing condition provider android.ext.services/android.ext.services.notification.Assistant (userSet: true)
06-25 14:28:11.961 477 477 D CompatibilityChangeReporter: Compat change id reported: 147600208; UID 1000; state: ENABLED
06-25 14:28:11.962 315 315 D XiriService: check file name: /data/data/com.oranth.powerwindow/lib
06-25 14:28:11.962 315 315 D XiriService: check file name: /data/data/com.oranth.powerwindow/lib
06-25 14:28:11.962 477 477 D CompatibilityChangeReporter: Compat change id reported: 157233955; UID 1000; state: ENABLED
06-25 14:28:11.962 315 315 D XiriService: check file name: /data/data/com.oranth.powerwindow/lib
06-25 14:28:11.963 315 315 D XiriService: check file name: /data/data/com.oranth.powerwindow/lib
06-25 14:28:11.971 477 477 I SystemServerTiming: StartDeviceMonitor
06-25 14:28:11.971 477 477 I SystemServiceManager: Starting com.android.server.storage.DeviceStorageMonitorService
06-25 14:28:11.973 477 477 I SystemServerTiming: StartLocationManagerService
06-25 14:28:11.973 477 477 I SystemServiceManager: Starting com.android.server.location.LocationManagerService$Lifecycle
06-25 14:28:11.978 315 315 D XiriService: check file name: /data/data/com.android.networkstack.permissionconfig/lib
06-25 14:28:11.978 315 315 D XiriService: check file name: /data/data/com.android.networkstack.permissionconfig/lib
06-25 14:28:11.978 315 315 D XiriService: check file name: /data/data/com.android.networkstack.permissionconfig/lib
06-25 14:28:11.978 315 315 D XiriService: check file name: /data/data/com.android.networkstack.permissionconfig/lib
06-25 14:28:11.980 477 477 I SystemServerTiming: StartCountryDetectorService
06-25 14:28:11.981 477 477 I SystemServerTiming: StartTimeDetectorService
06-25 14:28:11.981 477 477 I SystemServiceManager: Starting com.android.server.timedetector.TimeDetectorService$Lifecycle
06-25 14:28:11.985 477 477 I SystemServerTiming: StartTimeZoneDetectorService
06-25 14:28:11.985 477 477 I SystemServiceManager: Starting com.android.server.timezonedetector.TimeZoneDetectorService$Lifecycle
06-25 14:28:11.988 477 477 I SystemServerTiming: StartLocationTimeZoneManagerService
06-25 14:28:11.989 315 315 D XiriService: check file name: /data/data/com.android.networkstack.permissionconfig/lib
06-25 14:28:11.989 477 477 I SystemServiceManager: Starting com.android.server.timezonedetector.location.LocationTimeZoneManagerService$Lifecycle
06-25 14:28:11.989 315 315 D XiriService: check file name: /data/data/com.android.networkstack.permissionconfig/lib
06-25 14:28:11.990 477 477 I SystemServerTiming: StartSearchManagerService
06-25 14:28:11.991 477 477 I SystemServiceManager: Starting com.android.server.search.SearchManagerService$Lifecycle
06-25 14:28:11.991 315 315 D XiriService: check file name: /data/data/com.android.networkstack.permissionconfig/lib
06-25 14:28:11.991 315 315 D XiriService: check file name: /data/data/com.android.networkstack.permissionconfig/lib
06-25 14:28:11.993 477 477 I SystemServerTiming: StartWallpaperManagerService
06-25 14:28:11.993 477 477 I SystemServiceManager: Starting com.android.server.wallpaper.WallpaperManagerService$Lifecycle
06-25 14:28:11.994 477 477 I SystemServerTiming: StartAudioService
06-25 14:28:11.994 477 477 I SystemServiceManager: Starting com.android.server.audio.AudioService$Lifecycle
06-25 14:28:11.999 315 315 D XiriService: check file name: /data/data/com.dangbei.lerad.screensaver/lib
06-25 14:28:11.999 315 315 D XiriService: check file name: /data/data/com.dangbei.lerad.screensaver/lib
06-25 14:28:11.996 315 315 I xiriservice_All: type=1400 audit(0.0:327): avc: denied { search } for name="com.dangbei.lerad.screensaver" dev="mmcblk0p25" ino=1185 scontext=u:r:init:s0 tcontext=u:object_r:app_data_file:s0:c51,c256,c512,c768 tclass=dir permissive=1
06-25 14:28:11.999 315 315 D XiriService: check file name: /data/data/com.dangbei.lerad.screensaver/lib
06-25 14:28:12.000 315 315 D XiriService: check file name: /data/data/com.dangbei.lerad.screensaver/lib
06-25 14:28:11.996 315 315 I xiriservice_All: type=1400 audit(0.0:328): avc: denied { read } for name="lib" dev="mmcblk0p25" ino=31085 scontext=u:r:init:s0 tcontext=u:object_r:app_data_file:s0:c51,c256,c512,c768 tclass=lnk_file permissive=1
06-25 14:28:12.006 315 315 D XiriService: check file name: /data/data/com.dangbei.lerad.screensaver/lib
06-25 14:28:12.006 315 315 D XiriService: check file name: /data/data/com.dangbei.lerad.screensaver/lib
06-25 14:28:12.007 315 315 D XiriService: check file name: /data/data/com.dangbei.lerad.screensaver/lib
06-25 14:28:12.007 315 315 D XiriService: check file name: /data/data/com.dangbei.lerad.screensaver/lib
06-25 14:28:12.018 477 477 I android_os_HwBinder: HwBinder: Starting thread pool for getting: android.hidl.manager@1.0::IServiceManager/default
06-25 14:28:12.020 248 248 I Zygote : Preloading shared libraries...
06-25 14:28:12.025 276 446 W AudioFlinger: no wake lock to update, system not ready yet
06-25 14:28:12.029 248 248 I Zygote : Called ZygoteHooks.endPreload()
06-25 14:28:12.030 248 248 I Zygote : Installed AndroidKeyStoreProvider in 1ms.
06-25 14:28:12.031 276 423 D PermissionCache: checking android.permission.MODIFY_AUDIO_ROUTING for uid=1000 => granted (807 us)
06-25 14:28:12.039 315 315 D XiriService: check file name: /data/data/com.android.wallpaperbackup/lib
06-25 14:28:12.039 315 315 D XiriService: check file name: /data/data/com.android.wallpaperbackup/lib
06-25 14:28:12.039 315 315 D XiriService: check file name: /data/data/com.android.wallpaperbackup/lib
06-25 14:28:12.039 315 315 D XiriService: check file name: /data/data/com.android.wallpaperbackup/lib
06-25 14:28:12.044 248 248 I Zygote : Warmed up JCA providers in 15ms.
06-25 14:28:12.044 248 248 D Zygote : end preload
06-25 14:28:12.045 477 530 D SystemServerInitThreadPool: Finished executing SecondaryZygotePreload
06-25 14:28:12.046 276 633 D PermissionCache: checking android.permission.MODIFY_AUDIO_SETTINGS for uid=1000 => granted (157 us)
06-25 14:28:12.047 315 315 D XiriService: check file name: /data/data/com.android.wallpaperbackup/lib
06-25 14:28:12.047 315 315 D XiriService: check file name: /data/data/com.android.wallpaperbackup/lib
06-25 14:28:12.047 315 315 D XiriService: check file name: /data/data/com.android.wallpaperbackup/lib
06-25 14:28:12.047 315 315 D XiriService: check file name: /data/data/com.android.wallpaperbackup/lib
06-25 14:28:12.051 276 633 D AudioFlinger: isLowRamDevice:false totalMemory:2055442432 mClientSharedHeapSize:4194304
06-25 14:28:12.052 477 477 I SystemServerTiming: StartSoundTriggerMiddlewareService
06-25 14:28:12.052 477 477 I SystemServiceManager: Starting com.android.server.soundtrigger_middleware.SoundTriggerMiddlewareService$Lifecycle
06-25 14:28:12.054 477 477 D SoundTriggerMiddlewareService: Connecting to default ISoundTriggerHw
06-25 14:28:12.055 187 187 I hwservicemanager: getTransport: Cannot find entry android.hardware.soundtrigger@2.0::ISoundTriggerHw/default in either framework or device VINTF manifest.
06-25 14:28:12.058 477 477 E SoundTriggerMiddlewareImpl: Failed to add a SoundTriggerModule instance
06-25 14:28:12.058 477 477 E SoundTriggerMiddlewareImpl: java.util.NoSuchElementException
06-25 14:28:12.058 477 477 E SoundTriggerMiddlewareImpl: at android.os.HwBinder.getService(Native Method)
06-25 14:28:12.058 477 477 E SoundTriggerMiddlewareImpl: at android.hardware.soundtrigger.V2_0.ISoundTriggerHw.getService(ISoundTriggerHw.java:57)
06-25 14:28:12.058 477 477 E SoundTriggerMiddlewareImpl: at android.hardware.soundtrigger.V2_0.ISoundTriggerHw.getService(ISoundTriggerHw.java:64)
06-25 14:28:12.058 477 477 E SoundTriggerMiddlewareImpl: at com.android.server.soundtrigger_middleware.SoundTriggerMiddlewareService$Lifecycle.lambda$onStart$0(SoundTriggerMiddlewareService.java:238)
06-25 14:28:12.058 477 477 E SoundTriggerMiddlewareImpl: at com.android.server.soundtrigger_middleware.SoundTriggerMiddlewareService$Lifecycle$$ExternalSyntheticLambda0.create(Unknown Source:0)
06-25 14:28:12.058 477 477 E SoundTriggerMiddlewareImpl: at com.android.server.soundtrigger_middleware.SoundTriggerModule.attachToHal(SoundTriggerModule.java:222)
06-25 14:28:12.058 477 477 E SoundTriggerMiddlewareImpl: at com.android.server.soundtrigger_middleware.SoundTriggerModule.(SoundTriggerModule.java:112)
06-25 14:28:12.058 477 477 E SoundTriggerMiddlewareImpl: at com.android.server.soundtrigger_middleware.SoundTriggerMiddlewareImpl.(SoundTriggerMiddlewareImpl.java:89)
06-25 14:28:12.058 477 477 E SoundTriggerMiddlewareImpl: at com.android.server.soundtrigger_middleware.SoundTriggerMiddlewareService$Lifecycle.onStart(SoundTriggerMiddlewareService.java:244)
06-25 14:28:12.058 477 477 E SoundTriggerMiddlewareImpl: at com.android.server.SystemServiceManager.startService(SystemServiceManager.java:205)
06-25 14:28:12.058 477 477 E SoundTriggerMiddlewareImpl: at com.android.server.SystemServiceManager.startService(SystemServiceManager.java:192)
06-25 14:28:12.058 477 477 E SoundTriggerMiddlewareImpl: at com.android.server.SystemServer.startOtherServices(SystemServer.java:2161)
06-25 14:28:12.058 477 477 E SoundTriggerMiddlewareImpl: at com.android.server.SystemServer.run(SystemServer.java:928)
06-25 14:28:12.058 477 477 E SoundTriggerMiddlewareImpl: at com.android.server.SystemServer.main(SystemServer.java:628)
06-25 14:28:12.058 477 477 E SoundTriggerMiddlewareImpl: at java.lang.reflect.Method.invoke(Native Method)
06-25 14:28:12.058 477 477 E SoundTriggerMiddlewareImpl: at com.android.internal.os.RuntimeInit$MethodAndArgsCaller.run(RuntimeInit.java:548)
06-25 14:28:12.058 477 477 E SoundTriggerMiddlewareImpl: at com.android.internal.os.ZygoteInit.main(ZygoteInit.java:1160)
06-25 14:28:12.061 477 477 I SystemServerTiming: StartDockObserver
06-25 14:28:12.060 315 315 I xiriservice_All: type=1400 audit(0.0:329): avc: denied { search } for name="com.android.providers.media.module" dev="mmcblk0p25" ino=1257 scontext=u:r:init:s0 tcontext=u:object_r:privapp_data_file:s0:c74,c256,c512,c768 tclass=dir permissive=1
06-25 14:28:12.061 477 477 I SystemServiceManager: Starting com.android.server.DockObserver
06-25 14:28:12.062 315 315 D XiriService: check file name: /data/data/com.android.providers.media.module/lib
06-25 14:28:12.063 315 315 D XiriService: check file name: /data/data/com.android.providers.media.module/lib
06-25 14:28:12.063 477 477 W DockObserver: This kernel does not have dock station support
06-25 14:28:12.063 315 315 D XiriService: check file name: /data/data/com.android.providers.media.module/lib
06-25 14:28:12.060 315 315 I xiriservice_All: type=1400 audit(0.0:330): avc: denied { read } for name="lib" dev="mmcblk0p25" ino=31094 scontext=u:r:init:s0 tcontext=u:object_r:privapp_data_file:s0:c74,c256,c512,c768 tclass=lnk_file permissive=1
06-25 14:28:12.064 477 477 I SystemServerTiming: StartWiredAccessoryManager
06-25 14:28:12.064 276 633 I CaptureStateNotifier: Registering a listener
06-25 14:28:12.066 477 477 I SystemServer: Audio device manager Observer
06-25 14:28:12.066 477 477 E Environment: Path requests must specify a user by using UserEnvironment
06-25 14:28:12.066 477 477 E Environment: java.lang.Throwable
06-25 14:28:12.066 477 477 E Environment: at android.os.Environment.throwIfUserRequired(Environment.java:1449)
06-25 14:28:12.066 477 477 E Environment: at android.os.Environment.getExternalStorageDirectory(Environment.java:707)
06-25 14:28:12.066 477 477 E Environment: at com.android.server.SystemServer.startOtherServices(SystemServer.java:2192)
06-25 14:28:12.066 477 477 E Environment: at com.android.server.SystemServer.run(SystemServer.java:928)
06-25 14:28:12.066 477 477 E Environment: at com.android.server.SystemServer.main(SystemServer.java:628)
06-25 14:28:12.066 477 477 E Environment: at java.lang.reflect.Method.invoke(Native Method)
06-25 14:28:12.066 477 477 E Environment: at com.android.internal.os.RuntimeInit$MethodAndArgsCaller.run(RuntimeInit.java:548)
06-25 14:28:12.066 477 477 E Environment: at com.android.internal.os.ZygoteInit.main(ZygoteInit.java:1160)
06-25 14:28:12.067 477 635 I SoundTriggerMiddlewareLogging: setCaptureState[this=com.android.server.soundtrigger_middleware.SoundTriggerMiddlewareImpl@6184479, client=null](false)
06-25 14:28:12.069 477 477 W StorageManagerService: No primary storage defined yet; hacking together a stub
06-25 14:28:12.070 477 534 I DropBoxManagerService: add tag=system_server_wtf isTagEnabled=true flags=0x2
06-25 14:28:12.073 315 315 D XiriService: check file name: /data/data/com.android.providers.media.module/lib
06-25 14:28:12.073 315 315 D XiriService: check file name: /data/data/com.android.providers.media.module/lib
06-25 14:28:12.074 315 315 D XiriService: check file name: /data/data/com.android.providers.media.module/lib
06-25 14:28:12.074 315 315 D XiriService: check file name: /data/data/com.android.providers.media.module/lib
06-25 14:28:12.081 315 315 D XiriService: check file name: /data/data/com.oranth.storage/lib
06-25 14:28:12.081 315 315 D XiriService: check file name: /data/data/com.oranth.storage/lib
06-25 14:28:12.081 315 315 D XiriService: check file name: /data/data/com.oranth.storage/lib
06-25 14:28:12.081 315 315 D XiriService: check file name: /data/data/com.oranth.storage/lib
06-25 14:28:12.086 315 315 D XiriService: check file name: /data/data/com.oranth.storage/lib
06-25 14:28:12.087 315 315 D XiriService: check file name: /data/data/com.oranth.storage/lib
06-25 14:28:12.087 315 315 D XiriService: check file name: /data/data/com.oranth.storage/lib
06-25 14:28:12.087 315 315 D XiriService: check file name: /data/data/com.oranth.storage/lib
06-25 14:28:12.092 477 477 W system_server: ClassLoaderContext parent mismatch. (PCL[] | PCL[];PCL[/system/framework/com.android.location.provider.jar*3633238673:/system/framework/services.jar*324275400:/system/framework/services.jar!classes2.dex*52414530:/system/framework/ethernet-service.jar*655162001:/system/framework/pppoe-service.jar*2082030846:/apex/com.android.appsearch/javalib/service-appsearch.jar*4100577803:/apex/com.android.media/javalib/service-media-s.jar*3881732923:/apex/com.android.permission/javalib/service-permission.jar*62506796])
06-25 14:28:12.103 315 315 D XiriService: check file name: /data/data/com.dangbei.haqusetting/lib
06-25 14:28:12.104 315 315 D XiriService: check file name: /data/data/com.dangbei.haqusetting/lib
06-25 14:28:12.108 477 477 D DisplayOutputManager: ro.build.characteristics=homlet
06-25 14:28:12.110 186 186 E SELinux : avc: denied { find } for pid=477 uid=1000 name=vendor.display.output.IDisplayOutputManager/default scontext=u:r:system_server:s0 tcontext=u:object_r:hal_awdisplayoutput_service:s0 tclass=service_manager permissive=1
06-25 14:28:12.111 186 186 I servicemanager: Found vendor.display.output.IDisplayOutputManager/default in device VINTF manifest.
06-25 14:28:12.112 315 315 D XiriService: check file name: /data/data/com.dangbei.haqusetting/lib
06-25 14:28:12.112 315 315 D XiriService: check file name: /data/data/com.dangbei.haqusetting/lib
