06-25 14:28:13.096 367 367 W omx_vdec: <__AwOmxVdecGetExtensionIndex:1737>: GetExtensionIndex OMX.google.android.index.describeColorFormat, err [0x80001001].
06-25 14:28:13.096 367 367 W omx_vdec: <__AwOmxVdecGetExtensionIndex:1737>: GetExtensionIndex OMX.google.android.index.describeColorFormat2, err [0x80001001].
06-25 14:28:13.096 367 367 E omx_vdec: : erro: pParamData->nIndex > m_sPortFormatType.nIndex
06-25 14:28:13.096 367 367 W omx_vdec: <__AwOmxVdecGetExtensionIndex:1737>: GetExtensionIndex OMX.google.android.index.describeColorFormat, err [0x80001001].
06-25 14:28:13.097 367 367 W omx_vdec: <__AwOmxVdecGetExtensionIndex:1737>: GetExtensionIndex OMX.google.android.index.describeColorFormat2, err [0x80001001].
06-25 14:28:13.097 367 367 E omx_vdec: : erro: pParamData->nIndex > m_sPortFormatType.nIndex
06-25 14:28:13.097 367 367 W omx_vdec: <__AwOmxVdecGetExtensionIndex:1737>: GetExtensionIndex OMX.google.android.index.describeColorFormat, err [0x80001001].
06-25 14:28:13.097 367 367 W omx_vdec: <__AwOmxVdecGetExtensionIndex:1737>: GetExtensionIndex OMX.google.android.index.describeColorFormat2, err [0x80001001].
01-01 08:00:18.410 127 127 I WCN : marlin_write_cali_data sync init_state:0x0
06-25 14:28:13.097 367 367 E omx_vdec: : erro: pParamData->nIndex > m_sPortFormatType.nIndex
06-25 14:28:13.098 367 367 W omx_vdec: <__AwOmxVdecGetExtensionIndex:1737>: GetExtensionIndex OMX.google.android.index.describeColorFormat, err [0x80001001].
06-25 14:28:13.098 367 367 W omx_vdec: <__AwOmxVdecGetExtensionIndex:1737>: GetExtensionIndex OMX.google.android.index.describeColorFormat2, err [0x80001001].
06-25 14:28:13.098 367 367 E omx_vdec: : erro: pParamData->nIndex > m_sPortFormatType.nIndex
06-25 14:28:13.098 367 367 W omx_vdec: <__AwOmxVdecGetExtensionIndex:1737>: GetExtensionIndex OMX.google.android.index.describeColorFormat, err [0x80001001].
06-25 14:28:13.098 367 367 W omx_vdec: <__AwOmxVdecGetExtensionIndex:1737>: GetExtensionIndex OMX.google.android.index.describeColorFormat2, err [0x80001001].
06-25 14:28:13.098 367 367 E omx_vdec: : erro: pParamData->nIndex > m_sPortFormatType.nIndex
06-25 14:28:13.098 367 367 W omx_vdec: <__AwOmxVdecGetExtensionIndex:1737>: GetExtensionIndex OMX.google.android.index.describeColorFormat, err [0x80001001].
06-25 14:28:13.098 367 367 W omx_vdec: <__AwOmxVdecGetExtensionIndex:1737>: GetExtensionIndex OMX.google.android.index.describeColorFormat2, err [0x80001001].
06-25 14:28:13.098 367 367 E omx_vdec: : erro: pParamData->nIndex > m_sPortFormatType.nIndex
06-25 14:28:13.099 367 367 W omx_vdec: <__AwOmxVdecGetExtensionIndex:1737>: GetExtensionIndex OMX.google.android.index.describeColorFormat, err [0x80001001].
06-25 14:28:13.099 367 367 W omx_vdec: <__AwOmxVdecGetExtensionIndex:1737>: GetExtensionIndex OMX.google.android.index.describeColorFormat2, err [0x80001001].
06-25 14:28:13.099 367 367 E omx_vdec: : erro: pParamData->nIndex > m_sPortFormatType.nIndex
06-25 14:28:13.099 367 367 W omx_vdec: <__AwOmxVdecGetExtensionIndex:1737>: GetExtensionIndex OMX.google.android.index.describeColorFormat, err [0x80001001].
06-25 14:28:13.099 367 367 W omx_vdec: <__AwOmxVdecGetExtensionIndex:1737>: GetExtensionIndex OMX.google.android.index.describeColorFormat2, err [0x80001001].
06-25 14:28:13.099 367 367 E omx_vdec: : erro: pParamData->nIndex > m_sPortFormatType.nIndex
06-25 14:28:13.099 367 367 W omx_vdec: <__AwOmxVdecGetExtensionIndex:1737>: GetExtensionIndex OMX.google.android.index.describeColorFormat, err [0x80001001].
06-25 14:28:13.099 367 367 W omx_vdec: <__AwOmxVdecGetExtensionIndex:1737>: GetExtensionIndex OMX.google.android.index.describeColorFormat2, err [0x80001001].
06-25 14:28:13.099 367 367 E omx_vdec: : erro: pParamData->nIndex > m_sPortFormatType.nIndex
06-25 14:28:13.100 367 367 W omx_vdec: <__AwOmxVdecGetExtensionIndex:1737>: GetExtensionIndex OMX.google.android.index.describeColorFormat, err [0x80001001].
06-25 14:28:13.100 477 497 W JHwRemoteBinder: BinderProxy is being destroyed but the application did not call unlinkToDeath to unlink all of its death recipients beforehand. Releasing leaked death recipient: com.android.server.usb.UsbDeviceManager$UsbHandlerHal$UsbGadgetDeathRecipient
06-25 14:28:13.100 367 367 W omx_vdec: <__AwOmxVdecGetExtensionIndex:1737>: GetExtensionIndex OMX.google.android.index.describeColorFormat2, err [0x80001001].
06-25 14:28:13.100 367 367 E omx_vdec: : erro: pParamData->nIndex > m_sPortFormatType.nIndex
06-25 14:28:13.100 367 367 W omx_vdec: <__AwOmxVdecGetExtensionIndex:1737>: GetExtensionIndex OMX.google.android.index.describeColorFormat, err [0x80001001].
06-25 14:28:13.100 367 367 W omx_vdec: <__AwOmxVdecGetExtensionIndex:1737>: GetExtensionIndex OMX.google.android.index.describeColorFormat2, err [0x80001001].
06-25 14:28:13.100 367 367 E omx_vdec: : erro: pParamData->nIndex > m_sPortFormatType.nIndex
06-25 14:28:13.100 367 367 W omx_vdec: <__AwOmxVdecGetExtensionIndex:1737>: GetExtensionIndex OMX.google.android.index.describeColorFormat, err [0x80001001].
06-25 14:28:13.100 367 367 W omx_vdec: <__AwOmxVdecGetExtensionIndex:1737>: GetExtensionIndex OMX.google.android.index.describeColorFormat2, err [0x80001001].
06-25 14:28:13.101 367 367 E omx_vdec: : erro: pParamData->nIndex > m_sPortFormatType.nIndex
06-25 14:28:13.101 367 367 W omx_vdec: <__AwOmxVdecGetExtensionIndex:1737>: GetExtensionIndex OMX.google.android.index.describeColorFormat, err [0x80001001].
06-25 14:28:13.101 367 367 W omx_vdec: <__AwOmxVdecGetExtensionIndex:1737>: GetExtensionIndex OMX.google.android.index.describeColorFormat2, err [0x80001001].
06-25 14:28:13.101 367 367 E omx_vdec: : erro: pParamData->nIndex > m_sPortFormatType.nIndex
06-25 14:28:13.101 367 367 W omx_vdec: <__AwOmxVdecGetExtensionIndex:1737>: GetExtensionIndex OMX.google.android.index.describeColorFormat, err [0x80001001].
06-25 14:28:13.101 367 367 W omx_vdec: <__AwOmxVdecGetExtensionIndex:1737>: GetExtensionIndex OMX.google.android.index.describeColorFormat2, err [0x80001001].
06-25 14:28:13.101 367 367 E omx_vdec: : erro: pParamData->nIndex > m_sPortFormatType.nIndex
06-25 14:28:13.101 367 367 W omx_vdec: <__AwOmxVdecGetExtensionIndex:1737>: GetExtensionIndex OMX.google.android.index.describeColorFormat, err [0x80001001].
06-25 14:28:13.101 367 367 W omx_vdec: <__AwOmxVdecGetExtensionIndex:1737>: GetExtensionIndex OMX.google.android.index.describeColorFormat2, err [0x80001001].
06-25 14:28:13.102 367 367 E omx_vdec: : erro: pParamData->nIndex > m_sPortFormatType.nIndex
06-25 14:28:13.102 367 367 W omx_vdec: <__AwOmxVdecGetExtensionIndex:1737>: GetExtensionIndex OMX.google.android.index.describeColorFormat, err [0x80001001].
06-25 14:28:13.102 367 367 W omx_vdec: <__AwOmxVdecGetExtensionIndex:1737>: GetExtensionIndex OMX.google.android.index.describeColorFormat2, err [0x80001001].
06-25 14:28:13.102 367 367 E omx_vdec: : erro: pParamData->nIndex > m_sPortFormatType.nIndex
06-25 14:28:13.102 367 367 W omx_vdec: <__AwOmxVdecGetExtensionIndex:1737>: GetExtensionIndex OMX.google.android.index.describeColorFormat, err [0x80001001].
06-25 14:28:13.102 367 367 W omx_vdec: <__AwOmxVdecGetExtensionIndex:1737>: GetExtensionIndex OMX.google.android.index.describeColorFormat2, err [0x80001001].
06-25 14:28:13.102 367 367 E omx_vdec: : erro: pParamData->nIndex > m_sPortFormatType.nIndex
06-25 14:28:13.102 367 367 W omx_vdec: <__AwOmxVdecGetExtensionIndex:1737>: GetExtensionIndex OMX.google.android.index.describeColorFormat, err [0x80001001].
06-25 14:28:13.103 367 367 W omx_vdec: <__AwOmxVdecGetExtensionIndex:1737>: GetExtensionIndex OMX.google.android.index.describeColorFormat2, err [0x80001001].
06-25 14:28:13.103 367 367 E omx_vdec: : erro: pParamData->nIndex > m_sPortFormatType.nIndex
06-25 14:28:13.103 367 367 W omx_vdec: <__AwOmxVdecGetExtensionIndex:1737>: GetExtensionIndex OMX.google.android.index.describeColorFormat, err [0x80001001].
06-25 14:28:13.103 367 367 W omx_vdec: <__AwOmxVdecGetExtensionIndex:1737>: GetExtensionIndex OMX.google.android.index.describeColorFormat2, err [0x80001001].
06-25 14:28:13.103 358 467 W ACodec : [OMX.allwinner.video.decoder.vp8] stopping checking formats after 32: COLOR_FormatYUV420Planar(13)
06-25 14:28:13.103 367 367 W omx_vdec: <__AwOmxVdecGetExtensionIndex:1737>: GetExtensionIndex OMX.google.android.index.configureVideoTunnelMode, err [0x80001001].
06-25 14:28:13.103 367 367 E OMXNodeInstance: getExtensionIndex(0xf59c0000:allwinner.decoder.vp8, OMX.google.android.index.configureVideoTunnelMode) ERROR: Undefined(0x80001001)
06-25 14:28:13.103 358 467 D MediaCodecInfo: detail feature-tunneled-playback wasn't present to remove
06-25 14:28:13.103 367 367 W omx_vdec: <__AwOmxVdecGetExtensionIndex:1737>: GetExtensionIndex OMX.google.android.index.storeANWBufferInMetadata, err [0x80001001].
06-25 14:28:13.103 367 367 W omx_vdec_aw: <__anSetExtPara:3011>: Setparameter: unknown param 2131755011
06-25 14:28:13.103 367 367 W OMXNodeInstance: [0xf59c0000:allwinner.decoder.vp8] component does not support metadata mode; using fallback
06-25 14:28:13.104 367 737 W libc : invalid pthread_t (0) passed to pthread_join
06-25 14:28:13.104 367 737 W libc : invalid pthread_t (0) passed to pthread_join
06-25 14:28:13.104 367 737 W libc : invalid pthread_t (0) passed to pthread_join
06-25 14:28:13.106 358 467 I OMXClient: IOmx service obtained
06-25 14:28:13.107 367 367 I OMXStore: makeComponentInstance(OMX.allwinner.video.decoder.vp9) in android.hardwar process
06-25 14:28:13.108 367 367 I omx_vdec_aw: : OmxDecoderCreate.
06-25 14:28:13.108 477 477 I SystemServerTiming: MakeConnectivityServiceReady
06-25 14:28:13.109 477 477 D PermissionMonitor: Monitoring
06-25 14:28:13.109 367 367 W omx_vdec: <__AwOmxVdecSetParameter:1561>: Set Parameter called in valid state
06-25 14:28:13.109 367 367 W omx_vdec: : OMX_IndexParamVideoProfileLevelQuerySupported, Format[0xa] not support
06-25 14:28:13.109 367 367 E OMXNodeInstance: getParameter(0xf59c0000:allwinner.decoder.vp9, ParamVideoProfileLevelQuerySupported(0x600000f)) ERROR: BadParameter(0x80001005)
06-25 14:28:13.109 367 367 W omx_vdec: <__AwOmxVdecGetExtensionIndex:1737>: GetExtensionIndex OMX.google.android.index.describeColorFormat, err [0x80001001].
06-25 14:28:13.109 367 367 W omx_vdec: <__AwOmxVdecGetExtensionIndex:1737>: GetExtensionIndex OMX.google.android.index.describeColorFormat2, err [0x80001001].
06-25 14:28:13.110 367 367 E omx_vdec: : erro: pParamData->nIndex > m_sPortFormatType.nIndex
06-25 14:28:13.110 367 367 W omx_vdec: <__AwOmxVdecGetExtensionIndex:1737>: GetExtensionIndex OMX.google.android.index.describeColorFormat, err [0x80001001].
06-25 14:28:13.110 367 367 W omx_vdec: <__AwOmxVdecGetExtensionIndex:1737>: GetExtensionIndex OMX.google.android.index.describeColorFormat2, err [0x80001001].
06-25 14:28:13.110 367 367 E omx_vdec: : erro: pParamData->nIndex > m_sPortFormatType.nIndex
06-25 14:28:13.110 367 367 W omx_vdec: <__AwOmxVdecGetExtensionIndex:1737>: GetExtensionIndex OMX.google.android.index.describeColorFormat, err [0x80001001].
06-25 14:28:13.110 367 367 W omx_vdec: <__AwOmxVdecGetExtensionIndex:1737>: GetExtensionIndex OMX.google.android.index.describeColorFormat2, err [0x80001001].
06-25 14:28:13.110 367 367 E omx_vdec: : erro: pParamData->nIndex > m_sPortFormatType.nIndex
06-25 14:28:13.110 367 367 W omx_vdec: <__AwOmxVdecGetExtensionIndex:1737>: GetExtensionIndex OMX.google.android.index.describeColorFormat, err [0x80001001].
06-25 14:28:13.111 367 367 W omx_vdec: <__AwOmxVdecGetExtensionIndex:1737>: GetExtensionIndex OMX.google.android.index.describeColorFormat2, err [0x80001001].
06-25 14:28:13.111 367 367 E omx_vdec: : erro: pParamData->nIndex > m_sPortFormatType.nIndex
06-25 14:28:13.111 367 367 W omx_vdec: <__AwOmxVdecGetExtensionIndex:1737>: GetExtensionIndex OMX.google.android.index.describeColorFormat, err [0x80001001].
06-25 14:28:13.111 367 367 W omx_vdec: <__AwOmxVdecGetExtensionIndex:1737>: GetExtensionIndex OMX.google.android.index.describeColorFormat2, err [0x80001001].
06-25 14:28:13.111 367 367 E omx_vdec: : erro: pParamData->nIndex > m_sPortFormatType.nIndex
06-25 14:28:13.111 367 367 W omx_vdec: <__AwOmxVdecGetExtensionIndex:1737>: GetExtensionIndex OMX.google.android.index.describeColorFormat, err [0x80001001].
06-25 14:28:13.111 367 367 W omx_vdec: <__AwOmxVdecGetExtensionIndex:1737>: GetExtensionIndex OMX.google.android.index.describeColorFormat2, err [0x80001001].
06-25 14:28:13.111 367 367 E omx_vdec: : erro: pParamData->nIndex > m_sPortFormatType.nIndex
06-25 14:28:13.112 367 367 W omx_vdec: <__AwOmxVdecGetExtensionIndex:1737>: GetExtensionIndex OMX.google.android.index.describeColorFormat, err [0x80001001].
06-25 14:28:13.112 367 367 W omx_vdec: <__AwOmxVdecGetExtensionIndex:1737>: GetExtensionIndex OMX.google.android.index.describeColorFormat2, err [0x80001001].
06-25 14:28:13.112 367 367 E omx_vdec: : erro: pParamData->nIndex > m_sPortFormatType.nIndex
06-25 14:28:13.112 367 367 W omx_vdec: <__AwOmxVdecGetExtensionIndex:1737>: GetExtensionIndex OMX.google.android.index.describeColorFormat, err [0x80001001].
06-25 14:28:13.112 367 367 W omx_vdec: <__AwOmxVdecGetExtensionIndex:1737>: GetExtensionIndex OMX.google.android.index.describeColorFormat2, err [0x80001001].
06-25 14:28:13.112 367 367 E omx_vdec: : erro: pParamData->nIndex > m_sPortFormatType.nIndex
06-25 14:28:13.112 367 367 W omx_vdec: <__AwOmxVdecGetExtensionIndex:1737>: GetExtensionIndex OMX.google.android.index.describeColorFormat, err [0x80001001].
06-25 14:28:13.112 367 367 W omx_vdec: <__AwOmxVdecGetExtensionIndex:1737>: GetExtensionIndex OMX.google.android.index.describeColorFormat2, err [0x80001001].
06-25 14:28:13.112 367 367 E omx_vdec: : erro: pParamData->nIndex > m_sPortFormatType.nIndex
06-25 14:28:13.113 367 367 W omx_vdec: <__AwOmxVdecGetExtensionIndex:1737>: GetExtensionIndex OMX.google.android.index.describeColorFormat, err [0x80001001].
06-25 14:28:13.113 367 367 W omx_vdec: <__AwOmxVdecGetExtensionIndex:1737>: GetExtensionIndex OMX.google.android.index.describeColorFormat2, err [0x80001001].
06-25 14:28:13.113 367 367 E omx_vdec: : erro: pParamData->nIndex > m_sPortFormatType.nIndex
06-25 14:28:13.113 367 367 W omx_vdec: <__AwOmxVdecGetExtensionIndex:1737>: GetExtensionIndex OMX.google.android.index.describeColorFormat, err [0x80001001].
06-25 14:28:13.113 367 367 W omx_vdec: <__AwOmxVdecGetExtensionIndex:1737>: GetExtensionIndex OMX.google.android.index.describeColorFormat2, err [0x80001001].
06-25 14:28:13.113 367 367 E omx_vdec: : erro: pParamData->nIndex > m_sPortFormatType.nIndex
06-25 14:28:13.113 367 367 W omx_vdec: <__AwOmxVdecGetExtensionIndex:1737>: GetExtensionIndex OMX.google.android.index.describeColorFormat, err [0x80001001].
06-25 14:28:13.114 367 367 W omx_vdec: <__AwOmxVdecGetExtensionIndex:1737>: GetExtensionIndex OMX.google.android.index.describeColorFormat2, err [0x80001001].
06-25 14:28:13.114 367 367 E omx_vdec: : erro: pParamData->nIndex > m_sPortFormatType.nIndex
06-25 14:28:13.114 367 367 W omx_vdec: <__AwOmxVdecGetExtensionIndex:1737>: GetExtensionIndex OMX.google.android.index.describeColorFormat, err [0x80001001].
06-25 14:28:13.114 367 367 W omx_vdec: <__AwOmxVdecGetExtensionIndex:1737>: GetExtensionIndex OMX.google.android.index.describeColorFormat2, err [0x80001001].
06-25 14:28:13.114 367 367 E omx_vdec: : erro: pParamData->nIndex > m_sPortFormatType.nIndex
06-25 14:28:13.114 367 367 W omx_vdec: <__AwOmxVdecGetExtensionIndex:1737>: GetExtensionIndex OMX.google.android.index.describeColorFormat, err [0x80001001].
06-25 14:28:13.114 367 367 W omx_vdec: <__AwOmxVdecGetExtensionIndex:1737>: GetExtensionIndex OMX.google.android.index.describeColorFormat2, err [0x80001001].
06-25 14:28:13.114 367 367 E omx_vdec: : erro: pParamData->nIndex > m_sPortFormatType.nIndex
06-25 14:28:13.114 367 367 W omx_vdec: <__AwOmxVdecGetExtensionIndex:1737>: GetExtensionIndex OMX.google.android.index.describeColorFormat, err [0x80001001].
06-25 14:28:13.115 367 367 W omx_vdec: <__AwOmxVdecGetExtensionIndex:1737>: GetExtensionIndex OMX.google.android.index.describeColorFormat2, err [0x80001001].
06-25 14:28:13.115 367 367 E omx_vdec: : erro: pParamData->nIndex > m_sPortFormatType.nIndex
06-25 14:28:13.115 367 367 W omx_vdec: <__AwOmxVdecGetExtensionIndex:1737>: GetExtensionIndex OMX.google.android.index.describeColorFormat, err [0x80001001].
06-25 14:28:13.115 367 367 W omx_vdec: <__AwOmxVdecGetExtensionIndex:1737>: GetExtensionIndex OMX.google.android.index.describeColorFormat2, err [0x80001001].
06-25 14:28:13.115 367 367 E omx_vdec: : erro: pParamData->nIndex > m_sPortFormatType.nIndex
06-25 14:28:13.115 367 367 W omx_vdec: <__AwOmxVdecGetExtensionIndex:1737>: GetExtensionIndex OMX.google.android.index.describeColorFormat, err [0x80001001].
06-25 14:28:13.115 367 367 W omx_vdec: <__AwOmxVdecGetExtensionIndex:1737>: GetExtensionIndex OMX.google.android.index.describeColorFormat2, err [0x80001001].
06-25 14:28:13.115 367 367 E omx_vdec: : erro: pParamData->nIndex > m_sPortFormatType.nIndex
06-25 14:28:13.115 367 367 W omx_vdec: <__AwOmxVdecGetExtensionIndex:1737>: GetExtensionIndex OMX.google.android.index.describeColorFormat, err [0x80001001].
06-25 14:28:13.116 367 367 W omx_vdec: <__AwOmxVdecGetExtensionIndex:1737>: GetExtensionIndex OMX.google.android.index.describeColorFormat2, err [0x80001001].
06-25 14:28:13.116 367 367 E omx_vdec: : erro: pParamData->nIndex > m_sPortFormatType.nIndex
06-25 14:28:13.116 367 367 W omx_vdec: <__AwOmxVdecGetExtensionIndex:1737>: GetExtensionIndex OMX.google.android.index.describeColorFormat, err [0x80001001].
06-25 14:28:13.116 367 367 W omx_vdec: <__AwOmxVdecGetExtensionIndex:1737>: GetExtensionIndex OMX.google.android.index.describeColorFormat2, err [0x80001001].
06-25 14:28:13.116 367 367 E omx_vdec: : erro: pParamData->nIndex > m_sPortFormatType.nIndex
06-25 14:28:13.116 367 421 W omx_vdec: <__AwOmxVdecGetExtensionIndex:1737>: GetExtensionIndex OMX.google.android.index.describeColorFormat, err [0x80001001].
06-25 14:28:13.116 367 367 W omx_vdec: <__AwOmxVdecGetExtensionIndex:1737>: GetExtensionIndex OMX.google.android.index.describeColorFormat2, err [0x80001001].
06-25 14:28:13.116 367 367 E omx_vdec: : erro: pParamData->nIndex > m_sPortFormatType.nIndex
06-25 14:28:13.117 367 367 W omx_vdec: <__AwOmxVdecGetExtensionIndex:1737>: GetExtensionIndex OMX.google.android.index.describeColorFormat, err [0x80001001].
06-25 14:28:13.117 367 367 W omx_vdec: <__AwOmxVdecGetExtensionIndex:1737>: GetExtensionIndex OMX.google.android.index.describeColorFormat2, err [0x80001001].
06-25 14:28:13.117 367 367 E omx_vdec: : erro: pParamData->nIndex > m_sPortFormatType.nIndex
06-25 14:28:13.117 367 367 W omx_vdec: <__AwOmxVdecGetExtensionIndex:1737>: GetExtensionIndex OMX.google.android.index.describeColorFormat, err [0x80001001].
06-25 14:28:13.117 367 367 W omx_vdec: <__AwOmxVdecGetExtensionIndex:1737>: GetExtensionIndex OMX.google.android.index.describeColorFormat2, err [0x80001001].
06-25 14:28:13.117 367 367 E omx_vdec: : erro: pParamData->nIndex > m_sPortFormatType.nIndex
06-25 14:28:13.117 367 367 W omx_vdec: <__AwOmxVdecGetExtensionIndex:1737>: GetExtensionIndex OMX.google.android.index.describeColorFormat, err [0x80001001].
06-25 14:28:13.118 367 367 W omx_vdec: <__AwOmxVdecGetExtensionIndex:1737>: GetExtensionIndex OMX.google.android.index.describeColorFormat2, err [0x80001001].
06-25 14:28:13.118 367 367 E omx_vdec: : erro: pParamData->nIndex > m_sPortFormatType.nIndex
06-25 14:28:13.118 367 367 W omx_vdec: <__AwOmxVdecGetExtensionIndex:1737>: GetExtensionIndex OMX.google.android.index.describeColorFormat, err [0x80001001].
06-25 14:28:13.118 367 367 W omx_vdec: <__AwOmxVdecGetExtensionIndex:1737>: GetExtensionIndex OMX.google.android.index.describeColorFormat2, err [0x80001001].
06-25 14:28:13.118 367 367 E omx_vdec: : erro: pParamData->nIndex > m_sPortFormatType.nIndex
06-25 14:28:13.118 367 367 W omx_vdec: <__AwOmxVdecGetExtensionIndex:1737>: GetExtensionIndex OMX.google.android.index.describeColorFormat, err [0x80001001].
06-25 14:28:13.118 367 367 W omx_vdec: <__AwOmxVdecGetExtensionIndex:1737>: GetExtensionIndex OMX.google.android.index.describeColorFormat2, err [0x80001001].
06-25 14:28:13.118 367 367 E omx_vdec: : erro: pParamData->nIndex > m_sPortFormatType.nIndex
06-25 14:28:13.118 367 367 W omx_vdec: <__AwOmxVdecGetExtensionIndex:1737>: GetExtensionIndex OMX.google.android.index.describeColorFormat, err [0x80001001].
06-25 14:28:13.119 367 367 W omx_vdec: <__AwOmxVdecGetExtensionIndex:1737>: GetExtensionIndex OMX.google.android.index.describeColorFormat2, err [0x80001001].
06-25 14:28:13.119 367 367 E omx_vdec: : erro: pParamData->nIndex > m_sPortFormatType.nIndex
06-25 14:28:13.119 367 367 W omx_vdec: <__AwOmxVdecGetExtensionIndex:1737>: GetExtensionIndex OMX.google.android.index.describeColorFormat, err [0x80001001].
06-25 14:28:13.119 367 367 W omx_vdec: <__AwOmxVdecGetExtensionIndex:1737>: GetExtensionIndex OMX.google.android.index.describeColorFormat2, err [0x80001001].
06-25 14:28:13.119 367 367 E omx_vdec: : erro: pParamData->nIndex > m_sPortFormatType.nIndex
06-25 14:28:13.119 367 367 W omx_vdec: <__AwOmxVdecGetExtensionIndex:1737>: GetExtensionIndex OMX.google.android.index.describeColorFormat, err [0x80001001].
06-25 14:28:13.119 367 367 W omx_vdec: <__AwOmxVdecGetExtensionIndex:1737>: GetExtensionIndex OMX.google.android.index.describeColorFormat2, err [0x80001001].
06-25 14:28:13.119 367 367 E omx_vdec: : erro: pParamData->nIndex > m_sPortFormatType.nIndex
06-25 14:28:13.119 367 367 W omx_vdec: <__AwOmxVdecGetExtensionIndex:1737>: GetExtensionIndex OMX.google.android.index.describeColorFormat, err [0x80001001].
06-25 14:28:13.120 367 367 W omx_vdec: <__AwOmxVdecGetExtensionIndex:1737>: GetExtensionIndex OMX.google.android.index.describeColorFormat2, err [0x80001001].
06-25 14:28:13.120 367 367 E omx_vdec: : erro: pParamData->nIndex > m_sPortFormatType.nIndex
06-25 14:28:13.120 367 367 W omx_vdec: <__AwOmxVdecGetExtensionIndex:1737>: GetExtensionIndex OMX.google.android.index.describeColorFormat, err [0x80001001].
06-25 14:28:13.120 367 367 W omx_vdec: <__AwOmxVdecGetExtensionIndex:1737>: GetExtensionIndex OMX.google.android.index.describeColorFormat2, err [0x80001001].
06-25 14:28:13.120 367 367 E omx_vdec: : erro: pParamData->nIndex > m_sPortFormatType.nIndex
06-25 14:28:13.120 367 367 W omx_vdec: <__AwOmxVdecGetExtensionIndex:1737>: GetExtensionIndex OMX.google.android.index.describeColorFormat, err [0x80001001].
06-25 14:28:13.120 367 367 W omx_vdec: <__AwOmxVdecGetExtensionIndex:1737>: GetExtensionIndex OMX.google.android.index.describeColorFormat2, err [0x80001001].
06-25 14:28:13.120 367 367 E omx_vdec: : erro: pParamData->nIndex > m_sPortFormatType.nIndex
06-25 14:28:13.120 367 367 W omx_vdec: <__AwOmxVdecGetExtensionIndex:1737>: GetExtensionIndex OMX.google.android.index.describeColorFormat, err [0x80001001].
06-25 14:28:13.120 367 367 W omx_vdec: <__AwOmxVdecGetExtensionIndex:1737>: GetExtensionIndex OMX.google.android.index.describeColorFormat2, err [0x80001001].
06-25 14:28:13.120 367 367 E omx_vdec: : erro: pParamData->nIndex > m_sPortFormatType.nIndex
06-25 14:28:13.121 367 367 W omx_vdec: <__AwOmxVdecGetExtensionIndex:1737>: GetExtensionIndex OMX.google.android.index.describeColorFormat, err [0x80001001].
06-25 14:28:13.121 367 367 W omx_vdec: <__AwOmxVdecGetExtensionIndex:1737>: GetExtensionIndex OMX.google.android.index.describeColorFormat2, err [0x80001001].
06-25 14:28:13.121 358 467 W ACodec : [OMX.allwinner.video.decoder.vp9] stopping checking formats after 32: COLOR_FormatYUV420Planar(13)
06-25 14:28:13.121 367 367 W omx_vdec: <__AwOmxVdecGetExtensionIndex:1737>: GetExtensionIndex OMX.google.android.index.configureVideoTunnelMode, err [0x80001001].
06-25 14:28:13.121 367 367 E OMXNodeInstance: getExtensionIndex(0xf59c0000:allwinner.decoder.vp9, OMX.google.android.index.configureVideoTunnelMode) ERROR: Undefined(0x80001001)
06-25 14:28:13.121 358 467 D MediaCodecInfo: detail feature-tunneled-playback wasn't present to remove
06-25 14:28:13.121 367 367 W omx_vdec: <__AwOmxVdecGetExtensionIndex:1737>: GetExtensionIndex OMX.google.android.index.storeANWBufferInMetadata, err [0x80001001].
06-25 14:28:13.121 367 367 W omx_vdec_aw: <__anSetExtPara:3011>: Setparameter: unknown param 2131755011
06-25 14:28:13.121 367 367 W OMXNodeInstance: [0xf59c0000:allwinner.decoder.vp9] component does not support metadata mode; using fallback
06-25 14:28:13.121 367 740 W libc : invalid pthread_t (0) passed to pthread_join
06-25 14:28:13.122 367 740 W libc : invalid pthread_t (0) passed to pthread_join
06-25 14:28:13.122 367 740 W libc : invalid pthread_t (0) passed to pthread_join
06-25 14:28:13.125 358 467 I OMXClient: IOmx service obtained
01-01 08:00:18.438 127 127 I WCN : marlin_write_cali_data sync init_state:0x0
06-25 14:28:13.125 367 367 I OMXStore: makeComponentInstance(OMX.allwinner.video.decoder.vp9.secure) in android.hardwar process
06-25 14:28:13.126 367 367 E omx_vdec: : This platform does not support secure video playback
06-25 14:28:13.126 367 367 E omx_sem : : handle is null
06-25 14:28:13.126 477 477 D PermissionMonitor: Users: 1, Apps: 10
06-25 14:28:13.126 367 367 E omx_sem : : handle is null
06-25 14:28:13.126 367 367 E omx_sem : : handle is null
06-25 14:28:13.126 367 367 E omx_sem : : handle is null
06-25 14:28:13.126 367 367 E omx_sem : : handle is null
06-25 14:28:13.127 367 367 W omx_vdec_aw: : pdec is null
06-25 14:28:13.127 367 367 E android.hardware.media.omx@1.0-service: Failed to allocate omx component 'OMX.allwinner.video.decoder.vp9.secure' err=InvalidComponentName(0x80001002)
06-25 14:28:13.127 358 467 W OmxInfoBuilder: Fail to add media type video/x-vnd.on2.vp9 to codec OMX.allwinner.video.decoder.vp9.secure
06-25 14:28:13.128 358 467 I OMXClient: IOmx service obtained
06-25 14:28:13.128 367 367 I OMXStore: makeComponentInstance(OMX.allwinner.video.encoder.avc) in android.hardwar process
06-25 14:28:13.136 367 367 W cedarc : : cannot open /dev/sunxi_soc_info, it maybe ok!
06-25 14:28:13.137 367 367 I cedarc : : *** ic_version = 0x3301000012011,
01-01 08:00:18.453 367 367 D : enable_cedar_hw_clk,516
06-25 14:28:13.138 367 421 E OMXNodeInstance: getParameter(0xf59be000:allwinner.encoder.avc, ParamVideoProfileLevelQuerySupported(0x600000f)) ERROR: BadParameter(0x80001005)
06-25 14:28:13.138 477 620 D ConnectivityService: NetReassign [no changes]
06-25 14:28:13.139 358 467 W OMXUtils: do not know color format 0x7f000789 = 2130708361
06-25 14:28:13.139 477 477 I SystemServerTiming: MakeVpnManagerServiceReady
06-25 14:28:13.139 358 467 W OMXUtils: do not know color format 0x7f000001 = 2130706433
06-25 14:28:13.140 367 421 E omx_venc: <__AwOmxVencGetParameter:882>: get_parameter erro: pParamData->nIndex > m_sInPortFormatType.nIndex, param index 3. impl in->index 2.
06-25 14:28:13.140 367 421 E OMXNodeInstance: getConfig(0xf59be000:allwinner.encoder.avc, ConfigAndroidIntraRefresh(0x6f60000a)) ERROR: UnsupportedIndex(0x8000101a)
06-25 14:28:13.140 367 421 E omx_venc: : get_parameter: unknown param 0xf5aa2ca0
06-25 14:28:13.140 367 421 E omx_venc: 
06-25 14:28:13.140 367 421 E OMXNodeInstance: getParameter(0xf59be000:allwinner.encoder.avc, ParamVideoIntraRefresh(0x6000006)) ERROR: UnsupportedIndex(0x8000101a)
06-25 14:28:13.140 358 467 D MediaCodecInfo: detail feature-frame-parsing wasn't present to remove
06-25 14:28:13.140 676 676 I ndroid.systemui: type=1400 audit(0.0:336): avc: denied { getattr } for path="/data/user_de/0/com.android.systemui" dev="mmcblk0p25" ino=484 scontext=u:r:platform_app:s0:c512,c768 tcontext=u:object_r:app_data_file:s0:c512,c768 tclass=dir permissive=1 app=com.softwinner.screenshot
06-25 14:28:13.149 367 421 I cedarc : : not malloc locks
06-25 14:28:13.152 477 477 I SystemServerTiming: MakeVcnManagementServiceReady
06-25 14:28:13.153 477 620 D ConnectivityService: Got NetworkProvider Messenger for VcnNetworkProvider
01-01 08:00:18.466 421 421 D : disable_cedar_hw_clk,546
01-01 08:00:18.466 127 127 I WCN : marlin_write_cali_data sync init_state:0xf0f0f0f1
01-01 08:00:18.466 127 127 I WCN : sdio_config bt_wake_host trigger:[high]
01-01 08:00:18.466 127 127 I WCN : sdio_config irq:[inband]
01-01 08:00:18.466 127 127 I WCN : sdio_config wake_host_level_duration_time:[20ms]
01-01 08:00:18.466 127 127 I WCN : sdio_config wake_host_data_separation:[bt/wifi reuse]
01-01 08:00:18.466 127 127 I WCN : marlin_send_sdio_config_to_cp sdio_config:0x80f01 (enable config)
01-01 08:00:18.466 127 127 I WCN : marlin_write_cali_data finish
01-01 08:00:18.466 127 127 I WCN : check_cp_ready sync val:0xf0f0f0f2, prj_type val:0xe0e0e0e0
06-25 14:28:13.156 477 583 W PackageManager: Loading a package that does not exist for the calling user. package=null, user=0
06-25 14:28:13.156 477 620 D ConnectivityService: NetReassign [no changes]
06-25 14:28:13.158 719 719 D nativeloader: classloader namespace configured for unbundled product apk. library_path=/product/app/webview/lib/arm:/product/app/webview/webview.apk!/lib/armeabi-v7a:/product/lib:/system/product/lib
06-25 14:28:13.160 477 477 I SystemServerTiming: MakeNetworkPolicyServiceReady
06-25 14:28:13.162 477 620 D ConnectivityService: NetReassign [no changes]
06-25 14:28:13.162 477 477 I SystemServerTiming: PhaseThirdPartyAppsCanStart
06-25 14:28:13.162 477 477 I SystemServiceManager: Starting phase 600
06-25 14:28:13.162 477 477 I SystemServerTiming: OnBootPhase_600
06-25 14:28:13.163 477 477 I ExplicitHealthCheckController: Explicit health checks enabled.
06-25 14:28:13.163 477 477 I PackageWatchdog: Syncing state, reason: health check state enabled
06-25 14:28:13.163 477 477 I PackageWatchdog: Not pruning observers, elapsed time: 0ms
06-25 14:28:13.163 477 477 I PackageWatchdog: Cancelling state sync, nothing to sync
06-25 14:28:13.163 477 533 I PackageWatchdog: Saving observer state to file
06-25 14:28:13.168 477 477 W LocationManagerService: no network location provider found
06-25 14:28:13.170 477 477 I ServiceWatcher: [fused] chose new implementation 1000/com.android.location.fused/.FusedLocationService@0
06-25 14:28:13.172 186 186 E servicemanager: Could not find android.hardware.gnss.IGnss/default in the VINTF manifest.
06-25 14:28:13.173 477 477 D GnssLocationProviderJni: Trying IGnss_V2_1::getService()
06-25 14:28:13.173 477 523 D CompatibilityChangeReporter: Compat change id reported: 168419799; UID 1000; state: DISABLED
06-25 14:28:13.174 187 187 I hwservicemanager: getTransport: Cannot find entry android.hardware.gnss@2.1::IGnss/default in either framework or device VINTF manifest.
06-25 14:28:13.174 477 477 D GnssLocationProviderJni: gnssHal 2.1 was null, trying 2.0
06-25 14:28:13.174 187 187 I hwservicemanager: getTransport: Cannot find entry android.hardware.gnss@2.0::IGnss/default in either framework or device VINTF manifest.
06-25 14:28:13.174 477 477 D GnssLocationProviderJni: gnssHal 2.0 was null, trying 1.1
06-25 14:28:13.174 187 187 I hwservicemanager: getTransport: Cannot find entry android.hardware.gnss@1.1::IGnss/default in either framework or device VINTF manifest.
06-25 14:28:13.174 477 477 D GnssLocationProviderJni: gnssHal 1.1 was null, trying 1.0
06-25 14:28:13.175 187 187 I hwservicemanager: getTransport: Cannot find entry android.hardware.gnss@1.0::IGnss/default in either framework or device VINTF manifest.
01-01 08:00:18.498 127 127 I WCN : check_cp_ready sync val:0xf0f0f0f2, prj_type val:0xe0e0e0e0
06-25 14:28:13.199 477 477 E LocationManagerService: no geocoder provider found
06-25 14:28:13.199 477 477 E ActivityRecognitionHardware: activity_recognition HAL is deprecated. is_supported is effectively a no-op
06-25 14:28:13.199 477 477 E LocationManagerService: unable to bind ActivityRecognitionProxy
06-25 14:28:13.199 477 477 I WallpaperManagerService: switch-user-0
06-25 14:28:13.200 477 477 V WallpaperManagerService: bindWallpaperComponentLocked: componentName=ComponentInfo{com.android.systemui/com.android.systemui.ImageWallpaper}
06-25 14:28:13.200 358 467 I Codec2Client: Available Codec2 services: "software"
06-25 14:28:13.202 372 372 V C2Store : in init
06-25 14:28:13.202 372 372 V C2Store : loading dll
06-25 14:28:13.205 477 477 D SoundTriggerService: onBootPhase: 600 : false
06-25 14:28:13.209 210 210 I keystore2: keystore2::authorization: on_lock_screen_event(LockScreenEvent(0), user_id=0, password.is_some()=false, unlocking_sids=Some([]))
01-01 08:00:18.527 127 127 I WCN : check_cp_ready sync val:0xf0f0f0f2, prj_type val:0xe0e0e0e0
06-25 14:28:13.225 372 372 V C2Store : in ~ComponentModule
06-25 14:28:13.225 372 372 V C2Store : unloading dll
06-25 14:28:13.225 372 372 V C2Store : in init
06-25 14:28:13.225 372 372 V C2Store : loading dll
06-25 14:28:13.234 477 477 W AlarmManager: Unrecognized alarm listener com.android.server.stats.StatsCompanionService$AnomalyAlarmListener@b650d7
06-25 14:28:13.235 477 477 W AlarmManager: Unrecognized alarm listener com.android.server.stats.StatsCompanionService$PullingAlarmListener@78c1dc4
06-25 14:28:13.235 477 477 W AlarmManager: Unrecognized alarm listener com.android.server.stats.StatsCompanionService$PeriodicAlarmListener@15294ad
06-25 14:28:13.238 668 668 V AdapterServiceConfig: Adding HeadsetService
06-25 14:28:13.238 668 668 V AdapterServiceConfig: Adding A2dpService
06-25 14:28:13.238 668 668 V AdapterServiceConfig: Adding HidHostService
06-25 14:28:13.238 668 668 V AdapterServiceConfig: Adding PanService
06-25 14:28:13.238 668 668 V AdapterServiceConfig: Adding GattService
06-25 14:28:13.238 668 668 V AdapterServiceConfig: Adding BluetoothMapService
06-25 14:28:13.238 668 668 V AdapterServiceConfig: Adding AvrcpTargetService
06-25 14:28:13.238 668 668 V AdapterServiceConfig: Adding HidDeviceService
06-25 14:28:13.238 668 668 V AdapterServiceConfig: Adding BluetoothOppService
06-25 14:28:13.238 668 668 V AdapterServiceConfig: Adding BluetoothPbapService
01-01 08:00:18.554 127 127 I WCN : check_cp_ready sync val:0xf0f0f0f2, prj_type val:0xe0e0e0e0
06-25 14:28:13.244 372 372 V C2Store : in ~ComponentModule
06-25 14:28:13.244 372 372 V C2Store : unloading dll
06-25 14:28:13.244 372 372 V C2Store : in init
06-25 14:28:13.244 372 372 V C2Store : loading dll
06-25 14:28:13.246 477 477 I StatsCompanionService: Told statsd that StatsCompanionService is alive.
06-25 14:28:13.246 477 533 D StatsPullAtomService: Registering NetworkStats pullers with statsd
06-25 14:28:13.248 477 477 I SystemServerTiming: StartNetworkStack
06-25 14:28:13.249 477 477 D ConnectivityModuleConnector: Starting networking module android.net.INetworkStackConnector
06-25 14:28:13.250 477 477 D ConnectivityModuleConnector: Starting networking module in network_stack process
06-25 14:28:13.251 477 533 W BestClock: java.time.DateTimeException: Missing NTP fix
06-25 14:28:13.257 477 477 D CompatibilityChangeReporter: Compat change id reported: 135634846; UID 1073; state: DISABLED
06-25 14:28:13.257 477 477 D ConnectivityModuleConnector: Networking module service start requested
06-25 14:28:13.258 477 477 I SystemServerTiming: StartTethering
06-25 14:28:13.258 477 477 D ConnectivityModuleConnector: Starting networking module android.net.ITetheringConnector
06-25 14:28:13.258 477 477 D ConnectivityModuleConnector: Starting networking module in network_stack process
06-25 14:28:13.260 477 477 D ConnectivityModuleConnector: Networking module service start requested
06-25 14:28:13.261 477 477 I SystemServerTiming: MakeCountryDetectionServiceReady
06-25 14:28:13.261 477 477 I SystemServerTiming: MakeNetworkTimeUpdateReady
06-25 14:28:13.267 477 477 D ConnectivityService: requestNetwork for uid/pid:1000/477 activeRequest: null callbackRequest: 16 [NetworkRequest [ REQUEST id=17, [ Capabilities: INTERNET&NOT_RESTRICTED&TRUSTED&NOT_VCN_MANAGED Uid: 1000 RequestorUid: 1000 RequestorPkg: android] ]] callback flags: 0 priority: 2147483647
06-25 14:28:13.268 477 620 D ConnectivityService: NetReassign [no changes]
06-25 14:28:13.268 477 477 I SystemServerTiming: MakeInputManagerServiceReady
06-25 14:28:13.269 477 655 D PPPOE : got request NetworkRequest [ REQUEST id=17, [ Capabilities: INTERNET&NOT_RESTRICTED&TRUSTED&NOT_VCN_MANAGED Uid: 1000 RequestorUid: 1000 RequestorPkg: android] ]
01-01 08:00:18.582 127 127 I WCN : check_cp_ready sync val:0xf0f0f0ff, prj_type val:0xe0e0e0e0
01-01 08:00:18.582 127 127 I WCN : dcxo_aon_set_mode read DCXO_LP_CTRL21 reg val:0x00000000
01-01 08:00:18.582 127 127 I WCN : after do dcxo_aon_set_mode set reg val:0x00008000
01-01 08:00:18.582 127 127 I sdiohal : sdiohal_runtime_get entry
01-01 08:00:18.582 127 127 D : [xw] before reg = 0x1
01-01 08:00:18.582 127 127 D : [xw] after reg = 0x3
06-25 14:28:13.272 248 248 D Zygote : Forked child process 756
06-25 14:28:13.275 477 535 I ActivityManager: app.processName = com.android.networkstack.process
06-25 14:28:13.275 477 535 I ActivityManager: Start proc 756:com.android.networkstack.process/1073 for service {com.android.networkstack/com.android.server.NetworkStackService}
01-01 08:00:18.590 127 127 I WCN : get_cp2_version entry!
06-25 14:28:13.279 372 372 V C2Store : in ~ComponentModule
06-25 14:28:13.279 372 372 V C2Store : unloading dll
06-25 14:28:13.279 372 372 V C2Store : in init
06-25 14:28:13.279 372 372 V C2Store : loading dll
06-25 14:28:13.284 756 756 I Zygote : seccomp disabled by setenforce 0
06-25 14:28:13.284 477 533 W BestClock: java.time.DateTimeException: Missing NTP fix
06-25 14:28:13.288 477 611 W BestClock: java.time.DateTimeException: Missing NTP fix
06-25 14:28:13.290 477 611 W BestClock: java.time.DateTimeException: Missing NTP fix
06-25 14:28:13.292 477 602 I InputReader: Reconfiguring input devices, changes=DEVICE_ALIAS |
06-25 14:28:13.292 328 328 I rainbow_flow: type=1400 audit(0.0:337): avc: denied { ioctl } for path="/dev/spidev1.0" dev="tmpfs" ino=5369 ioctlcmd=0x6b00 scontext=u:r:init:s0 tcontext=u:object_r:device:s0 tclass=chr_file permissive=1
06-25 14:28:13.294 477 477 I SystemServerTiming: MakeTelephonyRegistryReady
06-25 14:28:13.294 477 477 I SystemServerTiming: MakeMediaRouterServiceReady
06-25 14:28:13.294 477 477 I SystemServerTiming: MakeMmsServiceReady
06-25 14:28:13.294 477 477 I MmsServiceBroker: Delay connecting to MmsService until an API is called
06-25 14:28:13.294 477 477 I SystemServerTiming: IncidentDaemonReady
06-25 14:28:13.297 477 602 I InputReader: Reconfiguring input devices, changes=KEYBOARD_LAYOUTS |
06-25 14:28:13.299 372 372 V C2Store : in ~ComponentModule
06-25 14:28:13.300 372 372 V C2Store : unloading dll
06-25 14:28:13.300 372 372 V C2Store : in init
06-25 14:28:13.300 372 372 V C2Store : loading dll
06-25 14:28:13.298 477 477 I SystemServerTiming: MakeIncrementalServiceReady
06-25 14:28:13.302 477 533 W BestClock: java.time.DateTimeException: Missing NTP fix
06-25 14:28:13.304 477 477 I SystemServerTiming: getCurrentUser
06-25 14:28:13.304 477 477 I ActivityManager: Current user:0
06-25 14:28:13.304 477 477 I SystemServerTiming: ActivityManagerStartApps
06-25 14:28:13.304 477 477 I SystemServerTiming: ssm.StartUser-0
06-25 14:28:13.304 477 477 I SystemServiceManager: Calling onStartUser 0
06-25 14:28:13.306 387 396 I adbd : jdwp connection from 756
06-25 14:28:13.310 372 372 V C2Store : in ~ComponentModule
06-25 14:28:13.310 372 372 V C2Store : unloading dll
06-25 14:28:13.310 372 372 V C2Store : in init
06-25 14:28:13.310 372 372 V C2Store : loading dll
06-25 14:28:13.315 477 525 W IorapForwardingService: No service published for: iorapd
06-25 14:28:13.321 372 372 V C2Store : in ~ComponentModule
06-25 14:28:13.322 372 372 V C2Store : unloading dll
06-25 14:28:13.322 372 372 V C2Store : in init
06-25 14:28:13.322 372 372 V C2Store : loading dll
06-25 14:28:13.329 477 477 V StorageManagerService: Package com.dangbei.lerad.leradwatcher has legacy storage
06-25 14:28:13.330 477 477 V StorageManagerService: Package com.android.cts.priv.ctsshim does not have legacy storage
06-25 14:28:13.330 477 477 V StorageManagerService: Package com.android.dynsystem does not have legacy storage
06-25 14:28:13.330 477 477 V StorageManagerService: Package com.dangbei.lerad.rocky does not have legacy storage
06-25 14:28:13.330 477 477 V StorageManagerService: Package com.android.providers.calendar does not have legacy storage
06-25 14:28:13.330 477 477 V StorageManagerService: Package com.android.tv.settings does not have legacy storage
06-25 14:28:13.330 477 477 V StorageManagerService: Package com.android.providers.media does not have legacy storage
06-25 14:28:13.330 477 477 V StorageManagerService: Package com.oranth.factory does not have legacy storage
06-25 14:28:13.330 477 477 V StorageManagerService: Package com.android.internal.systemui.navbar.gestural_wide_back does not have legacy storage
06-25 14:28:13.330 477 477 V StorageManagerService: Package com.dangbei.zhushou.os does not have legacy storage
06-25 14:28:13.330 477 477 V StorageManagerService: Package com.android.wallpapercropper does not have legacy storage
06-25 14:28:13.330 477 477 V StorageManagerService: Package com.softwinner.provision does not have legacy storage
06-25 14:28:13.330 477 477 V StorageManagerService: Package com.softwinner.awlogsettings does not have legacy storage
06-25 14:28:13.330 477 477 V StorageManagerService: Package com.android.documentsui does not have legacy storage
06-25 14:28:13.331 477 477 V StorageManagerService: Package com.sohu.inputmethod.sogou.tv has legacy storage
06-25 14:28:13.331 477 477 V StorageManagerService: Package com.android.externalstorage does not have legacy storage
06-25 14:28:13.331 477 753 D CompatibilityChangeReporter: Compat change id reported: 168419799; UID 1073; state: DISABLED
06-25 14:28:13.331 477 477 V StorageManagerService: Package com.android.htmlviewer does not have legacy storage
06-25 14:28:13.333 477 477 V StorageManagerService: Package com.android.companiondevicemanager does not have legacy storage
06-25 14:28:13.333 477 477 V StorageManagerService: Package com.android.mms.service does not have legacy storage
06-25 14:28:13.333 477 477 V StorageManagerService: Package com.android.providers.downloads does not have legacy storage
06-25 14:28:13.333 477 477 V StorageManagerService: Package com.android.providers.tv does not have legacy storage
06-25 14:28:13.333 477 477 V StorageManagerService: Package com.android.internal.systemui.onehanded.gestural does not have legacy storage
06-25 14:28:13.333 477 477 V StorageManagerService: Package com.oranth.ledstatus does not have legacy storage
06-25 14:28:13.335 477 477 V StorageManagerService: Package com.dangbei.lerad.videoposter has legacy storage
06-25 14:28:13.335 477 477 V StorageManagerService: Package com.android.providers.downloads.ui does not have legacy storage
06-25 14:28:13.335 477 477 V StorageManagerService: Package com.android.pacprocessor does not have legacy storage
06-25 14:28:13.335 477 477 V StorageManagerService: Package com.android.simappdialog does not have legacy storage
06-25 14:28:13.336 477 477 V StorageManagerService: Package com.android.networkstack does not have legacy storage
06-25 14:28:13.336 477 477 V StorageManagerService: Package com.android.connectivity.resources does not have legacy storage
06-25 14:28:13.336 477 477 V StorageManagerService: Package com.android.modulemetadata does not have legacy storage
06-25 14:28:13.336 477 477 V StorageManagerService: Package com.android.certinstaller does not have legacy storage
06-25 14:28:13.336 477 477 V StorageManagerService: Package com.android.carrierconfig does not have legacy storage
06-25 14:28:13.336 477 533 W BestClock: java.time.DateTimeException: Missing NTP fix
06-25 14:28:13.337 477 477 V StorageManagerService: Package com.google.android.apps.searchlite.overlay does not have legacy storage
06-25 14:28:13.337 477 477 V StorageManagerService: Package com.android.internal.systemui.navbar.threebutton does not have legacy storage
06-25 14:28:13.337 477 477 V StorageManagerService: Package android does not have legacy storage
06-25 14:28:13.337 477 477 V StorageManagerService: Package com.google.android.networkstackconfig does not have legacy storage
06-25 14:28:13.337 477 477 V StorageManagerService: Package com.softwinner.settingssetup does not have legacy storage
06-25 14:28:13.337 477 477 V StorageManagerService: Package com.android.egg does not have legacy storage
06-25 14:28:13.338 477 477 V StorageManagerService: Package com.android.mtp does not have legacy storage
06-25 14:28:13.338 477 477 V StorageManagerService: Package com.android.backupconfirm does not have legacy storage
06-25 14:28:13.338 477 477 V StorageManagerService: Package com.softwinner.timerswitch does not have legacy storage
06-25 14:28:13.338 477 477 V StorageManagerService: Package com.android.statementservice does not have legacy storage
06-25 14:28:13.338 477 477 V StorageManagerService: Package com.dangbei.screencast has legacy storage
06-25 14:28:13.338 477 477 V StorageManagerService: Package com.android.settings.intelligence does not have legacy storage
06-25 14:28:13.338 477 477 V StorageManagerService: Package com.android.internal.systemui.navbar.gestural_extra_wide_back does not have legacy storage
06-25 14:28:13.338 477 477 V StorageManagerService: Package com.dangbei.leard.leradlauncher does not have legacy storage
06-25 14:28:13.338 477 477 V StorageManagerService: Package com.android.providers.settings does not have legacy storage
06-25 14:28:13.338 477 477 V StorageManagerService: Package com.android.sharedstoragebackup does not have legacy storage
06-25 14:28:13.338 477 477 V StorageManagerService: Package com.android.printspooler does not have legacy storage
06-25 14:28:13.338 477 477 V StorageManagerService: Package com.android.dreams.basic does not have legacy storage
06-25 14:28:13.338 477 477 V StorageManagerService: Package com.android.webview does not have legacy storage
06-25 14:28:13.339 477 477 V StorageManagerService: Package com.android.se does not have legacy storage
06-25 14:28:13.339 477 477 V StorageManagerService: Package com.android.tv does not have legacy storage
06-25 14:28:13.339 477 477 V StorageManagerService: Package com.android.inputdevices does not have legacy storage
06-25 14:28:13.339 477 477 V StorageManagerService: Package com.android.bips does not have legacy storage
06-25 14:28:13.339 477 477 V StorageManagerService: Package com.oranth.inputmacsn does not have legacy storage
06-25 14:28:13.339 477 477 V StorageManagerService: Package com.android.musicfx does not have legacy storage
06-25 14:28:13.340 477 477 V StorageManagerService: Package com.dangbei.hqguide does not have legacy storage
06-25 14:28:13.340 477 477 V StorageManagerService: Package com.dangbei.hqmedia does not have legacy storage
06-25 14:28:13.340 477 477 V StorageManagerService: Package android.ext.shared does not have legacy storage
06-25 14:28:13.340 477 477 V StorageManagerService: Package com.android.onetimeinitializer does not have legacy storage
06-25 14:28:13.340 477 477 V StorageManagerService: Package com.android.keychain does not have legacy storage
06-25 14:28:13.340 477 477 V StorageManagerService: Package com.android.printservice.recommendation does not have legacy storage
06-25 14:28:13.340 477 477 V StorageManagerService: Package com.google.android.networkstack.tetheringconfig does not have legacy storage
06-25 14:28:13.340 477 477 V StorageManagerService: Package android.ext.services does not have legacy storage
06-25 14:28:13.340 477 477 V StorageManagerService: Package com.android.wifi.resources does not have legacy storage
06-25 14:28:13.340 477 477 V StorageManagerService: Package com.android.localtransport does not have legacy storage
06-25 14:28:13.340 477 753 D CompatibilityChangeReporter: Compat change id reported: 168419799; UID 1073; state: DISABLED
06-25 14:28:13.340 477 477 V StorageManagerService: Package com.android.packageinstaller does not have legacy storage
06-25 14:28:13.340 477 477 V StorageManagerService: Package com.android.theme.font.notoserifsource does not have legacy storage
06-25 14:28:13.341 477 477 V StorageManagerService: Package com.android.proxyhandler does not have legacy storage
06-25 14:28:13.341 477 477 V StorageManagerService: Package com.softwinner.screenshot does not have legacy storage
06-25 14:28:13.341 477 477 V StorageManagerService: Package com.android.managedprovisioning does not have legacy storage
06-25 14:28:13.341 477 477 V StorageManagerService: Package com.oranth.usbopenft does not have legacy storage
06-25 14:28:13.341 477 533 W BestClock: java.time.DateTimeException: Missing NTP fix
06-25 14:28:13.341 477 477 V StorageManagerService: Package com.android.networkstack.tethering does not have legacy storage
06-25 14:28:13.341 477 477 V StorageManagerService: Package com.android.soundpicker does not have legacy storage
06-25 14:28:13.341 477 477 V StorageManagerService: Package com.dangbei.lerad.etna.haqu does not have legacy storage
06-25 14:28:13.342 477 477 V StorageManagerService: Package com.allwinnertech.packageoverride does not have legacy storage
06-25 14:28:13.342 477 477 V StorageManagerService: Package com.android.smspush does not have legacy storage
06-25 14:28:13.343 477 477 V StorageManagerService: Package com.android.wallpaper.livepicker does not have legacy storage
06-25 14:28:13.343 477 611 W BestClock: java.time.DateTimeException: Missing NTP fix
06-25 14:28:13.343 477 477 V StorageManagerService: Package com.tv.filemanager.os has legacy storage
06-25 14:28:13.343 477 477 V StorageManagerService: Package com.oranth.powerwindow does not have legacy storage
06-25 14:28:13.343 477 477 V StorageManagerService: Package com.android.storagemanager does not have legacy storage
06-25 14:28:13.343 477 477 V StorageManagerService: Package com.android.bookmarkprovider does not have legacy storage
