06-25 14:28:24.886 477 613 E WifiVendorHal: getWifiLinkLayerStats_1_5_Internal(l.1191) failed {.code = ERROR_INVALID_ARGS, .description = }
06-25 14:28:24.916 1111 1243 E hq : ErrorCoroutineExceptionHandler:::runTry error:com.dangbei.leard.base.proider.error.EmptyApiException: 数据为空 from=requestMessageDialog from=requestMessageDialog
06-25 14:28:24.962 1111 2035 E hq : Etna:::sendInspectLauncherUpdate
06-25 14:28:24.975 1051 1253 E ccc : cccccc SystemUpdateHelper launcherUpdate {"launcherCodeLocal":102942,"launcherCodeNet":0,"launcherVersionLocal":"2.9.4.2","launcherVersionNet":"","otaCodeLocal":0,"otaCodeNet":0,"remoteNeedUpdate":false,"updateType":""}
06-25 14:28:24.992 477 578 D CompatibilityChangeReporter: Compat change id reported: 135634846; UID 10061; state: DISABLED
06-25 14:28:24.992 477 578 D CompatibilityChangeReporter: Compat change id reported: 177438394; UID 10061; state: DISABLED
06-25 14:28:24.993 477 578 D CompatibilityChangeReporter: Compat change id reported: 135772972; UID 10061; state: DISABLED
06-25 14:28:24.993 477 578 D CompatibilityChangeReporter: Compat change id reported: 135754954; UID 10061; state: ENABLED
06-25 14:28:24.994 477 535 D CompatibilityChangeReporter: Compat change id reported: 143937733; UID 10061; state: ENABLED
01-01 08:00:30.310 425 425 I : DVI mode selected: packets not configured
01-01 08:00:30.310 425 425 I : Error: set vsif failed
06-25 14:28:25.017 248 248 D Zygote : Forked child process 2067
06-25 14:28:25.019 477 535 I ActivityManager: app.processName = com.android.remoteprovisioner
06-25 14:28:25.019 477 535 I ActivityManager: Start proc 2067:com.android.remoteprovisioner/u0a61 for broadcast {com.android.remoteprovisioner/com.android.remoteprovisioner.BootReceiver}
06-25 14:28:25.020 1111 2035 D etnaManager: 不需要更新桌面
06-25 14:28:25.038 2067 2067 I Zygote : seccomp disabled by setenforce 0
06-25 14:28:25.074 1111 1523 E hq : WeatherRefresh:::请求网络地址后,更新的地理位置为:101280601
06-25 14:28:25.076 387 396 I adbd : jdwp connection from 2067
06-25 14:28:25.095 1111 2030 D dangbei ad sdk: HttpUtils.....::response={"msg":"success","code":200,"nexttime":"1750954815000","status":0}
06-25 14:28:25.103 477 578 D CompatibilityChangeReporter: Compat change id reported: 168419799; UID 10061; state: DISABLED
06-25 14:28:25.116 1423 1423 I preinstall.sh: type=1400 audit(0.0:695): avc: denied { write } for name="port_qos" dev="sysfs" ino=13850 scontext=u:r:system_server:s0 tcontext=u:object_r:sysfs:s0 tclass=file permissive=1
06-25 14:28:25.116 1423 1423 I preinstall.sh: type=1400 audit(0.0:696): avc: denied { open } for path="/sys/devices/platform/soc@3000000/47fa000.mbus-controller/hwmon/hwmon0/port_qos" dev="sysfs" ino=13850 scontext=u:r:system_server:s0 tcontext=u:object_r:sysfs:s0 tclass=file permissive=1
06-25 14:28:25.115 2067 2067 D CompatibilityChangeReporter: Compat change id reported: 171979766; UID 10061; state: ENABLED
06-25 14:28:25.135 1111 1515 E hq : WeatherRefresh:::请求网络地址后,更新的地理位置为:101280601
06-25 14:28:25.165 2067 2067 V GraphicsEnvironment: ANGLE Developer option for 'com.android.remoteprovisioner' set to: 'default'
06-25 14:28:25.166 2067 2067 V GraphicsEnvironment: Neither updatable production driver nor prerelease driver is supported.
06-25 14:28:25.172 1111 1518 E hq : WeatherRefresh:::请求网络地址后,更新的地理位置为:101280601
06-25 14:28:25.175 477 623 D NsdService: Native daemon message SERVICE_REGISTERED: 606 2 "192.168.3.161"
06-25 14:28:25.175 2067 2067 D NetworkSecurityConfig: No Network Security Config specified, using platform default
06-25 14:28:25.176 2067 2067 D NetworkSecurityConfig: No Network Security Config specified, using platform default
06-25 14:28:25.178 1051 1051 D LanCommander: com.dangbei.andes.bean.RegistrationData@4dc30a7----------------onServiceRegistered
06-25 14:28:25.180 2067 2067 I RemoteProvisioningBootReceiver: Caught boot intent, waking up.
06-25 14:28:25.205 477 578 D ConnectivityService: requestNetwork for uid/pid:1000/477 asUid: 10061 activeRequest: null callbackRequest: 29 [NetworkRequest [ REQUEST id=30, [ Capabilities: INTERNET&NOT_RESTRICTED&TRUSTED&NOT_VCN_MANAGED Uid: 10061 RequestorUid: 1000 RequestorPkg: android] ]] callback flags: 0 priority: 2147483647
06-25 14:28:25.206 477 620 D ConnectivityService: NetReassign [30 : null → 100]
06-25 14:28:25.209 477 654 D Ethernet: got request NetworkRequest [ REQUEST id=30, [ Capabilities: INTERNET&NOT_RESTRICTED&TRUSTED&NOT_VCN_MANAGED Uid: 10061 RequestorUid: 1000 RequestorPkg: android] ]
06-25 14:28:25.209 477 654 D EthernetNetworkFactory: acceptRequest, request: NetworkRequest [ REQUEST id=30, [ Capabilities: INTERNET&NOT_RESTRICTED&TRUSTED&NOT_VCN_MANAGED Uid: 10061 RequestorUid: 1000 RequestorPkg: android] ]
06-25 14:28:25.209 477 654 I EthernetNetworkFactory: networkForRequest, request: NetworkRequest [ REQUEST id=30, [ Capabilities: INTERNET&NOT_RESTRICTED&TRUSTED&NOT_VCN_MANAGED Uid: 10061 RequestorUid: 1000 RequestorPkg: android] ], network: null
06-25 14:28:25.210 477 613 D WifiNetworkFactory: got request NetworkRequest [ REQUEST id=30, [ Capabilities: INTERNET&NOT_RESTRICTED&TRUSTED&NOT_VCN_MANAGED Uid: 10061 RequestorUid: 1000 RequestorPkg: android] ]
06-25 14:28:25.210 477 613 D UntrustedWifiNetworkFactory: got request NetworkRequest [ REQUEST id=30, [ Capabilities: INTERNET&NOT_RESTRICTED&TRUSTED&NOT_VCN_MANAGED Uid: 10061 RequestorUid: 1000 RequestorPkg: android] ]
06-25 14:28:25.210 477 613 D OemPaidWifiNetworkFactory: got request NetworkRequest [ REQUEST id=30, [ Capabilities: INTERNET&NOT_RESTRICTED&TRUSTED&NOT_VCN_MANAGED Uid: 10061 RequestorUid: 1000 RequestorPkg: android] ]
06-25 14:28:25.215 477 501 I ActivityManager: com.android.shell is exempt from freezer
06-25 14:28:25.215 477 501 D CompatibilityChangeReporter: Compat change id reported: 135634846; UID 2000; state: DISABLED
06-25 14:28:25.215 477 501 D CompatibilityChangeReporter: Compat change id reported: 177438394; UID 2000; state: DISABLED
06-25 14:28:25.216 477 501 D CompatibilityChangeReporter: Compat change id reported: 135772972; UID 2000; state: DISABLED
06-25 14:28:25.216 477 501 D CompatibilityChangeReporter: Compat change id reported: 135754954; UID 2000; state: ENABLED
06-25 14:28:25.236 2067 2067 I RemoteProvisioningService: Starting provisioning job
06-25 14:28:25.241 248 248 D Zygote : Forked child process 2097
06-25 14:28:25.245 477 535 I ActivityManager: app.processName = com.android.shell
06-25 14:28:25.245 477 535 I ActivityManager: Start proc 2097:com.android.shell/2000 for broadcast {com.android.shell/com.android.shell.HeapDumpReceiver}
06-25 14:28:25.251 2097 2097 I Zygote : seccomp disabled by setenforce 0
06-25 14:28:25.274 387 396 I adbd : jdwp connection from 2097
01-01 08:00:30.625 425 425 I : DVI mode selected: packets not configured
01-01 08:00:30.625 425 425 I : Error: set vsif failed
06-25 14:28:25.312 477 578 D CompatibilityChangeReporter: Compat change id reported: 168419799; UID 2000; state: DISABLED
06-25 14:28:25.327 1111 1243 E hq : WeatherRefresh:::请求网络地址后,更新的地理位置为:101280601
06-25 14:28:25.338 1032 1151 W MediaProvider: getVolumePath for unknown volume: internal
06-25 14:28:25.351 1032 1151 W MediaProvider: getVolumePath for unknown volume: internal
06-25 14:28:25.355 1032 1328 I MediaProvider: Scanned internal due to REASON_MOUNTED, found 230 items in 3624ms, 0 inserts 7 updates 0 deletes
06-25 14:28:25.355 2097 2097 D CompatibilityChangeReporter: Compat change id reported: 171979766; UID 2000; state: ENABLED
06-25 14:28:25.367 1032 1151 W MediaProvider: getVolumePath for unknown volume: internal
06-25 14:28:25.376 1032 1151 W MediaProvider: getVolumePath for unknown volume: internal
06-25 14:28:25.382 1032 1151 W MediaProvider: getVolumePath for unknown volume: internal
06-25 14:28:25.396 1977 1977 I rainbow_flow: type=1400 audit(0.0:697): avc: denied { ioctl } for path="/dev/spidev1.0" dev="tmpfs" ino=5369 ioctlcmd=0x6b00 scontext=u:r:init:s0 tcontext=u:object_r:device:s0 tclass=chr_file permissive=1
06-25 14:28:25.404 1111 1111 I work_thread: type=1400 audit(0.0:698): avc: denied { read } for name="address" dev="sysfs" ino=26179 scontext=u:r:system_app:s0 tcontext=u:object_r:sysfs:s0 tclass=file permissive=1
06-25 14:28:25.404 1111 1111 I work_thread: type=1400 audit(0.0:699): avc: denied { open } for path="/sys/devices/platform/unisoc_wifi/net/wlan0/address" dev="sysfs" ino=26179 scontext=u:r:system_app:s0 tcontext=u:object_r:sysfs:s0 tclass=file permissive=1
01-01 08:00:30.724 1318 1318 W audit : audit_lost=251 audit_rate_limit=5 audit_backlog_limit=64
01-01 08:00:30.724 1318 1318 E audit : rate limit exceeded
06-25 14:28:25.431 477 525 W IorapForwardingService: No service published for: iorapd
06-25 14:28:25.455 2097 2097 V GraphicsEnvironment: ANGLE Developer option for 'com.android.shell' set to: 'default'
06-25 14:28:25.455 2097 2097 V GraphicsEnvironment: Neither updatable production driver nor prerelease driver is supported.
06-25 14:28:25.459 2097 2097 D NetworkSecurityConfig: No Network Security Config specified, using platform default
06-25 14:28:25.459 2097 2097 D NetworkSecurityConfig: No Network Security Config specified, using platform default
06-25 14:28:25.461 1111 1111 E SecondScreen: isShowSecondScreen()=0 getCurrentPageState()=com.monster.gamma.core.LoadService@b84f0e3
01-01 08:00:30.844 425 425 I : DVI mode selected: packets not configured
01-01 08:00:30.844 425 425 I : Error: set vsif failed
06-25 14:28:25.526 2097 2097 D HeapDumpReceiver: onReceive(): Intent { act=android.intent.action.BOOT_COMPLETED flg=0x89000010 cmp=com.android.shell/.HeapDumpReceiver (has extras) }
06-25 14:28:25.527 1111 1111 E martin : 组件:2025-06-25
06-25 14:28:25.533 1111 1111 E weatherWidget: dataChange:Wed Jun 25 14:28:25 GMT+08:00 2025
06-25 14:28:25.545 1111 2136 D ProfileInstaller: Skipping profile installation for com.dangbei.leard.leradlauncher
06-25 14:28:25.548 2097 2142 D HeapDumpReceiver: Deleting from /data/user_de/0/com.android.shell/files/heapdumps
06-25 14:28:25.558 477 810 D CompatibilityChangeReporter: Compat change id reported: 135634846; UID 10048; state: DISABLED
06-25 14:28:25.561 477 535 D CompatibilityChangeReporter: Compat change id reported: 143937733; UID 10048; state: DISABLED
06-25 14:28:25.562 477 578 D CompatibilityChangeReporter: Compat change id reported: 135634846; UID 10030; state: DISABLED
06-25 14:28:25.562 477 578 D CompatibilityChangeReporter: Compat change id reported: 177438394; UID 10030; state: DISABLED
06-25 14:28:25.562 477 578 D CompatibilityChangeReporter: Compat change id reported: 135772972; UID 10030; state: DISABLED
06-25 14:28:25.562 477 578 D CompatibilityChangeReporter: Compat change id reported: 135754954; UID 10030; state: DISABLED
06-25 14:28:25.572 1111 1242 D AppManager: checkLocalAppsIsValid: success
01-01 08:00:30.891 425 425 I : DVI mode selected: packets not configured
01-01 08:00:30.891 425 425 I : Error: set vsif failed
01-01 08:00:30.912 425 425 I : DVI mode selected: packets not configured
01-01 08:00:30.912 425 425 I : Error: set vsif failed
01-01 08:00:30.925 425 425 I : DVI mode selected: packets not configured
01-01 08:00:30.925 425 425 I : Error: set vsif failed
06-25 14:28:25.597 248 248 D Zygote : Forked child process 2145
06-25 14:28:25.599 477 535 I ActivityManager: app.processName = com.sohu.inputmethod.sogou.tv
06-25 14:28:25.599 477 535 I ActivityManager: Start proc 2145:com.sohu.inputmethod.sogou.tv/u0a48 for service {com.sohu.inputmethod.sogou.tv/com.sohu.inputmethod.sogou.tv.SogouIME}
06-25 14:28:25.600 477 535 D CompatibilityChangeReporter: Compat change id reported: 143937733; UID 10030; state: DISABLED
06-25 14:28:25.616 2145 2145 I Zygote : seccomp disabled by setenforce 0
06-25 14:28:25.620 1111 1525 E hq : 当小贝:::message list add complete data.messageList:[]
06-25 14:28:25.620 1111 1525 E hq : data.tabList=[]
06-25 14:28:25.620 1111 1525 I hq : 当小贝:::showMessage from=requestGetMessageRemind
06-25 14:28:25.621 1111 1242 I hq : 当小贝:::showMessage 没有消息需要显示
06-25 14:28:25.631 248 248 D Zygote : Forked child process 2149
06-25 14:28:25.633 477 535 W ActivityManager: Slow operation: 72ms so far, now at startProcess: returned from zygote!
06-25 14:28:25.634 477 535 W ActivityManager: Slow operation: 74ms so far, now at startProcess: done updating battery stats
06-25 14:28:25.634 477 535 W ActivityManager: Slow operation: 74ms so far, now at startProcess: building log message
06-25 14:28:25.634 477 535 I ActivityManager: app.processName = com.android.statementservice
06-25 14:28:25.634 477 535 I ActivityManager: Start proc 2149:com.android.statementservice/u0a30 for broadcast {com.android.statementservice/com.android.statementservice.domain.BootCompletedReceiver}
06-25 14:28:25.635 477 535 W ActivityManager: Slow operation: 74ms so far, now at startProcess: starting to update pids map
06-25 14:28:25.635 477 535 W ActivityManager: Slow operation: 75ms so far, now at startProcess: done updating pids map
06-25 14:28:25.644 387 396 I adbd : jdwp connection from 2145
06-25 14:28:25.645 2149 2149 I Zygote : seccomp disabled by setenforce 0
01-01 08:00:30.958 425 425 I : DVI mode selected: packets not configured
01-01 08:00:30.958 425 425 I : Error: set vsif failed
06-25 14:28:25.686 387 396 I adbd : jdwp connection from 2149
06-25 14:28:25.712 477 753 D CompatibilityChangeReporter: Compat change id reported: 168419799; UID 10048; state: DISABLED
06-25 14:28:25.750 2145 2145 D CompatibilityChangeReporter: Compat change id reported: 171979766; UID 10048; state: DISABLED
06-25 14:28:25.766 477 753 D CompatibilityChangeReporter: Compat change id reported: 168419799; UID 10030; state: DISABLED
06-25 14:28:25.790 2145 2145 D ApplicationLoaders: Returning zygote-cached class loader: /system/framework/android.test.base.jar
06-25 14:28:25.790 2145 2145 D ApplicationLoaders: Returning zygote-cached class loader: /system/framework/android.hidl.manager-V1.0-java.jar
06-25 14:28:25.790 2145 2145 D ApplicationLoaders: Returning zygote-cached class loader: /system/framework/android.hidl.base-V1.0-java.jar
06-25 14:28:25.798 2149 2149 D CompatibilityChangeReporter: Compat change id reported: 171979766; UID 10030; state: DISABLED
06-25 14:28:25.811 2149 2149 D ApplicationLoaders: Returning zygote-cached class loader: /system/framework/android.test.base.jar
06-25 14:28:25.833 1111 1121 I d.leradlaunche: Background concurrent copying GC freed 89302(6343KB) AllocSpace objects, 31(620KB) LOS objects, 50% free, 21MB/42MB, paused 21.477ms total 2.117s
06-25 14:28:25.887 2145 2145 V GraphicsEnvironment: ANGLE Developer option for 'com.sohu.inputmethod.sogou.tv' set to: 'default'
06-25 14:28:25.887 2145 2145 V GraphicsEnvironment: Neither updatable production driver nor prerelease driver is supported.
06-25 14:28:25.890 2145 2145 D NetworkSecurityConfig: Using Network Security Config from resource network_security_config debugBuild: false
06-25 14:28:25.896 2145 2145 D NetworkSecurityConfig: Using Network Security Config from resource network_security_config debugBuild: false
06-25 14:28:25.899 2145 2145 I MultiDex: VM with version 2.1.0 has multidex support
06-25 14:28:25.899 2145 2145 I MultiDex: Installing application
06-25 14:28:25.899 2145 2145 I MultiDex: VM has multidex support, MultiDex support library is disabled.
06-25 14:28:25.944 2149 2149 V GraphicsEnvironment: ANGLE Developer option for 'com.android.statementservice' set to: 'default'
06-25 14:28:25.945 2149 2149 V GraphicsEnvironment: Neither updatable production driver nor prerelease driver is supported.
06-25 14:28:25.948 2149 2149 D NetworkSecurityConfig: No Network Security Config specified, using platform default
06-25 14:28:25.952 2149 2149 D NetworkSecurityConfig: No Network Security Config specified, using platform default
06-25 14:28:26.010 2145 2145 E SogouIME: setupInputSurface
06-25 14:28:26.092 2149 2195 D CompatibilityChangeReporter: Compat change id reported: 160794467; UID 10030; state: DISABLED
06-25 14:28:26.103 477 578 D CompatibilityChangeReporter: Compat change id reported: 171306433; UID 10030; state: DISABLED
06-25 14:28:26.125 477 578 D ConnectivityService: requestNetwork for uid/pid:1000/477 asUid: 10030 activeRequest: null callbackRequest: 31 [NetworkRequest [ REQUEST id=32, [ Capabilities: INTERNET&NOT_RESTRICTED&TRUSTED&NOT_VCN_MANAGED Uid: 10030 RequestorUid: 1000 RequestorPkg: android] ]] callback flags: 0 priority: 2147483647
06-25 14:28:26.127 477 620 D ConnectivityService: NetReassign [32 : null → 100]
06-25 14:28:26.132 477 654 D Ethernet: got request NetworkRequest [ REQUEST id=32, [ Capabilities: INTERNET&NOT_RESTRICTED&TRUSTED&NOT_VCN_MANAGED Uid: 10030 RequestorUid: 1000 RequestorPkg: android] ]
06-25 14:28:26.132 477 654 D EthernetNetworkFactory: acceptRequest, request: NetworkRequest [ REQUEST id=32, [ Capabilities: INTERNET&NOT_RESTRICTED&TRUSTED&NOT_VCN_MANAGED Uid: 10030 RequestorUid: 1000 RequestorPkg: android] ]
06-25 14:28:26.132 477 654 I EthernetNetworkFactory: networkForRequest, request: NetworkRequest [ REQUEST id=32, [ Capabilities: INTERNET&NOT_RESTRICTED&TRUSTED&NOT_VCN_MANAGED Uid: 10030 RequestorUid: 1000 RequestorPkg: android] ], network: null
06-25 14:28:26.137 477 578 D CompatibilityChangeReporter: Compat change id reported: 135634846; UID 10057; state: DISABLED
06-25 14:28:26.137 477 578 D CompatibilityChangeReporter: Compat change id reported: 177438394; UID 10057; state: DISABLED
06-25 14:28:26.137 477 578 D CompatibilityChangeReporter: Compat change id reported: 135772972; UID 10057; state: DISABLED
06-25 14:28:26.137 477 578 D CompatibilityChangeReporter: Compat change id reported: 135754954; UID 10057; state: DISABLED
06-25 14:28:26.138 477 535 D CompatibilityChangeReporter: Compat change id reported: 143937733; UID 10057; state: DISABLED
06-25 14:28:26.138 477 613 D WifiNetworkFactory: got request NetworkRequest [ REQUEST id=32, [ Capabilities: INTERNET&NOT_RESTRICTED&TRUSTED&NOT_VCN_MANAGED Uid: 10030 RequestorUid: 1000 RequestorPkg: android] ]
06-25 14:28:26.139 477 613 D UntrustedWifiNetworkFactory: got request NetworkRequest [ REQUEST id=32, [ Capabilities: INTERNET&NOT_RESTRICTED&TRUSTED&NOT_VCN_MANAGED Uid: 10030 RequestorUid: 1000 RequestorPkg: android] ]
06-25 14:28:26.140 477 613 D OemPaidWifiNetworkFactory: got request NetworkRequest [ REQUEST id=32, [ Capabilities: INTERNET&NOT_RESTRICTED&TRUSTED&NOT_VCN_MANAGED Uid: 10030 RequestorUid: 1000 RequestorPkg: android] ]
06-25 14:28:26.171 248 248 D Zygote : Forked child process 2203
06-25 14:28:26.173 477 535 I ActivityManager: app.processName = com.android.tv
06-25 14:28:26.173 477 535 I ActivityManager: Start proc 2203:com.android.tv/u0a57 for broadcast {com.android.tv/com.android.tv.receiver.BootCompletedReceiver}
06-25 14:28:26.182 2203 2203 I Zygote : seccomp disabled by setenforce 0
06-25 14:28:26.187 2145 2145 I DefaultIMS: DefaultIMS::onCreate()
06-25 14:28:26.187 2145 2145 I DefaultIMS: DefaultIMS::onCreate() finish
06-25 14:28:26.222 387 396 I adbd : jdwp connection from 2203
06-25 14:28:26.264 477 753 D CompatibilityChangeReporter: Compat change id reported: 168419799; UID 10057; state: DISABLED
06-25 14:28:26.268 2149 2149 I pool-2-thread-1: type=1400 audit(0.0:713): avc: denied { lock } for path="/data/user/0/com.android.statementservice/no_backup/androidx.work.workdb-shm" dev="mmcblk0p25" ino=2155 scontext=u:r:platform_app:s0:c512,c768 tcontext=u:object_r:app_data_file:s0:c512,c768 tclass=file permissive=1 app=com.android.statementservice
06-25 14:28:26.293 2203 2203 D CompatibilityChangeReporter: Compat change id reported: 171979766; UID 10057; state: DISABLED
06-25 14:28:26.309 2203 2203 D ApplicationLoaders: Returning zygote-cached class loader: /system/framework/android.test.base.jar
06-25 14:28:26.322 477 810 D ConnectivityService: requestNetwork for uid/pid:10030/2149 activeRequest: null callbackRequest: 33 [NetworkRequest [ REQUEST id=34, [ Capabilities: INTERNET&NOT_RESTRICTED&TRUSTED&NOT_VCN_MANAGED Uid: 10030 RequestorUid: 10030 RequestorPkg: com.android.statementservice] ]] callback flags: 0 priority: 2147483647
06-25 14:28:26.324 477 620 D ConnectivityService: NetReassign [34 : null → 100]
06-25 14:28:26.326 477 578 W ActivityTaskManager: Current config: {1.0 ?mcc?mnc [zh_CN] ldltr sw720dp w1280dp h696dp 240dpi xlrg long land television -touch qwerty/v/v dpad/v winConfig={ mBounds=Rect(0, 0 - 1920, 1080) mAppBounds=Rect(0, 0 - 1920, 1080) mMaxBounds=Rect(0, 0 - 1920, 1080) mWindowingMode=fullscreen mDisplayWindowingMode=fullscreen mActivityType=undefined mAlwaysOnTop=undefined mRotation=ROTATION_0} s.6 fontWeightAdjustment=0} unchanged for IME proc com.sohu.inputmethod.sogou.tv
06-25 14:28:26.326 477 578 W ActivityTaskManager: Current config: {1.0 ?mcc?mnc [zh_CN] ldltr sw720dp w1280dp h696dp 240dpi xlrg long land television -touch qwerty/v/v dpad/v winConfig={ mBounds=Rect(0, 0 - 1920, 1080) mAppBounds=Rect(0, 0 - 1920, 1080) mMaxBounds=Rect(0, 0 - 1920, 1080) mWindowingMode=fullscreen mDisplayWindowingMode=fullscreen mActivityType=undefined mAlwaysOnTop=undefined mRotation=ROTATION_0} s.6 fontWeightAdjustment=0} unchanged for IME proc com.sohu.inputmethod.sogou.tv
01-01 08:00:31.659 425 425 I : DVI mode selected: packets not configured
06-25 14:28:26.332 477 654 D Ethernet: got request NetworkRequest [ REQUEST id=34, [ Capabilities: INTERNET&NOT_RESTRICTED&TRUSTED&NOT_VCN_MANAGED Uid: 10030 RequestorUid: 10030 RequestorPkg: com.android.statementservice] ]
06-25 14:28:26.332 477 654 D EthernetNetworkFactory: acceptRequest, request: NetworkRequest [ REQUEST id=34, [ Capabilities: INTERNET&NOT_RESTRICTED&TRUSTED&NOT_VCN_MANAGED Uid: 10030 RequestorUid: 10030 RequestorPkg: com.android.statementservice] ]
06-25 14:28:26.332 477 654 I EthernetNetworkFactory: networkForRequest, request: NetworkRequest [ REQUEST id=34, [ Capabilities: INTERNET&NOT_RESTRICTED&TRUSTED&NOT_VCN_MANAGED Uid: 10030 RequestorUid: 10030 RequestorPkg: com.android.statementservice] ], network: null
06-25 14:28:26.336 477 613 D WifiNetworkFactory: got request NetworkRequest [ REQUEST id=34, [ Capabilities: INTERNET&NOT_RESTRICTED&TRUSTED&NOT_VCN_MANAGED Uid: 10030 RequestorUid: 10030 RequestorPkg: com.android.statementservice] ]
06-25 14:28:26.342 477 613 D UntrustedWifiNetworkFactory: got request NetworkRequest [ REQUEST id=34, [ Capabilities: INTERNET&NOT_RESTRICTED&TRUSTED&NOT_VCN_MANAGED Uid: 10030 RequestorUid: 10030 RequestorPkg: com.android.statementservice] ]
06-25 14:28:26.343 477 613 D OemPaidWifiNetworkFactory: got request NetworkRequest [ REQUEST id=34, [ Capabilities: INTERNET&NOT_RESTRICTED&TRUSTED&NOT_VCN_MANAGED Uid: 10030 RequestorUid: 10030 RequestorPkg: com.android.statementservice] ]
01-01 08:00:31.659 425 425 I : Error: set vsif failed
01-01 08:00:31.675 425 425 I : DVI mode selected: packets not configured
01-01 08:00:31.675 425 425 I : Error: set vsif failed
06-25 14:28:26.385 2145 2145 I DefaultIMS: onInitializeInterface:
06-25 14:28:26.411 2149 2199 I WM-WorkerWrapper: Worker result SUCCESS for Work [ id=2ccc519c-103d-4dd4-83e2-2aed2f6d8c23, tags={ com.android.statementservice.domain.worker.RetryRequestWorker } ]
06-25 14:28:26.434 477 525 W IorapForwardingService: No service published for: iorapd
06-25 14:28:26.455 2203 2203 D nativeloader: classloader namespace configured for unbundled product apk. library_path=/product/priv-app/LiveTv/lib/arm:/product/lib:/system/product/lib
06-25 14:28:26.473 1032 1044 I FuseDaemon: Background young concurrent copying GC freed 45183(2519KB) AllocSpace objects, 2(40KB) LOS objects, 39% free, 3797KB/6306KB, paused 145us total 152.397ms
06-25 14:28:26.485 2145 2145 I InputModelManager: mLanguageId+0 mInputType=0mChInputType=2
06-25 14:28:26.487 2145 2145 I nw : loadKeyData: loadLanguageInfoSuccess ? true
06-25 14:28:26.487 2145 2145 I InputModelManager: getCurrentLanguageBean inputMode languageId:0
06-25 14:28:26.487 2145 2145 I nw : onChanged: languageResStatusBean=Language load status:
06-25 14:28:26.487 2145 2145 I nw : {}
06-25 14:28:26.519 2145 2145 I InputModelManager: getCurrentLanguageBean inputMode languageId:0
06-25 14:28:26.531 1032 1328 I MediaProvider: Scanned external_primary due to REASON_MOUNTED, found 88 items in 1157ms, 0 inserts 16 updates 0 deletes
06-25 14:28:26.535 1032 1328 I MediaProvider: End Intent { act=com.android.providers.media.action.SCAN_VOLUME (has extras) }
06-25 14:28:26.538 2203 2203 V GraphicsEnvironment: ANGLE Developer option for 'com.android.tv' set to: 'default'
06-25 14:28:26.538 2203 2203 V GraphicsEnvironment: Neither updatable production driver nor prerelease driver is supported.
06-25 14:28:26.542 2145 2145 I LanguageResManager: prepareResource onSuccess:
06-25 14:28:26.543 2203 2203 D NetworkSecurityConfig: No Network Security Config specified, using platform default
06-25 14:28:26.543 2145 2236 I LanguageResManager: prepareResource onSuccess:
06-25 14:28:26.543 2203 2203 D NetworkSecurityConfig: No Network Security Config specified, using platform default
06-25 14:28:26.545 2145 2145 D InputSurface: initView:
06-25 14:28:26.545 2145 2145 I MainPresenter: initView:
06-25 14:28:26.545 2145 2145 D MainLayer: initView:
06-25 14:28:26.545 2145 2145 D BodyAreaPresenter: initView:
06-25 14:28:26.569 2145 2145 I DefaultIMS: DefaultIMS::onInitializeInterface() finish
06-25 14:28:26.572 2145 2145 D CompatibilityChangeReporter: Compat change id reported: 160794467; UID 10048; state: DISABLED
06-25 14:28:26.586 2145 2145 I DefaultIMS: onStartInput attribute=android.view.inputmethod.EditorInfo@5e0a088 restarting=false inputType: 0
06-25 14:28:26.594 2145 2145 I SendAliveManager: doWhenNetworkStateChanged
06-25 14:28:26.594 2145 2145 I nw : onChanged: languageResStatusBean=Language load status:
06-25 14:28:26.594 2145 2145 I nw : {zh=3}
06-25 14:28:26.594 2145 2145 I DefaultIMS: initializedCallback: time tag1=1750832906594
06-25 14:28:26.618 2145 2145 I nw : initializeInputSession: inputMode=languageID=0
06-25 14:28:26.618 2145 2145 I nw : scriptID=2
06-25 14:28:26.618 2145 2145 I nw : layoutID=2
06-25 14:28:26.618 2145 2145 I KeyEventTransfer: languageID=0
06-25 14:28:26.618 2145 2145 I KeyEventTransfer: scriptID=2
06-25 14:28:26.618 2145 2145 I KeyEventTransfer: layoutID=2
06-25 14:28:26.629 2203 2203 W UnsafeUtil: platform method missing - proto runtime falling back to safer methods: java.lang.NoSuchMethodException: sun.misc.Unsafe.copyMemory [class java.lang.Object, long, class java.lang.Object, long, long]
06-25 14:28:26.674 477 810 D CompatibilityChangeReporter: Compat change id reported: 149924527; UID 10048; state: ENABLED
06-25 14:28:26.682 477 810 D CompatibilityChangeReporter: Compat change id reported: 132649864; UID 10048; state: DISABLED
06-25 14:28:26.731 477 753 D CompatibilityChangeReporter: Compat change id reported: 135634846; UID 10057; state: DISABLED
06-25 14:28:26.731 477 753 D CompatibilityChangeReporter: Compat change id reported: 177438394; UID 10057; state: DISABLED
06-25 14:28:26.731 477 753 D CompatibilityChangeReporter: Compat change id reported: 135772972; UID 10057; state: DISABLED
06-25 14:28:26.731 477 753 D CompatibilityChangeReporter: Compat change id reported: 135754954; UID 10057; state: DISABLED
06-25 14:28:26.732 477 535 D CompatibilityChangeReporter: Compat change id reported: 143937733; UID 10057; state: DISABLED
06-25 14:28:26.756 2203 2203 I TvApplication: Starting TV app 1.24-asop
06-25 14:28:26.757 2203 2203 I TvApplication: Started TV app 1.24-asop
06-25 14:28:26.758 248 248 D Zygote : Forked child process 2243
06-25 14:28:26.759 477 535 I ActivityManager: app.processName = com.android.tv.common
06-25 14:28:26.759 477 535 I ActivityManager: Start proc 2243:com.android.tv.common/u0a57 for content provider {com.android.tv/com.android.tv.common.CommonPreferenceProvider}
06-25 14:28:26.770 2243 2243 I Zygote : seccomp disabled by setenforce 0
06-25 14:28:26.775 1111 1326 D ExifInterface: No image meets the size requirements of a thumbnail image.
06-25 14:28:26.784 1977 1977 I rainbow_flow: type=1400 audit(0.0:714): avc: denied { ioctl } for path="/dev/spidev1.0" dev="tmpfs" ino=5369 ioctlcmd=0x6b00 scontext=u:r:init:s0 tcontext=u:object_r:device:s0 tclass=chr_file permissive=1
06-25 14:28:26.805 387 396 I adbd : jdwp connection from 2243
06-25 14:28:26.870 477 753 I ActivityManager: Background started FGS: Allowed [callingPackage: com.android.tv; callingUid: 10057; uidState: RCVR; intent: Intent { cmp=com.android.tv/.dvr.recorder.DvrRecordingService (has extras) }; code:BACKGROUND_ACTIVITY_PERMISSION; tempAllowListReason:; targetSdkVersion:29; callerTargetSdkVersion:29; startForegroundCount:0; bindFromPackage:null]
06-25 14:28:26.955 477 534 I ActivityManager: Deferring FGS notification in legacy app com.android.tv/u0a57 : Notification(channel=dvr_notification_channel shortcut=null contentView=null vibrate=null sound=null defaults=0x0 flags=0x40 color=0x00000000 vis=PRIVATE)
06-25 14:28:26.954 2243 2243 D CompatibilityChangeReporter: Compat change id reported: 171979766; UID 10057; state: DISABLED
06-25 14:28:26.982 2243 2243 D ApplicationLoaders: Returning zygote-cached class loader: /system/framework/android.test.base.jar
06-25 14:28:26.989 477 1298 D CompatibilityChangeReporter: Compat change id reported: 168419799; UID 1000; state: DISABLED
06-25 14:28:27.011 818 818 W ContextImpl: Calling a method in the system process without a qualified user: android.app.ContextImpl.startService:1816 android.content.ContextWrapper.startService:774 android.content.ContextWrapper.startService:774 com.android.tv.settings.help.BootBroadcastReceiver.onReceive:18 android.app.ActivityThread.handleReceiver:4308
06-25 14:28:27.012 477 1298 W ActivityManager: Unable to start service Intent { cmp=com.android.tv.settings/.app_lock.MainService } U=0: not found
06-25 14:28:27.017 2243 2243 D nativeloader: classloader namespace configured for unbundled product apk. library_path=/product/priv-app/LiveTv/lib/arm:/product/lib:/system/product/lib
06-25 14:28:27.018 818 818 V BootBroadcastReceiver: autorun
06-25 14:28:27.031 477 1298 I ActivityManager: com.dangbei.zhushou.os is exempt from freezer
06-25 14:28:27.032 477 1298 D CompatibilityChangeReporter: Compat change id reported: 135634846; UID 1000; state: DISABLED
06-25 14:28:27.051 2243 2243 V GraphicsEnvironment: ANGLE Developer option for 'com.android.tv' set to: 'default'
06-25 14:28:27.051 2243 2243 V GraphicsEnvironment: Neither updatable production driver nor prerelease driver is supported.
06-25 14:28:27.056 2243 2243 D NetworkSecurityConfig: No Network Security Config specified, using platform default
06-25 14:28:27.057 2243 2243 D NetworkSecurityConfig: No Network Security Config specified, using platform default
06-25 14:28:27.065 248 248 D Zygote : Forked child process 2270
06-25 14:28:27.060 269 269 I EventThread: type=1400 audit(0.0:715): avc: denied { search } for name="extcon" dev="sysfs" ino=18109 scontext=u:r:hal_tv_cec_default:s0 tcontext=u:object_r:sysfs_extcon:s0 tclass=dir permissive=1
06-25 14:28:27.078 2270 2270 I Zygote : seccomp disabled by setenforce 0
06-25 14:28:27.090 2243 2243 W UnsafeUtil: platform method missing - proto runtime falling back to safer methods: java.lang.NoSuchMethodException: sun.misc.Unsafe.copyMemory [class java.lang.Object, long, class java.lang.Object, long, long]
06-25 14:28:27.108 477 535 W ActivityManager: Slow operation: 77ms so far, now at startProcess: returned from zygote!
06-25 14:28:27.110 477 535 W ActivityManager: Slow operation: 79ms so far, now at startProcess: done updating battery stats
06-25 14:28:27.110 477 535 W ActivityManager: Slow operation: 80ms so far, now at startProcess: building log message
06-25 14:28:27.110 477 535 I ActivityManager: app.processName = com.dangbei.zhushou.os
06-25 14:28:27.110 477 535 I ActivityManager: Start proc 2270:com.dangbei.zhushou.os/1000 for broadcast {com.dangbei.zhushou.os/com.dangbei.projector.assistant.receiver.BootReceiver}
06-25 14:28:27.110 477 535 W ActivityManager: Slow operation: 80ms so far, now at startProcess: starting to update pids map
06-25 14:28:27.111 477 535 W ActivityManager: Slow operation: 80ms so far, now at startProcess: done updating pids map
06-25 14:28:27.128 387 396 I adbd : jdwp connection from 2270
06-25 14:28:27.135 2145 2145 I chromium: [0625/142827:INFO:config_service.cc(227)] Load config buffer. err_code = 3, err_msg = Line: 1, column: 1, Unexpected token.
06-25 14:28:27.170 2270 2270 D CompatibilityChangeReporter: Compat change id reported: 171979766; UID 1000; state: DISABLED
06-25 14:28:27.192 2270 2270 D ApplicationLoaders: Returning zygote-cached class loader: /system/framework/android.test.base.jar
06-25 14:28:27.192 2270 2270 D ApplicationLoaders: Returning zygote-cached class loader: /system/framework/android.hidl.manager-V1.0-java.jar
06-25 14:28:27.192 2270 2270 D ApplicationLoaders: Returning zygote-cached class loader: /system/framework/android.hidl.base-V1.0-java.jar
06-25 14:28:27.236 2243 2243 I TvApplication: Starting TV app 1.24-asop
06-25 14:28:27.237 2243 2243 I TvApplication: Started TV app 1.24-asop
06-25 14:28:27.302 1111 1525 E hq : ErrorCoroutineExceptionHandler:::runTry error:com.dangbei.leard.base.proider.error.EmptyApiException: 数据为空 from=requestMessageDialog from=requestMessageDialog
06-25 14:28:27.317 2145 2145 I CHInputSession: set engine mode: 2 layout: 2
06-25 14:28:27.337 2145 2145 D CHJNIDefault: setInputMode value=-1
06-25 14:28:27.337 2145 2145 I InputContext: onChanged: candidateWords=[]
06-25 14:28:27.337 2145 2145 I InputContext: onChanged: candidateWordInfo.size=0 global offset: 0pausedCandidateData = false
06-25 14:28:27.337 2145 2145 I InputContext: onChanged: composing=null
06-25 14:28:27.337 2145 2145 I InputContext: onChanged: forCompose=false
06-25 14:28:27.346 2145 2145 I nw : onChanged: input mode:languageID=0
06-25 14:28:27.346 2145 2145 I nw : scriptID=2
06-25 14:28:27.346 2145 2145 I nw : layoutID=2
06-25 14:28:27.400 2270 2270 V GraphicsEnvironment: ANGLE Developer option for 'com.dangbei.zhushou.os' set to: 'default'
06-25 14:28:27.401 2270 2270 V GraphicsEnvironment: Neither updatable production driver nor prerelease driver is supported.
06-25 14:28:27.410 2270 2270 D NetworkSecurityConfig: No Network Security Config specified, using platform default
06-25 14:28:27.410 2270 2270 D NetworkSecurityConfig: No Network Security Config specified, using platform default
06-25 14:28:27.412 2270 2270 I MultiDex: VM with version 2.1.0 has multidex support
06-25 14:28:27.412 2270 2270 I MultiDex: Installing application
06-25 14:28:27.412 2270 2270 I MultiDex: VM has multidex support, MultiDex support library is disabled.
06-25 14:28:27.437 477 525 W IorapForwardingService: No service published for: iorapd
06-25 14:28:27.481 668 668 D AvrcpBrowsablePlayerConnector: Received a message: msg.what=2
06-25 14:28:27.482 668 668 V AvrcpBrowsablePlayerConnector: Timed out waiting for players
06-25 14:28:27.482 668 668 I AvrcpBrowsablePlayerConnector: Successfully connected to 0 browsable players.
06-25 14:28:27.482 668 668 I MediaPlayerList: init: Browsable Player list size is 0
06-25 14:28:27.482 668 668 D MediaPlayerList: Initializing list of current media players
06-25 14:28:27.499 2270 2270 I b : -----------> Auto switch user, userId: -3377459
06-25 14:28:27.499 2270 2270 I b : -----------> doSwitchUserInternal, userId: -3377459
06-25 14:28:27.501 2270 2270 D yl : com.wangjie.rapidorm.c.b.a-------------------the tables are {class com.dangbei.setting.provider.dal.db.model.User=com.dangbei.setting.provider.dal.db.model.c@d30967d, class com.dangbei.setting.provider.dal.db.model.UserPreference=com.dangbei.setting.provider.dal.db.model.b@d385972}
06-25 14:28:27.602 2270 2270 D CompatibilityChangeReporter: Compat change id reported: 147600208; UID 1000; state: DISABLED
06-25 14:28:27.655 2270 2270 I TDLog : setReportUncaughtExceptions: true
06-25 14:28:27.666 477 810 D CompatibilityChangeReporter: Compat change id reported: 135634846; UID 10046; state: DISABLED
06-25 14:28:27.666 477 810 D CompatibilityChangeReporter: Compat change id reported: 177438394; UID 10046; state: DISABLED
06-25 14:28:27.666 477 810 D CompatibilityChangeReporter: Compat change id reported: 135772972; UID 10046; state: DISABLED
06-25 14:28:27.666 477 810 D CompatibilityChangeReporter: Compat change id reported: 135754954; UID 10046; state: ENABLED
06-25 14:28:27.666 477 535 D CompatibilityChangeReporter: Compat change id reported: 143937733; UID 10046; state: ENABLED
06-25 14:28:27.700 248 248 D Zygote : Forked child process 2352
06-25 14:28:27.702 477 535 I ActivityManager: app.processName = com.softwinner.timerswitch
06-25 14:28:27.702 477 535 I ActivityManager: Start proc 2352:com.softwinner.timerswitch/u0a46 for broadcast {com.softwinner.timerswitch/com.softwinner.timerswitch.AlarmReceiver}
06-25 14:28:27.710 2270 2330 I TDLog : TalkingData App Analytics SDK init...
06-25 14:28:27.710 2270 2330 I TDLog : SDK_VERSION is: Android+TD+V4.0.22 gp Type:Native Build_Num:712
06-25 14:28:27.710 2270 2330 I TDLog : App ID is: 219DEBE67C3B47D799EED1190DEACA09
06-25 14:28:27.710 2270 2330 I TDLog : App Channel is: statisticSDK
06-25 14:28:27.710 2270 2330 I TDLog : SDK_OVC is: TDOVC+a004ba0d7e569531a3ac013fd19b4443+SaaS
06-25 14:28:27.714 1111 1121 I d.leradlaunche: Background young concurrent copying GC freed 260017(15MB) AllocSpace objects, 236(9604KB) LOS objects, 44% free, 23MB/42MB, paused 399us total 729.072ms
06-25 14:28:27.729 2352 2352 I Zygote : seccomp disabled by setenforce 0
06-25 14:28:27.765 387 396 I adbd : jdwp connection from 2352
06-25 14:28:27.736 1977 1977 I rainbow_flow: type=1400 audit(0.0:716): avc: denied { ioctl } for path="/dev/spidev1.0" dev="tmpfs" ino=5369 ioctlcmd=0x6b00 scontext=u:r:init:s0 tcontext=u:object_r:device:s0 tclass=chr_file permissive=1
06-25 14:28:27.740 2270 2270 I work_thread: type=1400 audit(0.0:717): avc: denied { read } for name="address" dev="sysfs" ino=26267 scontext=u:r:system_app:s0 tcontext=u:object_r:sysfs:s0 tclass=file permissive=1
06-25 14:28:27.740 2270 2270 I work_thread: type=1400 audit(0.0:718): avc: denied { open } for path="/sys/devices/platform/unisoc_wifi/net/wlan1/address" dev="sysfs" ino=26267 scontext=u:r:system_app:s0 tcontext=u:object_r:sysfs:s0 tclass=file permissive=1
06-25 14:28:27.740 2270 2270 I work_thread: type=1400 audit(0.0:719): avc: denied { getattr } for path="/sys/devices/platform/unisoc_wifi/net/wlan1/address" dev="sysfs" ino=26267 scontext=u:r:system_app:s0 tcontext=u:object_r:sysfs:s0 tclass=file permissive=1
06-25 14:28:27.744 2270 2270 I ThreadPoolUtils: type=1400 audit(0.0:720): avc: denied { read } for name="/" dev="dm-0" ino=2 scontext=u:r:system_app:s0 tcontext=u:object_r:rootfs:s0 tclass=dir permissive=1
06-25 14:28:27.744 2270 2270 I ThreadPoolUtils: type=1400 audit(0.0:721): avc: denied { open } for path="/" dev="dm-0" ino=2 scontext=u:r:system_app:s0 tcontext=u:object_r:rootfs:s0 tclass=dir permissive=1
06-25 14:28:27.744 2270 2270 I ThreadPoolUtils: type=1400 audit(0.0:722): avc: denied { write } for name="/" dev="mmcblk0p25" ino=3 scontext=u:r:system_app:s0 tcontext=u:object_r:system_data_root_file:s0 tclass=dir permissive=1
01-01 08:00:33.064 2348 2348 W audit : audit_lost=264 audit_rate_limit=5 audit_backlog_limit=64
01-01 08:00:33.064 2348 2348 E audit : rate limit exceeded
06-25 14:28:27.803 477 583 D CompatibilityChangeReporter: Compat change id reported: 168419799; UID 10046; state: DISABLED
06-25 14:28:27.827 2352 2352 D CompatibilityChangeReporter: Compat change id reported: 171979766; UID 10046; state: ENABLED
06-25 14:28:27.858 2270 2330 V NFC : this device does not have NFC support
06-25 14:28:27.909 658 658 E WifiHAL : wifi_get_link_stats: requestResponse Error:-5
06-25 14:28:27.911 477 613 E WifiVendorHal: getWifiLinkLayerStats_1_5_Internal(l.1191) failed {.code = ERROR_INVALID_ARGS, .description = }
06-25 14:28:28.027 2352 2352 V GraphicsEnvironment: ANGLE Developer option for 'com.softwinner.timerswitch' set to: 'default'
06-25 14:28:28.028 2352 2352 V GraphicsEnvironment: Neither updatable production driver nor prerelease driver is supported.
06-25 14:28:28.043 2352 2352 D NetworkSecurityConfig: No Network Security Config specified, using platform default
06-25 14:28:28.043 2352 2352 D NetworkSecurityConfig: No Network Security Config specified, using platform default
06-25 14:28:28.051 2270 2319 I CameraManagerGlobal: Connecting to camera service
06-25 14:28:28.111 2352 2352 D TAG_AlarmReceiver: receive broadcast, curTime : 2025-06-25 14:28:28
06-25 14:28:28.111 2352 2352 D TAG_AlarmReceiver: ********receive system bootUp broadcast*********
06-25 14:28:28.232 477 753 I ActivityManager: Finished processing BOOT_COMPLETED for u0
06-25 14:28:28.232 477 753 W BroadcastQueue: Background execution not allowed: receiving Intent { act=android.bluetooth.adapter.action.STATE_CHANGED flg=0x4000010 (has extras) } to com.dangbei.lerad.etna.haqu/com.dangbei.remotecontroller.RemoteControllerReceiver
06-25 14:28:28.238 477 534 D CompatibilityChangeReporter: Compat change id reported: 135634846; UID 10013; state: DISABLED
06-25 14:28:28.241 477 535 D CompatibilityChangeReporter: Compat change id reported: 143937733; UID 10013; state: DISABLED
06-25 14:28:28.244 2270 2346 I UtilCommon: bluetoothMac=B4:2F:03:15:73:2F
06-25 14:28:28.258 2270 2346 D UtilLog : key=deviceid
06-25 14:28:28.259 2270 2346 D UtilLog : values=9337461ad16d364850e5af80add373a6
06-25 14:28:28.259 2270 2346 D UtilLog : DesValues=grSXQIsadmTV/4sUMRV5fsx6rYRwWP1ZBABYMAj24dtfjE0XBiCQqg==
06-25 14:28:28.259 2270 2346 D UtilLog :
06-25 14:28:28.259 2270 2346 D UtilLog : key=dev_uuid
06-25 14:28:28.260 2270 2346 D UtilLog : values=f33dc817-fc20-4159-ac63-60140209f006
06-25 14:28:28.260 2270 2346 D UtilLog : DesValues=oVh8dLqROrJvU0PFWra8kQeC+jnNPnJi0lTxYCILnRZYsP8Hqpy4bQ==
06-25 14:28:28.260 2270 2346 D UtilLog :
06-25 14:28:28.260 2270 2346 D UtilLog : key=channel
06-25 14:28:28.260 2270 2346 D UtilLog : values=DBOS_DBBOX-A2
06-25 14:28:28.260 2270 2346 D UtilLog : DesValues=U2rMDSNEX4hlxebfMfvE5w==
06-25 14:28:28.260 2270 2346 D UtilLog :
06-25 14:28:28.260 2270 2346 D UtilLog : key=packagelist
06-25 14:28:28.260 2270 2346 D UtilLog : values=com.dangbei.lerad.rocky;com.dangbei.leard.leradlauncher;com.dangbei.zhushou.os;com.tv.kuaisou
06-25 14:28:28.260 2270 2346 D UtilLog : DesValues=byaAjpuYP7Md9ImftnY6oL+u5Tex4kQ5jeOCkuyRk9SkGPr4UI1BJNL8hrF+2ShyB2oVVKVfAi8PlHx6PKeqfviwQR31zZWiutQ4uv9uOzM5Hsn1P5vMnfWG5kN2tPaY
06-25 14:28:28.260 2270 2346 D UtilLog :
06-25 14:28:28.260 2270 2346 D UtilLog : key=mac
06-25 14:28:28.261 2270 2346 D UtilLog : values=20:02:FE:19:C2:0E
06-25 14:28:28.261 2270 2346 D UtilLog : DesValues=nYMpcx8K3oNMsCNOIRB5d95iGKEedXib
06-25 14:28:28.261 2270 2346 D UtilLog :
06-25 14:28:28.261 2270 2346 D UtilLog : key=wifimac
06-25 14:28:28.264 248 248 D Zygote : Forked child process 2401
06-25 14:28:28.266 477 535 I ActivityManager: app.processName = com.dangbei.screencast
06-25 14:28:28.266 477 535 I ActivityManager: Start proc 2401:com.dangbei.screencast/u0a13 for broadcast {com.dangbei.screencast/com.dangbei.screencast.startup.BootReceiver}
06-25 14:28:28.270 2270 2346 D UtilLog : values=B4:2F:03:15:E8:B9
06-25 14:28:28.270 2270 2346 D UtilLog : DesValues=GtiP38bn9GIEdt8JW6xqeDqOnpqpvbwg
06-25 14:28:28.270 2270 2346 D UtilLog :
06-25 14:28:28.270 2270 2346 D UtilLog : key=uuid
06-25 14:28:28.270 2270 2346 D UtilLog : values=9524a3cc-8041-4708-9317-13c99e29e3b3
06-25 14:28:28.270 2270 2346 D UtilLog : DesValues=xMKPwoE64Nfj8EypbG8gehAXVc27I8G0qswCf9stHNXcCl0R4jbz7A==
06-25 14:28:28.270 2270 2346 D UtilLog :
06-25 14:28:28.271 2270 2346 D UtilLog : key=appname
06-25 14:28:28.271 2270 2346 D UtilLog : values=电视管家
06-25 14:28:28.271 2270 2346 D UtilLog : DesValues=iqL5Rox+365YgqkQrzmGew==
06-25 14:28:28.271 2270 2346 D UtilLog :
06-25 14:28:28.271 2270 2346 D UtilLog : key=packagename
06-25 14:28:28.271 2270 2346 D UtilLog : values=com.dangbei.zhushou.os
06-25 14:28:28.271 2270 2346 D UtilLog : DesValues=byaAjpuYP7N/v7Z6kyOIN8JduvsEBDYD
06-25 14:28:28.271 2270 2346 D UtilLog :
06-25 14:28:28.271 2270 2346 D UtilLog : key=vname
06-25 14:28:28.272 2270 2346 D UtilLog : values=4.0.0.0.1
06-25 14:28:28.272 2270 2346 D UtilLog : DesValues=ZmbdbetpP3xQfy8gEtIzGg==
06-25 14:28:28.272 2270 2346 D UtilLog :
06-25 14:28:28.272 2270 2346 D UtilLog : key=vcode
06-25 14:28:28.272 2270 2346 D UtilLog : values=40001
06-25 14:28:28.272 2270 2346 D UtilLog : DesValues=xHelLudSdno=
06-25 14:28:28.272 2270 2346 D UtilLog :
06-25 14:28:28.272 2270 2346 D UtilLog : key=brand
06-25 14:28:28.272 2270 2346 D UtilLog : values=Dangbei
06-25 14:28:28.272 2270 2346 D UtilLog : DesValues=w3F/S11z4cQ=
06-25 14:28:28.272 2270 2346 D UtilLog :
06-25 14:28:28.272 2270 2346 D UtilLog : key=boxfactory
06-25 14:28:28.273 2270 2346 D UtilLog : values=Allwinner
06-25 14:28:28.273 2270 2346 D UtilLog : DesValues=Z82sBMOvjTwCcRqjeHOwaQ==
06-25 14:28:28.273 2270 2346 D UtilLog :
06-25 14:28:28.273 2270 2346 D UtilLog : key=rommodel
06-25 14:28:28.273 2270 2346 D UtilLog : values=DBBOX-A2
06-25 14:28:28.273 2270 2346 D UtilLog : DesValues=Cp0N6KH6T4JIJBzkJvj0FQ==
06-25 14:28:28.273 2270 2346 D UtilLog :
06-25 14:28:28.273 2270 2346 D UtilLog : key=cpuserial
06-25 14:28:28.276 2401 2401 I Zygote : seccomp disabled by setenforce 0
06-25 14:28:28.299 2270 2346 D UtilLog : values=0000000000000000
06-25 14:28:28.299 2270 2346 D UtilLog : DesValues=nNQaqXf/biPbsaIvekQHd7yInvBfbZxz
06-25 14:28:28.299 2270 2346 D UtilLog :
06-25 14:28:28.299 2270 2346 D UtilLog : key=cpuimei
06-25 14:28:28.300 2270 2346 D UtilLog : values=armeabi-v7a
06-25 14:28:28.300 2270 2346 D UtilLog : DesValues=eB2sQ5wFJ4fV9rAgxgt0kQ==
06-25 14:28:28.300 2270 2346 D UtilLog :
06-25 14:28:28.300 2270 2346 D UtilLog : key=sn
06-25 14:28:28.300 2270 2346 D UtilLog : values=DZOH58251975972
06-25 14:28:28.300 2270 2346 D UtilLog : DesValues=DRq9pIo+PTwmTD//cfZ/vQ==
06-25 14:28:28.300 2270 2346 D UtilLog :
06-25 14:28:28.300 2270 2346 D UtilLog : key=osversion
06-25 14:28:28.300 2270 2346 D UtilLog : values=12
06-25 14:28:28.300 2270 2346 D UtilLog : DesValues=z4Vde2HU9Lg=
06-25 14:28:28.300 2270 2346 D UtilLog :
06-25 14:28:28.300 2270 2346 D UtilLog : key=oscode
06-25 14:28:28.301 2270 2346 D UtilLog : values=31
06-25 14:28:28.301 2270 2346 D UtilLog : DesValues=uYf7cxwIekI=
06-25 14:28:28.301 2270 2346 D UtilLog :
06-25 14:28:28.301 2270 2346 D UtilLog : key=is_write
06-25 14:28:28.305 2270 2346 D UtilLog : values=0
06-25 14:28:28.305 2270 2346 D UtilLog : DesValues=fhgfj/J6fiI=
06-25 14:28:28.305 2270 2346 D UtilLog :
06-25 14:28:28.305 2270 2346 D UtilLog : key=romvername
06-25 14:28:28.307 2270 2346 D UtilLog : values=5.0.1.3
06-25 14:28:28.307 2270 2346 D UtilLog : DesValues=XuLV2GcEE9o=
06-25 14:28:28.307 2270 2346 D UtilLog :
06-25 14:28:28.307 2270 2346 D UtilLog : key=romvercode
06-25 14:28:28.308 2270 2346 D UtilLog : values=5013
06-25 14:28:28.308 2270 2346 D UtilLog : DesValues=Vjlg6EO2w3U=
06-25 14:28:28.308 2270 2346 D UtilLog :
06-25 14:28:28.308 2270 2346 D UtilLog : key=bluetoothmac
06-25 14:28:28.308 2270 2346 D UtilLog : values=B4:2F:03:15:73:2F
06-25 14:28:28.308 2270 2346 D UtilLog : DesValues=GtiP38bn9GLoWd2G50EnLjjL7wYIasXU
06-25 14:28:28.308 2270 2346 D UtilLog :
06-25 14:28:28.308 2270 2346 D UtilLog : key=rommodelnumber
06-25 14:28:28.308 2270 2346 D UtilLog : values=H5232
06-25 14:28:28.308 2270 2346 D UtilLog : DesValues=FkBqlkWzuas=
06-25 14:28:28.308 2270 2346 D UtilLog :
06-25 14:28:28.308 2270 2346 D UtilLog : key=userid
06-25 14:28:28.309 2270 2346 D UtilLog : values=-1
06-25 14:28:28.309 2270 2346 D UtilLog : DesValues=U8kqhGxUlIA=
06-25 14:28:28.309 2270 2346 D UtilLog :
06-25 14:28:28.309 2270 2346 D UtilLog : key=ip
06-25 14:28:28.313 2270 2346 D UtilLog : values=
06-25 14:28:28.313 2270 2346 D UtilLog : DesValues=gKen3SyYFuE=
06-25 14:28:28.313 2270 2346 D UtilLog :
06-25 14:28:28.333 387 396 I adbd : jdwp connection from 2401
06-25 14:28:28.378 477 753 D CompatibilityChangeReporter: Compat change id reported: 168419799; UID 10013; state: DISABLED
06-25 14:28:28.424 477 753 W ActivityManager: Slow operation: 54ms so far, now at attachApplicationLocked: after sendPendingBroadcastsLocked
06-25 14:28:28.434 2401 2401 D CompatibilityChangeReporter: Compat change id reported: 171979766; UID 10013; state: DISABLED
06-25 14:28:28.442 477 525 W IorapForwardingService: No service published for: iorapd
06-25 14:28:28.476 2401 2401 D ApplicationLoaders: Returning zygote-cached class loader: /system/framework/android.test.base.jar
06-25 14:28:28.476 2401 2401 D ApplicationLoaders: Returning zygote-cached class loader: /system/framework/android.hidl.manager-V1.0-java.jar
06-25 14:28:28.476 2401 2401 D ApplicationLoaders: Returning zygote-cached class loader: /system/framework/android.hidl.base-V1.0-java.jar
06-25 14:28:28.514 2203 2212 I com.android.tv: Background concurrent copying GC freed 17336(970KB) AllocSpace objects, 6(184KB) LOS objects, 49% free, 2900KB/5801KB, paused 206us total 284.184ms
06-25 14:28:28.566 477 754 D SntpClient: request time failed: java.net.SocketTimeoutException: Poll timed out
06-25 14:28:28.609 2270 2429 I System.out: true
06-25 14:28:28.646 2401 2401 V GraphicsEnvironment: ANGLE Developer option for 'com.dangbei.screencast' set to: 'default'
06-25 14:28:28.646 1051 1276 E dangbei111: cccccc 检查遥控器是否连接: Dangbei E4:BB:D3:57:C0:18
06-25 14:28:28.646 2401 2401 V GraphicsEnvironment: Neither updatable production driver nor prerelease driver is supported.
06-25 14:28:28.648 2401 2401 D NetworkSecurityConfig: Using Network Security Config from resource network_security_config debugBuild: false
06-25 14:28:28.652 1051 1276 E dangbei111: cccccc 检查遥控器是否连接: 蓝牙的结果 Dangbei E4:BB:D3:57:C0:18 false
06-25 14:28:28.653 2401 2401 D NetworkSecurityConfig: Using Network Security Config from resource network_security_config debugBuild: false
