01-01 08:00:10.560 317 317 I pgrep : type=1400 audit(0.0:182): avc: denied { search } for name="262" dev="proc" ino=7810 scontext=u:r:toolbox:s0 tcontext=u:r:hal_graphics_composer_default:s0 tclass=dir permissive=1
01-01 08:00:10.560 317 317 I pgrep : type=1400 audit(0.0:183): avc: denied { open } for path="/proc/262/stat" dev="proc" ino=9495 scontext=u:r:toolbox:s0 tcontext=u:r:hal_graphics_composer_default:s0 tclass=file permissive=1
01-01 08:00:10.560 317 317 I pgrep : type=1400 audit(0.0:184): avc: denied { getattr } for path="/proc/265" dev="proc" ino=7040 scontext=u:r:toolbox:s0 tcontext=u:r:hal_health_default:s0 tclass=dir permissive=1
01-01 08:00:10.560 317 317 I pgrep : type=1400 audit(0.0:185): avc: denied { search } for name="265" dev="proc" ino=7040 scontext=u:r:toolbox:s0 tcontext=u:r:hal_health_default:s0 tclass=dir permissive=1
01-01 08:00:10.560 317 317 I pgrep : type=1400 audit(0.0:186): avc: denied { open } for path="/proc/265/stat" dev="proc" ino=9496 scontext=u:r:toolbox:s0 tcontext=u:r:hal_health_default:s0 tclass=file permissive=1
01-01 08:00:10.560 317 317 I pgrep : type=1400 audit(0.0:187): avc: denied { getattr } for path="/proc/266" dev="proc" ino=7073 scontext=u:r:toolbox:s0 tcontext=u:r:hal_light_default:s0 tclass=dir permissive=1
01-01 08:00:10.560 317 317 I pgrep : type=1400 audit(0.0:188): avc: denied { search } for name="266" dev="proc" ino=7073 scontext=u:r:toolbox:s0 tcontext=u:r:hal_light_default:s0 tclass=dir permissive=1
01-01 08:00:10.560 317 317 I pgrep : type=1400 audit(0.0:189): avc: denied { open } for path="/proc/266/stat" dev="proc" ino=9497 scontext=u:r:toolbox:s0 tcontext=u:r:hal_light_default:s0 tclass=file permissive=1
01-01 08:00:10.560 317 317 I pgrep : type=1400 audit(0.0:190): avc: denied { getattr } for path="/proc/267" dev="proc" ino=7072 scontext=u:r:toolbox:s0 tcontext=u:r:hal_power_default:s0 tclass=dir permissive=1
01-01 08:00:10.560 317 317 I pgrep : type=1400 audit(0.0:191): avc: denied { search } for name="267" dev="proc" ino=7072 scontext=u:r:toolbox:s0 tcontext=u:r:hal_power_default:s0 tclass=dir permissive=1
01-01 08:00:10.560 317 317 I pgrep : type=1400 audit(0.0:192): avc: denied { open } for path="/proc/267/stat" dev="proc" ino=9498 scontext=u:r:toolbox:s0 tcontext=u:r:hal_power_default:s0 tclass=file permissive=1
01-01 08:00:10.560 317 317 I pgrep : type=1400 audit(0.0:193): avc: denied { getattr } for path="/proc/269" dev="proc" ino=7859 scontext=u:r:toolbox:s0 tcontext=u:r:hal_tv_cec_default:s0 tclass=dir permissive=1
01-01 08:00:10.560 317 317 I pgrep : type=1400 audit(0.0:194): avc: denied { search } for name="269" dev="proc" ino=7859 scontext=u:r:toolbox:s0 tcontext=u:r:hal_tv_cec_default:s0 tclass=dir permissive=1
01-01 08:00:10.560 317 317 I pgrep : type=1400 audit(0.0:195): avc: denied { open } for path="/proc/269/stat" dev="proc" ino=9499 scontext=u:r:toolbox:s0 tcontext=u:r:hal_tv_cec_default:s0 tclass=file permissive=1
01-01 08:00:10.560 317 317 I pgrep : type=1400 audit(0.0:196): avc: denied { getattr } for path="/proc/271" dev="proc" ino=5879 scontext=u:r:toolbox:s0 tcontext=u:r:hal_usb_impl:s0 tclass=dir permissive=1
01-01 08:00:10.560 317 317 I pgrep : type=1400 audit(0.0:197): avc: denied { search } for name="271" dev="proc" ino=5879 scontext=u:r:toolbox:s0 tcontext=u:r:hal_usb_impl:s0 tclass=dir permissive=1
01-01 08:00:10.560 317 317 I pgrep : type=1400 audit(0.0:198): avc: denied { open } for path="/proc/271/stat" dev="proc" ino=9500 scontext=u:r:toolbox:s0 tcontext=u:r:hal_usb_impl:s0 tclass=file permissive=1
01-01 08:00:10.560 317 317 I pgrep : type=1400 audit(0.0:199): avc: denied { getattr } for path="/proc/272" dev="proc" ino=5883 scontext=u:r:toolbox:s0 tcontext=u:r:hal_awdisplayoutput_default:s0 tclass=dir permissive=1
01-01 08:00:10.560 315 315 I xiriservice_All: type=1400 audit(0.0:200): avc: denied { search } for name="com.android.printservice.recommendation" dev="mmcblk0p25" ino=1023 scontext=u:r:init:s0 tcontext=u:object_r:app_data_file:s0:c33,c256,c512,c768 tclass=dir permissive=1
01-01 08:00:10.560 317 317 I pgrep : type=1400 audit(0.0:201): avc: denied { search } for name="272" dev="proc" ino=5883 scontext=u:r:toolbox:s0 tcontext=u:r:hal_awdisplayoutput_default:s0 tclass=dir permissive=1
01-01 08:00:10.560 317 317 I pgrep : type=1400 audit(0.0:202): avc: denied { open } for path="/proc/272/stat" dev="proc" ino=9501 scontext=u:r:toolbox:s0 tcontext=u:r:hal_awdisplayoutput_default:s0 tclass=file permissive=1
01-01 08:00:10.560 315 315 I xiriservice_All: type=1400 audit(0.0:203): avc: denied { search } for name="com.google.android.networkstack.tetheringconfig" dev="mmcblk0p25" ino=1031 scontext=u:r:init:s0 tcontext=u:object_r:app_data_file:s0:c0,c256,c512,c768 tclass=dir permissive=1
01-01 08:00:10.560 317 317 I pgrep : type=1400 audit(0.0:204): avc: denied { getattr } for path="/proc/274" dev="proc" ino=5891 scontext=u:r:toolbox:s0 tcontext=u:r:hal_rebootescrow_default:s0 tclass=dir permissive=1
01-01 08:00:10.560 317 317 I pgrep : type=1400 audit(0.0:205): avc: denied { read } for scontext=u:r:toolbox:s0 tcontext=u:r:hal_rebootescrow_default:s0 tclass=file permissive=1
01-01 08:00:10.560 317 317 I pgrep : type=1400 audit(0.0:206): avc: denied { search } for name="274" dev="proc" ino=5891 scontext=u:r:toolbox:s0 tcontext=u:r:hal_rebootescrow_default:s0 tclass=dir permissive=1
01-01 08:00:10.560 317 317 I pgrep : type=1400 audit(0.0:207): avc: denied { open } for path="/proc/274/stat" dev="proc" ino=9502 scontext=u:r:toolbox:s0 tcontext=u:r:hal_rebootescrow_default:s0 tclass=file permissive=1
01-01 08:00:10.560 317 317 I pgrep : type=1400 audit(0.0:208): avc: denied { getattr } for path="/proc/276" dev="proc" ino=7984 scontext=u:r:toolbox:s0 tcontext=u:r:audioserver:s0 tclass=dir permissive=1
01-01 08:00:10.564 317 317 I pgrep : type=1400 audit(0.0:209): avc: denied { read } for scontext=u:r:toolbox:s0 tcontext=u:r:audioserver:s0 tclass=file permissive=1
01-01 08:00:10.564 317 317 I pgrep : type=1400 audit(0.0:210): avc: denied { search } for name="276" dev="proc" ino=7984 scontext=u:r:toolbox:s0 tcontext=u:r:audioserver:s0 tclass=dir permissive=1
01-01 08:00:10.564 317 317 I pgrep : type=1400 audit(0.0:211): avc: denied { open } for path="/proc/276/stat" dev="proc" ino=9503 scontext=u:r:toolbox:s0 tcontext=u:r:audioserver:s0 tclass=file permissive=1
01-01 08:00:10.564 317 317 I pgrep : type=1400 audit(0.0:212): avc: denied { getattr } for path="/proc/277" dev="proc" ino=7979 scontext=u:r:toolbox:s0 tcontext=u:r:credstore:s0 tclass=dir permissive=1
01-01 08:00:10.564 317 317 I pgrep : type=1400 audit(0.0:213): avc: denied { search } for name="277" dev="proc" ino=7979 scontext=u:r:toolbox:s0 tcontext=u:r:credstore:s0 tclass=dir permissive=1
01-01 08:00:10.564 317 317 I pgrep : type=1400 audit(0.0:214): avc: denied { open } for path="/proc/277/stat" dev="proc" ino=9504 scontext=u:r:toolbox:s0 tcontext=u:r:credstore:s0 tclass=file permissive=1
01-01 08:00:10.564 317 317 I pgrep : type=1400 audit(0.0:215): avc: denied { getattr } for path="/proc/281" dev="proc" ino=7977 scontext=u:r:toolbox:s0 tcontext=u:r:gpuservice:s0 tclass=dir permissive=1
01-01 08:00:10.564 317 317 I pgrep : type=1400 audit(0.0:216): avc: denied { read } for scontext=u:r:toolbox:s0 tcontext=u:r:gpuservice:s0 tclass=file permissive=1
01-01 08:00:10.564 317 317 I pgrep : type=1400 audit(0.0:217): avc: denied { search } for name="281" dev="proc" ino=7977 scontext=u:r:toolbox:s0 tcontext=u:r:gpuservice:s0 tclass=dir permissive=1
01-01 08:00:10.564 317 317 I pgrep : type=1400 audit(0.0:218): avc: denied { open } for path="/proc/281/stat" dev="proc" ino=9505 scontext=u:r:toolbox:s0 tcontext=u:r:gpuservice:s0 tclass=file permissive=1
01-01 08:00:10.564 317 317 I pgrep : type=1400 audit(0.0:219): avc: denied { getattr } for path="/proc/282" dev="proc" ino=711 scontext=u:r:toolbox:s0 tcontext=u:r:surfaceflinger:s0 tclass=dir permissive=1
01-01 08:00:10.564 317 317 I pgrep : type=1400 audit(0.0:220): avc: denied { search } for name="282" dev="proc" ino=711 scontext=u:r:toolbox:s0 tcontext=u:r:surfaceflinger:s0 tclass=dir permissive=1
01-01 08:00:10.564 317 317 I pgrep : type=1400 audit(0.0:221): avc: denied { open } for path="/proc/282/stat" dev="proc" ino=9506 scontext=u:r:toolbox:s0 tcontext=u:r:surfaceflinger:s0 tclass=file permissive=1
01-01 08:00:10.564 317 317 I pgrep : type=1400 audit(0.0:222): avc: denied { getattr } for path="/proc/283" dev="proc" ino=5992 scontext=u:r:toolbox:s0 tcontext=u:r:pqd:s0 tclass=dir permissive=1
01-01 08:00:10.564 317 317 I pgrep : type=1400 audit(0.0:223): avc: denied { read } for scontext=u:r:toolbox:s0 tcontext=u:r:pqd:s0 tclass=file permissive=1
01-01 08:00:10.564 317 317 I pgrep : type=1400 audit(0.0:224): avc: denied { search } for name="283" dev="proc" ino=5992 scontext=u:r:toolbox:s0 tcontext=u:r:pqd:s0 tclass=dir permissive=1
01-01 08:00:10.564 315 315 I xiriservice_All: type=1400 audit(0.0:225): avc: denied { search } for name="com.android.theme.font.notoserifsource" dev="mmcblk0p25" ino=1060 scontext=u:r:init:s0 tcontext=u:object_r:app_data_file:s0:c9,c256,c512,c768 tclass=dir permissive=1
01-01 08:00:10.564 317 317 I pgrep : type=1400 audit(0.0:226): avc: denied { open } for path="/proc/283/stat" dev="proc" ino=9507 scontext=u:r:toolbox:s0 tcontext=u:r:pqd:s0 tclass=file permissive=1
01-01 08:00:10.564 317 317 I pgrep : type=1400 audit(0.0:227): avc: denied { read } for scontext=u:r:toolbox:s0 tcontext=u:r:init:s0 tclass=file permissive=1
01-01 08:00:10.564 317 317 I pgrep : type=1400 audit(0.0:228): avc: denied { open } for path="/proc/311/stat" dev="proc" ino=9508 scontext=u:r:toolbox:s0 tcontext=u:r:init:s0 tclass=file permissive=1
01-01 08:00:10.568 315 315 I xiriservice_All: type=1400 audit(0.0:229): avc: denied { search } for name="com.android.smspush" dev="mmcblk0p25" ino=1121 scontext=u:r:init:s0 tcontext=u:object_r:app_data_file:s0:c69,c256,c512,c768 tclass=dir permissive=1
01-01 08:00:10.572 322 322 I check_xm_hidraw: type=1400 audit(0.0:230): avc: denied { execute_no_trans } for path="/system/bin/xm_hidread" dev="dm-0" ino=1298 scontext=u:r:init:s0 tcontext=u:object_r:system_file:s0 tclass=file permissive=1
01-01 08:00:10.572 315 315 I xiriservice_All: type=1400 audit(0.0:231): avc: denied { search } for name="com.tv.filemanager.os" dev="mmcblk0p25" ino=1137 scontext=u:r:init:s0 tcontext=u:object_r:app_data_file:s0:c49,c256,c512,c768 tclass=dir permissive=1
01-01 08:00:10.576 315 315 I xiriservice_All: type=1400 audit(0.0:232): avc: denied { search } for name="com.android.bookmarkprovider" dev="mmcblk0p25" ino=1161 scontext=u:r:init:s0 tcontext=u:object_r:app_data_file:s0:c45,c256,c512,c768 tclass=dir permissive=1
01-01 08:00:10.576 315 315 I xiriservice_All: type=1400 audit(0.0:233): avc: denied { search } for name="com.android.cts.ctsshim" dev="mmcblk0p25" ino=1177 scontext=u:r:init:s0 tcontext=u:object_r:app_data_file:s0:c43,c256,c512,c768 tclass=dir permissive=1
01-01 08:00:10.576 315 315 I xiriservice_All: type=1400 audit(0.0:234): avc: denied { search } for name="com.dangbei.lerad.screensaver" dev="mmcblk0p25" ino=1185 scontext=u:r:init:s0 tcontext=u:object_r:app_data_file:s0:c51,c256,c512,c768 tclass=dir permissive=1
01-01 08:00:10.576 315 315 I xiriservice_All: type=1400 audit(0.0:235): avc: denied { read } for name="lib" dev="mmcblk0p25" ino=31169 scontext=u:r:init:s0 tcontext=u:object_r:app_data_file:s0:c51,c256,c512,c768 tclass=lnk_file permissive=1
01-01 08:00:10.576 315 315 I xiriservice_All: type=1400 audit(0.0:236): avc: denied { search } for name="com.android.remoteprovisioner" dev="mmcblk0p25" ino=1193 scontext=u:r:init:s0 tcontext=u:object_r:app_data_file:s0:c61,c256,c512,c768 tclass=dir permissive=1
01-01 08:00:10.576 315 315 I xiriservice_All: type=1400 audit(0.0:237): avc: denied { search } for name="com.softwinner.theme.icon" dev="mmcblk0p25" ino=1201 scontext=u:r:init:s0 tcontext=u:object_r:app_data_file:s0:c10,c256,c512,c768 tclass=dir permissive=1
01-01 08:00:10.576 315 315 I xiriservice_All: type=1400 audit(0.0:238): avc: denied { search } for name="com.android.music" dev="mmcblk0p25" ino=1225 scontext=u:r:init:s0 tcontext=u:object_r:app_data_file:s0:c52,c256,c512,c768 tclass=dir permissive=1
01-01 08:00:10.576 315 315 I xiriservice_All: type=1400 audit(0.0:239): avc: denied { search } for name="com.android.providers.media.module" dev="mmcblk0p25" ino=1257 scontext=u:r:init:s0 tcontext=u:object_r:privapp_data_file:s0:c74,c256,c512,c768 tclass=dir permissive=1
01-01 08:00:10.576 315 315 I xiriservice_All: type=1400 audit(0.0:240): avc: denied { read } for name="lib" dev="mmcblk0p25" ino=31172 scontext=u:r:init:s0 tcontext=u:object_r:privapp_data_file:s0:c74,c256,c512,c768 tclass=lnk_file permissive=1
01-01 08:00:10.580 315 315 I xiriservice_All: type=1400 audit(0.0:241): avc: denied { search } for name="com.softwinner.theme.color" dev="mmcblk0p25" ino=1265 scontext=u:r:init:s0 tcontext=u:object_r:app_data_file:s0:c11,c256,c512,c768 tclass=dir permissive=1
01-01 08:00:10.580 315 315 I xiriservice_All: type=1400 audit(0.0:242): avc: denied { search } for name="com.android.hotspot2.osulogin" dev="mmcblk0p25" ino=1281 scontext=u:r:init:s0 tcontext=u:object_r:app_data_file:s0:c71,c256,c512,c768 tclass=dir permissive=1
01-01 08:00:10.580 315 315 I xiriservice_All: type=1400 audit(0.0:243): avc: denied { search } for name="com.android.internal.systemui.navbar.gestural" dev="mmcblk0p25" ino=1289 scontext=u:r:init:s0 tcontext=u:object_r:app_data_file:s0:c1,c256,c512,c768 tclass=dir permissive=1
01-01 08:00:10.580 315 315 I xiriservice_All: type=1400 audit(0.0:244): avc: denied { search } for name="com.android.bluetoothmidiservice" dev="mmcblk0p25" ino=1305 scontext=u:r:init:s0 tcontext=u:object_r:app_data_file:s0:c44,c256,c512,c768 tclass=dir permissive=1
01-01 08:00:10.580 315 315 I xiriservice_All: type=1400 audit(0.0:245): avc: denied { search } for name="com.android.traceur" dev="mmcblk0p25" ino=1329 scontext=u:r:init:s0 tcontext=u:object_r:app_data_file:s0:c31,c256,c512,c768 tclass=dir permissive=1
01-01 08:00:10.580 315 315 I xiriservice_All: type=1400 audit(0.0:246): avc: denied { read } for name="lib" dev="mmcblk0p25" ino=31178 scontext=u:r:init:s0 tcontext=u:object_r:bluetooth_data_file:s0 tclass=lnk_file permissive=1
01-01 08:00:10.584 315 315 I xiriservice_All: type=1400 audit(0.0:247): avc: denied { search } for name="com.android.captiveportallogin" dev="mmcblk0p25" ino=1353 scontext=u:r:init:s0 tcontext=u:object_r:app_data_file:s0:c54,c256,c512,c768 tclass=dir permissive=1
01-01 08:00:10.584 315 315 I xiriservice_All: type=1400 audit(0.0:248): avc: denied { search } for name="com.android.internal.systemui.navbar.gestural_narrow_back" dev="mmcblk0p25" ino=1361 scontext=u:r:init:s0 tcontext=u:object_r:app_data_file:s0:c2,c256,c512,c768 tclass=dir permissive=1
01-01 08:00:10.584 315 315 I xiriservice_All: type=1400 audit(0.0:249): avc: denied { search } for name="android.auto_generated_rro_vendor__" dev="mmcblk0p25" ino=1369 scontext=u:r:init:s0 tcontext=u:object_r:app_data_file:s0:c12,c256,c512,c768 tclass=dir permissive=1
01-01 08:00:10.584 315 315 I xiriservice_All: type=1400 audit(0.0:250): avc: denied { search } for name="com.dangbei.hqmedia" dev="mmcblk0p25" ino=3095 scontext=u:r:init:s0 tcontext=u:object_r:app_data_file:s0:c76,c256,c512,c768 tclass=dir permissive=1
01-01 08:00:10.588 315 315 I xiriservice_All: type=1400 audit(0.0:251): avc: denied { read } for name="lib" dev="mmcblk0p25" ino=31158 scontext=u:r:init:s0 tcontext=u:object_r:app_data_file:s0:c76,c256,c512,c768 tclass=lnk_file permissive=1
01-01 08:00:10.592 321 321 I led_switch.sh: type=1400 audit(0.0:252): avc: denied { add_name } for name="led_swith.txt" scontext=u:r:init:s0 tcontext=u:object_r:shell_data_file:s0 tclass=dir permissive=1 bug=b/77873135
01-01 08:00:10.592 321 321 I led_switch.sh: type=1400 audit(0.0:253): avc: denied { create } for name="led_swith.txt" scontext=u:r:init:s0 tcontext=u:object_r:shell_data_file:s0 tclass=file permissive=1 bug=b/77873135
01-01 08:00:10.599 322 322 D XM_HIDREAD: hidread running 0429 d06.
01-01 08:00:10.592 321 321 I led_switch.sh: type=1400 audit(0.0:254): avc: denied { write } for name="led_swith.txt" dev="mmcblk0p25" ino=221 scontext=u:r:init:s0 tcontext=u:object_r:shell_data_file:s0 tclass=file permissive=1 bug=b/77873135
01-01 08:00:10.596 321 321 I led_switch.sh: type=1400 audit(0.0:255): avc: denied { open } for path="/data/local/tmp/led_swith.txt" dev="mmcblk0p25" ino=221 scontext=u:r:init:s0 tcontext=u:object_r:shell_data_file:s0 tclass=file permissive=1 bug=b/77873135
01-01 08:00:10.602 322 322 D XM_HIDREAD: addr_len_t:26,addr_len:26
01-01 08:00:10.602 322 322 D XM_HIDREAD: server_socket:4
01-01 08:00:10.602 322 324 D XM_HIDREAD: >> start monitor uevent ...
01-01 08:00:10.602 322 322 D XM_HIDREAD: pthread_join listen_thread before
01-01 08:00:10.596 322 322 I xm_hidread: type=1400 audit(0.0:256): avc: denied { create } for scontext=u:r:init:s0 tcontext=u:r:init:s0 tclass=netlink_kobject_uevent_socket permissive=1
01-01 08:00:10.596 322 322 I xm_hidread: type=1400 audit(0.0:257): avc: denied { setopt } for scontext=u:r:init:s0 tcontext=u:r:init:s0 tclass=netlink_kobject_uevent_socket permissive=1
01-01 08:00:10.596 322 322 I xm_hidread: type=1400 audit(0.0:258): avc: denied { bind } for scontext=u:r:init:s0 tcontext=u:r:init:s0 tclass=netlink_kobject_uevent_socket permissive=1
01-01 08:00:10.596 322 322 I xm_hidread: type=1400 audit(0.0:259): avc: denied { read } for scontext=u:r:init:s0 tcontext=u:r:init:s0 tclass=netlink_kobject_uevent_socket permissive=1
01-01 08:00:10.603 322 325 D XM_HIDREAD: listener_thread has start 4.
01-01 08:00:10.603 322 325 D XM_HIDREAD: accept before.
01-01 08:00:10.604 323 323 I led_switch.sh: type=1400 audit(0.0:260): avc: denied { execute_no_trans } for path="/vendor/bin/toolbox" dev="dm-1" ino=229 scontext=u:r:init:s0 tcontext=u:object_r:vendor_toolbox_exec:s0 tclass=file permissive=1
01-01 08:00:10.646 248 248 D AndroidRuntime: >>>>>> START com.android.internal.os.ZygoteInit uid 0 <<<<<<
01-01 08:00:10.656 315 315 D XiriService: read SYSTEM APP lib
01-01 08:00:10.661 327 327 D DONGLE_SERVICE: ble_rc_service version is 2.0.26601
01-01 08:00:10.661 327 327 D DONGLE_SERVICE: init command center ...
01-01 08:00:10.661 327 327 D DONGLE_SERVICE: trying to scan for smart ctrl hidraw...
01-01 08:00:10.662 327 327 D DONGLE_SERVICE: command center, start working...
01-01 08:00:10.656 328 328 I init : type=1400 audit(0.0:261): avc: denied { execute } for name="rainbow_flow" dev="dm-1" ino=182 scontext=u:r:init:s0 tcontext=u:object_r:vendor_file:s0 tclass=file permissive=1
01-01 08:00:10.663 327 329 D DONGLE_SERVICE: >> start monitor uevent ...
01-01 08:00:10.660 328 328 I init : type=1400 audit(0.0:262): avc: denied { execute_no_trans } for path="/vendor/bin/rainbow_flow" dev="dm-1" ino=182 scontext=u:r:init:s0 tcontext=u:object_r:vendor_file:s0 tclass=file permissive=1
01-01 08:00:10.664 315 315 I xiriservice_All: type=1400 audit(0.0:263): avc: denied { watch } for path="/data/data" dev="mmcblk0p25" ino=87 scontext=u:r:init:s0 tcontext=u:object_r:system_data_file:s0:c512,c768 tclass=dir permissive=1
01-01 08:00:10.676 328 328 I rainbow_flow: type=1400 audit(0.0:264): avc: denied { write } for name="spidev1.0" dev="tmpfs" ino=5369 scontext=u:r:init:s0 tcontext=u:object_r:device:s0 tclass=chr_file permissive=1
01-01 08:00:10.676 328 328 I rainbow_flow: type=1400 audit(0.0:265): avc: denied { open } for path="/dev/spidev1.0" dev="tmpfs" ino=5369 scontext=u:r:init:s0 tcontext=u:object_r:device:s0 tclass=chr_file permissive=1
01-01 08:00:10.676 328 328 I rainbow_flow: type=1400 audit(0.0:266): avc: denied { ioctl } for path="/dev/spidev1.0" dev="tmpfs" ino=5369 ioctlcmd=0x6b01 scontext=u:r:init:s0 tcontext=u:object_r:device:s0 tclass=chr_file permissive=1
01-01 08:00:10.693 276 276 I FastMixerState: sMaxFastTracks = 8
01-01 08:00:10.704 276 276 V MediaUtils: physMem: 2055442432
01-01 08:00:10.704 276 276 V MediaUtils: requested limit: 411088480
01-01 08:00:10.704 276 276 I libc : malloc_limit: Allocation limit enabled, max size 411088480 bytes
01-01 08:00:10.705 276 276 I audioserver: ServiceManager: 0xf4372420
01-01 08:00:10.706 248 248 I AndroidRuntime: Using default boot image
01-01 08:00:10.706 248 248 I AndroidRuntime: Leaving lock profiling enabled
01-01 08:00:10.706 276 276 W BatteryNotifier: batterystats service unavailable!
01-01 08:00:10.707 276 276 E cutils-trace: Error opening trace file: No such file or directory (2)
01-01 08:00:10.712 282 282 E cutils-trace: Error opening trace file: No such file or directory (2)
01-01 08:00:10.713 187 187 I hwservicemanager: getTransport: Cannot find entry android.hardware.configstore@1.0::ISurfaceFlingerConfigs/default in either framework or device VINTF manifest.
01-01 08:00:10.716 248 248 E cutils-trace: Error opening trace file: No such file or directory (2)
01-01 08:00:10.719 282 282 I SurfaceFlinger: Using HWComposer service: default
01-01 08:00:10.719 282 282 I SurfaceFlinger: SurfaceFlinger is starting
01-01 08:00:10.719 248 248 I zygote : option[0]=-Xzygote
01-01 08:00:10.720 248 248 I zygote : option[1]=-Xdeny-art-apex-data-files
01-01 08:00:10.720 248 248 I zygote : option[2]=exit
01-01 08:00:10.720 248 248 I zygote : option[3]=vfprintf
01-01 08:00:10.720 248 248 I zygote : option[4]=sensitiveThread
01-01 08:00:10.720 248 248 I zygote : option[5]=-verbose:gc
01-01 08:00:10.720 248 248 I zygote : option[6]=-XX:PerfettoHprof=true
01-01 08:00:10.720 248 248 I zygote : option[7]=-XX:PerfettoJavaHeapStackProf=true
01-01 08:00:10.720 248 248 I zygote : option[8]=-Xprimaryzygote
01-01 08:00:10.720 248 248 I zygote : option[9]=-Xms5m
01-01 08:00:10.720 248 248 I zygote : option[10]=-Xmx512m
01-01 08:00:10.720 248 248 I zygote : option[11]=-XX:HeapGrowthLimit=256m
01-01 08:00:10.720 248 248 I zygote : option[12]=-XX:HeapMinFree=512k
01-01 08:00:10.720 248 248 I zygote : option[13]=-XX:HeapMaxFree=8m
01-01 08:00:10.720 248 248 I zygote : option[14]=-XX:HeapTargetUtilization=0.75
01-01 08:00:10.720 248 248 I zygote : option[15]=-Xusejit:true
01-01 08:00:10.720 248 248 I zygote : option[16]=-Xjitsaveprofilinginfo
01-01 08:00:10.720 248 248 I zygote : option[17]=-XMadviseWillNeedVdexFileSize:104857600
01-01 08:00:10.720 248 248 I zygote : option[18]=-XMadviseWillNeedOdexFileSize:104857600
01-01 08:00:10.720 248 248 I zygote : option[19]=-XMadviseWillNeedArtFileSize:4294967295
01-01 08:00:10.720 248 248 I zygote : option[20]=-XjdwpOptions:suspend=n,server=y
01-01 08:00:10.720 248 248 I zygote : option[21]=-XjdwpProvider:default
01-01 08:00:10.720 248 248 I zygote : option[22]=-Xopaque-jni-ids:swapable
01-01 08:00:10.720 248 248 I zygote : option[23]=-Xcompiler-option
01-01 08:00:10.720 248 248 I zygote : option[24]=--instruction-set-variant=cortex-a7
01-01 08:00:10.720 248 248 I zygote : option[25]=-Xcompiler-option
01-01 08:00:10.720 248 248 I zygote : option[26]=--instruction-set-features=default
01-01 08:00:10.720 248 248 I zygote : option[27]=-Xcompiler-option
01-01 08:00:10.720 248 248 I zygote : option[28]=--generate-mini-debug-info
01-01 08:00:10.720 248 248 I zygote : option[29]=-Ximage-compiler-option
01-01 08:00:10.720 248 248 I zygote : option[30]=--runtime-arg
01-01 08:00:10.720 248 248 I zygote : option[31]=-Ximage-compiler-option
01-01 08:00:10.720 248 248 I zygote : option[32]=-Xms64m
01-01 08:00:10.720 248 248 I zygote : option[33]=-Ximage-compiler-option
01-01 08:00:10.720 248 248 I zygote : option[34]=--runtime-arg
01-01 08:00:10.720 248 248 I zygote : option[35]=-Ximage-compiler-option
01-01 08:00:10.720 248 248 I zygote : option[36]=-Xmx64m
01-01 08:00:10.720 248 248 I zygote : option[37]=-Ximage-compiler-option
01-01 08:00:10.720 248 248 I zygote : option[38]=--dirty-image-objects=/system/etc/dirty-image-objects
01-01 08:00:10.720 248 248 I zygote : option[39]=-Ximage-compiler-option
01-01 08:00:10.720 248 248 I zygote : option[40]=--instruction-set-variant=cortex-a7
01-01 08:00:10.720 248 248 I zygote : option[41]=-Ximage-compiler-option
01-01 08:00:10.720 248 248 I zygote : option[42]=--instruction-set-features=default
01-01 08:00:10.720 248 248 I zygote : option[43]=-Ximage-compiler-option
01-01 08:00:10.721 248 248 I zygote : option[44]=--generate-mini-debug-info
01-01 08:00:10.721 248 248 I zygote : option[45]=-Duser.locale=zh-CN
01-01 08:00:10.721 248 248 I zygote : option[46]=--cpu-abilist=armeabi-v7a,armeabi
01-01 08:00:10.721 248 248 I zygote : option[47]=-Xfingerprint:Dangbei/raven/raven:12/SP1A.211105.004/20250625.113549:user/release-keys
01-01 08:00:10.721 187 187 I hwservicemanager: getTransport: Cannot find entry android.hardware.configstore@1.1::ISurfaceFlingerConfigs/default in either framework or device VINTF manifest.
01-01 08:00:10.721 330 330 I bootstat: Service started: /system/bin/bootstat --set_system_boot_reason
01-01 08:00:10.722 282 282 I SurfaceFlinger: Disabling blur effects, they are not supported.
01-01 08:00:10.724 330 330 I bootstat: Canonical boot reason: reboot
01-01 08:00:10.724 330 330 I bootstat: Canonical boot reason: reboot
01-01 08:00:10.730 282 282 I SurfaceFlinger: SurfaceFlinger's main thread ready to run. Initializing graphics H/W...
01-01 08:00:10.731 282 282 D RenderEngine: RenderEngine with GLES Backend
01-01 08:00:10.738 1 1 W FAT-fs (mmcblk0p24): Volume was not properly unmounted. Some data may be corrupt. Please run fsck.
01-01 08:00:10.740 330 330 E bootstat: Failed to read /metadata/bootstat/persist.sys.boot.reason: No such file or directory
01-01 08:00:10.740 330 330 I bootstat: Value of persist.sys.boot.reason :
01-01 08:00:10.740 330 330 I bootstat: Normalized last reboot reason : reboot
01-01 08:00:10.743 248 248 W zygote : ART APEX data files are untrusted.
01-01 08:00:10.766 330 330 E bootstat: Failed to unlink /metadata/bootstat/persist.sys.boot.reason: No such file or directory
01-01 08:00:10.806 276 276 I ServiceManager: Waiting for service 'media.metrics' on '/dev/binder'...
01-01 08:00:10.804 328 328 I rainbow_flow: type=1400 audit(0.0:267): avc: denied { ioctl } for path="/dev/spidev1.0" dev="tmpfs" ino=5369 ioctlcmd=0x6b00 scontext=u:r:init:s0 tcontext=u:object_r:device:s0 tclass=chr_file permissive=1
01-01 08:00:10.812 336 336 I perfetto: probes.cc:84 Starting /system/bin/traced_probes service
01-01 08:00:10.813 336 345 I perfetto: _activity_trigger.cc:71 mm_events ftrace instance not found. Triggering of traces on memory pressure will not be available on this device.
01-01 08:00:10.808 269 269 I EventThread: type=1400 audit(0.0:268): avc: denied { search } for name="extcon" dev="sysfs" ino=18109 scontext=u:r:hal_tv_cec_default:s0 tcontext=u:object_r:sysfs_extcon:s0 tclass=dir permissive=1
01-01 08:00:10.808 269 269 I EventThread: type=1400 audit(0.0:269): avc: denied { read } for name="u:object_r:default_prop:s0" dev="tmpfs" ino=6224 scontext=u:r:hal_tv_cec_default:s0 tcontext=u:object_r:default_prop:s0 tclass=file permissive=1
01-01 08:00:10.808 269 269 I EventThread: type=1400 audit(0.0:270): avc: denied { open } for path="/dev/__properties__/u:object_r:default_prop:s0" dev="tmpfs" ino=6224 scontext=u:r:hal_tv_cec_default:s0 tcontext=u:object_r:default_prop:s0 tclass=file permissive=1
01-01 08:00:10.808 269 269 I EventThread: type=1400 audit(0.0:271): avc: denied { getattr } for path="/dev/__properties__/u:object_r:default_prop:s0" dev="tmpfs" ino=6224 scontext=u:r:hal_tv_cec_default:s0 tcontext=u:object_r:default_prop:s0 tclass=file permissive=1
01-01 08:00:10.808 269 269 I EventThread: type=1400 audit(0.0:272): avc: denied { map } for path="/dev/__properties__/u:object_r:default_prop:s0" dev="tmpfs" ino=6224 scontext=u:r:hal_tv_cec_default:s0 tcontext=u:object_r:default_prop:s0 tclass=file permissive=1
01-01 08:00:10.808 340 340 I preloaddata: type=1400 audit(0.0:273): avc: denied { write search } for name="tmp" dev="mmcblk0p25" ino=85 scontext=u:r:toolbox:s0 tcontext=u:object_r:shell_data_file:s0 tclass=dir permissive=1
01-01 08:00:10.808 340 340 I preloaddata: type=1400 audit(0.0:274): avc: denied { getattr } for path="/data/local/tmp" dev="mmcblk0p25" ino=85 scontext=u:r:toolbox:s0 tcontext=u:object_r:shell_data_file:s0 tclass=dir permissive=1
01-01 08:00:10.818 338 338 W perfetto: service.cc:207 Started traced, listening on /dev/socket/traced_producer /dev/socket/traced_consumer
01-01 08:00:10.820 336 336 I perfetto: probes_producer.cc:112 Connected to the service
01-01 08:00:10.840 322 324 D XM_HIDREAD: add@ add@/devices/platform/uwe_bsp.0
01-01 08:00:10.836 327 327 I xiriservice_All: type=1400 audit(0.0:275): avc: denied { read } for scontext=u:r:init:s0 tcontext=u:r:init:s0 tclass=netlink_kobject_uevent_socket permissive=1
01-01 08:00:10.841 322 324 D XM_HIDREAD: add@ add@/devices/platform/uwe_bsp.0/wakeup/wakeup8
01-01 08:00:10.842 170 170 I WCN : marlin_init entry!
01-01 08:00:10.843 170 170 I WCN : unisoc wcn driver version: W25.26.3, build time: Jun 25 2025 10:19:59 (UTC)
01-01 08:00:10.843 170 170 I WCN : wcn config keep power on
01-01 08:00:10.843 170 170 I WCN : wcn config bt wake host
01-01 08:00:10.844 170 170 I WCN : marlin_registsr_bt_wake bt_hostwake gpio=208 intnum=237
01-01 08:00:10.844 170 170 I sdiohal : sdiohal_parse_dt adma_tx:1, adma_rx:1, pwrseq:0, irq type:data, gpio_num:0, blksize:840
01-01 08:00:10.853 322 324 D XM_HIDREAD: add@ add@/class/slog_wcn
01-01 08:00:10.854 322 324 D XM_HIDREAD: add@ add@/devices/virtual/slog_wcn/slog_wcn0
01-01 08:00:10.854 322 324 D XM_HIDREAD: add@ add@/devices/virtual/slog_wcn/slog_wcn1
01-01 08:00:10.855 322 324 D XM_HIDREAD: add@ add@/devices/virtual/misc/wcn_op
01-01 08:00:10.847 170 170 E sdiohal err: sdio, BITS =64, PageSize =4096, order=6, 3
01-01 08:00:10.855 170 170 I sdiohal : sdiohal_init ok
01-01 08:00:10.857 170 170 I WCN : marlin_probe ok!
01-01 08:00:10.855 322 324 D XM_HIDREAD: add@ add@/bus/platform/drivers/uwe_bsp
01-01 08:00:10.856 322 324 D XM_HIDREAD: add@ add@/module/uwe5621_bsp_sdio
01-01 08:00:10.892 322 324 D XM_HIDREAD: add@ add@/devices/platform/mtty.0
01-01 08:00:10.893 322 324 D XM_HIDREAD: add@ add@/devices/virtual/tty/ttyBT0
01-01 08:00:10.890 170 170 E : uwe5621_bt_tty_init
01-01 08:00:10.895 170 170 E : mtty_probe unisoc soc, continue
01-01 08:00:10.895 170 170 I : mtty_probe init device addr: 0x0000000087f0cab8
01-01 08:00:10.901 170 170 E : rfkill_bluetooth_init
01-01 08:00:10.904 322 324 D XM_HIDREAD: add@ add@/devices/platform/mtty.0/rfkill/rfkill1
01-01 08:00:10.908 170 170 E : rfkill_bluetooth_init end
01-01 08:00:10.913 170 170 E : marlin_sdio_init
01-01 08:00:10.916 322 324 D XM_HIDREAD: add@ add@/bus/platform/drivers/mtty
01-01 08:00:10.917 322 324 D XM_HIDREAD: add@ add@/module/sprdbt_tty
01-01 08:00:10.966 282 282 D libEGL : loaded /vendor/lib/egl/libGLES_mali.so
01-01 08:00:10.996 1 1 I init : type=1400 audit(0.0:276): avc: denied { read } for name="ext_csd" dev="debugfs" ino=3054 scontext=u:r:init:s0 tcontext=u:object_r:debugfs_mmc:s0 tclass=file permissive=1
01-01 08:00:11.000 1 1 I init : type=1400 audit(0.0:277): avc: denied { open } for path="/sys/kernel/debug/mmc0/mmc0:0001/ext_csd" dev="debugfs" ino=3054 scontext=u:r:init:s0 tcontext=u:object_r:debugfs_mmc:s0 tclass=file permissive=1
01-01 08:00:11.040 354 354 I installd: installd firing up
01-01 08:00:11.060 360 360 I storaged: type=1400 audit(0.0:278): avc: denied { read } for path="/sys/kernel/debug/mmc0/mmc0:0001/ext_csd" dev="debugfs" ino=3054 scontext=u:r:storaged:s0 tcontext=u:object_r:debugfs_mmc:s0 tclass=file permissive=1
01-01 08:00:11.180 328 328 I rainbow_flow: type=1400 audit(0.0:279): avc: denied { ioctl } for path="/dev/spidev1.0" dev="tmpfs" ino=5369 ioctlcmd=0x6b00 scontext=u:r:init:s0 tcontext=u:object_r:device:s0 tclass=chr_file permissive=1
01-01 08:00:11.190 364 364 I wificond: wificond is starting up...
01-01 08:00:11.201 364 364 E cutils-trace: Error opening trace file: No such file or directory (2)
01-01 08:00:11.206 364 364 I HidlServiceManagement: Registered android.system.wifi.keystore@1.0::IKeystore/default
01-01 08:00:11.268 1 1 I init : type=1400 audit(0.0:280): avc: denied { add_name } for name="panic" scontext=u:r:init:s0 tcontext=u:object_r:sysfs:s0 tclass=dir permissive=1
01-01 08:00:11.286 369 369 D WifiHWInfo: Start to load wireless module hardware info table...
01-01 08:00:11.287 282 282 I RenderEngine: Realtime priority unsupported, degrading gracefully to high priority
01-01 08:00:11.295 369 369 D WifiHWInfo: Entry [01], BUS: SDIO, ID: 0x024C8179, Name: rtl8189es.
01-01 08:00:11.295 369 369 D WifiHWInfo: Entry [02], BUS: SDIO, ID: 0x024CB723, Name: rtl8723bs_vq0.
01-01 08:00:11.295 369 369 D WifiHWInfo: Entry [03], BUS: SDIO, ID: 0x024CB703, Name: rtl8723cs.
01-01 08:00:11.295 369 369 D WifiHWInfo: Entry [04], BUS: SDIO, ID: 0x024CD723, Name: rtl8723ds.
01-01 08:00:11.295 369 369 D WifiHWInfo: Entry [05], BUS: SDIO, ID: 0x024CF179, Name: rtl8189fs.
01-01 08:00:11.295 369 369 D WifiHWInfo: Entry [06], BUS: SDIO, ID: 0x024CB822, Name: rtl88x2bs.
01-01 08:00:11.295 369 369 D WifiHWInfo: Entry [07], BUS: USB, ID: 0x0BDAD723, Name: rtl8723du.
01-01 08:00:11.295 369 369 D WifiHWInfo: Entry [08], BUS: USB, ID: 0x0BDA8179, Name: rtl8188etv.
01-01 08:00:11.295 369 369 D WifiHWInfo: Entry [09], BUS: USB, ID: 0x0BDA0179, Name: rtl8188eu.
01-01 08:00:11.295 369 369 D WifiHWInfo: Entry [10], BUS: USB, ID: 0x0BDA818B, Name: rtl8192eu.
01-01 08:00:11.295 369 369 D WifiHWInfo: Entry [11], BUS: USB, ID: 0x0BDAB720, Name: rtl8723bu.
01-01 08:00:11.296 369 369 D WifiHWInfo: Entry [12], BUS: USB, ID: 0x0BDAC82C, Name: rtl8822cu.
01-01 08:00:11.296 369 369 D WifiHWInfo: Entry [13], BUS: USB, ID: 0x0BDAF179, Name: rtl8188fu.
01-01 08:00:11.296 369 369 D WifiHWInfo: Entry [14], BUS: SDIO, ID: 0x02D0A9A6, Name: ap6212.
01-01 08:00:11.296 369 369 D WifiHWInfo: Entry [15], BUS: SDIO, ID: 0x02D04330, Name: ap6330.
01-01 08:00:11.296 369 369 D WifiHWInfo: Entry [16], BUS: SDIO, ID: 0x02D04356, Name: ap6356s.
01-01 08:00:11.296 369 369 D WifiHWInfo: Entry [17], BUS: SDIO, ID: 0x02D0A9BF, Name: ap6255.
01-01 08:00:11.296 369 369 D WifiHWInfo: Entry [18], BUS: SDIO, ID: 0x02D04334, Name: bcm43342.
01-01 08:00:11.296 369 369 D WifiHWInfo: Entry [19], BUS: SDIO, ID: 0x00202281, Name: xr819.
01-01 08:00:11.296 369 369 D WifiHWInfo: Entry [20], BUS: SDIO, ID: 0x0A9E2282, Name: xr829.
01-01 08:00:11.296 369 369 D WifiHWInfo: Entry [21], BUS: SDIO, ID: 0x0271050A, Name: qca6174a.
01-01 08:00:11.296 369 369 D WifiHWInfo: Entry [22], BUS: SDIO, ID: 0x30303030, Name: ssv6x5x.
01-01 08:00:11.296 369 369 D WifiHWInfo: Entry [23], BUS: SDIO, ID: 0x00000000, Name: uwe5621.
01-01 08:00:11.296 369 369 D WifiHWInfo: Entry [24], BUS: SDIO, ID: 0x54490145, Name: aic8800.
01-01 08:00:11.296 369 369 D WifiHWInfo: Entry [25], BUS: SDIO, ID: 0xC8A1C08D, Name: aic8800.
01-01 08:00:11.296 369 369 D WifiHWInfo: Entry [26], BUS: USB, ID: 0xA69C8800, Name: aic8800.
01-01 08:00:11.296 369 369 D WifiHWInfo: Entry [27], BUS: USB, ID: 0x007A8888, Name: atbm6023is.
01-01 08:00:11.296 369 369 D WifiHWInfo: Entry [28], BUS: SDIO, ID: 0x02E79086, Name: 9012p.
01-01 08:00:11.296 369 369 D WifiHWInfo: Entry [29], BUS: SDIO, ID: 0x007A6011, Name: atbm613x_wifi_sdio.
01-01 08:00:11.296 369 369 D WifiHWInfo: Entry [30], BUS: SDIO, ID: 0x024CC822, Name: 88x2cs.
01-01 08:00:11.296 369 369 D WifiHWInfo: Entry [31], BUS: SDIO, ID: 0x000018F0, Name: dummy.
01-01 08:00:11.296 369 369 D HWINFO : ********** Wireless information **********
01-01 08:00:11.296 369 369 D HWINFO : module vendor: sprd
01-01 08:00:11.296 369 369 D HWINFO : module name : uwe5621
01-01 08:00:11.296 369 369 D HWINFO : wifi hal name: libwifi-hal-sprd.so
01-01 08:00:11.296 369 369 D HWINFO : libbt-vendor : libbt-sprd.so
01-01 08:00:11.296 369 369 D HWINFO : is bt support: 1
01-01 08:00:11.296 369 369 D HWINFO : ******************************************
01-01 08:00:11.298 368 368 D dom2reg : timezone change, new: Asia/Shanghai, pre:
01-01 08:00:11.299 368 368 D dom2reg : convert timezone to alpha2 country code: CN
01-01 08:00:11.308 368 368 D dom2reg : regulatory set to [CN] success(0)
01-01 08:00:11.308 269 269 I EventThread: type=1400 audit(0.0:281): avc: denied { search } for name="extcon" dev="sysfs" ino=18109 scontext=u:r:hal_tv_cec_default:s0 tcontext=u:object_r:sysfs_extcon:s0 tclass=dir permissive=1
01-01 08:00:11.326 373 373 I gatekeeperd: Starting gatekeeperd...
01-01 08:00:11.328 272 272 W HidlServiceManagement: Waited one second for vendor.display.config@1.0::IDisplayConfig/default
01-01 08:00:11.329 187 187 I hwservicemanager: Since vendor.display.config@1.0::IDisplayConfig/default is not registered, trying to start it as a lazy HAL.
01-01 08:00:11.328 327 327 I xiriservice_All: type=1400 audit(0.0:282): avc: denied { read } for scontext=u:r:init:s0 tcontext=u:r:init:s0 tclass=netlink_kobject_uevent_socket permissive=1
01-01 08:00:11.336 170 170 I sunxi-rfkill soc@3000000: rfkill: set block: 1
01-01 08:00:11.336 170 170 I sunxi-rfkill soc@3000000: rfkill: bt power off success
01-01 08:00:11.343 373 373 E cutils-trace: Error opening trace file: No such file or directory (2)
01-01 08:00:11.345 272 272 I HidlServiceManagement: getService: Trying again for vendor.display.config@1.0::IDisplayConfig/default...
01-01 08:00:11.373 187 385 W libc : Unable to set property "ctl.interface_start" to "vendor.display.config@1.0::IDisplayConfig/default": error code: 0x20
01-01 08:00:11.422 376 376 E cutils-trace: Error opening trace file: No such file or directory (2)
01-01 08:00:11.422 187 187 I hwservicemanager: getTransport: Cannot find entry android.hardware.graphics.mapper@4.0::IMapper/default in either framework or device VINTF manifest.
01-01 08:00:11.423 282 282 I Gralloc4: mapper 4.x is not supported
01-01 08:00:11.427 187 187 I hwservicemanager: getTransport: Cannot find entry android.hardware.graphics.mapper@3.0::IMapper/default in either framework or device VINTF manifest.
01-01 08:00:11.431 282 282 W Gralloc3: mapper 3.x is not supported
01-01 08:00:11.481 376 376 I usbd : Usb HAL found.
01-01 08:00:11.481 376 376 I usbd : peristent prop is adb
01-01 08:00:11.491 271 271 I android.hardware.usb.gadget@1.1-service.aw: setCurrentUsbFunctions None
01-01 08:00:11.491 271 271 I android.hardware.usb.gadget@1.1-service.aw: Gadget cannot be pulled down
01-01 08:00:11.492 271 271 I android.hardware.usb.gadget@1.1-service.aw: mMonitor not running
01-01 08:00:11.492 271 271 I android.hardware.usb.gadget@1.1-service.aw: Returned from tearDown gadget
01-01 08:00:11.512 282 282 E gralloc : Arm Module v1.0
01-01 08:00:11.528 187 187 I hwservicemanager: getTransport: Cannot find entry android.hardware.graphics.allocator@4.0::IAllocator/default in either framework or device VINTF manifest.
01-01 08:00:11.528 282 282 W Gralloc4: allocator 4.x is not supported
01-01 08:00:11.529 187 187 I hwservicemanager: getTransport: Cannot find entry android.hardware.graphics.allocator@3.0::IAllocator/default in either framework or device VINTF manifest.
01-01 08:00:11.535 282 282 W Gralloc3: allocator 3.x is not supported
01-01 08:00:11.563 261 291 E ion : ioctl c0044901 failed with code -1: Inappropriate ioctl for device
01-01 08:00:11.563 261 291 I gralloc : alloc buffer:W:1 H:1 S:16 PL[1 1] SZ:64 fmt:1 if:0 af:1 usg:300 fg:00000004
01-01 08:00:11.564 282 282 E ion : ioctl c0044901 failed with code -1: Inappropriate ioctl for device
01-01 08:00:11.566 282 282 I RenderEngine: OpenGL ES informations:
01-01 08:00:11.568 375 375 I update_engine: [INFO:main.cc(55)] A/B Update Engine starting
01-01 08:00:11.573 248 248 D zygote : Time zone APEX ICU file found: /apex/com.android.tzdata/etc/icu/icu_tzdata.dat
01-01 08:00:11.575 248 248 D zygote : I18n APEX ICU file found: /apex/com.android.i18n/etc/icu/icudt68l.dat
01-01 08:00:11.575 187 385 I hwservicemanager: Tried to start vendor.display.config@1.0::IDisplayConfig/default as a lazy service, but was unable to. Usually this happens when a service is not installed, but if the service is intended to be used as a lazy service, then it may be configured incorrectly.
01-01 08:00:11.576 282 282 I RenderEngine: vendor : ARM
01-01 08:00:11.576 282 282 I RenderEngine: renderer : Mali-G31
01-01 08:00:11.576 282 282 I RenderEngine: version : OpenGL ES 3.2 v1.r20p0-01rel0.9f6475d0baffb05079096179e1278b1d
01-01 08:00:11.576 282 282 I RenderEngine: extensions: GL_EXT_debug_marker GL_ARM_rgba8 GL_ARM_mali_shader_binary GL_OES_depth24 GL_OES_depth_texture GL_OES_depth_texture_cube_map GL_OES_packed_depth_stencil GL_OES_rgb8_rgba8 GL_EXT_read_format_bgra GL_OES_compressed_paletted_texture GL_OES_compressed_ETC1_RGB8_texture GL_OES_standard_derivatives GL_OES_EGL_image GL_OES_EGL_image_external GL_OES_EGL_image_external_essl3 GL_OES_EGL_sync GL_OES_texture_npot GL_OES_vertex_half_float GL_OES_required_internalformat GL_OES_vertex_array_object GL_OES_mapbuffer GL_EXT_texture_format_BGRA8888 GL_EXT_texture_rg GL_EXT_texture_type_2_10_10_10_REV GL_OES_fbo_render_mipmap GL_OES_element_index_uint GL_EXT_shadow_samplers GL_OES_texture_compression_astc GL_KHR_texture_compression_astc_ldr GL_KHR_texture_compression_astc_hdr GL_KHR_texture_compression_astc_sliced_3d GL_EXT_texture_compression_astc_decode_mode GL_EXT_texture_compression_astc_decode_mode_rgb9e5 GL_KHR_debug GL_EXT_occlusion_query_boolean GL_EXT_disjoint_timer_query GL_EXT_blend_minmax GL_EXT_discard_
01-01 08:00:11.576 282 282 I RenderEngine: GL_MAX_TEXTURE_SIZE = 8192
01-01 08:00:11.576 282 282 I RenderEngine: GL_MAX_VIEWPORT_DIMS = 8192
01-01 08:00:11.576 282 282 W libprocessgroup: Failed to open /dev/cpuset/system-background/tasks: Permission denied: Permission denied
01-01 08:00:11.576 282 282 W libprocessgroup: Failed to apply SFMainPolicy task profile: Permission denied
01-01 08:00:11.578 375 375 E cutils-trace: Error opening trace file: No such file or directory (2)
01-01 08:00:11.592 271 271 I android.hardware.usb.gadget@1.1-service.aw: setCurrentUsbFunctions Adb
01-01 08:00:11.593 271 271 I android.hardware.usb.gadget@1.1-service.aw: Service started
01-01 08:00:11.593 271 271 I android.hardware.usb.gadget@1.1-service.aw: enable usbradio debug functions
01-01 08:00:11.593 271 271 I android.hardware.usb.gadget@1.1-service.aw: Usb Gadget setcurrent functions called successfully
01-01 08:00:11.611 387 387 I adbd : persist.adb.watchdog set to ''
01-01 08:00:11.612 387 387 I adbd : persist.sys.test_harness set to ''
01-01 08:00:11.612 387 387 I adbd : adb watchdog timeout set to 600 seconds
01-01 08:00:11.612 357 357 V MediaUtils: physMem: 2055442432
01-01 08:00:11.613 387 387 I adbd : Setup mdns on port= 5555
01-01 08:00:11.613 387 387 I adbd : adbd listening on tcp:5555
01-01 08:00:11.614 387 387 I adbd : adbd listening on vsock:5555
01-01 08:00:11.614 387 387 I adbd : adbd started
01-01 08:00:11.617 367 367 I android.hardware.media.omx@1.0-service: mediacodecservice starting
01-01 08:00:11.619 387 392 I adbd : opening control endpoint /dev/usb-ffs/adb/ep0
01-01 08:00:11.622 392 392 I : read descriptors
01-01 08:00:11.623 392 392 I : read strings
01-01 08:00:11.616 327 327 I xiriservice_All: type=1400 audit(0.0:283): avc: denied { read } for scontext=u:r:init:s0 tcontext=u:r:init:s0 tclass=netlink_kobject_uevent_socket permissive=1
01-01 08:00:11.621 271 388 I android.hardware.usb.gadget@1.1-service.aw: GADGET pulled up
01-01 08:00:11.626 375 375 I update_engine: [INFO:boot_control_android.cc(69)] Loaded boot control hidl hal.
01-01 08:00:11.627 387 390 I adbd : Waiting for persist.adb.tls_server.enable=1
01-01 08:00:11.628 387 392 I adbd : UsbFfsConnection constructed
01-01 08:00:11.628 387 390 I adbd : persist.adb.tls_server.enable changed to 1
01-01 08:00:11.630 357 357 V MediaUtils: requested limit: 134217728
01-01 08:00:11.631 387 398 I adbd : UsbFfs-monitor thread spawned
01-01 08:00:11.632 387 398 I adbd : USB event: FUNCTIONFS_BIND
01-01 08:00:11.635 357 357 I libc : malloc_limit: Allocation limit enabled, max size 134217728 bytes
01-01 08:00:11.638 357 357 D AudioPowerUsage: AudioPowerUsage
01-01 08:00:11.638 375 375 I update_engine: [INFO:daemon_state_android.cc(44)] Booted in dev mode.
01-01 08:00:11.638 387 390 I adbd : adbwifi started on port 45231
01-01 08:00:11.639 387 390 I adbd : TlsServer running on port 45231
01-01 08:00:11.639 387 390 I adbd : adb wifi started on port 45231
01-01 08:00:11.640 367 367 W android.hardware.media.omx@1.0-service: Could not read additional policy file '/vendor/etc/seccomp_policy/mediacodec.policy'
01-01 08:00:11.640 367 367 W android.hardware.media.omx@1.0-service: libminijail[367]: failed to get path of fd 4: No such file or directory
01-01 08:00:11.640 367 367 W android.hardware.media.omx@1.0-service: libminijail[367]: allowing syscall: clock_gettime
01-01 08:00:11.640 387 390 I adbd : Waiting for persist.adb.tls_server.enable=0
01-01 08:00:11.640 367 367 W android.hardware.media.omx@1.0-service: libminijail[367]: allowing syscall: connect
01-01 08:00:11.640 367 367 W android.hardware.media.omx@1.0-service: libminijail[367]: allowing syscall: fcntl64
01-01 08:00:11.642 367 367 W android.hardware.media.omx@1.0-service: libminijail[367]: allowing syscall: socket
01-01 08:00:11.643 387 400 I adbd : Registering secure_connect service (adb-DZOH58251975972-BGYj1f)
01-01 08:00:11.646 187 187 I hwservicemanager: getTransport: Cannot find entry android.hardware.graphics.mapper@4.0::IMapper/default in either framework or device VINTF manifest.
01-01 08:00:11.646 262 262 I ComposerResources: failed to get mapper 4.0 service, falling back to mapper 3.0
01-01 08:00:11.648 367 367 W android.hardware.media.omx@1.0-service: libminijail[367]: allowing syscall: writev
01-01 08:00:11.649 187 187 I hwservicemanager: getTransport: Cannot find entry android.hardware.graphics.mapper@3.0::IMapper/default in either framework or device VINTF manifest.
01-01 08:00:11.650 262 262 I ComposerResources: failed to get mapper 3.0 service, falling back to mapper 2.0
01-01 08:00:11.657 357 357 D AudioAnalytics: AudioAnalytics
01-01 08:00:11.657 357 357 D MediaMetricsService: MediaMetricsService
01-01 08:00:11.659 262 262 E gralloc : Arm Module v1.0
01-01 08:00:11.664 367 367 W android.hardware.media.omx@1.0-service: libminijail[367]: compile_file: (59): syscall getrandom redefined here
01-01 08:00:11.665 367 367 W android.hardware.media.omx@1.0-service: libminijail[367]: compile_file: (15): previous definition here
01-01 08:00:11.670 375 375 I update_engine: [INFO:update_attempter_android.cc(1082)] Scheduling CleanupPreviousUpdateAction.
01-01 08:00:11.672 356 356 I main_extractorservice: enable media.extractor memory limits
01-01 08:00:11.672 371 371 E cutils-trace: Error opening trace file: No such file or directory (2)
01-01 08:00:11.675 262 262 I sunxihwc: createDeviceFactory: IDeviceFactory from hardware/aw/display/hwc-hal/disp2/HomletDeviceFactory.cpp
01-01 08:00:11.675 262 262 I sunxihwc: Device name: raven
01-01 08:00:11.676 367 367 W android.hardware.media.omx@1.0-service: libminijail[367]: compile_file: /system/etc/seccomp_policy/crash_dump.arm.policy(1): syscall read redefined here
01-01 08:00:11.676 367 367 W android.hardware.media.omx@1.0-service: libminijail[367]: compile_file: (9): previous definition here
01-01 08:00:11.676 367 367 W android.hardware.media.omx@1.0-service: libminijail[367]: compile_file: /system/etc/seccomp_policy/crash_dump.arm.policy(2): syscall write redefined here
01-01 08:00:11.676 367 367 W android.hardware.media.omx@1.0-service: libminijail[367]: compile_file: (5): previous definition here
01-01 08:00:11.676 367 367 W android.hardware.media.omx@1.0-service: libminijail[367]: compile_file: /system/etc/seccomp_policy/crash_dump.arm.policy(3): syscall exit redefined here
01-01 08:00:11.676 367 367 W android.hardware.media.omx@1.0-service: libminijail[367]: compile_file: (40): previous definition here
01-01 08:00:11.676 367 367 W android.hardware.media.omx@1.0-service: libminijail[367]: compile_file: /system/etc/seccomp_policy/crash_dump.arm.policy(4): syscall rt_sigreturn redefined here
01-01 08:00:11.676 367 367 W android.hardware.media.omx@1.0-service: libminijail[367]: compile_file: (45): previous definition here
01-01 08:00:11.676 367 367 W android.hardware.media.omx@1.0-service: libminijail[367]: compile_file: /system/etc/seccomp_policy/crash_dump.arm.policy(6): syscall exit_group redefined here
01-01 08:00:11.676 367 367 W android.hardware.media.omx@1.0-service: libminijail[367]: compile_file: (44): previous definition here
01-01 08:00:11.676 367 367 W android.hardware.media.omx@1.0-service: libminijail[367]: compile_file: /system/etc/seccomp_policy/crash_dump.arm.policy(7): syscall clock_gettime redefined here
01-01 08:00:11.677 262 262 D sunxihwc: Device config file: /vendor/etc/dispconfigs/homlet-default.json
01-01 08:00:11.677 367 367 W android.hardware.media.omx@1.0-service: libminijail[367]: compile_file: (7): previous definition here
01-01 08:00:11.677 367 367 W android.hardware.media.omx@1.0-service: libminijail[367]: compile_file: /system/etc/seccomp_policy/crash_dump.arm.policy(8): syscall gettimeofday redefined here
01-01 08:00:11.677 367 367 W android.hardware.media.omx@1.0-service: libminijail[367]: compile_file: (47): previous definition here
01-01 08:00:11.677 367 367 W android.hardware.media.omx@1.0-service: libminijail[367]: compile_file: /system/etc/seccomp_policy/crash_dump.arm.policy(9): syscall futex redefined here
01-01 08:00:11.677 367 367 W android.hardware.media.omx@1.0-service: libminijail[367]: compile_file: (3): previous definition here
01-01 08:00:11.677 367 367 W android.hardware.media.omx@1.0-service: libminijail[367]: compile_file: /system/etc/seccomp_policy/crash_dump.arm.policy(10): syscall getrandom redefined here
01-01 08:00:11.677 367 367 W android.hardware.media.omx@1.0-service: libminijail[367]: compile_file: (15): previous definition here
