06-25 14:28:31.188 2641 2782 D OTT_Statistics_SA: [StatisticsLog][get key:ott_sysData={"i":"47e5e4bb","v":"2.1.6","ter":"androidtv","apcn":"253100","apv":"3.14.6","di":"AllwinnerDBBOX-A2","nt":"WiFi","os":"12","sid":"1fb8a3588611eaf1589473cc1f45f645","mac":"20:02:fe:19:c2:0e","vid":"20:02:fe:19:c2:0e","ext":{"Android_id":"72dde6eb932d08d2","imei_id":""}}]:
06-25 14:28:31.188 2641 2782 D OTT_Statistics_SA: [StatisticsLog][get key:ott_page=]:
06-25 14:28:31.188 2641 2782 D OTT_Statistics_SA: [StatisticsLog][get key:ott_click=]:
06-25 14:28:31.189 2641 2782 D OTT_Statistics_SA: [StatisticsLog][get key:ott_search=]:
06-25 14:28:31.189 2641 2782 D OTT_Statistics_SA: [StatisticsLog][get key:ott_exposure=]:
06-25 14:28:31.189 2641 2782 D OTT_Statistics_SA: [StatisticsLog][get key:ott_customevent=]:
06-25 14:28:31.190 2641 2782 D OTT_Statistics_SA: [StatisticsLog][get key:ott_play=]:
06-25 14:28:31.190 2641 2769 D OTT_Statistics_SA: [StatisticsLog][deviceID = 72dde6eb932d08d2]:
06-25 14:28:31.190 2641 2769 E OTT_Statistics_SA: [StatisticsLog][screenWH = 1920*1080 density = 1.5]:
06-25 14:28:31.190 2641 2782 D OTT_Statistics_SA: [StatisticsLog][get key:ott_appStartTime={"apst":"20250626161357049","apstp":"0","cm":"2","ac":"armeabi-v7a","rl":"1920*1080","ext":{}}]:
06-25 14:28:31.190 2641 2769 D OTT_Statistics_SA: [StatisticsLog][setPPTVMode() controlMode = 2 userMode = ]:
06-25 14:28:31.191 2641 2769 D OTT_Statistics_SA: [StatisticsLog][setStartType() type = 0]:
06-25 14:28:31.191 2641 2769 D OTT_Statistics_SA: [StatisticsLog][setTerminalType terminalType = androidtv]:
06-25 14:28:31.191 2641 2782 D OTT_Statistics_SA: [StatisticsLog][remove key:ott_appStartTime]:
06-25 14:28:31.191 2641 2769 E OTT_Statistics_SA: [StatisticsLog][setCPUInfo() = armeabi-v7a]:
06-25 14:28:31.191 2641 2769 D OTT_Statistics_SA: [StatisticsLog][setCPUInfo info = armeabi-v7a]:
06-25 14:28:31.191 2641 2769 D OTT_Statistics_SA: [StatisticsLog][setViptype type = ]:
06-25 14:28:31.192 2641 2769 D OTT_Statistics_SA: [StatisticsLog][setPhoneMember phoneCode = ]:
06-25 14:28:31.192 2641 2769 D OTT_Statistics_SA: [StatisticsLog][set sn id > ebuyId= ,ppId=,loginId]:
06-25 14:28:31.192 2641 2641 D OTT_Statistics_SA: [StatisticsLog][cancel timer task]:
06-25 14:28:31.192 2641 2641 D OTT_Statistics_SA: [StatisticsLog][start timer task]:
06-25 14:28:31.195 2641 2782 D OTT_Statistics_SA: [StatisticsLog][get key:ott_appEndTime=]:
06-25 14:28:31.195 2641 2782 D OTT_Statistics_SA: [StatisticsLog][get key:ott_page_new=]:
06-25 14:28:31.195 2641 2782 D OTT_Statistics_SA: [StatisticsLog][get key:ott_sendQueue=]:
06-25 14:28:31.195 2641 2782 D OTT_Statistics_SA: [StatisticsLog][save cover key:ott_sendQueue=ott_send_id_1]:
06-25 14:28:31.199 2641 2782 D OTT_Statistics_SA: [StatisticsLog][save cover key:ott_send_id_1=t=17&biz=[{"apst":"20250626161357049","apstp":"0","cm":"2","ac":"armeabi-v7a","rl":"1920*1080","ext":{}}]&sys={"i":"47e5e4bb","v":"2.1.6","ter":"androidtv","apcn":"253100","apv":"3.14.6","di":"AllwinnerDBBOX-A2","nt":"WiFi","os":"12","sid":"1fb8a3588611eaf1589473cc1f45f645","mac":"20:02:fe:19:c2:0e","vid":"20:02:fe:19:c2:0e","ext":{"Android_id":"72dde6eb932d08d2","imei_id":""}}]:
06-25 14:28:31.247 2641 2769 D StatisticsManager: [BipToolsHelper][getBtMacAddressForM] Failed to get bluetooth mac address for above android 6.0.
06-25 14:28:31.248 2641 2769 W System.err: java.lang.reflect.InvocationTargetException
06-25 14:28:31.249 2641 2769 W System.err: at java.lang.reflect.Method.invoke(Native Method)
06-25 14:28:31.249 2641 2769 W System.err: at com.pptv.statistic.bip.helper.BipToolsHelper.getBtMacAddressForM(BipToolsHelper.java:6)
06-25 14:28:31.249 2641 2769 W System.err: at com.pptv.statistic.bip.helper.BipToolsHelper.getBTMac(BipToolsHelper.java:2)
06-25 14:28:31.249 2641 2769 W System.err: at com.pptv.statistic.bip.helper.BipToolsHelper.initSaStatistics(BipToolsHelper.java:9)
06-25 14:28:31.249 2641 2769 W System.err: at com.pptv.ottplayer.external.OTTPlayerManager.initBipParam(OTTPlayerManager.java:10)
06-25 14:28:31.249 2641 2769 W System.err: at com.pptv.ottplayer.external.OTTPlayerManager$2.onAuthSuccessCallback(OTTPlayerManager.java:1)
06-25 14:28:31.249 2641 2769 W System.err: at com.pptv.ottplayer.api.auth.ThirdProofUtils$2.querySucceed(ThirdProofUtils.java:3)
06-25 14:28:31.249 2641 2769 W System.err: at com.pptv.ottplayer.api.auth.Authenticate$1.run(Authenticate.java:18)
06-25 14:28:31.249 2641 2769 W System.err: at java.lang.Thread.run(Thread.java:920)
06-25 14:28:31.250 2641 2769 W System.err: Caused by: java.lang.SecurityException: Need LOCAL_MAC_ADDRESS permission: Neither user 10077 nor current process has android.permission.LOCAL_MAC_ADDRESS.
06-25 14:28:31.251 2641 2769 W System.err: at android.os.Parcel.createExceptionOrNull(Parcel.java:2425)
06-25 14:28:31.251 2641 2769 W System.err: at android.os.Parcel.createException(Parcel.java:2409)
06-25 14:28:31.251 2641 2769 W System.err: at android.os.Parcel.readException(Parcel.java:2392)
06-25 14:28:31.251 2641 2769 W System.err: at android.os.Parcel.readException(Parcel.java:2334)
06-25 14:28:31.251 2641 2769 W System.err: at android.bluetooth.IBluetooth$Stub$Proxy.getAddress(IBluetooth.java:2434)
06-25 14:28:31.251 2641 2769 W System.err: ... 9 more
06-25 14:28:31.251 2641 2769 I StatisticsManager: [BipToolsHelper][getBTMac] BTMac:
06-25 14:28:31.252 2641 2769 E OTT_Statistics_SA: [StatisticsLog][setMacValue() = 20:02:fe:19:c2:0e]:
06-25 14:28:31.253 2641 2641 D OTT_Statistics_SA: [StatisticsLog][app launch start]:
06-25 14:28:31.253 2641 2641 I OTT_Statistics_SA: [StatisticsLog][app start sdknm:]:
06-25 14:28:31.254 2641 2641 D OTT_Statistics_SA: [StatisticsLog][app launch time-20250625142831253]:
06-25 14:28:31.254 2641 2782 D OTT_Statistics_SA: [StatisticsLog][save append v1:ott_appStartTime={"apst":"20250625142831253","apstp":"0","cm":"2","ac":"armeabi-v7a","rl":"1920*1080","ext":{}}]:
06-25 14:28:31.254 2641 2641 D OTT_Statistics_SA: [StatisticsLog][setSessionID--called:b5be53ea554ad947a090465e321cc80f]:
06-25 14:28:31.254 2641 2641 D OTT_Statistics_SA: [StatisticsLog][cancel timer task]:
06-25 14:28:31.255 2641 2641 D OTT_Statistics_SA: [StatisticsLog][start timer task]:
06-25 14:28:31.260 2641 2782 E OTT_Statistics_SA: [StatisticsLog][config url = http://click.suning.cn/sa/conf/appSDKConfig.gif?i=47e5e4bb]:
06-25 14:28:31.314 477 583 W TelephonyPermissions: reportAccessDeniedToReadIdentifiers:com.tv.kuaisou:getSerial:-1
06-25 14:28:31.380 2641 2782 E OTT_Statistics_SA: [StatisticsLog][config response result {"appConfig":{"switch.oaidmod.sdk":[],"accessing":"0","log.url.prd":"ssac.suning.com\/psdk.gif","log.url.pre":"ssacprexg.suning.com\/psdk.gif","log.url.sit":"ssad.cnsuning.com\/psdk.gif","appKey":"47e5e4bb","version":"1604902108034","upload.interval.play":"30","switch.oaid.sdk":"0"},"encryptConfig":{"eni":"true","ena":"true","enh":"true"},"sdkConfig":{"totalSendItems":10,"voiceSendItems":20,"serverTime":"1750925702874","protocol":"http"}}]:
06-25 14:28:31.380 2641 2782 D OTT_Statistics_SA: [StatisticsLog][appConfigJson - {"switch.oaidmod.sdk":[],"accessing":"0","log.url.prd":"ssac.suning.com\/psdk.gif","log.url.pre":"ssacprexg.suning.com\/psdk.gif","log.url.sit":"ssad.cnsuning.com\/psdk.gif","appKey":"47e5e4bb","version":"1604902108034","upload.interval.play":"30","switch.oaid.sdk":"0"}]:
06-25 14:28:31.381 2641 2782 D OTT_Statistics_SA: [StatisticsLog][save cover key:ott_sitUrl=ssad.cnsuning.com/psdk.gif]:
06-25 14:28:31.381 2641 2782 D OTT_Statistics_SA: [StatisticsLog][save cover key:ott_prdUrl=ssac.suning.com/psdk.gif]:
06-25 14:28:31.382 2641 2782 D OTT_Statistics_SA: [StatisticsLog][save cover key:ott_preUrl=ssacprexg.suning.com/psdk.gif]:
06-25 14:28:31.382 2641 2782 D OTT_Statistics_SA: [StatisticsLog][save cover key:accessing=0]:
01-01 08:00:36.741 425 425 W hdr10p_Configure: 31 callbacks suppressed
01-01 08:00:36.741 425 425 I : DVI mode selected: packets not configured
01-01 08:00:36.741 425 425 W set_vsif_config: 31 callbacks suppressed
01-01 08:00:36.741 425 425 I : Error: set vsif failed
01-01 08:00:36.774 425 425 I : DVI mode selected: packets not configured
01-01 08:00:36.774 425 425 I : Error: set vsif failed
06-25 14:28:31.472 477 525 W IorapForwardingService: No service published for: iorapd
01-01 08:00:36.792 425 425 I : DVI mode selected: packets not configured
01-01 08:00:36.792 425 425 I : Error: set vsif failed
01-01 08:00:36.810 425 425 I : DVI mode selected: packets not configured
01-01 08:00:36.810 425 425 I : Error: set vsif failed
01-01 08:00:36.841 425 425 I : DVI mode selected: packets not configured
01-01 08:00:36.841 425 425 I : Error: set vsif failed
01-01 08:00:36.858 425 425 I : DVI mode selected: packets not configured
01-01 08:00:36.858 425 425 I : Error: set vsif failed
01-01 08:00:36.874 425 425 I : DVI mode selected: packets not configured
01-01 08:00:36.874 425 425 I : Error: set vsif failed
01-01 08:00:36.891 425 425 I : DVI mode selected: packets not configured
01-01 08:00:36.891 425 425 I : Error: set vsif failed
01-01 08:00:36.908 425 425 I : DVI mode selected: packets not configured
01-01 08:00:36.908 425 425 I : Error: set vsif failed
01-01 08:00:36.924 425 425 I : DVI mode selected: packets not configured
01-01 08:00:36.924 425 425 I : Error: set vsif failed
06-25 14:28:31.711 477 583 W TelephonyPermissions: reportAccessDeniedToReadIdentifiers:com.tv.kuaisou:getSerial:-1
06-25 14:28:31.749 254 979 E bt_upio : upio_set : /proc/bluetooth/sleep/btwrite(-1) incorrent
06-25 14:28:31.956 2401 2401 I CrashSDKNormalH: type=1400 audit(0.0:1750): avc: denied { search } for name="com.dangbei.screencast" dev="mmcblk0p25" ino=891 scontext=u:r:platform_app:s0:c512,c768 tcontext=u:object_r:app_data_file:s0:c512,c768 tclass=dir permissive=1 app=com.dangbei.screencast
06-25 14:28:31.956 2401 2401 I CrashSDKNormalH: type=1400 audit(0.0:1751): avc: denied { open } for path="/data/user/0/com.dangbei.screencast/crashsdk/tags/cr.wa" dev="mmcblk0p25" ino=2287 scontext=u:r:platform_app:s0:c512,c768 tcontext=u:object_r:app_data_file:s0:c512,c768 tclass=file permissive=1 app=com.dangbei.screencast
06-25 14:28:31.956 2401 2401 I CrashSDKNormalH: type=1400 audit(0.0:1752): avc: denied { lock } for path="/data/user/0/com.dangbei.screencast/crashsdk/tags/cr.wa" dev="mmcblk0p25" ino=2287 scontext=u:r:platform_app:s0:c512,c768 tcontext=u:object_r:app_data_file:s0:c512,c768 tclass=file permissive=1 app=com.dangbei.screencast
06-25 14:28:32.332 2641 2652 W SQLiteConnectionPool: A SQLiteConnection object for database '/storage/emulated/0/Android/.D43447A180D59EEF0EA5A6803083B686/.D1C593128F43E2D009A968D7C663F774' was leaked! Please fix your application to end transactions in progress properly and to close the database when it is no longer needed.
06-25 14:28:32.332 2641 2652 W System : A resource failed to call close.
06-25 14:28:32.333 2641 2652 W SQLiteConnectionPool: A SQLiteConnection object for database '/storage/emulated/0/Android/.D43447A180D59EEF0EA5A6803083B686/.D1C593128F43E2D009A968D7C663F774' was leaked! Please fix your application to end transactions in progress properly and to close the database when it is no longer needed.
06-25 14:28:32.333 2641 2652 W System : A resource failed to call close.
06-25 14:28:32.334 2641 2652 W System : A resource failed to call close.
06-25 14:28:32.334 2641 2652 W System : A resource failed to call close.
06-25 14:28:32.334 2641 2652 W System : A resource failed to call close.
06-25 14:28:32.475 477 525 W IorapForwardingService: No service published for: iorapd
06-25 14:28:32.956 2401 2401 I CrashSDKNormalH: type=1400 audit(0.0:1753): avc: denied { getattr } for path="/data/user/0/com.dangbei.screencast/crashsdk/tags" dev="mmcblk0p25" ino=1896 scontext=u:r:platform_app:s0:c512,c768 tcontext=u:object_r:app_data_file:s0:c512,c768 tclass=dir permissive=1 app=com.dangbei.screencast
06-25 14:28:32.979 2641 2746 D PlayerSdkProxy@c057bc2: >>initialize
06-25 14:28:32.987 2641 2834 D PlayerSdkProxy@c057bc2: InitRunnable run()
06-25 14:28:32.987 2641 2834 D PlayerSdk/PlayerSdkProvider: >> createInstanceFromPlugin
06-25 14:28:32.988 2641 2834 W PluginDebugUtils: needDebug<<(key=upgradeIntervalDebug)
06-25 14:28:32.988 2641 2834 W GalaUtils/SysPropUtils: >> safeInvoke(method:public static boolean android.os.SystemProperties.getBoolean(java.lang.String,boolean), key:upgradeIntervalDebug, def:false)
06-25 14:28:32.989 2641 2834 W GalaUtils/SysPropUtils: << safeInvoke: return=false
06-25 14:28:32.989 2641 2834 W PluginDebugUtils: needDebug() returns false
06-25 14:28:32.991 2641 2834 W PluginPropertyConfig: getUpgradeInterval() return 86400000
06-25 14:28:32.991 2641 2834 W PluginDebugUtils: setDebug returns false
06-25 14:28:32.991 2641 2834 W UpgradeManager: UpgradeManager(context=com.tv.kuaisou.TV_application@5603903)
06-25 14:28:32.991 2641 2834 W StorageManager: StorageManager<<(context=com.tv.kuaisou.TV_application@5603903, info=AppInfo(mHostAllowDebug=false), isMultiProcessfalse)
06-25 14:28:32.995 2641 2834 W StorageStub@c8926ed: StorageStub<<(context=com.tv.kuaisou.TV_application@5603903, info=AppInfo(mHostAllowDebug=false))
06-25 14:28:32.995 2641 2834 W StorageStub@c8926ed: StorageStub>>()
06-25 14:28:32.995 2641 2834 W StorageManager: StorageManager>>()mFileRootPath->/data/user/0/com.tv.kuaisou/files
06-25 14:28:32.995 2641 2834 W StorageManager: StorageManager>>()mFileRootPathSd->/storage/emulated/0/Android/data/com.tv.kuaisou/files/plugin
06-25 14:28:32.995 2641 2834 W PluginHelper: deleteOldVerionFile<<()
06-25 14:28:32.995 2641 2834 W StorageManager: StorageManager>> mPluginFileRootPath=/data/user/0/com.tv.kuaisou/files
06-25 14:28:32.996 2641 2834 W FileUtils: toFilePath<<(rootPath=/data/user/0/com.tv.kuaisou/files, folderName=[Ljava.lang.String;@88ff922)
06-25 14:28:32.996 2641 2834 W FileUtils: toFilePath>>() return /data/user/0/com.tv.kuaisou/files/plugin
06-25 14:28:32.996 2641 2834 W FileUtils: deleteDir() /plugin return=false
06-25 14:28:32.996 2641 2834 W PluginHelper: deleteOldVerionFile, delete plugin folder, result = false
06-25 14:28:32.996 2641 2834 W FileUtils: toFilePath<<(rootPath=/data/user/0/com.tv.kuaisou/files, folderName=[Ljava.lang.String;@5819fb3)
06-25 14:28:32.996 2641 2834 W FileUtils: toFilePath>>() return /data/user/0/com.tv.kuaisou/files/plugin_apk
06-25 14:28:32.996 2641 2834 W FileUtils: deleteDir() /plugin_apk return=false
06-25 14:28:32.996 2641 2834 W PluginHelper: deleteOldVerionFile, delete plugin_apk folder, result = false
06-25 14:28:32.997 2641 2834 W FileUtils: deleteDir() /app_dex return=true
06-25 14:28:32.997 2641 2834 W PluginHelper: deleteOldVerionFile, delete dex folder, result = true
06-25 14:28:32.999 2641 2834 W StorageManager: StorageManager>> mPluginFileRootPathSd=/storage/emulated/0/Android/data/com.tv.kuaisou/files/plugin
06-25 14:28:33.000 2641 2834 W FileUtils: toFilePath<<(rootPath=/storage/emulated/0/Android/data/com.tv.kuaisou/files/plugin, folderName=[Ljava.lang.String;@e4bb970)
06-25 14:28:33.000 2641 2834 W FileUtils: toFilePath>>() return /storage/emulated/0/Android/data/com.tv.kuaisou/files/plugin/plugin
06-25 14:28:33.000 2641 2834 W FileUtils: deleteDir() /plugin return=false
06-25 14:28:33.000 2641 2834 W PluginHelper: deleteOldVerionFile, delete sdcard folder, result = false
06-25 14:28:33.000 2641 2834 W PluginHelper: deleteOldVerionFile>>() return
06-25 14:28:33.000 2641 2834 D CpuLoadBalance: CpuLoadBalance intitial
06-25 14:28:33.000 2641 2834 W PluginManager: loadProvider<<(hPluginInfo=HostPluginInfo(90064105,PluginId=pluginsdkplayer,hostVersion=2.1107.1.220408,PluginVersion=0.0.0.0))
06-25 14:28:33.000 2641 2834 W PluginHelper: loadProvider<<(hPlugininfo=HostPluginInfo(90064105,PluginId=pluginsdkplayer,hostVersion=2.1107.1.220408,PluginVersion=0.0.0.0))
06-25 14:28:33.000 2641 2834 W PluginHelper: getProvider<<(pluginId=pluginsdkplayer)
06-25 14:28:33.000 2641 2834 W PluginHelper: getProvider>>() return null
06-25 14:28:33.000 2641 2834 W PluginHelper: deleteOldFile<<()HostPluginInfo(90064105,PluginId=pluginsdkplayer,hostVersion=2.1107.1.220408,PluginVersion=0.0.0.0)
06-25 14:28:33.001 2641 2834 W StorageManager: StorageManager>> mPluginFileRootPath=/data/user/0/com.tv.kuaisou/files
06-25 14:28:33.001 2641 2834 W FileUtils: toFilePath<<(rootPath=/data/user/0/com.tv.kuaisou/files, folderName=[Ljava.lang.String;@758856e)
06-25 14:28:33.001 2641 2834 W FileUtils: toFilePath>>() return /data/user/0/com.tv.kuaisou/files/pluginsdkplayer/2.1107.1.220408
06-25 14:28:33.001 2641 2834 W FileUtils: deleteExportFile() export.getName()2.1107.1.220408parent= pluginsdkplayer
06-25 14:28:33.001 2641 2834 W FileUtils: deleteExportFile() scanFile=2.1107.1.220408
06-25 14:28:33.004 2641 2834 W StorageManager: StorageManager>> mPluginFileRootPathSd=/storage/emulated/0/Android/data/com.tv.kuaisou/files/plugin
06-25 14:28:33.004 2641 2834 W FileUtils: toFilePath<<(rootPath=/storage/emulated/0/Android/data/com.tv.kuaisou/files/plugin, folderName=[Ljava.lang.String;@a6c840f)
06-25 14:28:33.004 2641 2834 W FileUtils: toFilePath>>() return /storage/emulated/0/Android/data/com.tv.kuaisou/files/plugin/pluginsdkplayer/2.1107.1.220408
06-25 14:28:33.004 2641 2834 W FileUtils: deleteExportFile() export.getName()2.1107.1.220408parent= pluginsdkplayer
06-25 14:28:33.004 2641 2834 E FileUtils: deleteExportFile() children is empty
06-25 14:28:33.004 2641 2834 W PluginHelper: deleteOldFile>>() return
06-25 14:28:33.004 2641 2834 W PluginHelper: loadLocalProvider<<(hPluginInfo=HostPluginInfo(90064105,PluginId=pluginsdkplayer,hostVersion=2.1107.1.220408,PluginVersion=0.0.0.0))
06-25 14:28:33.004 2641 2834 W StorageManager: loadPluginInfos<<(hPluginInfo=HostPluginInfo(90064105,PluginId=pluginsdkplayer,hostVersion=2.1107.1.220408,PluginVersion=0.0.0.0), needRemoveDumy=true)
06-25 14:28:33.004 2641 2834 W StorageManager: isMultiProcessPlugin<<() pluginsdkplayer
06-25 14:28:33.004 2641 2834 W StorageManager: isMultiProcessPlugin>>() return false
06-25 14:28:33.004 2641 2834 W StorageStub@c8926ed: loadPluginInfos<<(hPluginInfo=HostPluginInfo(90064105,PluginId=pluginsdkplayer,hostVersion=2.1107.1.220408,PluginVersion=0.0.0.0), needRemoveDumy=true)
06-25 14:28:33.007 2641 2834 W PluginInfo: getListFromJson<<(json=[{"plugin_id":"pluginsdkplayer","plugin_versionname":"1.1107.2.04472","plugin_class_name":"com.gala.video.plugin.PluginProvider","plugin_path":"\/data\/user\/0\/com.tv.kuaisou\/files\/pluginsdkplayer\/2.1107.1.220408\/1.1107.2.04472\/pluginsdkplayer-download-1.1107.2.04472.apk","plugin_path_sd":"\/storage\/emulated\/0\/Android\/data\/com.tv.kuaisou\/files\/plugin\/pluginsdkplayer\/2.1107.1.220408\/1.1107.2.04472\/pluginsdkplayer-download-1.1107.2.04472.apk","plugin_lib_folder":"\/data\/user\/0\/com.tv.kuaisou\/files\/pluginsdkplayer\/2.1107.1.220408\/1.1107.2.04472\/pluginsdkplayer-download-1.1107.2.04472-libs","contain_so":true,"so_count":11,"plugin_try_sd":false}])
06-25 14:28:33.007 2641 2834 W PluginInfo: PluginInfo<<(json={"plugin_id":"pluginsdkplayer","plugin_versionname":"1.1107.2.04472","plugin_class_name":"com.gala.video.plugin.PluginProvider","plugin_path":"\/data\/user\/0\/com.tv.kuaisou\/files\/pluginsdkplayer\/2.1107.1.220408\/1.1107.2.04472\/pluginsdkplayer-download-1.1107.2.04472.apk","plugin_path_sd":"\/storage\/emulated\/0\/Android\/data\/com.tv.kuaisou\/files\/plugin\/pluginsdkplayer\/2.1107.1.220408\/1.1107.2.04472\/pluginsdkplayer-download-1.1107.2.04472.apk","plugin_lib_folder":"\/data\/user\/0\/com.tv.kuaisou\/files\/pluginsdkplayer\/2.1107.1.220408\/1.1107.2.04472\/pluginsdkplayer-download-1.1107.2.04472-libs","contain_so":true,"so_count":11,"plugin_try_sd":false})
06-25 14:28:33.007 2641 2834 W PluginInfo: PluginInfo>>() return PluginInfo(id=pluginsdkplayer, versionName=1.1107.2.04472, className=com.gala.video.plugin.PluginProvider, path=/data/user/0/com.tv.kuaisou/files/pluginsdkplayer/2.1107.1.220408/1.1107.2.04472/pluginsdkplayer-download-1.1107.2.04472.apk, pathSd=/storage/emulated/0/Android/data/com.tv.kuaisou/files/plugin/pluginsdkplayer/2.1107.1.220408/1.1107.2.04472/pluginsdkplayer-download-1.1107.2.04472.apk, libFolder=/data/user/0/com.tv.kuaisou/files/pluginsdkplayer/2.1107.1.220408/1.1107.2.04472/pluginsdkplayer-download-1.1107.2.04472-libs, containSo=true, soFileCount=11)
06-25 14:28:33.007 2641 2834 W PluginInfo: getListFromJson>>() return [PluginInfo(id=pluginsdkplayer, versionName=1.1107.2.04472, className=com.gala.video.plugin.PluginProvider, path=/data/user/0/com.tv.kuaisou/files/pluginsdkplayer/2.1107.1.220408/1.1107.2.04472/pluginsdkplayer-download-1.1107.2.04472.apk, pathSd=/storage/emulated/0/Android/data/com.tv.kuaisou/files/plugin/pluginsdkplayer/2.1107.1.220408/1.1107.2.04472/pluginsdkplayer-download-1.1107.2.04472.apk, libFolder=/data/user/0/com.tv.kuaisou/files/pluginsdkplayer/2.1107.1.220408/1.1107.2.04472/pluginsdkplayer-download-1.1107.2.04472-libs, containSo=true, soFileCount=11)]
06-25 14:28:33.007 2641 2834 W StorageStub@c8926ed: checkAndRemoveDummy<<(list=[PluginInfo(id=pluginsdkplayer, versionName=1.1107.2.04472, className=com.gala.video.plugin.PluginProvider, path=/data/user/0/com.tv.kuaisou/files/pluginsdkplayer/2.1107.1.220408/1.1107.2.04472/pluginsdkplayer-download-1.1107.2.04472.apk, pathSd=/storage/emulated/0/Android/data/com.tv.kuaisou/files/plugin/pluginsdkplayer/2.1107.1.220408/1.1107.2.04472/pluginsdkplayer-download-1.1107.2.04472.apk, libFolder=/data/user/0/com.tv.kuaisou/files/pluginsdkplayer/2.1107.1.220408/1.1107.2.04472/pluginsdkplayer-download-1.1107.2.04472-libs, containSo=true, soFileCount=11)])
06-25 14:28:33.010 2641 2834 W FileUtils: getFileCount() folder=/data/user/0/com.tv.kuaisou/files/pluginsdkplayer/2.1107.1.220408/1.1107.2.04472/pluginsdkplayer-download-1.1107.2.04472-libs, return count=11
06-25 14:28:33.010 2641 2834 W PluginInfo: checkFileComplete>>() return true
06-25 14:28:33.011 2641 2834 W StorageStub@c8926ed: checkAndRemoveDummy>>()
06-25 14:28:33.011 2641 2834 W StorageStub@c8926ed: loadPluginInfos>>() return [{"plugin_id":"pluginsdkplayer","plugin_versionname":"1.1107.2.04472","plugin_class_name":"com.gala.video.plugin.PluginProvider","plugin_path":"\/data\/user\/0\/com.tv.kuaisou\/files\/pluginsdkplayer\/2.1107.1.220408\/1.1107.2.04472\/pluginsdkplayer-download-1.1107.2.04472.apk","plugin_path_sd":"\/storage\/emulated\/0\/Android\/data\/com.tv.kuaisou\/files\/plugin\/pluginsdkplayer\/2.1107.1.220408\/1.1107.2.04472\/pluginsdkplayer-download-1.1107.2.04472.apk","plugin_lib_folder":"\/data\/user\/0\/com.tv.kuaisou\/files\/pluginsdkplayer\/2.1107.1.220408\/1.1107.2.04472\/pluginsdkplayer-download-1.1107.2.04472-libs","contain_so":true,"so_count":11,"plugin_try_sd":false}]
06-25 14:28:33.011 2641 2834 W StorageManager: loadPluginInfos>>() return list=[PluginInfo(id=pluginsdkplayer, versionName=1.1107.2.04472, className=com.gala.video.plugin.PluginProvider, path=/data/user/0/com.tv.kuaisou/files/pluginsdkplayer/2.1107.1.220408/1.1107.2.04472/pluginsdkplayer-download-1.1107.2.04472.apk, pathSd=/storage/emulated/0/Android/data/com.tv.kuaisou/files/plugin/pluginsdkplayer/2.1107.1.220408/1.1107.2.04472/pluginsdkplayer-download-1.1107.2.04472.apk, libFolder=/data/user/0/com.tv.kuaisou/files/pluginsdkplayer/2.1107.1.220408/1.1107.2.04472/pluginsdkplayer-download-1.1107.2.04472-libs, containSo=true, soFileCount=11)]
06-25 14:28:33.011 2641 2834 W PluginDebugUtils: needThrowable<<(key=periodonelocal)
06-25 14:28:33.011 2641 2834 W PluginDebugUtils: needThrowable() returns false
06-25 14:28:33.011 2641 2834 W PluginHelper: loadProvider<<(info=PluginInfo(id=pluginsdkplayer, versionName=1.1107.2.04472, className=com.gala.video.plugin.PluginProvider, path=/data/user/0/com.tv.kuaisou/files/pluginsdkplayer/2.1107.1.220408/1.1107.2.04472/pluginsdkplayer-download-1.1107.2.04472.apk, pathSd=/storage/emulated/0/Android/data/com.tv.kuaisou/files/plugin/pluginsdkplayer/2.1107.1.220408/1.1107.2.04472/pluginsdkplayer-download-1.1107.2.04472.apk, libFolder=/data/user/0/com.tv.kuaisou/files/pluginsdkplayer/2.1107.1.220408/1.1107.2.04472/pluginsdkplayer-download-1.1107.2.04472-libs, containSo=true, soFileCount=11))
06-25 14:28:33.011 2641 2834 W PluginProviderBuilder: createPluginProviderInstance() begin.
06-25 14:28:33.011 2641 2834 W PluginDebugUtils: needThrowable<<(key=loadClassFailed)
06-25 14:28:33.011 2641 2834 W PluginDebugUtils: needThrowable() returns false
06-25 14:28:33.011 2641 2834 W PluginDebugUtils: needThrowable<<(key=constructorInvisible)
06-25 14:28:33.011 2641 2834 W PluginDebugUtils: needThrowable() returns false
06-25 14:28:33.011 2641 2834 W PluginDebugUtils: needThrowable<<(key=instanceFailed)
06-25 14:28:33.011 2641 2834 W PluginDebugUtils: needThrowable() returns false
06-25 14:28:33.011 2641 2834 W PluginProviderBuilder: createPluginContext() return com.tv.kuaisou.TV_application@5603903/data/user/0/com.tv.kuaisou/files/pluginsdkplayer/2.1107.1.220408/1.1107.2.04472/pluginsdkplayer-download-1.1107.2.04472.apk
06-25 14:28:33.011 2641 2834 W PluginProviderBuilder: createDexClassLoader() begin.
06-25 14:28:33.011 2641 2834 W PluginProviderBuilder: createDexClassLoader() LOLLIPOP.
06-25 14:28:33.011 2641 2834 W PluginProviderBuilder: createDexClassLoader() return /data/user/0/com.tv.kuaisou/code_cache
06-25 14:28:33.012 2641 2641 W load-playerplug: type=1400 audit(0.0:1754): avc: granted { execute } for path="/data/user/0/com.tv.kuaisou/files/pluginsdkplayer/2.1107.1.220408/1.1107.2.04472/oat/arm/pluginsdkplayer-download-1.1107.2.04472.odex" dev="mmcblk0p25" ino=17500 scontext=u:r:untrusted_app_25:s0:c512,c768 tcontext=u:object_r:app_data_file:s0:c512,c768 tclass=file app=com.tv.kuaisou
06-25 14:28:33.052 2641 2834 W PluginProviderBuilder: createDexClassLoader() new DexClassLoader return dalvik.system.DexClassLoader[DexPathList[[zip file "/data/user/0/com.tv.kuaisou/files/pluginsdkplayer/2.1107.1.220408/1.1107.2.04472/pluginsdkplayer-download-1.1107.2.04472.apk"],nativeLibraryDirectories=[/system/lib, /system/system_ext/lib]]]
06-25 14:28:33.053 2641 2834 W ContextClassLoaderSwitcher: reflectHostClassLoader (com.tv.kuaisou.TV_application@5603903)
06-25 14:28:33.053 2641 2834 W ObjectMethodHolder: >> invoke() mMethodName=getBaseContext, mCached=false, mCacheValue=true, mMethod=null
06-25 14:28:33.055 2641 2834 W ObjectMethodHolder: << invoke() mMethodName=getBaseContext, mCached=true, mCacheValue=true, mMethod=public android.content.Context android.content.ContextWrapper.getBaseContext() return android.app.ContextImpl{android.app.ContextImpl@14d46a5}
06-25 14:28:33.055 2641 2834 W ObjectMethodHolder: >> invoke() mMethodName=getClassLoader, mCached=false, mCacheValue=true, mMethod=null
06-25 14:28:33.055 2641 2834 W ObjectMethodHolder: << invoke() mMethodName=getClassLoader, mCached=true, mCacheValue=true, mMethod=public java.lang.ClassLoader android.app.LoadedApk.getClassLoader() return dalvik.system.PathClassLoader{dalvik.system.PathClassLoader[DexPathList[[zip file "/data/app/~~R_miiohfPY0ThG-K34s-JA==/com.tv.kuaisou-EiZS8PUJYuSq1rzfAcSkAw==/base.apk"],nativeLibraryDirectories=[/data/app/~~R_miiohfPY0ThG-K34s-JA==/com.tv.kuaisou-EiZS8PUJYuSq1rzfAcSkAw==/lib/arm, /system/fake-libs, /data/app/~~R_miiohfPY0ThG-K34s-JA==/com.tv.kuaisou-EiZS8PUJYuSq1rzfAcSkAw==/base.apk!/lib/armeabi-v7a, /system/lib, /system/system_ext/lib]]]}
06-25 14:28:33.055 2641 2834 W PluginProviderBuilder: createDexClassLoader() return mHostClassLoader dalvik.system.PathClassLoader[DexPathList[[zip file "/data/app/~~R_miiohfPY0ThG-K34s-JA==/com.tv.kuaisou-EiZS8PUJYuSq1rzfAcSkAw==/base.apk"],nativeLibraryDirectories=[/data/app/~~R_miiohfPY0ThG-K34s-JA==/com.tv.kuaisou-EiZS8PUJYuSq1rzfAcSkAw==/lib/arm, /system/fake-libs, /data/app/~~R_miiohfPY0ThG-K34s-JA==/com.tv.kuaisou-EiZS8PUJYuSq1rzfAcSkAw==/base.apk!/lib/armeabi-v7a, /system/lib, /system/system_ext/lib]]]
06-25 14:28:33.055 2641 2834 W PluginProviderBuilder: createDexClassLoader() return orgNativeList [/data/app/~~R_miiohfPY0ThG-K34s-JA==/com.tv.kuaisou-EiZS8PUJYuSq1rzfAcSkAw==/lib/arm, /system/fake-libs, /data/app/~~R_miiohfPY0ThG-K34s-JA==/com.tv.kuaisou-EiZS8PUJYuSq1rzfAcSkAw==/base.apk!/lib/armeabi-v7a]
06-25 14:28:33.056 2641 2834 W PluginProviderBuilder: createDexClassLoader() return newNativeList []
06-25 14:28:33.056 2641 2834 W PluginProviderBuilder: createDexClassLoader() return orgNativeList2-> [/data/app/~~R_miiohfPY0ThG-K34s-JA==/com.tv.kuaisou-EiZS8PUJYuSq1rzfAcSkAw==/lib/arm, /system/fake-libs, /data/app/~~R_miiohfPY0ThG-K34s-JA==/com.tv.kuaisou-EiZS8PUJYuSq1rzfAcSkAw==/base.apk!/lib/armeabi-v7a]
06-25 14:28:33.056 2641 2834 W com.tv.kuaisou: The dalvik.system.DexPathList$Element constructor is not accessible by default. This is a temporary workaround for backwards compatibility with class-loader hacks. Please update your application.
06-25 14:28:33.057 2641 2834 E ClassLoaderReflector: V23_ expand native library directories exception =
06-25 14:28:33.057 2641 2834 E ClassLoaderReflector: java.lang.IllegalArgumentException: Wrong number of arguments; expected 1, got 4
06-25 14:28:33.057 2641 2834 E ClassLoaderReflector: at java.lang.reflect.Constructor.newInstance0(Native Method)
06-25 14:28:33.057 2641 2834 E ClassLoaderReflector: at java.lang.reflect.Constructor.newInstance(Constructor.java:343)
06-25 14:28:33.057 2641 2834 E ClassLoaderReflector: at com.gala.sdk.plugin.server.core.ClassLoaderReflector$V14_.makeDexElement(ClassLoaderReflector.java:9)
06-25 14:28:33.057 2641 2834 E ClassLoaderReflector: at com.gala.sdk.plugin.server.core.ClassLoaderReflector$V14_.makeDexElement(ClassLoaderReflector.java:2)
06-25 14:28:33.057 2641 2834 E ClassLoaderReflector: at com.gala.sdk.plugin.server.core.ClassLoaderReflector$V23_.expandNativeLibraryDirectories(ClassLoaderReflector.java:15)
06-25 14:28:33.057 2641 2834 E ClassLoaderReflector: at com.gala.sdk.plugin.server.core.ClassLoaderReflector.expandNativeLibraryDirectories(ClassLoaderReflector.java:4)
06-25 14:28:33.057 2641 2834 E ClassLoaderReflector: at com.gala.sdk.plugin.server.core.PluginProviderBuilder.createDexClassLoader(PluginProviderBuilder.java:16)
06-25 14:28:33.057 2641 2834 E ClassLoaderReflector: at com.gala.sdk.plugin.server.core.PluginProviderBuilder.createPluginContext(PluginProviderBuilder.java:4)
06-25 14:28:33.057 2641 2834 E ClassLoaderReflector: at com.gala.sdk.plugin.server.core.PluginProviderBuilder.createPluginProviderInstance(PluginProviderBuilder.java:6)
06-25 14:28:33.057 2641 2834 E ClassLoaderReflector: at com.gala.sdk.plugin.server.core.PluginProviderBuilder.createDefaultProvider(PluginProviderBuilder.java:4)
06-25 14:28:33.057 2641 2834 E ClassLoaderReflector: at com.gala.sdk.plugin.server.core.PluginHelper.loadProvider(PluginHelper.java:30)
06-25 14:28:33.057 2641 2834 E ClassLoaderReflector: at com.gala.sdk.plugin.server.core.PluginHelper.loadLocalProvider(PluginHelper.java:7)
06-25 14:28:33.057 2641 2834 E ClassLoaderReflector: at com.gala.sdk.plugin.server.core.PluginHelper.loadProvider(PluginHelper.java:5)
06-25 14:28:33.057 2641 2834 E ClassLoaderReflector: at com.gala.sdk.plugin.server.PluginManager.loadProvider(PluginManager.java:2)
06-25 14:28:33.057 2641 2834 E ClassLoaderReflector: at com.gala.sdk.player.PlayerSdkProvider.createInstanceFromPlugin(SourceFile:6)
06-25 14:28:33.057 2641 2834 E ClassLoaderReflector: at com.gala.sdk.player.PlayerSdkProvider.initialize(SourceFile:4)
06-25 14:28:33.057 2641 2834 E ClassLoaderReflector: at com.gala.sdk.player.PlayerSdkProxy$InitRunnable.run(SourceFile:2)
06-25 14:28:33.057 2641 2834 E ClassLoaderReflector: at android.os.Handler.handleCallback(Handler.java:938)
06-25 14:28:33.057 2641 2834 E ClassLoaderReflector: at android.os.Handler.dispatchMessage(Handler.java:99)
06-25 14:28:33.057 2641 2834 E ClassLoaderReflector: at android.os.Looper.loopOnce(Looper.java:201)
06-25 14:28:33.057 2641 2834 E ClassLoaderReflector: at android.os.Looper.loop(Looper.java:288)
06-25 14:28:33.057 2641 2834 E ClassLoaderReflector: at android.os.HandlerThread.run(HandlerThread.java:67)
06-25 14:28:33.057 2641 2834 W PluginProviderBuilder: createDexClassLoader() final return dalvik.system.DexClassLoader[DexPathList[[zip file "/data/user/0/com.tv.kuaisou/files/pluginsdkplayer/2.1107.1.220408/1.1107.2.04472/pluginsdkplayer-download-1.1107.2.04472.apk"],nativeLibraryDirectories=[/data/app/~~R_miiohfPY0ThG-K34s-JA==/com.tv.kuaisou-EiZS8PUJYuSq1rzfAcSkAw==/lib/arm, /system/fake-libs, /data/app/~~R_miiohfPY0ThG-K34s-JA==/com.tv.kuaisou-EiZS8PUJYuSq1rzfAcSkAw==/base.apk!/lib/armeabi-v7a, /system/lib, /system/system_ext/lib]]]
06-25 14:28:33.057 2641 2834 W ContextClassLoaderSwitcher: createClassLoaderProxy (com.tv.kuaisou.TV_application@5603903, dalvik.system.DexClassLoader[DexPathList[[zip file "/data/user/0/com.tv.kuaisou/files/pluginsdkplayer/2.1107.1.220408/1.1107.2.04472/pluginsdkplayer-download-1.1107.2.04472.apk"],nativeLibraryDirectories=[/data/app/~~R_miiohfPY0ThG-K34s-JA==/com.tv.kuaisou-EiZS8PUJYuSq1rzfAcSkAw==/lib/arm, /system/fake-libs, /data/app/~~R_miiohfPY0ThG-K34s-JA==/com.tv.kuaisou-EiZS8PUJYuSq1rzfAcSkAw==/base.apk!/lib/armeabi-v7a, /system/lib, /system/system_ext/lib]]])
06-25 14:28:33.057 2641 2834 W ObjectMethodHolder: >> invoke() mMethodName=getBaseContext, mCached=false, mCacheValue=true, mMethod=null
06-25 14:28:33.057 2641 2834 W ObjectMethodHolder: << invoke() mMethodName=getBaseContext, mCached=true, mCacheValue=true, mMethod=public android.content.Context android.content.ContextWrapper.getBaseContext() return android.app.ContextImpl{android.app.ContextImpl@14d46a5}
06-25 14:28:33.057 2641 2834 W ObjectMethodHolder: >> invoke() mMethodName=getClassLoader, mCached=false, mCacheValue=true, mMethod=null
06-25 14:28:33.057 2641 2834 W ObjectMethodHolder: << invoke() mMethodName=getClassLoader, mCached=true, mCacheValue=true, mMethod=public java.lang.ClassLoader android.app.LoadedApk.getClassLoader() return dalvik.system.PathClassLoader{dalvik.system.PathClassLoader[DexPathList[[zip file "/data/app/~~R_miiohfPY0ThG-K34s-JA==/com.tv.kuaisou-EiZS8PUJYuSq1rzfAcSkAw==/base.apk"],nativeLibraryDirectories=[/data/app/~~R_miiohfPY0ThG-K34s-JA==/com.tv.kuaisou-EiZS8PUJYuSq1rzfAcSkAw==/lib/arm, /system/fake-libs, /data/app/~~R_miiohfPY0ThG-K34s-JA==/com.tv.kuaisou-EiZS8PUJYuSq1rzfAcSkAw==/base.apk!/lib/armeabi-v7a, /system/lib, /system/system_ext/lib]]]}
06-25 14:28:33.066 2641 2834 W PluginProviderBuilder: createPluginContext() return /data/app/~~R_miiohfPY0ThG-K34s-JA==/com.tv.kuaisou-EiZS8PUJYuSq1rzfAcSkAw==/base.apk
06-25 14:28:33.066 2641 2834 E ContextProxy: getClassLoader(com.gala.sdk.plugin.server.core.ClassLoaderProxy@777522b
06-25 14:28:33.067 2641 2834 D Player/PluginProvider@1194688: PluginProvider() new
06-25 14:28:33.067 2641 2834 W AbsPluginProvider: initialize<<(hostContext=com.tv.kuaisou.TV_application@5603903, context=com.gala.sdk.plugin.server.core.ContextProxy@70a821, params={file_path=/data/user/0/com.tv.kuaisou/files/pluginsdkplayer/2.1107.1.220408/1.1107.2.04472/pluginsdkplayer-download-1.1107.2.04472.apk, lib_dir=/data/user/0/com.tv.kuaisou/files/pluginsdkplayer/2.1107.1.220408/1.1107.2.04472/pluginsdkplayer-download-1.1107.2.04472-libs}, info=AppInfo(mHostAllowDebug=false))
06-25 14:28:33.067 2641 2834 D Player/PluginProvider@1194688: onInitialize(), mSdkFeature=com.gala.video.player.SdkFeature@db7d446
06-25 14:28:33.067 2641 2834 W PluginProviderBuilder: createPluginProviderInstance() return com.gala.video.plugin.PluginProvider@1194688
06-25 14:28:33.067 2641 2834 W PluginDebugUtils: needThrowable<<(key=lastFailed)
06-25 14:28:33.067 2641 2834 W PluginDebugUtils: needThrowable() returns false
06-25 14:28:33.067 2641 2834 W PluginHelper: loadProvider>>() return com.gala.video.plugin.PluginProvider@1194688
06-25 14:28:33.067 2641 2834 W PluginHelper: add new one
06-25 14:28:33.067 2641 2834 W StorageManager: savePluginInfos<<(hPluginInfo=HostPluginInfo(90064105,PluginId=pluginsdkplayer,hostVersion=2.1107.1.220408,PluginVersion=0.0.0.0), list=[PluginInfo(id=pluginsdkplayer, versionName=1.1107.2.04472, className=com.gala.video.plugin.PluginProvider, path=/data/user/0/com.tv.kuaisou/files/pluginsdkplayer/2.1107.1.220408/1.1107.2.04472/pluginsdkplayer-download-1.1107.2.04472.apk, pathSd=/storage/emulated/0/Android/data/com.tv.kuaisou/files/plugin/pluginsdkplayer/2.1107.1.220408/1.1107.2.04472/pluginsdkplayer-download-1.1107.2.04472.apk, libFolder=/data/user/0/com.tv.kuaisou/files/pluginsdkplayer/2.1107.1.220408/1.1107.2.04472/pluginsdkplayer-download-1.1107.2.04472-libs, containSo=true, soFileCount=11)])
06-25 14:28:33.067 2641 2834 W StorageManager: isMultiProcessPlugin<<() pluginsdkplayer
06-25 14:28:33.067 2641 2834 W StorageManager: isMultiProcessPlugin>>() return false
06-25 14:28:33.067 2641 2834 W StorageStub@c8926ed: savePluginInfos<<(hPluginInfo=HostPluginInfo(90064105,PluginId=pluginsdkplayer,hostVersion=2.1107.1.220408,PluginVersion=0.0.0.0), list=[PluginInfo(id=pluginsdkplayer, versionName=1.1107.2.04472, className=com.gala.video.plugin.PluginProvider, path=/data/user/0/com.tv.kuaisou/files/pluginsdkplayer/2.1107.1.220408/1.1107.2.04472/pluginsdkplayer-download-1.1107.2.04472.apk, pathSd=/storage/emulated/0/Android/data/com.tv.kuaisou/files/plugin/pluginsdkplayer/2.1107.1.220408/1.1107.2.04472/pluginsdkplayer-download-1.1107.2.04472.apk, libFolder=/data/user/0/com.tv.kuaisou/files/pluginsdkplayer/2.1107.1.220408/1.1107.2.04472/pluginsdkplayer-download-1.1107.2.04472-libs, containSo=true, soFileCount=11)])
06-25 14:28:33.068 2641 2834 W PluginInfo: getJsonFromList<<(list=[PluginInfo(id=pluginsdkplayer, versionName=1.1107.2.04472, className=com.gala.video.plugin.PluginProvider, path=/data/user/0/com.tv.kuaisou/files/pluginsdkplayer/2.1107.1.220408/1.1107.2.04472/pluginsdkplayer-download-1.1107.2.04472.apk, pathSd=/storage/emulated/0/Android/data/com.tv.kuaisou/files/plugin/pluginsdkplayer/2.1107.1.220408/1.1107.2.04472/pluginsdkplayer-download-1.1107.2.04472.apk, libFolder=/data/user/0/com.tv.kuaisou/files/pluginsdkplayer/2.1107.1.220408/1.1107.2.04472/pluginsdkplayer-download-1.1107.2.04472-libs, containSo=true, soFileCount=11)])
06-25 14:28:33.068 2641 2834 W PluginInfo: toJson>>() return {"plugin_id":"pluginsdkplayer","plugin_versionname":"1.1107.2.04472","plugin_class_name":"com.gala.video.plugin.PluginProvider","plugin_path":"\/data\/user\/0\/com.tv.kuaisou\/files\/pluginsdkplayer\/2.1107.1.220408\/1.1107.2.04472\/pluginsdkplayer-download-1.1107.2.04472.apk","plugin_path_sd":"\/storage\/emulated\/0\/Android\/data\/com.tv.kuaisou\/files\/plugin\/pluginsdkplayer\/2.1107.1.220408\/1.1107.2.04472\/pluginsdkplayer-download-1.1107.2.04472.apk","plugin_lib_folder":"\/data\/user\/0\/com.tv.kuaisou\/files\/pluginsdkplayer\/2.1107.1.220408\/1.1107.2.04472\/pluginsdkplayer-download-1.1107.2.04472-libs","contain_so":true,"so_count":11,"plugin_try_sd":false}
06-25 14:28:33.068 2641 2834 W PluginInfo: getJsonFromList>>() return [{"plugin_id":"pluginsdkplayer","plugin_versionname":"1.1107.2.04472","plugin_class_name":"com.gala.video.plugin.PluginProvider","plugin_path":"\/data\/user\/0\/com.tv.kuaisou\/files\/pluginsdkplayer\/2.1107.1.220408\/1.1107.2.04472\/pluginsdkplayer-download-1.1107.2.04472.apk","plugin_path_sd":"\/storage\/emulated\/0\/Android\/data\/com.tv.kuaisou\/files\/plugin\/pluginsdkplayer\/2.1107.1.220408\/1.1107.2.04472\/pluginsdkplayer-download-1.1107.2.04472.apk","plugin_lib_folder":"\/data\/user\/0\/com.tv.kuaisou\/files\/pluginsdkplayer\/2.1107.1.220408\/1.1107.2.04472\/pluginsdkplayer-download-1.1107.2.04472-libs","contain_so":true,"so_count":11,"plugin_try_sd":false}]
06-25 14:28:33.068 2641 2834 W StorageStub@c8926ed: savePluginInfos>>()
06-25 14:28:33.068 2641 2834 W StorageManager: savePluginInfos>>()
06-25 14:28:33.068 2641 2834 W PluginHelper: loadLocalProvider>>() return com.gala.video.plugin.PluginProvider@1194688
06-25 14:28:33.068 2641 2834 W PluginHelper: addProviders<<(provider=com.gala.video.plugin.PluginProvider@1194688)
06-25 14:28:33.069 2641 2834 W PluginHelper: addProviders>>()
06-25 14:28:33.069 2641 2834 W PluginHelper: startTimer=HostPluginInfo(90064105,PluginId=pluginsdkplayer,hostVersion=2.1107.1.220408,PluginVersion=0.0.0.0))
06-25 14:28:33.069 2641 2834 W PluginHelper: loadProvider>>() return Result(code=1, data=com.gala.video.plugin.PluginProvider@1194688, exception=[], period=0)
06-25 14:28:33.069 2641 2834 W PluginManager: loadProvider>>() return Result(code=1, data=com.gala.video.plugin.PluginProvider@1194688, exception=[], period=0)
06-25 14:28:33.069 2641 2834 W AbsPluginProvider: getFeature<<(featureType=2)
06-25 14:28:33.069 2641 2834 D Player/PluginProvider@1194688: getFeatures: mFeatures=[com.gala.video.player.SdkFeature@db7d446]
06-25 14:28:33.069 2641 2834 W AbsPluginProvider: getFeature>>() return com.gala.video.player.SdkFeature@db7d446
06-25 14:28:33.070 2641 2834 D PlayerSdk/PlayerSdkProvider: << createInstanceFromPlugin: return com.gala.video.player.PlayerSdkImpl@e16e607
06-25 14:28:33.071 2641 2834 D LibrariesLoader@: params:com.gala.sdk.player.Parameter@a404334
06-25 14:28:33.071 2641 2834 D UniplayerUtils: checkExist return true, path=/data/user/0/com.tv.kuaisou/files/pluginsdkplayer/2.1107.1.220408/1.1107.2.04472/pluginsdkplayer-download-1.1107.2.04472-libs/libcupid.so
06-25 14:28:33.071 2641 2834 D UniplayerUtils: checkExist return true, path=/data/user/0/com.tv.kuaisou/files/pluginsdkplayer/2.1107.1.220408/1.1107.2.04472/pluginsdkplayer-download-1.1107.2.04472-libs/libmctocurl.so
06-25 14:28:33.071 2641 2834 D UniplayerUtils: getValidPath()= /data/user/0/com.tv.kuaisou/files/pluginsdkplayer/2.1107.1.220408/1.1107.2.04472/pluginsdkplayer-download-1.1107.2.04472-libs/
06-25 14:28:33.072 2641 2834 D LibrariesLoader@: debugPath: /storage/emulated/0
06-25 14:28:33.074 2641 2834 D LibrariesLoader@: System.load: library path: /data/user/0/com.tv.kuaisou/files/pluginsdkplayer/2.1107.1.220408/1.1107.2.04472/pluginsdkplayer-download-1.1107.2.04472-libs//libc++_shared.so
06-25 14:28:33.076 2641 2641 W load-playerplug: type=1400 audit(0.0:1755): avc: granted { execute } for path="/data/user/0/com.tv.kuaisou/files/pluginsdkplayer/2.1107.1.220408/1.1107.2.04472/pluginsdkplayer-download-1.1107.2.04472-libs/libc++_shared.so" dev="mmcblk0p25" ino=6718 scontext=u:r:untrusted_app_25:s0:c512,c768 tcontext=u:object_r:app_data_file:s0:c512,c768 tclass=file app=com.tv.kuaisou
06-25 14:28:33.084 2641 2834 D LibrariesLoader@: System.load: library path: /data/user/0/com.tv.kuaisou/files/pluginsdkplayer/2.1107.1.220408/1.1107.2.04472/pluginsdkplayer-download-1.1107.2.04472-libs//libmctocurl.so
06-25 14:28:33.084 2641 2641 W load-playerplug: type=1400 audit(0.0:1756): avc: granted { execute } for path="/data/user/0/com.tv.kuaisou/files/pluginsdkplayer/2.1107.1.220408/1.1107.2.04472/pluginsdkplayer-download-1.1107.2.04472-libs/libmctocurl.so" dev="mmcblk0p25" ino=6717 scontext=u:r:untrusted_app_25:s0:c512,c768 tcontext=u:object_r:app_data_file:s0:c512,c768 tclass=file app=com.tv.kuaisou
06-25 14:28:33.092 2641 2834 D LibrariesLoader@: System.load: library path: /data/user/0/com.tv.kuaisou/files/pluginsdkplayer/2.1107.1.220408/1.1107.2.04472/pluginsdkplayer-download-1.1107.2.04472-libs//libuniversal_foundation.so
06-25 14:28:33.092 2641 2641 W load-playerplug: type=1400 audit(0.0:1757): avc: granted { execute } for path="/data/user/0/com.tv.kuaisou/files/pluginsdkplayer/2.1107.1.220408/1.1107.2.04472/pluginsdkplayer-download-1.1107.2.04472-libs/libuniversal_foundation.so" dev="mmcblk0p25" ino=6722 scontext=u:r:untrusted_app_25:s0:c512,c768 tcontext=u:object_r:app_data_file:s0:c512,c768 tclass=file app=com.tv.kuaisou
06-25 14:28:33.102 2641 2834 D LibrariesLoader@: System.load: library path: /data/user/0/com.tv.kuaisou/files/pluginsdkplayer/2.1107.1.220408/1.1107.2.04472/pluginsdkplayer-download-1.1107.2.04472-libs//libuniversal_api.so
06-25 14:28:33.104 2641 2641 W load-playerplug: type=1400 audit(0.0:1758): avc: granted { execute } for path="/data/user/0/com.tv.kuaisou/files/pluginsdkplayer/2.1107.1.220408/1.1107.2.04472/pluginsdkplayer-download-1.1107.2.04472-libs/libuniversal_api.so" dev="mmcblk0p25" ino=6725 scontext=u:r:untrusted_app_25:s0:c512,c768 tcontext=u:object_r:app_data_file:s0:c512,c768 tclass=file app=com.tv.kuaisou
06-25 14:28:33.113 2641 2834 D LibrariesLoader@: System.load: library path: /data/user/0/com.tv.kuaisou/files/pluginsdkplayer/2.1107.1.220408/1.1107.2.04472/pluginsdkplayer-download-1.1107.2.04472-libs//libuniversal_nd.so
06-25 14:28:33.112 2641 2641 W load-playerplug: type=1400 audit(0.0:1759): avc: granted { execute } for path="/data/user/0/com.tv.kuaisou/files/pluginsdkplayer/2.1107.1.220408/1.1107.2.04472/pluginsdkplayer-download-1.1107.2.04472-libs/libuniversal_nd.so" dev="mmcblk0p25" ino=6715 scontext=u:r:untrusted_app_25:s0:c512,c768 tcontext=u:object_r:app_data_file:s0:c512,c768 tclass=file app=com.tv.kuaisou
06-25 14:28:33.122 2641 2834 D LibrariesLoader@: System.load: library path: /data/user/0/com.tv.kuaisou/files/pluginsdkplayer/2.1107.1.220408/1.1107.2.04472/pluginsdkplayer-download-1.1107.2.04472-libs//libcupid.so
01-01 08:00:38.441 2834 2834 W audit : audit_lost=1276 audit_rate_limit=5 audit_backlog_limit=64
01-01 08:00:38.441 2834 2834 E audit : rate limit exceeded
06-25 14:28:33.194 2641 2834 D LibrariesLoader@: System.load: library path: /data/user/0/com.tv.kuaisou/files/pluginsdkplayer/2.1107.1.220408/1.1107.2.04472/pluginsdkplayer-download-1.1107.2.04472-libs//libtvjson.so
06-25 14:28:33.199 2641 2834 D LibrariesLoader@: System.load: library path: /data/user/0/com.tv.kuaisou/files/pluginsdkplayer/2.1107.1.220408/1.1107.2.04472/pluginsdkplayer-download-1.1107.2.04472-libs//libgalauniutil.so
06-25 14:28:33.214 2641 2834 D LibrariesLoader@: System.load: library path: /data/user/0/com.tv.kuaisou/files/pluginsdkplayer/2.1107.1.220408/1.1107.2.04472/pluginsdkplayer-download-1.1107.2.04472-libs//libcoreplayer.so
06-25 14:28:33.220 2641 2834 I [COREPLAYER]: JniLoad.cpp:9 coreplayer::JNI_OnLoad()
06-25 14:28:33.220 2641 2834 I [COREPLAYER]: AndroidPlayerListenerJniLoader.cpp:28 AndroidPlayerListenerJniLoader::onJniLoad()
06-25 14:28:33.220 2641 2834 I [COREPLAYER]: AndroidPlayerJniLoader.cpp:308 AndroidPlayerJniLoader::onJniLoad()
06-25 14:28:33.222 2641 2834 I [COREPLAYER]: AndroidPlayerJniLoader.cpp:289 loadMetaDataClass sHasMethodId:-398244580, sGetBooleanMethodId:-398244748
06-25 14:28:33.222 2641 2834 I [COREPLAYER]: com_gala_uniplayer_AndroidPlayerListener.cpp:186 Registering com/gala/uniplayer/AndroidPlayerListener natives
06-25 14:28:33.222 2641 2834 D LibrariesLoader@: System.load: library path: /data/user/0/com.tv.kuaisou/files/pluginsdkplayer/2.1107.1.220408/1.1107.2.04472/pluginsdkplayer-download-1.1107.2.04472-libs//libgalauniplayersdk.so
06-25 14:28:33.438 2641 2834 I UNIPLAYERSDK: WakeModeSetter.cpp:36 WakeModeSetter::onJniLoad succeed.
06-25 14:28:33.438 2641 2834 W UNIPLAYERSDK: LogRecord.cpp:65 unable to find class LogRecord
06-25 14:28:33.438 2641 2834 D LibrariesLoader@: System.load: library path: /data/user/0/com.tv.kuaisou/files/pluginsdkplayer/2.1107.1.220408/1.1107.2.04472/pluginsdkplayer-download-1.1107.2.04472-libs//libgalauniplayersdk_jni.so
01-01 08:00:38.769 0 0 I [ C2] nf_conntrack: default automatic helper assignment has been turned off for security reasons and CT-based firewall rule not found. Use the iptables CT target to attach helpers instead.
06-25 14:28:33.470 2641 2834 E PlayerSDK-JNI: JNI_OnLoad 11
06-25 14:28:33.470 2641 2834 E PlayerSDK-JNI: JNI_OnLoad 13
06-25 14:28:33.470 2641 2834 V JNIHelper: Registering com/gala/sdk/player/utils/LogUtils natives
06-25 14:28:33.470 2641 2834 E PlayerSDK-JNI: JNI_OnLoad 14
06-25 14:28:33.470 2641 2834 V JNIHelper: Registering com/gala/sdk/player/UniPlayerSdk natives
06-25 14:28:33.470 2641 2834 E PlayerSDK-JNI: JNI_OnLoad 15
06-25 14:28:33.470 2641 2834 V JNIHelper: Registering com/gala/sdk/player/Account natives
06-25 14:28:33.470 2641 2834 E PlayerSDK-JNI: JNI_OnLoad 17
06-25 14:28:33.470 2641 2834 V JNIHelper: Registering com/gala/data/SdkConfig natives
06-25 14:28:33.470 2641 2834 E PlayerSDK-JNI: JNI_OnLoad 18
06-25 14:28:33.470 2641 2834 E PlayerSDK-JNI: JNI_OnLoad 19
06-25 14:28:33.470 2641 2834 E PlayerSDK-JNI: JNI_OnLoad 20
06-25 14:28:33.470 2641 2834 V JNIHelper: Registering com/gala/sdk/player/SdkMediaPlayer natives
06-25 14:28:33.470 2641 2834 E PlayerSDK-JNI: JNI_OnLoad 21
06-25 14:28:33.470 2641 2834 V JNIHelper: Registering com/gala/sdk/player/AccountManagerImpl natives
06-25 14:28:33.471 2641 2834 E PlayerSDK-JNI: JNI_OnLoad 22
06-25 14:28:33.471 2641 2834 V JNIHelper: Registering com/gala/sdk/player/AdCacheManagerImpl natives
06-25 14:28:33.471 2641 2834 E PlayerSDK-JNI: JNI_OnLoad 24
06-25 14:28:33.471 2641 2834 V JNIHelper: Registering com/gala/sdk/player/HcdnManager natives
06-25 14:28:33.471 2641 2834 E PlayerSDK-JNI: JNI_OnLoad 25
06-25 14:28:33.471 2641 2834 V JNIHelper: Registering com/gala/sdk/player/DataManagerImpl natives
06-25 14:28:33.471 2641 2834 E PlayerSDK-JNI: JNI_OnLoad 26
06-25 14:28:33.471 2641 2834 V JNIHelper: Registering com/gala/sdk/player/carousel/CarouselDataProvider natives
06-25 14:28:33.471 2641 2834 E PlayerSDK-JNI: JNI_OnLoad 28
06-25 14:28:33.471 2641 2834 V JNIHelper: Registering com/gala/sdk/player/data/common/DataFetchTaskImpl natives
06-25 14:28:33.471 2641 2834 E PlayerSDK-JNI: JNI_OnLoad 29
06-25 14:28:33.471 2641 2834 V JNIHelper: Registering com/gala/sdk/player/DataManagerImpl natives
06-25 14:28:33.471 2641 2834 E PlayerSDK-JNI: JNI_OnLoad 30
06-25 14:28:33.471 2641 2834 V JNIHelper: Registering com/gala/sdk/player/WhiteList natives
06-25 14:28:33.472 2641 2834 E PlayerSDK-JNI: JNI_OnLoad 31
06-25 14:28:33.472 2641 2834 V JNIHelper: Registering com/gala/sdk/player/MediaProfile natives
06-25 14:28:33.472 2641 2834 E PlayerSDK-JNI: JNI_OnLoad 32
