06-25 14:28:22.426 248 248 D Zygote : Forked child process 1744
06-25 14:28:22.427 756 986 D DhcpClient: Received packet: b4:2f:03:15:e8:b9 ACK: your new IP /192.168.3.161, netmask /255.255.254.0, gateways [/192.168.3.1] DNS servers: /202.96.134.133 /202.96.128.166 , lease time 3600
06-25 14:28:22.427 477 535 I ActivityManager: app.processName = com.android.packageinstaller
06-25 14:28:22.427 477 535 I ActivityManager: Start proc 1744:com.android.packageinstaller/1000 for broadcast {com.android.packageinstaller/com.android.packageinstaller.TemporaryFileManager}
06-25 14:28:22.438 1744 1744 I Zygote : seccomp disabled by setenforce 0
06-25 14:28:22.442 756 986 D DhcpClient: Confirmed lease: android.net.networkstack.DhcpResults@4bcf3cb DHCP server /192.168.3.1 Vendor info null lease 3600 seconds Servername
06-25 14:28:22.472 387 396 I adbd : jdwp connection from 1744
06-25 14:28:22.475 1219 1219 D bbb : onStartCommand begin !!!!!!! data分区剩余 24465MB
06-25 14:28:22.484 477 1298 D CompatibilityChangeReporter: Compat change id reported: 171306433; UID 1000; state: ENABLED
06-25 14:28:22.524 477 753 D CompatibilityChangeReporter: Compat change id reported: 168419799; UID 1000; state: DISABLED
06-25 14:28:22.557 1744 1744 D CompatibilityChangeReporter: Compat change id reported: 171979766; UID 1000; state: ENABLED
06-25 14:28:22.578 1286 1286 D RockyReceiver: action: android.net.wifi.STATE_CHANGE
06-25 14:28:22.583 756 986 D DhcpClient: Scheduling renewal in 1799s
06-25 14:28:22.584 756 986 D DhcpClient: Scheduling rebind in 3149s
06-25 14:28:22.584 756 986 D DhcpClient: Scheduling expiry in 3599s
06-25 14:28:22.589 247 304 E Netd : no such netId 100
06-25 14:28:22.590 477 1353 E ConnectivityService: Exception = android.content.pm.PackageManager$NameNotFoundException: android.net.cts
06-25 14:28:22.593 477 620 E ConnectivityService: Exception in networkAddRouteParcel for non-gateway: android.os.ServiceSpecificException: Machine is not on the network (code 64)
06-25 14:28:22.593 247 304 E Netd : no such netId 100
06-25 14:28:22.598 477 620 E ConnectivityService: Exception in networkAddRouteParcel for gateway: android.os.ServiceSpecificException: Machine is not on the network (code 64)
06-25 14:28:22.607 477 620 W BestClock: java.time.DateTimeException: Missing NTP fix
06-25 14:28:22.632 1286 1286 D RockyReceiver: action: android.net.wifi.STATE_CHANGE
06-25 14:28:22.633 477 753 E ConnectivityService: Exception = android.content.pm.PackageManager$NameNotFoundException: android.net.cts
06-25 14:28:22.669 477 620 W BestClock: java.time.DateTimeException: Missing NTP fix
06-25 14:28:22.683 477 611 W BestClock: java.time.DateTimeException: Missing NTP fix
06-25 14:28:22.684 477 620 D ConnectivityService: Setting DNS servers for network 100 to [/202.96.134.133, /202.96.128.166]
06-25 14:28:22.690 477 611 W BestClock: java.time.DateTimeException: Missing NTP fix
06-25 14:28:22.726 477 620 W BestClock: java.time.DateTimeException: Missing NTP fix
06-25 14:28:22.731 477 613 W WifiScoreReport: Cannot start external scoring netId=100 currentNetId=100 currentNetCapabilities=[ Transports: WIFI Capabilities: NOT_METERED&INTERNET&NOT_RESTRICTED&TRUSTED&NOT_VPN&NOT_ROAMING&NOT_CONGESTED&NOT_SUSPENDED&NOT_VCN_MANAGED LinkUpBandwidth>=12000Kbps LinkDnBandwidth>=60000Kbps Specifier: TransportInfo: SignalStrength: -43 OwnerUid: 10025 AdminUids: [10025] SSID: "DZNB"] sessionId=1008
06-25 14:28:22.781 1744 1744 V GraphicsEnvironment: ANGLE Developer option for 'com.android.packageinstaller' set to: 'default'
06-25 14:28:22.782 1744 1744 V GraphicsEnvironment: Neither updatable production driver nor prerelease driver is supported.
06-25 14:28:22.783 1744 1744 D NetworkSecurityConfig: No Network Security Config specified, using platform default
06-25 14:28:22.784 1744 1744 D NetworkSecurityConfig: No Network Security Config specified, using platform default
06-25 14:28:22.802 477 620 W BestClock: java.time.DateTimeException: Missing NTP fix
06-25 14:28:22.812 477 620 D ConnectivityService: [100 WIFI] EVENT_NETWORK_INFO_CHANGED, going from CONNECTING to CONNECTED
06-25 14:28:22.823 477 611 W BestClock: java.time.DateTimeException: Missing NTP fix
06-25 14:28:22.824 477 611 W BestClock: java.time.DateTimeException: Missing NTP fix
06-25 14:28:22.829 477 753 D CompatibilityChangeReporter: Compat change id reported: 135634846; UID 10073; state: DISABLED
06-25 14:28:22.833 477 753 D CompatibilityChangeReporter: Compat change id reported: 177438394; UID 10073; state: DISABLED
06-25 14:28:22.837 477 753 D CompatibilityChangeReporter: Compat change id reported: 135772972; UID 10073; state: DISABLED
06-25 14:28:22.839 477 753 D CompatibilityChangeReporter: Compat change id reported: 135754954; UID 10073; state: DISABLED
06-25 14:28:22.842 477 535 D CompatibilityChangeReporter: Compat change id reported: 143937733; UID 10073; state: DISABLED
06-25 14:28:22.867 477 620 D DnsManager: sendDnsConfigurationForNetwork(100, [202.96.134.133, 202.96.128.166], [], 1800, 25, 8, 64, 0, 0, , [])
06-25 14:28:22.881 248 248 D Zygote : Forked child process 1797
06-25 14:28:22.882 477 535 W ActivityManager: Slow operation: 55ms so far, now at startProcess: returned from zygote!
06-25 14:28:22.883 477 535 W ActivityManager: Slow operation: 56ms so far, now at startProcess: done updating battery stats
06-25 14:28:22.883 477 535 W ActivityManager: Slow operation: 56ms so far, now at startProcess: building log message
06-25 14:28:22.883 477 535 I ActivityManager: app.processName = com.android.permissioncontroller
06-25 14:28:22.883 477 535 I ActivityManager: Start proc 1797:com.android.permissioncontroller/u0a73 for broadcast {com.android.permissioncontroller/com.android.permissioncontroller.permission.service.LocationAccessCheck$SetupPeriodicBackgroundLocationAccessCheck}
06-25 14:28:22.883 477 535 W ActivityManager: Slow operation: 56ms so far, now at startProcess: starting to update pids map
06-25 14:28:22.892 477 620 W DnsManager: updatePrivateDns(100, PrivateDnsConfig{true:/[]})
06-25 14:28:22.892 477 620 D ConnectivityService: Setting DNS servers for network 100 to [/202.96.134.133, /202.96.128.166]
06-25 14:28:22.894 477 620 D DnsManager: sendDnsConfigurationForNetwork(100, [202.96.134.133, 202.96.128.166], [], 1800, 25, 8, 64, 0, 0, , [202.96.134.133, 202.96.128.166])
06-25 14:28:22.898 1797 1797 I Zygote : seccomp disabled by setenforce 0
06-25 14:28:22.901 247 1799 W resolv : Validating DnsTlsServer 202.96.134.133 with mark 0xf0064
06-25 14:28:22.903 247 1799 W resolv : Socket failed to connect: Network is unreachable
06-25 14:28:22.903 247 1799 W resolv : TCP Handshake failed: 101
06-25 14:28:22.903 247 1799 W resolv : query failed
06-25 14:28:22.903 247 1799 W resolv : validateDnsTlsServer returned 0 for 202.96.134.133
06-25 14:28:22.904 247 1799 W resolv : Validation failed
06-25 14:28:22.904 247 1798 W resolv : Validating DnsTlsServer 202.96.128.166 with mark 0xf0064
06-25 14:28:22.905 247 1798 W resolv : Socket failed to connect: Network is unreachable
06-25 14:28:22.905 247 1798 W resolv : TCP Handshake failed: 101
06-25 14:28:22.906 247 1798 W resolv : query failed
06-25 14:28:22.906 247 1798 W resolv : validateDnsTlsServer returned 0 for 202.96.128.166
06-25 14:28:22.906 247 1798 W resolv : Validation failed
06-25 14:28:22.917 477 535 W ActivityManager: Slow operation: 90ms so far, now at startProcess: done updating pids map
06-25 14:28:22.920 267 267 I AW_PowerHAL: Power setMode: SUSTAINED_PERFORMANCE to: 0
06-25 14:28:22.925 267 267 I AW_PowerHAL: cur-mode:SCHEDUTIL-Home
06-25 14:28:22.964 477 620 D ConnectivityService: Adding iface wlan0 to network 100
06-25 14:28:22.999 477 620 D ConnectivityService: Setting DNS servers for network 100 to [/202.96.134.133, /202.96.128.166]
06-25 14:28:23.000 477 620 D DnsManager: sendDnsConfigurationForNetwork(100, [202.96.134.133, 202.96.128.166], [], 1800, 25, 8, 64, 0, 0, , [202.96.134.133, 202.96.128.166])
06-25 14:28:23.008 247 1817 W resolv : Validating DnsTlsServer 202.96.134.133 with mark 0xf0064
06-25 14:28:23.008 247 1816 W resolv : Validating DnsTlsServer 202.96.128.166 with mark 0xf0064
06-25 14:28:23.027 387 396 I adbd : jdwp connection from 1797
06-25 14:28:22.916 1111 1111 I Thread-16: type=1400 audit(0.0:606): avc: denied { read } for name="address" dev="sysfs" ino=26267 scontext=u:r:system_app:s0 tcontext=u:object_r:sysfs:s0 tclass=file permissive=1
06-25 14:28:22.916 1792 1792 I rgb_led_ctl: type=1400 audit(0.0:605): avc: denied { write } for name="spidev1.0" dev="tmpfs" ino=5369 scontext=u:r:init:s0 tcontext=u:object_r:device:s0 tclass=chr_file permissive=1
06-25 14:28:22.916 1792 1792 I rgb_led_ctl: type=1400 audit(0.0:607): avc: denied { open } for path="/dev/spidev1.0" dev="tmpfs" ino=5369 scontext=u:r:init:s0 tcontext=u:object_r:device:s0 tclass=chr_file permissive=1
06-25 14:28:22.916 1792 1792 I rgb_led_ctl: type=1400 audit(0.0:608): avc: denied { ioctl } for path="/dev/spidev1.0" dev="tmpfs" ino=5369 ioctlcmd=0x6b01 scontext=u:r:init:s0 tcontext=u:object_r:device:s0 tclass=chr_file permissive=1
06-25 14:28:22.916 1111 1111 I Thread-16: type=1400 audit(0.0:609): avc: denied { open } for path="/sys/devices/platform/unisoc_wifi/net/wlan1/address" dev="sysfs" ino=26267 scontext=u:r:system_app:s0 tcontext=u:object_r:sysfs:s0 tclass=file permissive=1
06-25 14:28:23.077 477 1348 D WifiMemoryStoreImpl: Set cluster G78c452f8e69b0d71 for Wc68a91597186e3f0: SUCCESS
06-25 14:28:23.095 477 1348 D WifiMemoryStoreImpl: Set cluster G78c452f8e69b0d71 for W1563f3b60eaebbf8: SUCCESS
01-01 08:00:28.429 1835 1835 W audit : audit_lost=177 audit_rate_limit=5 audit_backlog_limit=64
01-01 08:00:28.429 1835 1835 E audit : rate limit exceeded
06-25 14:28:23.138 477 1348 D WifiMemoryStoreImpl: Set cluster G78c452f8e69b0d71 for Waf9d7ad716a4965e: SUCCESS
06-25 14:28:23.215 1286 1286 D RockyManager: switchWakeIsAllow isQuitBootGuide: true isBtMode: false
06-25 14:28:23.215 1286 1286 D RockyManager: switchWakeIsAllow isAllowFarWake: true
06-25 14:28:23.217 477 1353 D CompatibilityChangeReporter: Compat change id reported: 168419799; UID 10073; state: DISABLED
06-25 14:28:23.217 477 1353 W ActivityManager: Slow operation: 65ms so far, now at attachApplicationLocked: immediately before bindApplication
06-25 14:28:23.219 477 1353 W ActivityManager: Slow operation: 66ms so far, now at attachApplicationLocked: immediately after bindApplication
06-25 14:28:23.219 477 1353 W ActivityManager: Slow operation: 66ms so far, now at attachApplicationLocked: after updateLruProcessLocked
06-25 14:28:23.220 477 1353 W ActivityManager: Slow operation: 67ms so far, now at attachApplicationLocked: after mServices.attachApplicationLocked
06-25 14:28:23.227 477 1353 W ActivityManager: Slow operation: 74ms so far, now at attachApplicationLocked: after sendPendingBroadcastsLocked
06-25 14:28:23.228 477 477 W Looper : Slow dispatch took 148ms main h=android.app.ActivityThread$H c=null m=131
06-25 14:28:23.238 1797 1797 D CompatibilityChangeReporter: Compat change id reported: 171979766; UID 10073; state: DISABLED
06-25 14:28:23.266 477 1348 D WifiMemoryStoreImpl: Set cluster G78c452f8e69b0d71 for Wd584830ee1ca39b4: SUCCESS
06-25 14:28:23.295 1797 1797 D ApplicationLoaders: Returning zygote-cached class loader: /system/framework/android.test.base.jar
06-25 14:28:23.297 477 620 W BestClock: java.time.DateTimeException: Missing NTP fix
06-25 14:28:23.307 477 578 D CompatibilityChangeReporter: Compat change id reported: 172100307; UID 10074; state: DISABLED
06-25 14:28:23.365 477 620 W BestClock: java.time.DateTimeException: Missing NTP fix
06-25 14:28:23.396 1797 1797 V GraphicsEnvironment: ANGLE Developer option for 'com.android.permissioncontroller' set to: 'default'
06-25 14:28:23.396 1797 1797 V GraphicsEnvironment: Neither updatable production driver nor prerelease driver is supported.
06-25 14:28:23.396 756 1860 D NetworkMonitor/100: Validation disabled.
06-25 14:28:23.398 1797 1797 D NetworkSecurityConfig: No Network Security Config specified, using platform default
06-25 14:28:23.398 477 611 W BestClock: java.time.DateTimeException: Missing NTP fix
06-25 14:28:23.399 1797 1797 D NetworkSecurityConfig: No Network Security Config specified, using platform default
06-25 14:28:23.399 477 611 W BestClock: java.time.DateTimeException: Missing NTP fix
06-25 14:28:23.401 477 620 D ConnectivityService: NetReassign [1 : null → 100, 28 : null → 100, 10 : null → 100, 19 : null → 100, 3 : null → 100, 21 : null → 100, 17 : null → 100, 23 : null → 100]
06-25 14:28:23.411 477 620 D ConnectivityService: Switching to new default network for: uid/pid:1000/477 activeRequest: 1 callbackRequest: 1 [NetworkRequest [ REQUEST id=1, [ Capabilities: INTERNET&NOT_RESTRICTED&TRUSTED&NOT_VPN&NOT_VCN_MANAGED RequestorUid: 1000 RequestorPkg: android] ]] callback flags: 1 priority: 2147483647 using NetworkAgentInfo{network{100} handle{432902426637} ni{WIFI CONNECTED extra: } Score(60 ; KeepConnected : 0 ; Policies : TRANSPORT_PRIMARY&IS_UNMETERED) lp{{InterfaceName: wlan0 LinkAddresses: [ fe80::c175:c130:1ef1:4ed/64,192.168.3.161/23 ] DnsAddresses: [ /202.96.134.133,/202.96.128.166 ] Domains: null MTU: 0 ServerAddress: /192.168.3.1 TcpBufferSizes: 524288,1048576,2097152,262144,524288,1048576 Routes: [ fe80::/64 -> :: wlan0 mtu 0,192.168.2.0/23 -> 0.0.0.0 wlan0 mtu 0,0.0.0.0/0 -> 192.168.3.1 wlan0 mtu 0 ]}} nc{[ Transports: WIFI Capabilities: NOT_METERED&INTERNET&NOT_RESTRICTED&TRUSTED&NOT_VPN&NOT_ROAMING&FOREGROUND&NOT_CONGESTED&NOT_SUSPENDED&NOT_VCN_MANAGED LinkUpBandwidth>=12000Kbps LinkDnBandwidth>=60000Kbps Specifier: TransportInfo: SignalStrength: -43 OwnerUid: 10025 AdminUids: [10025] SSID: "DZNB"]}}
06-25 14:28:23.427 477 525 W IorapForwardingService: No service published for: iorapd
06-25 14:28:23.439 1797 1797 I CarUiInstaller: CarUiInstaller started for com.android.permissioncontroller
06-25 14:28:23.445 477 1348 D WifiMemoryStoreImpl: Set cluster G78c452f8e69b0d71 for W872240a71ef53d6f: SUCCESS
06-25 14:28:23.450 477 620 W BestClock: java.time.DateTimeException: Missing NTP fix
06-25 14:28:23.458 477 496 I system_server: Background concurrent copying GC freed 245983(11MB) AllocSpace objects, 64(2664KB) LOS objects, 50% free, 15MB/30MB, paused 11.608ms total 5.188ms
06-25 14:28:23.466 1465 1480 I d.process.medi: Background concurrent copying GC freed 16120(740KB) AllocSpace objects, 0(0B) LOS objects, 49% free, 2841KB/5683KB, paused 163us total 701.013ms
06-25 14:28:23.467 756 1625 W UnsafeUtil: platform method missing - proto runtime falling back to safer methods: java.lang.NoSuchMethodException: sun.misc.Unsafe.copyMemory [class java.lang.Object, long, class java.lang.Object, long, long]
06-25 14:28:23.476 477 1353 D WifiMemoryStoreImpl: Set cluster G78c452f8e69b0d71 for We40ae8fcab17e415: SUCCESS
06-25 14:28:23.489 477 620 W BestClock: java.time.DateTimeException: Missing NTP fix
06-25 14:28:23.495 1797 1797 W Role : Cannot get ApplicationInfo for default holder: com.android.messaging
06-25 14:28:23.506 756 877 D UpstreamNetworkMonitor: New default Internet network: 100
06-25 14:28:23.517 477 754 D NetworkTimeUpdateService: New default network 100; checking time.
06-25 14:28:23.542 1111 1249 D AppManager: checkLocalAppsIsValid: size
06-25 14:28:23.542 1111 1249 D AppManager: AppManager resetData:
06-25 14:28:23.546 477 611 W BestClock: java.time.DateTimeException: Missing NTP fix
06-25 14:28:23.554 477 611 W BestClock: java.time.DateTimeException: Missing NTP fix
06-25 14:28:23.560 477 578 D WifiMemoryStoreImpl: Set cluster G78c452f8e69b0d71 for Wae0428c9ba3368e9: SUCCESS
06-25 14:28:23.566 1032 1151 W MediaProvider: getVolumePath for unknown volume: internal
06-25 14:28:23.579 477 1348 D WifiMemoryStoreImpl: Set cluster G78c452f8e69b0d71 for W67d1bf0ffa760e07: SUCCESS
06-25 14:28:23.583 477 611 W BestClock: java.time.DateTimeException: Missing NTP fix
06-25 14:28:23.584 477 620 D ConnectivityService: Sending CONNECTED broadcast for type 1 [100 WIFI] isDefaultNetwork=true
06-25 14:28:23.585 477 620 W ContextImpl: Calling a method in the system process without a qualified user: android.app.ContextImpl.sendStickyBroadcast:1559 com.android.server.ConnectivityService.sendStickyBroadcast:2884 com.android.server.ConnectivityService.sendGeneralBroadcast:2859 com.android.server.ConnectivityService.sendConnectedBroadcast:2832 com.android.server.ConnectivityService.sendLegacyNetworkBroadcast:8784
06-25 14:28:23.598 1797 1797 I HibernationPolicy: scheduleHibernationJob with frequency 1296000000ms and threshold 7776000000ms
06-25 14:28:23.604 1797 1797 I HibernationPolicy: user 0 is a profileowner. Running hibernation job.
06-25 14:28:23.608 1125 1125 D aaa : action:android.net.conn.CONNECTIVITY_CHANGE
06-25 14:28:23.612 1797 1797 I HibernationPolicy: Job already scheduled.
06-25 14:28:23.615 1032 1151 W MediaProvider: getVolumePath for unknown volume: internal
06-25 14:28:23.616 1286 1286 D RockyReceiver: action: android.net.conn.CONNECTIVITY_CHANGE
06-25 14:28:23.616 1111 1111 E hq : NetWorkStateReceiver:::NetWorkStateReceiver onReceive: 网络变化广播 >>>> intent.action=android.net.conn.CONNECTIVITY_CHANGE
06-25 14:28:23.617 477 578 E ConnectivityService: Exception = android.content.pm.PackageManager$NameNotFoundException: android.net.cts
06-25 14:28:23.617 477 611 W BestClock: java.time.DateTimeException: Missing NTP fix
06-25 14:28:23.622 1111 1111 E hq : NetWorkStateReceiver:::Network is available. isConnect=false 是否频次过快=false t=1750832903622
06-25 14:28:23.624 1111 1111 W eventbuscore: post Event:com.dangbei.leard.base.entity.event.NetStateEvent
06-25 14:28:23.625 477 1353 D CompatibilityChangeReporter: Compat change id reported: 135634846; UID 10021; state: DISABLED
06-25 14:28:23.625 477 1353 D CompatibilityChangeReporter: Compat change id reported: 177438394; UID 10021; state: DISABLED
06-25 14:28:23.625 1111 1111 W eventbuscore: post Event:com.dangbei.leard.base.entity.event.NetChangeEvent
06-25 14:28:23.626 477 1353 D CompatibilityChangeReporter: Compat change id reported: 135772972; UID 10021; state: DISABLED
06-25 14:28:23.626 1111 1525 D AppManager: requestBlackAndWhiteList
06-25 14:28:23.626 1111 1525 D AppListModel: requestAppFilterList: true , false
06-25 14:28:23.626 477 1353 D CompatibilityChangeReporter: Compat change id reported: 135754954; UID 10021; state: ENABLED
06-25 14:28:23.630 477 611 W BestClock: java.time.DateTimeException: Missing NTP fix
06-25 14:28:23.631 1051 1051 D LanSocketServer: connect
06-25 14:28:23.632 477 501 D WifiMemoryStoreImpl: Set cluster G78c452f8e69b0d71 for Wc5cfebc7be0d7267: SUCCESS
06-25 14:28:23.632 477 535 D CompatibilityChangeReporter: Compat change id reported: 143937733; UID 10021; state: ENABLED
06-25 14:28:23.639 1286 1286 I Receiver: 网络连接成功
06-25 14:28:23.641 1111 1517 D TheRouter::RouterInject: interception::===interface com.dangbei.leard.protocol.weather.CalendarManagerInterface===CalendarManager202618817
06-25 14:28:23.644 1111 1515 D yc_test : refreshWeather: null
06-25 14:28:23.650 477 620 W ContextImpl: Calling a method in the system process without a qualified user: android.app.ContextImpl.sendStickyBroadcast:1559 com.android.server.ConnectivityService.sendStickyBroadcast:2884 com.android.server.ConnectivityService.sendGeneralBroadcast:2859 com.android.server.ConnectivityService.sendConnectedBroadcast:2832 com.android.server.ConnectivityService.sendLegacyNetworkBroadcast:8784
06-25 14:28:23.655 1111 1525 E DangXiaoBeiManager: setMessageList: true
06-25 14:28:23.655 1111 1525 E hq : 当小贝:::message list add complete data.messageList:[]
06-25 14:28:23.655 1111 1525 E hq : data.tabList=[]
06-25 14:28:23.656 1111 1525 I hq : 当小贝:::showMessage from=net_change
06-25 14:28:23.656 1111 1525 I hq : 当小贝:::showMessage 没有消息需要显示
06-25 14:28:23.663 248 248 D Zygote : Forked child process 1889
06-25 14:28:23.663 477 620 D ConnectivityService: [100 WIFI] validation passed
06-25 14:28:23.664 477 535 I ActivityManager: app.processName = com.android.providers.calendar
06-25 14:28:23.664 477 535 I ActivityManager: Start proc 1889:com.android.providers.calendar/u0a21 for broadcast {com.android.providers.calendar/com.android.providers.calendar.CalendarReceiver}
06-25 14:28:23.667 1286 1286 D RockyReceiver: action: android.net.conn.CONNECTIVITY_CHANGE
06-25 14:28:23.667 1125 1125 D aaa : action:android.net.conn.CONNECTIVITY_CHANGE
06-25 14:28:23.673 477 1353 D WifiMemoryStoreImpl: Set cluster G78c452f8e69b0d71 for Wfa4012728b2e2940: SUCCESS
06-25 14:28:23.675 477 611 W BestClock: java.time.DateTimeException: Missing NTP fix
06-25 14:28:23.675 1889 1889 I Zygote : seccomp disabled by setenforce 0
06-25 14:28:23.676 477 611 W BestClock: java.time.DateTimeException: Missing NTP fix
06-25 14:28:23.678 477 1348 E ConnectivityService: Exception = android.content.pm.PackageManager$NameNotFoundException: android.net.cts
06-25 14:28:23.680 1286 1286 I Receiver: 网络连接成功
06-25 14:28:23.704 477 620 D ConnectivityService: Setting DNS servers for network 100 to [/202.96.134.133, /202.96.128.166]
06-25 14:28:23.705 477 620 D DnsManager: sendDnsConfigurationForNetwork(100, [202.96.134.133, 202.96.128.166], [], 1800, 25, 8, 64, 0, 0, , [202.96.134.133, 202.96.128.166])
06-25 14:28:23.719 387 396 I adbd : jdwp connection from 1889
06-25 14:28:23.775 477 578 D WifiMemoryStoreImpl: Set cluster G78c452f8e69b0d71 for W165bf260729aaa77: SUCCESS
06-25 14:28:23.781 477 1298 D CompatibilityChangeReporter: Compat change id reported: 168419799; UID 10021; state: DISABLED
06-25 14:28:23.787 477 620 W ContextImpl: Calling a method in the system process without a qualified user: android.app.ContextImpl.sendStickyBroadcast:1559 com.android.server.ConnectivityService.sendStickyBroadcast:2884 com.android.server.ConnectivityService.sendGeneralBroadcast:2859 com.android.server.ConnectivityService.sendInetConditionBroadcast:2836 com.android.server.ConnectivityService.updateInetCondition:8529
06-25 14:28:23.800 1889 1889 D CompatibilityChangeReporter: Compat change id reported: 171979766; UID 10021; state: ENABLED
06-25 14:28:23.801 1051 1051 W System.err: SLF4J: Failed to load class "org.slf4j.impl.StaticLoggerBinder".
06-25 14:28:23.801 1051 1051 W System.err: SLF4J: Defaulting to no-operation (NOP) logger implementation
06-25 14:28:23.801 1051 1051 W System.err: SLF4J: See http://www.slf4j.org/codes.html#StaticLoggerBinder for further details.
06-25 14:28:23.809 1051 1051 D LanSocketServer: connect /192.168.3.161:6689
06-25 14:28:23.809 1051 1051 D LanSocketServer: connect start
06-25 14:28:23.809 1051 1051 E LanCommander: onNetWorkChanged: true
06-25 14:28:23.817 1051 1051 E LanCommander: onNetWorkChanged: true
06-25 14:28:23.822 1051 1924 E LanCommander: onServerCreatedSuccess 192.168.3.161:6689
06-25 14:28:23.829 477 578 D WifiMemoryStoreImpl: Set cluster G78c452f8e69b0d71 for W78c452f8e69b0d71: SUCCESS
06-25 14:28:23.855 1051 1924 E RCInfo : vid:
06-25 14:28:23.855 1051 1924 E RCInfo : pid:
06-25 14:28:23.855 1051 1924 E RCInfo : RCBrand:NA
06-25 14:28:23.855 1051 1924 E RCInfo : vid:
06-25 14:28:23.855 1051 1924 E RCInfo : pid:
06-25 14:28:23.856 1051 1924 E RCInfo : vid:
06-25 14:28:23.856 1051 1924 E RCInfo : pid:
06-25 14:28:23.856 1051 1924 E RCInfo : vid:
06-25 14:28:23.856 1051 1924 E RCInfo : pid:
06-25 14:28:23.856 1051 1924 E RCInfo : RCBrand:NA
06-25 14:28:23.857 1051 1924 E RCInfo : vid:
06-25 14:28:23.857 1051 1924 E RCInfo : pid:
06-25 14:28:23.857 1051 1924 E RCInfo : vid:
06-25 14:28:23.857 1051 1924 E RCInfo : pid:
06-25 14:28:23.866 477 613 D WifiClientModeImpl[wlan0]: Received signal strength thresholds: []
06-25 14:28:23.890 1051 1924 D getEthernetMacAddr: getEthernetMacAddr use eth0
06-25 14:28:23.896 477 613 E WifiVendorHal: stopRssiMonitoring(l.2617) failed {.code = ERROR_NOT_AVAILABLE, .description = }
06-25 14:28:23.897 477 613 W LastMileLogger: Failed to stop event tracing: /sys/kernel/debug/tracing/instances/wifi/tracing_on: open failed: ENOENT (No such file or directory)
06-25 14:28:23.969 186 186 E SELinux : avc: denied { find } for pid=1942 uid=0 name=activity scontext=u:r:preinstall:s0 tcontext=u:object_r:activity_service:s0 tclass=service_manager permissive=1
06-25 14:28:23.971 1051 1924 D getEthernetMacAddr: getEthernetMacAddr use eth0
06-25 14:28:23.972 1889 1889 V GraphicsEnvironment: ANGLE Developer option for 'com.android.providers.calendar' set to: 'default'
06-25 14:28:23.972 1889 1889 V GraphicsEnvironment: Neither updatable production driver nor prerelease driver is supported.
06-25 14:28:23.979 1125 1125 D aaa : LedStatusService onStartCommand begin
06-25 14:28:23.983 1889 1889 D NetworkSecurityConfig: No Network Security Config specified, using platform default
06-25 14:28:23.987 1889 1889 D NetworkSecurityConfig: No Network Security Config specified, using platform default
06-25 14:28:23.989 1125 1948 D aaa : topPkg is -------------- :com.dangbei.leard.leradlauncher
01-01 08:00:29.324 1 1 I init : processing action (vendor.led_switch=*) from (/vendor/etc/init/hw/init.oranth.rc:139)
01-01 08:00:29.325 1 1 I init : starting service 'exec 20 (/vendor/bin/led_switch.sh 1)'...
01-01 08:00:29.329 1 1 I init : SVC_EXEC service 'exec 20 (/vendor/bin/led_switch.sh 1)' pid 1952 (uid 0 gid 0+0 context default) started; waiting...
06-25 14:28:23.991 1051 1261 D getEthernetMacAddr: getEthernetMacAddr use eth0
06-25 14:28:24.006 1125 1948 D aaa : WiFi is connect
06-25 14:28:24.032 1051 1261 D getEthernetMacAddr: getEthernetMacAddr use eth0
06-25 14:28:24.064 1952 1952 I led_switch.sh: type=1400 audit(0.0:659): avc: denied { write } for name="tmp" dev="mmcblk0p25" ino=85 scontext=u:r:init:s0 tcontext=u:object_r:shell_data_file:s0 tclass=dir permissive=1 bug=b/77873135
06-25 14:28:24.068 1952 1952 I led_switch.sh: type=1400 audit(0.0:660): avc: denied { write } for name="led_swith.txt" dev="mmcblk0p25" ino=221 scontext=u:r:init:s0 tcontext=u:object_r:shell_data_file:s0 tclass=file permissive=1 bug=b/77873135
06-25 14:28:24.068 1952 1952 I led_switch.sh: type=1400 audit(0.0:661): avc: denied { open } for path="/data/local/tmp/led_swith.txt" dev="mmcblk0p25" ino=221 scontext=u:r:init:s0 tcontext=u:object_r:shell_data_file:s0 tclass=file permissive=1 bug=b/77873135
06-25 14:28:24.096 477 501 D WifiMemoryStoreImpl: Set cluster G78c452f8e69b0d71 for W872240a71ef53d6f: SUCCESS
06-25 14:28:24.072 1951 1951 I cmd : type=1400 audit(0.0:662): avc: denied { use } for path="pipe:[23135]" dev="pipefs" ino=23135 scontext=u:r:system_server:s0 tcontext=u:r:preinstall:s0 tclass=fd permissive=1
06-25 14:28:24.072 1951 1951 I cmd : type=1400 audit(0.0:663): avc: denied { write } for path="pipe:[23135]" dev="pipefs" ino=23135 scontext=u:r:system_server:s0 tcontext=u:r:preinstall:s0 tclass=fifo_file permissive=1
06-25 14:28:24.118 1125 1125 D aaa : WiFi is connect
06-25 14:28:24.119 1111 1532 I dangbei ad sdk: AdSplashView::show offline ad
06-25 14:28:24.138 1125 1125 D aaa : WiFi is connect
01-01 08:00:29.460 1 1 I init : Control message: Processed ctl.stop for 'rainbow_flow' from pid: 1959 (stop rainbow_flow voice breathe flow_led net_disconnect)
01-01 08:00:29.463 1 1 I init : Control message: Processed ctl.stop for 'voice' from pid: 1959 (stop rainbow_flow voice breathe flow_led net_disconnect)
06-25 14:28:24.151 1889 1889 I CalendarProvider2: Created com.android.providers.calendar.CalendarAlarmManager@d551e5b(com.android.providers.calendar.CalendarProvider2@1dfd6f8)
06-25 14:28:24.152 1051 1954 I okhttp.OkHttpClient: --> POST http://tymsgapi.qun7.com/v1/core/rom (525-byte body)
06-25 14:28:24.186 477 524 D AW_CODE : rotation =0
06-25 14:28:24.190 477 477 W InputMethodManagerService: Illegal subtype state: old subtype = null, new subtype = android.view.inputmethod.InputMethodSubtype@129f21f8
06-25 14:28:24.196 1889 1973 D CompatibilityChangeReporter: Compat change id reported: 160794467; UID 10021; state: ENABLED
06-25 14:28:24.196 1051 1262 I okhttp.OkHttpClient: --> POST http://tyapi.qun7.com/v1/core/launcherota (525-byte body)
06-25 14:28:24.202 477 613 I WifiClientModeImpl: Default Gateway MAC address of 58:c7:ac:78:f0:11 from routes is : 70:3a:a6:36:a8:d7
01-01 08:00:29.516 1974 1974 W audit : audit_lost=221 audit_rate_limit=5 audit_backlog_limit=64
01-01 08:00:29.516 1974 1974 E audit : rate limit exceeded
06-25 14:28:24.221 477 524 D AW_CODE : rotation =0
06-25 14:28:24.226 1051 1955 I okhttp.OkHttpClient: --> POST http://tyapi.qun7.com/v1/core/launcherota (525-byte body)
06-25 14:28:24.227 1286 1286 I Receiver: ----------netConnectInitSDK--------------
06-25 14:28:24.228 1286 1286 D RockyNetMessageUtil: initTipsList tipEntity = TipEntity{movieType=[我想看喜剧片, 动作片, 枪战片], movie=[庆余年, 误杀, 美丽人生, 爆笑虫子, 哪吒, 小猪佩奇, 胡歌的电视剧, 张艺谋导演的电影, 切换到1080P, 收藏], appController=[打开当贝市场, 下载哈趣影视, 爱奇艺, 卸载腾讯视频], weather=[今天的天气, 未来五天的天气, 杭州天气怎么样, 明天下不下雨], music=[我要听歌, 周杰伦的歌, 上一首, 下一首, 快进一分钟, 暂停], liveAppDownload='非常抱歉,根据监管部门政策管理要求,暂不提供相应服务。', subscreen=null, wakeUpVoiceResponse=[ProbabilityEntity{word='在呢', probability=30}, ProbabilityEntity{word='我在', probability=35}, ProbabilityEntity{word='你说', probability=15}, ProbabilityEntity{word='来啦', probability=20}], unrecognizedVoiceResponse=[ProbabilityEntity{word='可以再说一遍么', probability=45}, ProbabilityEntity{word='可以说的详细一点么', probability=30}, ProbabilityEntity{word='请问有什么可以帮您', probability=25}], notUnderstandVoiceResponse=[ProbabilityEntity{word='换个说法试试吧', probability=100}]} isRequestTipSuccess = false
06-25 14:28:24.236 1286 1286 D RockyNetMessageUtil: initMediaControlPage pageEntity = PageEntity{list=[ContentEntity{packageName='com.dangbei.leard.leradlauncher', activityName='FilmDetailActivity'}, ContentEntity{packageName='com.dangbei.leard.leradlauncher', activityName='FullScreenDetailActivity'}, ContentEntity{packageName='com.dangbei.leard.leradlauncher', activityName='TencentSportActivity'}, ContentEntity{packageName='com.dangbei.leradVideoPlugins', activityName='FilmDetailActivity'}, ContentEntity{packageName='com.dangbei.leradVideoPlugins', activityName='FullScreenDetailActivity'}, ContentEntity{packageName='com.dangbei.leradVideoPlugins', activityName='TencentSportActivity'}, ContentEntity{packageName='com.dangbei.leradVideoPlugins', activityName='ShortPlayActivity'}, ContentEntity{packageName='com.dangbei.hqmedia', activityName='FilmDetailActivity'}, ContentEntity{packageName='com.dangbei.hqmedia', activityName='FullScreenDetailActivity'}, ContentEntity{packageName='com.dangbei.leradVideoPlugins', activityName='MangoMediaActivity'}, ContentEntity{packageName='com.dangbei.leradVideoPlugins', activityName='VcinemaActivity'}]} isRequestPageControlSuccess = false
06-25 14:28:24.236 477 501 D CompatibilityChangeReporter: Compat change id reported: 171306433; UID 10021; state: ENABLED
06-25 14:28:24.245 1286 1600 D XHttpObservable: handleRequest: start https://tyapi.qun7.com/v1/voice/getsoundshowmsg ,,, isCache = false
06-25 14:28:24.248 477 524 D AW_CODE : rotation =0
06-25 14:28:24.252 1286 1601 D XHttpObservable: handleRequest: start https://tyapi.qun7.com/v1/voice/getResponseControlPage ,,, isCache = false
06-25 14:28:24.254 1125 1125 D aaa : WiFi is connect
06-25 14:28:24.272 1051 1263 I okhttp.OkHttpClient: --> POST http://tymsgapi.qun7.com/v1/core/logip (592-byte body)
06-25 14:28:24.278 1125 1125 D aaa : WiFi is connect
06-25 14:28:24.282 477 1348 D CompatibilityChangeReporter: Compat change id reported: 143231523; UID 10021; state: DISABLED
06-25 14:28:24.286 1051 1953 I okhttp.OkHttpClient: --> POST http://tymsgapi.qun7.com/v1/core/appupdate (3314-byte body)
06-25 14:28:24.311 1051 1261 I okhttp.OkHttpClient: --> POST http://tymsgapi.qun7.com/v1/core/rom (525-byte body)
06-25 14:28:24.316 1051 1954 I okhttp.OkHttpClient: <-- 200 OK http://tymsgapi.qun7.com/v1/core/rom (164ms, unknown-length body)
06-25 14:28:24.322 1051 1281 I okhttp.OkHttpClient: --> POST http://tymsgapi.qun7.com/v1/core/appupdate (3314-byte body)
06-25 14:28:24.356 1051 1955 I okhttp.OkHttpClient: <-- 200 OK http://tyapi.qun7.com/v1/core/launcherota (129ms, unknown-length body)
06-25 14:28:24.357 1051 1262 I okhttp.OkHttpClient: <-- 200 OK http://tyapi.qun7.com/v1/core/launcherota (160ms, unknown-length body)
06-25 14:28:24.372 1051 1051 E ccc : cccccc launcher ota response is BaseResponse{message='success', data=UpgradeInfoEntity{contentLength=0, versionName='', versionCode=0, remark='', list=[]}, code=0}
06-25 14:28:24.372 1051 1051 W System.err: java.lang.IndexOutOfBoundsException: Index: 0, Size: 0
06-25 14:28:24.374 1051 1051 W System.err: at java.util.ArrayList.get(ArrayList.java:437)
06-25 14:28:24.374 1051 1051 W System.err: at com.dangbei.etna.update.launcher.LauncherUpdateHelper$requestLauncherUpdateInfo$1$2.invoke(LauncherUpdateHelper.kt:198)
06-25 14:28:24.374 1051 1051 W System.err: at com.dangbei.etna.update.launcher.LauncherUpdateHelper$requestLauncherUpdateInfo$1$2.invoke(LauncherUpdateHelper.kt:189)
06-25 14:28:24.374 1051 1051 W System.err: at com.etna.haqu.support.ext.FlowExtKt$safeCollect$3.emit(FlowExt.kt:52)
06-25 14:28:24.374 1051 1051 W System.err: at kotlinx.coroutines.flow.FlowKt__ErrorsKt$catchImpl$2.emit(Errors.kt:158)
06-25 14:28:24.374 1051 1051 W System.err: at kotlinx.coroutines.flow.FlowKt__ChannelsKt.emitAllImpl$FlowKt__ChannelsKt(Channels.kt:62)
06-25 14:28:24.374 1051 1051 W System.err: at kotlinx.coroutines.flow.FlowKt__ChannelsKt.access$emitAllImpl$FlowKt__ChannelsKt(Channels.kt:1)
06-25 14:28:24.375 1051 1051 W System.err: at kotlinx.coroutines.flow.FlowKt__ChannelsKt$emitAllImpl$1.invokeSuspend(Unknown Source:14)
06-25 14:28:24.375 1051 1051 W System.err: at kotlin.coroutines.jvm.internal.BaseContinuationImpl.resumeWith(ContinuationImpl.kt:33)
06-25 14:28:24.375 1051 1051 W System.err: at kotlinx.coroutines.DispatchedTask.run(DispatchedTask.kt:106)
06-25 14:28:24.375 1051 1051 W System.err: at android.os.Handler.handleCallback(Handler.java:938)
06-25 14:28:24.375 1051 1051 W System.err: at android.os.Handler.dispatchMessage(Handler.java:99)
06-25 14:28:24.375 1051 1051 W System.err: at android.os.Looper.loopOnce(Looper.java:201)
06-25 14:28:24.375 1051 1051 W System.err: at android.os.Looper.loop(Looper.java:288)
06-25 14:28:24.375 1051 1051 W System.err: at android.app.ActivityThread.main(ActivityThread.java:7854)
06-25 14:28:24.375 1051 1051 W System.err: at java.lang.reflect.Method.invoke(Native Method)
06-25 14:28:24.375 1051 1051 W System.err: at com.android.internal.os.RuntimeInit$MethodAndArgsCaller.run(RuntimeInit.java:548)
06-25 14:28:24.381 1051 1051 W System.err: at com.android.internal.os.ZygoteInit.main(ZygoteInit.java:1182)
06-25 14:28:24.385 1051 1051 E ccc : cccccc com.dangbei.haqusetting not connect
06-25 14:28:24.386 1051 1051 E ccc : cccccc updateHelper 通知更新
06-25 14:28:24.386 1051 1953 I okhttp.OkHttpClient: <-- 200 OK http://tymsgapi.qun7.com/v1/core/appupdate (100ms, unknown-length body)
06-25 14:28:24.388 477 613 D WifiConfigStore: Writing to stores completed in 144 ms.
06-25 14:28:24.389 1051 1924 E HigherBroadcastServer: {"bluetoothBoot":false,"bluetoothController":false,"bluetoothMac":"B4:2F:03:15:73:2F","deviceModel":"DBBOX-A2","deviceModelNumber":"H5232","deviceName":"客厅的当贝盒子","findController":1,"hostName":"192.168.3.161","inetAddress":"192.168.3.161","mac":"20:02:FE:19:C2:0E","port":6689,"romCode":5013,"romVersion":"5.0.1.3","wifiMac":"B4:2F:03:15:E8:B9","deviceId":"21c64902019dc1b5a2d56996a3df215c","sn":"DZOH58251975972"}
06-25 14:28:24.389 1051 1924 W NsdServiceInfo: Key lengths > 9 are discouraged: deviceModel
06-25 14:28:24.389 1051 1924 W NsdServiceInfo: Key lengths > 9 are discouraged: deviceModelNumber
06-25 14:28:24.389 1051 1924 W NsdServiceInfo: Key lengths > 9 are discouraged: deviceName
06-25 14:28:24.389 1051 1924 W NsdServiceInfo: Key lengths > 9 are discouraged: romVersion
06-25 14:28:24.389 1051 1924 W NsdServiceInfo: Key lengths > 9 are discouraged: findController
06-25 14:28:24.394 1051 1051 E ccc : cccccc launcher ota response is BaseResponse{message='success', data=UpgradeInfoEntity{contentLength=0, versionName='', versionCode=0, remark='', list=[]}, code=0}
06-25 14:28:24.394 1051 1051 W System.err: java.lang.IndexOutOfBoundsException: Index: 0, Size: 0
06-25 14:28:24.394 1051 1051 W System.err: at java.util.ArrayList.get(ArrayList.java:437)
06-25 14:28:24.394 1051 1051 W System.err: at com.dangbei.etna.update.launcher.LauncherUpdateHelper$requestLauncherUpdateInfo$1$2.invoke(LauncherUpdateHelper.kt:198)
06-25 14:28:24.394 1051 1051 W System.err: at com.dangbei.etna.update.launcher.LauncherUpdateHelper$requestLauncherUpdateInfo$1$2.invoke(LauncherUpdateHelper.kt:189)
06-25 14:28:24.394 1051 1051 W System.err: at com.etna.haqu.support.ext.FlowExtKt$safeCollect$3.emit(FlowExt.kt:52)
06-25 14:28:24.394 1051 1051 W System.err: at kotlinx.coroutines.flow.FlowKt__ErrorsKt$catchImpl$2.emit(Errors.kt:158)
06-25 14:28:24.394 1051 1051 W System.err: at kotlinx.coroutines.flow.FlowKt__ChannelsKt.emitAllImpl$FlowKt__ChannelsKt(Channels.kt:62)
06-25 14:28:24.394 1051 1051 W System.err: at kotlinx.coroutines.flow.FlowKt__ChannelsKt.access$emitAllImpl$FlowKt__ChannelsKt(Channels.kt:1)
06-25 14:28:24.394 1051 1051 W System.err: at kotlinx.coroutines.flow.FlowKt__ChannelsKt$emitAllImpl$1.invokeSuspend(Unknown Source:14)
06-25 14:28:24.395 1051 1051 W System.err: at kotlin.coroutines.jvm.internal.BaseContinuationImpl.resumeWith(ContinuationImpl.kt:33)
06-25 14:28:24.395 1051 1051 W System.err: at kotlinx.coroutines.DispatchedTask.run(DispatchedTask.kt:106)
06-25 14:28:24.395 1051 1051 W System.err: at android.os.Handler.handleCallback(Handler.java:938)
06-25 14:28:24.395 1051 1051 W System.err: at android.os.Handler.dispatchMessage(Handler.java:99)
06-25 14:28:24.395 1051 1051 W System.err: at android.os.Looper.loopOnce(Looper.java:201)
06-25 14:28:24.395 1051 1051 W System.err: at android.os.Looper.loop(Looper.java:288)
06-25 14:28:24.395 1051 1051 W System.err: at android.app.ActivityThread.main(ActivityThread.java:7854)
06-25 14:28:24.395 1051 1051 W System.err: at java.lang.reflect.Method.invoke(Native Method)
06-25 14:28:24.395 1051 1051 W System.err: at com.android.internal.os.RuntimeInit$MethodAndArgsCaller.run(RuntimeInit.java:548)
06-25 14:28:24.395 1051 1051 W System.err: at com.android.internal.os.ZygoteInit.main(ZygoteInit.java:1182)
06-25 14:28:24.403 1051 1051 E ccc : cccccc com.dangbei.haqusetting not connect
06-25 14:28:24.403 1051 1051 E ccc : cccccc updateHelper 通知更新
06-25 14:28:24.407 1051 1051 E ccc : cccccc requestOtaInfo result BaseResponse{message='success', data=OtaUpdateBean{downloadId='3926', updateType=1, romVersionName='5.0.1.3', romCode=5555, current=0, romMd5v='5e822e73d6bf41053362548785add0e9', romLength=695954318, romSize='663.7 MB', downUrl='http://dl.qun7.com/H5/H5/5.0.1.3-20250625-ebx9/H5_H618_20250625_ota.zip', reUrl='http://dl.v5tv.com/H5/H5/5.0.1.3-20250625-ebx9/H5_H618_20250625_ota.zip', reUrl2='http://dl.tymcdn.com/H5/H5/5.0.1.3-20250625-ebx9/H5_H618_20250625_ota.zip', tempUrl='null', remark='H5 H618 20250625
06-25 14:28:24.407 1051 1051 E ccc : 链接: https://pan.baidu.com/s/1kldMhgQGmJfqaW4Eztrx3g?pwd=ebx9 提取码: ebx9
06-25 14:28:24.407 1051 1051 E ccc : 1、修复“野草”、"哈趣影视" 等第三方应用权限报错问题
06-25 14:28:24.407 1051 1051 E ccc : 2、版本号5013
06-25 14:28:24.407 1051 1051 E ccc : 3、log打印等级改成1,避免系统负载过重
06-25 14:28:24.407 1051 1051 E ccc : 4、避免电视管家杀掉输入法,强制再次使能输入法', status=idle, progress=0.0, filterMac=[], localPath='null', popup=1, isPaused=false, cancelled=false, extraInfo='null'}, code=0}
06-25 14:28:24.415 1051 1263 I okhttp.OkHttpClient: <-- 200 OK http://tymsgapi.qun7.com/v1/core/logip (142ms, 81-byte body)
06-25 14:28:24.429 477 525 W IorapForwardingService: No service published for: iorapd
06-25 14:28:24.434 1051 1261 I okhttp.OkHttpClient: <-- 200 OK http://tymsgapi.qun7.com/v1/core/rom (109ms, unknown-length body)
06-25 14:28:24.444 1051 1263 I HttpUtil: success
06-25 14:28:24.454 658 658 E WifiHAL : wifi_get_link_stats: requestResponse Error:-5
06-25 14:28:24.458 477 613 E WifiVendorHal: getWifiLinkLayerStats_1_5_Internal(l.1191) failed {.code = ERROR_INVALID_ARGS, .description = }
06-25 14:28:24.464 1051 1051 E ccc : cccccc com.dangbei.haqusetting not connect
06-25 14:28:24.465 1051 1051 E ccc : cccccc updateHelper 通知更新
06-25 14:28:24.473 1051 1051 E ccc : cccccc OtaUpdateHelper 普通更新 1
06-25 14:28:24.478 477 578 D CompatibilityChangeReporter: Compat change id reported: 168419799; UID 10074; state: DISABLED
06-25 14:28:24.484 1051 1051 E ccc : cccccc requestOtaInfo result BaseResponse{message='success', data=OtaUpdateBean{downloadId='3926', updateType=1, romVersionName='5.0.1.3', romCode=5555, current=0, romMd5v='5e822e73d6bf41053362548785add0e9', romLength=695954318, romSize='663.7 MB', downUrl='http://dl.qun7.com/H5/H5/5.0.1.3-20250625-ebx9/H5_H618_20250625_ota.zip', reUrl='http://dl.v5tv.com/H5/H5/5.0.1.3-20250625-ebx9/H5_H618_20250625_ota.zip', reUrl2='http://dl.tymcdn.com/H5/H5/5.0.1.3-20250625-ebx9/H5_H618_20250625_ota.zip', tempUrl='null', remark='H5 H618 20250625
06-25 14:28:24.484 1051 1051 E ccc : 链接: https://pan.baidu.com/s/1kldMhgQGmJfqaW4Eztrx3g?pwd=ebx9 提取码: ebx9
06-25 14:28:24.484 1051 1051 E ccc : 1、修复“野草”、"哈趣影视" 等第三方应用权限报错问题
06-25 14:28:24.484 1051 1051 E ccc : 2、版本号5013
06-25 14:28:24.484 1051 1051 E ccc : 3、log打印等级改成1,避免系统负载过重
06-25 14:28:24.484 1051 1051 E ccc : 4、避免电视管家杀掉输入法,强制再次使能输入法', status=idle, progress=0.0, filterMac=[], localPath='null', popup=1, isPaused=false, cancelled=false, extraInfo='null'}, code=0}
06-25 14:28:24.488 1051 1281 I okhttp.OkHttpClient: <-- 200 OK http://tymsgapi.qun7.com/v1/core/appupdate (165ms, unknown-length body)
06-25 14:28:24.492 477 810 D CompatibilityChangeReporter: Compat change id reported: 135634846; UID 10017; state: DISABLED
06-25 14:28:24.492 477 810 D CompatibilityChangeReporter: Compat change id reported: 177438394; UID 10017; state: DISABLED
06-25 14:28:24.492 477 810 D CompatibilityChangeReporter: Compat change id reported: 135772972; UID 10017; state: DISABLED
06-25 14:28:24.493 477 810 D CompatibilityChangeReporter: Compat change id reported: 135754954; UID 10017; state: ENABLED
06-25 14:28:24.493 1051 1051 E ccc : cccccc com.dangbei.haqusetting not connect
06-25 14:28:24.493 1051 1051 E ccc : cccccc updateHelper 通知更新
06-25 14:28:24.493 1051 1051 E ccc : cccccc OtaUpdateHelper 普通更新 1
06-25 14:28:24.493 477 535 D CompatibilityChangeReporter: Compat change id reported: 143937733; UID 10017; state: ENABLED
06-25 14:28:24.501 477 623 D NsdService: Register service
06-25 14:28:24.502 477 623 D NsdService: registerService: 2 name: 192.168.3.161, type: _db_controller._tcp, host: /192.168.3.161, port: 6689, txtRecord: deviceModel=DBBOX-A2romVersion=5.0.1.3findController=1sn=DZOH58251975972mac=20:02:FE:19:C2:0E deviceName=客厅的当贝盒子)deviceId=21c64902019dc1b5a2d56996a3df215cdeviceModelNumber=H5232 romCode=5013
06-25 14:28:24.502 477 623 D NsdService: mdnssd [register, 2, 192.168.3.161, _db_controller._tcp, 6689, FGRldmljZU1vZGVsPURCQk9YLUEyEnJvbVZlcnNpb249NS4wLjEuMxBmaW5kQ29udHJvbGxlcj0xEnNuPURaT0g1ODI1MTk3NTk3MhVtYWM9MjA6MDI6RkU6MTk6QzI6MEUgZGV2aWNlTmFtZT3lrqLljoXnmoTlvZPotJ3nm5LlrZApZGV2aWNlSWQ9MjFjNjQ5MDIwMTlkYzFiNWEyZDU2OTk2YTNkZjIxNWMXZGV2aWNlTW9kZWxOdW1iZXI9SDUyMzIMcm9tQ29kZT01MDEz]
06-25 14:28:24.506 1051 1062 I lerad.etna.haq: Background young concurrent copying GC freed 22461(2550KB) AllocSpace objects, 9(180KB) LOS objects, 0% free, 5946KB/5946KB, paused 3.721ms total 469.357ms
06-25 14:28:24.508 1051 1064 W System : A resource failed to call close.
06-25 14:28:24.508 1051 1064 W System : A resource failed to call close.
06-25 14:28:24.508 1051 1064 W System : A resource failed to call close.
06-25 14:28:24.508 1051 1064 W System : A resource failed to call close.
06-25 14:28:24.508 1051 1064 W System : A resource failed to call close.
06-25 14:28:24.508 1051 1064 W System : A resource failed to call close.
06-25 14:28:24.511 477 623 D NsdService: Register 2 2
06-25 14:28:24.525 248 248 D Zygote : Forked child process 2007
06-25 14:28:24.528 477 535 I ActivityManager: app.processName = com.android.providers.tv
06-25 14:28:24.528 477 535 I ActivityManager: Start proc 2007:com.android.providers.tv/u0a17 for broadcast {com.android.providers.tv/com.android.providers.tv.BootCompletedReceiver}
06-25 14:28:24.542 2007 2007 I Zygote : seccomp disabled by setenforce 0
06-25 14:28:24.572 387 396 I adbd : jdwp connection from 2007
06-25 14:28:24.583 1111 1518 D AppListModel: requestAppFilterList: success
06-25 14:28:24.584 1111 1518 D AppListModel: updateList
06-25 14:28:24.584 1111 1518 D AppListModel: updateList: resetAppList
06-25 14:28:24.615 477 810 D CompatibilityChangeReporter: Compat change id reported: 168419799; UID 10017; state: DISABLED
06-25 14:28:24.637 2007 2007 D CompatibilityChangeReporter: Compat change id reported: 171979766; UID 10017; state: ENABLED
06-25 14:28:24.654 1111 1111 I Choreographer: Skipped 61 frames! The application may be doing too much work on its main thread.
06-25 14:28:24.661 1111 1111 E hq : listenerNet:::重新来网了 key=image_error isConnect=true
06-25 14:28:24.661 1111 1111 E hq : listenerNet:::重新来网了 key=requestAppWhiteList isConnect=true
06-25 14:28:24.671 1111 2030 D dangbei ad sdk: HttpUtils.....::response=http://esw.tymcdn.com/dbGold/os/v2/sdkSwitch.do
06-25 14:28:24.672 1286 1600 D XHttpObservable: createNetWorkObservable subscribe: ShowMessageEntity{code=0, data=TipEntity{movieType=[我想看喜剧片, 动作片, 枪战片], movie=[庆余年, 误杀, 美丽人生, 爆笑虫子, 哪吒, 小猪佩奇, 胡歌的电视剧, 张艺谋导演的电影, 切换到1080P, 收藏], appController=[打开当贝市场, 下载哈趣影视, 爱奇艺, 卸载腾讯视频], weather=[今天的天气, 未来五天的天气, 杭州天气怎么样, 明天下不下雨], music=[我要听歌, 周杰伦的歌, 上一首, 下一首, 快进一分钟, 暂停], liveAppDownload='非常抱歉,根据监管部门政策管理要求,暂不提供相应服务。', subscreen=null, wakeUpVoiceResponse=[ProbabilityEntity{word='在呢', probability=30}, ProbabilityEntity{word='我在', probability=35}, ProbabilityEntity{word='你说', probability=15}, ProbabilityEntity{word='来啦', probability=20}], unrecognizedVoiceResponse=[ProbabilityEntity{word='可以再说一遍么', probability=45}, ProbabilityEntity{word='可以说的详细一点么', probability=30}, ProbabilityEntity{word='请问有什么可以帮您', probability=25}], notUnderstandVoiceResponse=[ProbabilityEntity{word='换个说法试试吧', probability=100}]}, message='success'} ,,, isDisposed = false
06-25 14:28:24.677 1111 1111 E hq : listenerNet:::重新来网了 key=ConfigureInterface:Init isConnect=true
06-25 14:28:24.679 1286 1601 D XHttpObservable: createNetWorkObservable subscribe: MediaControlEntity{code=0, data=PageEntity{list=[ContentEntity{packageName='com.dangbei.leard.leradlauncher', activityName='FilmDetailActivity'}, ContentEntity{packageName='com.dangbei.leard.leradlauncher', activityName='FullScreenDetailActivity'}, ContentEntity{packageName='com.dangbei.leard.leradlauncher', activityName='TencentSportActivity'}, ContentEntity{packageName='com.dangbei.leradVideoPlugins', activityName='FilmDetailActivity'}, ContentEntity{packageName='com.dangbei.leradVideoPlugins', activityName='FullScreenDetailActivity'}, ContentEntity{packageName='com.dangbei.leradVideoPlugins', activityName='TencentSportActivity'}, ContentEntity{packageName='com.dangbei.leradVideoPlugins', activityName='ShortPlayActivity'}, ContentEntity{packageName='com.dangbei.hqmedia', activityName='FilmDetailActivity'}, ContentEntity{packageName='com.dangbei.hqmedia', activityName='FullScreenDetailActivity'}, ContentEntity{packageName='com.dangbei.leradVideoPlugins', activityName='MangoMediaActivity'}, ContentEntity{packageName='com.dangbei.leradVideoPlugins', activityName='VcinemaActivity'}]}, message='success'} ,,, isDisposed = false
06-25 14:28:24.694 1111 1111 E hq : listenerNet:::重新来网了 key=requestGetMessageRemind isConnect=true
06-25 14:28:24.704 1111 1111 E hq : listenerNet:::重新来网了 key=requestMessageConfig isConnect=true
06-25 14:28:24.705 1111 1111 E hq : listenerNet:::重新来网了 key=requestMessageDialog isConnect=true
06-25 14:28:24.712 1111 1111 E hq : listenerNet:::重新来网了 key=requestNetAppAdInfo isConnect=true
01-01 08:00:30.028 425 425 W hdr10p_Configure: 195 callbacks suppressed
06-25 14:28:24.713 1111 1111 E hq : NetWorkStateReceiver:::NetWorkStateReceiver onReceive: 网络变化广播 >>>> intent.action=android.net.conn.CONNECTIVITY_CHANGE
01-01 08:00:30.028 425 425 I : DVI mode selected: packets not configured
01-01 08:00:30.028 425 425 W set_vsif_config: 195 callbacks suppressed
01-01 08:00:30.028 425 425 I : Error: set vsif failed
06-25 14:28:24.714 1111 1111 E hq : NetWorkStateReceiver:::Network is available. isConnect=true 是否频次过快=true t=1750832904714
06-25 14:28:24.714 1111 1111 W eventbuscore: post Event:com.dangbei.leard.base.entity.event.NetChangeEvent
06-25 14:28:24.715 1111 1848 I System.out: true
06-25 14:28:24.716 1111 1242 D yc_test : refreshWeather: null
06-25 14:28:24.738 1051 1062 I lerad.etna.haq: Background concurrent copying GC freed 45261(2668KB) AllocSpace objects, 5(84KB) LOS objects, 49% free, 3210KB/6421KB, paused 421us total 209.768ms
06-25 14:28:24.771 2007 2007 V GraphicsEnvironment: ANGLE Developer option for 'com.android.providers.tv' set to: 'default'
06-25 14:28:24.772 2007 2007 V GraphicsEnvironment: Neither updatable production driver nor prerelease driver is supported.
06-25 14:28:24.777 2007 2007 D NetworkSecurityConfig: No Network Security Config specified, using platform default
06-25 14:28:24.778 2007 2007 D NetworkSecurityConfig: No Network Security Config specified, using platform default
06-25 14:28:24.791 2007 2007 D CompatibilityChangeReporter: Compat change id reported: 160794467; UID 10017; state: ENABLED
06-25 14:28:24.805 1111 1242 D AppManager: checkLocalAppsIsValid:
06-25 14:28:24.863 1125 1125 D aaa : LedStatusService onStartCommand begin
06-25 14:28:24.864 1125 2050 D aaa : topPkg is -------------- :com.dangbei.leard.leradlauncher
06-25 14:28:24.866 1125 2050 D aaa : WiFi is connect
06-25 14:28:24.881 658 658 E WifiHAL : wifi_get_link_stats: requestResponse Error:-5
