06-25 14:28:18.710 1051 1051 E ccc : cccccc etnaService addListener com.dangbei.lerad.etna.lib.client.EtnaServerListener@da7dc9 com.dangbei.etna.update
06-25 14:28:18.710 1051 1051 E ccc : cccccc UpdateHelper onServerConnected
06-25 14:28:18.712 1051 1051 E ccc : cccccc etnaService addListener com.dangbei.lerad.etna.lib.client.EtnaServerListener@85697ef com.dangbei.lerad.etna.haqu.andes
06-25 14:28:18.713 1051 1263 W ContextImpl: Calling a method in the system process without a qualified user: android.app.ContextImpl.startService:1816 android.content.ContextWrapper.startService:774 com.dangbei.etna.setting.core.SettingHelper.startRocky:260 com.dangbei.etna.setting.core.SettingHelper.sendCycleCheckBootGuideStatusMessage:206 com.dangbei.etna.setting.core.SettingHelper.startLoop:195
06-25 14:28:18.717 477 583 I ActivityManager: com.dangbei.lerad.rocky is exempt from freezer
06-25 14:28:18.717 477 583 D CompatibilityChangeReporter: Compat change id reported: 135634846; UID 1000; state: DISABLED
06-25 14:28:18.726 1051 1261 E ccc : cccccc sendCycleCheckBootGuideStatusMessage
06-25 14:28:18.727 1051 1261 W ContextImpl: Calling a method in the system process without a qualified user: android.app.ContextImpl.startService:1816 android.content.ContextWrapper.startService:774 com.dangbei.etna.setting.core.SettingHelper.startRocky:260 com.dangbei.etna.setting.core.SettingHelper.sendCycleCheckBootGuideStatusMessage:206 com.dangbei.etna.setting.core.SettingHelper.startLoop:195
06-25 14:28:18.729 1051 1263 E ccc : cccccc sendCycleCheckBroadcast
06-25 14:28:18.731 1051 1261 E ccc : cccccc sendCycleCheckBroadcast
06-25 14:28:18.731 1051 1261 W ContextImpl: Calling a method in the system process without a qualified user: android.app.ContextImpl.sendBroadcast:1173 android.content.ContextWrapper.sendBroadcast:479 com.dangbei.etna.setting.core.SettingHelper.sendCycleToProjector:250 com.dangbei.etna.setting.core.SettingHelper.sendCycleCheckBroadcast:219 com.dangbei.etna.setting.core.SettingHelper.sendCycleCheckBootGuideStatusMessage:207
06-25 14:28:18.731 1051 1263 W ContextImpl: Calling a method in the system process without a qualified user: android.app.ContextImpl.sendBroadcast:1173 android.content.ContextWrapper.sendBroadcast:479 com.dangbei.etna.setting.core.SettingHelper.sendCycleToProjector:250 com.dangbei.etna.setting.core.SettingHelper.sendCycleCheckBroadcast:219 com.dangbei.etna.setting.core.SettingHelper.sendCycleCheckBootGuideStatusMessage:207
06-25 14:28:18.742 1051 1261 W ContextImpl: Calling a method in the system process without a qualified user: android.app.ContextImpl.sendBroadcast:1173 android.content.ContextWrapper.sendBroadcast:479 com.dangbei.etna.setting.core.SettingHelper.sendCycleToVoice:235 com.dangbei.etna.setting.core.SettingHelper.sendCycleCheckBroadcast:220 com.dangbei.etna.setting.core.SettingHelper.sendCycleCheckBootGuideStatusMessage:207
06-25 14:28:18.750 477 810 E ActivityManager: Sending non-protected broadcast com.dangbei.etna.setting.action_cycle_check_broadcast from system 1051:com.dangbei.lerad.etna.haqu/1000 pkg com.dangbei.lerad.etna.haqu
06-25 14:28:18.750 477 810 E ActivityManager: java.lang.Throwable
06-25 14:28:18.750 477 810 E ActivityManager: at com.android.server.am.ActivityManagerService.checkBroadcastFromSystem(ActivityManagerService.java:12816)
06-25 14:28:18.750 477 810 E ActivityManager: at com.android.server.am.ActivityManagerService.broadcastIntentLocked(ActivityManagerService.java:13513)
06-25 14:28:18.750 477 810 E ActivityManager: at com.android.server.am.ActivityManagerService.broadcastIntentLocked(ActivityManagerService.java:12833)
06-25 14:28:18.750 477 810 E ActivityManager: at com.android.server.am.ActivityManagerService.broadcastIntentWithFeature(ActivityManagerService.java:13670)
06-25 14:28:18.750 477 810 E ActivityManager: at android.app.IActivityManager$Stub.onTransact(IActivityManager.java:2326)
06-25 14:28:18.750 477 810 E ActivityManager: at com.android.server.am.ActivityManagerService.onTransact(ActivityManagerService.java:2509)
06-25 14:28:18.750 477 810 E ActivityManager: at android.os.Binder.execTransactInternal(Binder.java:1179)
06-25 14:28:18.750 477 810 E ActivityManager: at android.os.Binder.execTransact(Binder.java:1143)
06-25 14:28:18.753 1051 1263 W ContextImpl: Calling a method in the system process without a qualified user: android.app.ContextImpl.sendBroadcast:1173 android.content.ContextWrapper.sendBroadcast:479 com.dangbei.etna.setting.core.SettingHelper.sendCycleToVoice:235 com.dangbei.etna.setting.core.SettingHelper.sendCycleCheckBroadcast:220 com.dangbei.etna.setting.core.SettingHelper.sendCycleCheckBootGuideStatusMessage:207
06-25 14:28:18.756 477 534 I DropBoxManagerService: add tag=system_server_wtf isTagEnabled=true flags=0x2
06-25 14:28:18.756 477 578 E ActivityManager: Sending non-protected broadcast com.dangbei.etna.setting.action_cycle_check_broadcast from system 1051:com.dangbei.lerad.etna.haqu/1000 pkg com.dangbei.lerad.etna.haqu
06-25 14:28:18.756 477 578 E ActivityManager: java.lang.Throwable
06-25 14:28:18.756 477 578 E ActivityManager: at com.android.server.am.ActivityManagerService.checkBroadcastFromSystem(ActivityManagerService.java:12816)
06-25 14:28:18.756 477 578 E ActivityManager: at com.android.server.am.ActivityManagerService.broadcastIntentLocked(ActivityManagerService.java:13513)
06-25 14:28:18.756 477 578 E ActivityManager: at com.android.server.am.ActivityManagerService.broadcastIntentLocked(ActivityManagerService.java:12833)
06-25 14:28:18.756 477 578 E ActivityManager: at com.android.server.am.ActivityManagerService.broadcastIntentWithFeature(ActivityManagerService.java:13670)
06-25 14:28:18.756 477 578 E ActivityManager: at android.app.IActivityManager$Stub.onTransact(IActivityManager.java:2326)
06-25 14:28:18.756 477 578 E ActivityManager: at com.android.server.am.ActivityManagerService.onTransact(ActivityManagerService.java:2509)
06-25 14:28:18.756 477 578 E ActivityManager: at android.os.Binder.execTransactInternal(Binder.java:1179)
06-25 14:28:18.756 477 578 E ActivityManager: at android.os.Binder.execTransact(Binder.java:1143)
06-25 14:28:18.759 248 248 D Zygote : Forked child process 1286
06-25 14:28:18.761 477 623 D NsdService: New client listening to asynchronous messages
06-25 14:28:18.762 1051 1051 D CompatibilityChangeReporter: Compat change id reported: 191844585; UID 1000; state: DISABLED
06-25 14:28:18.762 477 535 I ActivityManager: app.processName = com.dangbei.lerad.rocky
06-25 14:28:18.763 477 535 I ActivityManager: Start proc 1286:com.dangbei.lerad.rocky/1000 for service {com.dangbei.lerad.rocky/com.dangbei.rocky.RockyService}
06-25 14:28:18.766 477 623 D NsdService: New client, channel: com.android.internal.util.AsyncChannel@84f73fe messenger: android.os.Messenger@39ff75f
06-25 14:28:18.766 477 623 D NsdService: mdnssd [start-service]
06-25 14:28:18.767 1111 1242 I hq : 当前的服务模式是,serviceMode=0
06-25 14:28:18.767 1111 1111 E hq : 检查user:::switchDao id=-1
06-25 14:28:18.773 1286 1286 I Zygote : seccomp disabled by setenforce 0
06-25 14:28:18.778 192 192 I vold : Bind mounting //data/media/0/Android/data on /mnt/user/0/emulated/0/Android/data
06-25 14:28:18.780 477 623 E NsdService: Failed to execute mdnssd [start-service]
06-25 14:28:18.780 477 623 E NsdService: com.android.server.NativeDaemonConnector$NativeDaemonFailureException: command '1 mdnssd start-service' failed with '402 1 Service already running'
06-25 14:28:18.780 477 623 E NsdService: at com.android.server.NativeDaemonConnector.executeForList(NativeDaemonConnector.java:516)
06-25 14:28:18.780 477 623 E NsdService: at com.android.server.NativeDaemonConnector.execute(NativeDaemonConnector.java:412)
06-25 14:28:18.780 477 623 E NsdService: at com.android.server.NativeDaemonConnector.execute(NativeDaemonConnector.java:407)
06-25 14:28:18.780 477 623 E NsdService: at com.android.server.NsdService$DaemonConnection.execute(NsdService.java:743)
06-25 14:28:18.780 477 623 E NsdService: at com.android.server.NsdService$DaemonConnection.maybeStart(NsdService.java:758)
06-25 14:28:18.780 477 623 E NsdService: at com.android.server.NsdService$NsdStateMachine.maybeStartDaemon(NsdService.java:100)
06-25 14:28:18.780 477 623 E NsdService: at com.android.server.NsdService$NsdStateMachine.access$1600(NsdService.java:88)
06-25 14:28:18.780 477 623 E NsdService: at com.android.server.NsdService$NsdStateMachine$DefaultState.processMessage(NsdService.java:223)
06-25 14:28:18.780 477 623 E NsdService: at com.android.internal.util.StateMachine$SmHandler.processMsg(StateMachine.java:993)
06-25 14:28:18.780 477 623 E NsdService: at com.android.internal.util.StateMachine$SmHandler.handleMessage(StateMachine.java:810)
06-25 14:28:18.780 477 623 E NsdService: at android.os.Handler.dispatchMessage(Handler.java:106)
06-25 14:28:18.780 477 623 E NsdService: at android.os.Looper.loopOnce(Looper.java:201)
06-25 14:28:18.780 477 623 E NsdService: at android.os.Looper.loop(Looper.java:288)
06-25 14:28:18.780 477 623 E NsdService: at android.os.HandlerThread.run(HandlerThread.java:67)
06-25 14:28:18.780 192 192 I vold : Bind mounted //data/media/0/Android/data on /mnt/user/0/emulated/0/Android/data
06-25 14:28:18.780 192 192 I vold : Bind mounting //data/media/0/Android/obb on /mnt/user/0/emulated/0/Android/obb
06-25 14:28:18.786 192 192 I vold : Bind mounted //data/media/0/Android/obb on /mnt/user/0/emulated/0/Android/obb
06-25 14:28:18.786 192 192 I vold : Configuring read_ahead of /mnt/user/0/emulated fuse filesystem to 256kb
06-25 14:28:18.786 192 192 I vold : Writing 256 to /sys/class/bdi/0:47/read_ahead_kb
06-25 14:28:18.787 192 192 I vold : Configuring max_ratio of /mnt/user/0/emulated fuse filesystem to 40
06-25 14:28:18.787 192 192 I vold : Writing 40 to /sys/class/bdi/0:47/max_ratio
06-25 14:28:18.794 477 607 I StorageManagerService: Mounted volume VolumeInfo{emulated;0}:
06-25 14:28:18.794 477 607 I StorageManagerService: type=EMULATED diskId=null partGuid= mountFlags=PRIMARY|VISIBLE
06-25 14:28:18.794 477 607 I StorageManagerService: mountUserId=0 state=MOUNTED
06-25 14:28:18.794 477 607 I StorageManagerService: fsType=null fsUuid=null fsLabel=null
06-25 14:28:18.794 477 607 I StorageManagerService: path=/storage/emulated internalPath=/data/media
06-25 14:28:18.796 477 607 I StorageSessionController: Notifying volume state changed for session with id: emulated;0
06-25 14:28:18.806 387 396 I adbd : jdwp connection from 1286
06-25 14:28:18.814 477 809 I ActivityManager: Process com.android.music (pid 1170) has died: vis IMPF
06-25 14:28:18.814 668 668 I AvrcpBrowsedPlayerWrapper: getFolderItems: Connected to browsable player: com.android.music
06-25 14:28:18.814 477 538 I libprocessgroup: Successfully killed process cgroup uid 10052 pid 1170 in 0ms
06-25 14:28:18.815 668 668 I AvrcpBrowsedPlayerWrapper: onConnectionSuspended: Connection Suspended with com.android.music
06-25 14:28:18.816 477 809 W ActivityManager: Scheduling restart of crashed service com.android.music/.MediaPlaybackService in 1000ms for connection
06-25 14:28:18.827 1051 1051 D WanCommander: handleConnection:
06-25 14:28:18.828 328 328 I rainbow_flow: type=1400 audit(0.0:426): avc: denied { ioctl } for path="/dev/spidev1.0" dev="tmpfs" ino=5369 ioctlcmd=0x6b00 scontext=u:r:init:s0 tcontext=u:object_r:device:s0 tclass=chr_file permissive=1
06-25 14:28:18.834 668 668 V MediaPlayerList: onActiveSessionsChanged: number of controllers: 0
06-25 14:28:18.836 1051 1051 E EtnaListener: onServerConnected
06-25 14:28:18.837 1195 1271 I CallLogProvider: Syncing call composer pics -- source user=0, isShadow=true, forAllUser=false
06-25 14:28:18.837 1195 1271 I CallLogProvider: Fetching list of Uris to sync
06-25 14:28:18.842 1195 1278 D ContactsDatabaseHelper: WAL enabled for contacts2.db: true
06-25 14:28:18.845 1032 1158 V MediaStore: Examining volume emulated;0 with name external_primary and state mounted
06-25 14:28:18.850 248 248 I Zygote : Process 1170 exited due to signal 9 (Killed)
06-25 14:28:18.871 1111 1111 E hq : 检查user:::更新前的信息: null
06-25 14:28:18.871 1111 1111 E hq : 更新后的信息: Users{userId=-1, nickName='游客', avatarUrl='null', wxToken='null', vip='null', mobile='null', sex=null, description='null', city='null', province='null', country='null', launcherMode=null, token='null', token='null'}
06-25 14:28:18.884 1111 1111 D TheRouter::RouterInject: interception::===interface com.dangbei.leard.protocol.home.HomeManagerInterface===HomeManagerInterfaceImpl150181351
06-25 14:28:18.885 1111 1111 D AdHelper: ad server environment is official? false
06-25 14:28:18.885 1111 1111 D AdHelper: ad server environment is official? false
06-25 14:28:18.885 1111 1111 D AdHelper: ad server environment is official? false
06-25 14:28:18.885 1111 1111 D AdHelper: ad server environment is official? false
01-01 08:00:24.216 425 425 W hdr10p_Configure: 297 callbacks suppressed
01-01 08:00:24.216 425 425 I : DVI mode selected: packets not configured
01-01 08:00:24.216 425 425 W set_vsif_config: 297 callbacks suppressed
01-01 08:00:24.216 425 425 I : Error: set vsif failed
01-01 08:00:24.216 425 425 I : DVI mode selected: packets not configured
01-01 08:00:24.216 425 425 I : Error: set vsif failed
01-01 08:00:24.216 425 425 I : DVI mode selected: packets not configured
01-01 08:00:24.216 425 425 I : Error: set vsif failed
06-25 14:28:18.904 1195 1271 I CallLogProvider: Will sync following Uris:[]
06-25 14:28:18.904 1195 1271 I CallLogProvider: Syncing call composer pics -- got []
06-25 14:28:18.908 1111 1111 D AdHelper: AdHelper init: end
06-25 14:28:18.908 1111 1111 I nd.statics.boot: type=1400 audit(0.0:427): avc: denied { open } for path="/dev/__properties__/u:object_r:serialno_prop:s0" dev="tmpfs" ino=6335 scontext=u:r:system_app:s0 tcontext=u:object_r:serialno_prop:s0 tclass=file permissive=1
06-25 14:28:18.912 1111 1111 I nd.statics.boot: type=1400 audit(0.0:428): avc: denied { getattr } for path="/dev/__properties__/u:object_r:serialno_prop:s0" dev="tmpfs" ino=6335 scontext=u:r:system_app:s0 tcontext=u:object_r:serialno_prop:s0 tclass=file permissive=1
06-25 14:28:18.912 1111 1111 I nd.statics.boot: type=1400 audit(0.0:429): avc: denied { map } for path="/dev/__properties__/u:object_r:serialno_prop:s0" dev="tmpfs" ino=6335 scontext=u:r:system_app:s0 tcontext=u:object_r:serialno_prop:s0 tclass=file permissive=1
06-25 14:28:18.914 1111 1111 E xxxxxxxxxxxxxxx: onConfigurationChanged2===>{1.0 ?mcc?mnc [zh_CN] ldltr sw720dp w1280dp h696dp 240dpi xlrg long land television -touch qwerty/v/v dpad/v winConfig={ mBounds=Rect(0, 0 - 1920, 1080) mAppBounds=Rect(0, 0 - 1920, 1080) mMaxBounds=Rect(0, 0 - 1920, 1080) mWindowingMode=fullscreen mDisplayWindowingMode=fullscreen mActivityType=undefined mAlwaysOnTop=undefined mRotation=ROTATION_0} s.6 fontWeightAdjustment=0}
06-25 14:28:18.915 1111 1111 E memInfo.totalMem: memInfo.totalMem=2055442432 1073741824
06-25 14:28:18.923 477 502 D CompatibilityChangeReporter: Compat change id reported: 168419799; UID 1000; state: DISABLED
06-25 14:28:18.928 1111 1111 I nd.statics.boot: type=1400 audit(0.0:430): avc: denied { read } for name="address" dev="sysfs" ino=26267 scontext=u:r:system_app:s0 tcontext=u:object_r:sysfs:s0 tclass=file permissive=1
06-25 14:28:18.945 1111 1308 D getEthernetMacAddr: getEthernetMacAddr use eth0
01-01 08:00:24.264 425 425 I : DVI mode selected: packets not configured
01-01 08:00:24.264 425 425 I : Error: set vsif failed
01-01 08:00:24.265 425 425 I : DVI mode selected: packets not configured
01-01 08:00:24.265 425 425 I : Error: set vsif failed
01-01 08:00:24.265 425 425 I : DVI mode selected: packets not configured
01-01 08:00:24.265 425 425 I : Error: set vsif failed
06-25 14:28:18.961 1286 1286 D CompatibilityChangeReporter: Compat change id reported: 171979766; UID 1000; state: DISABLED
06-25 14:28:18.964 1111 1308 D TheRouter::RouterInject: interception::===interface com.dangbei.leard.protocol.IProviderProtocol===ProviderManager185052085
06-25 14:28:18.969 477 607 I StorageSessionController: Notifying volume state changed for session with id: emulated;0
06-25 14:28:18.983 1032 1158 I ExternalStorageServiceImpl: Ignoring volume state for vol:external_primary. State: checking
01-01 08:00:24.300 425 425 I : DVI mode selected: packets not configured
01-01 08:00:24.300 425 425 I : Error: set vsif failed
01-01 08:00:24.300 425 425 I : DVI mode selected: packets not configured
01-01 08:00:24.300 425 425 I : Error: set vsif failed
01-01 08:00:24.300 425 425 I : DVI mode selected: packets not configured
01-01 08:00:24.300 425 425 I : Error: set vsif failed
06-25 14:28:19.007 1111 1111 D TheRouter::FlowTask: Virtual Flow Task TheRouter_activity_splash done
06-25 14:28:19.016 1111 1111 D OsInitLaunch: send cache: homeCreate, null, null, null
01-01 08:00:24.349 425 425 I : DVI mode selected: packets not configured
01-01 08:00:24.349 425 425 I : Error: set vsif failed
06-25 14:28:19.033 1111 1242 I WebViewFactory: Loading com.android.webview version 91.0.4472.114 (code 447211450)
06-25 14:28:19.042 1286 1286 D ApplicationLoaders: Returning zygote-cached class loader: /system/framework/android.test.base.jar
06-25 14:28:19.042 1286 1286 D ApplicationLoaders: Returning zygote-cached class loader: /system/framework/android.hidl.manager-V1.0-java.jar
06-25 14:28:19.042 1286 1286 D ApplicationLoaders: Returning zygote-cached class loader: /system/framework/android.hidl.base-V1.0-java.jar
06-25 14:28:19.088 1195 1278 I ContactLocale: AddressBook Labels [[zh_CN]]: […, A, B, C, D, E, F, G, H, I, J, K, L, M, N, O, P, Q, R, S, T, U, V, W, X, Y, Z, Α, Β, Γ, Δ, Ε, Ζ, Η, Θ, Ι, Κ, Λ, Μ, Ν, Ξ, Ο, Π, Ρ, Σ, Τ, Υ, Φ, Χ, Ψ, Ω, …, А, Б, В, Г, Д, Ђ, Е, Є, Ж, З, И, І, Й, Ј, К, Л, Љ, М, Н, Њ, О, П, Р, С, Т, Ћ, У, Ф, Х, Ц, Ч, Џ, Ш, Щ, Ю, Я, …, א, ב, ג, ד, ה, ו, ז, ח, ט, י, כ, ל, מ, נ, ס, ע, פ, צ, ק, ר, ש, ת, …, ا, ب, ت, ث, ج, ح, خ, د, ذ, ر, ز, س, ش, ص, ض, ط, ظ, ع, غ, ف, ق, ك, ل, م, ن, ه, و, ي, …, ก, ข, ฃ, ค, ฅ, ฆ, ง, จ, ฉ, ช, ซ, ฌ, ญ, ฎ, ฏ, ฐ, ฑ, ฒ, ณ, ด, ต, ถ, ท, ธ, น, บ, ป, ผ, ฝ, พ, ฟ, ภ, ม, ย, ร, ฤ, ล, ฦ, ว, ศ, ษ, ส, ห, ฬ, อ, ฮ, …, ㄱ, ㄴ, ㄷ, ㄹ, ㅁ, ㅂ, ㅅ, ㅇ, ㅈ, ㅊ, ㅋ, ㅌ, ㅍ, ㅎ, …, あ, か, さ, た, な, は, ま, や, ら, わ, #, …]
06-25 14:28:19.096 1032 1158 V MediaStore: Examining volume emulated;0 with name external_primary and state mounted
06-25 14:28:19.132 477 883 D BufferPoolAccessor2.0: bufferpool2 0xf33b2918 : 0(0 size) total buffers - 0(0 size) used buffers - 1/7 (recycle/alloc) - 13/294 (fetch/transfer)
06-25 14:28:19.132 477 883 D BufferPoolAccessor2.0: bufferpool2 0xf33b27d8 : 0(0 size) total buffers - 0(0 size) used buffers - 1/7 (recycle/alloc) - 10/294 (fetch/transfer)
06-25 14:28:19.132 477 883 D BufferPoolAccessor2.0: evictor expired: 2, evicted: 2
06-25 14:28:19.137 372 747 D BufferPoolAccessor2.0: bufferpool2 0xe94f6f18 : 0(0 size) total buffers - 0(0 size) used buffers - 137/145 (recycle/alloc) - 8/144 (fetch/transfer)
06-25 14:28:19.137 372 747 D BufferPoolAccessor2.0: bufferpool2 0xe94f6dd8 : 0(0 size) total buffers - 0(0 size) used buffers - 137/145 (recycle/alloc) - 8/144 (fetch/transfer)
06-25 14:28:19.137 372 747 D BufferPoolAccessor2.0: evictor expired: 2, evicted: 2
06-25 14:28:19.143 477 607 I StorageSessionController: Notifying volume state changed for session with id: emulated;0
06-25 14:28:19.155 1111 1111 E hq : LauncherCallback:::onViewCreate
06-25 14:28:19.155 1111 1111 E hq : LauncherCallback:::onAttach
06-25 14:28:19.159 1032 1032 V MediaStore: Examining volume emulated;0 with name external_primary and state mounted
06-25 14:28:19.205 658 658 E WifiHAL : wifi_get_link_stats: requestResponse Error:-5
06-25 14:28:19.207 477 613 E WifiVendorHal: getWifiLinkLayerStats_1_5_Internal(l.1191) failed {.code = ERROR_INVALID_ARGS, .description = }
06-25 14:28:19.215 1111 1242 D nativeloader: classloader namespace configured for unbundled product apk. library_path=/product/app/webview/lib/arm:/product/app/webview/webview.apk!/lib/armeabi-v7a:/product/lib:/system/product/lib
06-25 14:28:19.219 1111 1111 E hq : LauncherCallback:::inspect
06-25 14:28:19.219 1111 1111 E hq : AdHelper:::后台配置是否展现广告: true
06-25 14:28:19.222 1111 1111 D OsInitLaunch: send cache: launchHome, launchMainActivity, null, 1
06-25 14:28:19.239 676 1274 I vol.Events: writeEvent level_changed STREAM_VOICE_CALL 15
06-25 14:28:19.269 676 676 D SystemUIService: running: com.android.systemui.volume.VolumeUI@a670969
06-25 14:28:19.277 676 1274 I vol.Events: writeEvent level_changed STREAM_SYSTEM 5
06-25 14:28:19.291 1111 1308 D CompatibilityChangeReporter: Compat change id reported: 147600208; UID 1000; state: DISABLED
06-25 14:28:19.294 676 1274 I vol.Events: writeEvent level_changed STREAM_RING 5
06-25 14:28:19.298 676 1274 I vol.Events: writeEvent level_changed STREAM_MUSIC 20
06-25 14:28:19.302 676 1274 I vol.Events: writeEvent level_changed STREAM_ALARM 17
06-25 14:28:19.325 1032 1328 I MediaProvider: Begin Intent { act=com.android.providers.media.action.SCAN_VOLUME (has extras) }
06-25 14:28:19.335 676 1274 I vol.Events: writeEvent level_changed STREAM_BLUETOOTH_SCO 7
06-25 14:28:19.336 676 676 D SystemUIBootTiming: SystemUIService: bootcomplete com.android.systemui.volume.VolumeUI took 768 ms
06-25 14:28:19.337 676 676 D SystemUIService: loading: com.android.systemui.privacy.television.TvOngoingPrivacyChip
06-25 14:28:19.340 477 525 W IorapForwardingService: No service published for: iorapd
06-25 14:28:19.367 818 908 D BufferPoolAccessor2.0: bufferpool2 0xf333a158 : 0(0 size) total buffers - 0(0 size) used buffers - 1/7 (recycle/alloc) - 6/96 (fetch/transfer)
06-25 14:28:19.367 1032 1158 V MediaStore: Examining volume emulated;0 with name external_primary and state mounted
06-25 14:28:19.367 818 908 D BufferPoolAccessor2.0: evictor expired: 1, evicted: 1
06-25 14:28:19.379 1111 1318 D MobclickAgent: Report policy : ReportAtLaunch
06-25 14:28:19.392 676 676 D SystemUIService: running: com.android.systemui.privacy.television.TvOngoingPrivacyChip@5c5f2ab
06-25 14:28:19.393 676 676 D SystemUIBootTiming: SystemUIService: bootcomplete com.android.systemui.privacy.television.TvOngoingPrivacyChip took 56 ms
06-25 14:28:19.393 676 676 D SystemUIService: loading: com.android.systemui.statusbar.tv.TvStatusBar
06-25 14:28:19.393 676 676 D SystemUIService: running: com.android.systemui.statusbar.tv.TvStatusBar@7a9d08
06-25 14:28:19.399 477 607 D StorageManagerService: Volume emulated;0 broadcasting mounted to UserHandle{0}
06-25 14:28:19.403 354 587 D installd: Found quota mount /dev/block/by-name/userdata at /data
06-25 14:28:19.403 354 587 D installd: Found quota mount /dev/block/by-name/userdata at /data/user/0
06-25 14:28:19.404 354 587 D installd: Found quota mount /dev/block/by-name/userdata at /mnt/pass_through/0/emulated
06-25 14:28:19.404 354 587 D installd: Found quota mount /dev/block/by-name/userdata at /mnt/user/0/emulated/0/Android/data
06-25 14:28:19.404 354 587 D installd: Found quota mount /dev/block/by-name/userdata at /storage/emulated/0/Android/data
06-25 14:28:19.404 354 587 D installd: Found quota mount /dev/block/by-name/userdata at /mnt/androidwritable/0/emulated/0/Android/data
06-25 14:28:19.404 354 587 D installd: Found quota mount /dev/block/by-name/userdata at /mnt/installer/0/emulated/0/Android/data
06-25 14:28:19.404 354 587 D installd: Found quota mount /dev/block/by-name/userdata at /mnt/user/0/emulated/0/Android/obb
06-25 14:28:19.404 354 587 D installd: Found quota mount /dev/block/by-name/userdata at /storage/emulated/0/Android/obb
06-25 14:28:19.404 354 587 D installd: Found quota mount /dev/block/by-name/userdata at /mnt/androidwritable/0/emulated/0/Android/obb
06-25 14:28:19.404 354 587 D installd: Found quota mount /dev/block/by-name/userdata at /mnt/installer/0/emulated/0/Android/obb
06-25 14:28:19.405 1032 1032 V MediaStore: Examining volume emulated;0 with name external_primary and state mounted
06-25 14:28:19.406 354 587 D installd: Found storage mount /dev/block/by-name/userdata at /mnt/pass_through/0/emulated
06-25 14:28:19.407 676 1274 I vol.Events: writeEvent zen_mode_config_changed [disallowAlarms=false disallowMedia=false disallowSystem=true disallowRinger=false]
06-25 14:28:19.417 477 501 I StatusBarManagerService: registerStatusBar bar=com.android.internal.statusbar.IStatusBar$Stub$Proxy@50ebca5
06-25 14:28:19.426 477 607 D StorageManagerService: Volume emulated;0 broadcasting mounted to UserHandle{0}
06-25 14:28:19.430 1032 1032 V MediaStore: Examining volume emulated;0 with name external_primary and state mounted
06-25 14:28:19.436 676 676 D SystemUIBootTiming: SystemUIService: bootcomplete com.android.systemui.statusbar.tv.TvStatusBar took 43 ms
06-25 14:28:19.436 676 676 D SystemUIService: loading: com.android.systemui.statusbar.tv.notifications.TvNotificationPanel
06-25 14:28:19.437 676 676 D SystemUIService: running: com.android.systemui.statusbar.tv.notifications.TvNotificationPanel@c3d7ca1
06-25 14:28:19.437 676 676 D SystemUIBootTiming: SystemUIService: bootcomplete com.android.systemui.statusbar.tv.notifications.TvNotificationPanel took 1 ms
06-25 14:28:19.437 676 676 D SystemUIService: loading: com.android.systemui.statusbar.tv.notifications.TvNotificationHandler
06-25 14:28:19.445 676 676 D SystemUIService: running: com.android.systemui.statusbar.tv.notifications.TvNotificationHandler@7ad4ec6
06-25 14:28:19.463 676 676 D SystemUIBootTiming: SystemUIService: bootcomplete com.android.systemui.statusbar.tv.notifications.TvNotificationHandler took 25 ms
06-25 14:28:19.463 676 676 D SystemUIService: loading: com.android.systemui.statusbar.tv.VpnStatusObserver
06-25 14:28:19.482 1111 1111 D TheRouter::RouterInject: interception::===interface com.dangbei.leard.protocol.etna.EtnaManagerInterface===EtnaManagerInterfaceImpl87613021
06-25 14:28:19.484 1111 1111 E getHdmiStatus: sourceInputStatus=null mEtnaAdapter=null
06-25 14:28:19.507 477 526 D ColorDisplayService: NightDisplayTintController Animation cancelled: false to matrix:
06-25 14:28:19.507 477 526 D ColorDisplayService: 1.000000 0.000000 0.000000 0.000000 0.000000 1.000000 0.000000 0.000000 0.000000 0.000000 1.000000 0.000000 0.000000 0.000000 0.000000 1.000000 min matrix coefficients:
06-25 14:28:19.507 477 526 D ColorDisplayService: 1.000000 0.000000 0.000000 0.000000 0.000000 1.000000 0.000000 0.000000 0.000000 0.000000 1.000000 0.000000 0.000000 0.000000 0.000000 1.000000 max matrix coefficients:
06-25 14:28:19.507 477 526 D ColorDisplayService: 1.000000 0.000000 0.000000 0.000000 0.000000 1.000000 0.000000 0.000000 0.000000 0.000000 1.000000 0.000000 0.000000 0.000000 0.000000 1.000000
06-25 14:28:19.545 1111 1242 I d.leradlaunche: Waiting for a blocking GC ClassLinker
06-25 14:28:19.567 1111 1111 D OsInitLaunch: send cache: mangoAuth, null, AUTH_NO_NETWORK, null
06-25 14:28:19.623 1051 1062 I lerad.etna.haq: Background concurrent copying GC freed 23451(1258KB) AllocSpace objects, 0(0B) LOS objects, 49% free, 2909KB/5818KB, paused 218us total 838.203ms
06-25 14:28:19.639 1111 1247 E hq : ErrorCoroutineExceptionHandler:::runTry error:java.net.UnknownHostException: Unable to resolve host "ottdbui-tyapiqun7.yysh.mgtv.com": No address associated with hostname from=requestAppBarData_loadData
06-25 14:28:19.647 1032 1044 I FuseDaemon: Background concurrent copying GC freed 22007(1231KB) AllocSpace objects, 4(80KB) LOS objects, 49% free, 3153KB/6306KB, paused 245us total 962.302ms
06-25 14:28:19.662 1195 1278 D ContactsDatabaseHelper: WAL enabled for profile.db: true
06-25 14:28:19.680 477 578 D ConnectivityService: requestNetwork for uid/pid:1000/1111 activeRequest: null callbackRequest: 26 [NetworkRequest [ REQUEST id=28, [ Capabilities: INTERNET&NOT_RESTRICTED&TRUSTED&NOT_VCN_MANAGED Uid: 1000 RequestorUid: 1000 RequestorPkg: com.dangbei.leard.leradlauncher] ]] callback flags: 0 priority: 2147483647
06-25 14:28:19.682 477 620 D ConnectivityService: NetReassign [no changes]
06-25 14:28:19.684 1286 1286 V GraphicsEnvironment: ANGLE Developer option for 'com.dangbei.lerad.rocky' set to: 'default'
06-25 14:28:19.685 1286 1286 V GraphicsEnvironment: Neither updatable production driver nor prerelease driver is supported.
06-25 14:28:19.689 477 655 D PPPOE : got request NetworkRequest [ REQUEST id=28, [ Capabilities: INTERNET&NOT_RESTRICTED&TRUSTED&NOT_VCN_MANAGED Uid: 1000 RequestorUid: 1000 RequestorPkg: com.dangbei.leard.leradlauncher] ]
06-25 14:28:19.692 477 654 D Ethernet: got request NetworkRequest [ REQUEST id=28, [ Capabilities: INTERNET&NOT_RESTRICTED&TRUSTED&NOT_VCN_MANAGED Uid: 1000 RequestorUid: 1000 RequestorPkg: com.dangbei.leard.leradlauncher] ]
06-25 14:28:19.692 477 620 D ConnectivityService: NetReassign [no changes]
06-25 14:28:19.693 477 654 D EthernetNetworkFactory: acceptRequest, request: NetworkRequest [ REQUEST id=28, [ Capabilities: INTERNET&NOT_RESTRICTED&TRUSTED&NOT_VCN_MANAGED Uid: 1000 RequestorUid: 1000 RequestorPkg: com.dangbei.leard.leradlauncher] ]
06-25 14:28:19.694 477 654 I EthernetNetworkFactory: networkForRequest, request: NetworkRequest [ REQUEST id=28, [ Capabilities: INTERNET&NOT_RESTRICTED&TRUSTED&NOT_VCN_MANAGED Uid: 1000 RequestorUid: 1000 RequestorPkg: com.dangbei.leard.leradlauncher] ], network: null
06-25 14:28:19.702 1286 1286 D NetworkSecurityConfig: No Network Security Config specified, using platform default
06-25 14:28:19.703 1286 1286 D NetworkSecurityConfig: No Network Security Config specified, using platform default
06-25 14:28:19.704 1286 1286 I MultiDex: VM with version 2.1.0 has multidex support
06-25 14:28:19.704 1286 1286 I MultiDex: Installing application
06-25 14:28:19.704 1286 1286 I MultiDex: VM has multidex support, MultiDex support library is disabled.
06-25 14:28:19.706 676 676 D SystemUIService: running: com.android.systemui.statusbar.tv.VpnStatusObserver@4e2cf95
06-25 14:28:19.707 676 676 D SystemUIBootTiming: SystemUIService: bootcomplete com.android.systemui.statusbar.tv.VpnStatusObserver took 244 ms
06-25 14:28:19.707 676 676 D SystemUIService: loading: com.android.systemui.globalactions.GlobalActionsComponent
06-25 14:28:19.712 676 676 D SystemUIService: running: com.android.systemui.globalactions.GlobalActionsComponent@20ff8aa
06-25 14:28:19.733 477 809 D CompatibilityChangeReporter: Compat change id reported: 168419799; UID 1000; state: DISABLED
06-25 14:28:19.742 1111 1111 I Choreographer: Skipped 95 frames! The application may be doing too much work on its main thread.
06-25 14:28:19.746 477 527 D CompatibilityChangeReporter: Compat change id reported: 158002302; UID 1000; state: ENABLED
06-25 14:28:19.747 676 676 D SystemUIBootTiming: SystemUIService: bootcomplete com.android.systemui.globalactions.GlobalActionsComponent took 40 ms
06-25 14:28:19.747 676 676 D SystemUIService: loading: com.android.systemui.usb.StorageNotification
06-25 14:28:19.748 676 676 D SystemUIService: running: com.android.systemui.usb.StorageNotification@a52a777
06-25 14:28:19.748 1286 1286 D RockyApplication: init: false
06-25 14:28:19.775 676 676 D StorageNotification: Notifying about private volume: VolumeInfo{private}:
06-25 14:28:19.775 676 676 D StorageNotification: type=PRIVATE diskId=null partGuid=null mountFlags=0 mountUserId=-10000
06-25 14:28:19.775 676 676 D StorageNotification: state=MOUNTED
06-25 14:28:19.775 676 676 D StorageNotification: fsType=null fsUuid=null fsLabel=null
06-25 14:28:19.775 676 676 D StorageNotification: path=/data internalPath=null
06-25 14:28:19.789 676 676 D SystemUIBootTiming: SystemUIService: bootcomplete com.android.systemui.usb.StorageNotification took 42 ms
06-25 14:28:19.790 676 676 D SystemUIService: loading: com.android.systemui.power.PowerUI
06-25 14:28:19.791 676 676 D SystemUIService: running: com.android.systemui.power.PowerUI@7393d4e
06-25 14:28:19.855 477 502 D CompatibilityChangeReporter: Compat change id reported: 182734110; UID 10074; state: DISABLED
06-25 14:28:19.860 187 187 I hwservicemanager: getTransport: Cannot find entry android.hardware.configstore@1.0::ISurfaceFlingerConfigs/default in either framework or device VINTF manifest.
06-25 14:28:19.864 676 676 I SharedPreferenc: type=1400 audit(0.0:435): avc: denied { open } for path="/data/user_de/0/com.android.systemui/shared_prefs/powerui_prefs.xml" dev="mmcblk0p25" ino=31227 scontext=u:r:platform_app:s0:c512,c768 tcontext=u:object_r:app_data_file:s0:c512,c768 tclass=file permissive=1 app=com.softwinner.screenshot
06-25 14:28:19.901 477 1030 I ActivityManager: com.android.localtransport is exempt from freezer
06-25 14:28:19.901 477 1030 D CompatibilityChangeReporter: Compat change id reported: 135634846; UID 1000; state: DISABLED
06-25 14:28:19.911 676 676 D SystemUIBootTiming: SystemUIService: bootcomplete com.android.systemui.power.PowerUI took 121 ms
06-25 14:28:19.911 676 676 D SystemUIService: loading: com.android.systemui.media.RingtonePlayer
06-25 14:28:19.912 676 676 D SystemUIService: running: com.android.systemui.media.RingtonePlayer@4bcc47b
06-25 14:28:19.918 1111 1241 D TheRouter::RouterInject: interception::===interface com.dangbei.leard.protocol.down.DownProtocol===DownProtocolProxy175104090
06-25 14:28:19.927 248 248 D Zygote : Forked child process 1389
06-25 14:28:19.937 282 537 E HWComposer: getSupportedContentTypes: getSupportedContentTypes failed for display 0: Unsupported (8)
06-25 14:28:19.942 1389 1389 I Zygote : seccomp disabled by setenforce 0
06-25 14:28:19.943 187 187 I hwservicemanager: getTransport: Cannot find entry android.hardware.graphics.mapper@4.0::IMapper/default in either framework or device VINTF manifest.
06-25 14:28:19.944 1111 1392 I Gralloc4: mapper 4.x is not supported
06-25 14:28:19.950 187 187 I hwservicemanager: getTransport: Cannot find entry android.hardware.graphics.mapper@3.0::IMapper/default in either framework or device VINTF manifest.
06-25 14:28:19.950 1111 1392 W Gralloc3: mapper 3.x is not supported
06-25 14:28:19.960 1111 1392 E gralloc : Arm Module v1.0
06-25 14:28:19.962 1111 1243 E FactoryResetOperateImpl: isFirstBoot 1
06-25 14:28:19.971 1111 1243 E FactoryResetOperateImpl: isFirstBoot 1
06-25 14:28:19.972 187 187 I hwservicemanager: getTransport: Cannot find entry android.hardware.graphics.allocator@4.0::IAllocator/default in either framework or device VINTF manifest.
06-25 14:28:19.973 1111 1392 W Gralloc4: allocator 4.x is not supported
06-25 14:28:19.973 187 187 I hwservicemanager: getTransport: Cannot find entry android.hardware.graphics.allocator@3.0::IAllocator/default in either framework or device VINTF manifest.
06-25 14:28:19.973 1111 1392 W Gralloc3: allocator 3.x is not supported
06-25 14:28:19.980 261 433 I gralloc : alloc buffer:W:1920 H:1080 S:1920 PL[1920 1080] SZ:8294400 fmt:1 if:0 af:1 usg:20000b00 fg:00000004
06-25 14:28:19.984 387 396 I adbd : jdwp connection from 1389
06-25 14:28:19.985 1111 1392 E ion : ioctl c0044901 failed with code -1: Inappropriate ioctl for device
06-25 14:28:19.984 676 676 I queued-work-loo: type=1400 audit(0.0:436): avc: denied { search } for name="com.android.systemui" dev="mmcblk0p25" ino=484 scontext=u:r:platform_app:s0:c512,c768 tcontext=u:object_r:app_data_file:s0:c512,c768 tclass=dir permissive=1 app=com.softwinner.screenshot
06-25 14:28:19.984 676 676 I queued-work-loo: type=1400 audit(0.0:437): avc: denied { write } for name="shared_prefs" dev="mmcblk0p25" ino=1621 scontext=u:r:platform_app:s0:c512,c768 tcontext=u:object_r:app_data_file:s0:c512,c768 tclass=dir permissive=1 app=com.softwinner.screenshot
06-25 14:28:19.984 676 676 I queued-work-loo: type=1400 audit(0.0:438): avc: denied { remove_name } for name="powerui_prefs.xml" dev="mmcblk0p25" ino=31227 scontext=u:r:platform_app:s0:c512,c768 tcontext=u:object_r:app_data_file:s0:c512,c768 tclass=dir permissive=1 app=com.softwinner.screenshot
06-25 14:28:19.984 676 676 I queued-work-loo: type=1400 audit(0.0:439): avc: denied { rename } for name="powerui_prefs.xml" dev="mmcblk0p25" ino=31227 scontext=u:r:platform_app:s0:c512,c768 tcontext=u:object_r:app_data_file:s0:c512,c768 tclass=file permissive=1 app=com.softwinner.screenshot
06-25 14:28:20.000 261 433 I gralloc : alloc buffer:W:1920 H:1080 S:1920 PL[1920 1080] SZ:8294400 fmt:1 if:0 af:1 usg:20000b00 fg:00000004
01-01 08:00:25.305 969 969 W audit : audit_lost=16 audit_rate_limit=5 audit_backlog_limit=64
01-01 08:00:25.305 969 969 E audit : rate limit exceeded
06-25 14:28:20.005 261 433 I gralloc : alloc buffer:W:1920 H:1080 S:1920 PL[1920 1080] SZ:8294400 fmt:1 if:0 af:1 usg:20000b00 fg:00000004
06-25 14:28:20.008 477 613 W UnsafeUtil: platform method missing - proto runtime falling back to safer methods: java.lang.NoSuchMethodException: sun.misc.Unsafe.copyMemory [class java.lang.Object, long, class java.lang.Object, long, long]
06-25 14:28:20.060 477 1298 W ContentProviderHelper: Slow operation: 129ms so far, now at getContentProviderImpl: before checkContentProviderPermission
06-25 14:28:20.060 477 1298 W ContentProviderHelper: Slow operation: 129ms so far, now at getContentProviderImpl: after checkContentProviderPermission
06-25 14:28:20.060 676 676 D SystemUIBootTiming: SystemUIService: bootcomplete com.android.systemui.media.RingtonePlayer took 149 ms
06-25 14:28:20.060 477 1298 W ContentProviderHelper: Slow operation: 129ms so far, now at getContentProviderImpl: incProviderCountLocked
06-25 14:28:20.061 676 676 D SystemUIService: loading: com.android.systemui.keyboard.KeyboardUI
06-25 14:28:20.061 477 1298 W ContentProviderHelper: Slow operation: 129ms so far, now at getContentProviderImpl: before updateLruProcess
06-25 14:28:20.061 477 1298 W ContentProviderHelper: Slow operation: 129ms so far, now at getContentProviderImpl: after updateLruProcess
06-25 14:28:20.061 477 1298 W ContentProviderHelper: Slow operation: 129ms so far, now at getContentProviderImpl: before updateOomAdj
06-25 14:28:20.061 676 676 D SystemUIService: running: com.android.systemui.keyboard.KeyboardUI@d466d6
06-25 14:28:20.064 477 1298 W ContentProviderHelper: Slow operation: 133ms so far, now at getContentProviderImpl: after updateOomAdj
06-25 14:28:20.064 477 1298 W ContentProviderHelper: Slow operation: 133ms so far, now at getContentProviderImpl: done!
06-25 14:28:20.066 676 676 D SystemUIBootTiming: SystemUIService: bootcomplete com.android.systemui.keyboard.KeyboardUI took 6 ms
06-25 14:28:20.066 676 676 D SystemUIService: loading: com.android.systemui.shortcut.ShortcutKeyDispatcher
06-25 14:28:20.068 676 676 D SystemUIService: running: com.android.systemui.shortcut.ShortcutKeyDispatcher@1492d57
06-25 14:28:20.073 477 535 W ActivityManager: Slow operation: 176ms so far, now at startProcess: done updating battery stats
06-25 14:28:20.073 477 535 W ActivityManager: Slow operation: 176ms so far, now at startProcess: building log message
06-25 14:28:20.073 477 535 I ActivityManager: app.processName = com.android.localtransport
06-25 14:28:20.073 477 535 I ActivityManager: Start proc 1389:com.android.localtransport/1000 for service {com.android.localtransport/com.android.localtransport.LocalTransportService}
06-25 14:28:20.073 477 535 W ActivityManager: Slow operation: 177ms so far, now at startProcess: starting to update pids map
06-25 14:28:20.073 676 676 D SystemUIBootTiming: SystemUIService: bootcomplete com.android.systemui.shortcut.ShortcutKeyDispatcher took 7 ms
06-25 14:28:20.079 676 676 D SystemUIService: loading: com.android.systemui.VendorServices
06-25 14:28:20.080 676 676 D SystemUIService: running: com.android.systemui.VendorServices@f34052d
06-25 14:28:20.080 676 676 D SystemUIBootTiming: SystemUIService: bootcomplete com.android.systemui.VendorServices took 1 ms
06-25 14:28:20.080 676 676 D SystemUIService: loading: com.android.systemui.SliceBroadcastRelayHandler
06-25 14:28:20.084 676 676 D SystemUIService: running: com.android.systemui.SliceBroadcastRelayHandler@881a62
06-25 14:28:20.084 676 676 D SystemUIBootTiming: SystemUIService: bootcomplete com.android.systemui.SliceBroadcastRelayHandler took 4 ms
06-25 14:28:20.084 676 676 D SystemUIService: loading: com.android.systemui.statusbar.notification.InstantAppNotifier
06-25 14:28:20.085 1111 1241 D TheRouter::RouterInject: interception::===interface com.dangbei.leard.protocol.install.IInstallProtocol===InstallAppManagerInterface159836692
06-25 14:28:20.085 477 535 W ActivityManager: Slow operation: 189ms so far, now at startProcess: done updating pids map
06-25 14:28:20.107 1286 1286 D RockyManager: initFarWakeStatus isMainFarSwitch: false
06-25 14:28:20.119 477 810 D CompatibilityChangeReporter: Compat change id reported: 181136395; UID 1000; state: DISABLED
06-25 14:28:20.121 477 810 D CompatibilityChangeReporter: Compat change id reported: 174042936; UID 1000; state: DISABLED
06-25 14:28:20.124 1111 1413 W ContextImpl: Calling a method in the system process without a qualified user: android.app.ContextImpl.bindService:1895 android.content.ContextWrapper.bindService:810 be.b.h:57 be.b$c.call:3 de.c$a.run:5
06-25 14:28:20.133 477 883 D BufferPoolAccessor2.0: bufferpool2 0xf463c958 : 0(0 size) total buffers - 0(0 size) used buffers - 1/7 (recycle/alloc) - 7/42 (fetch/transfer)
06-25 14:28:20.133 477 883 D BufferPoolAccessor2.0: bufferpool2 0xf463d358 : 0(0 size) total buffers - 0(0 size) used buffers - 2/7 (recycle/alloc) - 7/46 (fetch/transfer)
06-25 14:28:20.133 477 883 D BufferPoolAccessor2.0: evictor expired: 2, evicted: 2
06-25 14:28:20.136 1389 1389 D CompatibilityChangeReporter: Compat change id reported: 171979766; UID 1000; state: ENABLED
06-25 14:28:20.138 372 747 D BufferPoolAccessor2.0: bufferpool2 0xe94f7e18 : 0(0 size) total buffers - 0(0 size) used buffers - 41/44 (recycle/alloc) - 3/43 (fetch/transfer)
06-25 14:28:20.139 372 747 D BufferPoolAccessor2.0: bufferpool2 0xe94f81d8 : 0(0 size) total buffers - 0(0 size) used buffers - 16/21 (recycle/alloc) - 6/20 (fetch/transfer)
06-25 14:28:20.139 372 747 D BufferPoolAccessor2.0: bufferpool2 0xe94f7cd8 : 0(0 size) total buffers - 0(0 size) used buffers - 43/46 (recycle/alloc) - 3/45 (fetch/transfer)
06-25 14:28:20.139 372 747 D BufferPoolAccessor2.0: bufferpool2 0xe94f7198 : 0(0 size) total buffers - 0(0 size) used buffers - 15/19 (recycle/alloc) - 4/18 (fetch/transfer)
06-25 14:28:20.139 372 747 D BufferPoolAccessor2.0: evictor expired: 4, evicted: 4
06-25 14:28:20.142 676 676 D SystemUIService: running: com.android.systemui.statusbar.notification.InstantAppNotifier@ed17aae
06-25 14:28:20.154 1286 1286 I RockyManager: isFarWake: false
06-25 14:28:20.191 1111 1111 E xxxxxxxxxxxxxxx: onReceive:mIsHDMIPlugged = false
06-25 14:28:20.192 1111 1111 E hq : NetWorkStateReceiver:::NetWorkStateReceiver onReceive: 网络变化广播 >>>> intent.action=android.net.wifi.SCAN_RESULTS
06-25 14:28:20.202 676 676 D SystemUIBootTiming: SystemUIService: bootcomplete com.android.systemui.statusbar.notification.InstantAppNotifier took 118 ms
06-25 14:28:20.202 676 676 D SystemUIService: loading: com.android.systemui.toast.ToastUI
06-25 14:28:20.204 1286 1286 W ContextImpl: Calling a method in the system process without a qualified user: android.app.ContextImpl.startService:1816 android.content.ContextWrapper.startService:774 com.cvte.tv.api.TvApiSDKManager.:177 com.cvte.tv.api.TvApiSDKManager.init:217 com.dangbei.rocky.component.system.SystemControlUtils.initSystemAidl:82
06-25 14:28:20.204 676 676 D SystemUIService: running: com.android.systemui.toast.ToastUI@23e93ba
06-25 14:28:20.204 676 676 D SystemUIBootTiming: SystemUIService: bootcomplete com.android.systemui.toast.ToastUI took 2 ms
06-25 14:28:20.204 676 676 D SystemUIService: loading: com.android.systemui.wmshell.WMShell
06-25 14:28:20.205 676 676 D SystemUIService: running: com.android.systemui.wmshell.WMShell@183c26b
06-25 14:28:20.212 477 578 W ActivityManager: Unable to start service Intent { act=com.cvte.tv.api.TV_API_SERVICE pkg=com.cvte.tv.api.impl } U=0: not found
06-25 14:28:20.213 1286 1286 W ContextImpl: Calling a method in the system process without a qualified user: android.app.ContextImpl.bindService:1895 android.content.ContextWrapper.bindService:810 com.cvte.tv.api.TvApiSDKManager.:178 com.cvte.tv.api.TvApiSDKManager.init:217 com.dangbei.rocky.component.system.SystemControlUtils.initSystemAidl:82
06-25 14:28:20.216 477 578 W ActivityManager: Unable to start service Intent { act=com.cvte.tv.api.TV_API_SERVICE pkg=com.cvte.tv.api.impl } U=0: not found
06-25 14:28:20.228 1286 1286 D TvApiSDKManager: getTvApi getSystemService = false
06-25 14:28:20.228 1286 1286 D TvApiSDKManager: getTvApi startService
06-25 14:28:20.229 1286 1286 W ContextImpl: Calling a method in the system process without a qualified user: android.app.ContextImpl.startService:1816 android.content.ContextWrapper.startService:774 com.cvte.tv.api.TvApiSDKManager.getTvApi:361 com.dangbei.rocky.component.system.SystemControlUtils.initSystemAidl:83 com.dangbei.rocky.component.system.SystemComponent.onAttached:38
06-25 14:28:20.234 477 578 W ActivityManager: Unable to start service Intent { act=com.cvte.tv.api.TV_API_SERVICE pkg=com.cvte.tv.api.impl } U=0: not found
06-25 14:28:20.240 1286 1286 W ContextImpl: Calling a method in the system process without a qualified user: android.app.ContextImpl.bindService:1895 android.content.ContextWrapper.bindService:810 com.cvte.tv.api.TvApiSDKManager.getTvApi:362 com.dangbei.rocky.component.system.SystemControlUtils.initSystemAidl:83 com.dangbei.rocky.component.system.SystemComponent.onAttached:38
06-25 14:28:20.240 1111 1249 D hq : NetWorkStateReceiver:::检查网络,并且持续更新 isConnect=false
06-25 14:28:20.251 477 527 E ActivityRecord: real home.....com.dangbei.leard.leradlauncher/com.dangbei.launcher.home.LauncherActivity
06-25 14:28:20.251 477 527 E +++ActivityRecord: pre led_switch = 5
06-25 14:28:20.270 477 583 W ActivityManager: Unable to start service Intent { act=com.cvte.tv.api.TV_API_SERVICE pkg=com.cvte.tv.api.impl } U=0: not found
06-25 14:28:20.274 520 536 D BootAnimation: BootAnimationStopTiming start time: 23516ms
06-25 14:28:20.278 676 676 D SystemUIBootTiming: SystemUIService: bootcomplete com.android.systemui.wmshell.WMShell took 74 ms
06-25 14:28:20.278 676 676 D SystemUIService: loading: com.android.systemui.media.systemsounds.HomeSoundEffectController
06-25 14:28:20.279 676 676 D SystemUIService: running: com.android.systemui.media.systemsounds.HomeSoundEffectController@61a1a47
06-25 14:28:20.285 676 676 D SystemUIBootTiming: SystemUIService: bootcomplete com.android.systemui.media.systemsounds.HomeSoundEffectController took 7 ms
06-25 14:28:20.302 1111 1243 E hq : LookupControler:::startLookupControllerTimer
06-25 14:28:20.305 676 676 I ManagerService: --------------------- system activated! ---------------
06-25 14:28:20.309 676 676 D SystemUIBootTiming: SystemUIService: bootcomplete com.android.systemui.oranth.ManagerService took 24 ms
06-25 14:28:20.324 477 527 I WindowManager: ******* TELLING SURFACE FLINGER WE ARE BOOTED!
06-25 14:28:20.324 282 537 I SurfaceFlinger: Boot is finished (14920 ms)
06-25 14:28:20.338 186 186 I servicemanager: Found android.hardware.power.IPower/default in device VINTF manifest.
06-25 14:28:20.339 282 537 I PowerAdvisor: Loaded AIDL Power HAL service
06-25 14:28:20.339 267 267 I AW_PowerHAL: check: Mode 6 not Supported ,do nothing
06-25 14:28:20.339 267 267 I AW_PowerHAL: isBoostSupported: 1
06-25 14:28:20.358 1032 1328 V MediaProvider: onConfigure() for internal.db
06-25 14:28:20.360 477 525 W IorapForwardingService: No service published for: iorapd
06-25 14:28:20.371 477 1298 D CompatibilityChangeReporter: Compat change id reported: 168419799; UID 1000; state: DISABLED
06-25 14:28:20.373 477 477 D NetworkSecurityConfig: No Network Security Config specified, using platform default
06-25 14:28:20.381 1286 1286 W ContextImpl: Calling a method in the system process without a qualified user: android.app.ContextImpl.startService:1816 android.content.ContextWrapper.startService:774 com.dangbei.phrike.core.DownloadManager.register:294 com.dangbei.component_appcontrol.phrike.XPhrikeAppCreator.register:47 com.dangbei.component_appcontrol.AppControlComponent.onAttached:65
06-25 14:28:20.385 477 477 E BootReceiver: Could not open /sys/kernel/tracing/instances/bootreceiver/trace_pipe
06-25 14:28:20.385 477 477 E BootReceiver: android.system.ErrnoException: open failed: ENOENT (No such file or directory)
06-25 14:28:20.385 477 477 E BootReceiver: at libcore.io.Linux.open(Native Method)
06-25 14:28:20.385 477 477 E BootReceiver: at libcore.io.ForwardingOs.open(ForwardingOs.java:567)
06-25 14:28:20.385 477 477 E BootReceiver: at libcore.io.BlockGuardOs.open(BlockGuardOs.java:273)
06-25 14:28:20.385 477 477 E BootReceiver: at android.system.Os.open(Os.java:501)
06-25 14:28:20.385 477 477 E BootReceiver: at com.android.server.BootReceiver.onReceive(BootReceiver.java:167)
06-25 14:28:20.385 477 477 E BootReceiver: at android.app.ActivityThread.handleReceiver(ActivityThread.java:4308)
06-25 14:28:20.385 477 477 E BootReceiver: at android.app.ActivityThread.access$1600(ActivityThread.java:247)
06-25 14:28:20.385 477 477 E BootReceiver: at android.app.ActivityThread$H.handleMessage(ActivityThread.java:2064)
06-25 14:28:20.385 477 477 E BootReceiver: at android.os.Handler.dispatchMessage(Handler.java:106)
06-25 14:28:20.385 477 477 E BootReceiver: at android.os.Looper.loopOnce(Looper.java:201)
06-25 14:28:20.385 477 477 E BootReceiver: at android.os.Looper.loop(Looper.java:288)
06-25 14:28:20.385 477 477 E BootReceiver: at com.android.server.SystemServer.run(SystemServer.java:966)
06-25 14:28:20.385 477 477 E BootReceiver: at com.android.server.SystemServer.main(SystemServer.java:628)
06-25 14:28:20.385 477 477 E BootReceiver: at java.lang.reflect.Method.invoke(Native Method)
06-25 14:28:20.385 477 477 E BootReceiver: at com.android.internal.os.RuntimeInit$MethodAndArgsCaller.run(RuntimeInit.java:548)
06-25 14:28:20.385 477 477 E BootReceiver: at com.android.internal.os.ZygoteInit.main(ZygoteInit.java:1160)
