01-01 08:00:11.891 253 253 W audio_route: Control 'Left Output Mixer DACL Switch' doesn't exist - skipping
01-01 08:00:11.891 253 253 W audio_route: Control 'Left Output Mixer DACR Switch' doesn't exist - skipping
01-01 08:00:11.891 253 253 W audio_route: Control 'Right Output Mixer DACL Switch' doesn't exist - skipping
01-01 08:00:11.891 253 253 W audio_route: Control 'Right Output Mixer DACR Switch' doesn't exist - skipping
01-01 08:00:11.891 253 253 W audio_route: Control 'Headphone Switch' doesn't exist - skipping
01-01 08:00:11.891 253 253 W audio_route: Control 'External Speaker Switch' doesn't exist - skipping
01-01 08:00:11.892 253 253 W audio_route: Control 'AIF1OUT0R Mux' doesn't exist - skipping
01-01 08:00:11.892 253 253 W audio_route: Control 'AIF1OUT0L Mux' doesn't exist - skipping
01-01 08:00:11.892 253 253 W audio_route: Control 'AIF1 AD0R Mixer ADCR Switch' doesn't exist - skipping
01-01 08:00:11.892 253 253 W audio_route: Control 'AIF1 AD0L Mixer ADCL Switch' doesn't exist - skipping
01-01 08:00:11.892 253 253 W audio_route: Control 'ADCR Mux' doesn't exist - skipping
01-01 08:00:11.892 253 253 W audio_route: Control 'ADCL Mux' doesn't exist - skipping
01-01 08:00:11.892 253 253 W audio_route: Control 'LADC input Mixer MIC1 boost Switch' doesn't exist - skipping
01-01 08:00:11.892 253 253 W audio_route: Control 'RADC input Mixer MIC1 boost Switch' doesn't exist - skipping
01-01 08:00:11.892 253 253 W audio_route: Control 'AIF1OUT0R Mux' doesn't exist - skipping
01-01 08:00:11.892 253 253 W audio_route: Control 'AIF1OUT0L Mux' doesn't exist - skipping
01-01 08:00:11.892 253 253 W audio_route: Control 'AIF1 AD0R Mixer ADCR Switch' doesn't exist - skipping
01-01 08:00:11.892 253 253 W audio_route: Control 'AIF1 AD0L Mixer ADCL Switch' doesn't exist - skipping
01-01 08:00:11.892 253 253 W audio_route: Control 'ADCR Mux' doesn't exist - skipping
01-01 08:00:11.892 253 253 W audio_route: Control 'ADCL Mux' doesn't exist - skipping
01-01 08:00:11.892 253 253 W audio_route: Control 'MIC2 SRC' doesn't exist - skipping
01-01 08:00:11.892 253 253 W audio_route: Control 'LADC input Mixer MIC2 boost Switch' doesn't exist - skipping
01-01 08:00:11.892 253 253 W audio_route: Control 'RADC input Mixer MIC2 boost Switch' doesn't exist - skipping
01-01 08:00:11.892 253 253 W audio_route: Control 'ADCL Mux' doesn't exist - skipping
01-01 08:00:11.892 253 253 W audio_route: Control 'ADCR Mux' doesn't exist - skipping
01-01 08:00:11.892 253 253 W audio_route: Control 'AIF1 AD0L Mixer ADCL Switch' doesn't exist - skipping
01-01 08:00:11.892 253 253 W audio_route: Control 'AIF1 AD0R Mixer ADCR Switch' doesn't exist - skipping
01-01 08:00:11.892 253 253 W audio_route: Control 'AIF1OUT0L Mux' doesn't exist - skipping
01-01 08:00:11.892 253 253 W audio_route: Control 'AIF1OUT0R Mux' doesn't exist - skipping
01-01 08:00:11.892 253 253 W audio_route: Control 'AIF2 ADC volume' doesn't exist - skipping
01-01 08:00:11.892 253 253 W audio_route: Control 'LEFT ADC input Mixer MIC1 boost Switch' doesn't exist - skipping
01-01 08:00:11.892 253 253 W audio_route: Control 'ADCL Mux' doesn't exist - skipping
01-01 08:00:11.892 253 253 W audio_route: Control 'AIF2 ADL Mixer ADCL Switch' doesn't exist - skipping
01-01 08:00:11.892 253 253 W audio_route: Control 'AIF2OUTL Mux' doesn't exist - skipping
01-01 08:00:11.892 253 253 W audio_route: Control 'AIF2INL Mux' doesn't exist - skipping
01-01 08:00:11.892 253 253 W audio_route: Control 'AIF2INL Mux switch aif2inl aif2Switch' doesn't exist - skipping
01-01 08:00:11.892 253 253 W audio_route: Control 'DACL Mixer AIF2DACL Switch' doesn't exist - skipping
01-01 08:00:11.892 253 253 W audio_route: Control 'Right Output Mixer DACL Switch' doesn't exist - skipping
01-01 08:00:11.893 253 253 W audio_route: Control 'Left Output Mixer DACL Switch' doesn't exist - skipping
01-01 08:00:11.893 253 253 W audio_route: Control 'SPK_L Mux' doesn't exist - skipping
01-01 08:00:11.893 253 253 W audio_route: Control 'SPK_R Mux' doesn't exist - skipping
01-01 08:00:11.893 253 253 W audio_route: Control 'External Speaker Switch' doesn't exist - skipping
01-01 08:00:11.893 253 253 W audio_route: Control 'AIF2 ADC volume' doesn't exist - skipping
01-01 08:00:11.893 253 253 W audio_route: Control 'MIC2 SRC' doesn't exist - skipping
01-01 08:00:11.893 253 253 W audio_route: Control 'LEFT ADC input Mixer MIC2 boost Switch' doesn't exist - skipping
01-01 08:00:11.893 253 253 W audio_route: Control 'ADCL Mux' doesn't exist - skipping
01-01 08:00:11.893 253 253 W audio_route: Control 'AIF2 ADL Mixer ADCL Switch' doesn't exist - skipping
01-01 08:00:11.893 253 253 W audio_route: Control 'AIF2OUTL Mux' doesn't exist - skipping
01-01 08:00:11.893 253 253 W audio_route: Control 'AIF2INL Mux' doesn't exist - skipping
01-01 08:00:11.893 253 253 W audio_route: Control 'AIF2INL Mux switch aif2inl aif2Switch' doesn't exist - skipping
01-01 08:00:11.893 253 253 W audio_route: Control 'DACL Mixer AIF2DACL Switch' doesn't exist - skipping
01-01 08:00:11.893 253 253 W audio_route: Control 'Left Output Mixer DACL Switch' doesn't exist - skipping
01-01 08:00:11.893 253 253 W audio_route: Control 'Right Output Mixer DACL Switch' doesn't exist - skipping
01-01 08:00:11.893 253 253 W audio_route: Control 'HP_L Mux' doesn't exist - skipping
01-01 08:00:11.893 253 253 W audio_route: Control 'HP_R Mux' doesn't exist - skipping
01-01 08:00:11.893 253 253 W audio_route: Control 'Headphone Switch' doesn't exist - skipping
01-01 08:00:11.893 253 253 W audio_route: Control 'AIF2 ADC volume' doesn't exist - skipping
01-01 08:00:11.893 253 253 W audio_route: Control 'LEFT ADC input Mixer MIC1 boost Switch' doesn't exist - skipping
01-01 08:00:11.893 253 253 W audio_route: Control 'ADCL Mux' doesn't exist - skipping
01-01 08:00:11.893 253 253 W audio_route: Control 'AIF2 ADL Mixer ADCL Switch' doesn't exist - skipping
01-01 08:00:11.893 253 253 W audio_route: Control 'AIF2OUTL Mux' doesn't exist - skipping
01-01 08:00:11.893 253 253 W audio_route: Control 'AIF2INL Mux' doesn't exist - skipping
01-01 08:00:11.893 253 253 W audio_route: Control 'AIF2INL Mux switch aif2inl aif2Switch' doesn't exist - skipping
01-01 08:00:11.893 253 253 W audio_route: Control 'DACL Mixer AIF2DACL Switch' doesn't exist - skipping
01-01 08:00:11.894 253 253 W audio_route: Control 'Left Output Mixer DACL Switch' doesn't exist - skipping
01-01 08:00:11.894 253 253 W audio_route: Control 'Right Output Mixer DACL Switch' doesn't exist - skipping
01-01 08:00:11.894 253 253 W audio_route: Control 'HP_L Mux' doesn't exist - skipping
01-01 08:00:11.894 253 253 W audio_route: Control 'HP_R Mux' doesn't exist - skipping
01-01 08:00:11.894 253 253 W audio_route: Control 'Headphone Switch' doesn't exist - skipping
01-01 08:00:11.894 253 253 W audio_route: Control 'AIF2INL Mux' doesn't exist - skipping
01-01 08:00:11.894 253 253 W audio_route: Control 'AIF2INL Mux switch aif2inl aif2Switch' doesn't exist - skipping
01-01 08:00:11.894 253 253 W audio_route: Control 'AIF2 ADR Mixer AIF2 DACL Switch' doesn't exist - skipping
01-01 08:00:11.894 253 253 W audio_route: Control 'AIF3OUT Mux' doesn't exist - skipping
01-01 08:00:11.894 253 253 W audio_route: Control 'AIF2INR Mux VIR switch aif2inr aif3Switch' doesn't exist - skipping
01-01 08:00:11.894 253 253 W audio_route: Control 'AIF2 ADL Mixer AIF2 DACR Switch' doesn't exist - skipping
01-01 08:00:11.894 253 253 W audio_route: Control 'AIF2OUTL Mux' doesn't exist - skipping
01-01 08:00:11.894 253 253 W audio_route: Control 'AIF2 ADC volume' doesn't exist - skipping
01-01 08:00:11.894 253 253 W audio_route: Control 'LEFT ADC input Mixer MIC1 boost Switch' doesn't exist - skipping
01-01 08:00:11.894 253 253 W audio_route: Control 'ADCL Mux' doesn't exist - skipping
01-01 08:00:11.894 253 253 W audio_route: Control 'AIF2 ADL Mixer ADCL Switch' doesn't exist - skipping
01-01 08:00:11.894 253 253 W audio_route: Control 'AIF2OUTL Mux' doesn't exist - skipping
01-01 08:00:11.894 253 253 W audio_route: Control 'AIF2INL Mux' doesn't exist - skipping
01-01 08:00:11.894 253 253 W audio_route: Control 'AIF2INL Mux switch aif2inl aif2Switch' doesn't exist - skipping
01-01 08:00:11.894 253 253 W audio_route: Control 'DACL Mixer AIF2DACL Switch' doesn't exist - skipping
01-01 08:00:11.894 253 253 W audio_route: Control 'EAR Mux' doesn't exist - skipping
01-01 08:00:11.894 253 253 W audio_route: Control 'Earpiece Switch' doesn't exist - skipping
01-01 08:00:11.894 253 253 W audio_route: Control 'AIF1 AD0L Mixer ADCL Switch' doesn't exist - skipping
01-01 08:00:11.894 253 253 W audio_route: Control 'AIF1 AD0L Mixer AIF2 DACL Switch' doesn't exist - skipping
01-01 08:00:11.894 253 253 W audio_route: Control 'AIF1OUT0L Mux' doesn't exist - skipping
01-01 08:00:11.894 253 253 W audio_route: Control 'AIF1 AD0L Mixer ADCL Switch' doesn't exist - skipping
01-01 08:00:11.894 253 253 W audio_route: Control 'AIF1 AD0L Mixer AIF2 DACL Switch' doesn't exist - skipping
01-01 08:00:11.894 253 253 W audio_route: Control 'AIF1OUT0L Mux' doesn't exist - skipping
01-01 08:00:11.894 253 253 W audio_route: Control 'AIF1 AD0L Mixer AIF2 DACL Switch' doesn't exist - skipping
01-01 08:00:11.894 253 253 W audio_route: Control 'AIF1 AD0L Mixer AIF2 DACR Switch' doesn't exist - skipping
01-01 08:00:11.894 253 253 W audio_route: Control 'AIF1OUT0L Mux' doesn't exist - skipping
01-01 08:00:11.894 253 253 W audio_route: Control 'Line Out Mixer MIC1 boost Switch' doesn't exist - skipping
01-01 08:00:11.894 253 253 W audio_route: Control 'MIC2 SRC' doesn't exist - skipping
01-01 08:00:11.894 253 253 W audio_route: Control 'Line Out Mixer MIC2 boost Switch' doesn't exist - skipping
01-01 08:00:11.894 253 253 W audio_route: Control 'Left Output Mixer LINEINL-LINEINR Switch' doesn't exist - skipping
01-01 08:00:11.894 253 253 W audio_route: Control 'Right Output Mixer LINEINL-LINEINR Switch' doesn't exist - skipping
01-01 08:00:11.894 253 253 W audio_route: Control 'EAR Mux' doesn't exist - skipping
01-01 08:00:11.894 253 253 W audio_route: Control 'External Speaker Switch' doesn't exist - skipping
01-01 08:00:11.894 253 253 W audio_route: Control 'Headphone Switch' doesn't exist - skipping
01-01 08:00:11.894 253 253 W audio_route: Control 'Headphone Switch' doesn't exist - skipping
01-01 08:00:11.894 253 253 W audio_route: Control 'Earpiece Switch' doesn't exist - skipping
01-01 08:00:11.894 253 253 W audio_route: Control 'LEFT ADC input Mixer LININL-R Switch' doesn't exist - skipping
01-01 08:00:11.895 253 253 W audio_route: Control 'ADCL Mux' doesn't exist - skipping
01-01 08:00:11.895 253 253 W audio_route: Control 'AIF2 ADL Mixer ADCL Switch' doesn't exist - skipping
01-01 08:00:11.895 253 253 W audio_route: Control 'AIF3OUT Mux' doesn't exist - skipping
01-01 08:00:11.895 253 253 W audio_route: Control 'AIF2INL Mux switch aif2inl aif2Switch' doesn't exist - skipping
01-01 08:00:11.895 253 253 W audio_route: Control 'AIF2INR Mux VIR switch aif2inr aif3Switch' doesn't exist - skipping
01-01 08:00:11.895 253 253 W audio_route: Control 'DACR Mixer AIF2DACR Switch' doesn't exist - skipping
01-01 08:00:11.895 253 253 W audio_route: Control 'Right Output Mixer DACR Switch' doesn't exist - skipping
01-01 08:00:11.895 253 253 W audio_route: Control 'Line Out Mixer Right Output mixer Switch' doesn't exist - skipping
01-01 08:00:11.895 253 253 W audio_route: Control 'AIF1OUT0L Mux' doesn't exist - skipping
01-01 08:00:11.895 253 253 W audio_route: Control 'AIF1 AD0L Mixer ADCL Switch' doesn't exist - skipping
01-01 08:00:11.895 253 253 W audio_route: Control 'ADCL Mux' doesn't exist - skipping
01-01 08:00:11.895 253 253 W audio_route: Control 'LEFT ADC input Mixer MIC1 boost Switch' doesn't exist - skipping
01-01 08:00:11.895 253 253 W audio_route: Control 'LEFT ADC input Mixer LININL-R Switch' doesn't exist - skipping
01-01 08:00:11.895 253 253 W audio_route: Control 'AIF1OUT0L Mux' doesn't exist - skipping
01-01 08:00:11.895 253 253 W audio_route: Control 'AIF1 AD0L Mixer ADCL Switch' doesn't exist - skipping
01-01 08:00:11.895 253 253 W audio_route: Control 'ADCL Mux' doesn't exist - skipping
01-01 08:00:11.895 253 253 W audio_route: Control 'LEFT ADC input Mixer MIC2 boost Switch' doesn't exist - skipping
01-01 08:00:11.895 253 253 W audio_route: Control 'LEFT ADC input Mixer LININL-R Switch' doesn't exist - skipping
01-01 08:00:11.895 253 253 W audio_route: Control 'AIF1OUT0L Mux' doesn't exist - skipping
01-01 08:00:11.895 253 253 W audio_route: Control 'AIF1 AD0L Mixer ADCL Switch' doesn't exist - skipping
01-01 08:00:11.895 253 253 W audio_route: Control 'AIF1 AD0L Mixer AIF2 DACR Switch' doesn't exist - skipping
01-01 08:00:11.895 253 253 W audio_route: Control 'AIF1IN0L Mux' doesn't exist - skipping
01-01 08:00:11.895 253 253 W audio_route: Control 'AIF2 ADL Mixer AIF1 DA0L Switch' doesn't exist - skipping
01-01 08:00:11.895 253 253 W audio_route: Control 'AIF2 ADL Mixer AIF1 DA0L Switch' doesn't exist - skipping
01-01 08:00:11.895 253 253 W audio_route: Control 'AIF3OUT Mux' doesn't exist - skipping
01-01 08:00:11.895 253 253 W audio_route: Control 'AIF2INR Mux switch aif2inr aif2Switch' doesn't exist - skipping
01-01 08:00:11.895 359 359 D multiir : find target device, path=/dev/input/event0
01-01 08:00:11.895 253 253 W audio_route: Control 'AIF2INR Mux VIR switch aif2inr aif3Switch' doesn't exist - skipping
01-01 08:00:11.895 253 253 W audio_route: Control 'AIF1 AD0L Mixer AIF2 DACR Switch' doesn't exist - skipping
01-01 08:00:11.895 253 253 W audio_route: Control 'AIF1OUT0L Mux' doesn't exist - skipping
01-01 08:00:11.895 253 253 W audio_route: Control 'AC DACR mixer I2S_DACDATR Switch' doesn't exist - skipping
01-01 08:00:11.895 253 253 W audio_route: Control 'AC DACL mixer I2S_DACDATL Switch' doesn't exist - skipping
01-01 08:00:11.895 253 253 W audio_route: Control 'Right Output Mixer DACR Switch' doesn't exist - skipping
01-01 08:00:11.895 253 253 W audio_route: Control 'Left Output Mixer DACL Switch' doesn't exist - skipping
01-01 08:00:11.895 253 253 W audio_route: Control 'External Speaker Switch' doesn't exist - skipping
01-01 08:00:11.896 253 253 D audio_route: Apply path: media-speaker-headphones
01-01 08:00:11.896 253 253 D audio_route: Apply path: media-headset-mic
01-01 08:00:11.897 253 288 V audio_hw_primary: adev_get_master_volume, line: 3587
01-01 08:00:11.898 253 288 V audio_hw_primary: adev_set_master_volume, line: 3579
01-01 08:00:11.898 276 276 I AudioFlinger: loadHwModule() Loaded primary audio interface, handle 10
01-01 08:00:11.898 276 276 I AudioFlinger: openOutput() this 0xf4200000, module 10 Device type:0x2,@:, SamplingRate 48000, Format 0x000001, Channels 0x3, flags 0x2
01-01 08:00:11.899 253 288 D audio_hw_primary: adev_open_output_stream
01-01 08:00:11.899 253 288 V audio_hw_primary: adev_open_output_stream, flags: 2
01-01 08:00:11.899 253 288 V audio_hw_primary: +++++++++++++++ adev_open_output_stream: req_sample_rate: 44100, fmt: 1, channel_count: 3
01-01 08:00:11.900 359 442 D multiir : MultiirService create
01-01 08:00:11.901 186 186 E SELinux : avc: denied { add } for pid=359 uid=0 name=softwinner.multi_ir scontext=u:r:multi_ir:s0 tcontext=u:object_r:default_android_service:s0 tclass=service_manager permissive=1
01-01 08:00:11.903 276 276 I AudioFlinger: HAL output buffer size 960 frames, normal sink buffer size 960 frames
01-01 08:00:11.946 276 276 I BufferProvider: found effect "Multichannel Downmix To Stereo" from The Android Open Source Project
01-01 08:00:11.948 276 276 D AudioFlinger: Failed to add event callback
01-01 08:00:11.949 276 446 I AudioFlinger: AudioFlinger's thread 0xf3e20300 tid=446 ready to run
01-01 08:00:11.950 276 446 W AudioFlinger: no wake lock to update, system not ready yet
01-01 08:00:11.951 276 446 D AudioFlinger: ro.audio.silent is ignored since no output device is set
01-01 08:00:11.952 253 253 D audio_hw_primary: out_standby
01-01 08:00:11.954 276 446 W AudioFlinger: no wake lock to update, system not ready yet
01-01 08:00:11.954 276 446 D AudioFlinger: ro.audio.silent is ignored since no output device is set
01-01 08:00:11.955 276 276 V APM_AudioPolicyManager: checkAndSetVolume cannot set volume group 3 volume when isn ot requested for comm
01-01 08:00:11.966 276 276 W AudioFlinger: moveEffects() bad srcOutput 0
01-01 08:00:11.966 276 276 V APM_AudioPolicyManager: selectOutputForMusicEffects selected output 13
01-01 08:00:11.966 276 276 V APM_AudioPolicyManager: setOutputDevices device {type:0x2,@:} delayMs 0
01-01 08:00:11.966 276 276 V APM_AudioPolicyManager: setOutputDevices() prevDevice {type:0x2,@:}
01-01 08:00:11.968 276 276 V APM_AudioPolicyManager: setOutputDevices changing device to {type:0x2,@:}
01-01 08:00:11.994 253 288 V audio_hw_primary: adev_create_audio_patch num_sources: 1, num_sinks: 1
01-01 08:00:11.994 253 288 V audio_hw_primary: playback device: 2
01-01 08:00:11.999 276 276 V APM_AudioPolicyManager: setOutputDevices() AF::createAudioPatch returned 0 patchHandle 12 num_sources 1 num_sinks 1
01-01 08:00:12.002 248 248 D Zygote : VMRuntime.setVerifierEnabled(false)
01-01 08:00:12.006 276 276 V APM_AudioPolicyManager: checkAndSetVolume cannot set volume group 3 volume when isn ot requested for comm
01-01 08:00:12.010 276 276 I AudioFlinger: openOutput() this 0xf4200000, module 10 Device type:0x2,@:, SamplingRate 32000, Format 0x000003, Channels 0x3, flags 0x1
01-01 08:00:12.011 253 288 D audio_hw_primary: adev_open_output_stream
01-01 08:00:12.011 253 288 V audio_hw_primary: adev_open_output_stream, flags: 1
01-01 08:00:12.012 253 288 D audio_hw_primary: config format 0x3 raw_flag 1
01-01 08:00:12.012 253 288 V audio_hw_primary: +++++++++++++++ adev_open_output_stream: req_sample_rate: 32000, fmt: 3, channel_count: 3
01-01 08:00:12.014 276 276 I AudioFlinger: HAL output buffer size 2048 frames, normal sink buffer size 2048 frames
01-01 08:00:12.016 276 276 D AudioFlinger: Failed to add event callback
01-01 08:00:12.023 276 448 I AudioFlinger: AudioFlinger's thread 0xf3fc2680 tid=448 ready to run
01-01 08:00:12.024 276 448 W AudioFlinger: no wake lock to update, system not ready yet
01-01 08:00:12.024 276 448 D AudioFlinger: ro.audio.silent is ignored since no output device is set
01-01 08:00:12.025 253 288 V audio_hw_primary: out_set_parameters: closing=true
01-01 08:00:12.026 253 288 D audio_hw_primary: out_standby
01-01 08:00:12.031 253 288 V audio_hw_primary: out_set_parameters: exiting=1
01-01 08:00:12.032 276 276 E AudioFlinger: Error when setting parameters on exit: -61
01-01 08:00:12.032 276 448 W AudioFlinger: no wake lock to update, system not ready yet
01-01 08:00:12.032 276 448 D AudioFlinger: ro.audio.silent is ignored since no output device is set
01-01 08:00:12.033 253 288 D audio_hw_primary: out_standby
01-01 08:00:12.033 276 276 W APM_AudioPolicyManager: Input profile contains no device on module primary
01-01 08:00:12.034 276 276 W APM_AudioPolicyManager: Input profile contains no device on module primary
01-01 08:00:12.037 253 288 D xm_audio: -->adev_open, name=audio_hw_if, socketthread_running=false, pth_listen=0
01-01 08:00:12.039 276 276 I AudioFlinger: loadHwModule() Loaded xm_hidraw audio interface, handle 18
01-01 08:00:12.040 253 288 D xm_audio: -->adev_open_input_stream
01-01 08:00:12.040 253 288 D xm_audio: -->adev_open_input_stream, config->sample_rate=16000
01-01 08:00:12.041 253 288 D xm_audio: -->adev_open_input_stream exit
01-01 08:00:12.041 253 253 I xm_audio: in_get_sample_rate
01-01 08:00:12.041 253 253 I xm_audio: in_get_channels
01-01 08:00:12.044 253 288 I xm_audio: in_get_sample_rate
01-01 08:00:12.044 253 288 I xm_audio: in_get_channels
01-01 08:00:12.045 253 288 I xm_audio: in_get_channels
01-01 08:00:12.045 253 288 I xm_audio: in_get_buffer_size
01-01 08:00:12.045 253 288 I xm_audio: in_get_buffer_size: fsize=512.000000, size=512
01-01 08:00:12.046 253 288 I xm_audio: in_get_buffer_size
01-01 08:00:12.046 253 288 I xm_audio: in_get_buffer_size: fsize=512.000000, size=512
01-01 08:00:12.046 253 288 I xm_audio: in_get_sample_rate
01-01 08:00:12.046 253 288 I xm_audio: in_get_channels
01-01 08:00:12.051 276 452 I AudioFlinger: AudioFlinger's thread 0xf3d91640 tid=452 ready to run
01-01 08:00:12.052 276 452 W AudioFlinger: no wake lock to update, system not ready yet
01-01 08:00:12.056 276 452 W AudioFlinger: no wake lock to update, system not ready yet
01-01 08:00:12.056 253 288 D xm_audio: -->adev_close_input_stream
01-01 08:00:12.057 253 288 D xm_audio: -->adev_close_input_stream ready free stream.
01-01 08:00:12.057 253 288 D xm_audio: -->adev_close_input_stream free stream finish.
01-01 08:00:12.068 253 451 D xm_audio: socket_thread start
01-01 08:00:12.068 253 451 D xm_audio: create socket g_is_running4
01-01 08:00:12.068 322 325 D XM_HIDREAD: Client connected.
01-01 08:00:12.069 322 325 D XM_HIDREAD: accept before.
01-01 08:00:12.069 253 451 D xm_audio: create socket g_is_running5
01-01 08:00:12.069 253 451 E xm_audio: so socket connect suc
01-01 08:00:12.069 253 456 D xm_audio: data_thread start
01-01 08:00:12.070 322 455 D XM_HIDREAD: handle_client start.
01-01 08:00:12.124 276 276 I bt_a2dp_hw: system/bt/audio_a2dp_hw/src/audio_a2dp_hw.cc:1893 adev_open: adev_open: adev_open in A2dp_hw module
01-01 08:00:12.125 276 276 I AudioFlinger: loadHwModule() Loaded a2dp audio interface, handle 26
01-01 08:00:12.125 276 276 V APM_AudioPolicyManager: onNewAudioModulesAvailableInt: Input device list is empty! for profile a2dp input
01-01 08:00:12.136 253 288 I r_submix: adev_open(name=audio_hw_if)
01-01 08:00:12.138 253 288 I r_submix: adev_init_check()
01-01 08:00:12.138 276 276 I AudioFlinger: loadHwModule() Loaded r_submix audio interface, handle 34
01-01 08:00:12.139 253 288 D r_submix: adev_open_input_stream(addr=0)
01-01 08:00:12.140 253 288 D r_submix: submix_audio_device_create_pipe_l(addr=0, idx=9)
01-01 08:00:12.140 253 288 D r_submix: now using address 0 for route 9
01-01 08:00:12.147 276 459 I AudioFlinger: AudioFlinger's thread 0xf3a9b100 tid=459 ready to run
01-01 08:00:12.149 253 288 D r_submix: adev_close_input_stream()
01-01 08:00:12.149 253 288 D r_submix: submix_audio_device_release_pipe_l(idx=9) addr=0
01-01 08:00:12.149 253 288 D r_submix: submix_audio_device_destroy_pipe_l(): pipe destroyed
01-01 08:00:12.156 276 276 I audioserver: Waiting for activity service
01-01 08:00:12.191 248 407 I zygote : Verified 2763 classes from mainline modules in 291.750ms
01-01 08:00:12.313 358 358 W awplayer: : Set log level to 3
01-01 08:00:12.312 269 269 I EventThread: type=1400 audit(0.0:297): avc: denied { search } for name="extcon" dev="sysfs" ino=18109 scontext=u:r:hal_tv_cec_default:s0 tcontext=u:object_r:sysfs_extcon:s0 tclass=dir permissive=1
01-01 08:00:12.354 358 358 I cedarc : : register avs decoder success!
01-01 08:00:12.354 358 358 I cedarc : : register h264 decoder success!
01-01 08:00:12.354 358 358 I cedarc : : register h265 decoder success!
01-01 08:00:12.355 358 358 I cedarc : : register mjpeg decoder success!
01-01 08:00:12.355 358 358 I cedarc : : register mjpegplus decoder success!
01-01 08:00:12.355 358 358 I cedarc : : register mpeg2 decoder success!
01-01 08:00:12.355 358 358 W awplayer: : Invalid plugin,function CedarPluginVDInit not found.
01-01 08:00:12.356 358 358 I cedarc : : register mpeg4dx decoder success!
01-01 08:00:12.356 358 358 I cedarc : : register mpeg4H263 decoder success!
01-01 08:00:12.357 358 358 I cedarc : : register mpeg4Normal decoder success!
01-01 08:00:12.357 358 358 I cedarc : : register Mpeg4Vp6 decoder success!
01-01 08:00:12.357 358 358 I cedarc : : register vp6Soft decoder success!
01-01 08:00:12.357 358 358 I cedarc : : register vp8 decoder success!
01-01 08:00:12.357 358 358 E cedarc : : register Wmv12Soft decoder failure!!!
01-01 08:00:12.358 358 358 I cedarc : : register vc1 decoder success!
01-01 08:00:12.358 358 358 D cedarc : : register Vp9Hw decoder success!
01-01 08:00:12.358 358 358 I cedarc : : register avs2 decoder success!
01-01 08:00:12.362 358 358 D awplayer: : aw stream init...
01-01 08:00:12.362 358 358 D awplayer: : Register stream rtp version v1.1
01-01 08:00:12.374 358 358 I mediaserver: ServiceManager: 0xf4d7f960
01-01 08:00:12.375 358 358 W BatteryNotifier: batterystats service unavailable!
01-01 08:00:12.376 358 358 W BatteryNotifier: batterystats service unavailable!
01-01 08:00:12.381 465 465 E cutils-trace: Error opening trace file: No such file or directory (2)
01-01 08:00:12.434 468 468 E cutils-trace: Error opening trace file: No such file or directory (2)
01-01 08:00:12.459 248 248 D Zygote : VMRuntime.setVerifierEnabled(true)
01-01 08:00:12.491 248 248 I zygote : Explicit concurrent copying GC freed 6063(605KB) AllocSpace objects, 0(0B) LOS objects, 68% free, 720KB/2256KB, paused 121us total 30.881ms
01-01 08:00:12.516 248 248 I zygote : Explicit concurrent copying GC freed 229(40KB) AllocSpace objects, 0(0B) LOS objects, 68% free, 712KB/2248KB, paused 58us total 24.552ms
01-01 08:00:12.593 248 248 D Zygote : Forked child process 477
01-01 08:00:12.593 248 248 I Zygote : System server process 477 has been created
01-01 08:00:12.596 248 248 I Zygote : Accepting command socket connections
01-01 08:00:12.639 387 393 I adbd : adbd mDNS service _adb._tcp registered: 1
01-01 08:00:12.639 387 400 I adbd : adbd mDNS service _adb-tls-connect._tcp registered: 1
01-01 08:00:12.908 477 477 I Zygote : seccomp disabled by setenforce 0
01-01 08:00:12.920 328 328 I rainbow_flow: type=1400 audit(0.0:298): avc: denied { ioctl } for path="/dev/spidev1.0" dev="tmpfs" ino=5369 ioctlcmd=0x6b00 scontext=u:r:init:s0 tcontext=u:object_r:device:s0 tclass=chr_file permissive=1
01-01 08:00:12.927 477 477 W system_server: Failed to upload odrefresh metrics: metrics file '/data/misc/odrefresh/odrefresh-metrics.txt' could not be opened: No such file or directory
01-01 08:00:12.937 387 396 I adbd : jdwp connection from 477
01-01 08:00:12.938 477 500 D Zygote : begin preload_base
01-01 08:00:12.939 477 500 I Zygote : Calling ZygoteHooks.beginPreload()
01-01 08:00:13.133 477 500 D ApplicationLoaders: Created zygote-cached class loader: /system/framework/android.hidl.base-V1.0-java.jar
01-01 08:00:13.141 477 500 D ApplicationLoaders: Created zygote-cached class loader: /system/framework/android.hidl.manager-V1.0-java.jar
01-01 08:00:13.148 477 500 D ApplicationLoaders: Created zygote-cached class loader: /system/framework/android.test.base.jar
01-01 08:00:13.149 477 500 I Zygote : Preloading resources...
01-01 08:00:13.172 477 500 W Resources: Preloaded drawable resource #0x1080286 (android:drawable/dialog_background_material) that varies with configuration!!
01-01 08:00:13.203 477 500 I Zygote : ...preloaded 64 resources in 54ms.
01-01 08:00:13.210 477 500 I Zygote : ...preloaded 41 resources in 6ms.
01-01 08:00:13.211 477 500 D Zygote : Zygote:ThreadPreadloadBase took 274ms.
01-01 08:00:13.212 477 508 D Zygote : Zygote:ThreadPreadloadClass start
01-01 08:00:13.213 477 509 I Zygote : Preloading classes...
01-01 08:00:13.219 477 477 I SystemServerTiming: InitBeforeStartServices
01-01 08:00:13.226 477 477 I SystemServer: Entered the Android system server!
01-01 08:00:13.250 477 510 D libEGL : loaded /vendor/lib/egl/libGLES_mali.so
01-01 08:00:13.307 477 509 I Typeface: Preloading /system/fonts/Roboto-Regular.ttf
01-01 08:00:13.312 269 269 I EventThread: type=1400 audit(0.0:299): avc: denied { search } for name="extcon" dev="sysfs" ino=18109 scontext=u:r:hal_tv_cec_default:s0 tcontext=u:object_r:sysfs_extcon:s0 tclass=dir permissive=1
01-01 08:00:13.332 477 509 I Typeface: Preloading /system/fonts/RobotoStatic-Regular.ttf
01-01 08:00:13.437 477 509 I Typeface: Preloading /system/fonts/NotoSansCJK-Regular.ttc
01-01 08:00:13.437 477 509 I Typeface: Preloading /system/fonts/NotoSerifCJK-Regular.ttc
01-01 08:00:13.481 477 509 E ActivityRecognitionHardware: activity_recognition HAL is deprecated. class_init is effectively a no-op
01-01 08:00:13.542 282 282 D RenderEngine: shader cache generated - 48 shaders in 1707.817505 ms
01-01 08:00:13.546 282 282 I HidlServiceManagement: Registered android.frameworks.displayservice@1.0::IDisplayService/default
01-01 08:00:13.546 282 282 D SurfaceFlinger: Setting power mode 2 on display 0
01-01 08:00:13.546 262 262 D sunxihwc: setPowerMode: device(hdmi0) power mode: On
01-01 08:00:13.547 262 262 I sunxihwc: setRuntimeState: disp2 blank control [unblank], driver usage [1]
01-01 08:00:13.547 282 282 D SurfaceFlinger: Finished setting power mode 2 on display 0
01-01 08:00:13.582 477 477 E UsbAlsaJackDetectorJNI: Can't register UsbAlsaJackDetector native methods
01-01 08:00:13.610 477 477 I SystemServerInitThreadPool: Creating instance with 4 threads
01-01 08:00:13.612 477 522 I SystemServerTimingAsync: InitThreadPoolExec:loadPreinstalledSystemFontMap
01-01 08:00:13.613 477 477 I SystemServerTiming: StartServices
01-01 08:00:13.613 477 522 D SystemServerInitThreadPool: Started executing loadPreinstalledSystemFontMap
01-01 08:00:13.613 477 522 I SystemServerTimingAsync: loadPreinstalledSystemFontMap
01-01 08:00:13.613 477 477 D SystemServer: VMRuntime.setVerifierEnabled(false)
01-01 08:00:13.613 477 477 I SystemServerTiming: startBootstrapServices
01-01 08:00:13.613 477 477 I SystemServerTiming: StartWatchdog
01-01 08:00:13.627 477 477 I SystemServer: Reading configuration...
01-01 08:00:13.627 477 477 I SystemServerTiming: ReadingSystemConfig
01-01 08:00:13.628 477 477 I SystemServerTiming: PlatformCompat
01-01 08:00:13.631 477 477 D CompatConfig: Found a config file: /system/etc/compatconfig/documents-ui-compat-config.xml
01-01 08:00:13.633 477 477 D CompatConfig: Adding: com.android.server.compat.config.Change@52c2d61
01-01 08:00:13.635 477 477 D CompatConfig: Found a config file: /system/etc/compatconfig/calendar-provider-compat-config.xml
01-01 08:00:13.636 477 530 I SystemServerTimingAsync: InitThreadPoolExec:ReadingSystemConfig
01-01 08:00:13.636 477 530 D SystemServerInitThreadPool: Started executing ReadingSystemConfig
01-01 08:00:13.637 477 477 D CompatConfig: Adding: com.android.server.compat.config.Change@fa90d47
01-01 08:00:13.638 477 477 D CompatConfig: Found a config file: /system/etc/compatconfig/framework-platform-compat-config.xml
01-01 08:00:13.639 477 530 I SystemConfig: Reading permissions from /system/etc/sysconfig/preinstalled-packages-com.android.providers.media.module.xml
01-01 08:00:13.642 477 477 D CompatConfig: Adding: com.android.server.compat.config.Change@af5af12
01-01 08:00:13.643 477 477 D CompatConfig: Adding: com.android.server.compat.config.Change@fdf36e3
01-01 08:00:13.644 477 477 D CompatConfig: Adding: com.android.server.compat.config.Change@b55b8e0
01-01 08:00:13.644 477 509 D MtpDeviceJNI: register_android_mtp_MtpDevice
01-01 08:00:13.644 477 477 D CompatConfig: Adding: com.android.server.compat.config.Change@f142799
01-01 08:00:13.645 477 477 D CompatConfig: Adding: com.android.server.compat.config.Change@8fbaa5e
01-01 08:00:13.645 477 477 D CompatConfig: Adding: com.android.server.compat.config.Change@3c45e3f
01-01 08:00:13.646 477 477 D CompatConfig: Adding: com.android.server.compat.config.Change@30d830c
01-01 08:00:13.646 477 477 D CompatConfig: Adding: com.android.server.compat.config.Change@1f6a455
01-01 08:00:13.646 477 477 D CompatConfig: Adding: com.android.server.compat.config.Change@ad40e6a
01-01 08:00:13.647 477 477 D CompatConfig: Adding: com.android.server.compat.config.Change@8aa9f5b
01-01 08:00:13.647 477 477 D CompatConfig: Adding: com.android.server.compat.config.Change@895c3f8
01-01 08:00:13.648 477 477 D CompatConfig: Adding: com.android.server.compat.config.Change@34a30d1
01-01 08:00:13.648 477 477 D CompatConfig: Adding: com.android.server.compat.config.Change@41ca736
01-01 08:00:13.649 477 477 D CompatConfig: Adding: com.android.server.compat.config.Change@4e9d637
01-01 08:00:13.649 477 477 D CompatConfig: Adding: com.android.server.compat.config.Change@c5f27a4
01-01 08:00:13.650 477 477 D CompatConfig: Adding: com.android.server.compat.config.Change@f70090d
01-01 08:00:13.650 477 477 D CompatConfig: Adding: com.android.server.compat.config.Change@28400c2
01-01 08:00:13.650 477 477 D CompatConfig: Adding: com.android.server.compat.config.Change@27b9ed3
01-01 08:00:13.651 477 477 D CompatConfig: Adding: com.android.server.compat.config.Change@3391a10
01-01 08:00:13.651 477 477 D CompatConfig: Adding: com.android.server.compat.config.Change@da12909
01-01 08:00:13.652 477 477 D CompatConfig: Adding: com.android.server.compat.config.Change@e15670e
01-01 08:00:13.652 477 477 D CompatConfig: Adding: com.android.server.compat.config.Change@757552f
01-01 08:00:13.652 477 477 D CompatConfig: Adding: com.android.server.compat.config.Change@d7dc73c
01-01 08:00:13.653 477 477 D CompatConfig: Adding: com.android.server.compat.config.Change@5aa4cc5
01-01 08:00:13.653 477 477 D CompatConfig: Adding: com.android.server.compat.config.Change@244e61a
01-01 08:00:13.654 477 477 D CompatConfig: Adding: com.android.server.compat.config.Change@78e154b
01-01 08:00:13.654 477 477 D CompatConfig: Adding: com.android.server.compat.config.Change@4fe1b28
01-01 08:00:13.654 477 477 D CompatConfig: Adding: com.android.server.compat.config.Change@567f041
01-01 08:00:13.655 477 477 D CompatConfig: Adding: com.android.server.compat.config.Change@bbb49e6
01-01 08:00:13.655 477 477 D CompatConfig: Adding: com.android.server.compat.config.Change@d26bb27
01-01 08:00:13.656 477 477 D CompatConfig: Adding: com.android.server.compat.config.Change@dadc1d4
01-01 08:00:13.656 477 477 D CompatConfig: Adding: com.android.server.compat.config.Change@2024f7d
01-01 08:00:13.656 477 477 D CompatConfig: Adding: com.android.server.compat.config.Change@6e21e72
01-01 08:00:13.657 477 477 D CompatConfig: Adding: com.android.server.compat.config.Change@1b9e2c3
01-01 08:00:13.657 477 477 D CompatConfig: Adding: com.android.server.compat.config.Change@50f2740
01-01 08:00:13.657 477 477 D CompatConfig: Adding: com.android.server.compat.config.Change@e96679
01-01 08:00:13.658 477 477 D CompatConfig: Adding: com.android.server.compat.config.Change@b2fafbe
01-01 08:00:13.658 477 477 D CompatConfig: Adding: com.android.server.compat.config.Change@5cde81f
01-01 08:00:13.659 477 477 D CompatConfig: Adding: com.android.server.compat.config.Change@c5f776c
01-01 08:00:13.659 477 477 D CompatConfig: Adding: com.android.server.compat.config.Change@490f135
01-01 08:00:13.659 477 477 D CompatConfig: Adding: com.android.server.compat.config.Change@f3309ca
01-01 08:00:13.660 477 530 I incfs : Initial API level of the device: 31
01-01 08:00:13.664 477 530 I incfs : ro.incremental.enable: module:/vendor/lib/modules/incrementalfs.ko
01-01 08:00:13.664 477 530 I incfs : isFsAvailable: false
01-01 08:00:13.664 477 530 I incfs : isFsAvailable: false
01-01 08:00:13.664 477 530 E incfs : could not open IncFs kernel module "/vendor/lib/modules/incrementalfs.ko": No such file or directory
01-01 08:00:13.664 477 530 E incfs : IncFs_Features: failed to open features dir, assuming v1/none.: No such file or directory
01-01 08:00:13.665 477 530 I SystemConfig: Reading permissions from /system/etc/sysconfig/preinstalled-packages-platform.xml
01-01 08:00:13.666 477 477 D CompatConfig: Adding: com.android.server.compat.config.Change@1f2e73b
01-01 08:00:13.667 477 477 D CompatConfig: Adding: com.android.server.compat.config.Change@8ec6bb1
01-01 08:00:13.667 477 477 D CompatConfig: Adding: com.android.server.compat.config.Change@d9ebc17
01-01 08:00:13.668 477 477 D CompatConfig: Adding: com.android.server.compat.config.Change@aaf4804
01-01 08:00:13.668 477 530 I SystemConfig: Reading permissions from /system/etc/sysconfig/hiddenapi-package-whitelist.xml
01-01 08:00:13.668 477 477 D CompatConfig: Adding: com.android.server.compat.config.Change@bab11ed
01-01 08:00:13.669 477 477 D CompatConfig: Adding: com.android.server.compat.config.Change@19b0822
01-01 08:00:13.669 477 477 D CompatConfig: Adding: com.android.server.compat.config.Change@7c902b3
01-01 08:00:13.669 477 477 D CompatConfig: Adding: com.android.server.compat.config.Change@8dae070
01-01 08:00:13.670 477 477 D CompatConfig: Adding: com.android.server.compat.config.Change@c33dfe9
01-01 08:00:13.670 477 477 D CompatConfig: Adding: com.android.server.compat.config.Change@785846e
01-01 08:00:13.671 477 477 D CompatConfig: Adding: com.android.server.compat.config.Change@d47170f
01-01 08:00:13.672 477 477 D CompatConfig: Adding: com.android.server.compat.config.Change@4e5939c
01-01 08:00:13.672 477 477 D CompatConfig: Adding: com.android.server.compat.config.Change@f6191a5
01-01 08:00:13.673 477 530 I SystemConfig: Reading permissions from /system/etc/sysconfig/preinstalled-packages-platform-full-base.xml
01-01 08:00:13.673 477 477 D CompatConfig: Adding: com.android.server.compat.config.Change@8e8152b
01-01 08:00:13.674 477 477 D CompatConfig: Adding: com.android.server.compat.config.Change@b864d88
01-01 08:00:13.675 477 477 D CompatConfig: Adding: com.android.server.compat.config.Change@2fea321
01-01 08:00:13.675 477 477 D CompatConfig: Adding: com.android.server.compat.config.Change@8a5b346
01-01 08:00:13.678 477 530 I SystemConfig: Reading permissions from /system/etc/sysconfig/framework-sysconfig.xml
01-01 08:00:13.679 477 477 D CompatConfig: Found a config file: /system/etc/compatconfig/services-platform-compat-config.xml
01-01 08:00:13.682 477 530 I SystemConfig: Reading permissions from /system/etc/permissions/com.android.future.usb.accessory.xml
01-01 08:00:13.682 477 477 D CompatConfig: Adding: com.android.server.compat.config.Change@4f9bdd2
01-01 08:00:13.684 477 477 D CompatConfig: Adding: com.android.server.compat.config.Change@897fea3
01-01 08:00:13.684 477 477 D CompatConfig: Adding: com.android.server.compat.config.Change@d5f45a0
01-01 08:00:13.685 477 477 D CompatConfig: Adding: com.android.server.compat.config.Change@2879559
01-01 08:00:13.686 477 477 D CompatConfig: Adding: com.android.server.compat.config.Change@f11e51e
01-01 08:00:13.686 477 530 I SystemConfig: Reading permissions from /system/etc/permissions/com.android.networkstack.xml
01-01 08:00:13.686 477 477 D CompatConfig: Adding: com.android.server.compat.config.Change@f031bcc
01-01 08:00:13.687 477 477 D CompatConfig: Adding: com.android.server.compat.config.Change@2932e15
01-01 08:00:13.688 477 477 D CompatConfig: Adding: com.android.server.compat.config.Change@9f3352a
01-01 08:00:13.689 477 477 D CompatConfig: Adding: com.android.server.compat.config.Change@f3c9f1b
01-01 08:00:13.690 477 477 D CompatConfig: Adding: com.android.server.compat.config.Change@f2c28b8
01-01 08:00:13.690 477 477 D CompatConfig: Adding: com.android.server.compat.config.Change@859691
01-01 08:00:13.691 477 477 D CompatConfig: Adding: com.android.server.compat.config.Change@1e779f6
01-01 08:00:13.692 477 477 D CompatConfig: Adding: com.android.server.compat.config.Change@fc11f7
01-01 08:00:13.693 477 477 D CompatConfig: Adding: com.android.server.compat.config.Change@4d71864
01-01 08:00:13.694 477 477 D CompatConfig: Adding: com.android.server.compat.config.Change@a5c0acd
01-01 08:00:13.695 477 477 D CompatConfig: Adding: com.android.server.compat.config.Change@c093f82
01-01 08:00:13.695 477 477 D CompatConfig: Adding: com.android.server.compat.config.Change@1d5d693
01-01 08:00:13.696 477 477 D CompatConfig: Adding: com.android.server.compat.config.Change@81f56d0
01-01 08:00:13.697 477 477 D CompatConfig: Adding: com.android.server.compat.config.Change@6ab86c9
01-01 08:00:13.697 477 477 D CompatConfig: Adding: com.android.server.compat.config.Change@28fd1ce
01-01 08:00:13.698 477 477 D CompatConfig: Adding: com.android.server.compat.config.Change@c7d48ef
01-01 08:00:13.698 477 477 D CompatConfig: Adding: com.android.server.compat.config.Change@56b0ffc
01-01 08:00:13.699 477 477 D CompatConfig: Adding: com.android.server.compat.config.Change@65cc685
01-01 08:00:13.699 375 375 I update_engine: [INFO:cleanup_previous_update_action.cc(112)] Executing task 1
01-01 08:00:13.701 477 477 D CompatConfig: Adding: com.android.server.compat.config.Change@9db3cda
01-01 08:00:13.701 375 375 I update_engine: [INFO:cleanup_previous_update_action.cc(124)] CleanupPreviousUpdateAction scheduled task ID 3 for WaitBootCompleted
01-01 08:00:13.703 477 477 D CompatConfig: Adding: com.android.server.compat.config.Change@97f850b
01-01 08:00:13.704 477 477 D CompatConfig: Adding: com.android.server.compat.config.Change@7572fe8
01-01 08:00:13.705 477 477 D CompatConfig: Adding: com.android.server.compat.config.Change@6284601
01-01 08:00:13.705 477 477 D CompatConfig: Adding: com.android.server.compat.config.Change@a404ca6
01-01 08:00:13.706 477 477 D CompatConfig: Adding: com.android.server.compat.config.Change@31f66e7
01-01 08:00:13.706 477 477 D CompatConfig: Adding: com.android.server.compat.config.Change@3636294
01-01 08:00:13.707 477 477 D CompatConfig: Adding: com.android.server.compat.config.Change@bd2413d
01-01 08:00:13.707 477 477 D CompatConfig: Adding: com.android.server.compat.config.Change@a948d32
01-01 08:00:13.708 477 477 D CompatConfig: Adding: com.android.server.compat.config.Change@af18a83
01-01 08:00:13.709 477 477 D CompatConfig: Adding: com.android.server.compat.config.Change@55e1400
01-01 08:00:13.709 477 477 D CompatConfig: Adding: com.android.server.compat.config.Change@b26b439
01-01 08:00:13.710 477 477 D CompatConfig: Adding: com.android.server.compat.config.Change@77a4a7e
01-01 08:00:13.710 477 477 D CompatConfig: Adding: com.android.server.compat.config.Change@d384bdf
01-01 08:00:13.711 477 477 D CompatConfig: Adding: com.android.server.compat.config.Change@590702c
01-01 08:00:13.712 477 477 D CompatConfig: Adding: com.android.server.compat.config.Change@eb55af5
01-01 08:00:13.712 477 477 D CompatConfig: Adding: com.android.server.compat.config.Change@36c908a
01-01 08:00:13.713 477 477 D CompatConfig: Adding: com.android.server.compat.config.Change@dffc6fb
01-01 08:00:13.713 477 477 D CompatConfig: Adding: com.android.server.compat.config.Change@5aa6318
01-01 08:00:13.714 477 477 D CompatConfig: Adding: com.android.server.compat.config.Change@4db171
01-01 08:00:13.714 477 477 D CompatConfig: Adding: com.android.server.compat.config.Change@b8b2b56
01-01 08:00:13.714 477 477 D CompatConfig: Adding: com.android.server.compat.config.Change@bf9d7d7
01-01 08:00:13.715 477 477 D CompatConfig: Adding: com.android.server.compat.config.Change@6e98c4
01-01 08:00:13.716 477 477 D CompatConfig: Adding: com.android.server.compat.config.Change@d3af3ad
01-01 08:00:13.717 477 477 D CompatConfig: Adding: com.android.server.compat.config.Change@d26a6e2
01-01 08:00:13.718 477 477 D CompatConfig: Adding: com.android.server.compat.config.Change@51a1a73
01-01 08:00:13.719 477 477 D CompatConfig: Adding: com.android.server.compat.config.Change@81e7d30
01-01 08:00:13.719 477 477 D CompatConfig: Adding: com.android.server.compat.config.Change@2401da9
01-01 08:00:13.720 477 477 D CompatConfig: Adding: com.android.server.compat.config.Change@80c4f2e
01-01 08:00:13.721 477 477 D CompatConfig: Found a config file: /system/etc/compatconfig/icu4j-platform-compat-config.xml
01-01 08:00:13.723 477 477 D CompatConfig: Adding: com.android.server.compat.config.Change@fa63c5c
01-01 08:00:13.724 477 477 D CompatConfig: No directory /system/system_ext/etc/compatconfig, skipping
01-01 08:00:13.726 477 477 D CompatConfig: No directory /apex/com.android.wifi/etc/compatconfig, skipping
01-01 08:00:13.726 477 477 D CompatConfig: No directory /apex/com.android.vndk.v31/etc/compatconfig, skipping
01-01 08:00:13.726 477 477 D CompatConfig: No directory /apex/com.android.tzdata/etc/compatconfig, skipping
01-01 08:00:13.727 477 477 D CompatConfig: No directory /apex/com.android.tethering/etc/compatconfig, skipping
01-01 08:00:13.727 477 477 D CompatConfig: No directory /apex/com.android.sdkext/etc/compatconfig, skipping
01-01 08:00:13.727 477 477 D CompatConfig: No directory /apex/com.android.scheduling/etc/compatconfig, skipping
01-01 08:00:13.727 477 477 D CompatConfig: No directory /apex/com.android.runtime/etc/compatconfig, skipping
01-01 08:00:13.727 477 477 D CompatConfig: No directory /apex/com.android.resolv/etc/compatconfig, skipping
01-01 08:00:13.728 477 477 D CompatConfig: No directory /apex/com.android.permission/etc/compatconfig, skipping
01-01 08:00:13.728 477 477 D CompatConfig: No directory /apex/com.android.os.statsd/etc/compatconfig, skipping
01-01 08:00:13.728 477 477 D CompatConfig: No directory /apex/com.android.neuralnetworks/etc/compatconfig, skipping
01-01 08:00:13.729 477 530 I SystemConfig: Reading permissions from /system/etc/permissions/android.test.mock.xml
01-01 08:00:13.729 477 477 D CompatConfig: Found a config file: /apex/com.android.mediaprovider/etc/compatconfig/media-provider-platform-compat-config.xml
01-01 08:00:13.732 477 530 I SystemConfig: Reading permissions from /system/etc/permissions/org.apache.http.legacy.xml
01-01 08:00:13.732 477 477 D CompatConfig: Adding: com.android.server.compat.config.Change@a88c248
01-01 08:00:13.733 477 530 I SystemConfig: Reading permissions from /system/etc/permissions/permissions-awbms.xml
01-01 08:00:13.735 477 477 D CompatConfig: Adding: com.android.server.compat.config.Change@c631606
01-01 08:00:13.735 477 477 D CompatConfig: Adding: com.android.server.compat.config.Change@58a64c7
01-01 08:00:13.736 477 477 D CompatConfig: Adding: com.android.server.compat.config.Change@f8bbaf4
01-01 08:00:13.737 477 477 D CompatConfig: Adding: com.android.server.compat.config.Change@e2d221d
01-01 08:00:13.737 477 530 I SystemConfig: Reading permissions from /system/etc/permissions/com.android.documentsui.xml
01-01 08:00:13.738 477 477 D CompatConfig: Adding: com.android.server.compat.config.Change@b3e8663
01-01 08:00:13.739 477 477 D CompatConfig: Adding: com.android.server.compat.config.Change@a239260
01-01 08:00:13.740 477 477 D CompatConfig: No directory /apex/com.android.media.swcodec/etc/compatconfig, skipping
01-01 08:00:13.740 477 530 I SystemConfig: Reading permissions from /system/etc/permissions/com.android.media.remotedisplay.xml
01-01 08:00:13.740 477 477 D CompatConfig: No directory /apex/com.android.media/etc/compatconfig, skipping
01-01 08:00:13.740 477 477 D CompatConfig: No directory /apex/com.android.ipsec/etc/compatconfig, skipping
01-01 08:00:13.740 477 477 D CompatConfig: No directory /apex/com.android.i18n/etc/compatconfig, skipping
01-01 08:00:13.741 477 477 D CompatConfig: No directory /apex/com.android.extservices/etc/compatconfig, skipping
01-01 08:00:13.741 477 477 D CompatConfig: No directory /apex/com.android.conscrypt/etc/compatconfig, skipping
01-01 08:00:13.741 477 530 I SystemConfig: Reading permissions from /system/etc/permissions/com.android.networkstack.tethering.xml
01-01 08:00:13.742 477 477 D CompatConfig: Found a config file: /apex/com.android.art/etc/compatconfig/libcore-platform-compat-config.xml
01-01 08:00:13.743 477 530 I SystemConfig: Reading permissions from /system/etc/permissions/android.software.controls.xml
01-01 08:00:13.744 477 477 D CompatConfig: Adding: com.android.server.compat.config.Change@7af77d5
01-01 08:00:13.745 477 530 I SystemConfig: Reading permissions from /system/etc/permissions/privapp-permissions-platform.xml
01-01 08:00:13.745 477 477 D CompatConfig: Adding: com.android.server.compat.config.Change@7b45edb
01-01 08:00:13.746 477 477 D CompatConfig: Adding: com.android.server.compat.config.Change@5154d78
01-01 08:00:13.747 477 477 D CompatConfig: Adding: com.android.server.compat.config.Change@a7cbc51
01-01 08:00:13.747 477 477 D CompatConfig: Adding: com.android.server.compat.config.Change@230cb6
01-01 08:00:13.748 477 477 D CompatConfig: No directory /apex/com.android.appsearch/etc/compatconfig, skipping
01-01 08:00:13.749 477 477 D CompatConfig: No directory /apex/com.android.adbd/etc/compatconfig, skipping
01-01 08:00:13.756 477 530 I SystemConfig: Reading permissions from /system/etc/permissions/android.test.base.xml
01-01 08:00:13.757 477 477 I SystemServerTiming: StartFileIntegrityService
01-01 08:00:13.758 477 477 I SystemServiceManager: Starting com.android.server.security.FileIntegrityService
01-01 08:00:13.758 477 530 I SystemConfig: Reading permissions from /system/etc/permissions/android.software.live_wallpaper.xml
01-01 08:00:13.760 477 530 I SystemConfig: Reading permissions from /system/etc/permissions/com.android.location.provider.xml
01-01 08:00:13.761 477 530 I SystemConfig: Reading permissions from /system/etc/permissions/javax.obex.xml
01-01 08:00:13.763 477 530 I SystemConfig: Reading permissions from /system/etc/permissions/android.software.webview.xml
01-01 08:00:13.772 477 530 I SystemConfig: Reading permissions from /system/etc/permissions/oranth-privapp-permissions.xml
01-01 08:00:13.789 477 530 I SystemConfig: Reading permissions from /system/etc/permissions/com.android.mediadrm.signer.xml
01-01 08:00:13.793 477 530 I SystemConfig: Reading permissions from /system/etc/permissions/android.hardware.hdmi.cec.xml
01-01 08:00:13.796 477 530 I SystemConfig: Reading permissions from /system/etc/permissions/android.test.runner.xml
01-01 08:00:13.798 477 530 I SystemConfig: Reading permissions from /system/etc/permissions/android.hardware.location.network.xml
01-01 08:00:13.803 477 530 I SystemConfig: Reading permissions from /system/etc/permissions/privapp-vendor-permissions.xml
01-01 08:00:13.810 477 530 I SystemConfig: Reading permissions from /system/etc/permissions/platform.xml
01-01 08:00:13.812 477 477 I SystemServerTiming: StartInstaller
01-01 08:00:13.812 477 477 I SystemServiceManager: Starting com.android.server.pm.Installer
01-01 08:00:13.817 354 366 D installd: Found quota mount /dev/block/by-name/userdata at /data
01-01 08:00:13.817 354 366 D installd: Found quota mount /dev/block/by-name/userdata at /data/user/0
