06-25 14:28:13.927 187 187 I hwservicemanager: getTransport: Cannot find entry android.hardware.secure_element@1.0::ISecureElement/SIM1 in either framework or device VINTF manifest.
06-25 14:28:13.928 772 772 I SecureElementService: No HAL implementation for SIM1
06-25 14:28:13.930 477 611 W BestClock: java.time.DateTimeException: Missing NTP fix
06-25 14:28:13.934 358 467 I Codec2InfoBuilder: adding type 'video/3gpp'
06-25 14:28:13.934 477 611 W BestClock: java.time.DateTimeException: Missing NTP fix
06-25 14:28:13.935 372 814 V C2Store : in ~ComponentModule
06-25 14:28:13.935 372 814 V C2Store : unloading dll
06-25 14:28:13.938 477 611 W BestClock: java.time.DateTimeException: Missing NTP fix
01-01 08:00:19.257 425 425 I : DVI mode selected: packets not configured
01-01 08:00:19.257 425 425 I : Error: set vsif failed
06-25 14:28:13.943 372 829 V C2Store : in init
06-25 14:28:13.944 372 829 V C2Store : loading dll
06-25 14:28:13.949 372 820 V C2Store : in ~ComponentModule
06-25 14:28:13.949 372 820 V C2Store : unloading dll
06-25 14:28:13.951 756 756 D NetworkSecurityConfig: No Network Security Config specified, using platform default
06-25 14:28:13.954 477 611 W BestClock: java.time.DateTimeException: Missing NTP fix
06-25 14:28:13.954 358 467 I Codec2InfoBuilder: adding type 'video/hevc'
06-25 14:28:13.959 372 417 V C2Store : in init
06-25 14:28:13.959 372 417 V C2Store : loading dll
06-25 14:28:13.961 668 868 D BluetoothActiveDeviceManager: onAudioDevicesAdded
06-25 14:28:13.961 668 868 D BluetoothActiveDeviceManager: Audio device added: DBBOX-A2 type: 2
06-25 14:28:13.961 668 868 D BluetoothActiveDeviceManager: Audio device added: DBBOX-A2 type: 15
06-25 14:28:13.961 668 868 D BluetoothActiveDeviceManager: Audio device added: DBBOX-A2 type: 25
01-01 08:00:19.274 425 425 I : DVI mode selected: packets not configured
01-01 08:00:19.274 425 425 I : Error: set vsif failed
06-25 14:28:13.962 372 417 I mediaswcodec: missing struct descriptor #Param::CoreIndex(--004) for field values of struct #Param::CoreIndex(F-12004)
06-25 14:28:13.963 372 417 D C2SoftHevcEnc: Given level 6000 does not cover current configuration: adjusting to 6001
06-25 14:28:13.966 372 417 I mediaswcodec: missing struct descriptor #Param::CoreIndex(--004) for field values of struct #Param::CoreIndex(F-12004)
06-25 14:28:13.967 372 417 D C2SoftHevcEnc: Given level 6000 does not cover current configuration: adjusting to 6001
06-25 14:28:13.969 358 467 D Codec2InfoBuilder: codec entry for 'c2.android.hevc.encoder' is disabled
06-25 14:28:13.969 372 841 V C2Store : in init
06-25 14:28:13.969 372 841 V C2Store : loading dll
06-25 14:28:13.964 839 839 I id.ext.services: type=1400 audit(0.0:352): avc: denied { getattr } for path="/data/data/android.ext.services" dev="mmcblk0p25" ino=437 scontext=u:r:platform_app:s0:c512,c768 tcontext=u:object_r:app_data_file:s0:c512,c768 tclass=dir permissive=1 app=android.ext.services
06-25 14:28:13.970 668 668 D BluetoothAdapterService: setAdapterService() - trying to set service to com.android.bluetooth.btservice.AdapterService@416fdd3
06-25 14:28:13.971 477 611 W BestClock: java.time.DateTimeException: Missing NTP fix
06-25 14:28:13.973 372 829 V C2Store : in ~ComponentModule
06-25 14:28:13.975 372 829 V C2Store : unloading dll
06-25 14:28:13.977 477 477 D NetworkSecurityConfig: No Network Security Config specified, using platform default
01-01 08:00:19.291 425 425 I : DVI mode selected: packets not configured
01-01 08:00:19.291 425 425 I : Error: set vsif failed
06-25 14:28:13.977 477 477 D NetworkSecurityConfig: No Network Security Config specified, using platform default
06-25 14:28:13.977 358 467 I Codec2InfoBuilder: adding type 'audio/mpeg'
06-25 14:28:13.977 477 477 I system_server: Waiting for a blocking GC ClassLinker
06-25 14:28:13.978 372 814 V C2Store : in init
06-25 14:28:13.978 372 814 V C2Store : loading dll
06-25 14:28:13.979 477 611 W BestClock: java.time.DateTimeException: Missing NTP fix
06-25 14:28:13.984 477 611 W BestClock: java.time.DateTimeException: Missing NTP fix
06-25 14:28:13.984 372 841 V C2Store : in ~ComponentModule
06-25 14:28:13.986 358 467 D Codec2InfoBuilder: codec entry for 'c2.android.mpeg2.decoder' is disabled
06-25 14:28:13.986 372 820 V C2Store : in init
06-25 14:28:13.986 372 820 V C2Store : loading dll
06-25 14:28:13.991 818 818 V GraphicsEnvironment: ANGLE Developer option for 'com.android.tv.settings' set to: 'default'
06-25 14:28:13.991 818 818 V GraphicsEnvironment: Neither updatable production driver nor prerelease driver is supported.
06-25 14:28:13.992 818 818 D NetworkSecurityConfig: No Network Security Config specified, using platform default
06-25 14:28:13.993 372 841 V C2Store : unloading dll
06-25 14:28:13.993 818 818 D NetworkSecurityConfig: No Network Security Config specified, using platform default
06-25 14:28:13.994 358 467 I Codec2InfoBuilder: adding type 'video/mp4v-es'
06-25 14:28:13.994 477 611 W BestClock: java.time.DateTimeException: Missing NTP fix
06-25 14:28:13.994 372 814 V C2Store : in ~ComponentModule
06-25 14:28:13.994 372 814 V C2Store : unloading dll
06-25 14:28:13.995 372 417 V C2Store : in ~ComponentModule
06-25 14:28:13.995 372 417 V C2Store : unloading dll
06-25 14:28:13.997 372 372 V C2Store : in ~ComponentModule
06-25 14:28:13.998 372 372 V C2Store : unloading dll
06-25 14:28:13.998 372 820 V C2Store : in init
06-25 14:28:13.998 372 820 V C2Store : loading dll
06-25 14:28:14.003 477 611 W BestClock: java.time.DateTimeException: Missing NTP fix
06-25 14:28:14.004 358 467 I Codec2InfoBuilder: adding type 'video/mp4v-es'
06-25 14:28:14.006 668 668 D BluetoothAdapterService: onBind()
06-25 14:28:14.011 372 814 V C2Store : in init
06-25 14:28:14.011 372 814 V C2Store : loading dll
06-25 14:28:14.011 477 611 W BestClock: java.time.DateTimeException: Missing NTP fix
06-25 14:28:14.013 477 611 W BestClock: java.time.DateTimeException: Missing NTP fix
06-25 14:28:14.016 358 467 I Codec2InfoBuilder: adding type 'audio/opus'
06-25 14:28:14.017 372 372 V C2Store : in init
06-25 14:28:14.017 372 372 V C2Store : loading dll
06-25 14:28:14.012 269 269 I EventThread: type=1400 audit(0.0:353): avc: denied { search } for name="extcon" dev="sysfs" ino=18109 scontext=u:r:hal_tv_cec_default:s0 tcontext=u:object_r:sysfs_extcon:s0 tclass=dir permissive=1
06-25 14:28:14.016 839 839 I id.ext.services: type=1400 audit(0.0:354): avc: denied { search } for name="android.ext.services" dev="mmcblk0p25" ino=437 scontext=u:r:platform_app:s0:c512,c768 tcontext=u:object_r:app_data_file:s0:c512,c768 tclass=dir permissive=1 app=android.ext.services
06-25 14:28:14.021 477 611 W BestClock: java.time.DateTimeException: Missing NTP fix
06-25 14:28:14.021 839 839 V GraphicsEnvironment: ANGLE Developer option for 'android.ext.services' set to: 'default'
06-25 14:28:14.022 839 839 V GraphicsEnvironment: Neither updatable production driver nor prerelease driver is supported.
06-25 14:28:14.022 358 467 I Codec2InfoBuilder: adding type 'audio/opus'
06-25 14:28:14.023 477 611 W BestClock: java.time.DateTimeException: Missing NTP fix
01-01 08:00:19.341 425 425 I : DVI mode selected: packets not configured
01-01 08:00:19.341 425 425 I : Error: set vsif failed
06-25 14:28:14.025 372 417 V C2Store : in init
06-25 14:28:14.025 372 417 V C2Store : loading dll
06-25 14:28:14.025 676 676 D CompatibilityChangeReporter: Compat change id reported: 160794467; UID 10067; state: ENABLED
06-25 14:28:14.026 372 841 V C2Store : in ~ComponentModule
06-25 14:28:14.026 372 841 V C2Store : unloading dll
06-25 14:28:14.026 839 839 D NetworkSecurityConfig: No Network Security Config specified, using platform default
06-25 14:28:14.027 839 839 D NetworkSecurityConfig: No Network Security Config specified, using platform default
06-25 14:28:14.027 372 814 V C2Store : in ~ComponentModule
06-25 14:28:14.027 372 814 V C2Store : unloading dll
06-25 14:28:14.028 372 820 V C2Store : in ~ComponentModule
06-25 14:28:14.029 372 820 V C2Store : unloading dll
06-25 14:28:14.029 477 611 W BestClock: java.time.DateTimeException: Missing NTP fix
06-25 14:28:14.031 358 467 I Codec2InfoBuilder: adding type 'audio/raw'
06-25 14:28:14.033 372 417 V C2Store : in ~ComponentModule
06-25 14:28:14.033 372 417 V C2Store : unloading dll
06-25 14:28:14.033 372 814 V C2Store : in init
06-25 14:28:14.033 372 814 V C2Store : loading dll
06-25 14:28:14.037 676 676 D TvPipMenuController: onMediaActionsChanged()
06-25 14:28:14.040 358 467 I Codec2InfoBuilder: adding type 'audio/vorbis'
06-25 14:28:14.040 372 372 V C2Store : in init
06-25 14:28:14.040 372 372 V C2Store : loading dll
06-25 14:28:14.043 676 676 D TvPipNotification: setDelegate(), delegate=com.android.wm.shell.pip.tv.TvPipController@416fdd3
06-25 14:28:14.043 676 676 D TvPipMenuController: setDelegate(), delegate=com.android.wm.shell.pip.tv.TvPipController@416fdd3
06-25 14:28:14.046 372 841 V C2Store : in ~ComponentModule
06-25 14:28:14.046 372 841 V C2Store : unloading dll
06-25 14:28:14.047 358 467 I Codec2InfoBuilder: adding type 'video/x-vnd.on2.vp8'
06-25 14:28:14.049 372 372 V C2Store : in ~ComponentModule
06-25 14:28:14.049 372 372 V C2Store : unloading dll
06-25 14:28:14.050 372 814 V C2Store : in init
06-25 14:28:14.050 372 814 V C2Store : loading dll
06-25 14:28:14.052 676 676 W OneHandedController: Device doesn't support OneHanded feature
06-25 14:28:14.053 372 814 I C2SoftVp8Enc: setting temporal layering 0 + 0
06-25 14:28:14.058 372 814 I C2SoftVp8Enc: setting temporal layering 0 + 0
06-25 14:28:14.060 358 467 I Codec2InfoBuilder: adding type 'video/x-vnd.on2.vp8'
01-01 08:00:19.374 425 425 I : DVI mode selected: packets not configured
01-01 08:00:19.374 425 425 I : Error: set vsif failed
06-25 14:28:14.062 668 867 D BluetoothDatabase: compactLastConnectionTime: Compacting metadata after load
06-25 14:28:14.062 668 867 I BluetoothDatabase: cacheMetadata
06-25 14:28:14.062 668 867 V BluetoothDatabase: cacheMetadata: found device LocalStorage
06-25 14:28:14.062 668 867 V BluetoothDatabase: cacheMetadata: found device E4:BB:D3:57:C0:18
06-25 14:28:14.062 668 867 I BluetoothDatabase: cacheMetadata: Database is ready
06-25 14:28:14.065 372 417 V C2Store : in init
06-25 14:28:14.065 372 417 V C2Store : loading dll
06-25 14:28:14.065 372 841 V C2Store : in ~ComponentModule
06-25 14:28:14.065 372 841 V C2Store : unloading dll
06-25 14:28:14.070 477 810 D NetworkStats: registerNetworkStatsProvider from OffloadController uid/pid=1073/756
06-25 14:28:14.072 358 467 D Codec2InfoBuilder: component 'c2.android.vp9.decoder' not found in xml
06-25 14:28:14.072 372 814 V C2Store : in init
06-25 14:28:14.072 372 814 V C2Store : loading dll
06-25 14:28:14.073 372 417 V C2Store : in ~ComponentModule
06-25 14:28:14.073 372 417 V C2Store : unloading dll
06-25 14:28:14.076 372 814 I C2SoftVp9Enc: setting temporal layering 0 + 0
06-25 14:28:14.079 372 814 I C2SoftVp9Enc: setting temporal layering 0 + 0
06-25 14:28:14.082 358 467 D Codec2InfoBuilder: codec entry for 'c2.android.vp9.encoder' is disabled
06-25 14:28:14.083 372 814 V C2Store : in ~ComponentModule
06-25 14:28:14.083 372 814 V C2Store : unloading dll
06-25 14:28:14.085 477 701 D MediaCodecList: codecHandlesFormat: no format, so no extra checks
06-25 14:28:14.090 477 702 D MediaCodecList: codecHandlesFormat: no format, so no extra checks
06-25 14:28:14.092 477 705 D CCodec : allocate(c2.android.vorbis.decoder)
01-01 08:00:19.408 425 425 I : DVI mode selected: packets not configured
01-01 08:00:19.408 425 425 I : Error: set vsif failed
06-25 14:28:14.094 477 705 I Codec2Client: Available Codec2 services: "software"
06-25 14:28:14.095 477 706 D CCodec : allocate(c2.android.vorbis.decoder)
06-25 14:28:14.098 372 814 V C2Store : in init
06-25 14:28:14.098 372 814 V C2Store : loading dll
06-25 14:28:14.104 477 706 I CCodec : Created component [c2.android.vorbis.decoder]
06-25 14:28:14.104 477 706 D CCodecConfig: read media type: audio/vorbis
06-25 14:28:14.105 477 809 D NetworkStats: registerNetworkStatsProvider from BpfCoordinator uid/pid=1073/756
06-25 14:28:14.107 281 309 E cutils-trace: Error opening trace file: No such file or directory (2)
06-25 14:28:14.108 477 705 I CCodec : Created component [c2.android.vorbis.decoder]
06-25 14:28:14.108 477 705 D CCodecConfig: read media type: audio/vorbis
06-25 14:28:14.110 477 706 D ReflectedParamUpdater: extent() != 1 for single value type: algo.buffers.max-count.values
06-25 14:28:14.111 477 706 D ReflectedParamUpdater: extent() != 1 for single value type: output.subscribed-indices.values
06-25 14:28:14.111 477 706 D ReflectedParamUpdater: extent() != 1 for single value type: input.buffers.allocator-ids.values
06-25 14:28:14.111 477 706 D ReflectedParamUpdater: extent() != 1 for single value type: output.buffers.allocator-ids.values
06-25 14:28:14.111 477 706 D ReflectedParamUpdater: extent() != 1 for single value type: algo.buffers.allocator-ids.values
06-25 14:28:14.111 477 706 D ReflectedParamUpdater: extent() != 1 for single value type: output.buffers.pool-ids.values
06-25 14:28:14.112 477 706 D ReflectedParamUpdater: extent() != 1 for single value type: algo.buffers.pool-ids.values
06-25 14:28:14.113 477 705 D ReflectedParamUpdater: extent() != 1 for single value type: algo.buffers.max-count.values
06-25 14:28:14.113 477 705 D ReflectedParamUpdater: extent() != 1 for single value type: output.subscribed-indices.values
06-25 14:28:14.113 477 705 D ReflectedParamUpdater: extent() != 1 for single value type: input.buffers.allocator-ids.values
06-25 14:28:14.113 477 705 D ReflectedParamUpdater: extent() != 1 for single value type: output.buffers.allocator-ids.values
06-25 14:28:14.113 477 705 D ReflectedParamUpdater: extent() != 1 for single value type: algo.buffers.allocator-ids.values
06-25 14:28:14.114 477 705 D ReflectedParamUpdater: extent() != 1 for single value type: output.buffers.pool-ids.values
06-25 14:28:14.114 477 705 D ReflectedParamUpdater: extent() != 1 for single value type: algo.buffers.pool-ids.values
06-25 14:28:14.114 477 706 I CCodecConfig: query failed after returning 7 values (BAD_INDEX)
06-25 14:28:14.114 477 706 D CCodecConfig: c2 config diff is Dict {
06-25 14:28:14.114 477 706 D CCodecConfig: c2::u32 coded.bitrate.value = 64000
06-25 14:28:14.114 477 706 D CCodecConfig: c2::u32 input.buffers.max-size.value = 32768
06-25 14:28:14.114 477 706 D CCodecConfig: c2::u32 input.delay.value = 0
06-25 14:28:14.114 477 706 D CCodecConfig: string input.media-type.value = "audio/vorbis"
06-25 14:28:14.114 477 706 D CCodecConfig: string output.media-type.value = "audio/raw"
06-25 14:28:14.114 477 706 D CCodecConfig: c2::u32 raw.channel-count.value = 1
06-25 14:28:14.114 477 706 D CCodecConfig: c2::u32 raw.sample-rate.value = 48000
06-25 14:28:14.114 477 706 D CCodecConfig: }
06-25 14:28:14.116 477 705 I CCodecConfig: query failed after returning 7 values (BAD_INDEX)
06-25 14:28:14.117 477 705 D CCodecConfig: c2 config diff is Dict {
06-25 14:28:14.117 477 705 D CCodecConfig: c2::u32 coded.bitrate.value = 64000
06-25 14:28:14.117 477 705 D CCodecConfig: c2::u32 input.buffers.max-size.value = 32768
06-25 14:28:14.117 477 705 D CCodecConfig: c2::u32 input.delay.value = 0
06-25 14:28:14.117 477 705 D CCodecConfig: string input.media-type.value = "audio/vorbis"
06-25 14:28:14.117 477 705 D CCodecConfig: string output.media-type.value = "audio/raw"
06-25 14:28:14.117 477 705 D CCodecConfig: c2::u32 raw.channel-count.value = 1
06-25 14:28:14.117 477 705 D CCodecConfig: c2::u32 raw.sample-rate.value = 48000
06-25 14:28:14.117 477 705 D CCodecConfig: }
06-25 14:28:14.117 477 706 D CCodec : [c2.android.vorbis.decoder] buffers are bound to CCodec for this session
06-25 14:28:14.117 477 706 D CCodecConfig: no c2 equivalents for durationUs
06-25 14:28:14.117 477 706 D CCodecConfig: no c2 equivalents for track-id
06-25 14:28:14.117 477 706 D CCodecConfig: no c2 equivalents for csd-1
06-25 14:28:14.117 477 706 D CCodecConfig: no c2 equivalents for channel-mask
06-25 14:28:14.117 477 706 D CCodecConfig: no c2 equivalents for flags
06-25 14:28:14.118 477 705 D CCodec : [c2.android.vorbis.decoder] buffers are bound to CCodec for this session
06-25 14:28:14.118 477 705 D CCodecConfig: no c2 equivalents for durationUs
06-25 14:28:14.118 477 705 D CCodecConfig: no c2 equivalents for track-id
06-25 14:28:14.118 477 705 D CCodecConfig: no c2 equivalents for csd-1
06-25 14:28:14.118 477 705 D CCodecConfig: no c2 equivalents for channel-mask
06-25 14:28:14.119 477 706 D CCodecConfig: c2 config diff is c2::u32 raw.channel-count.value = 2
06-25 14:28:14.119 477 706 D CCodecConfig: c2::u32 raw.sample-rate.value = 44100
06-25 14:28:14.119 477 705 D CCodecConfig: no c2 equivalents for flags
06-25 14:28:14.120 477 706 W Codec2Client: query -- param skipped: index = 1107298332.
06-25 14:28:14.120 477 706 D CCodec : setup formats input: AMessage(what = 0x00000000) = {
06-25 14:28:14.120 477 706 D CCodec : int32_t bitrate = 64000
06-25 14:28:14.120 477 706 D CCodec : int32_t channel-count = 2
06-25 14:28:14.120 477 706 D CCodec : int32_t max-input-size = 32768
06-25 14:28:14.120 477 706 D CCodec : string mime = "audio/vorbis"
06-25 14:28:14.120 477 706 D CCodec : int32_t sample-rate = 44100
06-25 14:28:14.120 477 706 D CCodec : }
06-25 14:28:14.121 477 706 D CCodec : setup formats output: AMessage(what = 0x00000000) = {
06-25 14:28:14.121 477 706 D CCodec : int32_t channel-count = 2
06-25 14:28:14.121 477 706 D CCodec : string mime = "audio/raw"
06-25 14:28:14.121 477 706 D CCodec : int32_t sample-rate = 44100
06-25 14:28:14.121 477 706 D CCodec : int32_t channel-mask = 3
06-25 14:28:14.121 477 706 D CCodec : }
06-25 14:28:14.121 477 705 D CCodecConfig: c2 config diff is c2::u32 raw.channel-count.value = 2
06-25 14:28:14.121 477 705 D CCodecConfig: c2::u32 raw.sample-rate.value = 44100
06-25 14:28:14.122 477 706 I CCodecConfig: query failed after returning 7 values (BAD_INDEX)
06-25 14:28:14.123 477 705 W Codec2Client: query -- param skipped: index = 1107298332.
06-25 14:28:14.123 477 705 D CCodec : setup formats input: AMessage(what = 0x00000000) = {
06-25 14:28:14.123 477 705 D CCodec : int32_t bitrate = 64000
06-25 14:28:14.123 477 705 D CCodec : int32_t channel-count = 2
06-25 14:28:14.123 477 705 D CCodec : int32_t max-input-size = 32768
06-25 14:28:14.123 477 705 D CCodec : string mime = "audio/vorbis"
06-25 14:28:14.123 477 705 D CCodec : int32_t sample-rate = 44100
06-25 14:28:14.123 477 705 D CCodec : }
06-25 14:28:14.123 477 705 D CCodec : setup formats output: AMessage(what = 0x00000000) = {
06-25 14:28:14.123 477 705 D CCodec : int32_t channel-count = 2
06-25 14:28:14.123 477 705 D CCodec : string mime = "audio/raw"
06-25 14:28:14.123 477 705 D CCodec : int32_t sample-rate = 44100
06-25 14:28:14.123 477 705 D CCodec : int32_t channel-mask = 3
06-25 14:28:14.123 477 705 D CCodec : }
06-25 14:28:14.123 477 705 I CCodecConfig: query failed after returning 7 values (BAD_INDEX)
06-25 14:28:14.125 477 706 W Codec2Client: query -- param skipped: index = 1342179345.
06-25 14:28:14.125 477 706 W Codec2Client: query -- param skipped: index = 2415921170.
06-25 14:28:14.126 477 705 W Codec2Client: query -- param skipped: index = 1342179345.
06-25 14:28:14.126 477 705 W Codec2Client: query -- param skipped: index = 2415921170.
06-25 14:28:14.127 477 706 D C2Store : Using ION
06-25 14:28:14.128 477 705 D CCodecBufferChannel: [c2.android.vorbis.decoder#411] Created input block pool with allocatorID 16 => poolID 18 - OK (0)
06-25 14:28:14.129 477 706 D CCodecBufferChannel: [c2.android.vorbis.decoder#299] Created input block pool with allocatorID 16 => poolID 17 - OK (0)
06-25 14:28:14.129 372 829 D C2Store : Using ION
06-25 14:28:14.131 756 756 D CompatibilityChangeReporter: Compat change id reported: 147600208; UID 1073; state: ENABLED
06-25 14:28:14.133 477 705 I CCodecBufferChannel: [c2.android.vorbis.decoder#411] Created output block pool with allocatorID 16 => poolID 17 - OK
06-25 14:28:14.134 477 705 D CCodecBufferChannel: [c2.android.vorbis.decoder#411] Configured output block pool ids 17 => OK
06-25 14:28:14.135 477 705 E ion : ioctl c0044901 failed with code -1: Inappropriate ioctl for device
06-25 14:28:14.136 477 810 D CompatibilityChangeReporter: Compat change id reported: 182478738; UID 1073; state: DISABLED
06-25 14:28:14.136 477 706 I CCodecBufferChannel: [c2.android.vorbis.decoder#299] Created output block pool with allocatorID 16 => poolID 18 - OK
06-25 14:28:14.137 477 706 D CCodecBufferChannel: [c2.android.vorbis.decoder#299] Configured output block pool ids 18 => OK
01-01 08:00:19.457 425 425 I : DVI mode selected: packets not configured
01-01 08:00:19.457 425 425 I : Error: set vsif failed
06-25 14:28:14.153 372 417 E ion : ioctl c0044901 failed with code -1: Inappropriate ioctl for device
06-25 14:28:14.154 372 884 D SimpleC2Component: Using output block pool with poolID 18 => got 18 - 0
06-25 14:28:14.155 372 887 D SimpleC2Component: Using output block pool with poolID 17 => got 17 - 0
06-25 14:28:14.168 756 756 V WifiManager: registerSoftApCallback: callback=com.android.networkstack.tethering.Tethering$TetheringSoftApCallback@611835, executor=com.android.networkstack.tethering.Tethering$TetheringThreadExecutor@cb5a4ca
06-25 14:28:14.176 477 753 D ConnectivityService: requestNetwork for uid/pid:1073/756 activeRequest: null callbackRequest: 21 [NetworkRequest [ TRACK_SYSTEM_DEFAULT id=21, [ Capabilities: INTERNET&NOT_RESTRICTED&TRUSTED&NOT_VPN&NOT_VCN_MANAGED RequestorUid: 1073 RequestorPkg: com.android.networkstack.tethering] ]] callback flags: 0 priority: 2147483647
01-01 08:00:19.490 425 425 I : DVI mode selected: packets not configured
01-01 08:00:19.490 425 425 I : Error: set vsif failed
06-25 14:28:14.178 477 620 D ConnectivityService: NetReassign [no changes]
06-25 14:28:14.180 896 896 I Thread-2: type=1400 audit(0.0:355): avc: denied { execute } for name="am" dev="dm-1" ino=1160 scontext=u:r:system_app:s0 tcontext=u:object_r:vendor_file:s0 tclass=file permissive=1
06-25 14:28:14.180 896 896 I Thread-2: type=1400 audit(0.0:356): avc: denied { read open } for path="/vendor/xbin/am" dev="dm-1" ino=1160 scontext=u:r:system_app:s0 tcontext=u:object_r:vendor_file:s0 tclass=file permissive=1
06-25 14:28:14.180 896 896 I Thread-2: type=1400 audit(0.0:357): avc: denied { execute_no_trans } for path="/vendor/xbin/am" dev="dm-1" ino=1160 scontext=u:r:system_app:s0 tcontext=u:object_r:vendor_file:s0 tclass=file permissive=1
06-25 14:28:14.218 818 901 D MediaCodecList: codecHandlesFormat: no format, so no extra checks
06-25 14:28:14.223 477 753 D CompatibilityChangeReporter: Compat change id reported: 171306433; UID 1000; state: ENABLED
01-01 08:00:19.540 425 425 I : DVI mode selected: packets not configured
01-01 08:00:19.540 425 425 I : Error: set vsif failed
06-25 14:28:14.230 676 676 W SystemServiceRegistry: No service published for: fingerprint
06-25 14:28:14.246 676 676 W SystemServiceRegistry: No service published for: face
06-25 14:28:14.261 818 903 D CCodec : allocate(c2.android.vorbis.decoder)
06-25 14:28:14.265 818 903 I Codec2Client: Available Codec2 services: "software"
06-25 14:28:14.274 818 903 I CCodec : Created component [c2.android.vorbis.decoder]
06-25 14:28:14.272 658 658 I wifi@1.0-servic: type=1400 audit(0.0:358): avc: denied { search } for name="wifi" dev="mmcblk0p25" ino=54 scontext=u:r:hal_wifi_default:s0 tcontext=u:object_r:wifi_data_file:s0 tclass=dir permissive=1
01-01 08:00:19.590 348 348 I WCN : WCND at cmd read:WCN_VER:Platform Version:MARLIN3E_20A_W25.16.1~Project Version:uwe5623_marlin3E_ott~04-14-2025 17:37:38~
01-01 08:00:19.591 127 127 I WCN : switch_cp2_log - close entry!
01-01 08:00:19.592 348 348 I WCN : WCND at cmd read:OK
01-01 08:00:19.592 658 658 I WCN : then marlin download finished and run ok
06-25 14:28:14.278 322 324 D XM_HIDREAD: add@ add@/devices/platform/unisoc_wifi/wakeup/wakeup25
06-25 14:28:14.276 327 327 I xiriservice_All: type=1400 audit(0.0:359): avc: denied { read } for scontext=u:r:init:s0 tcontext=u:r:init:s0 tclass=netlink_kobject_uevent_socket permissive=1
06-25 14:28:14.279 818 903 D CCodecConfig: read media type: audio/vorbis
06-25 14:28:14.280 477 477 I Binder:477_1: type=1400 audit(0.0:360): avc: denied { read } for name="u:object_r:vendor_default_prop:s0" dev="tmpfs" ino=6376 scontext=u:r:system_server:s0 tcontext=u:object_r:vendor_default_prop:s0 tclass=file permissive=1
06-25 14:28:14.286 818 897 D MediaCodecList: codecHandlesFormat: no format, so no extra checks
06-25 14:28:14.288 477 477 I Binder:477_1: type=1400 audit(0.0:361): avc: denied { open } for path="/dev/__properties__/u:object_r:vendor_default_prop:s0" dev="tmpfs" ino=6376 scontext=u:r:system_server:s0 tcontext=u:object_r:vendor_default_prop:s0 tclass=file permissive=1
06-25 14:28:14.288 477 477 I Binder:477_1: type=1400 audit(0.0:362): avc: denied { getattr } for path="/dev/__properties__/u:object_r:vendor_default_prop:s0" dev="tmpfs" ino=6376 scontext=u:r:system_server:s0 tcontext=u:object_r:vendor_default_prop:s0 tclass=file permissive=1
06-25 14:28:14.288 477 477 I Binder:477_1: type=1400 audit(0.0:363): avc: denied { map } for path="/dev/__properties__/u:object_r:vendor_default_prop:s0" dev="tmpfs" ino=6376 scontext=u:r:system_server:s0 tcontext=u:object_r:vendor_default_prop:s0 tclass=file permissive=1
06-25 14:28:14.297 818 915 D CCodec : allocate(c2.android.vorbis.decoder)
06-25 14:28:14.298 477 527 D CompatibilityChangeReporter: Compat change id reported: 158002302; UID 1000; state: ENABLED
06-25 14:28:14.300 353 353 D incidentd: WorkDirectory::getReports
06-25 14:28:14.308 818 915 I CCodec : Created component [c2.android.vorbis.decoder]
06-25 14:28:14.310 818 915 D CCodecConfig: read media type: audio/vorbis
06-25 14:28:14.312 818 903 D ReflectedParamUpdater: extent() != 1 for single value type: algo.buffers.max-count.values
06-25 14:28:14.317 818 903 D ReflectedParamUpdater: extent() != 1 for single value type: output.subscribed-indices.values
06-25 14:28:14.318 477 525 W IorapForwardingService: No service published for: iorapd
06-25 14:28:14.319 818 903 D ReflectedParamUpdater: extent() != 1 for single value type: input.buffers.allocator-ids.values
06-25 14:28:14.319 818 903 D ReflectedParamUpdater: extent() != 1 for single value type: output.buffers.allocator-ids.values
06-25 14:28:14.319 818 903 D ReflectedParamUpdater: extent() != 1 for single value type: algo.buffers.allocator-ids.values
06-25 14:28:14.319 818 903 D ReflectedParamUpdater: extent() != 1 for single value type: output.buffers.pool-ids.values
06-25 14:28:14.319 818 903 D ReflectedParamUpdater: extent() != 1 for single value type: algo.buffers.pool-ids.values
01-01 08:00:19.630 658 658 E sprdwl : __sprdwl_cmd_getbuf cant't get vif, ctx_id: 0
06-25 14:28:14.322 187 187 I hwservicemanager: getTransport: Cannot find entry android.hardware.configstore@1.0::ISurfaceFlingerConfigs/default in either framework or device VINTF manifest.
01-01 08:00:19.643 348 348 I WCN : WCND at cmd read:3
06-25 14:28:14.331 818 903 I CCodecConfig: query failed after returning 7 values (BAD_INDEX)
06-25 14:28:14.331 818 903 D CCodecConfig: c2 config diff is Dict {
06-25 14:28:14.331 818 903 D CCodecConfig: c2::u32 coded.bitrate.value = 64000
06-25 14:28:14.331 818 903 D CCodecConfig: c2::u32 input.buffers.max-size.value = 32768
06-25 14:28:14.331 818 903 D CCodecConfig: c2::u32 input.delay.value = 0
06-25 14:28:14.331 818 903 D CCodecConfig: string input.media-type.value = "audio/vorbis"
06-25 14:28:14.331 818 903 D CCodecConfig: string output.media-type.value = "audio/raw"
06-25 14:28:14.331 818 903 D CCodecConfig: c2::u32 raw.channel-count.value = 1
06-25 14:28:14.331 818 903 D CCodecConfig: c2::u32 raw.sample-rate.value = 48000
06-25 14:28:14.331 818 903 D CCodecConfig: }
06-25 14:28:14.333 818 903 D CCodec : [c2.android.vorbis.decoder] buffers are bound to CCodec for this session
06-25 14:28:14.334 818 903 D CCodecConfig: no c2 equivalents for durationUs
06-25 14:28:14.334 818 903 D CCodecConfig: no c2 equivalents for track-id
06-25 14:28:14.334 818 903 D CCodecConfig: no c2 equivalents for csd-1
06-25 14:28:14.334 818 903 D CCodecConfig: no c2 equivalents for channel-mask
06-25 14:28:14.334 818 903 D CCodecConfig: no c2 equivalents for flags
06-25 14:28:14.332 328 328 I rainbow_flow: type=1400 audit(0.0:364): avc: denied { ioctl } for path="/dev/spidev1.0" dev="tmpfs" ino=5369 ioctlcmd=0x6b00 scontext=u:r:init:s0 tcontext=u:object_r:device:s0 tclass=chr_file permissive=1
06-25 14:28:14.339 818 903 D CCodecConfig: c2 config diff is c2::u32 coded.bitrate.value = 224000
06-25 14:28:14.339 818 903 D CCodecConfig: c2::u32 raw.channel-count.value = 2
06-25 14:28:14.342 818 903 W Codec2Client: query -- param skipped: index = 1107298332.
06-25 14:28:14.343 818 903 D CCodec : setup formats input: AMessage(what = 0x00000000) = {
06-25 14:28:14.343 818 903 D CCodec : int32_t bitrate = 224000
06-25 14:28:14.343 818 903 D CCodec : int32_t channel-count = 2
06-25 14:28:14.343 818 903 D CCodec : int32_t max-input-size = 32768
06-25 14:28:14.343 818 903 D CCodec : string mime = "audio/vorbis"
06-25 14:28:14.343 818 903 D CCodec : int32_t sample-rate = 48000
06-25 14:28:14.343 818 903 D CCodec : }
06-25 14:28:14.343 818 903 D CCodec : setup formats output: AMessage(what = 0x00000000) = {
06-25 14:28:14.343 818 903 D CCodec : int32_t channel-count = 2
06-25 14:28:14.343 818 903 D CCodec : string mime = "audio/raw"
06-25 14:28:14.343 818 903 D CCodec : int32_t sample-rate = 48000
06-25 14:28:14.343 818 903 D CCodec : int32_t channel-mask = 3
06-25 14:28:14.343 818 903 D CCodec : }
06-25 14:28:14.344 818 915 D ReflectedParamUpdater: extent() != 1 for single value type: algo.buffers.max-count.values
06-25 14:28:14.345 818 903 I CCodecConfig: query failed after returning 7 values (BAD_INDEX)
06-25 14:28:14.345 818 915 D ReflectedParamUpdater: extent() != 1 for single value type: output.subscribed-indices.values
06-25 14:28:14.346 818 915 D ReflectedParamUpdater: extent() != 1 for single value type: input.buffers.allocator-ids.values
06-25 14:28:14.346 818 915 D ReflectedParamUpdater: extent() != 1 for single value type: output.buffers.allocator-ids.values
06-25 14:28:14.346 818 915 D ReflectedParamUpdater: extent() != 1 for single value type: algo.buffers.allocator-ids.values
06-25 14:28:14.346 818 915 D ReflectedParamUpdater: extent() != 1 for single value type: output.buffers.pool-ids.values
06-25 14:28:14.346 818 915 D ReflectedParamUpdater: extent() != 1 for single value type: algo.buffers.pool-ids.values
06-25 14:28:14.348 477 809 W ActivityManager: Unable to start service Intent { cmp=com.oranth.storage/.MainService } U=0: not found
06-25 14:28:14.351 477 753 W ActivityManager: Unable to start service Intent { cmp=com.oranth.ledstatus/.LedStatusService } U=0: not found
06-25 14:28:14.351 818 915 I CCodecConfig: query failed after returning 7 values (BAD_INDEX)
06-25 14:28:14.351 818 915 D CCodecConfig: c2 config diff is Dict {
06-25 14:28:14.351 818 915 D CCodecConfig: c2::u32 coded.bitrate.value = 64000
06-25 14:28:14.351 818 915 D CCodecConfig: c2::u32 input.buffers.max-size.value = 32768
06-25 14:28:14.351 818 915 D CCodecConfig: c2::u32 input.delay.value = 0
06-25 14:28:14.351 818 915 D CCodecConfig: string input.media-type.value = "audio/vorbis"
06-25 14:28:14.351 818 915 D CCodecConfig: string output.media-type.value = "audio/raw"
06-25 14:28:14.351 818 915 D CCodecConfig: c2::u32 raw.channel-count.value = 1
06-25 14:28:14.351 818 915 D CCodecConfig: c2::u32 raw.sample-rate.value = 48000
06-25 14:28:14.351 818 915 D CCodecConfig: }
01-01 08:00:19.662 658 658 I WCN : get_board_ant_num [three_ant]
01-01 08:00:19.662 658 658 E : wifi ini path = /vendor/etc/wifi_56630001_3ant.ini
06-25 14:28:14.354 818 915 D CCodec : [c2.android.vorbis.decoder] buffers are bound to CCodec for this session
06-25 14:28:14.354 818 915 D CCodecConfig: no c2 equivalents for durationUs
06-25 14:28:14.354 818 915 D CCodecConfig: no c2 equivalents for track-id
06-25 14:28:14.354 818 915 D CCodecConfig: no c2 equivalents for csd-1
06-25 14:28:14.354 818 915 D CCodecConfig: no c2 equivalents for channel-mask
06-25 14:28:14.354 818 915 D CCodecConfig: no c2 equivalents for flags
06-25 14:28:14.355 818 903 W Codec2Client: query -- param skipped: index = 1342179345.
06-25 14:28:14.355 818 903 W Codec2Client: query -- param skipped: index = 2415921170.
06-25 14:28:14.357 818 903 D C2Store : Using ION
06-25 14:28:14.358 818 903 D CCodecBufferChannel: [c2.android.vorbis.decoder#603] Created input block pool with allocatorID 16 => poolID 17 - OK (0)
06-25 14:28:14.358 818 915 D CCodecConfig: c2 config diff is c2::u32 coded.bitrate.value = 224000
06-25 14:28:14.358 818 915 D CCodecConfig: c2::u32 raw.channel-count.value = 2
06-25 14:28:14.362 818 915 W Codec2Client: query -- param skipped: index = 1107298332.
06-25 14:28:14.362 818 915 D CCodec : setup formats input: AMessage(what = 0x00000000) = {
06-25 14:28:14.362 818 915 D CCodec : int32_t bitrate = 224000
06-25 14:28:14.362 818 915 D CCodec : int32_t channel-count = 2
06-25 14:28:14.362 818 915 D CCodec : int32_t max-input-size = 32768
06-25 14:28:14.362 818 915 D CCodec : string mime = "audio/vorbis"
06-25 14:28:14.362 818 915 D CCodec : int32_t sample-rate = 48000
06-25 14:28:14.362 818 915 D CCodec : }
06-25 14:28:14.362 818 915 D CCodec : setup formats output: AMessage(what = 0x00000000) = {
06-25 14:28:14.362 818 915 D CCodec : int32_t channel-count = 2
06-25 14:28:14.362 818 915 D CCodec : string mime = "audio/raw"
06-25 14:28:14.362 818 915 D CCodec : int32_t sample-rate = 48000
06-25 14:28:14.362 818 915 D CCodec : int32_t channel-mask = 3
06-25 14:28:14.362 818 915 D CCodec : }
01-01 08:00:19.671 658 658 E sprdwl : __sprdwl_cmd_getbuf cant't get vif, ctx_id: 0
06-25 14:28:14.362 818 915 I CCodecConfig: query failed after returning 7 values (BAD_INDEX)
06-25 14:28:14.364 818 903 I CCodecBufferChannel: [c2.android.vorbis.decoder#603] Created output block pool with allocatorID 16 => poolID 19 - OK
06-25 14:28:14.367 818 915 W Codec2Client: query -- param skipped: index = 1342179345.
06-25 14:28:14.367 818 915 W Codec2Client: query -- param skipped: index = 2415921170.
06-25 14:28:14.369 818 915 D CCodecBufferChannel: [c2.android.vorbis.decoder#939] Created input block pool with allocatorID 16 => poolID 18 - OK (0)
06-25 14:28:14.370 818 903 D CCodecBufferChannel: [c2.android.vorbis.decoder#603] Configured output block pool ids 19 => OK
06-25 14:28:14.375 818 915 I CCodecBufferChannel: [c2.android.vorbis.decoder#939] Created output block pool with allocatorID 16 => poolID 20 - OK
06-25 14:28:14.375 818 915 D CCodecBufferChannel: [c2.android.vorbis.decoder#939] Configured output block pool ids 20 => OK
06-25 14:28:14.377 818 915 E ion : ioctl c0044901 failed with code -1: Inappropriate ioctl for device
06-25 14:28:14.377 818 903 E ion : ioctl c0044901 failed with code -1: Inappropriate ioctl for device
01-01 08:00:19.684 658 658 E sprdwl : __sprdwl_cmd_getbuf cant't get vif, ctx_id: 0
01-01 08:00:19.697 887 887 E cma : cma_alloc: alloc failed, req-size: 8 pages, ret: -16
06-25 14:28:14.384 372 911 D SimpleC2Component: Using output block pool with poolID 19 => got 19 - 0
01-01 08:00:19.702 884 884 E cma : cma_alloc: alloc failed, req-size: 8 pages, ret: -16
01-01 08:00:19.709 887 887 E cma : cma_alloc: alloc failed, req-size: 8 pages, ret: -16
06-25 14:28:14.406 282 599 E HWComposer: getSupportedContentTypes: getSupportedContentTypes failed for display 0: Unsupported (8)
06-25 14:28:14.406 375 375 I update_engine: [INFO:cleanup_previous_update_action.cc(112)] Executing task 5
06-25 14:28:14.410 375 375 I update_engine: [INFO:cleanup_previous_update_action.cc(124)] CleanupPreviousUpdateAction scheduled task ID 6 for WaitBootCompleted
01-01 08:00:19.726 658 658 E sprdwl : sprdwl_get_fw_info, drv_version=1, fw_version=2, compat_ver=0
01-01 08:00:19.735 658 658 E sprdwl : chip_model:0x2355, chip_ver:0x0
01-01 08:00:19.743 658 658 E sprdwl : fw_ver:0, fw_std:0x53, fw_capa:0x120f4f
06-25 14:28:14.437 372 918 D SimpleC2Component: Using output block pool with poolID 20 => got 20 - 0
06-25 14:28:14.439 187 187 I hwservicemanager: getTransport: Cannot find entry android.hardware.graphics.mapper@4.0::IMapper/default in either framework or device VINTF manifest.
01-01 08:00:19.751 658 658 E sprdwl : mac_addr:b4:2f:03:15:e8:b9
06-25 14:28:14.442 818 932 I Gralloc4: mapper 4.x is not supported
06-25 14:28:14.443 187 187 I hwservicemanager: getTransport: Cannot find entry android.hardware.graphics.mapper@3.0::IMapper/default in either framework or device VINTF manifest.
06-25 14:28:14.444 818 932 W Gralloc3: mapper 3.x is not supported
01-01 08:00:19.758 658 658 E sprdwl : credit_capa:TX_WITH_CREDIT, extend_feature:0x1
01-01 08:00:19.767 658 658 E sprdwl : ott support:1
06-25 14:28:14.456 322 324 D XM_HIDREAD: add@ add@/devices/platform/unisoc_wifi/ieee80211/phy0
06-25 14:28:14.460 818 932 E gralloc : Arm Module v1.0
06-25 14:28:14.469 187 187 I hwservicemanager: getTransport: Cannot find entry android.hardware.graphics.allocator@4.0::IAllocator/default in either framework or device VINTF manifest.
06-25 14:28:14.469 818 932 W Gralloc4: allocator 4.x is not supported
06-25 14:28:14.471 187 187 I hwservicemanager: getTransport: Cannot find entry android.hardware.graphics.allocator@3.0::IAllocator/default in either framework or device VINTF manifest.
06-25 14:28:14.471 818 932 W Gralloc3: allocator 3.x is not supported
06-25 14:28:14.476 322 324 D XM_HIDREAD: add@ add@/devices/platform/unisoc_wifi/ieee80211/phy0/rfkill2
06-25 14:28:14.476 261 433 I gralloc : alloc buffer:W:1920 H:1080 S:1920 PL[1920 1080] SZ:8294400 fmt:1 if:0 af:1 usg:20000b00 fg:00000004
06-25 14:28:14.477 818 932 E ion : ioctl c0044901 failed with code -1: Inappropriate ioctl for device
01-01 08:00:19.782 658 658 E sprdwl : __sprdwl_cmd_getbuf cant't get vif, ctx_id: 0
06-25 14:28:14.484 261 433 I gralloc : alloc buffer:W:1920 H:1080 S:1920 PL[1920 1080] SZ:8294400 fmt:1 if:0 af:1 usg:20000b00 fg:00000004
06-25 14:28:14.493 322 324 D XM_HIDREAD: add@ add@/devices/platform/unisoc_wifi/net/wlan0
06-25 14:28:14.493 261 433 I gralloc : alloc buffer:W:1920 H:1080 S:1920 PL[1920 1080] SZ:8294400 fmt:1 if:0 af:1 usg:20000b00 fg:00000004
06-25 14:28:14.493 322 324 D XM_HIDREAD: add@ add@/devices/platform/unisoc_wifi/net/wlan0/queues/rx-0
06-25 14:28:14.493 322 324 D XM_HIDREAD: add@ add@/devices/platform/unisoc_wifi/net/wlan0/queues/tx-0
06-25 14:28:14.499 477 523 W PppoeNetworkFactory: interfaceLinkStateChanged
06-25 14:28:14.499 477 523 D PppoeNetworkFactory: updateInterface: mIface: mPhyIface:eth0 iface:wlan0 link:down
06-25 14:28:14.499 477 523 D PppoeNetworkFactory: not tracker interface
06-25 14:28:14.499 477 523 I EthernetTracker: interfaceLinkStateChanged, iface: wlan0, up: false
06-25 14:28:14.500 477 523 W PppoeNetworkFactory: interfaceAdded
06-25 14:28:14.501 322 324 D XM_HIDREAD: add@ add@/devices/platform/unisoc_wifi/net/wlan1
06-25 14:28:14.501 322 324 D XM_HIDREAD: add@ add@/devices/platform/unisoc_wifi/net/wlan1/queues/rx-0
06-25 14:28:14.501 322 324 D XM_HIDREAD: add@ add@/devices/platform/unisoc_wifi/net/wlan1/queues/tx-0
06-25 14:28:14.502 477 523 W PppoeNetworkFactory: interfaceLinkStateChanged
06-25 14:28:14.502 477 523 D PppoeNetworkFactory: updateInterface: mIface: mPhyIface:eth0 iface:wlan1 link:down
06-25 14:28:14.502 477 523 D PppoeNetworkFactory: not tracker interface
06-25 14:28:14.502 477 523 I EthernetTracker: interfaceLinkStateChanged, iface: wlan1, up: false
06-25 14:28:14.502 477 523 W PppoeNetworkFactory: interfaceAdded
06-25 14:28:14.503 267 267 I AW_PowerHAL: Power setMode: SUSTAINED_PERFORMANCE to: 0
06-25 14:28:14.503 267 267 I AW_PowerHAL: BootCompleted
06-25 14:28:14.504 477 526 I ActivityManagerTiming: FinishBooting
01-01 08:00:19.809 658 658 W unisoc_wifi wlan0: mixed HW and IP checksum settings.
01-01 08:00:19.810 658 658 W unisoc_wifi wlan1: mixed HW and IP checksum settings.
01-01 08:00:19.810 658 658 E unisoc_wifi wlan1: netif_napi_add() called with weight 128
06-25 14:28:14.505 477 753 D CompatibilityChangeReporter: Compat change id reported: 157233955; UID 10067; state: ENABLED
06-25 14:28:14.509 267 267 I AW_PowerHAL: cur-mode:SCHEDUTIL-Home
06-25 14:28:14.511 756 877 I Tethering: adding IpServer for: wlan0
06-25 14:28:14.514 658 658 D wifi_hal-auto-detect: libwifi hal name: libwifi-hal-sprd.so
06-25 14:28:14.516 322 324 D XM_HIDREAD: add@ add@/module/sprdwl_ng
06-25 14:28:14.516 269 269 I EventThread: type=1400 audit(0.0:365): avc: denied { search } for name="extcon" dev="sysfs" ino=18109 scontext=u:r:hal_tv_cec_default:s0 tcontext=u:object_r:sysfs_extcon:s0 tclass=dir permissive=1
06-25 14:28:14.520 658 658 I wifi@1.0-servic: type=1400 audit(0.0:366): avc: denied { read } for name="u:object_r:persist_vendor_debug_wifi_prop:s0" dev="tmpfs" ino=6315 scontext=u:r:hal_wifi_default:s0 tcontext=u:object_r:persist_vendor_debug_wifi_prop:s0 tclass=file permissive=1
06-25 14:28:14.520 658 658 I wifi@1.0-servic: type=1400 audit(0.0:367): avc: denied { open } for path="/dev/__properties__/u:object_r:persist_vendor_debug_wifi_prop:s0" dev="tmpfs" ino=6315 scontext=u:r:hal_wifi_default:s0 tcontext=u:object_r:persist_vendor_debug_wifi_prop:s0 tclass=file permissive=1
06-25 14:28:14.520 658 658 I wifi@1.0-servic: type=1400 audit(0.0:368): avc: denied { getattr } for path="/dev/__properties__/u:object_r:persist_vendor_debug_wifi_prop:s0" dev="tmpfs" ino=6315 scontext=u:r:hal_wifi_default:s0 tcontext=u:object_r:persist_vendor_debug_wifi_prop:s0 tclass=file permissive=1
06-25 14:28:14.520 658 658 I wifi@1.0-servic: type=1400 audit(0.0:369): avc: denied { map } for path="/dev/__properties__/u:object_r:persist_vendor_debug_wifi_prop:s0" dev="tmpfs" ino=6315 scontext=u:r:hal_wifi_default:s0 tcontext=u:object_r:persist_vendor_debug_wifi_prop:s0 tclass=file permissive=1
06-25 14:28:14.524 658 658 I android.hardware.wifi@1.0-service-lazy: Wifi HAL started
06-25 14:28:14.525 477 613 I WifiVendorHal: Vendor Hal started successfully
06-25 14:28:14.536 658 658 W android.hardware.wifi@1.0-service-lazy: No active wlan interfaces in use! Using default
06-25 14:28:14.536 658 658 E android.hardware.wifi@1.0-service-lazy: Unknown iface name: wlan0
06-25 14:28:14.536 658 658 E android.hardware.wifi@1.0-service-lazy: Unknown iface name: wlan0
06-25 14:28:14.548 658 658 I WifiHAL : Initializing wifi
06-25 14:28:14.552 658 658 E WifiHAL : wifi_get_logger_supported_feature_set: Error -5 happened.
06-25 14:28:14.553 658 658 E WifiHAL : Failed to get supported logger feature set: -5
06-25 14:28:14.553 658 658 E WifiHAL : wifi_get_firmware_version: Error -5 happened.
06-25 14:28:14.553 658 658 E WifiHAL : Failed to get supported logger feature set: -5
01-01 08:00:19.867 658 658 I ieee80211 phy0: sprdwl_vendor_get_support_feature
06-25 14:28:14.554 658 658 E WifiHAL : get_firmware_bus_max_size_supported: requestResponse Error:-3
06-25 14:28:14.554 658 658 E WifiHAL : Failed to get supported bus size, error : -3
06-25 14:28:14.554 658 658 E WifiHAL : wifi_logger_ring_buffers_init: Ring buffer logging feature not supported 0
06-25 14:28:14.554 658 658 E WifiHAL : Wifi Logger Ring Initialization Failed
06-25 14:28:14.554 658 658 E WifiHAL : wifiGetCapabilities: Failed to send request, Error:-5
06-25 14:28:14.554 658 658 E WifiHAL : Failed to get wifi Capabilities, error: -5
06-25 14:28:14.555 658 658 I android.hardware.wifi@1.0-service-lazy: Adding interface handle for wlan1
06-25 14:28:14.555 658 658 I android.hardware.wifi@1.0-service-lazy: Adding interface handle for wlan0
06-25 14:28:14.555 658 658 W android.hardware.wifi@1.0-service-lazy: No active wlan interfaces in use! Using default
06-25 14:28:14.556 658 658 W android.hardware.wifi@1.0-service-lazy: No active wlan interfaces in use! Using default
06-25 14:28:14.557 658 658 E WifiHAL : wifi_get_driver_version: Error -5 happened.
06-25 14:28:14.557 658 658 E android.hardware.wifi@1.0-service-lazy: Failed to get driver version: INVALID_ARGS
06-25 14:28:14.557 658 658 I android.hardware.wifi@1.0-service-lazy: Configured chip in mode 3
06-25 14:28:14.557 658 658 W android.hardware.wifi@1.0-service-lazy: No active wlan interfaces in use! Using default
06-25 14:28:14.558 477 613 D HalDevMgr: updateRttController: no one is interested in RTT controllers
06-25 14:28:14.559 658 658 D WifiHAL : wifi_virtual_interface_create: ifname=wlan0 create
06-25 14:28:14.560 658 658 I android.hardware.wifi@1.0-service-lazy: Adding interface handle for wlan1
06-25 14:28:14.560 658 658 I android.hardware.wifi@1.0-service-lazy: Adding interface handle for wlan0
06-25 14:28:14.560 658 658 E android.hardware.wifi@1.0-service-lazy: Failed to set DFS flag; DFS channels may be unavailable.
06-25 14:28:14.573 477 526 W KeyguardServiceDelegate: onScreenTurningOn(): no keyguard service!
06-25 14:28:14.580 477 523 W PppoeNetworkFactory: interfaceLinkStateChanged
06-25 14:28:14.582 477 523 D PppoeNetworkFactory: updateInterface: mIface: mPhyIface:eth0 iface:wlan0 link:up
06-25 14:28:14.583 477 523 D PppoeNetworkFactory: not tracker interface
06-25 14:28:14.584 477 523 I EthernetTracker: interfaceLinkStateChanged, iface: wlan0, up: true
06-25 14:28:14.585 658 658 I WifiHAL : mpdu_size_threshold : 128, aggressive_statistics_gathering : 0
06-25 14:28:14.586 658 658 E WifiHAL : wifi_set_link_stats: requestResponse Error:-5
06-25 14:28:14.599 477 613 E WifiVendorHal: enableLinkLayerStats(l.1461) failed {.code = ERROR_INVALID_ARGS, .description = }
06-25 14:28:14.601 756 877 I Tethering: adding IpServer for: wlan1
06-25 14:28:14.601 477 613 E WifiVendorHal: unable to enable link layer stats collection
06-25 14:28:14.602 477 613 D WifiNl80211Manager: Setting up interface for client mode: wlan0
06-25 14:28:14.603 364 364 I wificond: createClientInterface: wiphy_index 0 iface_name wlan0
06-25 14:28:14.607 364 364 I wificond: create scanner for interface with index: 14
06-25 14:28:14.608 364 364 I wificond: subscribe scan result for interface with index: 14
06-25 14:28:14.612 364 364 I wificond: add channel type 0 support at wiphy index: 0
06-25 14:28:14.612 364 364 I wificond: add channel type 1 support at wiphy index: 0
06-25 14:28:14.628 477 613 I WifiNative: Interface state changed on Iface:{Name=wlan0,Id=0,Type=STA_SCAN}, isUp=true
06-25 14:28:14.628 477 613 I WifiNative: Successfully setup Iface:{Name=wlan0,Id=0,Type=STA_SCAN}
06-25 14:28:14.628 477 613 E SupplicantStaIfaceHal: checkHalVersionByInterfaceName: called but mServiceManager is null
06-25 14:28:14.628 477 613 E SupplicantStaIfaceHal: checkHalVersionByInterfaceName: called but mServiceManager is null
06-25 14:28:14.628 477 613 E SupplicantStaIfaceHal: Method getKeyMgmtCapabilities is not supported in existing HAL
06-25 14:28:14.628 477 613 E SupplicantStaIfaceHal: checkHalVersionByInterfaceName: called but mServiceManager is null
06-25 14:28:14.633 658 658 E WifiHAL : wifi_get_logger_supported_feature_set: Error -5 happened.
01-01 08:00:19.949 658 658 I ieee80211 phy0: sprdwl_vendor_get_support_feature
06-25 14:28:14.635 658 658 E WifiHAL : wifi_get_logger_supported_feature_set: Error -5 happened.
01-01 08:00:19.951 658 658 I ieee80211 phy0: sprdwl_vendor_get_support_feature
06-25 14:28:14.643 658 658 E WifiHAL : wifi_get_logger_supported_feature_set: Error -5 happened.
01-01 08:00:19.959 658 658 I ieee80211 phy0: sprdwl_vendor_get_support_feature
06-25 14:28:14.648 477 613 E SupplicantStaIfaceHal: checkHalVersionByInterfaceName: called but mServiceManager is null
06-25 14:28:14.648 477 613 E SupplicantStaIfaceHal: checkHalVersionByInterfaceName: called but mServiceManager is null
06-25 14:28:14.649 477 613 I SupplicantStaIfaceHal: Method getWpaDriverFeatureSet is not supported in existing HAL
06-25 14:28:14.650 477 613 D WifiClientModeManager[wlan0]: entering StartedState
06-25 14:28:14.656 477 613 D ApConfigUtil: Update Softap capability, add client control feature support
06-25 14:28:14.656 477 613 D ApConfigUtil: Update Softap capability, add MAC customization support
06-25 14:28:14.656 477 613 D ApConfigUtil: Update Softap capability, add 2.4G support
06-25 14:28:14.656 477 613 D ApConfigUtil: Update Softap capability, max client = 16
06-25 14:28:14.657 756 936 V WifiManager: SoftApCallbackProxy: send InfoChanged, newInfo: SoftApInfo{bandwidth= 0, frequency= 0, wifiStandard= 0, mApInstanceIdentifier= null, mIdleShutdownTimeoutMillis= 0}
06-25 14:28:14.659 756 936 V WifiManager: SoftApCallbackProxy: send InfoChanged, changedInfoList: []
06-25 14:28:14.659 756 936 V WifiManager: SoftApCallbackProxy: send onConnectedClientsChanged(clients): []
06-25 14:28:14.665 477 753 I WifiService: updateInterfaceIpState uid=1073
06-25 14:28:14.682 818 903 D CCodecBufferChannel: [c2.android.vorbis.decoder#603] MediaCodec discarded an unknown buffer
06-25 14:28:14.682 818 903 D CCodecBufferChannel: [c2.android.vorbis.decoder#603] MediaCodec discarded an unknown buffer
06-25 14:28:14.685 477 613 I android_os_HwBinder: HwBinder: Starting thread pool for getting: android.hidl.manager@1.0::IServiceManager/default
06-25 14:28:14.689 477 610 W BestClock: java.time.DateTimeException: Missing NTP fix
06-25 14:28:14.690 818 915 D CCodecBufferChannel: [c2.android.vorbis.decoder#939] MediaCodec discarded an unknown buffer
06-25 14:28:14.690 818 915 D CCodecBufferChannel: [c2.android.vorbis.decoder#939] MediaCodec discarded an unknown buffer
06-25 14:28:14.691 477 613 I SupplicantStaIfaceHal: Starting supplicant using HIDL
06-25 14:28:14.692 818 903 I hw-BpHwBinder: onLastStrongRef automatically unlinking death recipients
06-25 14:28:14.693 818 915 I hw-BpHwBinder: onLastStrongRef automatically unlinking death recipients
06-25 14:28:14.693 372 829 I hw-BpHwBinder: onLastStrongRef automatically unlinking death recipients
06-25 14:28:14.700 477 753 I WifiService: updateInterfaceIpState uid=1073
