06-25 14:28:34.295 2641 2839 V UNIPLAYERSDK: PlayerSdkImpl.cpp:491 PlayerSdkImpl::invokeOperation(tag=InvokeParameter@0xf15670d4, b_enable_cube_sys_player=ParameterObj@{type-5, value-1}, b_is_debug=ParameterObj@{type-5, value-0}, i_dolby_mode=ParameterObj@{type-1, value-2}, i_screen_dpi=ParameterObj@{type-1, value-240}, i_screen_height=ParameterObj@{type-1, value-1080}, i_screen_width=ParameterObj@{type-1, value-1920}, m_escaped_params=ParameterObj@{type-7, value-{:players_capability: {"37073":-1,"135249":-1,"37065":-1,"102481":-1,"135377":-1,"33591361":1,"37201":-1,"33591489":1,"524289":-1,"102609":-1,"16814145":1,"16814273":1,"36945":-1}}, m_inittminfo=ParameterObj@{type-7, value-{:sdkinit_tm_ms: 36765}, need_upload_log=ParameterObj@{type-5, value-0}, override_onlie_config=ParameterObj@{type-5, value-1}, p_plugin_context=ParameterObj@{type-8, value-0x1bfa}, p_sdk_plugin_context=ParameterObj@{type-8, value-0x1bea}, ratePlayMaxDefinition=ParameterObj@{type-1, value-10}, ratePlayMaxDefinition4Dolby=ParameterObj@{type-1, value-10}, s_ad_hint_hide_pause=P
06-25 14:28:34.295 2641 2839 V UNIPLAYERSDK: InvokeManager.cpp:299 InvokeManager::handleSdkInvokeOperation(), InvokeType=30
06-25 14:28:34.295 2641 2839 D UNIPLAYERSDK: UserEscapedParams.cpp:124 have no use for update escaped params
06-25 14:28:34.295 2641 2839 D UNIPLAYERSDK: WhiteListManager.cpp:56 key = players_capability value = {"37073":-1,"135249":-1,"37065":-1,"102481":-1,"135377":-1,"33591361":1,"37201":-1,"33591489":1,"524289":-1,"102609":-1,"16814145":1,"16814273":1,"36945":-1}
06-25 14:28:34.295 2641 2839 D UNIPLAYERSDK: WhiteListManager.cpp:137 force to set parameter:[players_capability, {"37073":-1,"135249":-1,"37065":-1,"102481":-1,"135377":-1,"33591361":1,"37201":-1,"33591489":1,"524289":-1,"102609":-1,"16814145":1,"16814273":1,"36945":-1}]
06-25 14:28:34.295 2641 2839 I UNIPLAYERSDK: PlayerCapabilityManager.cpp:1011 PlayerCapabilityManager::updateEachPlayerCap()forced:1, : {"37073":-1,"135249":-1,"37065":-1,"102481":-1,"135377":-1,"33591361":1,"37201":-1,"33591489":1,"524289":-1,"102609":-1,"16814145":1,"16814273":1,"36945":-1}
06-25 14:28:34.296 2641 2839 I UNIPLAYERSDK: PlayerCapabilityManager.cpp:1155 noPlayerTypeKey:102480(H.265 1080P(<=) 25fps HDR10 ),value:-1
06-25 14:28:34.296 2641 2839 I UNIPLAYERSDK: PlayerCapabilityManager.cpp:1155 noPlayerTypeKey:102608(H.265 4K 25fps HDR10 ),value:-1
06-25 14:28:34.296 2641 2839 I UNIPLAYERSDK: PlayerCapabilityManager.cpp:1155 noPlayerTypeKey:135248(H.265 1080P(<=) 25fps DolbyVision ),value:-1
06-25 14:28:34.296 2641 2839 I UNIPLAYERSDK: PlayerCapabilityManager.cpp:1155 noPlayerTypeKey:135376(H.265 4K 25fps DolbyVision ),value:-1
06-25 14:28:34.296 2641 2839 I UNIPLAYERSDK: PlayerCapabilityManager.cpp:1155 noPlayerTypeKey:16814144(1080P(<=) 25fps SDR SlowSpeed),value:1
06-25 14:28:34.296 2641 2839 I UNIPLAYERSDK: PlayerCapabilityManager.cpp:1155 noPlayerTypeKey:16814272(4K 25fps SDR SlowSpeed),value:1
06-25 14:28:34.296 2641 2839 I UNIPLAYERSDK: PlayerCapabilityManager.cpp:1155 noPlayerTypeKey:33591360(1080P(<=) 25fps SDR FastSpeed),value:1
06-25 14:28:34.296 2641 2839 I UNIPLAYERSDK: PlayerCapabilityManager.cpp:1155 noPlayerTypeKey:33591488(4K 25fps SDR FastSpeed),value:1
06-25 14:28:34.296 2641 2839 I UNIPLAYERSDK: PlayerCapabilityManager.cpp:1155 noPlayerTypeKey:36944(H.265 1080P(<=) 25fps SDR ),value:-1
06-25 14:28:34.296 2641 2839 I UNIPLAYERSDK: PlayerCapabilityManager.cpp:1155 noPlayerTypeKey:37064(H.264 4K 25fps SDR ),value:-1
06-25 14:28:34.296 2641 2839 I UNIPLAYERSDK: PlayerCapabilityManager.cpp:1155 noPlayerTypeKey:37072(H.265 4K 25fps SDR ),value:-1
06-25 14:28:34.296 2641 2839 I UNIPLAYERSDK: PlayerCapabilityManager.cpp:1155 noPlayerTypeKey:37200(H.265 8K 25fps SDR ),value:-1
06-25 14:28:34.296 2641 2840 V UFUnilog: api_group_impl.cpp : 422 {fuc=APIGroupImpl:call(),name=longyuan_pb,params=0xc1aaadf4,callback=0xf43de1c0}
06-25 14:28:34.296 2641 2839 I UNIPLAYERSDK: PlayerCapabilityManager.cpp:1155 noPlayerTypeKey:524288(EAC3 ),value:-1
06-25 14:28:34.296 2641 2839 D UNIPLAYERSDK: Config.cpp:1332 ConfigManager::setPumaDebugSettings -1
06-25 14:28:34.296 2641 2840 D UFUnilog: api_group_impl.cpp : 1033 {fuc=APIGroupImpl:BuildRequest(),logtag=longyuan_pb_21,request_type=1,client_type=1}
06-25 14:28:34.296 2641 2840 D UFUnilog: UFPThread.cpp : 42 {fuc=Thread:Thread(),constructor=player_pingback-1}
06-25 14:28:34.297 2641 2840 D UNIPLAYERSDK: Pingback.cpp:222 pbFieldDetection() start: pbtype:uniplayersdkInit
06-25 14:28:34.301 2641 2839 D PlayerSDK-JNI: native_invokeParams
06-25 14:28:34.301 2641 2839 D Parameter-JNI: IInvokeParameter::createInstance 17
06-25 14:28:34.301 2641 2834 D TVUNIPLAYER: PlayerSdkImpl@e16e607 : getVersion context = com.tv.kuaisou.TV_application@5603903
06-25 14:28:34.301 2641 2839 D Parameter-JNI: setMapParams m_pingback_map, 0x61
06-25 14:28:34.301 2641 2839 D PlayerSDK-JNI: PlayerSdk::getInstance()->invokeOperation
06-25 14:28:34.301 2641 2834 D TVUNIPLAYER: PlayerSdkImpl@e16e607 : invokeParams invokeType: 17params:com.gala.sdk.player.Parameter@f6eda6
06-25 14:28:34.301 2641 2839 V UNIPLAYERSDK: PlayerSdkImpl.cpp:491 PlayerSdkImpl::invokeOperation(tag=InvokeParameter@0xf15681b4, m_pingback_map=ParameterObj@{type-7, value-{:ap_mac: 58:c7:ac:78:f0:11})
06-25 14:28:34.301 2641 2839 V UNIPLAYERSDK: InvokeManager.cpp:299 InvokeManager::handleSdkInvokeOperation(), InvokeType=17
06-25 14:28:34.302 2641 2839 D UNIPLAYERSDK: PingbackInovkeManager.cpp:33 PingbackInvokeManager::invoke invokeType=17
06-25 14:28:34.302 2641 2839 D UNIPLAYERSDK: PingbackInovkeManager.cpp:269 PingbackInvokeManager::getProfileByEventId mPbVector.size()=0
06-25 14:28:34.302 2641 2839 D PlayerSDK-JNI: native_invokeParams
06-25 14:28:34.302 2641 2839 D Parameter-JNI: IInvokeParameter::createInstance 17
06-25 14:28:34.302 2641 2839 D Parameter-JNI: setMapParams m_pingback_common_map, 0x65
06-25 14:28:34.302 2641 2839 D PlayerSDK-JNI: PlayerSdk::getInstance()->invokeOperation
06-25 14:28:34.302 2641 2839 V UNIPLAYERSDK: PlayerSdkImpl.cpp:491 PlayerSdkImpl::invokeOperation(tag=InvokeParameter@0xf15681b4, m_pingback_common_map=ParameterObj@{type-7, value-{:lch_ver: 3.14.6})
06-25 14:28:34.302 2641 2839 V UNIPLAYERSDK: InvokeManager.cpp:299 InvokeManager::handleSdkInvokeOperation(), InvokeType=17
06-25 14:28:34.302 2641 2839 D UNIPLAYERSDK: PingbackInovkeManager.cpp:33 PingbackInvokeManager::invoke invokeType=17
06-25 14:28:34.302 2641 2839 D UNIPLAYERSDK: PingbackInovkeManager.cpp:269 PingbackInvokeManager::getProfileByEventId mPbVector.size()=0
06-25 14:28:34.302 2641 2914 I UNIUTIL : ThreadImp.cpp:149 set the name of pmt(pmt) to current thread succeed, Tid: 2914
06-25 14:28:34.302 2641 2914 I UNIPLAYERSDK: PluginManager.cpp:532 PluginManager::WorkHandler::HandleMessage, what=20002, pluginId=libHyperPlayerplugin, observer=0xf1e3aa00
06-25 14:28:34.302 2641 2914 I UNIPLAYERSDK: PluginManager.cpp:160 PluginManager::doCheckExistPlugin(libHyperPlayerplugin)
06-25 14:28:34.302 2641 2914 D UNIPLAYERSDK: PluginHelper.cpp:115 [PluginHelper-libHyperPlayerplugin]PluginHelper::isUseLocalPlugin, apk Lib Path=/data/user/0/com.tv.kuaisou/files/pluginsdkplayer/2.1107.1.220408/1.1107.2.04472/pluginsdkplayer-download-1.1107.2.04472-libs/
06-25 14:28:34.302 2641 2914 I UNIPLAYERSDK: PlugInfoStore.cpp:776 PlugInfoStore::getPluginModules(libHyperPlayerplugin)
06-25 14:28:34.302 2641 2914 D UNIPLAYERSDK: PluginUtils.cpp:199 PluginUtils::isPluginModuleExisted, libPath= /data/user/0/com.tv.kuaisou/files/pluginsdkplayer/2.1107.1.220408/1.1107.2.04472/pluginsdkplayer-download-1.1107.2.04472-libs/
06-25 14:28:34.303 2641 2914 D UNIPLAYERSDK: PluginUtils.cpp:210 PluginHelper::checkModulesCompelete do not found libhyperplayer.so
06-25 14:28:34.303 2641 2914 D UNIPLAYERSDK: PluginUtils.cpp:215 PluginHelper::checkModulesCompelete : 0
06-25 14:28:34.303 2641 2914 D UNIPLAYERSDK: PluginHelper.cpp:126 [PluginHelper-libHyperPlayerplugin]PluginHelper::isUseLocalPlugin, Apktest=0, ret=0
06-25 14:28:34.303 2641 2840 V UFUnilog: api_group_impl.cpp : 422 {fuc=APIGroupImpl:call(),name=babelqos_pb,params=0xc1aaae4c,callback=0xf43df0c0}
06-25 14:28:34.303 2641 2840 D UFUnilog: api_group_impl.cpp : 1033 {fuc=APIGroupImpl:BuildRequest(),logtag=babelqos_pb_22,request_type=1,client_type=1}
06-25 14:28:34.303 2641 2840 D UFUnilog: UFPThread.cpp : 42 {fuc=Thread:Thread(),constructor=player_pingback-1}
06-25 14:28:34.303 2641 2840 D UNIPLAYERSDK: PingbackRecover.cpp:61 updatePbLocalizedSwitch false.
06-25 14:28:34.303 2641 2840 D UNIPLAYERSDK: PingbackRecover.cpp:49 recover disable by whitelist!
06-25 14:28:34.304 2641 2840 D UNIUTIL : ThreadPriorityCache.cpp:48 getTPVFromThreadName :fpct, mPriorityIdMap 19
06-25 14:28:34.304 2641 2840 D UNIPLAYERSDK: FetchPlayerConfig.cpp:1012 pcfThread->Start()
06-25 14:28:34.304 2641 2840 D UNIPLAYERSDK: FetchPlayerConfig.cpp:1014 mLooper = pcfThread->GetLooper();
06-25 14:28:34.304 2641 2840 D UNIPLAYERSDK: FetchPlayerConfig.cpp:1019 FetchPlayerConfig::initialize end
06-25 14:28:34.304 2641 2840 I UNIPLAYERSDK: PlayerSdkImpl.cpp:981 PlayerSdkImpl::doInitialize()
06-25 14:28:34.304 2641 2840 W UNIPLAYERSDK: ThreadPoolWatchDogManger.cpp:103 ThreadPoolWatchDogManger::updateWatchDogCondition(), condation is empty()
06-25 14:28:34.304 2641 2840 W UNIPLAYERSDK: ThreadPoolWatchDogManger.cpp:130 startMonitor, on-off is not open
06-25 14:28:34.304 2641 2840 D UFUnilog: api_strategy_mgr_impl.cpp : 386 {fuc=APIStrategyMgrImpl:createStrategy(),interface_msg=create,strategyname=httpdns-strategy}
06-25 14:28:34.304 2641 2840 D UNIUTIL : ThreadPriorityCache.cpp:48 getTPVFromThreadName :mip, mPriorityIdMap 19
06-25 14:28:34.304 2641 2840 V UFUnilog: api_threadpool_impl.cpp : 12 {fuc=APIThreadPoolImpl:APIThreadPoolImpl(),minPoolSize=1,maxPoolSize=1,threadidletime=60000,name=macInfo_pingback}
06-25 14:28:34.304 2641 2840 D UFUnilog: UFPThreadPoolImpl.cpp : 81 {ThreadPoolImpl::ThreadPoolImpl()}
06-25 14:28:34.305 2641 2840 V UFUnilog: api_group_impl.cpp : 717 {fuc=APIGroupImpl:createAPIItemImpl(),pItemCallback=0xc1cba8b8}
06-25 14:28:34.305 2641 2840 V UFUnilog: api_group_impl.cpp : 727 {fuc=APIGroupImpl:addItem(),name=macinfo_pb,item=0xf4377c90}
06-25 14:28:34.305 2641 2840 W UNIUTIL : System.cpp:148 GetModel
06-25 14:28:34.307 2641 2916 V UFUnilog: api_engine.cpp : 181 {fuc=APIEngine:Call(),logtag=babelqos_pb_22,interface_msg=Start Try!,try_count=0}
06-25 14:28:34.307 2641 2916 V UFUnilog: api_strategy_impl.cpp : 378 {fuc=APIStrategyImpl:CreateStrategyResult(),logtag=babelqos_pb_22,strategyname=httpdns-strategy,current_try_count=0,interface_msg=try to get ip list from dns_type = 1}
06-25 14:28:34.308 2641 2916 D UFUnilog: api_httpdns_query.cpp : 90 {fuc=APIHttpDnsQuery:GetIpListByDomainName(),interface_msg=try to get ip list by domain name msg.ptqy.gitv.tv}
06-25 14:28:34.308 2641 2916 D UFUnilog: api_httpdns_query.cpp : 113 {fuc=APIHttpDnsQuery:GetIpListByDomainName(),interface_msg=Get ip list success!,domain=msg.ptqy.gitv.tv}
06-25 14:28:34.308 2641 2916 V UFUnilog: api_strategy_impl.cpp : 485 {fuc=APIStrategyImpl:CreateStrategyResult(),logtag=babelqos_pb_22,strategyname=httpdns-strategy,interface_msg=complete build strategy result,suggest_url_params=,suggest_protocol=}
06-25 14:28:34.308 2641 2916 V UFUnilog: UFNMultiCurlClientImpl.cpp : 24 {fuc=UFNMultiCurlClientImpl:Perform(),logtag=babelqos_pb_22,interface_msg=In}
06-25 14:28:34.308 2641 2839 D PlayerSDK-JNI: native_invokeParams
06-25 14:28:34.308 2641 2839 D Parameter-JNI: IInvokeParameter::createInstance 44
06-25 14:28:34.308 2641 2839 D Parameter-JNI: setMapParams m_pingback_common_map, 0x69
06-25 14:28:34.308 2641 2834 D TVUNIPLAYER: PlayerSdkImpl@e16e607 : invokeParams invokeType: 17params:com.gala.sdk.player.Parameter@9eff3e7
06-25 14:28:34.308 2641 2839 D PlayerSDK-JNI: PlayerSdk::getInstance()->invokeOperation
06-25 14:28:34.308 2641 2834 D TVUNIPLAYER: PlayerSdkImpl@e16e607 : sendPlayerCapabilityPingBack, ret={is_h265=0, is_4kh264=0, is_daudio=0, is_4kh265=0}
06-25 14:28:34.308 2641 2839 V UNIPLAYERSDK: PlayerSdkImpl.cpp:491 PlayerSdkImpl::invokeOperation(tag=InvokeParameter@0xf1567af4, m_pingback_common_map=ParameterObj@{type-7, value-{:wifimac: 58:c7:ac:78:f0:11})
06-25 14:28:34.308 2641 2839 V UNIPLAYERSDK: InvokeManager.cpp:299 InvokeManager::handleSdkInvokeOperation(), InvokeType=44
06-25 14:28:34.308 2641 2839 D UNIPLAYERSDK: PingbackInovkeManager.cpp:33 PingbackInvokeManager::invoke invokeType=44
06-25 14:28:34.308 2641 2839 D UNIPLAYERSDK: PingbackInovkeManager.cpp:303 PingbackInvokeManager::getBabelProfileByEventId mBabelPbVector.size()=0
06-25 14:28:34.308 2641 2839 D PlayerSDK-JNI: native_invokeParams
06-25 14:28:34.308 2641 2839 D Parameter-JNI: IInvokeParameter::createInstance 17
06-25 14:28:34.309 2641 2839 D Parameter-JNI: setMapParams m_pingback_common_map, 0x61
06-25 14:28:34.309 2641 2839 D PlayerSDK-JNI: PlayerSdk::getInstance()->invokeOperation
06-25 14:28:34.309 2641 2839 V UNIPLAYERSDK: PlayerSdkImpl.cpp:491 PlayerSdkImpl::invokeOperation(tag=InvokeParameter@0xf1567af4, m_pingback_common_map=ParameterObj@{type-7, value-{:is_4kh264: 0:is_4kh265: 0:is_daudio: 0:is_h265: 0})
06-25 14:28:34.309 2641 2839 V UNIPLAYERSDK: InvokeManager.cpp:299 InvokeManager::handleSdkInvokeOperation(), InvokeType=17
06-25 14:28:34.309 2641 2839 D UNIPLAYERSDK: PingbackInovkeManager.cpp:33 PingbackInvokeManager::invoke invokeType=17
06-25 14:28:34.309 2641 2839 D UNIPLAYERSDK: PingbackInovkeManager.cpp:269 PingbackInvokeManager::getProfileByEventId mPbVector.size()=0
06-25 14:28:34.310 2641 2917 I UNIUTIL : ThreadImp.cpp:149 set the name of fpct(fpct) to current thread succeed, Tid: 2917
06-25 14:28:34.310 2641 2917 D UNIPLAYERSDK: FetchPlayerConfig.cpp:1065 int what = msg->what 100
06-25 14:28:34.310 2641 2917 D UNIPLAYERSDK: FetchPlayerConfig.cpp:1073 case sMsgCheckUpdate:
06-25 14:28:34.310 2641 2915 V UFUnilog: api_engine.cpp : 181 {fuc=APIEngine:Call(),logtag=longyuan_pb_21,interface_msg=Start Try!,try_count=0}
06-25 14:28:34.311 2641 2915 V UFUnilog: api_strategy_impl.cpp : 378 {fuc=APIStrategyImpl:CreateStrategyResult(),logtag=longyuan_pb_21,strategyname=httpdns-strategy,current_try_count=0,interface_msg=try to get ip list from dns_type = 1}
06-25 14:28:34.311 2641 2915 D UFUnilog: api_httpdns_query.cpp : 90 {fuc=APIHttpDnsQuery:GetIpListByDomainName(),interface_msg=try to get ip list by domain name msg.ptqy.gitv.tv}
06-25 14:28:34.311 2641 2915 D UFUnilog: api_httpdns_query.cpp : 113 {fuc=APIHttpDnsQuery:GetIpListByDomainName(),interface_msg=Get ip list success!,domain=msg.ptqy.gitv.tv}
06-25 14:28:34.311 2641 2915 V UFUnilog: api_strategy_impl.cpp : 485 {fuc=APIStrategyImpl:CreateStrategyResult(),logtag=longyuan_pb_21,strategyname=httpdns-strategy,interface_msg=complete build strategy result,suggest_url_params=,suggest_protocol=}
06-25 14:28:34.311 2641 2915 V UFUnilog: UFNMultiCurlClientImpl.cpp : 24 {fuc=UFNMultiCurlClientImpl:Perform(),logtag=longyuan_pb_21,interface_msg=In}
06-25 14:28:34.319 2641 2834 D TVUNIPLAYER: BitStreamConfigFileUtils : >>> start handleLocalConfig path is: null
06-25 14:28:34.320 1032 1151 W MediaProvider: Failed to update quota for uri: content://media/external_primary/file/343623
06-25 14:28:34.320 1032 1151 W MediaProvider: java.io.FileNotFoundException: No item at content://media/external_primary/file/343623
06-25 14:28:34.320 1032 1151 W MediaProvider: at com.android.providers.media.MediaProvider.queryForSingleItem(MediaProvider.java:7391)
06-25 14:28:34.320 1032 1151 W MediaProvider: at com.android.providers.media.MediaProvider.queryForDataFile(MediaProvider.java:7337)
06-25 14:28:34.320 1032 1151 W MediaProvider: at com.android.providers.media.MediaProvider.queryForDataFile(MediaProvider.java:7329)
06-25 14:28:34.320 1032 1151 W MediaProvider: at com.android.providers.media.MediaProvider.updateQuotaTypeForUri(MediaProvider.java:608)
06-25 14:28:34.320 1032 1151 W MediaProvider: at com.android.providers.media.MediaProvider.access$1000(MediaProvider.java:257)
06-25 14:28:34.320 1032 1151 W MediaProvider: at com.android.providers.media.MediaProvider$3.lambda$onUpdate$1(MediaProvider.java:695)
06-25 14:28:34.320 1032 1151 W MediaProvider: at com.android.providers.media.MediaProvider$3.$r8$lambda$ZdUE6FQqSMahblcS35StEQHJ7ww(Unknown Source:0)
06-25 14:28:34.320 1032 1151 W MediaProvider: at com.android.providers.media.MediaProvider$3$$ExternalSyntheticLambda1.run(Unknown Source:8)
06-25 14:28:34.320 1032 1151 W MediaProvider: at android.os.Handler.handleCallback(Handler.java:938)
06-25 14:28:34.320 1032 1151 W MediaProvider: at android.os.Handler.dispatchMessage(Handler.java:99)
06-25 14:28:34.320 1032 1151 W MediaProvider: at android.os.Looper.loopOnce(Looper.java:201)
06-25 14:28:34.320 1032 1151 W MediaProvider: at android.os.Looper.loop(Looper.java:288)
06-25 14:28:34.320 1032 1151 W MediaProvider: at android.os.HandlerThread.run(HandlerThread.java:67)
06-25 14:28:34.321 2641 2834 D TVUNIPLAYER: BitStreamConfigFileUtils : <<< end handleLocalConfig path is: /data/user/0/com.tv.kuaisou/files/bitStreamConfig.json
06-25 14:28:34.322 2641 2834 D TVUNIPLAYER: BitStreamConfigFileUtils : >>> start handleLocalConfig path is: null
06-25 14:28:34.323 2641 2834 D TVUNIPLAYER: BitStreamConfigFileUtils : <<< end handleLocalConfig path is: /data/user/0/com.tv.kuaisou/files/live_bitStreamConfig.json
06-25 14:28:34.324 2641 2834 D TVUNIPLAYER: BitStreamConfigFileUtils : >>> start handleLocalConfig path is: null
06-25 14:28:34.325 2641 2834 D TVUNIPLAYER: BitStreamConfigFileUtils : <<< end handleLocalConfig path is: /data/user/0/com.tv.kuaisou/files/ms_bitStreamConfig.json
06-25 14:28:34.326 2641 2834 I TVUNIPLAYER: BitStreamConfigManager : initBitStreamConfig()
06-25 14:28:34.326 2641 2834 I TVUNIPLAYER: BitStreamConfigParse@62e163d : initBitStreamConfig getEnableLevel: false, sceneType: 0
06-25 14:28:34.326 2641 2834 D TVUNIPLAYER: BitStreamConfigParse@62e163d : HandlerThread: sceneType: 0
06-25 14:28:34.330 2641 2914 I UNIPLAYERSDK: UpgradeStrategy.cpp:50 UpgradeStrategy::isSupportUpgrade() basic packmode, support upgrade
06-25 14:28:34.341 2641 2834 I SdkConfig-JNI: SdkConfig_nativeGetExtraInfo enable: http://stv.ptqy.gitv.tv/stv/20240320/28515012/0/lottie_4fc5c825171491f83d8923c43166f02d.zip
06-25 14:28:34.342 2641 2834 I TVUNIPLAYER: BitStreamConfigParse@62e163d : get SDK configBitStreamAnimationUrl: http://stv.ptqy.gitv.tv/stv/20240320/28515012/0/lottie_4fc5c825171491f83d8923c43166f02d.zip
06-25 14:28:34.342 2641 2834 D TVUNIPLAYER: BitStreamConfigParse@62e163d : updateBitStreamAnimationConfigData configUrl: http://stv.ptqy.gitv.tv/stv/20240320/28515012/0/lottie_4fc5c825171491f83d8923c43166f02d.zip
06-25 14:28:34.342 2641 2834 I TVUNIPLAYER: BitStreamConfigParse@62e163d : start fetchDynamicNetWorkData url: http://stv.ptqy.gitv.tv/stv/20240320/28515012/0/lottie_4fc5c825171491f83d8923c43166f02d.zip
06-25 14:28:34.342 2641 2834 I SdkConfig-JNI: SdkConfig_nativeGetExtraInfo enable: 1012441ef13ff000_Mi4xMTA3LjEuMjIwNDA4 B63BDF64FF37D1495B559AD9148403259FBA6B0F760F83FB851E3904A7B2305440FF315625DDC79BDBAB3C0B1379815E
06-25 14:28:34.343 2641 2834 D UNIPLAYERSDK: DataFetchManager.cpp:988 DataFetchManager::fetchNetworkData(op_anyget, http://stv.ptqy.gitv.tv/stv/20240320/28515012/0/lottie_4fc5c825171491f83d8923c43166f02d.zip, )
06-25 14:28:34.343 2641 2834 D DataFetch-JNI: nativefetchNetworkData into
06-25 14:28:34.343 2641 2834 D DataFetch-JNI: gala_player_FetchTask jFetchTask=0x15
06-25 14:28:34.343 2641 2834 D DataFetch-JNI: nativefetchNetworkData out
06-25 14:28:34.343 2641 2834 D DataFetch-JNI: nativefetchtaskcall
06-25 14:28:34.343 2641 2834 D UNIPLAYERSDK: DataFetchManager.cpp:960 APIDataFetchTask::call() mInterfaceName=op_anyget, mUrlParams=http://stv.ptqy.gitv.tv/stv/20240320/28515012/0/lottie_4fc5c825171491f83d8923c43166f02d.zip, mPostParams=
06-25 14:28:34.343 2641 2834 E UNIPLAYERSDK: CommonDomain.cpp:198 CommonDomain::checkPath error interface type=0
06-25 14:28:34.343 2641 2834 E UNIPLAYERSDK: CommonDomain.cpp:191 CommonDomain::normalizeInterfaceType error interfaceType = 0, change to type = 0
06-25 14:28:34.343 2641 2834 V UFUnilog: api_group_impl.cpp : 422 {fuc=APIGroupImpl:call(),name=op_anyget,params=0xc5cb8900,callback=0xf3072500}
06-25 14:28:34.344 2641 2834 D UFUnilog: api_group_impl.cpp : 1033 {fuc=APIGroupImpl:BuildRequest(),logtag=op_anyget_23,request_type=0,client_type=1}
06-25 14:28:34.344 2641 2834 D UFUnilog: UFPThread.cpp : 42 {fuc=Thread:Thread(),constructor=uniapi-1}
06-25 14:28:34.344 2641 2834 I TVUNIPLAYER: BitStreamConfigParse@62e163d : fetch SDK bitStreamChangeIconImageUrl
06-25 14:28:34.344 2641 2834 D TVUNIPLAYER: BitStreamConfigParse@62e163d : fetch sdk bitStreamChangeIcon Url
06-25 14:28:34.344 2641 2834 I SdkConfig-JNI: SdkConfig_nativeGetExtraInfo enable: 1012441ef13ff000_Mi4xMTA3LjEuMjIwNDA4 B63BDF64FF37D1495B559AD9148403259FBA6B0F760F83FB851E3904A7B2305440FF315625DDC79BDBAB3C0B1379815E
06-25 14:28:34.345 2641 2834 D UNIPLAYERSDK: DataFetchManager.cpp:988 DataFetchManager::fetchNetworkData(itv_imgDocs, /api/imgDocs, )
06-25 14:28:34.345 2641 2834 D DataFetch-JNI: nativefetchNetworkData into
06-25 14:28:34.345 2641 2834 D DataFetch-JNI: gala_player_FetchTask jFetchTask=0x11
06-25 14:28:34.345 2641 2834 D DataFetch-JNI: nativefetchNetworkData out
06-25 14:28:34.345 2641 2834 D DataFetch-JNI: nativefetchtaskcall
06-25 14:28:34.345 2641 2834 D UNIPLAYERSDK: DataFetchManager.cpp:960 APIDataFetchTask::call() mInterfaceName=itv_imgDocs, mUrlParams=/api/imgDocs, mPostParams=
06-25 14:28:34.345 2641 2834 V UFUnilog: api_group_impl.cpp : 422 {fuc=APIGroupImpl:call(),name=itv_imgDocs,params=0xc5cb8900,callback=0xf3072c80}
06-25 14:28:34.345 2641 2834 D UNIPLAYERSDK: Tv2Utils.cpp:99 generateRequestId, url=https://sdk.ptqy.gitv.tv/api/imgDocs
06-25 14:28:34.346 2641 2834 D UFUnilog: api_group_impl.cpp : 1033 {fuc=APIGroupImpl:BuildRequest(),logtag=itv_imgDocs_24,request_type=0,client_type=1}
06-25 14:28:34.346 2641 2834 D UFUnilog: UFPThread.cpp : 42 {fuc=Thread:Thread(),constructor=uniapi-2}
06-25 14:28:34.346 2641 2834 D TVUNIPLAYER: BitStreamConfigParse@62e163d : updateBitStreamChangeIconImageUrl configUrl:
06-25 14:28:34.346 2641 2834 I TVUNIPLAYER: BitStreamConfigParse@c943e32 : initBitStreamConfig getEnableLevel: false, sceneType: 1
06-25 14:28:34.346 2641 2834 D TVUNIPLAYER: BitStreamConfigParse@c943e32 : HandlerThread: sceneType: 1
06-25 14:28:34.353 2641 2932 V UFUnilog: api_engine.cpp : 181 {fuc=APIEngine:Call(),logtag=op_anyget_23,interface_msg=Start Try!,try_count=0}
06-25 14:28:34.354 2641 2932 D UFUnilog: api_strategy_impl.cpp : 890 {fuc=APIStrategyImpl:PickConfig(),logtag=op_anyget_23,strategyname=httpdns-strategy,interface_msg=pick prior custom dns strategy}
06-25 14:28:34.354 2641 2932 D UFUnilog: api_strategy_impl.cpp : 155 {fuc=APIStrategyImpl:JudgeStrategyOpporunity(),logtag=op_anyget_23,strategyname=httpdns-strategy,interface_msg=Ignore Domain List,domain=stv.ptqy.gitv.tv}
06-25 14:28:34.354 2641 2932 I UFUnilog: api_strategy_impl.cpp : 205 {fuc=APIStrategyImpl:JudgeStrategyOpporunity(),logtag=op_anyget_23,strategyname=httpdns-strategy,interface_msg=Use strategy because force strategy invoke when first effective try number request}
06-25 14:28:34.354 2641 2932 V UFUnilog: api_strategy_impl.cpp : 378 {fuc=APIStrategyImpl:CreateStrategyResult(),logtag=op_anyget_23,strategyname=httpdns-strategy,current_try_count=0,interface_msg=try to get ip list from dns_type = 1}
06-25 14:28:34.354 2641 2932 D UFUnilog: api_httpdns_query.cpp : 90 {fuc=APIHttpDnsQuery:GetIpListByDomainName(),interface_msg=try to get ip list by domain name stv.ptqy.gitv.tv}
06-25 14:28:34.354 2641 2932 D UFUnilog: api_httpdns_query.cpp : 113 {fuc=APIHttpDnsQuery:GetIpListByDomainName(),interface_msg=Get ip list success!,domain=stv.ptqy.gitv.tv}
06-25 14:28:34.354 2641 2932 I UFUnilog: api_strategy_impl.cpp : 414 {fuc=APIStrategyImpl:CreateStrategyResult(),logtag=op_anyget_23,strategyname=httpdns-strategy,find_ip=59.36.206.128,domain=stv.ptqy.gitv.tv,dns=1 ,http_port :-1,https_port:-1}
06-25 14:28:34.354 2641 2932 V UFUnilog: api_strategy_impl.cpp : 485 {fuc=APIStrategyImpl:CreateStrategyResult(),logtag=op_anyget_23,strategyname=httpdns-strategy,interface_msg=complete build strategy result,suggest_url_params=,suggest_protocol=}
06-25 14:28:34.354 2641 2932 I UFUnilog: api_engine.cpp : 241 {fuc=APIEngine:Call(),logtag=op_anyget_23,current_try_count=1,default_max_try_count=5}
06-25 14:28:34.354 2641 2932 V UFUnilog: UFNMultiCurlClientImpl.cpp : 24 {fuc=UFNMultiCurlClientImpl:Perform(),logtag=op_anyget_23,interface_msg=In}
06-25 14:28:34.354 2641 2932 I UFUnilog: UFNCurlClientImpl.cpp : 679 {fuc=UFNCurlClientImpl:PerformInit(),logtag=op_anyget_23,url=http://stv.ptqy.gitv.tv/stv/20240320/28515012/0/lottie_4fc5c825171491f83d8923c43166f02d.zip}
06-25 14:28:34.354 2641 2932 I UFUnilog: UFNCurlClientImpl.cpp : 782 {fuc=UFNCurlClientImpl:PerformInit(),logtag=op_anyget_23,interface_msg=connect to aim ip!,domain=stv.ptqy.gitv.tv,ip=59.36.206.128,port=-1:}
06-25 14:28:34.354 2641 2932 I UFUnilog: UFNCurlClientImpl.cpp : 827 {fuc=UFNCurlClientImpl:PerformInit(),logtag=op_anyget_23,header=Authorization:1012441ef13ff000_Mi4xMTA3LjEuMjIwNDA4 B63BDF64FF37D1495B559AD9148403259FBA6B0F760F83FB851E3904A7B2305440FF315625DDC79BDBAB3C0B1379815E
06-25 14:28:34.354 2641 2932 I UFUnilog: }
06-25 14:28:34.354 2641 2932 I UFUnilog: UFNCurlClientImpl.cpp : 937 {fuc=UFNCurlClientImpl:PerformInit(),logtag=op_anyget_23,request_type=0,verifyssl=1,allow_redirect=0,max_redirect_number=0,connect_time_out=10000ms,transfer_time_out=15000ms,user_agent=Unified-X(arm-unknown-linux-androideabi);libcurl/7.73.0.6;BoringSSL;zlib/1.2.11;Universal_Foundation/v4.0.1_656_63af7fd3;Universal_Api/v4.1_1767_8b99c7b4(14025032401000000000),ipv6_allowed=0}
06-25 14:28:34.356 2641 2931 V UFUnilog: api_engine.cpp : 181 {fuc=APIEngine:Call(),logtag=itv_imgDocs_24,interface_msg=Start Try!,try_count=0}
06-25 14:28:34.356 2641 2931 D UFUnilog: api_strategy_impl.cpp : 890 {fuc=APIStrategyImpl:PickConfig(),logtag=itv_imgDocs_24,strategyname=httpdns-strategy,interface_msg=pick prior custom dns strategy}
06-25 14:28:34.356 2641 2931 I UFUnilog: api_strategy_impl.cpp : 205 {fuc=APIStrategyImpl:JudgeStrategyOpporunity(),logtag=itv_imgDocs_24,strategyname=httpdns-strategy,interface_msg=Use strategy because force strategy invoke when first effective try number request}
06-25 14:28:34.356 2641 2931 V UFUnilog: api_strategy_impl.cpp : 378 {fuc=APIStrategyImpl:CreateStrategyResult(),logtag=itv_imgDocs_24,strategyname=httpdns-strategy,current_try_count=0,interface_msg=try to get ip list from dns_type = 1}
06-25 14:28:34.356 2641 2931 D UFUnilog: api_httpdns_query.cpp : 90 {fuc=APIHttpDnsQuery:GetIpListByDomainName(),interface_msg=try to get ip list by domain name sdk.ptqy.gitv.tv}
06-25 14:28:34.356 2641 2931 D UFUnilog: api_httpdns_query.cpp : 113 {fuc=APIHttpDnsQuery:GetIpListByDomainName(),interface_msg=Get ip list success!,domain=sdk.ptqy.gitv.tv}
06-25 14:28:34.356 2641 2931 I UFUnilog: api_strategy_impl.cpp : 414 {fuc=APIStrategyImpl:CreateStrategyResult(),logtag=itv_imgDocs_24,strategyname=httpdns-strategy,find_ip=116.211.198.157,domain=sdk.ptqy.gitv.tv,dns=1 ,http_port :-1,https_port:-1}
06-25 14:28:34.356 2641 2931 V UFUnilog: api_strategy_impl.cpp : 485 {fuc=APIStrategyImpl:CreateStrategyResult(),logtag=itv_imgDocs_24,strategyname=httpdns-strategy,interface_msg=complete build strategy result,suggest_url_params=,suggest_protocol=}
06-25 14:28:34.356 2641 2931 I UFUnilog: api_engine.cpp : 241 {fuc=APIEngine:Call(),logtag=itv_imgDocs_24,current_try_count=1,default_max_try_count=5}
06-25 14:28:34.356 2641 2931 V UFUnilog: UFNMultiCurlClientImpl.cpp : 24 {fuc=UFNMultiCurlClientImpl:Perform(),logtag=itv_imgDocs_24,interface_msg=In}
06-25 14:28:34.356 2641 2931 I UFUnilog: UFNCurlClientImpl.cpp : 679 {fuc=UFNCurlClientImpl:PerformInit(),logtag=itv_imgDocs_24,url=https://sdk.ptqy.gitv.tv/api/imgDocs}
06-25 14:28:34.357 2641 2889 V UFUnilog: UFNCurlClientHandleSocket.cpp : 128 {fuc=UFNMultiCurlClientImpl:HandleSocket(),logtag=pingback_itv_pluginUpgrade_12_20,interface_msg=MultiCurlImpl get ok!}
06-25 14:28:34.357 2641 2931 I UFUnilog: UFNCurlClientImpl.cpp : 782 {fuc=UFNCurlClientImpl:PerformInit(),logtag=itv_imgDocs_24,interface_msg=connect to aim ip!,domain=sdk.ptqy.gitv.tv,ip=116.211.198.157,port=-1:}
06-25 14:28:34.357 2641 2931 I UFUnilog: UFNCurlClientImpl.cpp : 827 {fuc=UFNCurlClientImpl:PerformInit(),logtag=itv_imgDocs_24,header=Authorization:1012441ef13ff000_Mi4xMTA3LjEuMjIwNDA4 B63BDF64FF37D1495B559AD9148403259FBA6B0F760F83FB851E3904A7B2305440FF315625DDC79BDBAB3C0B1379815E
06-25 14:28:34.357 2641 2931 I UFUnilog: Content-Type:application/json; charset=utf-8
06-25 14:28:34.357 2641 2931 I UFUnilog: Request-Id:MTc1MDgzMjkxNDM0NTIwOjAyOmZlOjE5OmMyOjBlMzUwMDA3NjIwMTVjMzQxZjk5ZTU4NmQ4ODY3MmJjZWM3YmY5ZGViNzJh
06-25 14:28:34.357 2641 2931 I UFUnilog: qyid:tv_9ebeab0821cc109c90e4626ac3a506cd_1750906610804_8810912147
06-25 14:28:34.357 2641 2931 I UFUnilog: }
06-25 14:28:34.357 2641 2931 I UFUnilog: UFNCurlClientImpl.cpp : 937 {fuc=UFNCurlClientImpl:PerformInit(),logtag=itv_imgDocs_24,request_type=0,verifyssl=1,allow_redirect=0,max_redirect_number=0,connect_time_out=10000ms,transfer_time_out=15000ms,user_agent=Unified-X(arm-unknown-linux-androideabi);libcurl/7.73.0.6;BoringSSL;zlib/1.2.11;Universal_Foundation/v4.0.1_656_63af7fd3;Universal_Api/v4.1_1767_8b99c7b4(14025032401000000000),ipv6_allowed=0}
06-25 14:28:34.357 2641 2931 V UFUnilog: UFNCurlClientHandleSocketPool.cpp : 46 {fuc=UFNMultiCurlClientHandleSocket:AddEasyHandle(),logtag=itv_imgDocs_24,interface_msg=add easyCurl to MultiCurl!}
06-25 14:28:34.357 2641 2873 V UFUnilog: UFNMultiCurlClientImpl.cpp : 102 {fuc=UFNMultiCurlClientImpl:Perform(),logtag=pingback_itv_pluginUpgrade_12_20,interface_msg=Out}
06-25 14:28:34.358 2641 2873 V UFUnilog: api_engine.cpp : 181 {fuc=APIEngine:Call(),logtag=pingback_itv_pluginUpgrade_12_20,interface_msg=Start Try!,try_count=1}
06-25 14:28:34.358 2641 2873 D UFUnilog: api_strategy_impl.cpp : 155 {fuc=APIStrategyImpl:JudgeStrategyOpporunity(),logtag=pingback_itv_pluginUpgrade_12_20,strategyname=antihijackhttps-strategy,interface_msg=Ignore Domain List,domain=msg.ptqy.gitv.tv}
06-25 14:28:34.358 2641 2873 D UFUnilog: api_pingback_sender.cpp : 33 {fuc=ApiPingbackSender:SendSync(),logtag=pingback_itv_pluginUpgrade_12,interface_msg=send success!}
06-25 14:28:34.358 2641 2873 V UFUnilog: api_pingback_sender.cpp : 46 {fuc=ApiPingbackSender:SendSync(),logtag=pingback_itv_pluginUpgrade_12,api_pingback_data=msg=[{"t":"11","pf":"3","p":"31","p1":"312","p2":"3128","hostv":"","mac":"20-02-FE-19-C2-0E","u":"tv_9ebeab0821cc109c90e4626ac3a506cd","deviceid":"tv_9ebeab0821cc109c90e4626ac3a506cd_1750906610804_8810912147","nu":"","v":"2.1107.1.220408","device_type":"20180903095708913MvpgVmPh11974","pu":"","firmver":"SP1A.211105.004","hwver":"DBBOX-A2","hu":"","window_disable":"","chip":"","mod":"cn_s","memory":"1960M","processid":"","re":"1920x1080","os":"31","core":"4","daynight":"","rammode":"","entermode":"","channel":"","network":"","cbv":"2.1107","aver":"v4.1_1767_8b99c7b4","fver":"v4.0.1_656_63af7fd3","rn":"792755017","ct":"170620_network_request","nin":"itv_pluginUpgrade","ngctc":"0","ngtpn":"unia}
06-25 14:28:34.358 2641 2873 V UFUnilog: api_pingback_sender.cpp : 46 {fuc=ApiPingbackSender:SendSync(),logtag=pingback_itv_pluginUpgrade_12,api_pingback_data=pi","ngtpit":"60000","ngmrc":"5","ngct":"10000","ngtt":"15000","ngi":"true","nrqt":"get","nhc":"200","nanc":"0","nmsg":"UFN%20Curl%20Client%20Success%21","nhdr":"Authorization%3A1012441ef13ff000_Mi4xMTA3LjEuMjIwNDA4%20B63BDF64FF37D1495B559AD9148403259FBA6B0F760F83FB851E3904A7B2305440FF315625DDC79BDBAB3C0B1379815E%7CContent-Type%3Aapplication%2Fjson%3B%20charset%3Dutf-8%7CRequest-Id%3AMTc1MDgzMjkxMzkzMTIwOjAyOmZlOjE5OmMyOjBlNjkzMzA0MzQxNzQzMjEwZjEyNTk4YjM1Njg0ZDdjMTMyYTMwZTU0MDk1%7Cqyid%3Atv_9ebeab0821cc109c90e4626ac3a506cd_1750906610804_8810912147%7C","naurl":"https%3A%2F%2Fota.ptqy.gitv.tv%2Fapi%2Fpluginupgrade%3FopVer%3D12%26chip%3D1%26platformModel%3DDBBOX-A2%26productModel%3DTVSDK%26sdkV}
06-25 14:28:34.358 2641 2873 V UFUnilog: api_pingback_sender.cpp : 46 {fuc=ApiPingbackSender:SendSync(),logtag=pingback_itv_pluginUpgrade_12,api_pingback_data=er%3D31%26mem%3D1960%26pluginKeys%3DLibPlayerPuma%253A0.0.0.0%252ClibHyperPlayerplugin%253A0.0.0.0%252ClibWasabiJni%253A0.0.0.0%252Clibbasenetplugin%253A0.0.0.0%252Clibuniplayerdata%253A0.0.0.0%26apkVer%3D1.1107.2.04472%26singleBatch%3Dtrue","neurl":"https%3A%2F%2Fota.ptqy.gitv.tv%2Fapi%2Fpluginupgrade%3FopVer%3D12%26chip%3D1%26platformModel%3DDBBOX-A2%26productModel%3DTVSDK%26sdkVer%3D31%26mem%3D1960%26pluginKeys%3DLibPlayerPuma%253A0.0.0.0%252ClibHyperPlayerplugin%253A0.0.0.0%252ClibWasabiJni%253A0.0.0.0%252Clibbasenetplugin%253A0.0.0.0%252Clibuniplayerdata%253A0.0.0.0%26apkVer%3D1.1107.2.04472%26singleBatch%3Dtrue","ntc":"1","nipd":"116.211.189.170","nipl":"192.168.3.161","ncncn":"1","ncn}
06-25 14:28:34.358 2641 2873 V UFUnilog: api_pingback_sender.cpp : 50 {fuc=ApiPingbackSender:SendSync(),logtag=pingback_itv_pluginUpgrade_12,api_pingback_data=ct":"44","nnt":"0","npt":"243","nstt":"342","nttt":"342","nrdt":"0","nrdc":"0","ncntt":"application%2Fjson%3Bcharset%3Dutf-8","nhsz":"357","nrsz":"1166","nscc":"3","nsvr":"0","nsv":"BoringSSL","ncc":"0","ntt":"346","naft":"1","ncft":"343","nuid":"12","ndt":"1","nsn":"httpdns-strategy","ndtd":"1","natd":"1","nctd":"343","nsct":"241","naippd":"NULL%3A0","naipp":"NULL%3A0","namsgd":"","namsg":"","nasil":"","nart":"1750925705203","nrd":"ota.ptqy.gitv.tv","ntp":"https","nri":"","nru":"","nrhc":"","nhcd":"200","nev":"","nipv":"4","nrw":"1","nrh":"","nct":"1","nfoc":"20000","ime":"0","nint":"0","nintd":"0","nba":"1","npa":"1","nsu":"1","nfrdt":"1","npd":"443","npr":"-1"}]}
06-25 14:28:34.373 2641 2916 V UFUnilog: UFNCurlClientHandleSocketPool.cpp : 46 {fuc=UFNMultiCurlClientHandleSocket:AddEasyHandle(),logtag=babelqos_pb_22,interface_msg=add easyCurl to MultiCurl!}
06-25 14:28:34.374 2641 2914 I UNIPLAYERSDK: PlugInfoStore.cpp:400 PlugInfoStore::Buildin::getVersion(libHyperPlayerplugin) 0.0.0.0
06-25 14:28:34.374 2641 2914 I UNIPLAYERSDK: PlugInfoStore.cpp:677 PlugInfoStore::Server::getVersion(libHyperPlayerplugin) 4.8.1702.9097
06-25 14:28:34.374 2641 2914 I UNIPLAYERSDK: PlugInfoStore.cpp:448 PlugInfoStore::Local::getVersion(libHyperPlayerplugin) 0.0.0.0
06-25 14:28:34.374 2641 2914 I UNIPLAYERSDK: PlugInfoStore.cpp:251 PlugInfoStore::Default::getVersion(libHyperPlayerplugin) version = 4.8.1702.6611
06-25 14:28:34.374 2641 2914 I UNIPLAYERSDK: PlugInfoStore.cpp:510 PlugInfoStore::Candidate::getVersion(libHyperPlayerplugin) 4.8.1702.9097
06-25 14:28:34.374 2641 2914 I UNIPLAYERSDK: UpgradeStrategy.cpp:86 UpgradeStrategy::isNeedUpgrade( libHyperPlayerplugin ) - severValid = 1, defaultVer = 4.8.1702.6611, buildinVer = 0.0.0.0, localVer = 0.0.0.0, serverVer = 4.8.1702.9097, candicateVer = 4.8.1702.9097
06-25 14:28:34.374 2641 2914 I UNIPLAYERSDK: UpgradeStrategy.cpp:153 UpgradeStrategy::isNeedUpgrade( libHyperPlayerplugin ) isNeedUpgrade = 0, useVer = no version
06-25 14:28:34.375 2641 2914 I UNIPLAYERSDK: UpgradeStrategy.cpp:203 UpgradeStrategy::getUpgradeCtx() NULL
06-25 14:28:34.375 2641 2914 I UNIPLAYERSDK: PluginManager.cpp:182 PluginManager::fillLocalPluginInfo(libHyperPlayerplugin)
06-25 14:28:34.375 2641 2914 I UNIPLAYERSDK: PlugInfoStore.cpp:454 PlugInfoStore::Local::getLocalPluginInfo(libHyperPlayerplugin)
06-25 14:28:34.375 2641 2914 I UNIPLAYERSDK: PlugInfoStore.cpp:515 PlugInfoStore::Candidate::getCandidatePluginInfo(libHyperPlayerplugin)
06-25 14:28:34.375 2641 2914 I UNIPLAYERSDK: PlugInfoStore.cpp:386 PlugInfoStore::Buildin::getBuildinPluginInfo(libHyperPlayerplugin)
06-25 14:28:34.375 2641 2914 I UNIPLAYERSDK: PlugInfoStore.cpp:472 PlugInfoStore::Local::updateLocalInfo(libHyperPlayerplugin) new version = 4.8.1702.9097
06-25 14:28:34.375 2641 2914 D UNIUTIL : System.cpp:466 saveString _plugin_version : 4.8.1702.9097
06-25 14:28:34.376 2641 2914 D UNIUTIL : System.cpp:466 saveString _plugin_dir_new : /data/user/0/com.tv.kuaisou/files/libHyperPlayerplugin/4.8.1702.9097
06-25 14:28:34.377 2641 2914 D UNIUTIL : System.cpp:466 saveString _plugin_path_new : /data/user/0/com.tv.kuaisou/files/libHyperPlayerplugin/4.8.1702.9097/libHyperPlayerplugin.zip
06-25 14:28:34.386 2641 2834 I SdkConfig-JNI: SdkConfig_nativeGetExtraInfo enable: http://stv.ptqy.gitv.tv/stv/20240320/28515012/0/lottie_4fc5c825171491f83d8923c43166f02d.zip
06-25 14:28:34.386 2641 2834 I TVUNIPLAYER: BitStreamConfigParse@c943e32 : get SDK configBitStreamAnimationUrl: http://stv.ptqy.gitv.tv/stv/20240320/28515012/0/lottie_4fc5c825171491f83d8923c43166f02d.zip
06-25 14:28:34.386 2641 2834 D TVUNIPLAYER: BitStreamConfigParse@c943e32 : updateBitStreamAnimationConfigData configUrl: http://stv.ptqy.gitv.tv/stv/20240320/28515012/0/lottie_4fc5c825171491f83d8923c43166f02d.zip
06-25 14:28:34.386 2641 2834 I TVUNIPLAYER: BitStreamConfigParse@c943e32 : start fetchDynamicNetWorkData url: http://stv.ptqy.gitv.tv/stv/20240320/28515012/0/lottie_4fc5c825171491f83d8923c43166f02d.zip
06-25 14:28:34.386 2641 2834 I SdkConfig-JNI: SdkConfig_nativeGetExtraInfo enable: 1012441ef13ff000_Mi4xMTA3LjEuMjIwNDA4 B63BDF64FF37D1495B559AD9148403259FBA6B0F760F83FB851E3904A7B2305440FF315625DDC79BDBAB3C0B1379815E
06-25 14:28:34.386 2641 2834 D UNIPLAYERSDK: DataFetchManager.cpp:988 DataFetchManager::fetchNetworkData(op_anyget, http://stv.ptqy.gitv.tv/stv/20240320/28515012/0/lottie_4fc5c825171491f83d8923c43166f02d.zip, )
06-25 14:28:34.387 2641 2834 D DataFetch-JNI: nativefetchNetworkData into
06-25 14:28:34.387 2641 2834 D DataFetch-JNI: gala_player_FetchTask jFetchTask=0x19
06-25 14:28:34.387 2641 2834 D DataFetch-JNI: nativefetchNetworkData out
06-25 14:28:34.387 2641 2834 D DataFetch-JNI: nativefetchtaskcall
06-25 14:28:34.387 2641 2834 D UNIPLAYERSDK: DataFetchManager.cpp:960 APIDataFetchTask::call() mInterfaceName=op_anyget, mUrlParams=http://stv.ptqy.gitv.tv/stv/20240320/28515012/0/lottie_4fc5c825171491f83d8923c43166f02d.zip, mPostParams=
06-25 14:28:34.387 2641 2834 E UNIPLAYERSDK: CommonDomain.cpp:198 CommonDomain::checkPath error interface type=0
06-25 14:28:34.387 2641 2834 E UNIPLAYERSDK: CommonDomain.cpp:191 CommonDomain::normalizeInterfaceType error interfaceType = 0, change to type = 0
06-25 14:28:34.387 2641 2834 V UFUnilog: api_group_impl.cpp : 422 {fuc=APIGroupImpl:call(),name=op_anyget,params=0xc5cb8900,callback=0xf43e0240}
06-25 14:28:34.387 2641 2834 D UFUnilog: api_group_impl.cpp : 1033 {fuc=APIGroupImpl:BuildRequest(),logtag=op_anyget_25,request_type=0,client_type=1}
06-25 14:28:34.387 2641 2834 I TVUNIPLAYER: BitStreamConfigParse@c943e32 : fetch SDK bitStreamChangeIconImageUrl
06-25 14:28:34.387 2641 2834 D TVUNIPLAYER: BitStreamConfigParse@c943e32 : fetch sdk bitStreamChangeIcon Url
06-25 14:28:34.387 2641 2834 I SdkConfig-JNI: SdkConfig_nativeGetExtraInfo enable: 1012441ef13ff000_Mi4xMTA3LjEuMjIwNDA4 B63BDF64FF37D1495B559AD9148403259FBA6B0F760F83FB851E3904A7B2305440FF315625DDC79BDBAB3C0B1379815E
06-25 14:28:34.388 2641 2834 D UNIPLAYERSDK: DataFetchManager.cpp:988 DataFetchManager::fetchNetworkData(itv_imgDocs, /api/imgDocs, )
06-25 14:28:34.388 2641 2834 D DataFetch-JNI: nativefetchNetworkData into
06-25 14:28:34.388 2641 2834 D DataFetch-JNI: gala_player_FetchTask jFetchTask=0x15
06-25 14:28:34.388 2641 2834 D DataFetch-JNI: nativefetchNetworkData out
06-25 14:28:34.388 2641 2834 D DataFetch-JNI: nativefetchtaskcall
06-25 14:28:34.388 2641 2834 D UNIPLAYERSDK: DataFetchManager.cpp:960 APIDataFetchTask::call() mInterfaceName=itv_imgDocs, mUrlParams=/api/imgDocs, mPostParams=
06-25 14:28:34.388 2641 2834 V UFUnilog: api_group_impl.cpp : 422 {fuc=APIGroupImpl:call(),name=itv_imgDocs,params=0xc5cb8900,callback=0xf43365c0}
06-25 14:28:34.388 2641 2834 D UNIPLAYERSDK: Tv2Utils.cpp:99 generateRequestId, url=https://sdk.ptqy.gitv.tv/api/imgDocs
06-25 14:28:34.388 2641 2834 D UFUnilog: api_group_impl.cpp : 1033 {fuc=APIGroupImpl:BuildRequest(),logtag=itv_imgDocs_26,request_type=0,client_type=1}
06-25 14:28:34.388 2641 2834 D TVUNIPLAYER: BitStreamConfigParse@c943e32 : updateBitStreamChangeIconImageUrl configUrl:
06-25 14:28:34.389 2641 2834 I TVUNIPLAYER: BitStreamConfigParse@2b6bd92 : initBitStreamConfig getEnableLevel: false, sceneType: 2
06-25 14:28:34.389 2641 2834 D TVUNIPLAYER: BitStreamConfigParse@2b6bd92 : HandlerThread: sceneType: 2
06-25 14:28:34.405 2641 2932 V UFUnilog: UFNCurlClientHandleSocketPool.cpp : 46 {fuc=UFNMultiCurlClientHandleSocket:AddEasyHandle(),logtag=op_anyget_23,interface_msg=add easyCurl to MultiCurl!}
06-25 14:28:34.410 2641 2834 I SdkConfig-JNI: SdkConfig_nativeGetExtraInfo enable: http://stv.ptqy.gitv.tv/stv/20240320/28515012/0/lottie_4fc5c825171491f83d8923c43166f02d.zip
06-25 14:28:34.410 2641 2834 I TVUNIPLAYER: BitStreamConfigParse@2b6bd92 : get SDK configBitStreamAnimationUrl: http://stv.ptqy.gitv.tv/stv/20240320/28515012/0/lottie_4fc5c825171491f83d8923c43166f02d.zip
06-25 14:28:34.410 2641 2834 D TVUNIPLAYER: BitStreamConfigParse@2b6bd92 : updateBitStreamAnimationConfigData configUrl: http://stv.ptqy.gitv.tv/stv/20240320/28515012/0/lottie_4fc5c825171491f83d8923c43166f02d.zip
06-25 14:28:34.410 2641 2834 I TVUNIPLAYER: BitStreamConfigParse@2b6bd92 : start fetchDynamicNetWorkData url: http://stv.ptqy.gitv.tv/stv/20240320/28515012/0/lottie_4fc5c825171491f83d8923c43166f02d.zip
06-25 14:28:34.410 2641 2834 I SdkConfig-JNI: SdkConfig_nativeGetExtraInfo enable: 1012441ef13ff000_Mi4xMTA3LjEuMjIwNDA4 B63BDF64FF37D1495B559AD9148403259FBA6B0F760F83FB851E3904A7B2305440FF315625DDC79BDBAB3C0B1379815E
06-25 14:28:34.411 2641 2834 D UNIPLAYERSDK: DataFetchManager.cpp:988 DataFetchManager::fetchNetworkData(op_anyget, http://stv.ptqy.gitv.tv/stv/20240320/28515012/0/lottie_4fc5c825171491f83d8923c43166f02d.zip, )
06-25 14:28:34.411 2641 2834 D DataFetch-JNI: nativefetchNetworkData into
06-25 14:28:34.411 2641 2834 D DataFetch-JNI: gala_player_FetchTask jFetchTask=0x19
06-25 14:28:34.411 2641 2834 D DataFetch-JNI: nativefetchNetworkData out
06-25 14:28:34.411 2641 2834 D DataFetch-JNI: nativefetchtaskcall
06-25 14:28:34.411 2641 2834 D UNIPLAYERSDK: DataFetchManager.cpp:960 APIDataFetchTask::call() mInterfaceName=op_anyget, mUrlParams=http://stv.ptqy.gitv.tv/stv/20240320/28515012/0/lottie_4fc5c825171491f83d8923c43166f02d.zip, mPostParams=
06-25 14:28:34.411 2641 2834 E UNIPLAYERSDK: CommonDomain.cpp:198 CommonDomain::checkPath error interface type=0
06-25 14:28:34.411 2641 2834 E UNIPLAYERSDK: CommonDomain.cpp:191 CommonDomain::normalizeInterfaceType error interfaceType = 0, change to type = 0
06-25 14:28:34.411 2641 2834 V UFUnilog: api_group_impl.cpp : 422 {fuc=APIGroupImpl:call(),name=op_anyget,params=0xc5cb8900,callback=0xf4337600}
06-25 14:28:34.411 2641 2834 D UFUnilog: api_group_impl.cpp : 1033 {fuc=APIGroupImpl:BuildRequest(),logtag=op_anyget_27,request_type=0,client_type=1}
06-25 14:28:34.411 2641 2834 I TVUNIPLAYER: BitStreamConfigParse@2b6bd92 : fetch SDK bitStreamChangeIconImageUrl
06-25 14:28:34.411 2641 2834 D TVUNIPLAYER: BitStreamConfigParse@2b6bd92 : fetch sdk bitStreamChangeIcon Url
06-25 14:28:34.411 2641 2834 I SdkConfig-JNI: SdkConfig_nativeGetExtraInfo enable: 1012441ef13ff000_Mi4xMTA3LjEuMjIwNDA4 B63BDF64FF37D1495B559AD9148403259FBA6B0F760F83FB851E3904A7B2305440FF315625DDC79BDBAB3C0B1379815E
06-25 14:28:34.412 2641 2834 D UNIPLAYERSDK: DataFetchManager.cpp:988 DataFetchManager::fetchNetworkData(itv_imgDocs, /api/imgDocs, )
06-25 14:28:34.412 2641 2834 D DataFetch-JNI: nativefetchNetworkData into
06-25 14:28:34.412 2641 2834 D DataFetch-JNI: gala_player_FetchTask jFetchTask=0x15
06-25 14:28:34.412 2641 2834 D DataFetch-JNI: nativefetchNetworkData out
06-25 14:28:34.412 2641 2834 D DataFetch-JNI: nativefetchtaskcall
06-25 14:28:34.412 2641 2834 D UNIPLAYERSDK: DataFetchManager.cpp:960 APIDataFetchTask::call() mInterfaceName=itv_imgDocs, mUrlParams=/api/imgDocs, mPostParams=
06-25 14:28:34.412 2641 2834 V UFUnilog: api_group_impl.cpp : 422 {fuc=APIGroupImpl:call(),name=itv_imgDocs,params=0xc5cb8900,callback=0xf11f9bc0}
06-25 14:28:34.412 2641 2834 D UNIPLAYERSDK: Tv2Utils.cpp:99 generateRequestId, url=https://sdk.ptqy.gitv.tv/api/imgDocs
06-25 14:28:34.412 2641 2834 D UFUnilog: api_group_impl.cpp : 1033 {fuc=APIGroupImpl:BuildRequest(),logtag=itv_imgDocs_28,request_type=0,client_type=1}
06-25 14:28:34.412 2641 2834 D TVUNIPLAYER: BitStreamConfigParse@2b6bd92 : updateBitStreamChangeIconImageUrl configUrl:
06-25 14:28:34.412 2641 2915 V UFUnilog: UFNCurlClientHandleSocketPool.cpp : 46 {fuc=UFNMultiCurlClientHandleSocket:AddEasyHandle(),logtag=longyuan_pb_21,interface_msg=add easyCurl to MultiCurl!}
06-25 14:28:34.413 2641 2834 D TVUNIPLAYER: player/ConfigProvider : getBoolean from whiteList. key:develop_mode, value : false
06-25 14:28:34.413 2641 2834 D TVUNIPLAYER: PlayerSdkImpl@e16e607 : notifySuccess(listener=d.g.a.b.f.a.c$a@67d6363)
06-25 14:28:34.413 2641 2834 D TVUNIPLAYER: SDK/ErrorCodeWrapper : getInstance
06-25 14:28:34.413 2641 2834 D TVUNIPLAYER: SDK/DiskCache : diskCache cache path: /data/user/0/com.tv.kuaisou/files
06-25 14:28:34.414 2641 2834 D TVUNIPLAYER: SDK/ErrorCodeWrapper : init mContext@com.tv.kuaisou.TV_application@5603903
06-25 14:28:34.417 2641 2641 D PlayerSDK-JNI: gala_player_UniPlayerSdk_setLogLevel
06-25 14:28:34.418 2641 2641 I UNIPLAYERSDK: PlayerSdkImpl.cpp:515 setLogLevel(1), force 0
06-25 14:28:34.418 2641 2641 D UNIPLAYERSDK: PlayerSdkImpl.cpp:535 updateLogConfig mEnableLogcat:1, mLogLevel:1
06-25 14:28:34.418 2641 2641 D UNIPLAYERSDK: PumaWrapper.cpp:454 PumaWrapper::setLogLevel() - logger=1
06-25 14:28:34.418 2641 2845 I UNIPLAYERSDK: UniPlayerDataProxy.cpp:1422 Received kMsgUpdSetEnableLogcat:
06-25 14:28:34.418 2641 2845 D UNIPLAYERSDK: UniPlayerDataProxy.cpp:1427 Process kMsgUpdSetLogLevel: targetLevel = 1, curLevel = 1, mFuncSetLogLevel=0x0
06-25 14:28:34.418 2641 2845 I UNIPLAYERSDK: UniPlayerDataProxy.cpp:1408 Received kMsgUpdSetLogLevel:
06-25 14:28:34.418 2641 2845 D UNIPLAYERSDK: UniPlayerDataProxy.cpp:1413 Process kMsgUpdSetLogLevel: targetLevel = 1, curLevel = 3, mFuncSetLogLevel=0x0
06-25 14:28:34.421 2641 2834 D TVUNIPLAYER: SDK/ErrorCodeWrapper : ---------------sendDownLoadErrorCodeMessage --------------
06-25 14:28:34.422 2641 2943 D TVUNIPLAYER: SDK/ErrorCodeWrapper : updateErrorCode ERRORCODE_JSON_URL: static.ptqy.gitv.tv/ext/tv/sdk/error_msg.json
06-25 14:28:34.422 2641 2943 I SdkConfig-JNI: SdkConfig_nativeGetExtraInfo enable:
06-25 14:28:34.422 2641 2943 W TVUNIPLAYER: SDK/ErrorCodeWrapper : getNetworkData prefix ,ERRORCODE_JSON_URL http://static.ptqy.gitv.tv/ext/tv/sdk/error_msg.json
06-25 14:28:34.424 2641 2834 D TVUNIPLAYER: PlayerSdkImpl@e16e607 : initForTvSdk()
06-25 14:28:34.425 2641 2834 D TVUNIPLAYER: DeviceFingerInitTask : evninfo=
06-25 14:28:34.425 2641 2834 I SdkConfig-JNI: SdkConfig_nativeGetExtraInfo enable:
06-25 14:28:34.425 2641 2945 D AccountManager-JNI: native_init
06-25 14:28:34.425 2641 2945 I UNIPLAYERSDK: AccountManager.cpp:139 AccountManager::AddListener()!
06-25 14:28:34.425 2641 2945 I UNIPLAYERSDK: AccountManager.cpp:154 AccountManager::mListeners.push_back()!
06-25 14:28:34.447 477 501 W ActivityManager: Slow operation: 74ms so far, now at attachApplicationLocked: after mServices.attachApplicationLocked
06-25 14:28:34.469 2900 2900 D CompatibilityChangeReporter: Compat change id reported: 171979766; UID 10013; state: DISABLED
06-25 14:28:34.477 2641 2834 I galarytv_dfp: readFingerPrintLocalCache expire
06-25 14:28:34.478 2641 2834 D TVUNIPLAYER: PlayerSdkImpl@e16e607 : initSdkPluginUpgrade
06-25 14:28:34.479 2641 2834 I SdkConfig-JNI: SdkConfig_nativeGetExtraInfo enable: 1012441ef13ff000_Mi4xMTA3LjEuMjIwNDA4 B63BDF64FF37D1495B559AD9148403259FBA6B0F760F83FB851E3904A7B2305440FF315625DDC79BDBAB3C0B1379815E
06-25 14:28:34.497 2641 2917 D UNIPLAYERSDK: FetchPlayerConfig.cpp:183 FetchPlayerConfig::readFromLocalFile, open file /data/user/0/com.tv.kuaisou/files/playerCapability.json success
06-25 14:28:34.498 477 525 W IorapForwardingService: No service published for: iorapd
06-25 14:28:34.499 2641 2953 I galarytv_dfp: requestFingerPrint: https://cook.ptqy.gitv.tv/security/dfp/sign
06-25 14:28:34.503 2641 2834 W PluginManager: setUpdateFetcher:com.gala.video.player.PlayerSdkImpl$7@f085ab7
06-25 14:28:34.504 2641 2834 W PluginManager: setDownloadListener:com.gala.video.player.PlayerSdkImpl$3@2bc9224
06-25 14:28:34.504 2641 2834 W PluginHelper: setDownloadListener:com.gala.video.player.PlayerSdkImpl$3@2bc9224
06-25 14:28:34.545 2641 2892 V UFUnilog: UFNCurlClientHandleSocket.cpp : 128 {fuc=UFNMultiCurlClientImpl:HandleSocket(),logtag=babelqos_pb_22,interface_msg=MultiCurlImpl get ok!}
06-25 14:28:34.545 2641 2892 V UFUnilog: UFNCurlClientHandleSocket.cpp : 128 {fuc=UFNMultiCurlClientImpl:HandleSocket(),logtag=longyuan_pb_21,interface_msg=MultiCurlImpl get ok!}
06-25 14:28:34.547 2641 2916 V UFUnilog: UFNMultiCurlClientImpl.cpp : 102 {fuc=UFNMultiCurlClientImpl:Perform(),logtag=babelqos_pb_22,interface_msg=Out}
06-25 14:28:34.547 2641 2916 V UFUnilog: api_engine.cpp : 181 {fuc=APIEngine:Call(),logtag=babelqos_pb_22,interface_msg=Start Try!,try_count=1}
06-25 14:28:34.547 2900 2900 D ApplicationLoaders: Returning zygote-cached class loader: /system/framework/android.test.base.jar
06-25 14:28:34.547 2900 2900 D ApplicationLoaders: Returning zygote-cached class loader: /system/framework/android.hidl.manager-V1.0-java.jar
06-25 14:28:34.547 2900 2900 D ApplicationLoaders: Returning zygote-cached class loader: /system/framework/android.hidl.base-V1.0-java.jar
