05-24 10:36:52.086 0 0 W : [2 T1044 ..] [SP FRAME RX] arp req,vif_idx:0 sender:[86:c4:12:e3:5b:28 192.168.3.161]receiver:[00:00:00:00:00:00 192.168.3.167]
05-24 10:36:52.087 0 0 W : [2 T1044 ..] [SP FRAME TX] arp rsp,vif_idx:0 sender:[1c:79:2d:20:62:97 192.168.3.167]receiver:[86:c4:12:e3:5b:28 192.168.3.161]
05-24 10:36:52.202 0 0 W : [0 T1044 ..] [SP FRAME RX] arp req,vif_idx:0 sender:[02:91:37:fc:9e:f6 192.168.3.105]receiver:[00:00:00:00:00:00 192.168.3.167]
05-24 10:36:52.203 0 0 W : [0 T1044 ..] [SP FRAME TX] arp rsp,vif_idx:0 sender:[1c:79:2d:20:62:97 192.168.3.167]receiver:[02:91:37:fc:9e:f6 192.168.3.105]
05-24 10:36:52.221 0 0 W : [1 T0 .s] [SP FRAME TX] arp req,vif_idx:0 sender:[1c:79:2d:20:62:97 192.168.3.167]receiver:[00:00:00:00:00:00 192.168.3.176]
05-24 10:36:52.222 0 0 W : [1 T0 .s] [SP FRAME TX] arp req,vif_idx:0 sender:[1c:79:2d:20:62:97 192.168.3.167]receiver:[00:00:00:00:00:00 192.168.3.161]
05-24 10:36:52.223 0 0 W : [1 T0 .s] [SP FRAME TX] arp req,vif_idx:0 sender:[1c:79:2d:20:62:97 192.168.3.167]receiver:[00:00:00:00:00:00 192.168.3.68]
05-24 10:36:52.225 0 0 W : [0 T1044 ..] [SP FRAME RX] arp rsp,vif_idx:0 sender:[16:8e:6e:17:dc:41 192.168.3.176]receiver:[1c:79:2d:20:62:97 192.168.3.167]
05-24 10:36:52.227 0 0 W : [0 T1044 ..] [SP FRAME RX] arp rsp,vif_idx:0 sender:[86:c4:12:e3:5b:28 192.168.3.161]receiver:[1c:79:2d:20:62:97 192.168.3.167]
05-24 10:36:52.228 0 0 W : [3 T1044 ..] [SP FRAME RX] arp rsp,vif_idx:0 sender:[4c:6b:b8:99:ce:34 192.168.3.68]receiver:[1c:79:2d:20:62:97 192.168.3.167]
05-24 10:37:03.443 698 698 D HDMI : [R]: 04:83
05-24 10:37:03.444 698 873 D HDMI : [S]: 4F:84:30:00:04
05-24 10:37:03.671 698 698 D HDMI : [R]: 04:8C
05-24 10:37:03.673 698 873 D HDMI : [S]: 4F:87:1C:A4:10
05-24 10:37:03.898 698 698 D HDMI : [R]: 04:46
05-24 10:37:03.898 698 873 D HDMI : [S]: 40:47
05-24 10:37:00.953 0 0 W : [1 T609 ..] [aml_cfg80211_scan 1812] n_channels:36,iftype:2
05-24 10:37:00.953 0 0 W : [1 T609 ..] [aml_cfg80211_scan 1833] abort scan,traffic busy
05-24 10:37:00.980 0 0 W : [2 T609 ..] [aml_cfg80211_scan 1812] n_channels:36,iftype:2
05-24 10:37:00.980 0 0 W : [2 T609 ..] [aml_send_scanu_req 2532] vif:0
05-24 10:37:00.980 0 0 W : [2 T609 ..] [aml_send_scanu_req 2563] len:4 ssid:DZNB
05-24 10:37:00.981 0 0 W : [2 T609 ..] >>> aml_send_msg()
05-24 10:37:00.984 0 0 W : [1 T1038 ..] ipc_sdio_host_msgack_handler 0000000074a88101
05-24 10:37:00.984 0 0 W : [1 T1038 ..] [aml_msgackind 2038] msg ack hostid=0xffffff808b1c1e00
05-24 10:37:00.985 0 0 W : [1 T1038 ..] [cmd_mgr_llind 329] cmd tkn[93] flags:0008 result: -4 cmd:4096-SCANU_START_REQ - reqcfm( 0-none)
05-24 10:37:00.986 0 0 W : [1 T1038 ..] [cmd_complete 65] cmd tkn[93] flags:0000 result: -4 cmd:4096-SCANU_START_REQ - reqcfm( 0-none)
05-24 10:37:04.433 0 0 W : [2 T1044 ..] [aml_scan_rx 1505] scanres_payload_buf overflow, flush
05-24 10:37:04.783 0 0 W : [1 T1038 ..] >>> aml_rx_scanu_start_cfm()
05-24 10:37:07.928 0 0 W : [2 T2696 ..] [SP FRAME TX] arp req,vif_idx:0 sender:[1c:79:2d:20:62:97 192.168.3.167]receiver:[00:00:00:00:00:00 192.168.3.15]
05-24 10:37:07.949 0 0 W : [2 T1044 ..] [SP FRAME RX] arp rsp,vif_idx:0 sender:[2e:6a:3b:b3:ad:e6 192.168.3.15]receiver:[1c:79:2d:20:62:97 192.168.3.167]
05-24 10:37:09.629 0 0 W : [1 T0 .s] [SP FRAME TX] arp req,vif_idx:0 sender:[1c:79:2d:20:62:97 192.168.3.167]receiver:[00:00:00:00:00:00 192.168.3.105]
05-24 10:37:09.683 0 0 W : [2 T1044 ..] [SP FRAME RX] arp rsp,vif_idx:0 sender:[02:91:37:fc:9e:f6 192.168.3.105]receiver:[1c:79:2d:20:62:97 192.168.3.167]
05-24 10:37:11.677 0 0 W : [1 T1398 .s] [SP FRAME TX] arp req,vif_idx:0 sender:[1c:79:2d:20:62:97 192.168.3.167]receiver:[00:00:00:00:00:00 192.168.3.19]
05-24 10:37:11.706 0 0 W : [2 T1044 ..] [SP FRAME RX] arp rsp,vif_idx:0 sender:[02:18:5d:1c:ad:fa 192.168.3.19]receiver:[1c:79:2d:20:62:97 192.168.3.167]
05-24 10:37:11.875 0 0 W : [2 T1044 ..] [SP FRAME RX] arp req,vif_idx:0 sender:[02:18:5d:1c:ad:fa 192.168.3.19]receiver:[00:00:00:00:00:00 192.168.3.167]
05-24 10:37:11.876 0 0 W : [2 T1044 ..] [SP FRAME TX] arp rsp,vif_idx:0 sender:[1c:79:2d:20:62:97 192.168.3.167]receiver:[02:18:5d:1c:ad:fa 192.168.3.19]
05-24 10:37:21.909 1398 1633 W ContextImpl: Calling a method in the system process without a qualified user: android.app.ContextImpl.sendBroadcast:1220 android.content.ContextWrapper.sendBroadcast:504 com.dangbei.etna.setting.core.SettingHelper.sendCycleToProjector:247 com.dangbei.etna.setting.core.SettingHelper.sendCycleCheckBroadcast:216 com.dangbei.etna.setting.core.SettingHelper.startLoop$lambda-0:174
05-24 10:37:21.912 1398 1633 W ContextImpl: Calling a method in the system process without a qualified user: android.app.ContextImpl.sendBroadcast:1220 android.content.ContextWrapper.sendBroadcast:504 com.dangbei.etna.setting.core.SettingHelper.sendCycleToVoice:232 com.dangbei.etna.setting.core.SettingHelper.sendCycleCheckBroadcast:217 com.dangbei.etna.setting.core.SettingHelper.startLoop$lambda-0:174
05-24 10:37:17.290 0 0 W : [0 T1044 ..] [SP FRAME RX] arp req,vif_idx:0 sender:[a6:8b:d2:cd:fe:9a 192.168.3.162]receiver:[00:00:00:00:00:00 192.168.3.167]
05-24 10:37:17.291 0 0 W : [0 T1044 ..] [SP FRAME TX] arp rsp,vif_idx:0 sender:[1c:79:2d:20:62:97 192.168.3.167]receiver:[a6:8b:d2:cd:fe:9a 192.168.3.162]
05-24 10:37:17.309 0 0 W : [3 T0 .s] [SP FRAME TX] arp req,vif_idx:0 sender:[1c:79:2d:20:62:97 192.168.3.167]receiver:[00:00:00:00:00:00 192.168.3.162]
05-24 10:37:17.316 0 0 W : [0 T1044 ..] [SP FRAME RX] arp rsp,vif_idx:0 sender:[a6:8b:d2:cd:fe:9a 192.168.3.162]receiver:[1c:79:2d:20:62:97 192.168.3.167]
05-24 10:37:17.507 0 0 W : [0 T1044 ..] [SP FRAME RX] arp req,vif_idx:0 sender:[4a:2e:8f:95:e9:0d 192.168.3.107]receiver:[00:00:00:00:00:00 192.168.3.167]
05-24 10:37:17.508 0 0 W : [0 T1044 ..] [SP FRAME TX] arp rsp,vif_idx:0 sender:[1c:79:2d:20:62:97 192.168.3.167]receiver:[4a:2e:8f:95:e9:0d 192.168.3.107]
05-24 10:37:17.565 0 0 W : [2 T0 .s] [SP FRAME TX] arp req,vif_idx:0 sender:[1c:79:2d:20:62:97 192.168.3.167]receiver:[00:00:00:00:00:00 192.168.3.118]
05-24 10:37:17.566 0 0 W : [2 T0 .s] [SP FRAME TX] arp req,vif_idx:0 sender:[1c:79:2d:20:62:97 192.168.3.167]receiver:[00:00:00:00:00:00 192.168.3.107]
05-24 10:37:17.576 0 0 W : [0 T1044 ..] [SP FRAME RX] arp rsp,vif_idx:0 sender:[3a:fd:3d:ee:5f:54 192.168.3.118]receiver:[1c:79:2d:20:62:97 192.168.3.167]
05-24 10:37:17.577 0 0 W : [0 T1044 ..] [SP FRAME RX] arp rsp,vif_idx:0 sender:[4a:2e:8f:95:e9:0d 192.168.3.107]receiver:[1c:79:2d:20:62:97 192.168.3.167]
05-24 10:37:17.585 0 0 W : [0 T1044 ..] [SP FRAME RX] arp req,vif_idx:0 sender:[3a:fd:3d:ee:5f:54 192.168.3.118]receiver:[00:00:00:00:00:00 192.168.3.167]
05-24 10:37:17.586 0 0 W : [0 T1044 ..] [SP FRAME TX] arp rsp,vif_idx:0 sender:[1c:79:2d:20:62:97 192.168.3.167]receiver:[3a:fd:3d:ee:5f:54 192.168.3.118]
05-24 10:37:18.668 0 0 W : [2 T1044 ..] [SP FRAME RX] arp req,vif_idx:0 sender:[b4:2f:03:15:e9:0b 192.168.3.11]receiver:[00:00:00:00:00:00 192.168.3.167]
05-24 10:37:18.669 0 0 W : [2 T1044 ..] [SP FRAME TX] arp rsp,vif_idx:0 sender:[1c:79:2d:20:62:97 192.168.3.167]receiver:[b4:2f:03:15:e9:0b 192.168.3.11]
05-24 10:37:18.845 0 0 W : [0 T293 .s] [SP FRAME TX] arp req,vif_idx:0 sender:[1c:79:2d:20:62:97 192.168.3.167]receiver:[00:00:00:00:00:00 192.168.3.11]
05-24 10:37:18.846 0 0 W : [0 T293 .s] [SP FRAME TX] arp req,vif_idx:0 sender:[1c:79:2d:20:62:97 192.168.3.167]receiver:[00:00:00:00:00:00 192.168.3.226]
05-24 10:37:18.849 0 0 W : [2 T1044 ..] [SP FRAME RX] arp rsp,vif_idx:0 sender:[b4:2f:03:15:e9:0b 192.168.3.11]receiver:[1c:79:2d:20:62:97 192.168.3.167]
05-24 10:37:18.855 0 0 W : [2 T1044 ..] [SP FRAME RX] arp rsp,vif_idx:0 sender:[42:87:91:b7:6d:20 192.168.3.226]receiver:[1c:79:2d:20:62:97 192.168.3.167]
05-24 10:37:18.945 0 0 W : [2 T1044 ..] [SP FRAME RX] arp req,vif_idx:0 sender:[42:87:91:b7:6d:20 192.168.3.226]receiver:[00:00:00:00:00:00 192.168.3.167]
05-24 10:37:18.946 0 0 W : [2 T1044 ..] [SP FRAME TX] arp rsp,vif_idx:0 sender:[1c:79:2d:20:62:97 192.168.3.167]receiver:[42:87:91:b7:6d:20 192.168.3.226]
05-24 10:37:22.429 0 0 W : [0 T0 .s] [SP FRAME TX] arp req,vif_idx:0 sender:[1c:79:2d:20:62:97 192.168.3.167]receiver:[00:00:00:00:00:00 192.168.3.151]
05-24 10:37:22.527 0 0 W : [2 T1044 ..] [SP FRAME RX] arp req,vif_idx:0 sender:[4e:df:ee:48:4b:63 192.168.3.151]receiver:[00:00:00:00:00:00 192.168.3.167]
05-24 10:37:22.528 0 0 W : [2 T1044 ..] [SP FRAME TX] arp rsp,vif_idx:0 sender:[1c:79:2d:20:62:97 192.168.3.167]receiver:[4e:df:ee:48:4b:63 192.168.3.151]
05-24 10:37:22.546 0 0 W : [2 T1044 ..] [SP FRAME RX] arp rsp,vif_idx:0 sender:[4e:df:ee:48:4b:63 192.168.3.151]receiver:[1c:79:2d:20:62:97 192.168.3.167]
05-24 10:37:24.064 0 0 W : [0 T1044 ..] [SP FRAME RX] arp req,vif_idx:0 sender:[4c:6b:b8:99:ce:34 192.168.3.68]receiver:[00:00:00:00:00:00 192.168.3.167]
05-24 10:37:24.065 0 0 W : [0 T1044 ..] [SP FRAME TX] arp rsp,vif_idx:0 sender:[1c:79:2d:20:62:97 192.168.3.167]receiver:[4c:6b:b8:99:ce:34 192.168.3.68]
05-24 10:37:24.069 0 0 W : [0 T1044 ..] [SP FRAME RX] arp req,vif_idx:0 sender:[16:8e:6e:17:dc:41 192.168.3.176]receiver:[00:00:00:00:00:00 192.168.3.167]
05-24 10:37:24.070 0 0 W : [0 T1044 ..] [SP FRAME TX] arp rsp,vif_idx:0 sender:[1c:79:2d:20:62:97 192.168.3.167]receiver:[16:8e:6e:17:dc:41 192.168.3.176]
05-24 10:37:24.088 0 0 W : [2 T1044 ..] [SP FRAME RX] arp req,vif_idx:0 sender:[86:c4:12:e3:5b:28 192.168.3.161]receiver:[00:00:00:00:00:00 192.168.3.167]
05-24 10:37:24.089 0 0 W : [2 T1044 ..] [SP FRAME TX] arp rsp,vif_idx:0 sender:[1c:79:2d:20:62:97 192.168.3.167]receiver:[86:c4:12:e3:5b:28 192.168.3.161]
05-24 10:37:24.207 0 0 W : [2 T1044 ..] [SP FRAME RX] arp req,vif_idx:0 sender:[02:91:37:fc:9e:f6 192.168.3.105]receiver:[00:00:00:00:00:00 192.168.3.167]
05-24 10:37:24.208 0 0 W : [2 T1044 ..] [SP FRAME TX] arp rsp,vif_idx:0 sender:[1c:79:2d:20:62:97 192.168.3.167]receiver:[02:91:37:fc:9e:f6 192.168.3.105]
05-24 10:37:24.221 0 0 W : [1 T293 .s] [SP FRAME TX] arp req,vif_idx:0 sender:[1c:79:2d:20:62:97 192.168.3.167]receiver:[00:00:00:00:00:00 192.168.3.176]
05-24 10:37:24.222 0 0 W : [1 T293 .s] [SP FRAME TX] arp req,vif_idx:0 sender:[1c:79:2d:20:62:97 192.168.3.167]receiver:[00:00:00:00:00:00 192.168.3.161]
05-24 10:37:24.223 0 0 W : [1 T293 .s] [SP FRAME TX] arp req,vif_idx:0 sender:[1c:79:2d:20:62:97 192.168.3.167]receiver:[00:00:00:00:00:00 192.168.3.68]
05-24 10:37:24.225 0 0 W : [1 T293 .s] [SP FRAME TX] arp req,vif_idx:0 sender:[1c:79:2d:20:62:97 192.168.3.167]receiver:[00:00:00:00:00:00 192.168.3.15]
05-24 10:37:24.250 0 0 W : [3 T1044 ..] [SP FRAME RX] arp rsp,vif_idx:0 sender:[16:8e:6e:17:dc:41 192.168.3.176]receiver:[1c:79:2d:20:62:97 192.168.3.167]
05-24 10:37:24.251 0 0 W : [1 T1044 ..] [SP FRAME RX] arp rsp,vif_idx:0 sender:[86:c4:12:e3:5b:28 192.168.3.161]receiver:[1c:79:2d:20:62:97 192.168.3.167]
05-24 10:37:24.253 0 0 W : [1 T1044 ..] [SP FRAME RX] arp rsp,vif_idx:0 sender:[4c:6b:b8:99:ce:34 192.168.3.68]receiver:[1c:79:2d:20:62:97 192.168.3.167]
05-24 10:37:24.267 0 0 W : [1 T1044 ..] [SP FRAME RX] arp rsp,vif_idx:0 sender:[2e:6a:3b:b3:ad:e6 192.168.3.15]receiver:[1c:79:2d:20:62:97 192.168.3.167]
05-24 10:37:34.498 698 698 D HDMI : [R]: 04:83
05-24 10:37:34.500 698 873 D HDMI : [S]: 4F:84:30:00:04
05-24 10:37:34.730 698 698 D HDMI : [R]: 04:8C
05-24 10:37:34.732 698 873 D HDMI : [S]: 4F:87:1C:A4:10
05-24 10:37:34.958 698 698 D HDMI : [R]: 04:46
05-24 10:37:34.959 698 873 D HDMI : [S]: 40:47
05-24 10:37:40.044 698 698 V HotPlugDetectionAction: Poll all devices.
05-24 10:37:40.445 698 698 D HdmiCecController: [P]:AllocatedAddress=[0]
05-24 10:37:34.912 0 0 W : [1 T609 ..] [aml_cfg80211_scan 1812] n_channels:36,iftype:2
05-24 10:37:34.912 0 0 W : [1 T609 ..] [aml_cfg80211_scan 1833] abort scan,traffic busy
05-24 10:37:34.935 0 0 W : [1 T609 ..] [aml_cfg80211_scan 1812] n_channels:36,iftype:2
05-24 10:37:34.935 0 0 W : [1 T609 ..] [aml_send_scanu_req 2532] vif:0
05-24 10:37:34.935 0 0 W : [1 T609 ..] [aml_send_scanu_req 2563] len:4 ssid:DZNB
05-24 10:37:34.936 0 0 W : [1 T609 ..] >>> aml_send_msg()
05-24 10:37:34.938 0 0 W : [3 T1038 ..] ipc_sdio_host_msgack_handler 0000000087a1bbc5
05-24 10:37:34.938 0 0 W : [3 T1038 ..] [aml_msgackind 2038] msg ack hostid=0xffffff808dbb7180
05-24 10:37:34.939 0 0 W : [3 T1038 ..] [cmd_mgr_llind 329] cmd tkn[94] flags:0008 result: -4 cmd:4096-SCANU_START_REQ - reqcfm( 0-none)
05-24 10:37:34.941 0 0 W : [3 T1038 ..] [cmd_complete 65] cmd tkn[94] flags:0000 result: -4 cmd:4096-SCANU_START_REQ - reqcfm( 0-none)
05-24 10:37:36.131 0 0 W : [1 T1044 ..] [aml_scan_rx 1505] scanres_payload_buf overflow, flush
05-24 10:37:37.833 0 0 W : [3 T1038 ..] traffic idle!!
05-24 10:37:38.753 0 0 W : [3 T1038 ..] >>> aml_rx_scanu_start_cfm()
05-24 10:37:41.885 0 0 W : [1 T0 .s] [SP FRAME TX] arp req,vif_idx:0 sender:[1c:79:2d:20:62:97 192.168.3.167]receiver:[00:00:00:00:00:00 192.168.3.105]
05-24 10:37:41.945 0 0 W : [3 T1044 ..] [SP FRAME RX] arp rsp,vif_idx:0 sender:[02:91:37:fc:9e:f6 192.168.3.105]receiver:[1c:79:2d:20:62:97 192.168.3.167]
05-24 10:37:43.677 0 0 W : [3 T4677 ..] [aml_send_sync_trace 4388] sync token[54499]
05-24 10:37:43.677 0 0 W : [3 T4677 ..] >>> aml_send_msg()
05-24 10:37:43.678 0 0 W : [2 T1038 ..] ipc_sdio_host_msgack_handler 00000000f05fe0b2
05-24 10:37:43.678 0 0 W : [2 T1038 ..] [aml_msgackind 2038] msg ack hostid=0xffffff807f587f00
05-24 10:37:43.679 0 0 W : [2 T1038 ..] [cmd_mgr_llind 329] cmd tkn[95] flags:0008 result: -4 cmd: 105-MM_SYNC_TRACE - reqcfm( 0-none)
05-24 10:37:43.681 0 0 W : [2 T1038 ..] [cmd_complete 65] cmd tkn[95] flags:0000 result: -4 cmd: 105-MM_SYNC_TRACE - reqcfm( 0-none)
05-24 10:37:43.871 0 0 W : [1 T1044 ..] [SP FRAME RX] arp req,vif_idx:0 sender:[02:18:5d:1c:ad:fa 192.168.3.19]receiver:[00:00:00:00:00:00 192.168.3.167]
05-24 10:37:43.872 0 0 W : [1 T1044 ..] [SP FRAME TX] arp rsp,vif_idx:0 sender:[1c:79:2d:20:62:97 192.168.3.167]receiver:[02:18:5d:1c:ad:fa 192.168.3.19]
05-24 10:37:43.933 0 0 W : [1 T0 .s] [SP FRAME TX] arp req,vif_idx:0 sender:[1c:79:2d:20:62:97 192.168.3.167]receiver:[00:00:00:00:00:00 192.168.3.19]
05-24 10:37:43.937 0 0 W : [1 T1044 ..] [SP FRAME RX] arp rsp,vif_idx:0 sender:[02:18:5d:1c:ad:fa 192.168.3.19]receiver:[1c:79:2d:20:62:97 192.168.3.167]
05-24 10:37:44.866 0 0 W : [2 T1044 ..] [SP FRAME RX] arp req,vif_idx:0 sender:[2e:6a:3b:b3:ad:e6 192.168.3.15]receiver:[00:00:00:00:00:00 192.168.3.167]
05-24 10:37:44.867 0 0 W : [2 T1044 ..] [SP FRAME TX] arp rsp,vif_idx:0 sender:[1c:79:2d:20:62:97 192.168.3.167]receiver:[2e:6a:3b:b3:ad:e6 192.168.3.15]
05-24 10:37:44.957 0 0 W : [0 T0 .s] [SP FRAME TX] arp req,vif_idx:0 sender:[1c:79:2d:20:62:97 192.168.3.167]receiver:[00:00:00:00:00:00 192.168.3.15]
05-24 10:37:44.961 0 0 W : [2 T1044 ..] [SP FRAME RX] arp rsp,vif_idx:0 sender:[2e:6a:3b:b3:ad:e6 192.168.3.15]receiver:[1c:79:2d:20:62:97 192.168.3.167]
05-24 10:37:49.291 0 0 W : [2 T1044 ..] [SP FRAME RX] arp req,vif_idx:0 sender:[a6:8b:d2:cd:fe:9a 192.168.3.162]receiver:[00:00:00:00:00:00 192.168.3.167]
05-24 10:37:49.292 0 0 W : [2 T1044 ..] [SP FRAME TX] arp rsp,vif_idx:0 sender:[1c:79:2d:20:62:97 192.168.3.167]receiver:[a6:8b:d2:cd:fe:9a 192.168.3.162]
05-24 10:37:49.309 0 0 W : [1 T1398 .s] [SP FRAME TX] arp req,vif_idx:0 sender:[1c:79:2d:20:62:97 192.168.3.167]receiver:[00:00:00:00:00:00 192.168.3.162]
05-24 10:37:49.318 0 0 W : [2 T1044 ..] [SP FRAME RX] arp rsp,vif_idx:0 sender:[a6:8b:d2:cd:fe:9a 192.168.3.162]receiver:[1c:79:2d:20:62:97 192.168.3.167]
05-24 10:37:49.511 0 0 W : [0 T1044 ..] [SP FRAME RX] arp req,vif_idx:0 sender:[4a:2e:8f:95:e9:0d 192.168.3.107]receiver:[00:00:00:00:00:00 192.168.3.167]
05-24 10:37:49.512 0 0 W : [0 T1044 ..] [SP FRAME TX] arp rsp,vif_idx:0 sender:[1c:79:2d:20:62:97 192.168.3.167]receiver:[4a:2e:8f:95:e9:0d 192.168.3.107]
05-24 10:37:49.565 0 0 W : [1 T0 .s] [SP FRAME TX] arp req,vif_idx:0 sender:[1c:79:2d:20:62:97 192.168.3.167]receiver:[00:00:00:00:00:00 192.168.3.118]
05-24 10:37:49.566 0 0 W : [1 T0 .s] [SP FRAME TX] arp req,vif_idx:0 sender:[1c:79:2d:20:62:97 192.168.3.167]receiver:[00:00:00:00:00:00 192.168.3.107]
05-24 10:37:49.569 0 0 W : [0 T1044 ..] [SP FRAME RX] arp rsp,vif_idx:0 sender:[3a:fd:3d:ee:5f:54 192.168.3.118]receiver:[1c:79:2d:20:62:97 192.168.3.167]
05-24 10:37:49.572 0 0 W : [0 T1044 ..] [SP FRAME RX] arp rsp,vif_idx:0 sender:[4a:2e:8f:95:e9:0d 192.168.3.107]receiver:[1c:79:2d:20:62:97 192.168.3.167]
05-24 10:37:49.585 0 0 W : [0 T1044 ..] [SP FRAME RX] arp req,vif_idx:0 sender:[3a:fd:3d:ee:5f:54 192.168.3.118]receiver:[00:00:00:00:00:00 192.168.3.167]
05-24 10:37:49.586 0 0 W : [0 T1044 ..] [SP FRAME TX] arp rsp,vif_idx:0 sender:[1c:79:2d:20:62:97 192.168.3.167]receiver:[3a:fd:3d:ee:5f:54 192.168.3.118]
05-24 10:37:50.660 0 0 W : [1 T1044 ..] [SP FRAME RX] arp req,vif_idx:0 sender:[b4:2f:03:15:e9:0b 192.168.3.11]receiver:[00:00:00:00:00:00 192.168.3.167]
05-24 10:37:50.661 0 0 W : [1 T1044 ..] [SP FRAME TX] arp rsp,vif_idx:0 sender:[1c:79:2d:20:62:97 192.168.3.167]receiver:[b4:2f:03:15:e9:0b 192.168.3.11]
05-24 10:37:50.849 0 0 W : [3 T0 .s] [SP FRAME TX] arp req,vif_idx:0 sender:[1c:79:2d:20:62:97 192.168.3.167]receiver:[00:00:00:00:00:00 192.168.3.226]
05-24 10:37:50.850 0 0 W : [3 T0 .s] [SP FRAME TX] arp req,vif_idx:0 sender:[1c:79:2d:20:62:97 192.168.3.167]receiver:[00:00:00:00:00:00 192.168.3.11]
05-24 10:37:50.853 0 0 W : [2 T1044 ..] [SP FRAME RX] arp rsp,vif_idx:0 sender:[42:87:91:b7:6d:20 192.168.3.226]receiver:[1c:79:2d:20:62:97 192.168.3.167]
05-24 10:37:50.864 0 0 W : [2 T1044 ..] [SP FRAME RX] arp rsp,vif_idx:0 sender:[b4:2f:03:15:e9:0b 192.168.3.11]receiver:[1c:79:2d:20:62:97 192.168.3.167]
05-24 10:37:50.950 0 0 W : [2 T1044 ..] [SP FRAME RX] arp req,vif_idx:0 sender:[42:87:91:b7:6d:20 192.168.3.226]receiver:[00:00:00:00:00:00 192.168.3.167]
05-24 10:37:50.951 0 0 W : [2 T1044 ..] [SP FRAME TX] arp rsp,vif_idx:0 sender:[1c:79:2d:20:62:97 192.168.3.167]receiver:[42:87:91:b7:6d:20 192.168.3.226]
05-24 10:37:54.429 0 0 W : [1 T1398 .s] [SP FRAME TX] arp req,vif_idx:0 sender:[1c:79:2d:20:62:97 192.168.3.167]receiver:[00:00:00:00:00:00 192.168.3.151]
05-24 10:37:54.444 0 0 W : [0 T1044 ..] [SP FRAME RX] arp rsp,vif_idx:0 sender:[4e:df:ee:48:4b:63 192.168.3.151]receiver:[1c:79:2d:20:62:97 192.168.3.167]
05-24 10:37:54.527 0 0 W : [0 T1044 ..] [SP FRAME RX] arp req,vif_idx:0 sender:[4e:df:ee:48:4b:63 192.168.3.151]receiver:[00:00:00:00:00:00 192.168.3.167]
05-24 10:37:54.528 0 0 W : [0 T1044 ..] [SP FRAME TX] arp rsp,vif_idx:0 sender:[1c:79:2d:20:62:97 192.168.3.167]receiver:[4e:df:ee:48:4b:63 192.168.3.151]
05-24 10:37:56.056 0 0 W : [1 T1044 ..] [SP FRAME RX] arp req,vif_idx:0 sender:[4c:6b:b8:99:ce:34 192.168.3.68]receiver:[00:00:00:00:00:00 192.168.3.167]
05-24 10:37:56.057 0 0 W : [1 T1044 ..] [SP FRAME TX] arp rsp,vif_idx:0 sender:[1c:79:2d:20:62:97 192.168.3.167]receiver:[4c:6b:b8:99:ce:34 192.168.3.68]
05-24 10:37:56.069 0 0 W : [1 T1044 ..] [SP FRAME RX] arp req,vif_idx:0 sender:[16:8e:6e:17:dc:41 192.168.3.176]receiver:[00:00:00:00:00:00 192.168.3.167]
05-24 10:37:56.070 0 0 W : [1 T1044 ..] [SP FRAME TX] arp rsp,vif_idx:0 sender:[1c:79:2d:20:62:97 192.168.3.167]receiver:[16:8e:6e:17:dc:41 192.168.3.176]
05-24 10:37:56.086 0 0 W : [1 T1044 ..] [SP FRAME RX] arp req,vif_idx:0 sender:[86:c4:12:e3:5b:28 192.168.3.161]receiver:[00:00:00:00:00:00 192.168.3.167]
05-24 10:37:56.087 0 0 W : [1 T1044 ..] [SP FRAME TX] arp rsp,vif_idx:0 sender:[1c:79:2d:20:62:97 192.168.3.167]receiver:[86:c4:12:e3:5b:28 192.168.3.161]
05-24 10:37:56.225 0 0 W : [1 T0 .s] [SP FRAME TX] arp req,vif_idx:0 sender:[1c:79:2d:20:62:97 192.168.3.167]receiver:[00:00:00:00:00:00 192.168.3.176]
05-24 10:37:56.226 0 0 W : [1 T0 .s] [SP FRAME TX] arp req,vif_idx:0 sender:[1c:79:2d:20:62:97 192.168.3.167]receiver:[00:00:00:00:00:00 192.168.3.161]
05-24 10:37:56.227 0 0 W : [1 T0 .s] [SP FRAME TX] arp req,vif_idx:0 sender:[1c:79:2d:20:62:97 192.168.3.167]receiver:[00:00:00:00:00:00 192.168.3.68]
05-24 10:37:56.233 0 0 W : [0 T1044 ..] [SP FRAME RX] arp rsp,vif_idx:0 sender:[86:c4:12:e3:5b:28 192.168.3.161]receiver:[1c:79:2d:20:62:97 192.168.3.167]
05-24 10:37:56.235 0 0 W : [0 T1044 ..] [SP FRAME RX] arp rsp,vif_idx:0 sender:[16:8e:6e:17:dc:41 192.168.3.176]receiver:[1c:79:2d:20:62:97 192.168.3.167]
05-24 10:37:56.236 0 0 W : [0 T1044 ..] [SP FRAME RX] arp rsp,vif_idx:0 sender:[4c:6b:b8:99:ce:34 192.168.3.68]receiver:[1c:79:2d:20:62:97 192.168.3.167]
05-24 10:37:56.458 0 0 W : [0 T1044 ..] [SP FRAME RX] arp req,vif_idx:0 sender:[02:91:37:fc:9e:f6 192.168.3.105]receiver:[00:00:00:00:00:00 192.168.3.167]
05-24 10:37:56.459 0 0 W : [0 T1044 ..] [SP FRAME TX] arp rsp,vif_idx:0 sender:[1c:79:2d:20:62:97 192.168.3.167]receiver:[02:91:37:fc:9e:f6 192.168.3.105]
05-24 10:38:05.253 698 698 D HDMI : [R]: 04:83
05-24 10:38:05.255 698 873 D HDMI : [S]: 4F:84:30:00:04
05-24 10:38:05.478 698 698 D HDMI : [R]: 04:8C
05-24 10:38:05.481 698 873 D HDMI : [S]: 4F:87:1C:A4:10
05-24 10:38:05.706 698 698 D HDMI : [R]: 04:46
05-24 10:38:05.709 698 873 D HDMI : [S]: 40:47
05-24 10:38:08.895 0 0 W : [1 T609 ..] [aml_cfg80211_scan 1812] n_channels:36,iftype:2
05-24 10:38:08.895 0 0 W : [1 T609 ..] [aml_send_scanu_req 2532] vif:0
05-24 10:38:08.895 0 0 W : [1 T609 ..] [aml_send_scanu_req 2563] len:4 ssid:DZNB
05-24 10:38:08.896 0 0 W : [1 T609 ..] >>> aml_send_msg()
05-24 10:38:08.897 0 0 W : [3 T1038 ..] ipc_sdio_host_msgack_handler 00000000638247eb
05-24 10:38:08.898 0 0 W : [3 T1038 ..] [aml_msgackind 2038] msg ack hostid=0xffffff808bf61f80
05-24 10:38:08.899 0 0 W : [3 T1038 ..] [cmd_mgr_llind 329] cmd tkn[96] flags:0008 result: -4 cmd:4096-SCANU_START_REQ - reqcfm( 0-none)
05-24 10:38:08.900 0 0 W : [3 T1038 ..] [cmd_complete 65] cmd tkn[96] flags:0000 result: -4 cmd:4096-SCANU_START_REQ - reqcfm( 0-none)
05-24 10:38:10.096 0 0 W : [2 T1044 ..] [aml_scan_rx 1505] scanres_payload_buf overflow, flush
05-24 10:38:12.711 0 0 W : [2 T1038 ..] >>> aml_rx_scanu_start_cfm()
05-24 10:38:13.117 0 0 W : [3 T4696 .s] [SP FRAME TX] arp req,vif_idx:0 sender:[1c:79:2d:20:62:97 192.168.3.167]receiver:[00:00:00:00:00:00 192.168.3.15]
05-24 10:38:13.121 0 0 W : [3 T1044 ..] [SP FRAME RX] arp rsp,vif_idx:0 sender:[2e:6a:3b:b3:ad:e6 192.168.3.15]receiver:[1c:79:2d:20:62:97 192.168.3.167]
05-24 10:38:13.623 0 0 W : [2 T1044 ..] [SP FRAME RX] arp req,vif_idx:0 sender:[02:91:37:fc:9e:f6 192.168.3.105]receiver:[00:00:00:00:00:00 192.168.3.167]
05-24 10:38:13.624 0 0 W : [2 T1044 ..] [SP FRAME TX] arp rsp,vif_idx:0 sender:[1c:79:2d:20:62:97 192.168.3.167]receiver:[02:91:37:fc:9e:f6 192.168.3.105]
05-24 10:38:13.629 0 0 W : [1 T0 .s] [SP FRAME TX] arp req,vif_idx:0 sender:[1c:79:2d:20:62:97 192.168.3.167]receiver:[00:00:00:00:00:00 192.168.3.105]
05-24 10:38:13.659 0 0 W : [2 T1044 ..] [SP FRAME RX] arp rsp,vif_idx:0 sender:[02:91:37:fc:9e:f6 192.168.3.105]receiver:[1c:79:2d:20:62:97 192.168.3.167]
05-24 10:38:15.881 0 0 W : [0 T1044 ..] [SP FRAME RX] arp req,vif_idx:0 sender:[02:18:5d:1c:ad:fa 192.168.3.19]receiver:[00:00:00:00:00:00 192.168.3.167]
05-24 10:38:15.882 0 0 W : [0 T1044 ..] [SP FRAME TX] arp rsp,vif_idx:0 sender:[1c:79:2d:20:62:97 192.168.3.167]receiver:[02:18:5d:1c:ad:fa 192.168.3.19]
05-24 10:38:15.933 0 0 W : [0 T0 .s] [SP FRAME TX] arp req,vif_idx:0 sender:[1c:79:2d:20:62:97 192.168.3.167]receiver:[00:00:00:00:00:00 192.168.3.19]
05-24 10:38:15.940 0 0 W : [0 T1044 ..] [SP FRAME RX] arp rsp,vif_idx:0 sender:[02:18:5d:1c:ad:fa 192.168.3.19]receiver:[1c:79:2d:20:62:97 192.168.3.167]
05-24 10:38:16.871 0 0 W : [1 T1044 ..] [SP FRAME RX] arp req,vif_idx:0 sender:[2e:6a:3b:b3:ad:e6 192.168.3.15]receiver:[00:00:00:00:00:00 192.168.3.167]
05-24 10:38:16.872 0 0 W : [1 T1044 ..] [SP FRAME TX] arp rsp,vif_idx:0 sender:[1c:79:2d:20:62:97 192.168.3.167]receiver:[2e:6a:3b:b3:ad:e6 192.168.3.15]
05-24 10:38:21.516 0 0 W : [3 T1044 ..] [SP FRAME RX] arp req,vif_idx:0 sender:[4a:2e:8f:95:e9:0d 192.168.3.107]receiver:[00:00:00:00:00:00 192.168.3.167]
05-24 10:38:21.517 0 0 W : [3 T1044 ..] [SP FRAME TX] arp rsp,vif_idx:0 sender:[1c:79:2d:20:62:97 192.168.3.167]receiver:[4a:2e:8f:95:e9:0d 192.168.3.107]
05-24 10:38:21.555 0 0 W : [0 T1044 ..] [SP FRAME RX] arp req,vif_idx:0 sender:[a6:8b:d2:cd:fe:9a 192.168.3.162]receiver:[00:00:00:00:00:00 192.168.3.167]
05-24 10:38:21.556 0 0 W : [0 T1044 ..] [SP FRAME TX] arp rsp,vif_idx:0 sender:[1c:79:2d:20:62:97 192.168.3.167]receiver:[a6:8b:d2:cd:fe:9a 192.168.3.162]
05-24 10:38:21.565 0 0 W : [1 T1398 .s] [SP FRAME TX] arp req,vif_idx:0 sender:[1c:79:2d:20:62:97 192.168.3.167]receiver:[00:00:00:00:00:00 192.168.3.162]
05-24 10:38:21.569 0 0 W : [2 T0 .s] [SP FRAME TX] arp req,vif_idx:0 sender:[1c:79:2d:20:62:97 192.168.3.167]receiver:[00:00:00:00:00:00 192.168.3.107]
05-24 10:38:21.570 0 0 W : [2 T0 .s] [SP FRAME TX] arp req,vif_idx:0 sender:[1c:79:2d:20:62:97 192.168.3.167]receiver:[00:00:00:00:00:00 192.168.3.118]
05-24 10:38:21.609 0 0 W : [0 T1044 ..] [SP FRAME RX] arp req,vif_idx:0 sender:[3a:fd:3d:ee:5f:54 192.168.3.118]receiver:[00:00:00:00:00:00 192.168.3.167]
05-24 10:38:21.610 0 0 W : [0 T1044 ..] [SP FRAME TX] arp rsp,vif_idx:0 sender:[1c:79:2d:20:62:97 192.168.3.167]receiver:[3a:fd:3d:ee:5f:54 192.168.3.118]
05-24 10:38:21.611 0 0 W : [0 T1044 ..] [SP FRAME RX] arp rsp,vif_idx:0 sender:[a6:8b:d2:cd:fe:9a 192.168.3.162]receiver:[1c:79:2d:20:62:97 192.168.3.167]
05-24 10:38:21.616 0 0 W : [0 T1044 ..] [SP FRAME RX] arp rsp,vif_idx:0 sender:[3a:fd:3d:ee:5f:54 192.168.3.118]receiver:[1c:79:2d:20:62:97 192.168.3.167]
05-24 10:38:21.627 0 0 W : [0 T1044 ..] [SP FRAME RX] arp rsp,vif_idx:0 sender:[4a:2e:8f:95:e9:0d 192.168.3.107]receiver:[1c:79:2d:20:62:97 192.168.3.167]
05-24 10:38:22.845 0 0 W : [0 T0 .s] [SP FRAME TX] arp req,vif_idx:0 sender:[1c:79:2d:20:62:97 192.168.3.167]receiver:[00:00:00:00:00:00 192.168.3.226]
05-24 10:38:22.846 0 0 W : [0 T0 .s] [SP FRAME TX] arp req,vif_idx:0 sender:[1c:79:2d:20:62:97 192.168.3.167]receiver:[00:00:00:00:00:00 192.168.3.11]
05-24 10:38:22.849 0 0 W : [0 T1044 ..] [SP FRAME RX] arp rsp,vif_idx:0 sender:[42:87:91:b7:6d:20 192.168.3.226]receiver:[1c:79:2d:20:62:97 192.168.3.167]
05-24 10:38:22.946 0 0 W : [0 T1044 ..] [SP FRAME RX] arp req,vif_idx:0 sender:[42:87:91:b7:6d:20 192.168.3.226]receiver:[00:00:00:00:00:00 192.168.3.167]
05-24 10:38:22.947 0 0 W : [0 T1044 ..] [SP FRAME TX] arp rsp,vif_idx:0 sender:[1c:79:2d:20:62:97 192.168.3.167]receiver:[42:87:91:b7:6d:20 192.168.3.226]
05-24 10:38:22.967 0 0 W : [0 T1044 ..] [SP FRAME RX] arp req,vif_idx:0 sender:[b4:2f:03:15:e9:0b 192.168.3.11]receiver:[00:00:00:00:00:00 192.168.3.167]
05-24 10:38:22.968 0 0 W : [0 T1044 ..] [SP FRAME TX] arp rsp,vif_idx:0 sender:[1c:79:2d:20:62:97 192.168.3.167]receiver:[b4:2f:03:15:e9:0b 192.168.3.11]
05-24 10:38:22.969 0 0 W : [0 T1044 ..] [SP FRAME RX] arp rsp,vif_idx:0 sender:[b4:2f:03:15:e9:0b 192.168.3.11]receiver:[1c:79:2d:20:62:97 192.168.3.167]
05-24 10:38:26.429 0 0 W : [3 T0 .s] [SP FRAME TX] arp req,vif_idx:0 sender:[1c:79:2d:20:62:97 192.168.3.167]receiver:[00:00:00:00:00:00 192.168.3.151]
05-24 10:38:26.531 0 0 W : [3 T1044 ..] [SP FRAME RX] arp req,vif_idx:0 sender:[4e:df:ee:48:4b:63 192.168.3.151]receiver:[00:00:00:00:00:00 192.168.3.167]
05-24 10:38:26.532 0 0 W : [3 T1044 ..] [SP FRAME TX] arp rsp,vif_idx:0 sender:[1c:79:2d:20:62:97 192.168.3.167]receiver:[4e:df:ee:48:4b:63 192.168.3.151]
05-24 10:38:26.533 0 0 W : [3 T1044 ..] [SP FRAME RX] arp rsp,vif_idx:0 sender:[4e:df:ee:48:4b:63 192.168.3.151]receiver:[1c:79:2d:20:62:97 192.168.3.167]
05-24 10:38:28.061 0 0 W : [0 T1044 ..] [SP FRAME RX] arp req,vif_idx:0 sender:[4c:6b:b8:99:ce:34 192.168.3.68]receiver:[00:00:00:00:00:00 192.168.3.167]
05-24 10:38:28.062 0 0 W : [0 T1044 ..] [SP FRAME TX] arp rsp,vif_idx:0 sender:[1c:79:2d:20:62:97 192.168.3.167]receiver:[4c:6b:b8:99:ce:34 192.168.3.68]
05-24 10:38:28.064 0 0 W : [0 T1044 ..] [SP FRAME RX] arp req,vif_idx:0 sender:[16:8e:6e:17:dc:41 192.168.3.176]receiver:[00:00:00:00:00:00 192.168.3.167]
05-24 10:38:28.066 0 0 W : [0 T1044 ..] [SP FRAME TX] arp rsp,vif_idx:0 sender:[1c:79:2d:20:62:97 192.168.3.167]receiver:[16:8e:6e:17:dc:41 192.168.3.176]
05-24 10:38:28.086 0 0 W : [0 T1044 ..] [SP FRAME RX] arp req,vif_idx:0 sender:[86:c4:12:e3:5b:28 192.168.3.161]receiver:[00:00:00:00:00:00 192.168.3.167]
05-24 10:38:28.087 0 0 W : [0 T1044 ..] [SP FRAME TX] arp rsp,vif_idx:0 sender:[1c:79:2d:20:62:97 192.168.3.167]receiver:[86:c4:12:e3:5b:28 192.168.3.161]
05-24 10:38:28.208 0 0 W : [0 T1044 ..] [SP FRAME RX] arp req,vif_idx:0 sender:[02:91:37:fc:9e:f6 192.168.3.105]receiver:[00:00:00:00:00:00 192.168.3.167]
05-24 10:38:28.209 0 0 W : [0 T1044 ..] [SP FRAME TX] arp rsp,vif_idx:0 sender:[1c:79:2d:20:62:97 192.168.3.167]receiver:[02:91:37:fc:9e:f6 192.168.3.105]
05-24 10:38:28.221 0 0 W : [0 T0 .s] [SP FRAME TX] arp req,vif_idx:0 sender:[1c:79:2d:20:62:97 192.168.3.167]receiver:[00:00:00:00:00:00 192.168.3.176]
05-24 10:38:28.222 0 0 W : [0 T0 .s] [SP FRAME TX] arp req,vif_idx:0 sender:[1c:79:2d:20:62:97 192.168.3.167]receiver:[00:00:00:00:00:00 192.168.3.161]
05-24 10:38:28.224 0 0 W : [0 T0 .s] [SP FRAME TX] arp req,vif_idx:0 sender:[1c:79:2d:20:62:97 192.168.3.167]receiver:[00:00:00:00:00:00 192.168.3.68]
05-24 10:38:28.226 0 0 W : [0 T1044 ..] [SP FRAME RX] arp rsp,vif_idx:0 sender:[16:8e:6e:17:dc:41 192.168.3.176]receiver:[1c:79:2d:20:62:97 192.168.3.167]
05-24 10:38:28.227 0 0 W : [0 T1044 ..] [SP FRAME RX] arp rsp,vif_idx:0 sender:[86:c4:12:e3:5b:28 192.168.3.161]receiver:[1c:79:2d:20:62:97 192.168.3.167]
05-24 10:38:28.229 0 0 W : [0 T1044 ..] [SP FRAME RX] arp rsp,vif_idx:0 sender:[4c:6b:b8:99:ce:34 192.168.3.68]receiver:[1c:79:2d:20:62:97 192.168.3.167]
05-24 10:38:28.989 0 0 W : [0 T0 .s] [SP FRAME TX] arp req,vif_idx:0 sender:[1c:79:2d:20:62:97 192.168.3.167]receiver:[00:00:00:00:00:00 192.168.3.15]
05-24 10:38:28.993 0 0 W : [3 T1044 ..] [SP FRAME RX] arp rsp,vif_idx:0 sender:[2e:6a:3b:b3:ad:e6 192.168.3.15]receiver:[1c:79:2d:20:62:97 192.168.3.167]
05-24 10:38:36.049 698 698 D HDMI : [R]: 04:83
05-24 10:38:36.053 698 873 D HDMI : [S]: 4F:84:30:00:04
05-24 10:38:36.278 698 698 D HDMI : [R]: 04:8C
05-24 10:38:36.280 698 873 D HDMI : [S]: 4F:87:1C:A4:10
05-24 10:38:36.506 698 698 D HDMI : [R]: 04:46
05-24 10:38:36.510 698 873 D HDMI : [S]: 40:47
05-24 10:38:40.047 698 698 V HotPlugDetectionAction: Poll all devices.
05-24 10:38:41.337 698 698 D HdmiCecController: [P]:AllocatedAddress=[0]
05-24 10:38:42.835 0 0 W : [1 T609 ..] [aml_cfg80211_scan 1812] n_channels:36,iftype:2
05-24 10:38:42.835 0 0 W : [1 T609 ..] [aml_send_scanu_req 2532] vif:0
05-24 10:38:42.835 0 0 W : [1 T609 ..] [aml_send_scanu_req 2563] len:4 ssid:DZNB
05-24 10:38:42.836 0 0 W : [1 T609 ..] >>> aml_send_msg()
05-24 10:38:42.837 0 0 W : [0 T1038 ..] ipc_sdio_host_msgack_handler 00000000417fbc93
05-24 10:38:42.838 0 0 W : [0 T1038 ..] [aml_msgackind 2038] msg ack hostid=0xffffff808b3a2b00
05-24 10:38:42.839 0 0 W : [0 T1038 ..] [cmd_mgr_llind 329] cmd tkn[97] flags:0008 result: -4 cmd:4096-SCANU_START_REQ - reqcfm( 0-none)
05-24 10:38:42.840 0 0 W : [0 T1038 ..] [cmd_complete 65] cmd tkn[97] flags:0000 result: -4 cmd:4096-SCANU_START_REQ - reqcfm( 0-none)
05-24 10:38:43.682 0 0 W : [2 T1044 ..] [aml_scan_rx 1505] scanres_payload_buf overflow, flush
05-24 10:38:45.117 0 0 W : [0 T4355 ..] [aml_send_sync_trace 4388] sync token[54500]
05-24 10:38:45.117 0 0 W : [0 T4355 ..] >>> aml_send_msg()
05-24 10:38:45.119 0 0 W : [0 T1038 ..] ipc_sdio_host_msgack_handler 000000004c243f33
05-24 10:38:45.119 0 0 W : [0 T1038 ..] [aml_msgackind 2038] msg ack hostid=0xffffff805ac34700
05-24 10:38:45.120 0 0 W : [0 T1038 ..] [cmd_mgr_llind 329] cmd tkn[98] flags:0008 result: -4 cmd: 105-MM_SYNC_TRACE - reqcfm( 0-none)
05-24 10:38:45.122 0 0 W : [0 T1038 ..] [cmd_complete 65] cmd tkn[98] flags:0000 result: -4 cmd: 105-MM_SYNC_TRACE - reqcfm( 0-none)
05-24 10:38:45.709 0 0 W : [0 T1044 ..] [SP FRAME RX] arp req,vif_idx:0 sender:[02:91:37:fc:9e:f6 192.168.3.105]receiver:[00:00:00:00:00:00 192.168.3.167]
05-24 10:38:45.710 0 0 W : [0 T1044 ..] [SP FRAME TX] arp rsp,vif_idx:0 sender:[1c:79:2d:20:62:97 192.168.3.167]receiver:[02:91:37:fc:9e:f6 192.168.3.105]
05-24 10:38:45.885 0 0 W : [3 T1398 .s] [SP FRAME TX] arp req,vif_idx:0 sender:[1c:79:2d:20:62:97 192.168.3.167]receiver:[00:00:00:00:00:00 192.168.3.105]
05-24 10:38:46.130 0 0 W : [0 T1044 ..] [SP FRAME RX] arp rsp,vif_idx:0 sender:[02:91:37:fc:9e:f6 192.168.3.105]receiver:[1c:79:2d:20:62:97 192.168.3.167]
05-24 10:38:46.653 0 0 W : [2 T1038 ..] >>> aml_rx_scanu_start_cfm()
05-24 10:38:47.873 0 0 W : [2 T1044 ..] [SP FRAME RX] arp req,vif_idx:0 sender:[02:18:5d:1c:ad:fa 192.168.3.19]receiver:[00:00:00:00:00:00 192.168.3.167]
05-24 10:38:47.874 0 0 W : [2 T1044 ..] [SP FRAME TX] arp rsp,vif_idx:0 sender:[1c:79:2d:20:62:97 192.168.3.167]receiver:[02:18:5d:1c:ad:fa 192.168.3.19]
05-24 10:38:47.937 0 0 W : [2 T0 .s] [SP FRAME TX] arp req,vif_idx:0 sender:[1c:79:2d:20:62:97 192.168.3.167]receiver:[00:00:00:00:00:00 192.168.3.19]
05-24 10:38:47.941 0 0 W : [2 T1044 ..] [SP FRAME RX] arp rsp,vif_idx:0 sender:[02:18:5d:1c:ad:fa 192.168.3.19]receiver:[1c:79:2d:20:62:97 192.168.3.167]
05-24 10:38:48.867 0 0 W : [3 T1044 ..] [SP FRAME RX] arp req,vif_idx:0 sender:[2e:6a:3b:b3:ad:e6 192.168.3.15]receiver:[00:00:00:00:00:00 192.168.3.167]
05-24 10:38:48.868 0 0 W : [3 T1044 ..] [SP FRAME TX] arp rsp,vif_idx:0 sender:[1c:79:2d:20:62:97 192.168.3.167]receiver:[2e:6a:3b:b3:ad:e6 192.168.3.15]
05-24 10:38:48.961 0 0 W : [1 T0 .s] [SP FRAME TX] arp req,vif_idx:0 sender:[1c:79:2d:20:62:97 192.168.3.167]receiver:[00:00:00:00:00:00 192.168.3.15]
05-24 10:38:48.968 0 0 W : [0 T1044 ..] [SP FRAME RX] arp rsp,vif_idx:0 sender:[2e:6a:3b:b3:ad:e6 192.168.3.15]receiver:[1c:79:2d:20:62:97 192.168.3.167]
05-24 10:38:53.517 0 0 W : [0 T1044 ..] [SP FRAME RX] arp req,vif_idx:0 sender:[4a:2e:8f:95:e9:0d 192.168.3.107]receiver:[00:00:00:00:00:00 192.168.3.167]
05-24 10:38:53.518 0 0 W : [0 T1044 ..] [SP FRAME TX] arp rsp,vif_idx:0 sender:[1c:79:2d:20:62:97 192.168.3.167]receiver:[4a:2e:8f:95:e9:0d 192.168.3.107]
05-24 10:38:53.565 0 0 W : [1 T0 .s] [SP FRAME TX] arp req,vif_idx:0 sender:[1c:79:2d:20:62:97 192.168.3.167]receiver:[00:00:00:00:00:00 192.168.3.107]
05-24 10:38:53.566 0 0 W : [1 T0 .s] [SP FRAME TX] arp req,vif_idx:0 sender:[1c:79:2d:20:62:97 192.168.3.167]receiver:[00:00:00:00:00:00 192.168.3.118]
05-24 10:38:53.570 0 0 W : [0 T1044 ..] [SP FRAME RX] arp rsp,vif_idx:0 sender:[4a:2e:8f:95:e9:0d 192.168.3.107]receiver:[1c:79:2d:20:62:97 192.168.3.167]
05-24 10:38:53.572 0 0 W : [0 T1044 ..] [SP FRAME RX] arp rsp,vif_idx:0 sender:[3a:fd:3d:ee:5f:54 192.168.3.118]receiver:[1c:79:2d:20:62:97 192.168.3.167]
05-24 10:38:53.587 0 0 W : [0 T1044 ..] [SP FRAME RX] arp req,vif_idx:0 sender:[3a:fd:3d:ee:5f:54 192.168.3.118]receiver:[00:00:00:00:00:00 192.168.3.167]
05-24 10:38:53.588 0 0 W : [0 T1044 ..] [SP FRAME TX] arp rsp,vif_idx:0 sender:[1c:79:2d:20:62:97 192.168.3.167]receiver:[3a:fd:3d:ee:5f:54 192.168.3.118]
05-24 10:38:53.809 0 0 W : [0 T1044 ..] [SP FRAME RX] arp req,vif_idx:0 sender:[a6:8b:d2:cd:fe:9a 192.168.3.162]receiver:[00:00:00:00:00:00 192.168.3.167]
05-24 10:38:53.810 0 0 W : [0 T1044 ..] [SP FRAME TX] arp rsp,vif_idx:0 sender:[1c:79:2d:20:62:97 192.168.3.167]receiver:[a6:8b:d2:cd:fe:9a 192.168.3.162]
05-24 10:38:53.821 0 0 W : [0 T0 .s] [SP FRAME TX] arp req,vif_idx:0 sender:[1c:79:2d:20:62:97 192.168.3.167]receiver:[00:00:00:00:00:00 192.168.3.162]
05-24 10:38:53.835 0 0 W : [0 T1044 ..] [SP FRAME RX] arp rsp,vif_idx:0 sender:[a6:8b:d2:cd:fe:9a 192.168.3.162]receiver:[1c:79:2d:20:62:97 192.168.3.167]
05-24 10:38:54.665 0 0 W : [0 T1044 ..] [SP FRAME RX] arp req,vif_idx:0 sender:[b4:2f:03:15:e9:0b 192.168.3.11]receiver:[00:00:00:00:00:00 192.168.3.167]
05-24 10:38:54.666 0 0 W : [0 T1044 ..] [SP FRAME TX] arp rsp,vif_idx:0 sender:[1c:79:2d:20:62:97 192.168.3.167]receiver:[b4:2f:03:15:e9:0b 192.168.3.11]
05-24 10:38:54.845 0 0 W : [2 T1398 .s] [SP FRAME TX] arp req,vif_idx:0 sender:[1c:79:2d:20:62:97 192.168.3.167]receiver:[00:00:00:00:00:00 192.168.3.11]
05-24 10:38:54.849 0 0 W : [1 T0 .s] [SP FRAME TX] arp req,vif_idx:0 sender:[1c:79:2d:20:62:97 192.168.3.167]receiver:[00:00:00:00:00:00 192.168.3.226]
05-24 10:38:54.857 0 0 W : [0 T1044 ..] [SP FRAME RX] arp rsp,vif_idx:0 sender:[42:87:91:b7:6d:20 192.168.3.226]receiver:[1c:79:2d:20:62:97 192.168.3.167]
05-24 10:38:54.865 0 0 W : [0 T1044 ..] [SP FRAME RX] arp rsp,vif_idx:0 sender:[b4:2f:03:15:e9:0b 192.168.3.11]receiver:[1c:79:2d:20:62:97 192.168.3.167]
05-24 10:38:54.947 0 0 W : [3 T1044 ..] [SP FRAME RX] arp req,vif_idx:0 sender:[42:87:91:b7:6d:20 192.168.3.226]receiver:[00:00:00:00:00:00 192.168.3.167]
05-24 10:38:54.948 0 0 W : [3 T1044 ..] [SP FRAME TX] arp rsp,vif_idx:0 sender:[1c:79:2d:20:62:97 192.168.3.167]receiver:[42:87:91:b7:6d:20 192.168.3.226]
05-24 10:38:58.534 0 0 W : [1 T1044 ..] [SP FRAME RX] arp req,vif_idx:0 sender:[4e:df:ee:48:4b:63 192.168.3.151]receiver:[00:00:00:00:00:00 192.168.3.167]
05-24 10:38:58.535 0 0 W : [1 T1044 ..] [SP FRAME TX] arp rsp,vif_idx:0 sender:[1c:79:2d:20:62:97 192.168.3.167]receiver:[4e:df:ee:48:4b:63 192.168.3.151]
05-24 10:38:58.685 0 0 W : [1 T1398 .s] [SP FRAME TX] arp req,vif_idx:0 sender:[1c:79:2d:20:62:97 192.168.3.167]receiver:[00:00:00:00:00:00 192.168.3.151]
05-24 10:38:58.689 0 0 W : [1 T1044 ..] [SP FRAME RX] arp rsp,vif_idx:0 sender:[4e:df:ee:48:4b:63 192.168.3.151]receiver:[1c:79:2d:20:62:97 192.168.3.167]
05-24 10:39:00.063 0 0 W : [1 T1044 ..] [SP FRAME RX] arp req,vif_idx:0 sender:[4c:6b:b8:99:ce:34 192.168.3.68]receiver:[00:00:00:00:00:00 192.168.3.167]
05-24 10:39:00.064 0 0 W : [1 T1044 ..] [SP FRAME TX] arp rsp,vif_idx:0 sender:[1c:79:2d:20:62:97 192.168.3.167]receiver:[4c:6b:b8:99:ce:34 192.168.3.68]
05-24 10:39:00.066 0 0 W : [1 T1044 ..] [SP FRAME RX] arp req,vif_idx:0 sender:[16:8e:6e:17:dc:41 192.168.3.176]receiver:[00:00:00:00:00:00 192.168.3.167]
05-24 10:39:00.067 0 0 W : [1 T1044 ..] [SP FRAME TX] arp rsp,vif_idx:0 sender:[1c:79:2d:20:62:97 192.168.3.167]receiver:[16:8e:6e:17:dc:41 192.168.3.176]
05-24 10:39:00.086 0 0 W : [1 T1044 ..] [SP FRAME RX] arp req,vif_idx:0 sender:[86:c4:12:e3:5b:28 192.168.3.161]receiver:[00:00:00:00:00:00 192.168.3.167]
05-24 10:39:00.087 0 0 W : [1 T1044 ..] [SP FRAME TX] arp rsp,vif_idx:0 sender:[1c:79:2d:20:62:97 192.168.3.167]receiver:[86:c4:12:e3:5b:28 192.168.3.161]
05-24 10:39:00.203 0 0 W : [3 T1044 ..] [SP FRAME RX] arp req,vif_idx:0 sender:[02:91:37:fc:9e:f6 192.168.3.105]receiver:[00:00:00:00:00:00 192.168.3.167]
05-24 10:39:00.205 0 0 W : [3 T1044 ..] [SP FRAME TX] arp rsp,vif_idx:0 sender:[1c:79:2d:20:62:97 192.168.3.167]receiver:[02:91:37:fc:9e:f6 192.168.3.105]
05-24 10:39:00.221 0 0 W : [3 T293 .s] [SP FRAME TX] arp req,vif_idx:0 sender:[1c:79:2d:20:62:97 192.168.3.167]receiver:[00:00:00:00:00:00 192.168.3.176]
05-24 10:39:00.222 0 0 W : [3 T293 .s] [SP FRAME TX] arp req,vif_idx:0 sender:[1c:79:2d:20:62:97 192.168.3.167]receiver:[00:00:00:00:00:00 192.168.3.161]
05-24 10:39:00.224 0 0 W : [3 T293 .s] [SP FRAME TX] arp req,vif_idx:0 sender:[1c:79:2d:20:62:97 192.168.3.167]receiver:[00:00:00:00:00:00 192.168.3.68]
05-24 10:39:00.228 0 0 W : [3 T1044 ..] [SP FRAME RX] arp rsp,vif_idx:0 sender:[16:8e:6e:17:dc:41 192.168.3.176]receiver:[1c:79:2d:20:62:97 192.168.3.167]
05-24 10:39:00.229 0 0 W : [3 T1044 ..] [SP FRAME RX] arp rsp,vif_idx:0 sender:[86:c4:12:e3:5b:28 192.168.3.161]receiver:[1c:79:2d:20:62:97 192.168.3.167]
05-24 10:39:00.230 0 0 W : [3 T1044 ..] [SP FRAME RX] arp rsp,vif_idx:0 sender:[4c:6b:b8:99:ce:34 192.168.3.68]receiver:[1c:79:2d:20:62:97 192.168.3.167]
05-24 10:39:06.747 698 698 D HDMI : [R]: 04:83
05-24 10:39:06.749 698 873 D HDMI : [S]: 4F:84:30:00:04
05-24 10:39:06.975 698 698 D HDMI : [R]: 04:8C
05-24 10:39:06.976 698 873 D HDMI : [S]: 4F:87:1C:A4:10
05-24 10:39:07.202 698 698 D HDMI : [R]: 04:46
05-24 10:39:07.203 698 873 D HDMI : [S]: 40:47
05-24 10:39:16.815 0 0 W : [0 T609 ..] [aml_cfg80211_scan 1812] n_channels:36,iftype:2
05-24 10:39:16.815 0 0 W : [0 T609 ..] [aml_send_scanu_req 2532] vif:0
05-24 10:39:16.815 0 0 W : [0 T609 ..] [aml_send_scanu_req 2563] len:4 ssid:DZNB
05-24 10:39:16.816 0 0 W : [0 T609 ..] >>> aml_send_msg()
05-24 10:39:16.818 0 0 W : [0 T1038 ..] ipc_sdio_host_msgack_handler 00000000c4638545
05-24 10:39:16.818 0 0 W : [0 T1038 ..] [aml_msgackind 2038] msg ack hostid=0xffffff808dba2680
05-24 10:39:16.819 0 0 W : [0 T1038 ..] [cmd_mgr_llind 329] cmd tkn[99] flags:0008 result: -4 cmd:4096-SCANU_START_REQ - reqcfm( 0-none)
05-24 10:39:16.821 0 0 W : [0 T1038 ..] [cmd_complete 65] cmd tkn[99] flags:0000 result: -4 cmd:4096-SCANU_START_REQ - reqcfm( 0-none)
05-24 10:39:17.398 0 0 W : [0 T1044 ..] [aml_scan_rx 1505] scanres_payload_buf overflow, flush
05-24 10:39:17.629 0 0 W : [2 T0 .s] [SP FRAME TX] arp req,vif_idx:0 sender:[1c:79:2d:20:62:97 192.168.3.167]receiver:[00:00:00:00:00:00 192.168.3.105]
05-24 10:39:17.832 0 0 W : [1 T1044 ..] [SP FRAME RX] arp rsp,vif_idx:0 sender:[02:91:37:fc:9e:f6 192.168.3.105]receiver:[1c:79:2d:20:62:97 192.168.3.167]
05-24 10:39:17.894 0 0 W : [1 T1044 ..] [SP FRAME RX] arp req,vif_idx:0 sender:[02:91:37:fc:9e:f6 192.168.3.105]receiver:[00:00:00:00:00:00 192.168.3.167]
05-24 10:39:17.895 0 0 W : [1 T1044 ..] [SP FRAME TX] arp rsp,vif_idx:0 sender:[1c:79:2d:20:62:97 192.168.3.167]receiver:[02:91:37:fc:9e:f6 192.168.3.105]
05-24 10:39:19.937 0 0 W : [2 T0 .s] [SP FRAME TX] arp req,vif_idx:0 sender:[1c:79:2d:20:62:97 192.168.3.167]receiver:[00:00:00:00:00:00 192.168.3.19]
05-24 10:39:19.953 0 0 W : [1 T1044 ..] [SP FRAME RX] arp req,vif_idx:0 sender:[02:18:5d:1c:ad:fa 192.168.3.19]receiver:[00:00:00:00:00:00 192.168.3.167]
05-24 10:39:19.954 0 0 W : [1 T1044 ..] [SP FRAME TX] arp rsp,vif_idx:0 sender:[1c:79:2d:20:62:97 192.168.3.167]receiver:[02:18:5d:1c:ad:fa 192.168.3.19]
05-24 10:39:19.956 0 0 W : [1 T1044 ..] [SP FRAME RX] arp rsp,vif_idx:0 sender:[02:18:5d:1c:ad:fa 192.168.3.19]receiver:[1c:79:2d:20:62:97 192.168.3.167]
05-24 10:39:20.629 0 0 W : [1 T1038 ..] >>> aml_rx_scanu_start_cfm()
05-24 10:39:20.873 0 0 W : [3 T1044 ..] [SP FRAME RX] arp req,vif_idx:0 sender:[2e:6a:3b:b3:ad:e6 192.168.3.15]receiver:[00:00:00:00:00:00 192.168.3.167]
05-24 10:39:20.874 0 0 W : [3 T1044 ..] [SP FRAME TX] arp rsp,vif_idx:0 sender:[1c:79:2d:20:62:97 192.168.3.167]receiver:[2e:6a:3b:b3:ad:e6 192.168.3.15]
05-24 10:39:20.961 0 0 W : [2 T0 .s] [SP FRAME TX] arp req,vif_idx:0 sender:[1c:79:2d:20:62:97 192.168.3.167]receiver:[00:00:00:00:00:00 192.168.3.15]
05-24 10:39:20.965 0 0 W : [3 T1044 ..] [SP FRAME RX] arp rsp,vif_idx:0 sender:[2e:6a:3b:b3:ad:e6 192.168.3.15]receiver:[1c:79:2d:20:62:97 192.168.3.167]
05-24 10:39:25.515 0 0 W : [0 T1044 ..] [SP FRAME RX] arp req,vif_idx:0 sender:[4a:2e:8f:95:e9:0d 192.168.3.107]receiver:[00:00:00:00:00:00 192.168.3.167]
05-24 10:39:25.516 0 0 W : [0 T1044 ..] [SP FRAME TX] arp rsp,vif_idx:0 sender:[1c:79:2d:20:62:97 192.168.3.167]receiver:[4a:2e:8f:95:e9:0d 192.168.3.107]
05-24 10:39:25.569 0 0 W : [1 T0 .s] [SP FRAME TX] arp req,vif_idx:0 sender:[1c:79:2d:20:62:97 192.168.3.167]receiver:[00:00:00:00:00:00 192.168.3.107]
05-24 10:39:25.583 0 0 W : [0 T1044 ..] [SP FRAME RX] arp rsp,vif_idx:0 sender:[4a:2e:8f:95:e9:0d 192.168.3.107]receiver:[1c:79:2d:20:62:97 192.168.3.167]
05-24 10:39:25.589 0 0 W : [0 T1044 ..] [SP FRAME RX] arp req,vif_idx:0 sender:[3a:fd:3d:ee:5f:54 192.168.3.118]receiver:[00:00:00:00:00:00 192.168.3.167]
05-24 10:39:25.590 0 0 W : [0 T1044 ..] [SP FRAME TX] arp rsp,vif_idx:0 sender:[1c:79:2d:20:62:97 192.168.3.167]receiver:[3a:fd:3d:ee:5f:54 192.168.3.118]
05-24 10:39:25.825 0 0 W : [2 T0 .s] [SP FRAME TX] arp req,vif_idx:0 sender:[1c:79:2d:20:62:97 192.168.3.167]receiver:[00:00:00:00:00:00 192.168.3.118]
05-24 10:39:25.830 0 0 W : [0 T1044 ..] [SP FRAME RX] arp rsp,vif_idx:0 sender:[3a:fd:3d:ee:5f:54 192.168.3.118]receiver:[1c:79:2d:20:62:97 192.168.3.167]
05-24 10:39:26.063 0 0 W : [1 T1044 ..] [SP FRAME RX] arp req,vif_idx:0 sender:[a6:8b:d2:cd:fe:9a 192.168.3.162]receiver:[00:00:00:00:00:00 192.168.3.167]
05-24 10:39:26.064 0 0 W : [1 T1044 ..] [SP FRAME TX] arp rsp,vif_idx:0 sender:[1c:79:2d:20:62:97 192.168.3.167]receiver:[a6:8b:d2:cd:fe:9a 192.168.3.162]
05-24 10:39:26.081 0 0 W : [2 T293 .s] [SP FRAME TX] arp req,vif_idx:0 sender:[1c:79:2d:20:62:97 192.168.3.167]receiver:[00:00:00:00:00:00 192.168.3.162]
05-24 10:39:26.090 0 0 W : [1 T1044 ..] [SP FRAME RX] arp rsp,vif_idx:0 sender:[a6:8b:d2:cd:fe:9a 192.168.3.162]receiver:[1c:79:2d:20:62:97 192.168.3.167]
05-24 10:39:26.659 0 0 W : [3 T1044 ..] [SP FRAME RX] arp req,vif_idx:0 sender:[b4:2f:03:15:e9:0b 192.168.3.11]receiver:[00:00:00:00:00:00 192.168.3.167]
05-24 10:39:26.660 0 0 W : [3 T1044 ..] [SP FRAME TX] arp rsp,vif_idx:0 sender:[1c:79:2d:20:62:97 192.168.3.167]receiver:[b4:2f:03:15:e9:0b 192.168.3.11]
05-24 10:39:26.845 0 0 W : [0 T413 .s] [SP FRAME TX] arp req,vif_idx:0 sender:[1c:79:2d:20:62:97 192.168.3.167]receiver:[00:00:00:00:00:00 192.168.3.226]
05-24 10:39:26.850 0 0 W : [1 T1044 ..] [SP FRAME RX] arp rsp,vif_idx:0 sender:[42:87:91:b7:6d:20 192.168.3.226]receiver:[1c:79:2d:20:62:97 192.168.3.167]
05-24 10:39:26.948 0 0 W : [1 T1044 ..] [SP FRAME RX] arp req,vif_idx:0 sender:[42:87:91:b7:6d:20 192.168.3.226]receiver:[00:00:00:00:00:00 192.168.3.167]
05-24 10:39:26.949 0 0 W : [1 T1044 ..] [SP FRAME TX] arp rsp,vif_idx:0 sender:[1c:79:2d:20:62:97 192.168.3.167]receiver:[42:87:91:b7:6d:20 192.168.3.226]
05-24 10:39:30.526 0 0 W : [3 T1044 ..] [SP FRAME RX] arp req,vif_idx:0 sender:[4e:df:ee:48:4b:63 192.168.3.151]receiver:[00:00:00:00:00:00 192.168.3.167]
05-24 10:39:30.527 0 0 W : [3 T1044 ..] [SP FRAME TX] arp rsp,vif_idx:0 sender:[1c:79:2d:20:62:97 192.168.3.167]receiver:[4e:df:ee:48:4b:63 192.168.3.151]
05-24 10:39:30.685 0 0 W : [1 T0 .s] [SP FRAME TX] arp req,vif_idx:0 sender:[1c:79:2d:20:62:97 192.168.3.167]receiver:[00:00:00:00:00:00 192.168.3.151]
05-24 10:39:30.699 0 0 W : [0 T1044 ..] [SP FRAME RX] arp rsp,vif_idx:0 sender:[4e:df:ee:48:4b:63 192.168.3.151]receiver:[1c:79:2d:20:62:97 192.168.3.167]
05-24 10:39:37.555 698 698 D HDMI : [R]: 04:83
05-24 10:39:37.557 698 873 D HDMI : [S]: 4F:84:30:00:04
05-24 10:39:32.089 0 0 W : [3 T1044 ..] [SP FRAME RX] arp req,vif_idx:0 sender:[86:c4:12:e3:5b:28 192.168.3.161]receiver:[00:00:00:00:00:00 192.168.3.167]
05-24 10:39:32.090 0 0 W : [3 T1044 ..] [SP FRAME TX] arp rsp,vif_idx:0 sender:[1c:79:2d:20:62:97 192.168.3.167]receiver:[86:c4:12:e3:5b:28 192.168.3.161]
05-24 10:39:37.786 698 698 D HDMI : [R]: 04:8C
05-24 10:39:37.789 698 873 D HDMI : [S]: 4F:87:1C:A4:10
05-24 10:39:32.204 0 0 W : [3 T1044 ..] [SP FRAME RX] arp req,vif_idx:0 sender:[02:91:37:fc:9e:f6 192.168.3.105]receiver:[00:00:00:00:00:00 192.168.3.167]
05-24 10:39:32.205 0 0 W : [3 T1044 ..] [SP FRAME TX] arp rsp,vif_idx:0 sender:[1c:79:2d:20:62:97 192.168.3.167]receiver:[02:91:37:fc:9e:f6 192.168.3.105]
05-24 10:39:32.225 0 0 W : [0 T293 .s] [SP FRAME TX] arp req,vif_idx:0 sender:[1c:79:2d:20:62:97 192.168.3.167]receiver:[00:00:00:00:00:00 192.168.3.176]
05-24 10:39:32.226 0 0 W : [0 T293 .s] [SP FRAME TX] arp req,vif_idx:0 sender:[1c:79:2d:20:62:97 192.168.3.167]receiver:[00:00:00:00:00:00 192.168.3.161]
05-24 10:39:32.228 0 0 W : [0 T293 .s] [SP FRAME TX] arp req,vif_idx:0 sender:[1c:79:2d:20:62:97 192.168.3.167]receiver:[00:00:00:00:00:00 192.168.3.68]
05-24 10:39:32.229 0 0 W : [0 T293 .s] [SP FRAME TX] arp req,vif_idx:0 sender:[1c:79:2d:20:62:97 192.168.3.167]receiver:[00:00:00:00:00:00 192.168.3.11]
05-24 10:39:32.235 0 0 W : [3 T1044 ..] [SP FRAME RX] arp rsp,vif_idx:0 sender:[4c:6b:b8:99:ce:34 192.168.3.68]receiver:[1c:79:2d:20:62:97 192.168.3.167]
05-24 10:39:32.236 0 0 W : [3 T1044 ..] [SP FRAME RX] arp rsp,vif_idx:0 sender:[16:8e:6e:17:dc:41 192.168.3.176]receiver:[1c:79:2d:20:62:97 192.168.3.167]
05-24 10:39:32.237 0 0 W : [3 T1044 ..] [SP FRAME RX] arp rsp,vif_idx:0 sender:[86:c4:12:e3:5b:28 192.168.3.161]receiver:[1c:79:2d:20:62:97 192.168.3.167]
05-24 10:39:32.320 0 0 W : [3 T1044 ..] [SP FRAME RX] arp req,vif_idx:0 sender:[4c:6b:b8:99:ce:34 192.168.3.68]receiver:[00:00:00:00:00:00 192.168.3.167]
05-24 10:39:32.321 0 0 W : [3 T1044 ..] [SP FRAME TX] arp rsp,vif_idx:0 sender:[1c:79:2d:20:62:97 192.168.3.167]receiver:[4c:6b:b8:99:ce:34 192.168.3.68]
05-24 10:39:32.324 0 0 W : [3 T1044 ..] [SP FRAME RX] arp req,vif_idx:0 sender:[16:8e:6e:17:dc:41 192.168.3.176]receiver:[00:00:00:00:00:00 192.168.3.167]
05-24 10:39:32.325 0 0 W : [3 T1044 ..] [SP FRAME TX] arp rsp,vif_idx:0 sender:[1c:79:2d:20:62:97 192.168.3.167]receiver:[16:8e:6e:17:dc:41 192.168.3.176]
05-24 10:39:38.014 698 698 D HDMI : [R]: 04:46
05-24 10:39:38.014 698 873 D HDMI : [S]: 40:47
05-24 10:39:32.419 0 0 W : [3 T1044 ..] [SP FRAME RX] arp rsp,vif_idx:0 sender:[b4:2f:03:15:e9:0b 192.168.3.11]receiver:[1c:79:2d:20:62:97 192.168.3.167]
05-24 10:39:40.048 698 698 V HotPlugDetectionAction: Poll all devices.
05-24 10:39:40.497 698 873 W HDMI : [1]:Failed to send a polling message(4->0) with return code 3
05-24 10:39:40.868 698 873 W HDMI : [1]:Failed to send a polling message(4->1) with return code 3
05-24 10:39:41.256 698 873 W HDMI : [1]:Failed to send a polling message(4->3) with return code 3
05-24 10:39:42.126 698 698 D HdmiCecController: [P]:AllocatedAddress=[]
05-24 10:39:42.126 698 698 I HDMI : Remove device by hot-plug detection:0
05-24 10:39:42.127 698 698 D HdmiControlService: Switching to full volume behavior
05-24 10:39:46.557 0 0 W : [2 T3686 ..] [aml_send_sync_trace 4388] sync token[54501]
05-24 10:39:46.557 0 0 W : [2 T3686 ..] >>> aml_send_msg()
05-24 10:39:46.558 0 0 W : [1 T1038 ..] ipc_sdio_host_msgack_handler 00000000e7e4b412
05-24 10:39:46.558 0 0 W : [1 T1038 ..] [aml_msgackind 2038] msg ack hostid=0xffffff808db00e00
05-24 10:39:46.559 0 0 W : [1 T1038 ..] [cmd_mgr_llind 329] cmd tkn[100] flags:0008 result: -4 cmd: 105-MM_SYNC_TRACE - reqcfm( 0-none)
