05-24 10:13:28.500 698 698 W NotificationHistory: Attempted to add notif for locked/gone/disabled user 0
05-24 10:13:28.758 0 0 W : [2 T1115 ..] >>> aml_cfg80211_set_power_mgmt()
05-24 10:13:28.758 0 0 W : [2 T1115 ..] [aml_send_me_set_ps_mode 2111] set power save mode:0
05-24 10:13:28.758 0 0 W : [2 T1115 ..] >>> aml_send_msg()
05-24 10:13:28.760 0 0 W : [2 T1038 ..] ipc_sdio_host_msgack_handler 00000000799b7396
05-24 10:13:28.760 0 0 W : [2 T1038 ..] [aml_msgackind 2038] msg ack hostid=0xffffff807d6b5900
05-24 10:13:28.761 0 0 W : [2 T1038 ..] [cmd_mgr_llind 329] cmd tkn[31] flags:001a result: -4 cmd:5139-ME_SET_PS_MODE_REQ - reqcfm(5140-ME_SET_PS_MODE_CFM)
05-24 10:13:28.763 0 0 W : [2 T1038 ..] [cmd_mgr_msgind 409] cmd tkn[31] flags:0012 result: -4 cmd:5139-ME_SET_PS_MODE_REQ - reqcfm(5140-ME_SET_PS_MODE_CFM)
05-24 10:13:28.764 0 0 W : [2 T1038 ..] [cmd_complete 65] cmd tkn[31] flags:0002 result: -4 cmd:5139-ME_SET_PS_MODE_REQ - reqcfm(5140-ME_SET_PS_MODE_CFM)
05-24 10:13:28.898 698 711 D CompatibilityChangeReporter: Compat change id reported: 161145287; UID 10043; state: DISABLED
05-24 10:13:29.167 0 0 W : [3 T1044 ..] [SP FRAME RX] arp req,vif_idx:0 sender:[28:48:e7:f0:76:bd 192.168.3.210]receiver:[00:00:00:00:00:00 192.168.3.167]
05-24 10:13:29.168 0 0 W : [3 T1044 ..] [SP FRAME TX] arp rsp,vif_idx:0 sender:[1c:79:2d:20:62:97 192.168.3.167]receiver:[28:48:e7:f0:76:bd 192.168.3.210]
05-24 10:13:29.208 0 0 W : [3 T1044 ..] [SP FRAME RX] arp req,vif_idx:0 sender:[e0:ba:ad:3a:be:9a 192.168.3.66]receiver:[00:00:00:00:00:00 192.168.3.167]
05-24 10:13:29.209 0 0 W : [3 T1044 ..] [SP FRAME TX] arp rsp,vif_idx:0 sender:[1c:79:2d:20:62:97 192.168.3.167]receiver:[e0:ba:ad:3a:be:9a 192.168.3.66]
05-24 10:13:29.286 0 0 W : [3 T1044 ..] [SP FRAME RX] arp req,vif_idx:0 sender:[02:91:37:fc:9e:f6 192.168.3.105]receiver:[00:00:00:00:00:00 192.168.3.167]
05-24 10:13:29.287 0 0 W : [3 T1044 ..] [SP FRAME TX] arp rsp,vif_idx:0 sender:[1c:79:2d:20:62:97 192.168.3.167]receiver:[02:91:37:fc:9e:f6 192.168.3.105]
05-24 10:13:29.339 0 0 W : [3 T1044 ..] [SP FRAME RX] arp req,vif_idx:0 sender:[54:d6:0d:ac:40:f5 192.168.3.83]receiver:[00:00:00:00:00:00 192.168.3.167]
05-24 10:13:29.340 0 0 W : [3 T1044 ..] [SP FRAME TX] arp rsp,vif_idx:0 sender:[1c:79:2d:20:62:97 192.168.3.167]receiver:[54:d6:0d:ac:40:f5 192.168.3.83]
05-24 10:13:29.419 0 0 W : [3 T1044 ..] [SP FRAME RX] arp req,vif_idx:0 sender:[98:f1:12:30:b3:31 192.168.3.126]receiver:[00:00:00:00:00:00 192.168.3.167]
05-24 10:13:29.420 0 0 W : [3 T1044 ..] [SP FRAME TX] arp rsp,vif_idx:0 sender:[1c:79:2d:20:62:97 192.168.3.167]receiver:[98:f1:12:30:b3:31 192.168.3.126]
05-24 10:13:29.419 698 730 I ActivityManager: Skip zero pid ANR, process=WebViewLoader-armeabi-v7a
05-24 10:13:29.577 0 0 W : [3 T1044 ..] [SP FRAME RX] arp req,vif_idx:0 sender:[54:92:09:3f:ed:bb 192.168.3.172]receiver:[00:00:00:00:00:00 192.168.3.167]
05-24 10:13:29.578 0 0 W : [3 T1044 ..] [SP FRAME TX] arp rsp,vif_idx:0 sender:[1c:79:2d:20:62:97 192.168.3.167]receiver:[54:92:09:3f:ed:bb 192.168.3.172]
05-24 10:13:29.912 698 730 I ActivityManager: Waited long enough for: ServiceRecord{ee0b035 u0 com.oranth.storage/.MainService}
05-24 10:13:30.208 698 730 I ActivityManager: Waited long enough for: ServiceRecord{3e433a u0 com.droidlogic.mictoggle/.AssistantMicMuteService}
05-24 10:13:30.352 698 873 D HDMI : [S]: 40:8C
05-24 10:13:30.641 1407 2257 W ActivityThread: ClassLoader.loadClass: The class loader returned by Thread.getContextClassLoader() may fail for processes that host multiple applications. You should explicitly specify a context class loader. For example: Thread.setContextClassLoader(getClass().getClassLoader());
05-24 10:13:30.860 698 730 I ActivityManager: Waited long enough for: ServiceRecord{57db4d0 u0 com.dangbei.lerad.rocky/com.dangbei.phrike.core.PhrikeDownloadService}
05-24 10:13:32.352 698 873 D HDMI : [S]: 40:8C
05-24 10:13:34.293 288 302 I keystore2: system/security/keystore2/src/watchdog.rs:319 - Watchdog thread idle -> terminating. Have a great day.
05-24 10:13:34.353 698 698 D HDMI : addCecDevice new:CEC: logical_address: 0x04 device_type: 4 cec_version: 5 vendor_id: 1877008 display_name: DBBOX-A3 power_status: 0 physical_address: 0x3000 port_id: 0 old:null
05-24 10:13:34.354 698 698 D HDMI : Hot-plug detection started.
05-24 10:13:35.009 698 730 D OomAdjuster: Not killing cached processes
05-24 10:13:35.198 0 0 I [0 T90 ..] input: Dangbei as /devices/virtual/misc/uhid/0005:000D:3838.0003/input/input13
05-24 10:13:35.206 0 0 I [0 T90 ..] input: Dangbei Consumer Control as /devices/virtual/misc/uhid/0005:000D:3838.0003/input/input15
05-24 10:13:35.215 0 0 I : [0 T90 ..] hid-generic 0005:000D:3838.0003: input,hidraw2: BLUETOOTH HID v0.00 Keyboard [Dangbei] on 1c:79:2d:20:62:98
05-24 10:13:35.219 0 0 W : [2 T1115 ..] [aml_android_priv_ioctl 128] vif idx=0 cmd=BTCOEXSCAN-START
05-24 10:13:35.219 0 0 W : [2 T1115 ..] [aml_android_priv_ioctl 152] not support id=22
05-24 10:13:35.232 0 0 W : [3 T1115 ..] [aml_android_priv_ioctl 128] vif idx=0 cmd=BTCOEXSCAN-START
05-24 10:13:35.232 0 0 W : [3 T1115 ..] [aml_android_priv_ioctl 152] not support id=22
05-24 10:13:39.079 698 1082 D CompatibilityChangeReporter: Compat change id reported: 265464455; UID 1000; state: DISABLED
05-24 10:13:39.079 698 1082 D CompatibilityChangeReporter: Compat change id reported: 265452344; UID 1000; state: DISABLED
05-24 10:13:39.079 698 1082 D CompatibilityChangeReporter: Compat change id reported: 266124927; UID 1000; state: DISABLED
05-24 10:13:39.080 698 1082 D CompatibilityChangeReporter: Compat change id reported: 265451093; UID 1000; state: DISABLED
05-24 10:13:39.080 698 1082 D CompatibilityChangeReporter: Compat change id reported: 265456536; UID 1000; state: DISABLED
05-24 10:13:39.080 698 1082 D CompatibilityChangeReporter: Compat change id reported: 255940284; UID 1000; state: DISABLED
05-24 10:13:39.081 698 1082 D CompatibilityChangeReporter: Compat change id reported: 236283604; UID 1000; state: DISABLED
05-24 10:13:39.081 698 1082 D CompatibilityChangeReporter: Compat change id reported: 263959004; UID 1000; state: DISABLED
05-24 10:13:39.081 698 1082 D CompatibilityChangeReporter: Compat change id reported: 264304459; UID 1000; state: DISABLED
05-24 10:13:39.082 698 1082 D CompatibilityChangeReporter: Compat change id reported: 264301586; UID 1000; state: DISABLED
05-24 10:13:39.082 698 1082 D CompatibilityChangeReporter: Compat change id reported: 254631730; UID 1000; state: DISABLED
05-24 10:13:39.082 698 1082 D CompatibilityChangeReporter: Compat change id reported: 273509367; UID 1000; state: DISABLED
05-24 10:13:39.082 698 1082 D CompatibilityChangeReporter: Compat change id reported: 263259275; UID 1000; state: DISABLED
05-24 10:13:39.083 698 1082 D CompatibilityChangeReporter: Compat change id reported: 174042980; UID 1000; state: DISABLED
05-24 10:13:39.083 698 1082 D CompatibilityChangeReporter: Compat change id reported: 174042936; UID 1000; state: DISABLED
05-24 10:13:39.083 698 1082 D CompatibilityChangeReporter: Compat change id reported: 181136395; UID 1000; state: DISABLED
05-24 10:13:39.084 698 1082 D CompatibilityChangeReporter: Compat change id reported: 194480991; UID 1000; state: ENABLED
05-24 10:13:39.090 698 1082 D CompatibilityChangeReporter: Compat change id reported: 197654537; UID 1000; state: DISABLED
05-24 10:13:39.098 698 1082 E Transition: Trying to add a ready-group twice: Display{#0 state=ON size=1920x1080 ROTATION_0}
05-24 10:13:39.099 698 1082 I ActivityTaskManager: START u0 {cmp=com.dangbei.leard.leradlauncher/com.dangbei.launcher.secondary.video.VideoSecondaryActivity (has extras)} with LAUNCH_SINGLE_TASK from uid 1000 (BAL_ALLOW_ALLOWLISTED_UID) result code=0
05-24 10:13:39.100 909 972 V WindowManagerShell: Transition requested: android.os.BinderProxy@7e3d002 TransitionRequestInfo { type = 1, triggerTask = TaskInfo{userId=0 taskId=26 displayId=0 isRunning=true baseIntent=Intent { act=android.intent.action.MAIN cat=[android.intent.category.HOME] flg=0x10800100 cmp=com.dangbei.leard.leradlauncher/com.dangbei.launcher.home.LauncherActivity } baseActivity=ComponentInfo{com.dangbei.leard.leradlauncher/com.dangbei.launcher.home.LauncherActivity} topActivity=ComponentInfo{com.dangbei.leard.leradlauncher/com.dangbei.launcher.secondary.video.VideoSecondaryActivity} origActivity=null realActivity=ComponentInfo{com.dangbei.leard.leradlauncher/com.dangbei.launcher.home.LauncherActivity} numActivities=2 lastActiveTime=47364 supportsMultiWindow=true resizeMode=0 isResizeable=false minWidth=-1 minHeight=-1 defaultMinSize=220 token=WCT{android.window.IWindowContainerToken$Stub$Proxy@8ec5d13} topActivityType=2 pictureInPictureParams=null shouldDockBigOverlays=true launchIntoPipHostTaskId=-1 lastParentTaskIdBeforePip=-1 displayCutoutSafeInsets=null topActivityInfo=ActivityInfo{b19b50 com.dangbei.launcher.secondary.video.VideoSecondaryActivity} launchCookies=[] positionInParent=Point(0, 0) parentTaskId=-1 isFocused=true isVisible=true isVisibleRequested=true isSleeping=false topActivityInSizeCompat=false topActivityEligibleForLetterboxEducation= false isLetterboxDoubleTapEnabled= false topActivityEligibleForUserAspectRatioButton= false topActivityBoundsLetterboxed= false isFromLetterboxDoubleTap= false topActivityLetterboxVerticalPosition= -1 topActivityLetterboxHorizontalPosition= -1 topActivityLetterboxWidth=-1 topActivityLetterboxHeight=-1 isUserFullscreenOverrideEnabled=false isTopActivityTransparent=false locusId=null displayAreaFeatureId=1 cameraCompatControlState=hidden}, remoteTransition = null, displayChange = null, flags = 0 }
05-24 10:13:39.109 698 1099 V WindowManager: app ------------- force_land :0
05-24 10:13:44.778 698 795 E LazyAlarmStore: Removed TIME_TICK alarm
05-24 10:13:44.778 698 729 I UsageStatsService: User[0] Time changed in by 5 seconds
05-24 10:13:44.778 698 729 I UsageStatsService: User[0] Flushing usage stats to disk
05-24 10:13:44.802 698 698 W SyncManager: Clock is valid now.
05-24 10:13:44.803 698 698 D ConditionProviders.SCP: onReceive android.intent.action.TIME_SET
05-24 10:13:44.824 698 729 I UsageStatsDatabase: Time changed by +5s660ms. files deleted: 0 files moved: 4
05-24 10:13:44.828 698 698 D ConditionProviders.SCP: evaluateSubscriptionLocked cal=ScheduleCalendar[mDays={1, 2, 3, 4, 5, 6, 7}, mSchedule=ScheduleInfo{days=[1, 2, 3, 4, 5, 6, 7], startHour=22, startMinute=0, endHour=7, endMinute=0, exitAtAlarm=true, nextAlarm=Thu Jan 01 08:00:00 GMT+08:00 1970 (0)}], now=Sat May 24 10:13:44 GMT+08:00 2025 (1748052824803), nextUserAlarmTime=Thu Jan 01 08:00:00 GMT+08:00 1970 (0)
05-24 10:13:44.828 698 698 D ConditionProviders.SCP: notifyCondition condition://android/schedule?days=1.2.3.4.5.6.7&start=22.0&end=7.0&exitAtAlarm=true STATE_FALSE reason=!meetsSchedule
05-24 10:13:44.829 698 698 D ConditionProviders.SCP: Scheduling evaluate for Sat May 24 22:00:00 GMT+08:00 2025 (1748095200000), in +11h46m15s197ms, now=Sat May 24 10:13:44 GMT+08:00 2025 (1748052824803)
05-24 10:13:44.830 698 698 D CompatibilityChangeReporter: Compat change id reported: 171306433; UID 1000; state: ENABLED
05-24 10:13:44.830 698 698 D CompatibilityChangeReporter: Compat change id reported: 218533173; UID 1000; state: ENABLED
05-24 10:13:44.838 698 729 I UsageStatsService: User[0] Rollover scheduled @ 2025-05-24 18:15:42(1748081742426)
05-24 10:13:44.838 698 729 I UsageStatsService: Time changed in by 5 seconds
05-24 10:13:44.841 698 851 D CompatibilityChangeReporter: Compat change id reported: 143231523; UID 1000; state: DISABLED
05-24 10:13:44.846 698 775 D CompatibilityChangeReporter: Compat change id reported: 218533173; UID 10017; state: ENABLED
05-24 10:13:44.847 698 775 D CompatibilityChangeReporter: Compat change id reported: 262645982; UID 10017; state: ENABLED
05-24 10:13:44.851 698 775 D CompatibilityChangeReporter: Compat change id reported: 218533173; UID 10039; state: DISABLED
05-24 10:13:44.852 698 775 D CompatibilityChangeReporter: Compat change id reported: 262645982; UID 10039; state: DISABLED
05-24 10:13:44.854 698 775 D CompatibilityChangeReporter: Compat change id reported: 218533173; UID 10019; state: ENABLED
05-24 10:13:44.855 698 775 D CompatibilityChangeReporter: Compat change id reported: 262645982; UID 10019; state: ENABLED
05-24 10:13:44.856 698 775 D CompatibilityChangeReporter: Compat change id reported: 218533173; UID 10026; state: ENABLED
05-24 10:13:44.857 698 775 D CompatibilityChangeReporter: Compat change id reported: 262645982; UID 10026; state: ENABLED
05-24 10:13:44.868 698 775 D CompatibilityChangeReporter: Compat change id reported: 218533173; UID 10027; state: DISABLED
05-24 10:13:44.868 698 775 D CompatibilityChangeReporter: Compat change id reported: 262645982; UID 10027; state: DISABLED
05-24 10:13:44.869 698 775 D CompatibilityChangeReporter: Compat change id reported: 218533173; UID 10043; state: DISABLED
05-24 10:13:44.870 698 775 D CompatibilityChangeReporter: Compat change id reported: 262645982; UID 10043; state: DISABLED
05-24 10:13:44.874 698 775 D CompatibilityChangeReporter: Compat change id reported: 218533173; UID 10073; state: ENABLED
05-24 10:13:44.875 698 775 D CompatibilityChangeReporter: Compat change id reported: 262645982; UID 10073; state: ENABLED
05-24 10:13:44.876 909 972 D WindowManagerShell: TvPipController: onTaskStackChanged()
05-24 10:13:44.884 698 775 D CompatibilityChangeReporter: Compat change id reported: 218533173; UID 10025; state: ENABLED
05-24 10:13:44.885 698 775 D CompatibilityChangeReporter: Compat change id reported: 262645982; UID 10025; state: ENABLED
05-24 10:13:44.886 698 775 D CompatibilityChangeReporter: Compat change id reported: 218533173; UID 10022; state: ENABLED
05-24 10:13:44.887 698 775 D CompatibilityChangeReporter: Compat change id reported: 262645982; UID 10022; state: ENABLED
05-24 10:13:44.888 698 711 W WindowManager: [addWindow] title:com.dangbei.leard.leradlauncher/com.dangbei.launcher.secondary.video.VideoSecondaryActivity
05-24 10:13:44.888 698 768 W WindowManager: Failed looking up window session=Session{c148d0f 1407:1000} callers=com.android.server.wm.WindowManagerService.windowForClientLocked:6075 com.android.server.wm.Session.updateRequestedVisibleTypes:695 android.view.IWindowSession$Stub.onTransact:1034
05-24 10:13:44.888 698 711 D CompatibilityChangeReporter: Compat change id reported: 168419799; UID 1000; state: DISABLED
05-24 10:13:44.888 698 711 D CompatibilityChangeReporter: Compat change id reported: 273564678; UID 1000; state: DISABLED
05-24 10:13:44.890 698 775 D CompatibilityChangeReporter: Compat change id reported: 218533173; UID 10049; state: DISABLED
05-24 10:13:44.891 698 775 D CompatibilityChangeReporter: Compat change id reported: 262645982; UID 10049; state: DISABLED
05-24 10:13:44.893 698 775 D CompatibilityChangeReporter: Compat change id reported: 218533173; UID 10055; state: ENABLED
05-24 10:13:44.894 698 775 D CompatibilityChangeReporter: Compat change id reported: 262645982; UID 10055; state: ENABLED
05-24 10:13:44.896 698 775 D CompatibilityChangeReporter: Compat change id reported: 218533173; UID 10067; state: ENABLED
05-24 10:13:44.896 698 775 D CompatibilityChangeReporter: Compat change id reported: 262645982; UID 10067; state: ENABLED
05-24 10:13:44.896 698 711 D CoreBackPreview: Window{d6583d u0 com.dangbei.leard.leradlauncher/com.dangbei.launcher.secondary.video.VideoSecondaryActivity}: Setting back callback OnBackInvokedCallbackInfo{mCallback=android.window.IOnBackInvokedCallback$Stub$Proxy@d74f983, mPriority=0, mIsAnimationCallback=false}
05-24 10:13:44.943 698 719 V WindowManager: Sent Transition #2 createdAt=05-24 10:13:39.088 via request=TransitionRequestInfo { type = 1, triggerTask = TaskInfo{userId=0 taskId=26 displayId=0 isRunning=true baseIntent=Intent { act=android.intent.action.MAIN cat=[android.intent.category.HOME] flg=0x10800100 cmp=com.dangbei.leard.leradlauncher/com.dangbei.launcher.home.LauncherActivity } baseActivity=ComponentInfo{com.dangbei.leard.leradlauncher/com.dangbei.launcher.home.LauncherActivity} topActivity=ComponentInfo{com.dangbei.leard.leradlauncher/com.dangbei.launcher.secondary.video.VideoSecondaryActivity} origActivity=null realActivity=ComponentInfo{com.dangbei.leard.leradlauncher/com.dangbei.launcher.home.LauncherActivity} numActivities=2 lastActiveTime=47364 supportsMultiWindow=true resizeMode=0 isResizeable=false minWidth=-1 minHeight=-1 defaultMinSize=220 token=WCT{RemoteToken{3abdd2e Task{f1656a3 #26 type=home A=1000:com.dangbei.leard.leradlauncher}}} topActivityType=2 pictureInPictureParams=null shouldDockBigOverlays=true launchIntoPipHostTaskId=-1 lastParentTaskIdBeforePip=-1 displayCutoutSafeInsets=null topActivityInfo=ActivityInfo{603aadf com.dangbei.launcher.secondary.video.VideoSecondaryActivity} launchCookies=[] positionInParent=Point(0, 0) parentTaskId=-1 isFocused=true isVisible=true isVisibleRequested=true isSleeping=false topActivityInSizeCompat=false topActivityEligibleForLetterboxEducation= false isLetterboxDoubleTapEnabled= false topActivityEligibleForUserAspectRatioButton= false topActivityBoundsLetterboxed= false isFromLetterboxDoubleTap= false topActivityLetterboxVerticalPosition= -1 topActivityLetterboxHorizontalPosition= -1 topActivityLetterboxWidth=-1 topActivityLetterboxHeight=-1 isUserFullscreenOverrideEnabled=false isTopActivityTransparent=false locusId=null displayAreaFeatureId=1 cameraCompatControlState=hidden}, remoteTransition = null, displayChange = null, flags = 0 }
05-24 10:13:44.943 698 719 V WindowManager: startWCT=WindowContainerTransaction { changes = {} hops = [] errorCallbackToken=null taskFragmentOrganizer=null }
05-24 10:13:44.943 698 719 V WindowManager: info={id=2 t=OPEN f=0x0 trk=0 r=[0@Point(0, 0)] c=[{null m=OPEN f=FILLS_TASK leash=Surface(name=ActivityRecord{8e9e01e u0 com.dangbei.leard.leradlauncher/com.dangbei.launcher.secondary.video.VideoSecondaryActivity)/@0x1d53b39 sb=Rect(0, 0 - 0, 0) eb=Rect(0, 0 - 1920, 1080) d=-1->0 r=-1->0:-1},{null m=TO_BACK f=FILLS_TASK leash=Surface(name=ActivityRecord{19b107 u0 com.dangbei.leard.leradlauncher/com.dangbei.launcher.home.LauncherActivity)/@0xd265700 sb=Rect(0, 0 - 1920, 1080) eb=Rect(0, 0 - 1920, 1080) d=0}]}
05-24 10:13:44.944 909 972 V WindowManagerShell: onTransitionReady android.os.BinderProxy@7e3d002: {id=2 t=OPEN f=0x0 trk=0 r=[0@Point(0, 0)] c=[{null m=OPEN f=FILLS_TASK leash=Surface(name=ActivityRecord{8e9e01e u0 com.dangbei.leard.leradlauncher/com.dangbei.launcher.secondary.video.VideoSecondaryActivity)/@0x8d1b149 sb=Rect(0, 0 - 0, 0) eb=Rect(0, 0 - 1920, 1080) d=-1->0 r=-1->0:-1},{null m=TO_BACK f=FILLS_TASK leash=Surface(name=ActivityRecord{19b107 u0 com.dangbei.leard.leradlauncher/com.dangbei.launcher.home.LauncherActivity)/@0xcc2ea4e sb=Rect(0, 0 - 1920, 1080) eb=Rect(0, 0 - 1920, 1080) d=0}]}
05-24 10:13:44.944 909 972 V WindowManagerShell: Playing animation for (#2)android.os.BinderProxy@7e3d002@0
05-24 10:13:44.944 909 972 V WindowManagerShell: try handler com.android.wm.shell.keyguard.KeyguardTransitionHandler@d0b8a65
05-24 10:13:44.944 909 972 V WindowManagerShell: try handler com.android.wm.shell.pip.tv.TvPipTransition@132e33a
05-24 10:13:44.944 909 972 V WindowManagerShell: try handler com.android.wm.shell.activityembedding.ActivityEmbeddingController@cc29beb
05-24 10:13:44.944 909 972 V WindowManagerShell: try handler com.android.wm.shell.transition.RemoteTransitionHandler@d202d48
05-24 10:13:44.944 909 972 V WindowManagerShell: Transition doesn't have explicit remote, search filters for match for {id=2 t=OPEN f=0x0 trk=0 r=[0@Point(0, 0)] c=[{null m=OPEN f=FILLS_TASK leash=Surface(name=ActivityRecord{8e9e01e u0 com.dangbei.leard.leradlauncher/com.dangbei.launcher.secondary.video.VideoSecondaryActivity)/@0x8d1b149 sb=Rect(0, 0 - 0, 0) eb=Rect(0, 0 - 1920, 1080) d=-1->0 r=-1->0:-1},{null m=TO_BACK f=FILLS_TASK leash=Surface(name=ActivityRecord{19b107 u0 com.dangbei.leard.leradlauncher/com.dangbei.launcher.home.LauncherActivity)/@0xcc2ea4e sb=Rect(0, 0 - 1920, 1080) eb=Rect(0, 0 - 1920, 1080) d=0}]}
05-24 10:13:44.944 909 972 V WindowManagerShell: Delegate animation for #2 to null
05-24 10:13:44.944 909 972 V WindowManagerShell: try handler com.android.wm.shell.transition.DefaultTransitionHandler@22f67e1
05-24 10:13:44.944 909 972 V WindowManagerShell: start default transition animation, info = {id=2 t=OPEN f=0x0 trk=0 r=[0@Point(0, 0)] c=[{null m=OPEN f=FILLS_TASK leash=Surface(name=ActivityRecord{8e9e01e u0 com.dangbei.leard.leradlauncher/com.dangbei.launcher.secondary.video.VideoSecondaryActivity)/@0x8d1b149 sb=Rect(0, 0 - 0, 0) eb=Rect(0, 0 - 1920, 1080) d=-1->0 r=-1->0:-1},{null m=TO_BACK f=FILLS_TASK leash=Surface(name=ActivityRecord{19b107 u0 com.dangbei.leard.leradlauncher/com.dangbei.launcher.home.LauncherActivity)/@0xcc2ea4e sb=Rect(0, 0 - 1920, 1080) eb=Rect(0, 0 - 1920, 1080) d=0}]}
05-24 10:13:44.946 909 972 V WindowManagerShell: Transition animation finished (aborted=false), notifying core (#2)android.os.BinderProxy@7e3d002@0
05-24 10:13:44.948 698 719 V WindowManager: Finish Transition #2: created at
05-24 10:13:39.088 collect-started=0.099ms request-sent=10.52ms started=12.874ms ready=27.406ms sent=193.947ms finished=199.832ms
05-24 10:13:44.950 909 972 V WindowManagerShell: Track 0 became idle
05-24 10:13:44.950 909 972 V WindowManagerShell: All active transition animations finished
05-24 10:13:44.950 909 972 V WindowManagerShell: animated by com.android.wm.shell.transition.DefaultTransitionHandler@22f67e1
05-24 10:13:44.950 909 972 V WindowManagerShell: Track 0 became idle
05-24 10:13:44.950 909 972 V WindowManagerShell: All active transition animations finished
05-24 10:13:44.968 698 1099 D CompatibilityChangeReporter: Compat change id reported: 214016041; UID 1000; state: ENABLED
05-24 10:13:44.969 698 1099 D CompatibilityChangeReporter: Compat change id reported: 214016041; UID 1000; state: DISABLED
05-24 10:13:45.002 698 720 W ContextImpl: Calling a method in the system process without a qualified user: android.app.ContextImpl.startService:1899 com.android.server.wm.DisplayPolicy.lambda$focusChangedLw$5:2126 com.android.server.wm.DisplayPolicy.$r8$lambda$Znxk63oh-WzVnzo_WQefN7uxV48:0 com.android.server.wm.DisplayPolicy$$ExternalSyntheticLambda13.run:0 android.os.Handler.handleCallback:958
05-24 10:13:46.750 698 722 D OomAdjuster: Not killing cached processes
05-24 10:13:48.973 1407 1407 W ContextImpl: Calling a method in the system process without a qualified user: android.app.ContextImpl.startActivity:1102 android.content.ContextWrapper.startActivity:436 he.b.f:119 he.a.b:75 fe.a.c:71
05-24 10:13:48.974 1407 1407 W ContextImpl: Calling a method in the system process without a qualified user: android.app.ContextImpl.startActivity:1114 android.app.ContextImpl.startActivity:1103 android.content.ContextWrapper.startActivity:436 he.b.f:119 he.a.b:75
05-24 10:13:48.977 698 1099 D CompatibilityChangeReporter: Compat change id reported: 265464455; UID 10076; state: DISABLED
05-24 10:13:48.977 698 1099 D CompatibilityChangeReporter: Compat change id reported: 265452344; UID 10076; state: DISABLED
05-24 10:13:48.978 698 1099 D CompatibilityChangeReporter: Compat change id reported: 266124927; UID 10076; state: DISABLED
05-24 10:13:48.978 698 1099 D CompatibilityChangeReporter: Compat change id reported: 265451093; UID 10076; state: DISABLED
05-24 10:13:48.979 698 1099 D CompatibilityChangeReporter: Compat change id reported: 265456536; UID 10076; state: DISABLED
05-24 10:13:48.979 698 1099 D CompatibilityChangeReporter: Compat change id reported: 255940284; UID 10076; state: DISABLED
05-24 10:13:48.980 698 1099 D CompatibilityChangeReporter: Compat change id reported: 236283604; UID 10076; state: DISABLED
05-24 10:13:48.980 698 1099 D CompatibilityChangeReporter: Compat change id reported: 263959004; UID 10076; state: DISABLED
05-24 10:13:48.981 698 1099 D CompatibilityChangeReporter: Compat change id reported: 264304459; UID 10076; state: DISABLED
05-24 10:13:48.981 698 1099 D CompatibilityChangeReporter: Compat change id reported: 264301586; UID 10076; state: DISABLED
05-24 10:13:48.981 698 1099 D CompatibilityChangeReporter: Compat change id reported: 254631730; UID 10076; state: DISABLED
05-24 10:13:48.982 698 1099 D CompatibilityChangeReporter: Compat change id reported: 273509367; UID 10076; state: DISABLED
05-24 10:13:48.983 698 1099 D CompatibilityChangeReporter: Compat change id reported: 263259275; UID 10076; state: DISABLED
05-24 10:13:48.985 698 1099 D CompatibilityChangeReporter: Compat change id reported: 174042980; UID 10076; state: DISABLED
05-24 10:13:48.985 698 1099 D CompatibilityChangeReporter: Compat change id reported: 174042936; UID 10076; state: DISABLED
05-24 10:13:48.985 698 1099 D CompatibilityChangeReporter: Compat change id reported: 181136395; UID 10076; state: DISABLED
05-24 10:13:48.991 698 1099 D CompatibilityChangeReporter: Compat change id reported: 194480991; UID 10076; state: ENABLED
05-24 10:13:48.998 698 1099 D CompatibilityChangeReporter: Compat change id reported: 184838306; UID 10076; state: DISABLED
05-24 10:13:48.998 698 1099 D CompatibilityChangeReporter: Compat change id reported: 185004937; UID 10076; state: DISABLED
05-24 10:13:49.000 698 1099 D CompatibilityChangeReporter: Compat change id reported: 197654537; UID 10076; state: DISABLED
05-24 10:13:49.003 698 1099 V SplashScreenExceptionList: SplashScreen checking exception for package com.dangbei.hqmedia (target sdk:29) -> false
05-24 10:13:49.004 698 1099 D CompatibilityChangeReporter: Compat change id reported: 205907456; UID 10076; state: DISABLED
05-24 10:13:49.011 909 972 V WindowManagerShell: Transition requested: android.os.BinderProxy@8fb1905 TransitionRequestInfo { type = 1, triggerTask = TaskInfo{userId=0 taskId=27 displayId=0 isRunning=true baseIntent=Intent { act=android.intent.action.VIEW dat=hq://mediadetail/... flg=0x10800000 pkg=com.dangbei.hqmedia cmp=com.dangbei.hqmedia/com.dangbei.launcher.media.ui.media.film.FilmDetailActivity } baseActivity=ComponentInfo{com.dangbei.hqmedia/com.dangbei.launcher.media.ui.media.film.FilmDetailActivity} topActivity=ComponentInfo{com.dangbei.hqmedia/com.dangbei.launcher.media.ui.media.film.FilmDetailActivity} origActivity=null realActivity=ComponentInfo{com.dangbei.hqmedia/com.dangbei.launcher.media.ui.media.film.FilmDetailActivity} numActivities=1 lastActiveTime=51617 supportsMultiWindow=true resizeMode=1 isResizeable=true minWidth=-1 minHeight=-1 defaultMinSize=220 token=WCT{android.window.IWindowContainerToken$Stub$Proxy@3675d5a} topActivityType=1 pictureInPictureParams=null shouldDockBigOverlays=true launchIntoPipHostTaskId=-1 lastParentTaskIdBeforePip=-1 displayCutoutSafeInsets=null topActivityInfo=ActivityInfo{f105b8b com.dangbei.launcher.media.ui.media.film.FilmDetailActivity} launchCookies=[] positionInParent=Point(0, 0) parentTaskId=-1 isFocused=false isVisible=false isVisibleRequested=false isSleeping=false topActivityInSizeCompat=false topActivityEligibleForLetterboxEducation= false isLetterboxDoubleTapEnabled= false topActivityEligibleForUserAspectRatioButton= false topActivityBoundsLetterboxed= false isFromLetterboxDoubleTap= false topActivityLetterboxVerticalPosition= -1 topActivityLetterboxHorizontalPosition= -1 topActivityLetterboxWidth=-1 topActivityLetterboxHeight=-1 isUserFullscreenOverrideEnabled=false isTopActivityTransparent=false locusId=null displayAreaFeatureId=1 cameraCompatControlState=hidden}, remoteTransition = null, displayChange = null, flags = 0 }
05-24 10:13:49.012 698 1099 I ActivityTaskManager: START u0 {act=android.intent.action.VIEW dat=hq://mediadetail/... flg=0x10000000 pkg=com.dangbei.hqmedia cmp=com.dangbei.hqmedia/com.dangbei.launcher.media.ui.media.film.FilmDetailActivity (has extras)} with LAUNCH_SINGLE_TASK from uid 1000 (BAL_ALLOW_ALLOWLISTED_UID) result code=0
05-24 10:13:49.016 698 722 D CompatibilityChangeReporter: Compat change id reported: 135634846; UID 10076; state: DISABLED
05-24 10:13:49.017 698 731 D CompatibilityChangeReporter: Compat change id reported: 143937733; UID 10076; state: DISABLED
05-24 10:13:49.032 698 775 D CompatibilityChangeReporter: Compat change id reported: 265195908; UID 10076; state: ENABLED
05-24 10:13:49.038 698 731 I ActivityManager: Start proc 2474:com.dangbei.hqmedia/u0a76 for next-top-activity {com.dangbei.hqmedia/com.dangbei.launcher.media.ui.media.film.FilmDetailActivity}
05-24 10:13:49.068 698 768 D CompatibilityChangeReporter: Compat change id reported: 168419799; UID 10076; state: DISABLED
05-24 10:13:49.069 698 768 D CompatibilityChangeReporter: Compat change id reported: 273564678; UID 10076; state: DISABLED
05-24 10:13:49.096 698 768 D CompatibilityChangeReporter: Compat change id reported: 170503758; UID 10076; state: DISABLED
05-24 10:13:49.120 909 972 D WindowManagerShell: TvPipController: onTaskStackChanged()
05-24 10:13:49.215 698 768 D CompatibilityChangeReporter: Compat change id reported: 161145287; UID 10076; state: DISABLED
05-24 10:13:49.235 698 1082 D CompatibilityChangeReporter: Compat change id reported: 149924527; UID 10076; state: ENABLED
05-24 10:13:49.236 698 711 D CompatibilityChangeReporter: Compat change id reported: 132649864; UID 10076; state: DISABLED
05-24 10:13:49.243 698 1082 V WindowManager: app ------------- force_land :0
05-24 10:13:43.683 0 0 W [2 T2490 ..] audit: audit_lost=152 audit_rate_limit=5 audit_backlog_limit=64
05-24 10:13:43.684 0 0 E [2 T2490 ..] audit: rate limit exceeded
05-24 10:13:49.341 698 1099 W WindowManager: [addWindow] title:com.dangbei.hqmedia/com.dangbei.launcher.media.ui.media.film.FilmDetailActivity
05-24 10:13:49.362 698 1099 W WindowManager: [addWindow] title:com.dangbei.hqmedia/com.dangbei.launcher.media.ui.media.film.FilmDetailActivity
05-24 10:13:49.367 698 1099 D CoreBackPreview: Window{26f238d u0 com.dangbei.hqmedia/com.dangbei.launcher.media.ui.media.film.FilmDetailActivity}: Setting back callback OnBackInvokedCallbackInfo{mCallback=android.window.IOnBackInvokedCallback$Stub$Proxy@17ce7a8, mPriority=0, mIsAnimationCallback=false}
05-24 10:13:49.445 698 720 W ContextImpl: Calling a method in the system process without a qualified user: android.app.ContextImpl.startService:1899 com.android.server.wm.DisplayPolicy.lambda$focusChangedLw$5:2126 com.android.server.wm.DisplayPolicy.$r8$lambda$Znxk63oh-WzVnzo_WQefN7uxV48:0 com.android.server.wm.DisplayPolicy$$ExternalSyntheticLambda13.run:0 android.os.Handler.handleCallback:958
05-24 10:13:43.838 0 0 I [0 T229 ..] servicemanager: Found android.hardware.graphics.allocator.IAllocator/default in device VINTF manifest.
05-24 10:13:43.841 0 0 I [1 T229 ..] servicemanager: Found android.hardware.graphics.allocator.IAllocator/default in device VINTF manifest.
05-24 10:13:49.507 698 1099 D CoreBackPreview: Window{e90cbbc u0 com.dangbei.hqmedia/com.dangbei.launcher.media.ui.media.film.FilmDetailActivity}: Setting back callback OnBackInvokedCallbackInfo{mCallback=android.window.IOnBackInvokedCallback$Stub$Proxy@4b402c1, mPriority=0, mIsAnimationCallback=false}
05-24 10:13:43.893 0 0 E [2 T261 ..] aml_cma_alloc: heap-gfx: alloc failed, req-size: 2072 pages, ret: -12
05-24 10:13:49.645 909 972 V WindowManagerShell: onTransitionReady android.os.BinderProxy@8fb1905: {id=3 t=OPEN f=0x0 trk=0 r=[0@Point(0, 0)] c=[{WCT{android.window.IWindowContainerToken$Stub$Proxy@9ba7f14} m=OPEN f=NONE leash=Surface(name=Task=27)/@0xe5d8468 sb=Rect(0, 0 - 1920, 1080) eb=Rect(0, 0 - 1920, 1080) d=0},{WCT{android.window.IWindowContainerToken$Stub$Proxy@49863bd} m=TO_BACK f=NONE leash=Surface(name=Task=1)/@0x3adf526 sb=Rect(0, 0 - 1920, 1080) eb=Rect(0, 0 - 1920, 1080) d=0}]}
05-24 10:13:49.646 909 972 V WindowManagerShell: Playing animation for (#3)android.os.BinderProxy@8fb1905@0
05-24 10:13:49.646 909 972 V WindowManagerShell: try handler com.android.wm.shell.keyguard.KeyguardTransitionHandler@d0b8a65
05-24 10:13:49.646 909 972 V WindowManagerShell: try handler com.android.wm.shell.pip.tv.TvPipTransition@132e33a
05-24 10:13:49.646 909 972 V WindowManagerShell: try handler com.android.wm.shell.activityembedding.ActivityEmbeddingController@cc29beb
05-24 10:13:49.646 909 972 V WindowManagerShell: try handler com.android.wm.shell.transition.RemoteTransitionHandler@d202d48
05-24 10:13:49.646 909 972 V WindowManagerShell: Transition doesn't have explicit remote, search filters for match for {id=3 t=OPEN f=0x0 trk=0 r=[0@Point(0, 0)] c=[{WCT{android.window.IWindowContainerToken$Stub$Proxy@9ba7f14} m=OPEN f=NONE leash=Surface(name=Task=27)/@0xe5d8468 sb=Rect(0, 0 - 1920, 1080) eb=Rect(0, 0 - 1920, 1080) d=0},{WCT{android.window.IWindowContainerToken$Stub$Proxy@49863bd} m=TO_BACK f=NONE leash=Surface(name=Task=1)/@0x3adf526 sb=Rect(0, 0 - 1920, 1080) eb=Rect(0, 0 - 1920, 1080) d=0}]}
05-24 10:13:49.646 909 972 V WindowManagerShell: Delegate animation for #3 to null
05-24 10:13:49.646 909 972 V WindowManagerShell: try handler com.android.wm.shell.transition.DefaultTransitionHandler@22f67e1
05-24 10:13:49.646 909 972 V WindowManagerShell: start default transition animation, info = {id=3 t=OPEN f=0x0 trk=0 r=[0@Point(0, 0)] c=[{WCT{android.window.IWindowContainerToken$Stub$Proxy@9ba7f14} m=OPEN f=NONE leash=Surface(name=Task=27)/@0xe5d8468 sb=Rect(0, 0 - 1920, 1080) eb=Rect(0, 0 - 1920, 1080) d=0},{WCT{android.window.IWindowContainerToken$Stub$Proxy@49863bd} m=TO_BACK f=NONE leash=Surface(name=Task=1)/@0x3adf526 sb=Rect(0, 0 - 1920, 1080) eb=Rect(0, 0 - 1920, 1080) d=0}]}
05-24 10:13:49.647 909 972 V WindowManagerShell: loadAnimation: anim=android.view.animation.AlphaAnimation@4743db2 animAttr=0x9 type=OPEN isEntrance=false
05-24 10:13:49.648 698 719 V WindowManager: Sent Transition #3 createdAt=05-24 10:13:48.992 via request=TransitionRequestInfo { type = 1, triggerTask = TaskInfo{userId=0 taskId=27 displayId=0 isRunning=true baseIntent=Intent { act=android.intent.action.VIEW dat=hq://mediadetail/... flg=0x10800000 pkg=com.dangbei.hqmedia cmp=com.dangbei.hqmedia/com.dangbei.launcher.media.ui.media.film.FilmDetailActivity } baseActivity=ComponentInfo{com.dangbei.hqmedia/com.dangbei.launcher.media.ui.media.film.FilmDetailActivity} topActivity=ComponentInfo{com.dangbei.hqmedia/com.dangbei.launcher.media.ui.media.film.FilmDetailActivity} origActivity=null realActivity=ComponentInfo{com.dangbei.hqmedia/com.dangbei.launcher.media.ui.media.film.FilmDetailActivity} numActivities=1 lastActiveTime=51617 supportsMultiWindow=true resizeMode=1 isResizeable=true minWidth=-1 minHeight=-1 defaultMinSize=220 token=WCT{RemoteToken{23d09fd Task{ffd8030 #27 type=standard A=10076:com.dangbei.hqmedia}}} topActivityType=1 pictureInPictureParams=null shouldDockBigOverlays=true launchIntoPipHostTaskId=-1 lastParentTaskIdBeforePip=-1 displayCutoutSafeInsets=null topActivityInfo=ActivityInfo{3b686f2 com.dangbei.launcher.media.ui.media.film.FilmDetailActivity} launchCookies=[] positionInParent=Point(0, 0) parentTaskId=-1 isFocused=false isVisible=false isVisibleRequested=false isSleeping=false topActivityInSizeCompat=false topActivityEligibleForLetterboxEducation= false isLetterboxDoubleTapEnabled= false topActivityEligibleForUserAspectRatioButton= false topActivityBoundsLetterboxed= false isFromLetterboxDoubleTap= false topActivityLetterboxVerticalPosition= -1 topActivityLetterboxHorizontalPosition= -1 topActivityLetterboxWidth=-1 topActivityLetterboxHeight=-1 isUserFullscreenOverrideEnabled=false isTopActivityTransparent=false locusId=null displayAreaFeatureId=1 cameraCompatControlState=hidden}, remoteTransition = null, displayChange = null, flags = 0 }
05-24 10:13:49.648 698 719 V WindowManager: startWCT=WindowContainerTransaction { changes = {} hops = [] errorCallbackToken=null taskFragmentOrganizer=null }
05-24 10:13:49.648 698 719 V WindowManager: info={id=3 t=OPEN f=0x0 trk=0 r=[0@Point(0, 0)] c=[{WCT{RemoteToken{23d09fd Task{ffd8030 #27 type=standard A=10076:com.dangbei.hqmedia}}} m=OPEN f=NONE leash=Surface(name=Task=27)/@0xbc22a66 sb=Rect(0, 0 - 1920, 1080) eb=Rect(0, 0 - 1920, 1080) d=0},{WCT{RemoteToken{3016143 Task{b2a40c9 #1 type=home}}} m=TO_BACK f=NONE leash=Surface(name=Task=1)/@0xcab6853 sb=Rect(0, 0 - 1920, 1080) eb=Rect(0, 0 - 1920, 1080) d=0}]}
05-24 10:13:49.651 909 972 V WindowManagerShell: loadAnimation: anim=android.view.animation.AlphaAnimation@ae482fe animAttr=0x8 type=OPEN isEntrance=true
05-24 10:13:49.654 909 972 V WindowManagerShell: animated by com.android.wm.shell.transition.DefaultTransitionHandler@22f67e1
05-24 10:13:49.778 698 1099 D CompatibilityChangeReporter: Compat change id reported: 214016041; UID 10076; state: DISABLED
05-24 10:13:49.841 698 1099 D CompatibilityChangeReporter: Compat change id reported: 261072174; UID 1000; state: ENABLED
05-24 10:13:50.072 909 972 V WindowManagerShell: Transition animation finished (aborted=false), notifying core (#3)android.os.BinderProxy@8fb1905@0
05-24 10:13:50.075 698 719 V WindowManager: Finish Transition #3: created at
05-24 10:13:48.992 collect-started=0.071ms request-sent=17.639ms started=20.213ms ready=254.397ms sent=639.72ms finished=1082.705ms
05-24 10:13:50.077 909 972 V WindowManagerShell: Track 0 became idle
05-24 10:13:50.078 909 972 V WindowManagerShell: All active transition animations finished
05-24 10:13:50.168 698 1099 D CoreBackPreview: Window{26f238d u0 com.dangbei.hqmedia/com.dangbei.launcher.media.ui.media.film.FilmDetailActivity}: Setting back callback null
05-24 10:13:50.233 698 722 V WindowManager: Unknown focus tokens, dropping reportFocusChanged
05-24 10:13:50.316 698 720 W ContextImpl: Calling a method in the system process without a qualified user: android.app.ContextImpl.startService:1899 com.android.server.wm.DisplayPolicy.lambda$focusChangedLw$5:2126 com.android.server.wm.DisplayPolicy.$r8$lambda$Znxk63oh-WzVnzo_WQefN7uxV48:0 com.android.server.wm.DisplayPolicy$$ExternalSyntheticLambda13.run:0 android.os.Handler.handleCallback:958
05-24 10:13:50.399 698 1099 W WindowManager: [addWindow] title:Toast
05-24 10:13:50.420 698 1082 D CoreBackPreview: Window{e655a08 u0 Toast}: Setting back callback OnBackInvokedCallbackInfo{mCallback=android.window.IOnBackInvokedCallback$Stub$Proxy@e80bd23, mPriority=0, mIsAnimationCallback=false}
05-24 10:13:44.945 0 0 W : [3 T1038 ..] traffic busy!!
05-24 10:13:45.959 0 0 W [0 T2540 ..] audit: audit_lost=177 audit_rate_limit=5 audit_backlog_limit=64
05-24 10:13:45.962 0 0 E [0 T2540 ..] audit: rate limit exceeded
05-24 10:13:52.285 698 1099 D CoreBackPreview: Window{e655a08 u0 Toast}: Setting back callback null
05-24 10:13:52.305 698 1082 W NotificationService: Toast already killed. pkg=com.dangbei.hqmedia token=android.os.BinderProxy@6d3c3d2
05-24 10:13:47.252 0 0 E : [2 T2781 ..] mediaproxy produce init [aml-vcodec-dec]
05-24 10:13:47.252 0 0 I : [2 T2781 ..] Mediaproxy is opened name[aml-vcodec-dec]\n
05-24 10:13:47.252 0 0 I : [2 T2781 ..] Mediaproxy is opened name[aml-vcodec-dec] end\n
05-24 10:13:47.252 0 0 E : [2 T2781 ..] mediaproxy produce start connect
05-24 10:13:47.254 0 0 I : [2 T2781 ..] success to alloc kfifo size:[32] i=[2]
05-24 10:13:47.255 0 0 I : [2 T2781 ..] find p kfifo size:[32][2]
05-24 10:13:47.255 0 0 I : [2 T2781 ..] mediaproxy_get_fifo get idx[2]
05-24 10:13:47.256 0 0 I : [2 T2781 ..] Session producer-2 is connected fifo idx [2]
05-24 10:13:47.257 0 0 E : [2 T2781 ..] mediaproxy produce connect [2]
05-24 10:13:47.257 0 0 I : [2 T2781 ..] mediaproxy produce msg type :0x40 module_name:aml-vcodec-dec
05-24 10:13:47.261 0 0 I : [1 T2781 ..] deinit session
05-24 10:13:47.261 0 0 I : [1 T2781 ..] deinit session producer-2
05-24 10:13:47.261 0 0 I : [1 T2781 ..] deinit has_unusing_fifo [1]
05-24 10:13:47.262 0 0 I : [2 T99 ..] p_fifo[2] name[aml-vcodec-dec] state[0] to MP_FIFO_UNUSED
05-24 10:13:47.267 0 0 E : [1 T2781 ..] mediaproxy produce init [aml-vcodec-dec]
05-24 10:13:47.267 0 0 I : [1 T2781 ..] Mediaproxy is opened name[aml-vcodec-dec]\n
05-24 10:13:47.267 0 0 I : [1 T2781 ..] Mediaproxy is opened name[aml-vcodec-dec] end\n
05-24 10:13:47.268 0 0 E : [1 T2781 ..] mediaproxy produce start connect
05-24 10:13:47.269 0 0 I : [1 T2781 ..] find p kfifo size:[32][2]
05-24 10:13:47.270 0 0 I : [1 T2781 ..] mediaproxy_get_fifo get idx[2]
05-24 10:13:47.271 0 0 I : [1 T2781 ..] Session producer-2 is connected fifo idx [2]
05-24 10:13:47.271 0 0 E : [1 T2781 ..] mediaproxy produce connect [2]
05-24 10:13:47.272 0 0 I : [1 T2781 ..] mediaproxy produce msg type :0x40 module_name:aml-vcodec-dec
05-24 10:13:47.274 0 0 I : [1 T2781 ..] deinit session
05-24 10:13:47.274 0 0 I : [1 T2781 ..] deinit session producer-2
05-24 10:13:47.274 0 0 I : [1 T2781 ..] deinit has_unusing_fifo [1]
05-24 10:13:47.275 0 0 I : [3 T99 ..] p_fifo[2] name[aml-vcodec-dec] state[0] to MP_FIFO_UNUSED
05-24 10:13:47.285 0 0 I : [2 T2781 ..] codec mem info:
05-24 10:13:47.285 0 0 I : [2 T2781 ..] total codec mem size:364 MB
05-24 10:13:47.285 0 0 I : [2 T2781 ..] alloced size= 0 MB
05-24 10:13:47.285 0 0 I : [2 T2781 ..] max alloced: 0 MB
05-24 10:13:47.285 0 0 I [2 T2781 ..] CMA: 0,RES:0,TVP:0,SYS:0,COHER:0,VMAPED:0 MB
05-24 10:13:47.285 0 0 I [2 T2781 ..] RES_EXT: 0 MB
05-24 10:13:47.285 0 0 I : [2 T2781 ..] [4]CMA size:364 MB:alloced: 0 MB,free:364 MB
05-24 10:13:47.296 0 0 I : [2 T2781 ..] codec mem info:
05-24 10:13:47.296 0 0 I : [2 T2781 ..] total codec mem size:364 MB
05-24 10:13:47.297 0 0 I : [2 T2781 ..] alloced size= 0 MB
05-24 10:13:47.298 0 0 I : [2 T2781 ..] max alloced: 0 MB
05-24 10:13:47.298 0 0 I [2 T2781 ..] CMA: 0,RES:0,TVP:0,SYS:0,COHER:0,VMAPED:0 MB
05-24 10:13:47.298 0 0 I [2 T2781 ..] RES_EXT: 0 MB
05-24 10:13:47.301 0 0 I : [2 T2781 ..] [4]CMA size:364 MB:alloced: 0 MB,free:364 MB
05-24 10:13:47.303 0 0 E : [2 T2786 ..] mediaproxy produce init [aml-vcodec-dec]
05-24 10:13:47.303 0 0 I : [2 T2786 ..] Mediaproxy is opened name[aml-vcodec-dec]\n
05-24 10:13:47.303 0 0 I : [2 T2786 ..] Mediaproxy is opened name[aml-vcodec-dec] end\n
05-24 10:13:47.306 0 0 E : [2 T2786 ..] mediaproxy produce start connect
05-24 10:13:47.307 0 0 I : [2 T2786 ..] find p kfifo size:[32][2]
05-24 10:13:47.307 0 0 I : [2 T2786 ..] mediaproxy_get_fifo get idx[2]
05-24 10:13:47.308 0 0 I : [2 T2786 ..] Session producer-2 is connected fifo idx [2]
05-24 10:13:47.308 0 0 E : [2 T2786 ..] mediaproxy produce connect [2]
05-24 10:13:47.310 0 0 I : [2 T2786 ..] mediaproxy produce msg type :0x40 module_name:aml-vcodec-dec
05-24 10:13:47.311 0 0 I : [3 T2786 ..] deinit session
05-24 10:13:47.311 0 0 I : [3 T2786 ..] deinit session producer-2
05-24 10:13:47.312 0 0 I : [3 T2786 ..] deinit has_unusing_fifo [1]
05-24 10:13:47.312 0 0 I : [3 T99 ..] p_fifo[2] name[aml-vcodec-dec] state[0] to MP_FIFO_UNUSED
05-24 10:13:47.314 0 0 E : [3 T2786 ..] mediaproxy produce init [aml-vcodec-dec]
05-24 10:13:47.314 0 0 I : [3 T2786 ..] Mediaproxy is opened name[aml-vcodec-dec]\n
05-24 10:13:47.314 0 0 I : [3 T2786 ..] Mediaproxy is opened name[aml-vcodec-dec] end\n
05-24 10:13:47.315 0 0 E : [3 T2786 ..] mediaproxy produce start connect
05-24 10:13:47.316 0 0 I : [3 T2786 ..] find p kfifo size:[32][2]
05-24 10:13:47.317 0 0 I : [3 T2786 ..] mediaproxy_get_fifo get idx[2]
05-24 10:13:47.318 0 0 I : [3 T2786 ..] Session producer-2 is connected fifo idx [2]
05-24 10:13:47.318 0 0 E : [3 T2786 ..] mediaproxy produce connect [2]
05-24 10:13:47.319 0 0 I : [3 T2786 ..] mediaproxy produce msg type :0x40 module_name:aml-vcodec-dec
05-24 10:13:47.329 0 0 I [3 T2786 ..] [amlv4l]: [3]: DW:3, TW:0, Margin:6
05-24 10:13:47.331 0 0 I [0 T2781 ..] [amlv4l]: [3]: set vf duration: c80
05-24 10:13:47.334 0 0 D [0 T2791 ..] [amlcom]: vdec_create instance 00000000047ec49e, total 1, PM: power-domain
05-24 10:13:47.334 0 0 D [0 T2791 ..] [media_clock]: hevc mux clock is 799999988 Hz
05-24 10:13:47.335 0 0 I [0 T2791 ..] [amlcom]: dos_local_config end, id 3, is_on 1
05-24 10:13:47.335 0 0 I [0 T2791 ..] [amlcom]: vdec_init, dev_name:ammvdec_h265_v4l, vdec_type=VDEC_TYPE_FRAME_BLOCK, format: 11, total: 1
05-24 10:13:47.342 0 0 D [0 T2791 ..] [h265]: [0]pdata->config=parm_v4l_codec_enable:1;parm_v4l_buffer_margin:6;hevc_double_write_mode:3;hevc_triple_write_mode:0;hevc_buf_width:4096;hevc_buf_height:2304;save_buffer_mode:0;parm_v4l_canvas_mem_mode:0;parm_v4l_canvas_mem_endian:0;parm_v4l_low_latency_mode:0;parm_v4l_metadata_config_flag:1050626;parm_v4l_duration:0;dv_profile:0;parm_v4l_error_handle_info:0;
05-24 10:13:47.342 0 0 D [0 T2791 ..] [h265]: [0]discard dv data
05-24 10:13:47.342 0 0 D [0 T2791 ..] [h265]: [0]dv_profile: 0
05-24 10:13:47.342 0 0 D [0 T2791 ..] [h265]: [0]Correction: policy 0x2 mode 2 lcu_percentage_threshold 0
05-24 10:13:47.350 0 0 D [2 T2791 ..] [h265]: [0]dynamic_buf_num_margin=6
05-24 10:13:47.350 0 0 D [2 T2791 ..] [h265]: [0]double_write_mode=3
05-24 10:13:47.350 0 0 D [2 T2791 ..] [h265]: [0]nal_skip_policy=2
05-24 10:13:47.350 0 0 D [2 T2791 ..] [h265]: [0]h265:pts_unstable=0
05-24 10:13:47.350 0 0 D [2 T2791 ..] [h265]: [0]h265: ver (201602101,0) decinfo: 0x0 rate=3600
05-24 10:13:47.352 0 0 D [3 T2791 ..] [h265]: ucode version 4.175, swap enable 1
05-24 10:13:47.352 0 0 D [3 T2791 ..] [media_clock]: hevc mux clock is 799999988 Hz
05-24 10:13:47.352 0 0 D [3 T2791 ..] [amlcom]: hevc video changed to 3840 x 2160 60 fps clk->800MHZ
05-24 10:13:47.368 0 0 D [1 T254 ..] [h265]: [0]vh265 cached=0 need_size=16384 speed= 20 ms
05-24 10:13:47.368 0 0 D [0 T252 ..] [h265]: set ucode parse
05-24 10:13:47.369 0 0 W : [0 T252 ..] hevc get comp info: 64 65536 586
05-24 10:13:47.369 0 0 D [0 T252 ..] [h265]: margin = 6, sps_max_dec_pic_buffering_minus1_0 = 5
05-24 10:13:47.369 0 0 I [0 T252 ..] [amlv4l]: [3]: Parse from ucode, visible(1920 x 800), coded(1920 x 832), scan:P, bitdepth(8), DW/TW(3, 0)
05-24 10:13:47.370 0 0 I [1 T2791 ..] [amlv4l]: [3]: Picture buffer count: dec:7, vpp:0, ge2d:0, margin:6, total:13
05-24 10:13:47.371 0 0 D [0 T252 ..] [h265]: [0]hevc->performance_profile 0
05-24 10:13:47.371 0 0 D [0 T252 ..] [h265]: [0]set pic_list_init_flag 1
05-24 10:13:47.371 0 0 D [2 T327 ..] [h265]: [0]init_buf_spec2 1920 800
05-24 10:13:47.371 0 0 D [2 T327 ..] [h265]: [0]set pic_list_init_flag to 2
05-24 10:13:47.371 0 0 D [0 T252 ..] [h265]: [0]set pic_list_init_flag to 3
05-24 10:13:47.371 0 0 D [0 T252 ..] [h265]: [vdec_kpi][vh265_isr_thread_fn] First I frame coming.
05-24 10:13:47.371 0 0 D [1 T2791 ..] [amlv4l]: [3]: Post event: res chg
05-24 10:13:47.383 0 0 I [1 T229 ..] servicemanager: Found android.hardware.graphics.allocator.IAllocator/default in device VINTF manifest.
05-24 10:13:47.388 0 0 I [3 T229 ..] servicemanager: Found android.hardware.graphics.allocator.IAllocator/default in device VINTF manifest.
05-24 10:13:47.417 0 0 D [0 T252 ..] [h265]: [0]VH265: output first frame poc 0
05-24 10:13:47.417 0 0 D [0 T252 ..] [h265]: [0]decoder duration change old: 0 new: 4000
05-24 10:13:47.417 0 0 D [0 T252 ..] [h265]: [vdec_kpi][post_video_frame] First I frame decoded.
05-24 10:13:47.505 0 0 W [0 T280 ..] audit: audit_lost=186 audit_rate_limit=5 audit_backlog_limit=64
05-24 10:13:47.506 0 0 E [0 T280 ..] audit: rate limit exceeded
05-24 10:13:47.522 0 0 I : [1 T293 ..] di_process_open iminor(inode) =0
05-24 10:13:47.523 0 0 I [1 T293 ..] dim: reg:use[0]ms
05-24 10:13:47.523 0 0 I [1 T293 ..] dim: ins:create:ch[2],tmode[3]
05-24 10:13:47.523 0 0 I [1 T293 ..] dim: out:0x80000000
05-24 10:13:47.529 0 0 E [3 T293 ..] dp: [0]no hdr10+ data.
05-24 10:13:47.529 0 0 E [3 T293 ..] dp: [0]no meta_data.
05-24 10:13:47.529 0 0 E [3 T293 ..] dp: [0]no ud.
05-24 10:13:47.530 0 0 I [0 T109 ..] dim: value reg:ch[2]:fix_buf:0;ponly <0,0> post_nub=5
05-24 10:13:47.530 0 0 I [3 T293 ..] vc: [0]vc: set enable index=0, val=1
05-24 10:13:47.531 0 0 I [0 T109 ..] dim: di_cnt_i_buf1:tvp:0
05-24 10:13:47.531 0 0 I [3 T293 ..] VID: VD1 off
05-24 10:13:47.531 0 0 I [3 T293 ..] VID: VD1 set global output as 1
05-24 10:13:47.531 0 0 I [3 T293 ..] VID: store VD0 path_id changed -1->2
05-24 10:13:47.531 0 0 I [3 T293 ..] vc: [0]sideband_type =-1
05-24 10:13:47.532 0 0 I [0 T109 ..] dim: di_reg_setting:ch[2]:for first ch reg:
05-24 10:13:47.535 0 0 I [0 T109 ..] dim: ch[2]:reg:mem cfg[0][0][0]
05-24 10:13:47.536 0 0 I [0 T109 ..] dim: ch[2]:bypass change:i:0->1:0x60
05-24 10:13:47.550 0 0 I [0 T329 ..] dim: pq i:rm 0x1000
05-24 10:13:47.551 0 0 I [0 T329 ..] dim: pq i:rm 0x2000
05-24 10:13:47.555 0 0 I [2 T329 ..] dim: pq i:rm 0x200
05-24 10:13:47.556 0 0 I [2 T329 ..] dim: pq i:rm 0x800
05-24 10:13:53.356 698 1099 W WindowManager: [addWindow] title:Toast
05-24 10:13:53.382 698 1099 D CoreBackPreview: Window{fe9b7ce u0 Toast}: Setting back callback OnBackInvokedCallbackInfo{mCallback=android.window.IOnBackInvokedCallback$Stub$Proxy@9d46485, mPriority=0, mIsAnimationCallback=false}
05-24 10:13:54.400 698 722 W WindowManager: Unable to start animation, surface is null or no children.
05-24 10:13:54.599 698 698 D HDMI : [R]: 04:83
05-24 10:13:54.601 698 873 D HDMI : [S]: 4F:84:30:00:04
05-24 10:13:54.831 698 698 D HDMI : [R]: 04:8C
05-24 10:13:54.834 698 873 D HDMI : [S]: 4F:87:1C:A4:10
05-24 10:13:54.919 698 791 D ActivityManager: freezing 1886 com.android.providers.tv
05-24 10:13:55.059 698 698 D HDMI : [R]: 04:46
05-24 10:13:55.060 698 873 D HDMI : [S]: 40:47
05-24 10:13:55.348 698 1099 D CoreBackPreview: Window{fe9b7ce u0 Toast}: Setting back callback null
05-24 10:13:55.358 698 1099 W NotificationService: Toast already killed. pkg=com.dangbei.hqmedia token=android.os.BinderProxy@cd98a00
05-24 10:13:57.358 698 722 W WindowManager: Unable to start animation, surface is null or no children.
05-24 10:13:59.036 698 791 D ActivityManager: freezing 1552 android.process.media
05-24 10:14:00.855 698 775 D OomAdjuster: Not killing cached processes
05-24 10:13:55.599 0 0 W : [2 T1044 ..] [SP FRAME RX] arp req,vif_idx:0 sender:[4a:2e:8f:95:e9:0d 192.168.3.107]receiver:[00:00:00:00:00:00 192.168.3.167]
