05-24 10:30:54.936 0 0 W : [3 T1044 ..] [SP FRAME TX] arp rsp,vif_idx:0 sender:[1c:79:2d:20:62:97 192.168.3.167]receiver:[42:87:91:b7:6d:20 192.168.3.226]
05-24 10:30:55.007 0 0 W : [3 T1044 ..] [SP FRAME RX] arp rsp,vif_idx:0 sender:[b4:2f:03:15:e9:0b 192.168.3.11]receiver:[1c:79:2d:20:62:97 192.168.3.167]
05-24 10:30:58.429 0 0 W : [1 T0 .s] [SP FRAME TX] arp req,vif_idx:0 sender:[1c:79:2d:20:62:97 192.168.3.167]receiver:[00:00:00:00:00:00 192.168.3.151]
05-24 10:30:58.514 0 0 W : [1 T1044 ..] [SP FRAME RX] arp req,vif_idx:0 sender:[4e:df:ee:48:4b:63 192.168.3.151]receiver:[00:00:00:00:00:00 192.168.3.167]
05-24 10:30:58.515 0 0 W : [1 T1044 ..] [SP FRAME TX] arp rsp,vif_idx:0 sender:[1c:79:2d:20:62:97 192.168.3.167]receiver:[4e:df:ee:48:4b:63 192.168.3.151]
05-24 10:30:58.536 0 0 W : [1 T1044 ..] [SP FRAME RX] arp rsp,vif_idx:0 sender:[4e:df:ee:48:4b:63 192.168.3.151]receiver:[1c:79:2d:20:62:97 192.168.3.167]
05-24 10:31:00.058 0 0 W : [1 T1044 ..] [SP FRAME RX] arp req,vif_idx:0 sender:[4c:6b:b8:99:ce:34 192.168.3.68]receiver:[00:00:00:00:00:00 192.168.3.167]
05-24 10:31:00.059 0 0 W : [1 T1044 ..] [SP FRAME TX] arp rsp,vif_idx:0 sender:[1c:79:2d:20:62:97 192.168.3.167]receiver:[4c:6b:b8:99:ce:34 192.168.3.68]
05-24 10:31:00.060 0 0 W : [1 T1044 ..] [SP FRAME RX] arp req,vif_idx:0 sender:[16:8e:6e:17:dc:41 192.168.3.176]receiver:[00:00:00:00:00:00 192.168.3.167]
05-24 10:31:00.062 0 0 W : [1 T1044 ..] [SP FRAME TX] arp rsp,vif_idx:0 sender:[1c:79:2d:20:62:97 192.168.3.167]receiver:[16:8e:6e:17:dc:41 192.168.3.176]
05-24 10:31:00.073 0 0 W : [1 T1044 ..] [SP FRAME RX] arp req,vif_idx:0 sender:[86:c4:12:e3:5b:28 192.168.3.161]receiver:[00:00:00:00:00:00 192.168.3.167]
05-24 10:31:00.074 0 0 W : [1 T1044 ..] [SP FRAME TX] arp rsp,vif_idx:0 sender:[1c:79:2d:20:62:97 192.168.3.167]receiver:[86:c4:12:e3:5b:28 192.168.3.161]
05-24 10:31:00.192 0 0 W : [1 T1044 ..] [SP FRAME RX] arp req,vif_idx:0 sender:[02:91:37:fc:9e:f6 192.168.3.105]receiver:[00:00:00:00:00:00 192.168.3.167]
05-24 10:31:00.193 0 0 W : [1 T1044 ..] [SP FRAME TX] arp rsp,vif_idx:0 sender:[1c:79:2d:20:62:97 192.168.3.167]receiver:[02:91:37:fc:9e:f6 192.168.3.105]
05-24 10:31:00.221 0 0 W : [0 T0 .s] [SP FRAME TX] arp req,vif_idx:0 sender:[1c:79:2d:20:62:97 192.168.3.167]receiver:[00:00:00:00:00:00 192.168.3.176]
05-24 10:31:00.222 0 0 W : [0 T0 .s] [SP FRAME TX] arp req,vif_idx:0 sender:[1c:79:2d:20:62:97 192.168.3.167]receiver:[00:00:00:00:00:00 192.168.3.161]
05-24 10:31:00.224 0 0 W : [0 T0 .s] [SP FRAME TX] arp req,vif_idx:0 sender:[1c:79:2d:20:62:97 192.168.3.167]receiver:[00:00:00:00:00:00 192.168.3.68]
05-24 10:31:00.229 0 0 W : [1 T1044 ..] [SP FRAME RX] arp rsp,vif_idx:0 sender:[16:8e:6e:17:dc:41 192.168.3.176]receiver:[1c:79:2d:20:62:97 192.168.3.167]
05-24 10:31:00.231 0 0 W : [1 T1044 ..] [SP FRAME RX] arp rsp,vif_idx:0 sender:[4c:6b:b8:99:ce:34 192.168.3.68]receiver:[1c:79:2d:20:62:97 192.168.3.167]
05-24 10:31:00.270 0 0 W : [1 T1044 ..] [SP FRAME RX] arp rsp,vif_idx:0 sender:[86:c4:12:e3:5b:28 192.168.3.161]receiver:[1c:79:2d:20:62:97 192.168.3.167]
05-24 10:31:21.692 1398 1633 W ContextImpl: Calling a method in the system process without a qualified user: android.app.ContextImpl.sendBroadcast:1220 android.content.ContextWrapper.sendBroadcast:504 com.dangbei.etna.setting.core.SettingHelper.sendCycleToProjector:247 com.dangbei.etna.setting.core.SettingHelper.sendCycleCheckBroadcast:216 com.dangbei.etna.setting.core.SettingHelper.startLoop$lambda-0:174
05-24 10:31:21.694 1398 1633 W ContextImpl: Calling a method in the system process without a qualified user: android.app.ContextImpl.sendBroadcast:1220 android.content.ContextWrapper.sendBroadcast:504 com.dangbei.etna.setting.core.SettingHelper.sendCycleToVoice:232 com.dangbei.etna.setting.core.SettingHelper.sendCycleCheckBroadcast:217 com.dangbei.etna.setting.core.SettingHelper.startLoop$lambda-0:174
05-24 10:31:17.373 0 0 W : [3 T0 .s] [SP FRAME TX] arp req,vif_idx:0 sender:[1c:79:2d:20:62:97 192.168.3.167]receiver:[00:00:00:00:00:00 192.168.3.105]
05-24 10:31:17.402 0 0 W : [2 T1044 ..] [SP FRAME RX] arp rsp,vif_idx:0 sender:[02:91:37:fc:9e:f6 192.168.3.105]receiver:[1c:79:2d:20:62:97 192.168.3.167]
05-24 10:31:24.144 698 698 D HDMI : [R]: 04:83
05-24 10:31:24.146 698 873 D HDMI : [S]: 4F:84:30:00:04
05-24 10:31:24.371 698 698 D HDMI : [R]: 04:8C
05-24 10:31:24.374 698 873 D HDMI : [S]: 4F:87:1C:A4:10
05-24 10:31:24.602 698 698 D HDMI : [R]: 04:46
05-24 10:31:24.603 698 873 D HDMI : [S]: 40:47
05-24 10:31:19.610 0 0 W : [3 T1044 ..] [SP FRAME RX] arp req,vif_idx:0 sender:[02:18:5d:1c:ad:fa 192.168.3.19]receiver:[00:00:00:00:00:00 192.168.3.167]
05-24 10:31:19.611 0 0 W : [3 T1044 ..] [SP FRAME TX] arp rsp,vif_idx:0 sender:[1c:79:2d:20:62:97 192.168.3.167]receiver:[02:18:5d:1c:ad:fa 192.168.3.19]
05-24 10:31:19.677 0 0 W : [3 T0 .s] [SP FRAME TX] arp req,vif_idx:0 sender:[1c:79:2d:20:62:97 192.168.3.167]receiver:[00:00:00:00:00:00 192.168.3.19]
05-24 10:31:19.681 0 0 W : [3 T1044 ..] [SP FRAME RX] arp rsp,vif_idx:0 sender:[02:18:5d:1c:ad:fa 192.168.3.19]receiver:[1c:79:2d:20:62:97 192.168.3.167]
05-24 10:31:21.538 0 0 W : [3 T609 ..] [aml_cfg80211_scan 1812] n_channels:36,iftype:2
05-24 10:31:21.538 0 0 W : [3 T609 ..] [aml_send_scanu_req 2532] vif:0
05-24 10:31:21.538 0 0 W : [3 T609 ..] [aml_send_scanu_req 2563] len:4 ssid:DZNB
05-24 10:31:21.538 0 0 W : [3 T609 ..] >>> aml_send_msg()
05-24 10:31:21.540 0 0 W : [3 T1038 ..] ipc_sdio_host_msgack_handler 00000000a0f4d56c
05-24 10:31:21.541 0 0 W : [3 T1038 ..] [aml_msgackind 2038] msg ack hostid=0xffffff8082248d80
05-24 10:31:21.542 0 0 W : [3 T1038 ..] [cmd_mgr_llind 329] cmd tkn[77] flags:0008 result: -4 cmd:4096-SCANU_START_REQ - reqcfm( 0-none)
05-24 10:31:21.543 0 0 W : [3 T1038 ..] [cmd_complete 65] cmd tkn[77] flags:0000 result: -4 cmd:4096-SCANU_START_REQ - reqcfm( 0-none)
05-24 10:31:22.774 0 0 W : [1 T1044 ..] [aml_scan_rx 1505] scanres_payload_buf overflow, flush
05-24 10:31:22.990 0 0 W : [1 T1044 ..] [SP FRAME RX] arp req,vif_idx:0 sender:[a6:8b:d2:cd:fe:9a 192.168.3.162]receiver:[00:00:00:00:00:00 192.168.3.167]
05-24 10:31:22.992 0 0 W : [1 T1044 ..] [SP FRAME TX] arp rsp,vif_idx:0 sender:[1c:79:2d:20:62:97 192.168.3.167]receiver:[a6:8b:d2:cd:fe:9a 192.168.3.162]
05-24 10:31:23.005 0 0 W : [3 T1398 .s] [SP FRAME TX] arp req,vif_idx:0 sender:[1c:79:2d:20:62:97 192.168.3.167]receiver:[00:00:00:00:00:00 192.168.3.162]
05-24 10:31:23.125 0 0 W : [1 T1044 ..] [SP FRAME RX] arp rsp,vif_idx:0 sender:[a6:8b:d2:cd:fe:9a 192.168.3.162]receiver:[1c:79:2d:20:62:97 192.168.3.167]
05-24 10:31:25.348 0 0 W : [2 T1038 ..] >>> aml_rx_scanu_start_cfm()
05-24 10:31:25.496 0 0 W : [0 T1044 ..] [SP FRAME RX] arp req,vif_idx:0 sender:[4a:2e:8f:95:e9:0d 192.168.3.107]receiver:[00:00:00:00:00:00 192.168.3.167]
05-24 10:31:25.497 0 0 W : [0 T1044 ..] [SP FRAME TX] arp rsp,vif_idx:0 sender:[1c:79:2d:20:62:97 192.168.3.167]receiver:[4a:2e:8f:95:e9:0d 192.168.3.107]
05-24 10:31:25.569 0 0 W : [1 T0 .s] [SP FRAME TX] arp req,vif_idx:0 sender:[1c:79:2d:20:62:97 192.168.3.167]receiver:[00:00:00:00:00:00 192.168.3.118]
05-24 10:31:25.570 0 0 W : [1 T0 .s] [SP FRAME TX] arp req,vif_idx:0 sender:[1c:79:2d:20:62:97 192.168.3.167]receiver:[00:00:00:00:00:00 192.168.3.107]
05-24 10:31:25.575 0 0 W : [0 T1044 ..] [SP FRAME RX] arp rsp,vif_idx:0 sender:[4a:2e:8f:95:e9:0d 192.168.3.107]receiver:[1c:79:2d:20:62:97 192.168.3.167]
05-24 10:31:25.575 0 0 W : [0 T1044 ..] [SP FRAME RX] arp req,vif_idx:0 sender:[3a:fd:3d:ee:5f:54 192.168.3.118]receiver:[00:00:00:00:00:00 192.168.3.167]
05-24 10:31:25.577 0 0 W : [0 T1044 ..] [SP FRAME TX] arp rsp,vif_idx:0 sender:[1c:79:2d:20:62:97 192.168.3.167]receiver:[3a:fd:3d:ee:5f:54 192.168.3.118]
05-24 10:31:25.579 0 0 W : [0 T1044 ..] [SP FRAME RX] arp rsp,vif_idx:0 sender:[3a:fd:3d:ee:5f:54 192.168.3.118]receiver:[1c:79:2d:20:62:97 192.168.3.167]
05-24 10:31:26.589 0 0 W : [1 T0 .s] [SP FRAME TX] arp req,vif_idx:0 sender:[1c:79:2d:20:62:97 192.168.3.167]receiver:[00:00:00:00:00:00 192.168.3.11]
05-24 10:31:26.602 0 0 W : [0 T1044 ..] [SP FRAME RX] arp rsp,vif_idx:0 sender:[b4:2f:03:15:e9:0b 192.168.3.11]receiver:[1c:79:2d:20:62:97 192.168.3.167]
05-24 10:31:26.650 0 0 W : [0 T1044 ..] [SP FRAME RX] arp req,vif_idx:0 sender:[b4:2f:03:15:e9:0b 192.168.3.11]receiver:[00:00:00:00:00:00 192.168.3.167]
05-24 10:31:26.651 0 0 W : [0 T1044 ..] [SP FRAME TX] arp rsp,vif_idx:0 sender:[1c:79:2d:20:62:97 192.168.3.167]receiver:[b4:2f:03:15:e9:0b 192.168.3.11]
05-24 10:31:26.849 0 0 W : [3 T0 .s] [SP FRAME TX] arp req,vif_idx:0 sender:[1c:79:2d:20:62:97 192.168.3.167]receiver:[00:00:00:00:00:00 192.168.3.226]
05-24 10:31:26.853 0 0 W : [0 T1044 ..] [SP FRAME RX] arp rsp,vif_idx:0 sender:[42:87:91:b7:6d:20 192.168.3.226]receiver:[1c:79:2d:20:62:97 192.168.3.167]
05-24 10:31:26.945 0 0 W : [0 T1044 ..] [SP FRAME RX] arp req,vif_idx:0 sender:[42:87:91:b7:6d:20 192.168.3.226]receiver:[00:00:00:00:00:00 192.168.3.167]
05-24 10:31:26.946 0 0 W : [0 T1044 ..] [SP FRAME TX] arp rsp,vif_idx:0 sender:[1c:79:2d:20:62:97 192.168.3.167]receiver:[42:87:91:b7:6d:20 192.168.3.226]
05-24 10:31:30.015 0 0 W : [0 T1044 ..] [SP FRAME RX] arp req,vif_idx:0 sender:[02:39:74:ce:e1:36 192.168.3.44]receiver:[00:00:00:00:00:00 192.168.3.167]
05-24 10:31:30.015 0 0 W : [0 T1044 ..] [SP FRAME TX] arp rsp,vif_idx:0 sender:[1c:79:2d:20:62:97 192.168.3.167]receiver:[02:39:74:ce:e1:36 192.168.3.44]
05-24 10:31:30.177 0 0 W : [1 T0 .s] [SP FRAME TX] arp req,vif_idx:0 sender:[1c:79:2d:20:62:97 192.168.3.167]receiver:[00:00:00:00:00:00 192.168.3.44]
05-24 10:31:30.184 0 0 W : [0 T1044 ..] [SP FRAME RX] arp rsp,vif_idx:0 sender:[02:39:74:ce:e1:36 192.168.3.44]receiver:[1c:79:2d:20:62:97 192.168.3.167]
05-24 10:31:30.429 0 0 W : [2 T1231 .s] [SP FRAME TX] arp req,vif_idx:0 sender:[1c:79:2d:20:62:97 192.168.3.167]receiver:[00:00:00:00:00:00 192.168.3.151]
05-24 10:31:30.444 0 0 W : [1 T1044 ..] [SP FRAME RX] arp rsp,vif_idx:0 sender:[4e:df:ee:48:4b:63 192.168.3.151]receiver:[1c:79:2d:20:62:97 192.168.3.167]
05-24 10:31:30.520 0 0 W : [3 T1044 ..] [SP FRAME RX] arp req,vif_idx:0 sender:[4e:df:ee:48:4b:63 192.168.3.151]receiver:[00:00:00:00:00:00 192.168.3.167]
05-24 10:31:30.521 0 0 W : [3 T1044 ..] [SP FRAME TX] arp rsp,vif_idx:0 sender:[1c:79:2d:20:62:97 192.168.3.167]receiver:[4e:df:ee:48:4b:63 192.168.3.151]
05-24 10:31:32.076 0 0 W : [3 T1044 ..] [SP FRAME RX] arp req,vif_idx:0 sender:[4c:6b:b8:99:ce:34 192.168.3.68]receiver:[00:00:00:00:00:00 192.168.3.167]
05-24 10:31:32.077 0 0 W : [3 T1044 ..] [SP FRAME TX] arp rsp,vif_idx:0 sender:[1c:79:2d:20:62:97 192.168.3.167]receiver:[4c:6b:b8:99:ce:34 192.168.3.68]
05-24 10:31:32.078 0 0 W : [1 T1044 ..] [SP FRAME RX] arp req,vif_idx:0 sender:[16:8e:6e:17:dc:41 192.168.3.176]receiver:[00:00:00:00:00:00 192.168.3.167]
05-24 10:31:32.080 0 0 W : [1 T1044 ..] [SP FRAME TX] arp rsp,vif_idx:0 sender:[1c:79:2d:20:62:97 192.168.3.167]receiver:[16:8e:6e:17:dc:41 192.168.3.176]
05-24 10:31:32.082 0 0 W : [2 T1044 ..] [SP FRAME RX] arp req,vif_idx:0 sender:[86:c4:12:e3:5b:28 192.168.3.161]receiver:[00:00:00:00:00:00 192.168.3.167]
05-24 10:31:32.083 0 0 W : [2 T1044 ..] [SP FRAME TX] arp rsp,vif_idx:0 sender:[1c:79:2d:20:62:97 192.168.3.167]receiver:[86:c4:12:e3:5b:28 192.168.3.161]
05-24 10:31:32.198 0 0 W : [3 T1044 ..] [SP FRAME RX] arp req,vif_idx:0 sender:[02:91:37:fc:9e:f6 192.168.3.105]receiver:[00:00:00:00:00:00 192.168.3.167]
05-24 10:31:32.199 0 0 W : [3 T1044 ..] [SP FRAME TX] arp rsp,vif_idx:0 sender:[1c:79:2d:20:62:97 192.168.3.167]receiver:[02:91:37:fc:9e:f6 192.168.3.105]
05-24 10:31:32.221 0 0 W : [2 T1398 .s] [SP FRAME TX] arp req,vif_idx:0 sender:[1c:79:2d:20:62:97 192.168.3.167]receiver:[00:00:00:00:00:00 192.168.3.176]
05-24 10:31:32.222 0 0 W : [2 T1398 .s] [SP FRAME TX] arp req,vif_idx:0 sender:[1c:79:2d:20:62:97 192.168.3.167]receiver:[00:00:00:00:00:00 192.168.3.161]
05-24 10:31:32.224 0 0 W : [2 T1398 .s] [SP FRAME TX] arp req,vif_idx:0 sender:[1c:79:2d:20:62:97 192.168.3.167]receiver:[00:00:00:00:00:00 192.168.3.68]
05-24 10:31:32.228 0 0 W : [3 T1044 ..] [SP FRAME RX] arp rsp,vif_idx:0 sender:[16:8e:6e:17:dc:41 192.168.3.176]receiver:[1c:79:2d:20:62:97 192.168.3.167]
05-24 10:31:32.229 0 0 W : [3 T1044 ..] [SP FRAME RX] arp rsp,vif_idx:0 sender:[86:c4:12:e3:5b:28 192.168.3.161]receiver:[1c:79:2d:20:62:97 192.168.3.167]
05-24 10:31:32.231 0 0 W : [3 T1044 ..] [SP FRAME RX] arp rsp,vif_idx:0 sender:[4c:6b:b8:99:ce:34 192.168.3.68]receiver:[1c:79:2d:20:62:97 192.168.3.167]
05-24 10:31:40.025 698 698 V HotPlugDetectionAction: Poll all devices.
05-24 10:31:40.421 698 698 D HdmiCecController: [P]:AllocatedAddress=[0]
05-24 10:31:35.037 0 0 W : [0 T4355 ..] [aml_send_sync_trace 4388] sync token[54493]
05-24 10:31:35.037 0 0 W : [0 T4355 ..] >>> aml_send_msg()
05-24 10:31:35.038 0 0 W : [0 T1038 ..] ipc_sdio_host_msgack_handler 0000000017345e81
05-24 10:31:35.038 0 0 W : [0 T1038 ..] [aml_msgackind 2038] msg ack hostid=0xffffff808b0aee00
05-24 10:31:35.040 0 0 W : [0 T1038 ..] [cmd_mgr_llind 329] cmd tkn[78] flags:0008 result: -4 cmd: 105-MM_SYNC_TRACE - reqcfm( 0-none)
05-24 10:31:35.041 0 0 W : [0 T1038 ..] [cmd_complete 65] cmd tkn[78] flags:0000 result: -4 cmd: 105-MM_SYNC_TRACE - reqcfm( 0-none)
05-24 10:31:54.856 698 698 D HDMI : [R]: 04:83
05-24 10:31:54.858 698 873 D HDMI : [S]: 4F:84:30:00:04
05-24 10:31:49.373 0 0 W : [0 T0 .s] [SP FRAME TX] arp req,vif_idx:0 sender:[1c:79:2d:20:62:97 192.168.3.167]receiver:[00:00:00:00:00:00 192.168.3.105]
05-24 10:31:49.421 0 0 W : [1 T1044 ..] [SP FRAME RX] arp rsp,vif_idx:0 sender:[02:91:37:fc:9e:f6 192.168.3.105]receiver:[1c:79:2d:20:62:97 192.168.3.167]
05-24 10:31:55.082 698 698 D HDMI : [R]: 04:8C
05-24 10:31:55.083 698 873 D HDMI : [S]: 4F:87:1C:A4:10
05-24 10:31:55.314 698 698 D HDMI : [R]: 04:46
05-24 10:31:55.315 698 873 D HDMI : [S]: 40:47
05-24 10:31:51.636 0 0 W : [0 T1044 ..] [SP FRAME RX] arp req,vif_idx:0 sender:[02:18:5d:1c:ad:fa 192.168.3.19]receiver:[00:00:00:00:00:00 192.168.3.167]
05-24 10:31:51.637 0 0 W : [0 T1044 ..] [SP FRAME TX] arp rsp,vif_idx:0 sender:[1c:79:2d:20:62:97 192.168.3.167]receiver:[02:18:5d:1c:ad:fa 192.168.3.19]
05-24 10:31:51.677 0 0 W : [2 T1398 .s] [SP FRAME TX] arp req,vif_idx:0 sender:[1c:79:2d:20:62:97 192.168.3.167]receiver:[00:00:00:00:00:00 192.168.3.19]
05-24 10:31:51.686 0 0 W : [0 T1044 ..] [SP FRAME RX] arp rsp,vif_idx:0 sender:[02:18:5d:1c:ad:fa 192.168.3.19]receiver:[1c:79:2d:20:62:97 192.168.3.167]
05-24 10:31:55.235 0 0 W : [3 T1044 ..] [SP FRAME RX] arp req,vif_idx:0 sender:[a6:8b:d2:cd:fe:9a 192.168.3.162]receiver:[00:00:00:00:00:00 192.168.3.167]
05-24 10:31:55.236 0 0 W : [3 T1044 ..] [SP FRAME TX] arp rsp,vif_idx:0 sender:[1c:79:2d:20:62:97 192.168.3.167]receiver:[a6:8b:d2:cd:fe:9a 192.168.3.162]
05-24 10:31:55.261 0 0 W : [1 T0 .s] [SP FRAME TX] arp req,vif_idx:0 sender:[1c:79:2d:20:62:97 192.168.3.167]receiver:[00:00:00:00:00:00 192.168.3.162]
05-24 10:31:55.265 0 0 W : [3 T1044 ..] [SP FRAME RX] arp rsp,vif_idx:0 sender:[a6:8b:d2:cd:fe:9a 192.168.3.162]receiver:[1c:79:2d:20:62:97 192.168.3.167]
05-24 10:31:55.486 0 0 W : [3 T609 ..] [aml_cfg80211_scan 1812] n_channels:36,iftype:2
05-24 10:31:55.486 0 0 W : [3 T609 ..] [aml_send_scanu_req 2532] vif:0
05-24 10:31:55.486 0 0 W : [3 T609 ..] [aml_send_scanu_req 2563] len:4 ssid:DZNB
05-24 10:31:55.487 0 0 W : [3 T609 ..] >>> aml_send_msg()
05-24 10:31:55.489 0 0 W : [1 T1038 ..] ipc_sdio_host_msgack_handler 00000000737f4a9d
05-24 10:31:55.489 0 0 W : [1 T1038 ..] [aml_msgackind 2038] msg ack hostid=0xffffff80825e0f80
05-24 10:31:55.490 0 0 W : [1 T1038 ..] [cmd_mgr_llind 329] cmd tkn[79] flags:0008 result: -4 cmd:4096-SCANU_START_REQ - reqcfm( 0-none)
05-24 10:31:55.492 0 0 W : [1 T1038 ..] [cmd_complete 65] cmd tkn[79] flags:0000 result: -4 cmd:4096-SCANU_START_REQ - reqcfm( 0-none)
05-24 10:31:56.676 0 0 W : [0 T1044 ..] [aml_scan_rx 1505] scanres_payload_buf overflow, flush
05-24 10:31:57.309 0 0 W : [0 T0 .s] [SP FRAME TX] arp req,vif_idx:0 sender:[1c:79:2d:20:62:97 192.168.3.167]receiver:[00:00:00:00:00:00 192.168.3.107]
05-24 10:31:57.365 0 0 W : [3 T1044 ..] [SP FRAME RX] arp rsp,vif_idx:0 sender:[4a:2e:8f:95:e9:0d 192.168.3.107]receiver:[1c:79:2d:20:62:97 192.168.3.167]
05-24 10:31:57.511 0 0 W : [3 T1044 ..] [SP FRAME RX] arp req,vif_idx:0 sender:[4a:2e:8f:95:e9:0d 192.168.3.107]receiver:[00:00:00:00:00:00 192.168.3.167]
05-24 10:31:57.512 0 0 W : [3 T1044 ..] [SP FRAME TX] arp rsp,vif_idx:0 sender:[1c:79:2d:20:62:97 192.168.3.167]receiver:[4a:2e:8f:95:e9:0d 192.168.3.107]
05-24 10:31:57.565 0 0 W : [2 T1231 .s] [SP FRAME TX] arp req,vif_idx:0 sender:[1c:79:2d:20:62:97 192.168.3.167]receiver:[00:00:00:00:00:00 192.168.3.118]
05-24 10:31:57.636 0 0 W : [1 T1044 ..] [SP FRAME RX] arp req,vif_idx:0 sender:[3a:fd:3d:ee:5f:54 192.168.3.118]receiver:[00:00:00:00:00:00 192.168.3.167]
05-24 10:31:57.637 0 0 W : [1 T1044 ..] [SP FRAME TX] arp rsp,vif_idx:0 sender:[1c:79:2d:20:62:97 192.168.3.167]receiver:[3a:fd:3d:ee:5f:54 192.168.3.118]
05-24 10:31:57.638 0 0 W : [1 T1044 ..] [SP FRAME RX] arp rsp,vif_idx:0 sender:[3a:fd:3d:ee:5f:54 192.168.3.118]receiver:[1c:79:2d:20:62:97 192.168.3.167]
05-24 10:31:57.651 0 0 W : [0 T3110 ..] [SP FRAME TX] arp req,vif_idx:0 sender:[1c:79:2d:20:62:97 192.168.3.167]receiver:[00:00:00:00:00:00 192.168.3.25]
05-24 10:31:58.589 0 0 W : [0 T0 .s] [SP FRAME TX] arp req,vif_idx:0 sender:[1c:79:2d:20:62:97 192.168.3.167]receiver:[00:00:00:00:00:00 192.168.3.11]
05-24 10:31:58.648 0 0 W : [1 T1044 ..] [SP FRAME RX] arp req,vif_idx:0 sender:[b4:2f:03:15:e9:0b 192.168.3.11]receiver:[00:00:00:00:00:00 192.168.3.167]
05-24 10:31:58.649 0 0 W : [1 T1044 ..] [SP FRAME TX] arp rsp,vif_idx:0 sender:[1c:79:2d:20:62:97 192.168.3.167]receiver:[b4:2f:03:15:e9:0b 192.168.3.11]
05-24 10:31:58.653 0 0 W : [0 T1398 .s] [SP FRAME TX] arp req,vif_idx:0 sender:[1c:79:2d:20:62:97 192.168.3.167]receiver:[00:00:00:00:00:00 192.168.3.25]
05-24 10:31:58.845 0 0 W : [2 T0 .s] [SP FRAME TX] arp req,vif_idx:0 sender:[1c:79:2d:20:62:97 192.168.3.167]receiver:[00:00:00:00:00:00 192.168.3.226]
05-24 10:31:58.928 0 0 W : [1 T1044 ..] [SP FRAME RX] arp rsp,vif_idx:0 sender:[62:e6:cb:ad:3a:47 192.168.3.25]receiver:[1c:79:2d:20:62:97 192.168.3.167]
05-24 10:31:58.929 0 0 W : [1 T1044 ..] [SP FRAME RX] arp rsp,vif_idx:0 sender:[42:87:91:b7:6d:20 192.168.3.226]receiver:[1c:79:2d:20:62:97 192.168.3.167]
05-24 10:31:58.930 0 0 W : [1 T1044 ..] [SP FRAME RX] arp rsp,vif_idx:0 sender:[b4:2f:03:15:e9:0b 192.168.3.11]receiver:[1c:79:2d:20:62:97 192.168.3.167]
05-24 10:31:58.934 0 0 W : [1 T1044 ..] [SP FRAME RX] arp req,vif_idx:0 sender:[42:87:91:b7:6d:20 192.168.3.226]receiver:[00:00:00:00:00:00 192.168.3.167]
05-24 10:31:58.935 0 0 W : [1 T1044 ..] [SP FRAME TX] arp rsp,vif_idx:0 sender:[1c:79:2d:20:62:97 192.168.3.167]receiver:[42:87:91:b7:6d:20 192.168.3.226]
05-24 10:31:59.292 0 0 W : [1 T1038 ..] >>> aml_rx_scanu_start_cfm()
05-24 10:32:02.433 0 0 W : [0 T0 .s] [SP FRAME TX] arp req,vif_idx:0 sender:[1c:79:2d:20:62:97 192.168.3.167]receiver:[00:00:00:00:00:00 192.168.3.151]
05-24 10:32:02.437 0 0 W : [1 T1044 ..] [SP FRAME RX] arp rsp,vif_idx:0 sender:[4e:df:ee:48:4b:63 192.168.3.151]receiver:[1c:79:2d:20:62:97 192.168.3.167]
05-24 10:32:02.515 0 0 W : [1 T1044 ..] [SP FRAME RX] arp req,vif_idx:0 sender:[4e:df:ee:48:4b:63 192.168.3.151]receiver:[00:00:00:00:00:00 192.168.3.167]
05-24 10:32:02.516 0 0 W : [1 T1044 ..] [SP FRAME TX] arp rsp,vif_idx:0 sender:[1c:79:2d:20:62:97 192.168.3.167]receiver:[4e:df:ee:48:4b:63 192.168.3.151]
05-24 10:32:04.051 0 0 W : [0 T1044 ..] [SP FRAME RX] arp req,vif_idx:0 sender:[4c:6b:b8:99:ce:34 192.168.3.68]receiver:[00:00:00:00:00:00 192.168.3.167]
05-24 10:32:04.052 0 0 W : [0 T1044 ..] [SP FRAME TX] arp rsp,vif_idx:0 sender:[1c:79:2d:20:62:97 192.168.3.167]receiver:[4c:6b:b8:99:ce:34 192.168.3.68]
05-24 10:32:04.055 0 0 W : [0 T1044 ..] [SP FRAME RX] arp req,vif_idx:0 sender:[16:8e:6e:17:dc:41 192.168.3.176]receiver:[00:00:00:00:00:00 192.168.3.167]
05-24 10:32:04.056 0 0 W : [0 T1044 ..] [SP FRAME TX] arp rsp,vif_idx:0 sender:[1c:79:2d:20:62:97 192.168.3.167]receiver:[16:8e:6e:17:dc:41 192.168.3.176]
05-24 10:32:04.080 0 0 W : [0 T1044 ..] [SP FRAME RX] arp req,vif_idx:0 sender:[86:c4:12:e3:5b:28 192.168.3.161]receiver:[00:00:00:00:00:00 192.168.3.167]
05-24 10:32:04.081 0 0 W : [0 T1044 ..] [SP FRAME TX] arp rsp,vif_idx:0 sender:[1c:79:2d:20:62:97 192.168.3.167]receiver:[86:c4:12:e3:5b:28 192.168.3.161]
05-24 10:32:04.205 0 0 W : [0 T1044 ..] [SP FRAME RX] arp req,vif_idx:0 sender:[02:91:37:fc:9e:f6 192.168.3.105]receiver:[00:00:00:00:00:00 192.168.3.167]
05-24 10:32:04.206 0 0 W : [0 T1044 ..] [SP FRAME TX] arp rsp,vif_idx:0 sender:[1c:79:2d:20:62:97 192.168.3.167]receiver:[02:91:37:fc:9e:f6 192.168.3.105]
05-24 10:32:04.221 0 0 W : [0 T0 .s] [SP FRAME TX] arp req,vif_idx:0 sender:[1c:79:2d:20:62:97 192.168.3.167]receiver:[00:00:00:00:00:00 192.168.3.176]
05-24 10:32:04.222 0 0 W : [0 T0 .s] [SP FRAME TX] arp req,vif_idx:0 sender:[1c:79:2d:20:62:97 192.168.3.167]receiver:[00:00:00:00:00:00 192.168.3.161]
05-24 10:32:04.224 0 0 W : [0 T0 .s] [SP FRAME TX] arp req,vif_idx:0 sender:[1c:79:2d:20:62:97 192.168.3.167]receiver:[00:00:00:00:00:00 192.168.3.68]
05-24 10:32:04.226 0 0 W : [0 T1044 ..] [SP FRAME RX] arp rsp,vif_idx:0 sender:[86:c4:12:e3:5b:28 192.168.3.161]receiver:[1c:79:2d:20:62:97 192.168.3.167]
05-24 10:32:04.261 0 0 W : [0 T1044 ..] [SP FRAME RX] arp rsp,vif_idx:0 sender:[4c:6b:b8:99:ce:34 192.168.3.68]receiver:[1c:79:2d:20:62:97 192.168.3.167]
05-24 10:32:04.262 0 0 W : [0 T1044 ..] [SP FRAME RX] arp rsp,vif_idx:0 sender:[16:8e:6e:17:dc:41 192.168.3.176]receiver:[1c:79:2d:20:62:97 192.168.3.167]
05-24 10:32:25.896 698 698 D HDMI : [R]: 04:83
05-24 10:32:25.897 698 873 D HDMI : [S]: 4F:84:30:00:04
05-24 10:32:26.121 698 698 D HDMI : [R]: 04:8C
05-24 10:32:26.122 698 873 D HDMI : [S]: 4F:87:1C:A4:10
05-24 10:32:26.351 698 698 D HDMI : [R]: 04:46
05-24 10:32:26.352 698 873 D HDMI : [S]: 40:47
05-24 10:32:21.373 0 0 W : [0 T2733 .s] [SP FRAME TX] arp req,vif_idx:0 sender:[1c:79:2d:20:62:97 192.168.3.167]receiver:[00:00:00:00:00:00 192.168.3.105]
05-24 10:32:21.454 0 0 W : [3 T1044 ..] [SP FRAME RX] arp rsp,vif_idx:0 sender:[02:91:37:fc:9e:f6 192.168.3.105]receiver:[1c:79:2d:20:62:97 192.168.3.167]
05-24 10:32:23.611 0 0 W : [1 T1044 ..] [SP FRAME RX] arp req,vif_idx:0 sender:[02:18:5d:1c:ad:fa 192.168.3.19]receiver:[00:00:00:00:00:00 192.168.3.167]
05-24 10:32:23.612 0 0 W : [1 T1044 ..] [SP FRAME TX] arp rsp,vif_idx:0 sender:[1c:79:2d:20:62:97 192.168.3.167]receiver:[02:18:5d:1c:ad:fa 192.168.3.19]
05-24 10:32:23.677 0 0 W : [0 T0 .s] [SP FRAME TX] arp req,vif_idx:0 sender:[1c:79:2d:20:62:97 192.168.3.167]receiver:[00:00:00:00:00:00 192.168.3.19]
05-24 10:32:23.682 0 0 W : [0 T1044 ..] [SP FRAME RX] arp rsp,vif_idx:0 sender:[02:18:5d:1c:ad:fa 192.168.3.19]receiver:[1c:79:2d:20:62:97 192.168.3.167]
05-24 10:32:27.233 0 0 W : [2 T1044 ..] [SP FRAME RX] arp req,vif_idx:0 sender:[a6:8b:d2:cd:fe:9a 192.168.3.162]receiver:[00:00:00:00:00:00 192.168.3.167]
05-24 10:32:27.234 0 0 W : [2 T1044 ..] [SP FRAME TX] arp rsp,vif_idx:0 sender:[1c:79:2d:20:62:97 192.168.3.167]receiver:[a6:8b:d2:cd:fe:9a 192.168.3.162]
05-24 10:32:27.261 0 0 W : [2 T1398 .s] [SP FRAME TX] arp req,vif_idx:0 sender:[1c:79:2d:20:62:97 192.168.3.167]receiver:[00:00:00:00:00:00 192.168.3.162]
05-24 10:32:27.272 0 0 W : [3 T1044 ..] [SP FRAME RX] arp rsp,vif_idx:0 sender:[a6:8b:d2:cd:fe:9a 192.168.3.162]receiver:[1c:79:2d:20:62:97 192.168.3.167]
05-24 10:32:29.309 0 0 W : [0 T0 .s] [SP FRAME TX] arp req,vif_idx:0 sender:[1c:79:2d:20:62:97 192.168.3.167]receiver:[00:00:00:00:00:00 192.168.3.107]
05-24 10:32:29.356 0 0 W : [3 T1044 ..] [SP FRAME RX] arp rsp,vif_idx:0 sender:[4a:2e:8f:95:e9:0d 192.168.3.107]receiver:[1c:79:2d:20:62:97 192.168.3.167]
05-24 10:32:29.433 0 0 W : [1 T609 ..] [aml_cfg80211_scan 1812] n_channels:36,iftype:2
05-24 10:32:29.433 0 0 W : [1 T609 ..] [aml_send_scanu_req 2532] vif:0
05-24 10:32:29.433 0 0 W : [1 T609 ..] [aml_send_scanu_req 2563] len:4 ssid:DZNB
05-24 10:32:29.434 0 0 W : [1 T609 ..] >>> aml_send_msg()
05-24 10:32:29.436 0 0 W : [0 T1038 ..] ipc_sdio_host_msgack_handler 00000000c8fe5384
05-24 10:32:29.436 0 0 W : [0 T1038 ..] [aml_msgackind 2038] msg ack hostid=0xffffff800a46c480
05-24 10:32:29.437 0 0 W : [0 T1038 ..] [cmd_mgr_llind 329] cmd tkn[80] flags:0008 result: -4 cmd:4096-SCANU_START_REQ - reqcfm( 0-none)
05-24 10:32:29.439 0 0 W : [0 T1038 ..] [cmd_complete 65] cmd tkn[80] flags:0000 result: -4 cmd:4096-SCANU_START_REQ - reqcfm( 0-none)
05-24 10:32:29.516 0 0 W : [3 T1044 ..] [SP FRAME RX] arp req,vif_idx:0 sender:[4a:2e:8f:95:e9:0d 192.168.3.107]receiver:[00:00:00:00:00:00 192.168.3.167]
05-24 10:32:29.517 0 0 W : [3 T1044 ..] [SP FRAME TX] arp rsp,vif_idx:0 sender:[1c:79:2d:20:62:97 192.168.3.167]receiver:[4a:2e:8f:95:e9:0d 192.168.3.107]
05-24 10:32:29.565 0 0 W : [1 T1398 .s] [SP FRAME TX] arp req,vif_idx:0 sender:[1c:79:2d:20:62:97 192.168.3.167]receiver:[00:00:00:00:00:00 192.168.3.118]
05-24 10:32:29.592 0 0 W : [3 T1044 ..] [SP FRAME RX] arp req,vif_idx:0 sender:[3a:fd:3d:ee:5f:54 192.168.3.118]receiver:[00:00:00:00:00:00 192.168.3.167]
05-24 10:32:29.593 0 0 W : [3 T1044 ..] [SP FRAME TX] arp rsp,vif_idx:0 sender:[1c:79:2d:20:62:97 192.168.3.167]receiver:[3a:fd:3d:ee:5f:54 192.168.3.118]
05-24 10:32:29.600 0 0 W : [1 T1044 ..] [SP FRAME RX] arp rsp,vif_idx:0 sender:[3a:fd:3d:ee:5f:54 192.168.3.118]receiver:[1c:79:2d:20:62:97 192.168.3.167]
05-24 10:32:30.244 0 0 W : [1 T1044 ..] [aml_scan_rx 1505] scanres_payload_buf overflow, flush
05-24 10:32:30.589 0 0 W : [2 T1398 .s] [SP FRAME TX] arp req,vif_idx:0 sender:[1c:79:2d:20:62:97 192.168.3.167]receiver:[00:00:00:00:00:00 192.168.3.11]
05-24 10:32:30.845 0 0 W : [3 T263 .s] [SP FRAME TX] arp req,vif_idx:0 sender:[1c:79:2d:20:62:97 192.168.3.167]receiver:[00:00:00:00:00:00 192.168.3.226]
05-24 10:32:30.878 0 0 W : [0 T1044 ..] [SP FRAME RX] arp rsp,vif_idx:0 sender:[42:87:91:b7:6d:20 192.168.3.226]receiver:[1c:79:2d:20:62:97 192.168.3.167]
05-24 10:32:30.900 0 0 W : [0 T1044 ..] [SP FRAME RX] arp req,vif_idx:0 sender:[b4:2f:03:15:e9:0b 192.168.3.11]receiver:[00:00:00:00:00:00 192.168.3.167]
05-24 10:32:30.901 0 0 W : [0 T1044 ..] [SP FRAME TX] arp rsp,vif_idx:0 sender:[1c:79:2d:20:62:97 192.168.3.167]receiver:[b4:2f:03:15:e9:0b 192.168.3.11]
05-24 10:32:30.903 0 0 W : [0 T1044 ..] [SP FRAME RX] arp rsp,vif_idx:0 sender:[b4:2f:03:15:e9:0b 192.168.3.11]receiver:[1c:79:2d:20:62:97 192.168.3.167]
05-24 10:32:31.015 0 0 W : [0 T1044 ..] [SP FRAME RX] arp req,vif_idx:0 sender:[42:87:91:b7:6d:20 192.168.3.226]receiver:[00:00:00:00:00:00 192.168.3.167]
05-24 10:32:31.016 0 0 W : [0 T1044 ..] [SP FRAME TX] arp rsp,vif_idx:0 sender:[1c:79:2d:20:62:97 192.168.3.167]receiver:[42:87:91:b7:6d:20 192.168.3.226]
05-24 10:32:33.258 0 0 W : [3 T1038 ..] >>> aml_rx_scanu_start_cfm()
05-24 10:32:40.026 698 698 V HotPlugDetectionAction: Poll all devices.
05-24 10:32:34.429 0 0 W : [3 T1398 .s] [SP FRAME TX] arp req,vif_idx:0 sender:[1c:79:2d:20:62:97 192.168.3.167]receiver:[00:00:00:00:00:00 192.168.3.151]
05-24 10:32:34.485 0 0 W : [0 T1044 ..] [SP FRAME RX] arp rsp,vif_idx:0 sender:[4e:df:ee:48:4b:63 192.168.3.151]receiver:[1c:79:2d:20:62:97 192.168.3.167]
05-24 10:32:34.526 0 0 W : [1 T1044 ..] [SP FRAME RX] arp req,vif_idx:0 sender:[4e:df:ee:48:4b:63 192.168.3.151]receiver:[00:00:00:00:00:00 192.168.3.167]
05-24 10:32:34.527 0 0 W : [1 T1044 ..] [SP FRAME TX] arp rsp,vif_idx:0 sender:[1c:79:2d:20:62:97 192.168.3.167]receiver:[4e:df:ee:48:4b:63 192.168.3.151]
05-24 10:32:40.433 698 698 D HdmiCecController: [P]:AllocatedAddress=[0]
05-24 10:32:36.050 0 0 W : [0 T1044 ..] [SP FRAME RX] arp req,vif_idx:0 sender:[4c:6b:b8:99:ce:34 192.168.3.68]receiver:[00:00:00:00:00:00 192.168.3.167]
05-24 10:32:36.050 0 0 W : [0 T1044 ..] [SP FRAME TX] arp rsp,vif_idx:0 sender:[1c:79:2d:20:62:97 192.168.3.167]receiver:[4c:6b:b8:99:ce:34 192.168.3.68]
05-24 10:32:36.068 0 0 W : [0 T1044 ..] [SP FRAME RX] arp req,vif_idx:0 sender:[16:8e:6e:17:dc:41 192.168.3.176]receiver:[00:00:00:00:00:00 192.168.3.167]
05-24 10:32:36.069 0 0 W : [0 T1044 ..] [SP FRAME TX] arp rsp,vif_idx:0 sender:[1c:79:2d:20:62:97 192.168.3.167]receiver:[16:8e:6e:17:dc:41 192.168.3.176]
05-24 10:32:36.076 0 0 W : [0 T1044 ..] [SP FRAME RX] arp req,vif_idx:0 sender:[86:c4:12:e3:5b:28 192.168.3.161]receiver:[00:00:00:00:00:00 192.168.3.167]
05-24 10:32:36.077 0 0 W : [0 T1044 ..] [SP FRAME TX] arp rsp,vif_idx:0 sender:[1c:79:2d:20:62:97 192.168.3.167]receiver:[86:c4:12:e3:5b:28 192.168.3.161]
05-24 10:32:36.200 0 0 W : [0 T1044 ..] [SP FRAME RX] arp req,vif_idx:0 sender:[02:91:37:fc:9e:f6 192.168.3.105]receiver:[00:00:00:00:00:00 192.168.3.167]
05-24 10:32:36.201 0 0 W : [0 T1044 ..] [SP FRAME TX] arp rsp,vif_idx:0 sender:[1c:79:2d:20:62:97 192.168.3.167]receiver:[02:91:37:fc:9e:f6 192.168.3.105]
05-24 10:32:36.221 0 0 W : [2 T0 .s] [SP FRAME TX] arp req,vif_idx:0 sender:[1c:79:2d:20:62:97 192.168.3.167]receiver:[00:00:00:00:00:00 192.168.3.176]
05-24 10:32:36.222 0 0 W : [2 T0 .s] [SP FRAME TX] arp req,vif_idx:0 sender:[1c:79:2d:20:62:97 192.168.3.167]receiver:[00:00:00:00:00:00 192.168.3.161]
05-24 10:32:36.223 0 0 W : [2 T0 .s] [SP FRAME TX] arp req,vif_idx:0 sender:[1c:79:2d:20:62:97 192.168.3.167]receiver:[00:00:00:00:00:00 192.168.3.68]
05-24 10:32:36.225 0 0 W : [3 T1044 ..] [SP FRAME RX] arp rsp,vif_idx:0 sender:[16:8e:6e:17:dc:41 192.168.3.176]receiver:[1c:79:2d:20:62:97 192.168.3.167]
05-24 10:32:36.230 0 0 W : [1 T1044 ..] [SP FRAME RX] arp rsp,vif_idx:0 sender:[4c:6b:b8:99:ce:34 192.168.3.68]receiver:[1c:79:2d:20:62:97 192.168.3.167]
05-24 10:32:36.233 0 0 W : [1 T1044 ..] [SP FRAME RX] arp rsp,vif_idx:0 sender:[86:c4:12:e3:5b:28 192.168.3.161]receiver:[1c:79:2d:20:62:97 192.168.3.167]
05-24 10:32:36.477 0 0 W : [2 T1474 ..] [aml_send_sync_trace 4388] sync token[54494]
05-24 10:32:36.477 0 0 W : [2 T1474 ..] >>> aml_send_msg()
05-24 10:32:36.478 0 0 W : [2 T1038 ..] ipc_sdio_host_msgack_handler 000000008800c335
05-24 10:32:36.478 0 0 W : [2 T1038 ..] [aml_msgackind 2038] msg ack hostid=0xffffff808b0aec00
05-24 10:32:36.479 0 0 W : [2 T1038 ..] [cmd_mgr_llind 329] cmd tkn[81] flags:0008 result: -4 cmd: 105-MM_SYNC_TRACE - reqcfm( 0-none)
05-24 10:32:36.481 0 0 W : [2 T1038 ..] [cmd_complete 65] cmd tkn[81] flags:0000 result: -4 cmd: 105-MM_SYNC_TRACE - reqcfm( 0-none)
05-24 10:32:56.866 698 698 D HDMI : [R]: 04:83
05-24 10:32:56.870 698 873 D HDMI : [S]: 4F:84:30:00:04
05-24 10:32:57.094 698 698 D HDMI : [R]: 04:8C
05-24 10:32:57.095 698 873 D HDMI : [S]: 4F:87:1C:A4:10
05-24 10:32:57.319 698 698 D HDMI : [R]: 04:46
05-24 10:32:57.319 698 873 D HDMI : [S]: 40:47
05-24 10:32:53.373 0 0 W : [0 T0 .s] [SP FRAME TX] arp req,vif_idx:0 sender:[1c:79:2d:20:62:97 192.168.3.167]receiver:[00:00:00:00:00:00 192.168.3.105]
05-24 10:32:53.583 0 0 W : [0 T1044 ..] [SP FRAME RX] arp rsp,vif_idx:0 sender:[02:91:37:fc:9e:f6 192.168.3.105]receiver:[1c:79:2d:20:62:97 192.168.3.167]
05-24 10:32:55.607 0 0 W : [2 T1044 ..] [SP FRAME RX] arp req,vif_idx:0 sender:[02:18:5d:1c:ad:fa 192.168.3.19]receiver:[00:00:00:00:00:00 192.168.3.167]
05-24 10:32:55.608 0 0 W : [2 T1044 ..] [SP FRAME TX] arp rsp,vif_idx:0 sender:[1c:79:2d:20:62:97 192.168.3.167]receiver:[02:18:5d:1c:ad:fa 192.168.3.19]
05-24 10:32:55.677 0 0 W : [3 T0 .s] [SP FRAME TX] arp req,vif_idx:0 sender:[1c:79:2d:20:62:97 192.168.3.167]receiver:[00:00:00:00:00:00 192.168.3.19]
05-24 10:32:55.682 0 0 W : [2 T1044 ..] [SP FRAME RX] arp rsp,vif_idx:0 sender:[02:18:5d:1c:ad:fa 192.168.3.19]receiver:[1c:79:2d:20:62:97 192.168.3.167]
05-24 10:32:56.016 0 0 W : [2 T1044 ..] [SP FRAME RX] DHCP[0 1], vif_idx:0
05-24 10:32:57.038 0 0 W : [3 T1044 ..] [SP FRAME RX] DHCP[0 1], vif_idx:0
05-24 10:32:59.023 0 0 W : [3 T1044 ..] [SP FRAME RX] DHCP[0 1], vif_idx:0
05-24 10:32:59.490 0 0 W : [1 T1044 ..] [SP FRAME RX] arp req,vif_idx:0 sender:[a6:8b:d2:cd:fe:9a 192.168.3.162]receiver:[00:00:00:00:00:00 192.168.3.167]
05-24 10:32:59.491 0 0 W : [1 T1044 ..] [SP FRAME TX] arp rsp,vif_idx:0 sender:[1c:79:2d:20:62:97 192.168.3.167]receiver:[a6:8b:d2:cd:fe:9a 192.168.3.162]
05-24 10:32:59.517 0 0 W : [1 T0 .s] [SP FRAME TX] arp req,vif_idx:0 sender:[1c:79:2d:20:62:97 192.168.3.167]receiver:[00:00:00:00:00:00 192.168.3.162]
05-24 10:32:59.526 0 0 W : [0 T1044 ..] [SP FRAME RX] arp rsp,vif_idx:0 sender:[a6:8b:d2:cd:fe:9a 192.168.3.162]receiver:[1c:79:2d:20:62:97 192.168.3.167]
05-24 10:33:01.309 0 0 W : [3 T1398 .s] [SP FRAME TX] arp req,vif_idx:0 sender:[1c:79:2d:20:62:97 192.168.3.167]receiver:[00:00:00:00:00:00 192.168.3.107]
05-24 10:33:01.399 0 0 W : [2 T1044 ..] [SP FRAME RX] arp rsp,vif_idx:0 sender:[4a:2e:8f:95:e9:0d 192.168.3.107]receiver:[1c:79:2d:20:62:97 192.168.3.167]
05-24 10:33:01.501 0 0 W : [3 T1044 ..] [SP FRAME RX] arp req,vif_idx:0 sender:[4a:2e:8f:95:e9:0d 192.168.3.107]receiver:[00:00:00:00:00:00 192.168.3.167]
05-24 10:33:01.502 0 0 W : [3 T1044 ..] [SP FRAME TX] arp rsp,vif_idx:0 sender:[1c:79:2d:20:62:97 192.168.3.167]receiver:[4a:2e:8f:95:e9:0d 192.168.3.107]
05-24 10:33:01.565 0 0 W : [2 T0 .s] [SP FRAME TX] arp req,vif_idx:0 sender:[1c:79:2d:20:62:97 192.168.3.167]receiver:[00:00:00:00:00:00 192.168.3.118]
05-24 10:33:01.571 0 0 W : [3 T1044 ..] [SP FRAME RX] arp rsp,vif_idx:0 sender:[3a:fd:3d:ee:5f:54 192.168.3.118]receiver:[1c:79:2d:20:62:97 192.168.3.167]
05-24 10:33:01.576 0 0 W : [3 T1044 ..] [SP FRAME RX] arp req,vif_idx:0 sender:[3a:fd:3d:ee:5f:54 192.168.3.118]receiver:[00:00:00:00:00:00 192.168.3.167]
05-24 10:33:01.577 0 0 W : [3 T1044 ..] [SP FRAME TX] arp rsp,vif_idx:0 sender:[1c:79:2d:20:62:97 192.168.3.167]receiver:[3a:fd:3d:ee:5f:54 192.168.3.118]
05-24 10:33:02.650 0 0 W : [0 T1044 ..] [SP FRAME RX] arp req,vif_idx:0 sender:[b4:2f:03:15:e9:0b 192.168.3.11]receiver:[00:00:00:00:00:00 192.168.3.167]
05-24 10:33:02.651 0 0 W : [0 T1044 ..] [SP FRAME TX] arp rsp,vif_idx:0 sender:[1c:79:2d:20:62:97 192.168.3.167]receiver:[b4:2f:03:15:e9:0b 192.168.3.11]
05-24 10:33:02.849 0 0 W : [1 T1474 .s] [SP FRAME TX] arp req,vif_idx:0 sender:[1c:79:2d:20:62:97 192.168.3.167]receiver:[00:00:00:00:00:00 192.168.3.11]
05-24 10:33:02.850 0 0 W : [1 T1474 .s] [SP FRAME TX] arp req,vif_idx:0 sender:[1c:79:2d:20:62:97 192.168.3.167]receiver:[00:00:00:00:00:00 192.168.3.226]
05-24 10:33:02.854 0 0 W : [0 T1044 ..] [SP FRAME RX] arp rsp,vif_idx:0 sender:[42:87:91:b7:6d:20 192.168.3.226]receiver:[1c:79:2d:20:62:97 192.168.3.167]
05-24 10:33:02.855 0 0 W : [0 T1044 ..] [SP FRAME RX] arp rsp,vif_idx:0 sender:[b4:2f:03:15:e9:0b 192.168.3.11]receiver:[1c:79:2d:20:62:97 192.168.3.167]
05-24 10:33:02.934 0 0 W : [0 T1044 ..] [SP FRAME RX] arp req,vif_idx:0 sender:[42:87:91:b7:6d:20 192.168.3.226]receiver:[00:00:00:00:00:00 192.168.3.167]
05-24 10:33:02.935 0 0 W : [0 T1044 ..] [SP FRAME TX] arp rsp,vif_idx:0 sender:[1c:79:2d:20:62:97 192.168.3.167]receiver:[42:87:91:b7:6d:20 192.168.3.226]
05-24 10:33:03.022 0 0 W : [3 T1044 ..] [SP FRAME RX] DHCP[0 1], vif_idx:0
05-24 10:33:03.370 0 0 W : [1 T609 ..] [aml_cfg80211_scan 1812] n_channels:36,iftype:2
05-24 10:33:03.370 0 0 W : [1 T609 ..] [aml_send_scanu_req 2532] vif:0
05-24 10:33:03.370 0 0 W : [1 T609 ..] [aml_send_scanu_req 2563] len:4 ssid:DZNB
05-24 10:33:03.371 0 0 W : [1 T609 ..] >>> aml_send_msg()
05-24 10:33:03.373 0 0 W : [1 T1038 ..] ipc_sdio_host_msgack_handler 00000000716ef054
05-24 10:33:03.373 0 0 W : [1 T1038 ..] [aml_msgackind 2038] msg ack hostid=0xffffff808b1c1400
05-24 10:33:03.374 0 0 W : [1 T1038 ..] [cmd_mgr_llind 329] cmd tkn[82] flags:0008 result: -4 cmd:4096-SCANU_START_REQ - reqcfm( 0-none)
05-24 10:33:03.376 0 0 W : [1 T1038 ..] [cmd_complete 65] cmd tkn[82] flags:0000 result: -4 cmd:4096-SCANU_START_REQ - reqcfm( 0-none)
05-24 10:33:04.037 0 0 W : [0 T1044 ..] [aml_scan_rx 1505] scanres_payload_buf overflow, flush
05-24 10:33:06.429 0 0 W : [2 T1398 .s] [SP FRAME TX] arp req,vif_idx:0 sender:[1c:79:2d:20:62:97 192.168.3.167]receiver:[00:00:00:00:00:00 192.168.3.151]
05-24 10:33:06.523 0 0 W : [3 T1044 ..] [SP FRAME RX] arp rsp,vif_idx:0 sender:[4e:df:ee:48:4b:63 192.168.3.151]receiver:[1c:79:2d:20:62:97 192.168.3.167]
05-24 10:33:06.524 0 0 W : [3 T1044 ..] [SP FRAME RX] arp req,vif_idx:0 sender:[4e:df:ee:48:4b:63 192.168.3.151]receiver:[00:00:00:00:00:00 192.168.3.167]
05-24 10:33:06.526 0 0 W : [3 T1044 ..] [SP FRAME TX] arp rsp,vif_idx:0 sender:[1c:79:2d:20:62:97 192.168.3.167]receiver:[4e:df:ee:48:4b:63 192.168.3.151]
05-24 10:33:07.177 0 0 W : [0 T1038 ..] >>> aml_rx_scanu_start_cfm()
05-24 10:33:12.973 698 729 I UsageStatsService: User[0] Flushing usage stats to disk
05-24 10:33:08.052 0 0 W : [2 T1044 ..] [SP FRAME RX] arp req,vif_idx:0 sender:[4c:6b:b8:99:ce:34 192.168.3.68]receiver:[00:00:00:00:00:00 192.168.3.167]
05-24 10:33:08.053 0 0 W : [2 T1044 ..] [SP FRAME TX] arp rsp,vif_idx:0 sender:[1c:79:2d:20:62:97 192.168.3.167]receiver:[4c:6b:b8:99:ce:34 192.168.3.68]
05-24 10:33:08.056 0 0 W : [2 T1044 ..] [SP FRAME RX] arp req,vif_idx:0 sender:[16:8e:6e:17:dc:41 192.168.3.176]receiver:[00:00:00:00:00:00 192.168.3.167]
05-24 10:33:08.057 0 0 W : [2 T1044 ..] [SP FRAME TX] arp rsp,vif_idx:0 sender:[1c:79:2d:20:62:97 192.168.3.167]receiver:[16:8e:6e:17:dc:41 192.168.3.176]
05-24 10:33:08.080 0 0 W : [3 T1044 ..] [SP FRAME RX] arp req,vif_idx:0 sender:[86:c4:12:e3:5b:28 192.168.3.161]receiver:[00:00:00:00:00:00 192.168.3.167]
05-24 10:33:08.081 0 0 W : [3 T1044 ..] [SP FRAME TX] arp rsp,vif_idx:0 sender:[1c:79:2d:20:62:97 192.168.3.167]receiver:[86:c4:12:e3:5b:28 192.168.3.161]
05-24 10:33:08.198 0 0 W : [0 T1044 ..] [SP FRAME RX] arp req,vif_idx:0 sender:[02:91:37:fc:9e:f6 192.168.3.105]receiver:[00:00:00:00:00:00 192.168.3.167]
05-24 10:33:08.199 0 0 W : [0 T1044 ..] [SP FRAME TX] arp rsp,vif_idx:0 sender:[1c:79:2d:20:62:97 192.168.3.167]receiver:[02:91:37:fc:9e:f6 192.168.3.105]
05-24 10:33:08.221 0 0 W : [2 T0 .s] [SP FRAME TX] arp req,vif_idx:0 sender:[1c:79:2d:20:62:97 192.168.3.167]receiver:[00:00:00:00:00:00 192.168.3.176]
05-24 10:33:08.222 0 0 W : [2 T0 .s] [SP FRAME TX] arp req,vif_idx:0 sender:[1c:79:2d:20:62:97 192.168.3.167]receiver:[00:00:00:00:00:00 192.168.3.161]
05-24 10:33:08.223 0 0 W : [2 T0 .s] [SP FRAME TX] arp req,vif_idx:0 sender:[1c:79:2d:20:62:97 192.168.3.167]receiver:[00:00:00:00:00:00 192.168.3.68]
05-24 10:33:08.228 0 0 W : [0 T1044 ..] [SP FRAME RX] arp rsp,vif_idx:0 sender:[86:c4:12:e3:5b:28 192.168.3.161]receiver:[1c:79:2d:20:62:97 192.168.3.167]
05-24 10:33:08.229 0 0 W : [0 T1044 ..] [SP FRAME RX] arp rsp,vif_idx:0 sender:[4c:6b:b8:99:ce:34 192.168.3.68]receiver:[1c:79:2d:20:62:97 192.168.3.167]
05-24 10:33:08.231 0 0 W : [0 T1044 ..] [SP FRAME RX] arp rsp,vif_idx:0 sender:[16:8e:6e:17:dc:41 192.168.3.176]receiver:[1c:79:2d:20:62:97 192.168.3.167]
05-24 10:33:11.071 0 0 W : [0 T1044 ..] [SP FRAME RX] DHCP[0 1], vif_idx:0
05-24 10:33:27.694 698 698 D HDMI : [R]: 04:83
05-24 10:33:27.696 698 873 D HDMI : [S]: 4F:84:30:00:04
05-24 10:33:27.922 698 698 D HDMI : [R]: 04:8C
05-24 10:33:27.924 698 873 D HDMI : [S]: 4F:87:1C:A4:10
05-24 10:33:28.151 698 698 D HDMI : [R]: 04:46
05-24 10:33:28.152 698 873 D HDMI : [S]: 40:47
05-24 10:33:25.373 0 0 W : [2 T1398 .s] [SP FRAME TX] arp req,vif_idx:0 sender:[1c:79:2d:20:62:97 192.168.3.167]receiver:[00:00:00:00:00:00 192.168.3.105]
05-24 10:33:25.385 0 0 W : [0 T1044 ..] [SP FRAME RX] arp rsp,vif_idx:0 sender:[02:91:37:fc:9e:f6 192.168.3.105]receiver:[1c:79:2d:20:62:97 192.168.3.167]
05-24 10:33:27.145 0 0 W : [0 T1044 ..] [SP FRAME RX] DHCP[0 1], vif_idx:0
05-24 10:33:27.606 0 0 W : [2 T1044 ..] [SP FRAME RX] arp req,vif_idx:0 sender:[02:18:5d:1c:ad:fa 192.168.3.19]receiver:[00:00:00:00:00:00 192.168.3.167]
05-24 10:33:27.607 0 0 W : [2 T1044 ..] [SP FRAME TX] arp rsp,vif_idx:0 sender:[1c:79:2d:20:62:97 192.168.3.167]receiver:[02:18:5d:1c:ad:fa 192.168.3.19]
05-24 10:33:27.677 0 0 W : [2 T0 .s] [SP FRAME TX] arp req,vif_idx:0 sender:[1c:79:2d:20:62:97 192.168.3.167]receiver:[00:00:00:00:00:00 192.168.3.19]
05-24 10:33:27.683 0 0 W : [0 T1044 ..] [SP FRAME RX] arp rsp,vif_idx:0 sender:[02:18:5d:1c:ad:fa 192.168.3.19]receiver:[1c:79:2d:20:62:97 192.168.3.167]
05-24 10:33:31.747 0 0 W : [1 T1044 ..] [SP FRAME RX] arp req,vif_idx:0 sender:[a6:8b:d2:cd:fe:9a 192.168.3.162]receiver:[00:00:00:00:00:00 192.168.3.167]
05-24 10:33:31.748 0 0 W : [1 T1044 ..] [SP FRAME TX] arp rsp,vif_idx:0 sender:[1c:79:2d:20:62:97 192.168.3.167]receiver:[a6:8b:d2:cd:fe:9a 192.168.3.162]
05-24 10:33:31.773 0 0 W : [0 T0 .s] [SP FRAME TX] arp req,vif_idx:0 sender:[1c:79:2d:20:62:97 192.168.3.167]receiver:[00:00:00:00:00:00 192.168.3.162]
05-24 10:33:31.781 0 0 W : [1 T1044 ..] [SP FRAME RX] arp rsp,vif_idx:0 sender:[a6:8b:d2:cd:fe:9a 192.168.3.162]receiver:[1c:79:2d:20:62:97 192.168.3.167]
05-24 10:33:33.309 0 0 W : [0 T0 .s] [SP FRAME TX] arp req,vif_idx:0 sender:[1c:79:2d:20:62:97 192.168.3.167]receiver:[00:00:00:00:00:00 192.168.3.107]
05-24 10:33:33.349 0 0 W : [2 T1044 ..] [SP FRAME RX] arp rsp,vif_idx:0 sender:[4a:2e:8f:95:e9:0d 192.168.3.107]receiver:[1c:79:2d:20:62:97 192.168.3.167]
05-24 10:33:33.502 0 0 W : [2 T1044 ..] [SP FRAME RX] arp req,vif_idx:0 sender:[4a:2e:8f:95:e9:0d 192.168.3.107]receiver:[00:00:00:00:00:00 192.168.3.167]
05-24 10:33:33.503 0 0 W : [2 T1044 ..] [SP FRAME TX] arp rsp,vif_idx:0 sender:[1c:79:2d:20:62:97 192.168.3.167]receiver:[4a:2e:8f:95:e9:0d 192.168.3.107]
05-24 10:33:33.565 0 0 W : [1 T3284 .s] [SP FRAME TX] arp req,vif_idx:0 sender:[1c:79:2d:20:62:97 192.168.3.167]receiver:[00:00:00:00:00:00 192.168.3.118]
05-24 10:33:33.570 0 0 W : [2 T1044 ..] [SP FRAME RX] arp rsp,vif_idx:0 sender:[3a:fd:3d:ee:5f:54 192.168.3.118]receiver:[1c:79:2d:20:62:97 192.168.3.167]
05-24 10:33:33.579 0 0 W : [2 T1044 ..] [SP FRAME RX] arp req,vif_idx:0 sender:[3a:fd:3d:ee:5f:54 192.168.3.118]receiver:[00:00:00:00:00:00 192.168.3.167]
05-24 10:33:33.580 0 0 W : [2 T1044 ..] [SP FRAME TX] arp rsp,vif_idx:0 sender:[1c:79:2d:20:62:97 192.168.3.167]receiver:[3a:fd:3d:ee:5f:54 192.168.3.118]
05-24 10:33:40.027 698 698 V HotPlugDetectionAction: Poll all devices.
05-24 10:33:34.593 0 0 W : [3 T0 .s] [SP FRAME TX] arp req,vif_idx:0 sender:[1c:79:2d:20:62:97 192.168.3.167]receiver:[00:00:00:00:00:00 192.168.3.11]
05-24 10:33:34.599 0 0 W : [2 T1044 ..] [SP FRAME RX] arp rsp,vif_idx:0 sender:[b4:2f:03:15:e9:0b 192.168.3.11]receiver:[1c:79:2d:20:62:97 192.168.3.167]
05-24 10:33:34.660 0 0 W : [2 T1044 ..] [SP FRAME RX] arp req,vif_idx:0 sender:[b4:2f:03:15:e9:0b 192.168.3.11]receiver:[00:00:00:00:00:00 192.168.3.167]
05-24 10:33:34.661 0 0 W : [2 T1044 ..] [SP FRAME TX] arp rsp,vif_idx:0 sender:[1c:79:2d:20:62:97 192.168.3.167]receiver:[b4:2f:03:15:e9:0b 192.168.3.11]
05-24 10:33:40.434 698 698 D HdmiCecController: [P]:AllocatedAddress=[0]
05-24 10:33:34.845 0 0 W : [0 T0 .s] [SP FRAME TX] arp req,vif_idx:0 sender:[1c:79:2d:20:62:97 192.168.3.167]receiver:[00:00:00:00:00:00 192.168.3.226]
05-24 10:33:34.862 0 0 W : [0 T1044 ..] [SP FRAME RX] arp rsp,vif_idx:0 sender:[42:87:91:b7:6d:20 192.168.3.226]receiver:[1c:79:2d:20:62:97 192.168.3.167]
05-24 10:33:34.968 0 0 W : [0 T1044 ..] [SP FRAME RX] arp req,vif_idx:0 sender:[42:87:91:b7:6d:20 192.168.3.226]receiver:[00:00:00:00:00:00 192.168.3.167]
05-24 10:33:34.969 0 0 W : [0 T1044 ..] [SP FRAME TX] arp rsp,vif_idx:0 sender:[1c:79:2d:20:62:97 192.168.3.167]receiver:[42:87:91:b7:6d:20 192.168.3.226]
05-24 10:33:37.310 0 0 W : [2 T609 ..] [aml_cfg80211_scan 1812] n_channels:36,iftype:2
05-24 10:33:37.310 0 0 W : [2 T609 ..] [aml_send_scanu_req 2532] vif:0
05-24 10:33:37.310 0 0 W : [2 T609 ..] [aml_send_scanu_req 2563] len:4 ssid:DZNB
05-24 10:33:37.311 0 0 W : [2 T609 ..] >>> aml_send_msg()
05-24 10:33:37.313 0 0 W : [2 T1038 ..] ipc_sdio_host_msgack_handler 000000008fcb9497
05-24 10:33:37.313 0 0 W : [2 T1038 ..] [aml_msgackind 2038] msg ack hostid=0xffffff8088c46800
05-24 10:33:37.314 0 0 W : [2 T1038 ..] [cmd_mgr_llind 329] cmd tkn[83] flags:0008 result: -4 cmd:4096-SCANU_START_REQ - reqcfm( 0-none)
05-24 10:33:37.316 0 0 W : [2 T1038 ..] [cmd_complete 65] cmd tkn[83] flags:0000 result: -4 cmd:4096-SCANU_START_REQ - reqcfm( 0-none)
05-24 10:33:37.384 0 0 W : [3 T1044 ..] [aml_scan_rx 1505] scanres_payload_buf overflow, flush
05-24 10:33:37.921 0 0 W : [0 T1474 ..] [aml_send_sync_trace 4388] sync token[54495]
05-24 10:33:37.921 0 0 W : [0 T1474 ..] >>> aml_send_msg()
05-24 10:33:37.923 0 0 W : [0 T1038 ..] ipc_sdio_host_msgack_handler 0000000012fdd706
05-24 10:33:37.923 0 0 W : [0 T1038 ..] [aml_msgackind 2038] msg ack hostid=0xffffff8088c46500
05-24 10:33:37.924 0 0 W : [0 T1038 ..] [cmd_mgr_llind 329] cmd tkn[84] flags:0008 result: -4 cmd: 105-MM_SYNC_TRACE - reqcfm( 0-none)
05-24 10:33:37.926 0 0 W : [0 T1038 ..] [cmd_complete 65] cmd tkn[84] flags:0000 result: -4 cmd: 105-MM_SYNC_TRACE - reqcfm( 0-none)
05-24 10:33:38.429 0 0 W : [1 T1398 .s] [SP FRAME TX] arp req,vif_idx:0 sender:[1c:79:2d:20:62:97 192.168.3.167]receiver:[00:00:00:00:00:00 192.168.3.151]
05-24 10:33:38.474 0 0 W : [1 T1044 ..] [SP FRAME RX] arp rsp,vif_idx:0 sender:[4e:df:ee:48:4b:63 192.168.3.151]receiver:[1c:79:2d:20:62:97 192.168.3.167]
05-24 10:33:38.611 0 0 W : [1 T1044 ..] [SP FRAME RX] arp req,vif_idx:0 sender:[4e:df:ee:48:4b:63 192.168.3.151]receiver:[00:00:00:00:00:00 192.168.3.167]
05-24 10:33:38.612 0 0 W : [1 T1044 ..] [SP FRAME TX] arp rsp,vif_idx:0 sender:[1c:79:2d:20:62:97 192.168.3.167]receiver:[4e:df:ee:48:4b:63 192.168.3.151]
05-24 10:33:40.051 0 0 W : [1 T1044 ..] [SP FRAME RX] arp req,vif_idx:0 sender:[4c:6b:b8:99:ce:34 192.168.3.68]receiver:[00:00:00:00:00:00 192.168.3.167]
05-24 10:33:40.052 0 0 W : [1 T1044 ..] [SP FRAME TX] arp rsp,vif_idx:0 sender:[1c:79:2d:20:62:97 192.168.3.167]receiver:[4c:6b:b8:99:ce:34 192.168.3.68]
05-24 10:33:40.166 0 0 W : [1 T1044 ..] [SP FRAME RX] arp req,vif_idx:0 sender:[16:8e:6e:17:dc:41 192.168.3.176]receiver:[00:00:00:00:00:00 192.168.3.167]
05-24 10:33:40.167 0 0 W : [1 T1044 ..] [SP FRAME TX] arp rsp,vif_idx:0 sender:[1c:79:2d:20:62:97 192.168.3.167]receiver:[16:8e:6e:17:dc:41 192.168.3.176]
05-24 10:33:40.169 0 0 W : [1 T1044 ..] [SP FRAME RX] arp req,vif_idx:0 sender:[86:c4:12:e3:5b:28 192.168.3.161]receiver:[00:00:00:00:00:00 192.168.3.167]
05-24 10:33:40.170 0 0 W : [1 T1044 ..] [SP FRAME TX] arp rsp,vif_idx:0 sender:[1c:79:2d:20:62:97 192.168.3.167]receiver:[86:c4:12:e3:5b:28 192.168.3.161]
05-24 10:33:40.221 0 0 W : [2 T0 .s] [SP FRAME TX] arp req,vif_idx:0 sender:[1c:79:2d:20:62:97 192.168.3.167]receiver:[00:00:00:00:00:00 192.168.3.176]
05-24 10:33:40.222 0 0 W : [2 T0 .s] [SP FRAME TX] arp req,vif_idx:0 sender:[1c:79:2d:20:62:97 192.168.3.167]receiver:[00:00:00:00:00:00 192.168.3.161]
05-24 10:33:40.223 0 0 W : [2 T0 .s] [SP FRAME TX] arp req,vif_idx:0 sender:[1c:79:2d:20:62:97 192.168.3.167]receiver:[00:00:00:00:00:00 192.168.3.68]
05-24 10:33:40.307 0 0 W : [1 T1044 ..] [SP FRAME RX] arp req,vif_idx:0 sender:[02:91:37:fc:9e:f6 192.168.3.105]receiver:[00:00:00:00:00:00 192.168.3.167]
05-24 10:33:40.308 0 0 W : [1 T1044 ..] [SP FRAME TX] arp rsp,vif_idx:0 sender:[1c:79:2d:20:62:97 192.168.3.167]receiver:[02:91:37:fc:9e:f6 192.168.3.105]
05-24 10:33:40.310 0 0 W : [1 T1044 ..] [SP FRAME RX] arp rsp,vif_idx:0 sender:[4c:6b:b8:99:ce:34 192.168.3.68]receiver:[1c:79:2d:20:62:97 192.168.3.167]
05-24 10:33:40.311 0 0 W : [1 T1044 ..] [SP FRAME RX] arp rsp,vif_idx:0 sender:[16:8e:6e:17:dc:41 192.168.3.176]receiver:[1c:79:2d:20:62:97 192.168.3.167]
05-24 10:33:40.449 0 0 W : [1 T1044 ..] [SP FRAME RX] arp rsp,vif_idx:0 sender:[86:c4:12:e3:5b:28 192.168.3.161]receiver:[1c:79:2d:20:62:97 192.168.3.167]
05-24 10:33:40.777 0 0 W : [0 T1044 ..] [aml_scan_rx 1505] scanres_payload_buf overflow, flush
05-24 10:33:41.114 0 0 W : [1 T1038 ..] >>> aml_rx_scanu_start_cfm()
05-24 10:33:58.503 698 698 D HDMI : [R]: 04:83
05-24 10:33:58.504 698 873 D HDMI : [S]: 4F:84:30:00:04
05-24 10:33:58.734 698 698 D HDMI : [R]: 04:8C
05-24 10:33:58.735 698 873 D HDMI : [S]: 4F:87:1C:A4:10
05-24 10:33:58.958 698 698 D HDMI : [R]: 04:46
05-24 10:33:58.959 698 873 D HDMI : [S]: 40:47
05-24 10:33:56.861 0 0 W : [2 T1398 .s] [SP FRAME TX] arp req,vif_idx:0 sender:[1c:79:2d:20:62:97 192.168.3.167]receiver:[00:00:00:00:00:00 192.168.3.44]
05-24 10:33:56.868 0 0 W : [0 T1044 ..] [SP FRAME RX] arp rsp,vif_idx:0 sender:[02:39:74:ce:e1:36 192.168.3.44]receiver:[1c:79:2d:20:62:97 192.168.3.167]
05-24 10:33:56.874 0 0 W : [0 T1044 ..] [SP FRAME RX] arp req,vif_idx:0 sender:[02:39:74:ce:e1:36 192.168.3.44]receiver:[00:00:00:00:00:00 192.168.3.167]
05-24 10:33:56.875 0 0 W : [0 T1044 ..] [SP FRAME TX] arp rsp,vif_idx:0 sender:[1c:79:2d:20:62:97 192.168.3.167]receiver:[02:39:74:ce:e1:36 192.168.3.44]
05-24 10:33:57.373 0 0 W : [3 T0 .s] [SP FRAME TX] arp req,vif_idx:0 sender:[1c:79:2d:20:62:97 192.168.3.167]receiver:[00:00:00:00:00:00 192.168.3.105]
05-24 10:33:57.387 0 0 W : [0 T1044 ..] [SP FRAME RX] arp rsp,vif_idx:0 sender:[02:91:37:fc:9e:f6 192.168.3.105]receiver:[1c:79:2d:20:62:97 192.168.3.167]
05-24 10:33:59.094 0 0 W : [0 T1044 ..] [SP FRAME RX] DHCP[0 1], vif_idx:0
05-24 10:33:59.646 0 0 W : [0 T1044 ..] [SP FRAME RX] arp req,vif_idx:0 sender:[02:18:5d:1c:ad:fa 192.168.3.19]receiver:[00:00:00:00:00:00 192.168.3.167]
05-24 10:33:59.647 0 0 W : [0 T1044 ..] [SP FRAME TX] arp rsp,vif_idx:0 sender:[1c:79:2d:20:62:97 192.168.3.167]receiver:[02:18:5d:1c:ad:fa 192.168.3.19]
05-24 10:33:59.677 0 0 W : [2 T1398 .s] [SP FRAME TX] arp req,vif_idx:0 sender:[1c:79:2d:20:62:97 192.168.3.167]receiver:[00:00:00:00:00:00 192.168.3.19]
05-24 10:33:59.686 0 0 W : [3 T1044 ..] [SP FRAME RX] arp rsp,vif_idx:0 sender:[02:18:5d:1c:ad:fa 192.168.3.19]receiver:[1c:79:2d:20:62:97 192.168.3.167]
05-24 10:34:04.003 0 0 W : [0 T1044 ..] [SP FRAME RX] arp req,vif_idx:0 sender:[a6:8b:d2:cd:fe:9a 192.168.3.162]receiver:[00:00:00:00:00:00 192.168.3.167]
