05-24 10:12:52.943 0 0 I : [0 T1 ..] amlogic-crg-drd-usb2 fe348000.usbphy21: usb2 pll init done, val: 0x8f549540
05-24 10:12:52.944 0 0 D [0 T1 ..] [usb]: call amlogic_crg_drd_usb2_drv_init() success
05-24 10:12:52.944 0 0 E : [0 T1 ..] amlogic-crg-drd-usb3 fe358080.usbphy30: This phy has no usb port
05-24 10:12:52.945 0 0 I : [0 T1 ..] amlogic-crg-drd-usb3 fe358080.usbphy30: USB3 phy probe:phy_mem:0xfe358080, iomap phy_base:0xffffffc00aee3080
05-24 10:12:52.946 0 0 E : [0 T1 ..] amlogic-crg-drd-usb3 fe348080.usbphy31: This phy has no usb port
05-24 10:12:52.947 0 0 I : [0 T1 ..] amlogic-crg-drd-usb3 fe348080.usbphy31: USB3 phy probe:phy_mem:0xfe348080, iomap phy_base:0xffffffc00af06080
05-24 10:12:52.949 0 0 D [0 T1 ..] [usb]: call amlogic_crg_drd_usb3_drv_init() success
05-24 10:12:52.949 0 0 E [0 T1 ..] [usb]: amlogic_crg_drd_usb2_set_usb_vbus_power 1.
05-24 10:12:52.950 0 0 I : [0 T1 ..] amlogic-crg-drd-usb2 fe348000.usbphy21: phy trim value= 0x000000ff
05-24 10:12:52.951 0 0 I : [0 T1 ..] amlogic-crg-drd-usb2 fe348000.usbphy21: usb2 pll init done, val: 0x8f549540
05-24 10:12:52.952 0 0 E : [0 T1 ..] crg_drd fe340000.crg: IRQ host not found
05-24 10:12:52.952 0 0 E : [0 T1 ..] crg_drd fe340000.crg: IRQ crg_usb3 not found
05-24 10:12:52.954 0 0 I : [0 T1 ..] xhci-hcd-meson xhci-hcd-meson.0.auto: meson-quirks=0x90006---
05-24 10:12:52.954 0 0 E [0 T1 ..] [usb]: amlogic_crg_drd_usb2_set_usb_vbus_power 1.
05-24 10:12:52.955 0 0 I : [0 T1 ..] amlogic-crg-drd-usb2 fe348000.usbphy21: phy trim value= 0x000000ff
05-24 10:12:52.956 0 0 I : [0 T1 ..] amlogic-crg-drd-usb2 fe348000.usbphy21: usb2 pll init done, val: 0x8f549540
05-24 10:12:52.957 0 0 I : [0 T1 ..] xhci-hcd-meson xhci-hcd-meson.0.auto: xHCI Host Controller
05-24 10:12:52.958 0 0 I : [0 T1 ..] xhci-hcd-meson xhci-hcd-meson.0.auto: new USB bus registered, assigned bus number 1
05-24 10:12:52.960 0 0 I : [0 T1 ..] xhci-hcd-meson xhci-hcd-meson.0.auto: hcc params 0x08000f80 hci version 0x110 quirks 0x0000200020810090
05-24 10:12:52.961 0 0 I : [0 T1 ..] xhci-hcd-meson xhci-hcd-meson.0.auto: irq 28, io mem 0xfe340000
05-24 10:12:52.962 0 0 I : [0 T1 ..] xhci-hcd-meson xhci-hcd-meson.0.auto: xHCI Host Controller
05-24 10:12:52.963 0 0 I : [0 T1 ..] xhci-hcd-meson xhci-hcd-meson.0.auto: new USB bus registered, assigned bus number 2
05-24 10:12:52.964 0 0 I : [0 T1 ..] xhci-hcd-meson xhci-hcd-meson.0.auto: Host supports USB 3.0 SuperSpeed
05-24 10:12:52.965 0 0 I : [0 T1 ..] usb usb1: New USB device found, idVendor=1d6b, idProduct=0002, bcdDevice= 5.15
05-24 10:12:52.966 0 0 I : [0 T1 ..] usb usb1: New USB device strings: Mfr=3, Product=2, SerialNumber=1
05-24 10:12:52.967 0 0 I : [0 T1 ..] usb usb1: Product: xHCI Host Controller
05-24 10:12:52.968 0 0 I : [0 T1 ..] usb usb1: Manufacturer: Linux 5.15.170-android14-11-gce7825878084-dirty xhci-hcd
05-24 10:12:52.969 0 0 I : [0 T1 ..] usb usb1: SerialNumber: xhci-hcd-meson.0.auto
05-24 10:12:52.970 0 0 D [0 T1 ..] [usb]: xHCI aml_xhci_add_endpoint called for root hub
05-24 10:12:52.970 0 0 D [0 T1 ..] [usb]: xHCI aml_xhci_check_bandwidth called for root hub
05-24 10:12:52.970 0 0 I : [0 T1 ..] hub 1-0:1.0: USB hub found
05-24 10:12:52.971 0 0 I : [0 T1 ..] hub 1-0:1.0: 1 port detected
05-24 10:12:52.971 0 0 I : [0 T1 ..] usb usb2: We don't know the algorithms for LPM for this host, disabling LPM.
05-24 10:12:52.972 0 0 I : [0 T1 ..] usb usb2: New USB device found, idVendor=1d6b, idProduct=0003, bcdDevice= 5.15
05-24 10:12:52.974 0 0 I : [0 T1 ..] usb usb2: New USB device strings: Mfr=3, Product=2, SerialNumber=1
05-24 10:12:52.975 0 0 I : [0 T1 ..] usb usb2: Product: xHCI Host Controller
05-24 10:12:52.975 0 0 I : [0 T1 ..] usb usb2: Manufacturer: Linux 5.15.170-android14-11-gce7825878084-dirty xhci-hcd
05-24 10:12:52.976 0 0 I : [0 T1 ..] usb usb2: SerialNumber: xhci-hcd-meson.0.auto
05-24 10:12:52.978 0 0 D [0 T1 ..] [usb]: xHCI aml_xhci_add_endpoint called for root hub
05-24 10:12:52.978 0 0 D [0 T1 ..] [usb]: xHCI aml_xhci_check_bandwidth called for root hub
05-24 10:12:52.978 0 0 I : [0 T1 ..] hub 2-0:1.0: USB hub found
05-24 10:12:52.978 0 0 E : [0 T1 ..] hub 2-0:1.0: config failed, hub doesn't have any ports! (err -19)
05-24 10:12:52.979 0 0 D [0 T1 ..] [usb]: call amlogic_crg_host_driver_init() success
05-24 10:12:52.980 0 0 I : [0 T1 ..] amlogic-crg-otg soc:crgotg@fe358000: controller_type is 1
05-24 10:12:52.980 0 0 I : [0 T1 ..] amlogic-crg-otg soc:crgotg@fe358000: crg_force_device_mode is 0
05-24 10:12:52.981 0 0 I : [0 T1 ..] amlogic-crg-otg soc:crgotg@fe358000: otg is 0
05-24 10:12:52.982 0 0 I : [0 T1 ..] amlogic-crg-otg soc:crgotg@fe358000: udc_name: 0xfe350000.crgudc
05-24 10:12:52.983 0 0 I : [0 T1 ..] amlogic-crg-otg soc:crgotg@fe358000: phy2_mem:0xfe358000, iomap phy2_base:0xffffffc00af1d000
05-24 10:12:52.984 0 0 I : [0 T1 ..] amlogic-crg-otg soc:crgotg@fe358000: phy3_mem:0xfe358080, iomap phy3_base:0xffffffc00af29080
05-24 10:12:52.987 0 0 I : [0 T1 ..] amlogic-crg-drd-usb2 fe358000.usbphy20: phy trim value= 0x000000ff
05-24 10:12:52.987 0 0 I : [0 T1 ..] amlogic-crg-drd-usb2 fe358000.usbphy20: usb2 pll init done, val: 0x8f549540
05-24 10:12:52.988 0 0 E : [0 T1 ..] crg_drd_otg fe350000.crgdrd: IRQ host not found
05-24 10:12:52.989 0 0 E : [0 T1 ..] crg_drd_otg fe350000.crgdrd: IRQ crg_usb3 not found
05-24 10:12:52.990 0 0 I : [0 T1 ..] xhci-hcd-meson xhci-hcd-meson.1.auto: meson-quirks=0x90006---
05-24 10:12:52.991 0 0 I : [0 T1 ..] amlogic-crg-drd-usb2 fe358000.usbphy20: phy trim value= 0x000000ff
05-24 10:12:52.992 0 0 I : [0 T1 ..] amlogic-crg-drd-usb2 fe358000.usbphy20: usb2 pll init done, val: 0x8f549540
05-24 10:12:52.993 0 0 I : [0 T1 ..] xhci-hcd-meson xhci-hcd-meson.1.auto: xHCI Host Controller
05-24 10:12:52.994 0 0 I : [0 T1 ..] xhci-hcd-meson xhci-hcd-meson.1.auto: new USB bus registered, assigned bus number 3
05-24 10:12:52.995 0 0 I : [0 T1 ..] xhci-hcd-meson xhci-hcd-meson.1.auto: hcc params 0x08000f80 hci version 0x110 quirks 0x0000200020810090
05-24 10:12:52.997 0 0 I : [0 T1 ..] xhci-hcd-meson xhci-hcd-meson.1.auto: irq 27, io mem 0xfe350000
05-24 10:12:52.998 0 0 I : [0 T1 ..] xhci-hcd-meson xhci-hcd-meson.1.auto: xHCI Host Controller
05-24 10:12:52.999 0 0 I : [0 T1 ..] xhci-hcd-meson xhci-hcd-meson.1.auto: new USB bus registered, assigned bus number 4
05-24 10:12:53.000 0 0 I : [0 T1 ..] xhci-hcd-meson xhci-hcd-meson.1.auto: Host supports USB 3.0 SuperSpeed
05-24 10:12:53.001 0 0 I : [0 T1 ..] usb usb3: New USB device found, idVendor=1d6b, idProduct=0002, bcdDevice= 5.15
05-24 10:12:53.002 0 0 I : [0 T1 ..] usb usb3: New USB device strings: Mfr=3, Product=2, SerialNumber=1
05-24 10:12:53.003 0 0 I : [0 T1 ..] usb usb3: Product: xHCI Host Controller
05-24 10:12:53.004 0 0 I : [0 T1 ..] usb usb3: Manufacturer: Linux 5.15.170-android14-11-gce7825878084-dirty xhci-hcd
05-24 10:12:53.005 0 0 I : [0 T1 ..] usb usb3: SerialNumber: xhci-hcd-meson.1.auto
05-24 10:12:53.006 0 0 D [0 T1 ..] [usb]: xHCI aml_xhci_add_endpoint called for root hub
05-24 10:12:53.006 0 0 D [0 T1 ..] [usb]: xHCI aml_xhci_check_bandwidth called for root hub
05-24 10:12:53.006 0 0 I : [0 T1 ..] hub 3-0:1.0: USB hub found
05-24 10:12:53.006 0 0 I : [0 T1 ..] hub 3-0:1.0: 1 port detected
05-24 10:12:53.007 0 0 I : [0 T1 ..] usb usb4: We don't know the algorithms for LPM for this host, disabling LPM.
05-24 10:12:53.008 0 0 I : [0 T1 ..] usb usb4: New USB device found, idVendor=1d6b, idProduct=0003, bcdDevice= 5.15
05-24 10:12:53.009 0 0 I : [0 T1 ..] usb usb4: New USB device strings: Mfr=3, Product=2, SerialNumber=1
05-24 10:12:53.010 0 0 I : [0 T1 ..] usb usb4: Product: xHCI Host Controller
05-24 10:12:53.011 0 0 I : [0 T1 ..] usb usb4: Manufacturer: Linux 5.15.170-android14-11-gce7825878084-dirty xhci-hcd
05-24 10:12:53.012 0 0 I : [0 T1 ..] usb usb4: SerialNumber: xhci-hcd-meson.1.auto
05-24 10:12:53.013 0 0 D [0 T1 ..] [usb]: xHCI aml_xhci_add_endpoint called for root hub
05-24 10:12:53.013 0 0 D [0 T1 ..] [usb]: xHCI aml_xhci_check_bandwidth called for root hub
05-24 10:12:53.013 0 0 I : [0 T1 ..] hub 4-0:1.0: USB hub found
05-24 10:12:53.014 0 0 E : [0 T1 ..] hub 4-0:1.0: config failed, hub doesn't have any ports! (err -19)
05-24 10:12:53.015 0 0 D [0 T1 ..] [usb]: call crg_otg_init() success
05-24 10:12:53.015 0 0 D [0 T1 ..] [usb]: call crg_otg_v2_init() success
05-24 10:12:53.015 0 0 D [0 T1 ..] [usb]: ### usb_main_init() end
05-24 10:12:53.030 0 0 E [0 T1 ..] [drm: meson_of_init [aml_drm]] *ERROR* osd_axi_sel parser failed and set default 0
05-24 10:12:53.031 0 0 I : [0 T1 ..] [drm] meson_video_parse_config:vfm_mode = 1
05-24 10:12:53.032 0 0 I [0 T1 ..] register_osd_status_cb: SBTM register osd enable status func
05-24 10:12:53.033 0 0 I : [0 T1 ..] register osd enable status func
05-24 10:12:53.033 0 0 I : [0 T1 ..] [drm] osd plane 0 create done, occupied-0 crtc_mask-0 type-1 osd_reverse-0
05-24 10:12:53.034 0 0 I : [0 T1 ..] [drm] osd plane 1 create done, occupied-0 crtc_mask-0 type-0 osd_reverse-0
05-24 10:12:53.035 0 0 I : [0 T1 ..] [drm] video plane 0 create done
05-24 10:12:53.036 0 0 I : [0 T1 ..] [drm] video plane 1 create done
05-24 10:12:53.037 0 0 I : [0 T1 ..] [drm] meson_vpu_reg_handle_register, vpp0-5
05-24 10:12:53.038 0 0 I : [0 T1 ..] [drm] skip gamma init
05-24 10:12:53.038 0 0 I : [0 T1 ..] secure_register module=0 ok
05-24 10:12:53.039 0 0 I : [0 T1 ..] secure_register module=0 ok
05-24 10:12:53.039 0 0 I : [0 T1 ..] [drm] video_hw_init:vfm_mode = 1
05-24 10:12:53.040 0 0 I : [0 T1 ..] [drm] video_hw_init:vfm_mode = 1
05-24 10:12:53.041 0 0 I : [0 T1 ..] meson drm-subsystem: bound ff900000.drm-vpu (ops am_meson_vpu_component_ops [aml_drm])
05-24 10:12:53.042 0 0 I [0 T1 ..] [hdmitx: ] meson_hdmitx_bind hdmi [0]
05-24 10:12:53.043 0 0 I : [0 T1 ..] meson drm-subsystem: bound ff000000.amhdmitx (ops meson_hdmitx_bind_ops [aml_media])
05-24 10:12:53.046 0 0 I [0 T1 ..] cvbsout: meson_cvbs_bind cvbs [0]
05-24 10:12:53.046 0 0 I : [0 T1 ..] meson drm-subsystem: bound drm-amcvbsout (ops meson_cvbs_bind_ops [aml_media])
05-24 10:12:53.049 0 0 I : [0 T1 ..] [drm] [meson_dummyl_dev_bind]-[190] called
05-24 10:12:53.050 0 0 E : [0 T1 ..] meson_dummyl_bind dummyl[0]
05-24 10:12:53.051 0 0 I : [0 T1 ..] meson drm-subsystem: bound dummy_venc (ops meson_dummyl_bind_ops [aml_media])
05-24 10:12:53.054 0 0 I : [1 T1 ..] [drm] logo_skip = 0
05-24 10:12:53.054 0 0 I : [1 T1 ..] [drm] allocate reserved mem
05-24 10:12:53.055 0 0 I : [1 T1 ..] [drm] of read reservememsize=0x800000--0x1f800000
05-24 10:12:53.055 0 0 I : [1 T1 ..] [drm] logo0 width=1920,height=1080,start_addr=0x0x000000001f800000,size=8388608
05-24 10:12:53.057 0 0 I : [1 T1 ..] [drm] Found Connector[11] mode[1080p50hz]
05-24 10:12:53.057 0 0 I [1 T1 ..] [hdmitx: ] qms brr 31 qms_en 0
05-24 10:12:53.058 0 0 I : [1 T1 ..] [drm] build_hdmitx_attr_str:444,8bit = 2+8
05-24 10:12:53.059 0 0 I : [1 T1 ..] [drm] am_meson_crtc_atomic_enable-[0] in: new[1080p50hz], old[], vmode[0-4], uboot[1]
05-24 10:12:53.060 0 0 I : [1 T1 ..] [drm] am_meson_crtc_atomic_enable-[0]: enable mode 1080p50hz final vmode 0
05-24 10:12:53.061 0 0 I [1 T1 ..] [hdmitx: ] skip real mode setting for uboot init
05-24 10:12:53.062 0 0 I [1 T1 ..] DOLBY: vout_notify_callback: VOUT_EVENT_MODE_CHANGE
05-24 10:12:53.063 0 0 I : [1 T1 ..] vsync_pts_inc 1800 1/50
05-24 10:12:53.063 0 0 I : [1 T1 ..] [drm] meson_vout_update_mode_name: hdmitx update vout 1 name 1080p50hz.
05-24 10:12:53.080 0 0 I : [2 T1 ..] [drm] Initialized meson 2.0.0 20220603 for drm-subsystem on minor 0
05-24 10:12:53.082 0 0 I : [2 T1 ..] amfc_probe, socs:55, coherent:0, garbage page:bdda, bounce:ffffffc00b1b1000, c:ffffff800bdfd380, d:ffffff800bdfd7c0
05-24 10:12:53.083 0 0 I : [2 T1 ..] AMFC VLSI version:100, feature:1, clk:666666656
05-24 10:12:53.261 0 0 I [1 T1 ..] fsck.f2fs: executing /system/bin/fsck.f2fs failed: Permission denied
05-24 10:12:53.261 0 0 I : [0 T90 ..] usb 3-1: new full-speed USB device number 2 using xhci-hcd-meson
05-24 10:12:53.261 0 0 I [1 T1 ..] fsck.f2fs: fsck.f2fs terminated by exit(255)
05-24 10:12:53.261 0 0 I : [1 T1 ..]
05-24 10:12:53.269 0 0 I : [0 T1 ..] F2FS-fs (mmcblk0p24): Mounted with checkpoint version = 50fa73cc
05-24 10:12:53.293 0 0 I [1 T1 ..] erofs: (device dm-0): mounted with root inode @ nid 59.
05-24 10:12:53.295 0 0 I [1 T1 ..] erofs: (device dm-4): mounted with root inode @ nid 39.
05-24 10:12:53.296 0 0 I [1 T1 ..] erofs: (device dm-6): mounted with root inode @ nid 38.
05-24 10:12:53.298 0 0 I [1 T1 ..] erofs: (device dm-1): mounted with root inode @ nid 46.
05-24 10:12:53.299 0 0 I [1 T1 ..] erofs: (device dm-2): mounted with root inode @ nid 39.
05-24 10:12:53.300 0 0 I [1 T1 ..] erofs: (device dm-3): mounted with root inode @ nid 40.
05-24 10:12:53.301 0 0 I [1 T1 ..] erofs: (device dm-5): mounted with root inode @ nid 40.
05-24 10:12:53.302 0 0 I [1 T1 ..] erofs: (device dm-7): mounted with root inode @ nid 38.
05-24 10:12:53.304 0 0 W : [1 T1 ..] EXT4-fs (mmcblk0p19): Ignoring removed nomblk_io_submit option
05-24 10:12:53.305 0 0 I : [3 T84 ..] max high: 39
05-24 10:12:53.306 0 0 I : [1 T1 ..] EXT4-fs (mmcblk0p19): recovery complete
05-24 10:12:53.306 0 0 I : [1 T1 ..] EXT4-fs (mmcblk0p19): mounted filesystem with ordered data mode. Opts: errors=remount-ro,nomblk_io_submit. Quota mode: none.
05-24 10:12:53.312 0 0 I [0 T1 ..] e2fsck: executing /system/bin/e2fsck failed: No such file or directory
05-24 10:12:53.312 0 0 I [0 T1 ..] e2fsck: e2fsck terminated by exit(255)
05-24 10:12:53.312 0 0 I : [0 T1 ..]
05-24 10:12:53.315 0 0 I : [2 T1 ..] EXT4-fs (mmcblk0p19): mounted filesystem with ordered data mode. Opts: barrier=1. Quota mode: none.
05-24 10:12:53.317 0 0 W : [3 T1 ..] EXT4-fs (mmcblk0p17): Ignoring removed nomblk_io_submit option
05-24 10:12:53.318 0 0 I : [1 T1 ..] EXT4-fs (mmcblk0p17): mounted filesystem with ordered data mode. Opts: nodelalloc,nomblk_io_submit,errors=panic. Quota mode: none.
05-24 10:12:53.411 0 0 I : [0 T90 ..] usb 3-1: New USB device found, idVendor=046d, idProduct=c092, bcdDevice=52.00
05-24 10:12:53.411 0 0 I : [0 T90 ..] usb 3-1: New USB device strings: Mfr=1, Product=2, SerialNumber=3
05-24 10:12:53.413 0 0 I : [0 T90 ..] usb 3-1: Product: G102 LIGHTSYNC Gaming Mouse
05-24 10:12:53.413 0 0 I : [0 T90 ..] usb 3-1: Manufacturer: Logitech
05-24 10:12:53.414 0 0 I : [0 T90 ..] usb 3-1: SerialNumber: 205B36775633
05-24 10:12:53.418 0 0 I [0 T90 ..] input: Logitech G102 LIGHTSYNC Gaming Mouse as /devices/platform/soc/fe350000.crgdrd/xhci-hcd-meson.1.auto/usb3/3-1/3-1:1.0/0003:046D:C092.0001/input/input6
05-24 10:12:53.419 0 0 I : [0 T90 ..] hid-generic 0003:046D:C092.0001: input,hidraw0: USB HID v1.11 Mouse [Logitech G102 LIGHTSYNC Gaming Mouse] on usb-xhci-hcd-meson.1.auto-1/input0
05-24 10:12:53.423 0 0 I [0 T90 ..] input: Logitech G102 LIGHTSYNC Gaming Mouse Keyboard as /devices/platform/soc/fe350000.crgdrd/xhci-hcd-meson.1.auto/usb3/3-1/3-1:1.1/0003:046D:C092.0002/input/input7
05-24 10:12:53.449 0 0 I : [1 T1 ..] F2FS-fs (dm-16): Disable nat_bits due to incorrect cp_ver (8656759216337140807, 16165397665144454097)
05-24 10:12:53.452 0 0 I : [1 T1 ..] F2FS-fs (dm-16): recover fsync data on readonly fs
05-24 10:12:53.452 0 0 I : [1 T1 ..] F2FS-fs (dm-16): Mounted with checkpoint version = 4bdd3c47
05-24 10:12:53.481 0 0 I : [0 T90 ..] hid-generic 0003:046D:C092.0002: input,hiddev96,hidraw1: USB HID v1.11 Keyboard [Logitech G102 LIGHTSYNC Gaming Mouse] on usb-xhci-hcd-meson.1.auto-1/input1
05-24 10:12:53.494 0 0 I : [2 T1 ..] F2FS-fs (dm-16): Disable nat_bits due to incorrect cp_ver (8656759216337140807, 16165397665144454097)
05-24 10:12:53.498 0 0 I : [2 T1 ..] F2FS-fs (dm-16): Mounted with checkpoint version = 4bdd3c47
05-24 10:12:53.565 0 0 W [2 T1 ..] printk: init: 165 output lines suppressed due to ratelimiting
05-24 10:12:53.652 0 0 I [2 T1 ..] init: Opening SELinux policy
05-24 10:12:53.653 0 0 I [2 T1 ..] init: Falling back to standard signature check. TODO implement support for fsverity SEPolicy.
05-24 10:12:53.654 0 0 I [2 T1 ..] init: Error: Apex SEPolicy failed signature check
05-24 10:12:53.655 0 0 I [2 T1 ..] init: Loading APEX Sepolicy from /system/etc/selinux/apex/SEPolicy.zip
05-24 10:12:53.656 0 0 E [2 T1 ..] init: Failed to open package /system/etc/selinux/apex/SEPolicy.zip: No such file or directory
05-24 10:12:53.663 0 0 I [0 T1 ..] init: Loading SELinux policy
05-24 10:12:53.682 0 0 I [0 T1 ..] SELinux: Permission bpf in class capability2 not defined in policy.
05-24 10:12:53.682 0 0 I [0 T1 ..] SELinux: Permission checkpoint_restore in class capability2 not defined in policy.
05-24 10:12:53.683 0 0 I [0 T1 ..] SELinux: Permission bpf in class cap2_userns not defined in policy.
05-24 10:12:53.684 0 0 I [0 T1 ..] SELinux: Permission checkpoint_restore in class cap2_userns not defined in policy.
05-24 10:12:53.686 0 0 I [0 T1 ..] SELinux: Class mctp_socket not defined in policy.
05-24 10:12:53.687 0 0 I [0 T1 ..] SELinux: the above unknown classes and permissions will be denied
05-24 10:12:53.692 0 0 I [0 T1 ..] SELinux: policy capability network_peer_controls=1
05-24 10:12:53.692 0 0 I [0 T1 ..] SELinux: policy capability open_perms=1
05-24 10:12:53.693 0 0 I [0 T1 ..] SELinux: policy capability extended_socket_class=1
05-24 10:12:53.694 0 0 I [0 T1 ..] SELinux: policy capability always_check_network=0
05-24 10:12:53.695 0 0 I [0 T1 ..] SELinux: policy capability cgroup_seclabel=0
05-24 10:12:53.696 0 0 I [0 T1 ..] SELinux: policy capability nnp_nosuid_transition=1
05-24 10:12:53.696 0 0 I [0 T1 ..] SELinux: policy capability genfs_seclabel_symlinks=0
05-24 10:12:53.697 0 0 I [0 T1 ..] SELinux: policy capability ioctl_skip_cloexec=0
05-24 10:12:53.828 0 0 I [1 T1 ..] selinux: SELinux: Loaded file context from:
05-24 10:12:53.830 0 0 I [1 T1 ..] selinux: /system/etc/selinux/plat_file_contexts
05-24 10:12:53.832 0 0 I [1 T1 ..] selinux: /system_ext/etc/selinux/system_ext_file_contexts
05-24 10:12:53.833 0 0 I [1 T1 ..] selinux: /product/etc/selinux/product_file_contexts
05-24 10:12:53.839 0 0 W [1 T1 ..] printk: init: 2 output lines suppressed due to ratelimiting
05-24 10:12:53.854 0 0 I [1 T1 ..] init: init second stage started!
05-24 10:12:53.880 0 0 I [3 T1 ..] selinux: SELinux: Loaded file context from:
05-24 10:12:53.880 0 0 I [3 T1 ..] selinux: /system/etc/selinux/plat_file_contexts
05-24 10:12:53.881 0 0 I [3 T1 ..] selinux: /system_ext/etc/selinux/system_ext_file_contexts
05-24 10:12:53.882 0 0 I [3 T1 ..] selinux: /product/etc/selinux/product_file_contexts
05-24 10:12:53.883 0 0 I [3 T1 ..] selinux: /vendor/etc/selinux/vendor_file_contexts
05-24 10:12:53.902 0 0 I [3 T1 ..] init: Using Android DT directory /proc/device-tree/firmware/android/
05-24 10:12:53.906 0 0 E [3 T1 ..] init: Do not have permissions to set 'persist.bluetooth.btsnooplogmode' to 'disable' in property file '/system/build.prop': Property type check failed, value doesn't match expected type 'enum empty disabled filtered full'
05-24 10:12:53.915 0 0 W [1 T1 ..] init: Overriding previous property 'ro.sf.lcd_density':'320' with new value '240'
05-24 10:12:53.917 0 0 W [1 T1 ..] init: Overriding previous property 'tombstoned.max_tombstone_count':'50' with new value '10'
05-24 10:12:54.109 0 0 I : [3 T0 .s] xhci-hcd-meson xhci-hcd-meson.1.auto: start stop ep=4, slot=1
05-24 10:12:54.150 0 0 I [2 T156 ..] ueventd: ueventd started!
05-24 10:12:54.154 0 0 I [2 T156 ..] selinux: SELinux: Loaded file context from:
05-24 10:12:54.154 0 0 I [2 T156 ..] selinux: /system/etc/selinux/plat_file_contexts
05-24 10:12:54.155 0 0 I [2 T156 ..] selinux: /system_ext/etc/selinux/system_ext_file_contexts
05-24 10:12:54.156 0 0 I [2 T156 ..] selinux: /product/etc/selinux/product_file_contexts
05-24 10:12:54.157 0 0 I [2 T156 ..] selinux: /vendor/etc/selinux/vendor_file_contexts
05-24 10:12:54.159 0 0 I [2 T156 ..] ueventd: Parsing file /system/etc/ueventd.rc...
05-24 10:12:54.159 0 0 I [2 T156 ..] ueventd: Added '/vendor/etc/ueventd.rc' to import list
05-24 10:12:54.160 0 0 I [2 T156 ..] ueventd: Added '/odm/etc/ueventd.rc' to import list
05-24 10:12:54.162 0 0 I [2 T156 ..] ueventd: Parsing file /vendor/etc/ueventd.rc...
05-24 10:12:54.175 0 0 I [1 T157 ..] apexd: Bootstrap subcommand detected
05-24 10:12:54.176 0 0 E [1 T157 ..] cutils-trace: Error opening trace file: No such file or directory (2)
05-24 10:12:54.177 0 0 I [1 T157 ..] apexd-bootstrap: Scanning /system/apex for pre-installed ApexFiles
05-24 10:12:54.178 0 0 I [1 T157 ..] apexd-bootstrap: Found pre-installed APEX /system/apex/com.amlogic.mediaextractor.apex
05-24 10:12:54.181 0 0 I [1 T157 ..] apexd-bootstrap: Found pre-installed APEX /system/apex/com.android.adbd.capex
05-24 10:12:54.184 0 0 I [1 T157 ..] apexd-bootstrap: Found pre-installed APEX /system/apex/com.android.adservices.capex
05-24 10:12:54.187 0 0 I [1 T157 ..] apexd-bootstrap: Found pre-installed APEX /system/apex/com.android.apex.cts.shim.apex
05-24 10:12:54.189 0 0 I [1 T157 ..] apexd-bootstrap: Found pre-installed APEX /system/apex/com.android.appsearch.capex
05-24 10:12:54.191 0 0 I [1 T157 ..] apexd-bootstrap: Found pre-installed APEX /system/apex/com.android.art.capex
05-24 10:12:54.194 0 0 I [1 T157 ..] apexd-bootstrap: Found pre-installed APEX /system/apex/com.android.btservices.apex
05-24 10:12:55.183 0 0 I [2 T197 ..] loop0: detected capacity change from 0 to 34880
05-24 10:12:55.186 0 0 I [2 T196 ..] loop1: detected capacity change from 0 to 1616
05-24 10:12:55.189 0 0 I [3 T198 ..] loop2: detected capacity change from 0 to 7024
05-24 10:12:55.190 0 0 I [2 T195 ..] loop3: detected capacity change from 0 to 68064
05-24 10:12:55.194 0 0 I : [3 T198 ..] EXT4-fs (loop2): mounted filesystem without journal. Opts: (null). Quota mode: none.
05-24 10:12:55.195 0 0 I : [3 T196 ..] EXT4-fs (loop1): mounted filesystem without journal. Opts: (null). Quota mode: none.
05-24 10:12:55.201 0 0 I : [0 T197 ..] EXT4-fs (loop0): mounted filesystem without journal. Opts: (null). Quota mode: none.
05-24 10:12:55.209 0 0 I : [3 T195 ..] EXT4-fs (loop3): mounted filesystem without journal. Opts: (null). Quota mode: none.
05-24 10:12:55.221 0 0 W [3 T157 ..] printk: apexd: 49 output lines suppressed due to ratelimiting
05-24 10:12:55.285 0 0 W [3 T155 ..] protected_memory_allocator: loading out-of-tree module taints kernel.
05-24 10:12:55.286 0 0 E [3 T155 ..] [tee]: tee_pta_invoke_cmd invoke func failed, cmd = 0, ret= 0, res = 0xffff0006, origin = 0x4
05-24 10:12:55.287 0 0 E : [3 T155 ..] simple_protected_memory_allocator protected-memory-allocator: tee protect protected_memory fail!
05-24 10:12:55.288 0 0 I : [3 T155 ..] simple_protected_memory_allocator protected-memory-allocator: Protected memory allocator probed successfully
05-24 10:12:55.290 0 0 I : [3 T155 ..] simple_protected_memory_allocator protected-memory-allocator: Protected memory region: base=e5800000 num pages=0
05-24 10:12:55.300 0 0 W [2 T155 ..] amlogic_fbc_lib: module license 'Copyright (C) 2015 Amlogic, Inc. All rights reserved.' taints kernel.
05-24 10:12:55.301 0 0 W : [2 T155 ..] Disabling lock debugging due to kernel taint
05-24 10:12:55.302 0 0 W : [2 T155 ..] Kernel module BTF mismatch detected, BTF debug info may be unavailable for some modules
05-24 10:12:55.303 0 0 E : [2 T155 ..] register_amlogic_afbc_dec_fun
05-24 10:12:55.376 0 0 I : [3 T155 ..] cuva alg: 2024-01-17 V-0.3, cuvahdr2sdr proc with sdr path when >200nit init ok
05-24 10:12:55.378 0 0 I [3 T155 ..] hdr10_tmo_alg: hdr10_tmo_alg_driver_init insmod ok. v1.0_2023-2-14
05-24 10:12:55.409 0 0 I : [3 T208 ..] aml_crypto_dev fe440400.aml_dma:crypto: Aml crypto device (irq)
05-24 10:12:55.416 0 0 I [3 T208 ..] [wireless]: [wifi_dev_probe] wifi_pwm_tee = 0
05-24 10:12:55.417 0 0 I [3 T208 ..] [wireless]: [wifi_dev_probe] use double channel
05-24 10:12:55.417 0 0 I [3 T208 ..] [wireless]: [wifi_dev_probe] buf_level is :0
05-24 10:12:55.418 0 0 E [3 T208 ..] [wireless]: [dhd] STATIC-MSG) bcmdhd_init_wlan_mem : 101.10.361.31 (wlan=r892223-20230427-1)
05-24 10:12:55.419 0 0 E [3 T208 ..] [wireless]: [dhd] STATIC-MSG) dhd_init_wlan_mem : prealloc ok for index 0: 1583104(1546K)
05-24 10:12:55.421 0 0 I [3 T208 ..] [wireless]: amlogic rfkill init
05-24 10:12:55.422 0 0 I [0 T8 ..] input: input_btrcu as /devices/platform/aml_bt/input/input10
05-24 10:12:55.437 0 0 I [3 T208 ..] zram: Added device: zram0
05-24 10:12:55.446 0 0 I [0 T208 ..] usbcore: registered new interface driver rtl8150
05-24 10:12:55.452 0 0 I [3 T208 ..] usbcore: registered new device driver r8152-cfgselector
05-24 10:12:55.452 0 0 I [3 T208 ..] usbcore: registered new interface driver r8152
05-24 10:12:55.460 0 0 I [3 T208 ..] usbcore: registered new interface driver asix
05-24 10:12:55.463 0 0 I [3 T208 ..] usbcore: registered new interface driver ax88179_178a
05-24 10:12:55.466 0 0 I [3 T208 ..] usbcore: registered new interface driver cdc_ether
05-24 10:12:55.469 0 0 I [3 T208 ..] usbcore: registered new interface driver cdc_eem
05-24 10:12:55.472 0 0 I [3 T208 ..] usbcore: registered new interface driver cdc_ncm
05-24 10:12:55.475 0 0 I [3 T208 ..] usbcore: registered new interface driver aqc111
05-24 10:12:55.478 0 0 I [3 T208 ..] usbcore: registered new interface driver r8153_ecm
05-24 10:12:55.480 0 0 I [3 T208 ..] i2c_dev: i2c /dev entries driver
05-24 10:12:55.486 0 0 W [3 T208 ..] leds-gpio: probe of gpio_leds failed with error -2
05-24 10:12:55.496 0 0 W : [2 T208 ..] aml dvb init
05-24 10:12:55.512 0 0 I : [0 T208 ..] meson-vrtc fe010288.rtc: registered as rtc0
05-24 10:12:55.513 0 0 I : [0 T208 ..] meson-vrtc fe010288.rtc: setting system clock to 2025-05-24T02:12:55 UTC (1748052775)
05-24 10:12:55.519 0 0 F : [3 T208 ..] Virtual kernel memory layout:
05-24 10:12:55.519 0 0 F [3 T208 ..] modules: 0xffffffc000000000 - 0xffffffc008000000 ( 128 MB)
05-24 10:12:55.520 0 0 F [3 T208 ..] vmalloc: 0xffffffc008000000 - 0xfffffffdf0000000 ( 247 GB)
05-24 10:12:55.521 0 0 F [3 T208 ..] fixed: 0xfffffffdfdbf9000 - 0xfffffffdfe000000 ( 4124 KB)
05-24 10:12:55.522 0 0 F : [3 T208 ..] PCI I/O : 0xfffffffdfe800000 - 0xfffffffdff800000 ( 16 MB)
05-24 10:12:55.523 0 0 F [3 T208 ..] vmemmap: 0xfffffffe00000000 - 0xffffffff00000000 ( 4 GB maximum)
05-24 10:12:55.528 0 0 I : [0 T208 ..] request usb_ctl pin: 472 ok !!
05-24 10:12:55.528 0 0 I : [0 T208 ..] load gpio drv ok !
05-24 10:12:55.528 0 0 I : [0 T208 ..] Shutdown notifier registered successfully
05-24 10:12:55.531 0 0 I : [0 T208 ..] [AML_WATERMARK] [ERROR] [Func: aml_watermark_driver_init, Line: 475] vxwm and ngwm both are disabled
05-24 10:12:55.565 0 0 I [3 T208 ..] [led]: aml_ledlight_init!
05-24 10:12:55.566 0 0 F [3 T208 ..] FD650: fd650_driver_init: FD650 Driver init.
05-24 10:12:55.566 0 0 F [3 T208 ..] FD655: fd655_driver_init: FD655 Driver init.
05-24 10:12:55.590 0 0 I [3 T221 ..] aml_init_mm: ffffffc00a4e9f68
05-24 10:12:55.625 0 0 I : [1 T208 ..] meson8b-dwmac fe368000.ethernet: IRQ eth_wake_irq not found
05-24 10:12:55.626 0 0 I : [1 T208 ..] meson8b-dwmac fe368000.ethernet: IRQ eth_lpi not found
05-24 10:12:55.627 0 0 I : [1 T208 ..] meson8b-dwmac fe368000.ethernet: PTP uses main clock
05-24 10:12:55.645 0 0 I : [1 T208 ..] meson8b-dwmac fe368000.ethernet: User ID: 0x50, Synopsys ID: 0x53
05-24 10:12:55.645 0 0 I : [1 T208 ..] meson8b-dwmac fe368000.ethernet: DWMAC4/5
05-24 10:12:55.646 0 0 I : [1 T208 ..] meson8b-dwmac fe368000.ethernet: DMA HW capability register supported
05-24 10:12:55.647 0 0 I : [1 T208 ..] meson8b-dwmac fe368000.ethernet: RX Checksum Offload Engine supported
05-24 10:12:55.648 0 0 I : [1 T208 ..] meson8b-dwmac fe368000.ethernet: TX Checksum insertion supported
05-24 10:12:55.649 0 0 I : [1 T208 ..] meson8b-dwmac fe368000.ethernet: Wake-Up On Lan supported
05-24 10:12:55.650 0 0 I : [1 T208 ..] meson8b-dwmac fe368000.ethernet: TSO supported
05-24 10:12:55.651 0 0 I : [1 T208 ..] meson8b-dwmac fe368000.ethernet: Enable RX Mitigation via HW Watchdog Timer
05-24 10:12:55.652 0 0 I : [1 T208 ..] meson8b-dwmac fe368000.ethernet: device MAC address 20:02:fe:19:c2:3e
05-24 10:12:55.653 0 0 I : [1 T208 ..] meson8b-dwmac fe368000.ethernet: Enabled L3L4 Flow TC (entries=1)
05-24 10:12:55.654 0 0 I : [1 T208 ..] meson8b-dwmac fe368000.ethernet: Enabled RFS Flow TC (entries=8)
05-24 10:12:55.655 0 0 I : [1 T208 ..] meson8b-dwmac fe368000.ethernet: Using 32 bits DMA width
05-24 10:12:55.670 0 0 I : [1 T208 ..] aml_cust_setting
05-24 10:12:55.670 0 0 I : [1 T208 ..] cover mc_val as 0x1621
05-24 10:12:55.670 0 0 I : [1 T208 ..] gpio 1
05-24 10:12:55.671 0 0 I [1 T208 ..] input: input_ethrcu as /devices/platform/soc/fe368000.ethernet/input/input11
05-24 10:12:55.702 0 0 I [1 T208 ..] usbcore: registered new interface driver aml_usbcam
05-24 10:12:55.705 0 0 I : [2 T71 ..] lcd vlock_en=0, vlock_mode=0x8 i=101
05-24 10:12:55.810 0 0 I : [1 T208 ..] audio-ddr-manager fe330000.audiobus:ddr_manager: 0, irqs frddr 37
05-24 10:12:55.810 0 0 I : [1 T208 ..] audio-ddr-manager fe330000.audiobus:ddr_manager: 1, irqs frddr 38
05-24 10:12:55.811 0 0 I : [1 T208 ..] audio-ddr-manager fe330000.audiobus:ddr_manager: 2, irqs frddr 39
05-24 10:12:55.812 0 0 I : [1 T208 ..] audio-ddr-manager fe330000.audiobus:ddr_manager: 3, irqs frddr 40
05-24 10:12:55.845 0 0 I [0 T208 ..] [snd-soc]: extn_platform_probe, register soc platform
05-24 10:12:55.850 0 0 W : [1 T208 ..] snd_pdm fe330000.audiobus:pdm: Can't get pdm pinmux
05-24 10:12:55.851 0 0 I : [1 T208 ..] snd_pdm fe330000.audiobus:pdm: Can't retrieve xtal_clk clock
05-24 10:12:55.851 0 0 W : [1 T208 ..] snd_pdm fe330000.audiobus:pdm: no clk_src_cd clock for 44k case
05-24 10:12:55.870 0 0 W [1 T208 ..] [snd-soc]: failed to get data_lb_ratec
05-24 10:12:55.871 0 0 D [1 T208 ..] [snd-soc]: resample_platform_probe
05-24 10:12:55.871 0 0 D [1 T208 ..] [snd-soc]: resample_platform_probe sys-src clk rate from dts:491520000
05-24 10:12:55.871 0 0 W : [1 T208 ..] audioresample fe330000.audiobus:resample@0: no clk_src_cd clock for hifi1 case
05-24 10:12:55.871 0 0 I [1 T208 ..] [snd-soc]: new_resample_init: Start init new resample 0 parameters!
05-24 10:12:55.872 0 0 E : [1 T208 ..] Codec io: No support bus type 2 to write.
05-24 10:12:55.874 0 0 I [1 T208 ..] [snd-soc]: resample_clk_set:set hifi pll
05-24 10:12:55.874 0 0 I [1 T208 ..] [snd-soc]: resample_clk_set, resample_pll:491520000, sclk:12288000, clk:12288000
05-24 10:12:55.875 0 0 I [1 T208 ..] [snd-soc]: new_resample_set_ratio(), id = 0, phase_step = 0x10000000, input_sr = 48000, output_sr = 48000
05-24 10:12:55.875 0 0 I [1 T208 ..] [snd-soc]: resample id = 0, new resample = 2, resample_module = 8
05-24 10:12:55.892 0 0 I [1 T208 ..] [snd-soc]: Channel_Mask: lane_ss = 0
05-24 10:12:55.913 0 0 I [1 T208 ..] input: vad_keypad as /devices/platform/soc/fe330000.audiobus/fe330000.audiobus:vad/input/input12
05-24 10:12:55.938 0 0 E : [0 T208 ..] asoc-aml-card auge_sound: aml_card_dai_link_of, error dai-link idx:2, error getting codec dai, ret -517
05-24 10:12:55.939 0 0 E [0 T208 ..] [snd-soc]: aml_card_probe error ret:-517
05-24 10:12:55.974 0 0 E : [2 T8 ..] asoc-aml-card auge_sound: aml_card_dai_link_of, error dai-link idx:2, error getting codec dai, ret -517
05-24 10:12:55.975 0 0 E [2 T8 ..] [snd-soc]: aml_card_probe error ret:-517
05-24 10:12:55.976 0 0 E : [1 T8 ..] asoc-aml-card auge_sound: aml_card_dai_link_of, error dai-link idx:2, error getting codec dai, ret -517
05-24 10:12:55.977 0 0 E [1 T8 ..] [snd-soc]: aml_card_probe error ret:-517
05-24 10:12:55.981 0 0 I : [0 T208 ..] aml_codec_T9015 fe01a000.t9015: aml_T9015_audio_codec_probe
05-24 10:12:55.981 0 0 I [0 T208 ..] [snd-codec-t9015]: T9015 acodec tdmout index:2
05-24 10:12:55.986 0 0 E : [1 T8 ..] asoc-aml-card auge_sound: IRQ audio_exception64 not found
05-24 10:12:55.994 0 0 I [3 T8 ..] [snd-codec-t9015]: no call standard reset interface
05-24 10:12:56.015 0 0 W : [0 T208 ..] es8156_modinit enter
05-24 10:12:56.015 0 0 W : [0 T208 ..] es8156_i2c_probe start
05-24 10:12:56.019 0 0 E : [0 T208 ..] es8156 2-0008: failed to read i2c at addr 8
05-24 10:12:56.263 0 0 D [2 T8 ..] [snd-soc]: spdifout_play_with_zerodata_free, spdif id:0
05-24 10:12:56.263 0 0 D [2 T8 ..] [snd-soc]: spdifout_play_with_zerodata_free, spdif id:1
05-24 10:12:56.263 0 0 I [2 T8 ..] [snd-soc]:
05-24 10:12:56.263 0 0 I : [2 T8 ..] loopback_dai_set_sysclk, 0, 12288000, 0
05-24 10:12:56.263 0 0 I [2 T8 ..] [snd-soc]: asoc loopback_dai_set_fmt, 0x4010, 00000000901ed636
05-24 10:12:56.273 0 0 W [3 T8 ..] [snd-soc]: no node audio_effect for eq/drc info!
05-24 10:12:56.437 0 0 I [3 T229 ..] servicemanager: Starting sm instance on /dev/binder
05-24 10:12:56.444 0 0 W [3 T229 ..] SELinux: Multiple same specifications for tv_remote.
05-24 10:12:56.445 0 0 I [3 T229 ..] SELinux: SELinux: Loaded service context from:
05-24 10:12:56.445 0 0 I [3 T229 ..] SELinux: /system/etc/selinux/plat_service_contexts
05-24 10:12:56.446 0 0 I [3 T229 ..] SELinux: /system_ext/etc/selinux/system_ext_service_contexts
05-24 10:12:56.447 0 0 I [3 T229 ..] SELinux: /product/etc/selinux/product_service_contexts
05-24 10:12:56.448 0 0 I [3 T229 ..] SELinux: /vendor/etc/selinux/vendor_service_contexts
05-24 10:12:56.526 0 0 I [3 T155 ..] [efuse-unifykey]: already inited!
05-24 10:12:56.542 0 0 I [3 T227 ..] logd.auditd: start
05-24 10:12:56.554 0 0 I [0 T227 ..] logd: Loaded bug_map file: /system_ext/etc/selinux/bug_map
05-24 10:12:56.555 0 0 I [2 T227 ..] logd: Loaded bug_map file: /vendor/etc/selinux/selinux_denial_metadata
05-24 10:12:56.556 0 0 I [2 T227 ..] logd: Loaded bug_map file: /system/etc/selinux/bug_map
05-24 10:12:56.568 0 0 I : [0 T8 ..] mali fd000000.valhall: Kernel DDK version r44p1-01eac0
05-24 10:12:56.569 0 0 I : [0 T8 ..] mali fd000000.valhall: GPU metrics tracepoint support enabled
05-24 10:12:56.571 0 0 I : [0 T8 ..] mali fd000000.valhall: r0p0 status 1 not found in HW issues table;
05-24 10:12:56.572 0 0 I : [0 T8 ..] mali fd000000.valhall: falling back to closest match: r0p0 status 0
05-24 10:12:56.573 0 0 I : [0 T8 ..] mali fd000000.valhall: Execution proceeding normally with fallback match
05-24 10:12:56.574 0 0 I : [0 T8 ..] mali fd000000.valhall: GPU identified as 0x4 arch 10.12.7 r0p0 status 1
05-24 10:12:56.575 0 0 I : [0 T8 ..] mali fd000000.valhall: No priority control manager is configured
05-24 10:12:56.576 0 0 I : [0 T8 ..] mali fd000000.valhall: No memory group manager is configured
05-24 10:12:56.585 0 0 I : [0 T8 ..] mali fd000000.valhall: Protected memory allocator not available
05-24 10:12:56.585 0 0 I : [0 T8 ..] mali fd000000.valhall: Using coherency mode 31 set from dtb
05-24 10:12:56.589 0 0 I : [1 T8 ..] mali fd000000.valhall: Probed as mali0
05-24 10:12:56.598 0 0 I [2 T155 ..] init: wait for '/odm/lib/ms12' took 0ms
05-24 10:12:56.635 0 0 I [3 T155 ..] init: wait for '/dev/audio_utils' took 0ms
05-24 10:12:56.637 0 0 I [3 T155 ..] init: wait for '/dev/dolby_fw' took 0ms
05-24 10:12:56.752 0 0 I [1 T155 ..] [media_clock]: dos_register_probe, res start fe320000, end fe32ffff, iomap: ffffffc00bfd0000
05-24 10:12:56.753 0 0 I [1 T155 ..] [media_clock]: dos_register_probe, res start fe036000, end fe037fff, iomap: ffffffc00bd0e000
05-24 10:12:56.754 0 0 E [1 T155 ..] [media_clock]: of_address_to_resource failed
05-24 10:12:56.755 0 0 I [1 T155 ..] [media_clock]: initial_dos_device end, chip 71(0)
05-24 10:12:56.756 0 0 D [1 T155 ..] [media_clock]: set_clock_gate get hevc_mux_str
05-24 10:12:56.756 0 0 D [1 T155 ..] [media_clock]: set_clock_gate get hcodec mux
05-24 10:12:56.756 0 0 D [1 T155 ..] [media_clock]: set_clock_gate get vdec mux
05-24 10:12:56.768 0 0 I [2 T155 ..] [firmware]: read format in dts failed, ret = -22 --------- beginning of system
05-24 10:12:56.792 245 245 I vold : Vold 3.0 (the awakening) firing up
05-24 10:12:56.792 245 245 D vold : Detected support for: ext4 f2fs vfat
05-24 10:12:56.806 0 0 E : [1 T155 ..] vdec vdec: Get pwrc-vdec-2 failed, pm-domain: 0
05-24 10:12:56.807 0 0 E : [1 T155 ..] vdec vdec: Get pwrc-hevcb failed, pm-domain: 0
05-24 10:12:56.807 0 0 E : [1 T155 ..] vdec vdec: Get pwrc-wave failed, pm-domain: 0
05-24 10:12:56.842 0 0 E : [0 T155 ..] Amlogic A/V streaming port init
05-24 10:12:56.856 245 245 D vold : VoldNativeService::start() completed OK
05-24 10:12:56.995 0 0 I [3 T1 ..] tune2fs: tune2fs 1.46.6 (1-Feb-2023)
05-24 10:12:57.005 0 0 I [0 T1 ..] tune2fs: Cannot enable project quota; inode size too small.
05-24 10:12:57.011 0 0 I [3 T1 ..] tune2fs: tune2fs terminated by exit(1)
05-24 10:12:57.011 0 0 I : [3 T1 ..]
05-24 10:12:57.013 0 0 W : [0 T1 ..] EXT4-fs (mmcblk0p15): Ignoring removed nomblk_io_submit option
05-24 10:12:57.020 0 0 I [3 T229 ..] servicemanager: getDeviceHalManifest: Reading VINTF information.
05-24 10:12:57.026 0 0 I [3 T229 ..] servicemanager: getDeviceHalManifest: Successfully processed VINTF information
05-24 10:12:57.027 0 0 I [3 T229 ..] servicemanager: getFrameworkHalManifest: Reading VINTF information.
05-24 10:12:57.045 0 0 I : [3 T1 ..] EXT4-fs (mmcblk0p15): mounted filesystem with ordered data mode. Opts: errors=remount-ro,nomblk_io_submit. Quota mode: none.
05-24 10:12:57.047 0 0 W : [3 T1 ..] ext4 filesystem being mounted at /mnt/vendor/param supports timestamps until 2038-01-19 (0x7fffffff)
05-24 10:12:57.114 0 0 I [0 T1 ..] e2fsck: e2fsck 1.46.6 (1-Feb-2023)
05-24 10:12:57.127 0 0 I [0 T1 ..] e2fsck: Pass 1: Checking inodes, blocks, and sizes
05-24 10:12:57.128 0 0 I [0 T1 ..] e2fsck: Pass 2: Checking directory structure
05-24 10:12:57.129 0 0 I [0 T1 ..] e2fsck: Pass 3: Checking directory connectivity
05-24 10:12:57.132 0 0 I [0 T1 ..] e2fsck: Pass 4: Checking reference counts
05-24 10:12:57.132 0 0 I [0 T1 ..] e2fsck: Pass 5: Checking group summary information
05-24 10:12:57.140 0 0 I [1 T1 ..] e2fsck: /dev/block/by-name/param: 18/4096 files (11.1% non-contiguous), 1524/4096 blocks
05-24 10:12:57.145 0 0 W : [1 T1 ..] EXT4-fs (mmcblk0p15): Ignoring removed nomblk_io_submit option
05-24 10:12:57.165 0 0 I : [0 T1 ..] EXT4-fs (mmcblk0p15): mounted filesystem with ordered data mode. Opts: nodelalloc,nomblk_io_submit,errors=panic. Quota mode: none.
05-24 10:12:57.167 0 0 W : [2 T1 ..] ext4 filesystem being mounted at /mnt/vendor/param supports timestamps until 2038-01-19 (0x7fffffff)
05-24 10:12:57.177 0 0 W : [3 T1 ..] EXT4-fs (mmcblk0p9): Ignoring removed nomblk_io_submit option
05-24 10:12:57.201 0 0 I : [3 T1 ..] EXT4-fs (mmcblk0p9): mounted filesystem with ordered data mode. Opts: errors=remount-ro,nomblk_io_submit. Quota mode: none.
05-24 10:12:57.258 0 0 W : [1 T1 ..] EXT4-fs (mmcblk0p9): Ignoring removed nomblk_io_submit option
05-24 10:12:57.270 0 0 I : [3 T1 ..] EXT4-fs (mmcblk0p9): mounted filesystem with ordered data mode. Opts: nodelalloc,nomblk_io_submit,errors=panic. Quota mode: none.
05-24 10:12:57.296 0 0 W : [3 T1 ..] FAT-fs (mmcblk0p4): Volume was not properly unmounted. Some data may be corrupt. Please run fsck.
05-24 10:12:57.555 0 0 I : [1 T280 ..] mali fd000000.valhall: Loading Mali firmware 0x1010000
05-24 10:12:57.558 0 0 E : [1 T280 ..] mali fd000000.valhall: Protected memory allocator not found, Firmware protected mode entry will not be supported
05-24 10:12:57.559 0 0 I : [1 T280 ..] mali fd000000.valhall: Mali firmware git_sha: 7f8e423cba190d559c9c79e71e47d07beb193793
05-24 10:12:57.629 0 0 I : [0 T10 ..] [TEE] E/TC:? 00 tee_rpmb_verify_key_sync_counter:1008 Verify key returning 0xffff0008
05-24 10:12:57.630 0 0 I : [0 T10 ..] [TEE] E/TA: MM-module-name:VDEC TA,Version:1.0.21-g006fb97(build:6823)
05-24 10:12:57.631 0 0 I : [0 T10 ..] [TEE] M/TA: support scs verify chip. 71
05-24 10:12:57.631 0 0 I : [0 T10 ..] [TEE] E/TA: fw_check_pack_version:301 the package has 17 fws totally.
05-24 10:12:57.632 0 0 I : [0 T10 ..] [TEE] E/TA: fw_check_pack_version:318 The TA ver is v1.0
05-24 10:12:57.633 0 0 I : [0 T10 ..] [TEE] E/TA: fw_check_pack_version:319 The fw ver is v0.4
05-24 10:12:57.634 0 0 I : [0 T10 ..] [TEE] E/TA: fw_data_insert:403 the fw with 372 KB will be loaded.
05-24 10:12:57.635 0 0 I : [0 T10 ..] [TEE] M/TA: TEE_Video_Load_FW success
05-24 10:12:57.696 0 0 D [3 T294 ..] vdc: Waited 0ms for vold
05-24 10:12:57.707 0 0 I [3 T289 ..] android.hardware.boot-service: boot_ctrl.roll_flag =
05-24 10:12:57.709 0 0 I [3 T289 ..] android.hardware.boot-service: IBootControl AIDL service running...
05-24 10:12:57.697 245 245 I vold : Using AIDL version of IBootControl
05-24 10:12:57.712 0 0 I [1 T289 ..] android.hardware.boot-service: sys.boot_completed:
05-24 10:12:57.743 245 245 D vold : fscrypt_mount_metadata_encrypted: /data encrypt: 0 format: 0 with null block device: /dev/block/by-name/userdata and zoned device:
05-24 10:12:57.744 245 245 D vold : metadata_key_dir/key: /metadata/vold/metadata_encryption/key
05-24 10:12:57.756 0 0 D [1 T298 ..] vdc: Waited 0ms for vold
05-24 10:12:57.745 288 288 I keystore2: system/security/keystore2/src/keystore2_main.rs:61 - Keystore2 is starting.
05-24 10:12:57.745 288 288 I keystore2: system/security/keystore2/src/keystore2_main.rs:67 - Setting up sqlite logging for keystore2
05-24 10:12:57.746 245 245 D vold : Key exists, using: /metadata/vold/metadata_encryption/key
05-24 10:12:57.749 288 288 W keystore2: system/security/keystore2/src/metrics_store.rs:577 - In update_keystore_crash_sysprop: Failed to read the existing system property due to: system/security/keystore2/src/metrics_store.rs:608: Property not set..Therefore, keystore crashes will not be logged.
05-24 10:12:57.752 288 288 I keystore2: system/security/keystore2/src/keystore2_main.rs:97 - Starting thread pool now.
05-24 10:12:57.758 288 288 I keystore2: system/security/keystore2/src/globals.rs:256 - KeyMint device is current version (Some(300)) for security level: r#TRUSTED_ENVIRONMENT
05-24 10:12:57.772 288 300 I keystore2: system/security/keystore2/src/shared_secret_negotiation.rs:47 - Shared secret negotiation concluded successfully.
05-24 10:12:57.774 288 288 I keystore2: system/security/keystore2/src/keystore2_main.rs:152 - Successfully registered Keystore 2.0 service.
05-24 10:12:57.774 288 288 I keystore2: system/security/keystore2/src/keystore2_main.rs:154 - Joining thread pool now.
05-24 10:12:57.777 245 245 D vold : Mounting metadata-encrypted filesystem:/data
05-24 10:12:57.778 288 300 I keystore2: system/security/keystore2/src/shared_secret_negotiation.rs:294 - No StrongBox Keymint available, so no RoT transfer
05-24 10:12:57.779 245 245 I vold : [libfs_mgr] Running /system/bin/fsck.f2fs -a -c 10000 --debug-cache /dev/block/dm-50
05-24 10:12:57.809 0 0 I [3 T245 ..] fsck.f2fs: Info: Fix the reported corruption.
05-24 10:12:57.810 0 0 I [3 T245 ..] fsck.f2fs: Info: not exist /proc/version!
05-24 10:12:57.810 0 0 I [2 T245 ..] fsck.f2fs: Info: MKFS version
05-24 10:12:57.811 0 0 I [2 T245 ..] fsck.f2fs: "5.15.170-android14-11-gce7825878084-dirty"
05-24 10:12:57.812 0 0 I [2 T245 ..] fsck.f2fs: Info: FSCK version
05-24 10:12:57.813 0 0 I [2 T245 ..] fsck.f2fs: from "5.15.170-android14-11-gce7825878084-dirty"
05-24 10:12:57.813 0 0 I [2 T245 ..] fsck.f2fs: to "5.15.170-android14-11-gce7825878084-dirty"
05-24 10:12:57.818 0 0 I [2 T245 ..] fsck.f2fs: Info: superblock features = 1499 : encrypt verity extra_attr project_quota quota_ino casefold
05-24 10:12:57.820 0 0 I [2 T245 ..] fsck.f2fs: Info: superblock encrypt level = 0, salt = 00000000000000000000000000000000
05-24 10:12:57.821 0 0 I [1 T245 ..] fsck.f2fs: Info: Segments per section = 1
05-24 10:12:57.823 0 0 I : [1 T245 ..] F2FS-fs (dm-50): Using encoding defined by superblock: utf8-12.1.0 with flags 0x0
05-24 10:12:57.855 245 245 I vold : [libfs_mgr] __mount(source=/dev/block/dm-50,target=/data,type=f2fs)=0: Success
05-24 10:12:57.855 245 245 D vold : Mounted /data
05-24 10:12:57.867 0 0 I : [2 T245 ..] F2FS-fs (dm-50): Mounted with checkpoint version = 648e8fc7
05-24 10:12:57.899 0 0 I [3 T1 ..] zram0: detected capacity change from 0 to 2485320
05-24 10:12:57.919 0 0 I : [0 T1 ..] Adding 1242656k swap on /dev/block/zram0. Priority:-2 extents:1 across:1242656k SS
05-24 10:12:57.931 245 245 I Checkpoint: cp_prepareCheckpoint called
05-24 10:12:57.955 245 245 I vold : fscrypt_initialize_systemwide_keys
05-24 10:12:57.956 245 245 D vold : Key exists, using: /data/unencrypted/key
05-24 10:12:57.968 0 0 D [0 T318 ..] vdc: Waited 0ms for vold
05-24 10:12:57.961 245 245 D vold : Installed fscrypt key with ref d2bb09ce3e90e471fb19cd6fa7cf7272 to /data
05-24 10:12:57.961 245 245 D vold : Added fscrypt-provisioning key for d2bb09ce3e90e471fb19cd6fa7cf7272 to session keyring
05-24 10:12:57.963 245 245 I vold : Wrote system DE key reference to:/data/unencrypted/ref
05-24 10:12:57.963 245 245 D vold : Generating standard storage key
05-24 10:12:57.963 245 245 D vold : Installed fscrypt key with ref 24d304526404434dc25cec91cb4c5039 to /data
05-24 10:12:57.963 245 245 D vold : Added fscrypt-provisioning key for 24d304526404434dc25cec91cb4c5039 to session keyring
05-24 10:12:57.964 245 245 I vold : Wrote per boot key reference to:/data/unencrypted/per_boot_ref
05-24 10:12:57.980 0 0 I [2 T1 ..] fscrypt: AES-256-CTS-CBC using implementation "cts-cbc-aes-ce"
05-24 10:12:57.981 0 0 I [2 T1 ..] fscrypt: AES-256-XTS using blk-crypto-fallback
05-24 10:12:58.005 0 0 I : [0 T316 ..] vt session 316-0 create
05-24 10:12:58.013 0 0 I : [3 T316 ..] [DV] module not install
05-24 10:12:58.005 245 245 I incfs : Initial API level of the device: 34
05-24 10:12:58.005 245 245 I incfs : ro.incremental.enable: yes
05-24 10:12:58.005 245 245 I incfs : isFsAvailable: true
05-24 10:12:58.005 245 245 I incfs : isFsAvailable: true
05-24 10:12:58.005 245 245 I incfs : IncFs_Features: v2
05-24 10:12:58.007 288 303 I keystore2: system/security/keystore2/src/maintenance.rs:206 - In early_boot_ended.
05-24 10:12:58.017 288 303 I keystore2: system/security/keystore2/src/globals.rs:66 - Touching Keystore 2.0 database for this first time since boot.
05-24 10:12:58.017 288 303 I keystore2: system/security/keystore2/src/globals.rs:68 - Calling cleanup leftovers.
05-24 10:12:58.018 288 303 I keystore2: system/security/keystore2/src/boot_level_keys.rs:57 - ro.keystore.boot_level_key.strategy not set, inferring from installed KM instances
05-24 10:12:58.018 288 303 I keystore2: system/security/keystore2/src/boot_level_keys.rs:115 - In get_level_zero_key: security_level=r#SOFTWARE, deny_later_strategy=EarlyBootOnly
05-24 10:12:58.023 288 303 I keystore2: system/security/keystore2/src/super_key.rs:293 - Starting boot level watcher.
05-24 10:12:58.024 288 303 I keystore2: system/security/keystore2/src/maintenance.rs:187 - Call to earlyBootEnded succeeded for security level TRUSTED_ENVIRONMENT.
05-24 10:12:58.024 288 328 I keystore2: system/security/keystore2/src/super_key.rs:325 - Read keystore.boot_level value 30
05-24 10:12:58.024 288 328 I keystore2: system/security/keystore2/src/super_key.rs:325 - Read keystore.boot_level value 30
05-24 10:12:58.025 288 303 E keystore2: system/security/keystore2/src/maintenance.rs:192 - Call to earlyBootEnded failed for security level STRONGBOX: system/security/keystore2/src/maintenance.rs:167: getting keymint device.
05-24 10:12:58.025 288 303 E keystore2: system/security/keystore2/src/error.rs:180 - system/security/keystore2/src/maintenance.rs:167: getting keymint device
05-24 10:12:58.025 288 303 E keystore2:
05-24 10:12:58.025 288 303 E keystore2: Caused by:
05-24 10:12:58.025 288 303 E keystore2: 0: system/security/keystore2/src/globals.rs:335: Cannot connect to Keymint
05-24 10:12:58.025 288 303 E keystore2: 1: system/security/keystore2/src/globals.rs:246: Trying to get Legacy wrapper.
05-24 10:12:58.025 288 303 E keystore2: 2: Error::Km(r#HARDWARE_TYPE_UNAVAILABLE)
05-24 10:12:58.026 245 245 E vold : keystore2 Keystore earlyBootEnded returned service specific error: -68
05-24 10:12:58.040 0 0 E [1 T245 ..] vold: keystore2 Keystore earlyBootEnded returned service specific error: -68
05-24 10:12:58.079 0 0 I [3 T334 ..] apexd: Scanning /system/apex for pre-installed ApexFiles
05-24 10:12:58.079 0 0 I [3 T334 ..] apexd: Found pre-installed APEX /system/apex/com.amlogic.mediaextractor.apex
05-24 10:12:58.081 0 0 I [3 T334 ..] apexd: Found pre-installed APEX /system/apex/com.android.adbd.capex
05-24 10:12:58.082 0 0 I [3 T334 ..] apexd: Found pre-installed APEX /system/apex/com.android.adservices.capex
05-24 10:12:58.083 0 0 I [3 T334 ..] apexd: Found pre-installed APEX /system/apex/com.android.apex.cts.shim.apex
05-24 10:12:58.084 0 0 I [3 T334 ..] apexd: Found pre-installed APEX /system/apex/com.android.appsearch.capex
05-24 10:12:58.085 0 0 I [3 T334 ..] apexd: Found pre-installed APEX /system/apex/com.android.art.capex
05-24 10:12:58.086 0 0 I [3 T334 ..] apexd: Found pre-installed APEX /system/apex/com.android.btservices.apex
05-24 10:12:58.087 0 0 I [3 T334 ..] apexd: Found pre-installed APEX /system/apex/com.android.configinfrastructure.capex
05-24 10:12:58.088 0 0 I [3 T334 ..] apexd: Found pre-installed APEX /system/apex/com.android.conscrypt.capex
05-24 10:12:58.196 0 0 I [3 T345 ..] loop4: detected capacity change from 0 to 10392
05-24 10:12:58.197 0 0 I [1 T344 ..] loop5: detected capacity change from 0 to 536
05-24 10:12:58.197 0 0 I [2 T346 ..] loop6: detected capacity change from 0 to 25264
05-24 10:12:58.198 0 0 I [3 T347 ..] loop7: detected capacity change from 0 to 20400
05-24 10:12:58.202 0 0 I : [0 T344 ..] EXT4-fs (loop5): mounted filesystem without journal. Opts: (null). Quota mode: none.
05-24 10:12:58.202 0 0 I : [2 T346 ..] EXT4-fs (loop6): mounted filesystem without journal. Opts: (null). Quota mode: none.
05-24 10:12:58.204 0 0 I [1 T345 ..] loop8: detected capacity change from 0 to 38408
05-24 10:12:58.205 0 0 I : [3 T347 ..] EXT4-fs (loop7): mounted filesystem without journal. Opts: (null). Quota mode: none.
05-24 10:12:58.206 0 0 I [2 T346 ..] loop9: detected capacity change from 0 to 576
05-24 10:12:58.207 0 0 I [3 T347 ..] loop10: detected capacity change from 0 to 2224
