05-24 10:13:06.882 698 698 V SystemServerTiming: OnBootPhase_200_com.android.server.BatteryService took to complete: 0ms
05-24 10:13:06.882 698 698 D SystemServerTiming: OnBootPhase_200_com.android.server.usage.UsageStatsService
05-24 10:13:06.882 698 698 V SystemServerTiming: OnBootPhase_200_com.android.server.usage.UsageStatsService took to complete: 0ms
05-24 10:13:06.882 698 698 D SystemServerTiming: OnBootPhase_200_com.android.server.webkit.WebViewUpdateService
05-24 10:13:06.882 698 698 V SystemServerTiming: OnBootPhase_200_com.android.server.webkit.WebViewUpdateService took to complete: 0ms
05-24 10:13:06.882 698 698 D SystemServerTiming: OnBootPhase_200_com.android.server.CachedDeviceStateService
05-24 10:13:06.882 698 698 V SystemServerTiming: OnBootPhase_200_com.android.server.CachedDeviceStateService took to complete: 0ms
05-24 10:13:06.882 698 698 D SystemServerTiming: OnBootPhase_200_com.android.server.BinderCallsStatsService$LifeCycle
05-24 10:13:06.882 698 698 V SystemServerTiming: OnBootPhase_200_com.android.server.BinderCallsStatsService$LifeCycle took to complete: 0ms
05-24 10:13:06.882 698 698 D SystemServerTiming: OnBootPhase_200_com.android.server.LooperStatsService$Lifecycle
05-24 10:13:06.882 698 698 V SystemServerTiming: OnBootPhase_200_com.android.server.LooperStatsService$Lifecycle took to complete: 0ms
05-24 10:13:06.882 698 698 D SystemServerTiming: OnBootPhase_200_com.android.server.rollback.RollbackManagerService
05-24 10:13:06.882 698 698 V SystemServerTiming: OnBootPhase_200_com.android.server.rollback.RollbackManagerService took to complete: 0ms
05-24 10:13:06.882 698 698 D SystemServerTiming: OnBootPhase_200_com.android.server.os.NativeTombstoneManagerService
05-24 10:13:06.882 698 698 V SystemServerTiming: OnBootPhase_200_com.android.server.os.NativeTombstoneManagerService took to complete: 0ms
05-24 10:13:06.882 698 698 D SystemServerTiming: OnBootPhase_200_com.android.server.os.BugreportManagerService
05-24 10:13:06.882 698 698 V SystemServerTiming: OnBootPhase_200_com.android.server.os.BugreportManagerService took to complete: 0ms
05-24 10:13:06.882 698 698 D SystemServerTiming: OnBootPhase_200_com.android.server.gpu.GpuService
05-24 10:13:06.882 698 698 V SystemServerTiming: OnBootPhase_200_com.android.server.gpu.GpuService took to complete: 0ms
05-24 10:13:06.882 698 698 D SystemServerTiming: OnBootPhase_200_com.android.server.security.rkp.RemoteProvisioningService
05-24 10:13:06.882 698 698 V SystemServerTiming: OnBootPhase_200_com.android.server.security.rkp.RemoteProvisioningService took to complete: 0ms
05-24 10:13:06.882 698 698 D SystemServerTiming: OnBootPhase_200_com.android.server.cpu.CpuMonitorService
05-24 10:13:06.882 698 698 V SystemServerTiming: OnBootPhase_200_com.android.server.cpu.CpuMonitorService took to complete: 0ms
05-24 10:13:06.882 698 698 D SystemServerTiming: OnBootPhase_200_com.android.server.security.KeyChainSystemService
05-24 10:13:06.882 698 698 V SystemServerTiming: OnBootPhase_200_com.android.server.security.KeyChainSystemService took to complete: 0ms
05-24 10:13:06.882 698 698 D SystemServerTiming: OnBootPhase_200_com.android.server.BinaryTransparencyService
05-24 10:13:06.882 698 698 V SystemServerTiming: OnBootPhase_200_com.android.server.BinaryTransparencyService took to complete: 0ms
05-24 10:13:06.882 698 698 D SystemServerTiming: OnBootPhase_200_com.android.server.accounts.AccountManagerService$Lifecycle
05-24 10:13:06.882 698 698 V SystemServerTiming: OnBootPhase_200_com.android.server.accounts.AccountManagerService$Lifecycle took to complete: 0ms
05-24 10:13:06.882 698 698 D SystemServerTiming: OnBootPhase_200_com.android.server.content.ContentService$Lifecycle
05-24 10:13:06.882 698 698 V SystemServerTiming: OnBootPhase_200_com.android.server.content.ContentService$Lifecycle took to complete: 0ms
05-24 10:13:06.882 698 698 D SystemServerTiming: OnBootPhase_200_com.android.server.deviceconfig.DeviceConfigInit$Lifecycle
05-24 10:13:06.882 698 698 V SystemServerTiming: OnBootPhase_200_com.android.server.deviceconfig.DeviceConfigInit$Lifecycle took to complete: 0ms
05-24 10:13:06.882 698 698 D SystemServerTiming: OnBootPhase_200_com.android.server.DropBoxManagerService
05-24 10:13:06.882 698 698 V SystemServerTiming: OnBootPhase_200_com.android.server.DropBoxManagerService took to complete: 0ms
05-24 10:13:06.882 698 698 D SystemServerTiming: OnBootPhase_200_com.android.role.RoleService
05-24 10:13:06.882 698 698 V SystemServerTiming: OnBootPhase_200_com.android.role.RoleService took to complete: 0ms
05-24 10:13:06.882 698 698 D SystemServerTiming: OnBootPhase_200_com.android.server.vibrator.VibratorManagerService$Lifecycle
05-24 10:13:06.882 698 698 V SystemServerTiming: OnBootPhase_200_com.android.server.vibrator.VibratorManagerService$Lifecycle took to complete: 0ms
05-24 10:13:06.882 698 698 D SystemServerTiming: OnBootPhase_200_com.android.server.tare.InternalResourceService
05-24 10:13:06.882 698 698 V SystemServerTiming: OnBootPhase_200_com.android.server.tare.InternalResourceService took to complete: 0ms
05-24 10:13:06.882 698 698 D SystemServerTiming: OnBootPhase_200_com.android.server.alarm.AlarmManagerService
05-24 10:13:06.882 698 698 V SystemServerTiming: OnBootPhase_200_com.android.server.alarm.AlarmManagerService took to complete: 0ms
05-24 10:13:06.882 698 698 D SystemServerTiming: OnBootPhase_200_com.android.server.devicestate.DeviceStateManagerService
05-24 10:13:06.882 698 698 V SystemServerTiming: OnBootPhase_200_com.android.server.devicestate.DeviceStateManagerService took to complete: 0ms
05-24 10:13:06.882 698 698 D SystemServerTiming: OnBootPhase_200_com.android.server.camera.CameraServiceProxy
05-24 10:13:06.882 698 698 V SystemServerTiming: OnBootPhase_200_com.android.server.camera.CameraServiceProxy took to complete: 0ms
05-24 10:13:06.883 698 698 V SystemServerTiming: OnBootPhase_200 took to complete: 2ms
05-24 10:13:06.886 698 698 I WindowManager: No existing display settings, starting empty
05-24 10:13:06.887 698 698 I WindowManager: No existing display settings, starting empty
05-24 10:13:06.914 698 698 V SystemServerTiming: StartWindowManagerService took to complete: 34ms
05-24 10:13:06.914 698 698 D SystemServerTiming: SetWindowManagerService
05-24 10:13:06.969 698 698 I ActivityTaskManager: Loaded persisted task ids for user 0
05-24 10:13:06.975 698 698 V SystemServerTiming: SetWindowManagerService took to complete: 61ms
05-24 10:13:06.975 698 698 D SystemServerTiming: WindowManagerServiceOnInitReady
05-24 10:13:06.994 698 720 W BroadcastLoopers: Found previously unknown looper Thread[android.ui,5,main]
05-24 10:13:06.997 698 698 V SystemServerTiming: WindowManagerServiceOnInitReady took to complete: 21ms
05-24 10:13:06.997 698 772 D SystemServerTimingAsync: InitThreadPoolExec:StartISensorManagerService
05-24 10:13:06.997 698 772 D SystemServerInitThreadPool: Started executing StartISensorManagerService
05-24 10:13:06.997 698 698 D SystemServerTiming: StartInputManager
05-24 10:13:06.997 698 772 D SystemServerTimingAsync: StartISensorManagerService
05-24 10:13:06.997 698 698 I InputManager: Starting input manager
05-24 10:13:06.997 698 784 D SystemServerTimingAsync: InitThreadPoolExec:StartHidlServices
05-24 10:13:06.998 698 784 D SystemServerInitThreadPool: Started executing StartHidlServices
05-24 10:13:06.998 698 784 D SystemServerTimingAsync: StartHidlServices
05-24 10:13:06.998 698 698 V SystemServerTiming: StartInputManager took to complete: 1ms
05-24 10:13:06.998 698 698 D SystemServerTiming: DisplayManagerWindowManagerAndInputReady
05-24 10:13:06.998 698 698 V HistoricalRegistry: Interaction before persistence initialized
05-24 10:13:06.999 698 784 V SystemServerTimingAsync: StartHidlServices took to complete: 1ms
05-24 10:13:06.999 698 784 D SystemServerInitThreadPool: Finished executing StartHidlServices
05-24 10:13:06.999 698 784 V SystemServerTimingAsync: InitThreadPoolExec:StartHidlServices took to complete: 1ms
05-24 10:13:06.999 698 698 V SystemServerTiming: DisplayManagerWindowManagerAndInputReady took to complete: 1ms
05-24 10:13:06.999 698 698 D SystemServerTiming: StartBluetoothService
05-24 10:13:07.000 698 698 I SystemServiceManager: Starting com.android.server.bluetooth.BluetoothService
05-24 10:13:07.007 698 772 V SystemServerTimingAsync: StartISensorManagerService took to complete: 10ms
05-24 10:13:07.007 698 772 D SystemServerInitThreadPool: Finished executing StartISensorManagerService
05-24 10:13:07.007 698 772 V SystemServerTimingAsync: InitThreadPoolExec:StartISensorManagerService took to complete: 10ms
05-24 10:13:07.018 0 0 I [3 T229 ..] servicemanager: Found android.frameworks.sensorservice.ISensorManager/default in framework VINTF manifest.
05-24 10:13:07.008 698 698 V SystemServerTiming: StartBluetoothService took to complete: 9ms
05-24 10:13:07.008 698 698 D SystemServerTiming: IpConnectivityMetrics
05-24 10:13:07.009 698 698 I SystemServiceManager: Starting com.android.server.connectivity.IpConnectivityMetrics
05-24 10:13:07.009 698 698 V SystemServerTiming: IpConnectivityMetrics took to complete: 1ms
05-24 10:13:07.009 698 698 D SystemServerTiming: NetworkWatchlistService
05-24 10:13:07.009 698 698 I SystemServiceManager: Starting com.android.server.net.watchlist.NetworkWatchlistService$Lifecycle
05-24 10:13:07.016 698 698 I WatchlistSettings: Reload watchlist settings done
05-24 10:13:07.017 698 805 I WatchlistLoggingHandler: No need to aggregate record yet.
05-24 10:13:07.017 698 805 I WatchlistLoggingHandler: Milliseconds spent on tryAggregateRecords(): 0
05-24 10:13:07.019 698 698 V SystemServerTiming: NetworkWatchlistService took to complete: 10ms
05-24 10:13:07.019 698 698 D SystemServerTiming: PinnerService
05-24 10:13:07.019 698 698 I SystemServiceManager: Starting com.android.server.PinnerService
05-24 10:13:07.021 698 698 V HistoricalRegistry: Interaction before persistence initialized
05-24 10:13:07.023 698 698 V SystemServerTiming: PinnerService took to complete: 4ms
05-24 10:13:07.024 698 698 D SystemServerTiming: SignedConfigService
05-24 10:13:07.025 698 698 V SystemServerTiming: SignedConfigService took to complete: 1ms
05-24 10:13:07.025 698 698 D SystemServerTiming: AppIntegrityService
05-24 10:13:07.025 698 698 I SystemServiceManager: Starting com.android.server.integrity.AppIntegrityManagerService
05-24 10:13:07.027 698 698 E IntegrityFileManager: Error creating staging and rules directory
05-24 10:13:07.032 698 698 V SystemServerTiming: AppIntegrityService took to complete: 5ms
05-24 10:13:07.032 698 698 D SystemServerTiming: StartLogcatManager
05-24 10:13:07.032 698 698 I SystemServiceManager: Starting com.android.server.logcat.LogcatManagerService
05-24 10:13:07.036 698 698 V SystemServerTiming: StartLogcatManager took to complete: 4ms
05-24 10:13:07.188 698 698 I WindowManager: SAFE MODE not enabled
05-24 10:13:07.188 698 698 D SystemServerTiming: StartInputMethodManagerLifecycle
05-24 10:13:07.188 698 698 I SystemServiceManager: Starting com.android.server.inputmethod.InputMethodManagerService$Lifecycle
05-24 10:13:07.196 698 698 V SystemServerTiming: StartInputMethodManagerLifecycle took to complete: 9ms
05-24 10:13:07.197 698 698 D SystemServerTiming: StartAccessibilityManagerService
05-24 10:13:07.197 698 698 I SystemServiceManager: Starting com.android.server.accessibility.AccessibilityManagerService$Lifecycle
05-24 10:13:07.209 698 698 V SystemServerTiming: StartAccessibilityManagerService took to complete: 13ms
05-24 10:13:07.209 698 698 D SystemServerTiming: MakeDisplayReady
05-24 10:13:07.215 698 698 I ActivityTaskManager: Config changes=20005df8 {1.0 ?mcc0mnc [zh_CN] ldltr sw720dp w1280dp h720dp 240dpi xlrg long land ?uimode ?night -touch qwerty/v/v dpad/v winConfig={ mBounds=Rect(0, 0 - 1920, 1080) mAppBounds=Rect(0, 0 - 1920, 1080) mMaxBounds=Rect(0, 0 - 1920, 1080) mDisplayRotation=ROTATION_0 mWindowingMode=fullscreen mDisplayWindowingMode=fullscreen mActivityType=undefined mAlwaysOnTop=undefined mRotation=ROTATION_0} s.2 ?fontWeightAdjustment}
05-24 10:13:07.217 698 698 I WindowManager: Override config changes=60007dfc {1.0 ?mcc0mnc [zh_CN] ldltr sw720dp w1280dp h720dp 240dpi xlrg long land ?uimode ?night -touch qwerty/v/v dpad/v winConfig={ mBounds=Rect(0, 0 - 1920, 1080) mAppBounds=Rect(0, 0 - 1920, 1080) mMaxBounds=Rect(0, 0 - 1920, 1080) mDisplayRotation=ROTATION_0 mWindowingMode=fullscreen mDisplayWindowingMode=fullscreen mActivityType=undefined mAlwaysOnTop=undefined mRotation=ROTATION_0} s.2 ?fontWeightAdjustment} for displayId=0
05-24 10:13:07.220 698 698 I DisplayDevice: [0] Layerstack set to 0 for local:4621527120592813323
05-24 10:13:07.225 698 698 V SystemServerTiming: MakeDisplayReady took to complete: 15ms
05-24 10:13:07.225 698 698 D SystemServerTiming: StartStorageManagerService
05-24 10:13:07.225 698 698 I SystemServiceManager: Starting com.android.server.StorageManagerService$Lifecycle
05-24 10:13:07.227 698 722 W BroadcastLoopers: Found previously unknown looper Thread[android.display,5,main]
05-24 10:13:07.246 698 811 D StorageManagerService: Thinking about reset, mBootCompleted=false, mDaemonConnected=true
05-24 10:13:07.247 698 811 D StorageManagerService: Thinking about reset, mBootCompleted=false, mDaemonConnected=true
05-24 10:13:07.247 698 698 V SystemServerTiming: StartStorageManagerService took to complete: 22ms
05-24 10:13:07.247 698 698 D SystemServerTiming: StartStorageStatsService
05-24 10:13:07.248 698 698 I SystemServiceManager: Starting com.android.server.usage.StorageStatsService$Lifecycle
05-24 10:13:07.262 698 698 V SystemServerTiming: StartStorageStatsService took to complete: 15ms
05-24 10:13:07.262 698 698 D SystemServerTiming: StartUiModeManager
05-24 10:13:07.263 698 698 I SystemServiceManager: Starting com.android.server.UiModeManagerService
05-24 10:13:07.265 698 726 D SystemServerTimingAsync: InitThreadPoolExec:UiModeManager.onStart
05-24 10:13:07.265 698 698 V SystemServerTiming: StartUiModeManager took to complete: 3ms
05-24 10:13:07.265 698 698 D SystemServerTiming: StartLocaleManagerService
05-24 10:13:07.265 698 726 D SystemServerInitThreadPool: Started executing UiModeManager.onStart
05-24 10:13:07.266 698 698 I SystemServiceManager: Starting com.android.server.locales.LocaleManagerService
05-24 10:13:07.271 698 698 V SystemServerTiming: StartLocaleManagerService took to complete: 6ms
05-24 10:13:07.271 698 698 D SystemServerTiming: StartGrammarInflectionService
05-24 10:13:07.272 698 698 I SystemServiceManager: Starting com.android.server.grammaticalinflection.GrammaticalInflectionService
05-24 10:13:07.273 698 698 V SystemServerTiming: StartGrammarInflectionService took to complete: 2ms
05-24 10:13:07.274 698 698 D SystemServerTiming: StartAppHibernationService
05-24 10:13:07.274 698 698 I SystemServiceManager: Starting com.android.server.apphibernation.AppHibernationService
05-24 10:13:07.276 698 726 D SystemServerInitThreadPool: Finished executing UiModeManager.onStart
05-24 10:13:07.276 698 726 V SystemServerTimingAsync: InitThreadPoolExec:UiModeManager.onStart took to complete: 11ms
05-24 10:13:07.277 698 698 V SystemServerTiming: StartAppHibernationService took to complete: 4ms
05-24 10:13:07.277 698 698 D SystemServerTiming: ArtManagerLocal
05-24 10:13:07.279 698 698 V SystemServerTiming: ArtManagerLocal took to complete: 2ms
05-24 10:13:07.279 698 698 D SystemServerTiming: UpdatePackagesIfNeeded
05-24 10:13:07.279 698 698 I Watchdog: Pausing HandlerChecker: main thread for reason: dexopt. Pause count: 1
05-24 10:13:07.280 698 698 I Watchdog: Resuming HandlerChecker: main thread for reason: dexopt. Pause count: 0
05-24 10:13:07.280 698 698 V SystemServerTiming: UpdatePackagesIfNeeded took to complete: 1ms
05-24 10:13:07.280 698 698 D SystemServerTiming: PerformFstrimIfNeeded
05-24 10:13:07.281 698 698 V SystemServerTiming: PerformFstrimIfNeeded took to complete: 1ms
05-24 10:13:07.281 698 698 D SystemServerTiming: StartLockSettingsService
05-24 10:13:07.282 698 698 I SystemServiceManager: Starting com.android.server.locksettings.LockSettingsService$Lifecycle
05-24 10:13:07.304 698 698 V SystemServerTiming: StartLockSettingsService took to complete: 23ms
05-24 10:13:07.304 698 698 D SystemServerTiming: StartPersistentDataBlock
05-24 10:13:07.305 698 698 I SystemServiceManager: Starting com.android.server.PersistentDataBlockService
05-24 10:13:07.305 698 698 V SystemServerTiming: StartPersistentDataBlock took to complete: 1ms
05-24 10:13:07.305 698 698 D SystemServerTiming: StartTestHarnessMode
05-24 10:13:07.305 698 765 D SystemServerTimingAsync: InitThreadPoolExec:PersistentDataBlockService.onStart
05-24 10:13:07.305 698 765 D SystemServerInitThreadPool: Started executing PersistentDataBlockService.onStart
05-24 10:13:07.306 698 698 I SystemServiceManager: Starting com.android.server.testharness.TestHarnessModeService
05-24 10:13:07.307 698 698 V SystemServerTiming: StartTestHarnessMode took to complete: 1ms
05-24 10:13:07.307 698 698 D SystemServerTiming: StartOemLockService
05-24 10:13:07.307 698 698 I SystemServiceManager: Starting com.android.server.oemlock.OemLockService
05-24 10:13:07.321 0 0 I [2 T229 ..] servicemanager: Found android.hardware.oemlock.IOemLock/default in device VINTF manifest.
05-24 10:13:07.312 698 698 I OemLock : Using vendor lock via the HAL(aidl)
05-24 10:13:07.326 0 0 I [1 T229 ..] servicemanager: Found android.hardware.oemlock.IOemLock/default in device VINTF manifest.
05-24 10:13:07.319 698 698 V SystemServerTiming: StartOemLockService took to complete: 12ms
05-24 10:13:07.319 698 698 D SystemServerTiming: StartDeviceIdleController
05-24 10:13:07.319 698 698 I SystemServiceManager: Starting com.android.server.DeviceIdleController
05-24 10:13:07.327 698 698 V SystemServerTiming: StartDeviceIdleController took to complete: 9ms
05-24 10:13:07.327 698 698 D SystemServerTiming: StartDevicePolicyManager
05-24 10:13:07.327 698 698 I SystemServiceManager: Starting com.android.server.devicepolicy.DevicePolicyManagerService$Lifecycle
05-24 10:13:07.335 698 765 D SystemServerInitThreadPool: Finished executing PersistentDataBlockService.onStart
05-24 10:13:07.335 698 765 V SystemServerTimingAsync: InitThreadPoolExec:PersistentDataBlockService.onStart took to complete: 30ms
05-24 10:13:07.344 698 698 V SystemServerTiming: StartDevicePolicyManager took to complete: 17ms
05-24 10:13:07.344 698 698 D SystemServerTiming: StartStatusBarManagerService
05-24 10:13:07.347 698 698 V SystemServerTiming: StartStatusBarManagerService took to complete: 3ms
05-24 10:13:07.347 698 698 D SystemServer: MusicRecognitionManagerService not defined by OEM or disabled by flag
05-24 10:13:07.348 698 698 D SystemServer: ContentCaptureService disabled because resource is not overlaid
05-24 10:13:07.348 698 698 D SystemServer: AttentionService is not configured on this device
05-24 10:13:07.349 698 698 D SystemServer: RotationResolverService is not configured on this device
05-24 10:13:07.349 698 698 D SystemServer: SystemCaptionsManagerService disabled because resource is not overlaid
05-24 10:13:07.349 698 698 D SystemServerTiming: StartTextToSpeechManagerService
05-24 10:13:07.349 698 698 I SystemServiceManager: Starting com.android.server.texttospeech.TextToSpeechManagerService
05-24 10:13:07.353 698 698 V SystemServerTiming: StartTextToSpeechManagerService took to complete: 5ms
05-24 10:13:07.353 698 698 D SystemServerTiming: StartAmbientContextService
05-24 10:13:07.354 698 698 I SystemServiceManager: Starting com.android.server.ambientcontext.AmbientContextManagerService
05-24 10:13:07.356 698 698 V SystemServerTiming: StartAmbientContextService took to complete: 2ms
05-24 10:13:07.356 698 698 D SystemServerTiming: startWearableSensingService
05-24 10:13:07.356 698 698 I SystemServiceManager: Starting com.android.server.wearable.WearableSensingManagerService
05-24 10:13:07.359 698 698 V SystemServerTiming: startWearableSensingService took to complete: 3ms
05-24 10:13:07.359 698 698 D SystemServerTiming: StartSpeechRecognitionManagerService
05-24 10:13:07.360 698 698 I SystemServiceManager: Starting com.android.server.speech.SpeechRecognitionManagerService
05-24 10:13:07.362 698 698 V SystemServerTiming: StartSpeechRecognitionManagerService took to complete: 2ms
05-24 10:13:07.362 698 698 D SystemServer: AppPredictionService not defined by OEM
05-24 10:13:07.362 698 698 D SystemServer: ContentSuggestionsService not defined by OEM
05-24 10:13:07.362 698 698 D SystemServerTiming: StartSearchUiService
05-24 10:13:07.363 698 698 I SystemServiceManager: Starting com.android.server.searchui.SearchUiManagerService
05-24 10:13:07.365 698 698 V SystemServerTiming: StartSearchUiService took to complete: 2ms
05-24 10:13:07.365 698 698 D SystemServerTiming: StartSmartspaceService
05-24 10:13:07.365 698 698 I SystemServiceManager: Starting com.android.server.smartspace.SmartspaceManagerService
05-24 10:13:07.368 698 698 V SystemServerTiming: StartSmartspaceService took to complete: 3ms
05-24 10:13:07.368 698 698 D SystemServerTiming: InitConnectivityModuleConnector
05-24 10:13:07.368 698 698 V SystemServerTiming: InitConnectivityModuleConnector took to complete: 0ms
05-24 10:13:07.368 698 698 D SystemServerTiming: InitNetworkStackClient
05-24 10:13:07.369 698 698 V SystemServerTiming: InitNetworkStackClient took to complete: 0ms
05-24 10:13:07.369 698 698 D SystemServerTiming: StartNetworkManagementService
05-24 10:13:07.373 698 698 V SystemServerTiming: StartNetworkManagementService took to complete: 5ms
05-24 10:13:07.374 698 698 D SystemServerTiming: StartFontManagerService
05-24 10:13:07.556 698 698 V SystemServerTiming: StartFontManagerService took to complete: 183ms
05-24 10:13:07.557 698 698 D SystemServerTiming: StartTextServicesManager
05-24 10:13:07.557 698 698 I SystemServiceManager: Starting com.android.server.textservices.TextServicesManagerService$Lifecycle
05-24 10:13:07.559 698 698 V SystemServerTiming: StartTextServicesManager took to complete: 2ms
05-24 10:13:07.559 698 698 D SystemServerTiming: StartTextClassificationManagerService
05-24 10:13:07.559 698 698 I SystemServiceManager: Starting com.android.server.textclassifier.TextClassificationManagerService$Lifecycle
05-24 10:13:07.562 698 698 V SystemServerTiming: StartTextClassificationManagerService took to complete: 3ms
05-24 10:13:07.562 698 698 D SystemServerTiming: StartNetworkScoreService
05-24 10:13:07.562 698 698 I SystemServiceManager: Starting com.android.server.NetworkScoreService$Lifecycle
05-24 10:13:07.565 698 698 V SystemServerTiming: StartNetworkScoreService took to complete: 2ms
05-24 10:13:07.565 698 698 D SystemServerTiming: StartNetworkStatsService
05-24 10:13:07.566 698 698 I SystemServiceManager: Starting com.android.server.NetworkStatsServiceInitializer
05-24 10:13:07.617 698 698 V SystemServerTiming: StartNetworkStatsService took to complete: 52ms
05-24 10:13:07.617 698 698 D SystemServerTiming: StartNetworkPolicyManagerService
05-24 10:13:07.623 698 698 V SystemServerTiming: StartNetworkPolicyManagerService took to complete: 7ms
05-24 10:13:07.624 698 698 D SystemServerTiming: StartWifi
05-24 10:13:07.625 698 698 I SystemServiceManager: Starting com.android.server.wifi.WifiService
05-24 10:13:07.694 0 0 I [3 T229 ..] servicemanager: Found android.hardware.wifi.IWifi/default in device VINTF manifest.
05-24 10:13:07.699 0 0 I [3 T229 ..] servicemanager: Found android.hardware.wifi.supplicant.ISupplicant/default in device VINTF manifest.
05-24 10:13:07.733 609 609 I wificond: New wificond event callback registered
05-24 10:13:07.745 698 698 V HistoricalRegistry: Interaction before persistence initialized
05-24 10:13:07.746 698 698 V HistoricalRegistry: Interaction before persistence initialized
05-24 10:13:07.755 698 698 V SystemServerTiming: StartWifi took to complete: 132ms
05-24 10:13:07.755 698 698 D SystemServerTiming: StartWifiScanning
05-24 10:13:07.756 698 698 I SystemServiceManager: Starting com.android.server.wifi.scanner.WifiScanningService
05-24 10:13:07.759 698 698 V SystemServerTiming: StartWifiScanning took to complete: 4ms
05-24 10:13:07.760 698 698 D SystemServerTiming: StartWifiP2P
05-24 10:13:07.760 698 698 I SystemServiceManager: Starting com.android.server.wifi.p2p.WifiP2pService
05-24 10:13:07.768 698 698 V SystemServerTiming: StartWifiP2P took to complete: 9ms
05-24 10:13:07.768 698 698 D SystemServerTiming: StartPacProxyService
05-24 10:13:07.771 698 698 V SystemServerTiming: StartPacProxyService took to complete: 3ms
05-24 10:13:07.771 698 698 D SystemServerTiming: StartConnectivityService
05-24 10:13:07.772 698 698 I SystemServiceManager: Starting com.android.server.ConnectivityServiceInitializer
05-24 10:13:07.818 698 698 D CompatibilityChangeReporter: Compat change id reported: 182478738; UID 1000; state: ENABLED
05-24 10:13:07.830 698 846 W BroadcastLoopers: Found previously unknown looper Thread[NsdService,5,main]
05-24 10:13:07.847 698 698 V SystemServerTiming: StartConnectivityService took to complete: 76ms
05-24 10:13:07.847 698 698 D SystemServerTiming: StartVpnManagerService
05-24 10:13:07.851 698 698 V SystemServerTiming: StartVpnManagerService took to complete: 4ms
05-24 10:13:07.851 698 698 D SystemServerTiming: StartVcnManagementService
05-24 10:13:07.856 698 698 V SystemServerTiming: StartVcnManagementService took to complete: 5ms
05-24 10:13:07.856 698 698 D SystemServerTiming: StartSystemUpdateManagerService
05-24 10:13:07.858 698 698 I SystemUpdateManagerService: No existing info file /data/system/system-update-info.xml
05-24 10:13:07.859 698 698 V SystemServerTiming: StartSystemUpdateManagerService took to complete: 2ms
05-24 10:13:07.859 698 698 D SystemServerTiming: StartUpdateLockService
05-24 10:13:07.859 698 698 W BroadcastLoopers: Found previously unknown looper Thread[main,5,main]
05-24 10:13:07.860 698 698 V SystemServerTiming: StartUpdateLockService took to complete: 2ms
05-24 10:13:07.860 698 698 D SystemServerTiming: StartNotificationManager
05-24 10:13:07.861 698 698 I SystemServiceManager: Starting com.android.server.notification.NotificationManagerService
05-24 10:13:07.877 698 698 D ConditionProviders.SCP: new ScheduleConditionProvider()
05-24 10:13:07.889 698 698 D ConditionProviders: Subscribing to condition://android/event?userId=-10000&calendar=&reply=1 with ComponentInfo{android/com.android.server.notification.EventConditionProvider}
05-24 10:13:07.890 698 698 D ConditionProviders: Subscribing to condition://android/schedule?days=1.2.3.4.5.6.7&start=22.0&end=7.0&exitAtAlarm=true with ComponentInfo{android/com.android.server.notification.ScheduleConditionProvider}
05-24 10:13:07.904 698 698 I NotificationAssistants: Read notification assistant permissions from xml
05-24 10:13:07.904 698 698 I ConditionProviders: Read condition provider permissions from xml
05-24 10:13:07.904 698 698 I ConditionProviders: Read condition provider permissions from xml
05-24 10:13:07.904 698 698 D NotificationAssistants: Approving default notification assistant for user 0
05-24 10:13:07.905 698 698 I ConditionProviders: Allowing condition provider android.ext.services/android.ext.services.notification.Assistant (userSet: true)
05-24 10:13:07.916 698 698 V SystemServerTiming: StartNotificationManager took to complete: 55ms
05-24 10:13:07.916 698 698 D SystemServerTiming: StartDeviceMonitor
05-24 10:13:07.916 698 698 I SystemServiceManager: Starting com.android.server.storage.DeviceStorageMonitorService
05-24 10:13:07.918 698 698 V SystemServerTiming: StartDeviceMonitor took to complete: 2ms
05-24 10:13:07.918 698 698 D SystemServerTiming: StartTimeDetectorService
05-24 10:13:07.919 698 698 I SystemServiceManager: Starting com.android.server.timedetector.TimeDetectorService$Lifecycle
05-24 10:13:07.924 698 698 V SystemServerTiming: StartTimeDetectorService took to complete: 6ms
05-24 10:13:07.924 698 698 D SystemServerTiming: StartLocationManagerService
05-24 10:13:07.925 698 698 I SystemServiceManager: Starting com.android.server.location.LocationManagerService$Lifecycle
05-24 10:13:07.933 698 698 V SystemServerTiming: StartLocationManagerService took to complete: 9ms
05-24 10:13:07.934 698 698 D SystemServerTiming: StartCountryDetectorService
05-24 10:13:07.935 698 698 V SystemServerTiming: StartCountryDetectorService took to complete: 2ms
05-24 10:13:07.936 698 698 D SystemServerTiming: StartTimeZoneDetectorService
05-24 10:13:07.936 698 698 I SystemServiceManager: Starting com.android.server.timezonedetector.TimeZoneDetectorService$Lifecycle
05-24 10:13:07.943 698 698 V SystemServerTiming: StartTimeZoneDetectorService took to complete: 8ms
05-24 10:13:07.944 698 698 D SystemServerTiming: StartAltitudeService
05-24 10:13:07.944 698 698 I SystemServiceManager: Starting com.android.server.location.altitude.AltitudeService$Lifecycle
05-24 10:13:07.945 698 698 V SystemServerTiming: StartAltitudeService took to complete: 2ms
05-24 10:13:07.945 698 698 D SystemServerTiming: StartLocationTimeZoneManagerService
05-24 10:13:07.945 698 698 I SystemServiceManager: Starting com.android.server.timezonedetector.location.LocationTimeZoneManagerService$Lifecycle
05-24 10:13:07.946 698 698 D LocationTZDetector: Geo time zone detection feature is disabled in config
05-24 10:13:07.946 698 698 V SystemServerTiming: StartLocationTimeZoneManagerService took to complete: 0ms
05-24 10:13:07.946 698 698 D SystemServerTiming: StartSearchManagerService
05-24 10:13:07.946 698 698 I SystemServiceManager: Starting com.android.server.search.SearchManagerService$Lifecycle
05-24 10:13:07.948 698 698 V SystemServerTiming: StartSearchManagerService took to complete: 3ms
05-24 10:13:07.948 698 698 D SystemServerTiming: StartWallpaperManagerService
05-24 10:13:07.948 698 698 I SystemServiceManager: Starting com.android.server.wallpaper.WallpaperManagerService$Lifecycle
05-24 10:13:07.957 698 698 V SystemServerTiming: StartWallpaperManagerService took to complete: 9ms
05-24 10:13:07.957 698 698 D SystemServerTiming: StartWallpaperEffectsGenerationService
05-24 10:13:07.957 698 698 I SystemServiceManager: Starting com.android.server.wallpapereffectsgeneration.WallpaperEffectsGenerationManagerService
05-24 10:13:07.959 698 698 V SystemServerTiming: StartWallpaperEffectsGenerationService took to complete: 2ms
05-24 10:13:07.959 698 698 D SystemServerTiming: StartAudioService
05-24 10:13:07.959 698 698 I SystemServiceManager: Starting com.android.server.audio.AudioService$Lifecycle
05-24 10:13:08.025 698 698 V SystemServerTiming: StartAudioService took to complete: 66ms
05-24 10:13:08.026 698 698 D SystemServerTiming: StartSoundTriggerMiddlewareService
05-24 10:13:08.026 698 698 I SystemServiceManager: Starting com.android.server.soundtrigger_middleware.SoundTriggerMiddlewareService$Lifecycle
05-24 10:13:08.029 698 698 I SoundTriggerMiddlewareDefaultHalFactory: Connecting to default soundtrigger-V2.x.ISoundTriggerHw
05-24 10:13:08.032 698 698 E SoundTriggerMiddlewareImpl: Failed to add a SoundTriggerModule instance
05-24 10:13:08.032 698 698 E SoundTriggerMiddlewareImpl: java.util.NoSuchElementException
05-24 10:13:08.032 698 698 E SoundTriggerMiddlewareImpl: at android.os.HwBinder.getService(Native Method)
05-24 10:13:08.032 698 698 E SoundTriggerMiddlewareImpl: at android.hardware.soundtrigger.V2_0.ISoundTriggerHw.getService(ISoundTriggerHw.java:57)
05-24 10:13:08.032 698 698 E SoundTriggerMiddlewareImpl: at android.hardware.soundtrigger.V2_0.ISoundTriggerHw.getService(ISoundTriggerHw.java:64)
05-24 10:13:08.032 698 698 E SoundTriggerMiddlewareImpl: at com.android.server.soundtrigger_middleware.DefaultHalFactory.create(DefaultHalFactory.java:76)
05-24 10:13:08.032 698 698 E SoundTriggerMiddlewareImpl: at com.android.server.soundtrigger_middleware.SoundTriggerModule.attachToHal(SoundTriggerModule.java:176)
05-24 10:13:08.032 698 698 E SoundTriggerMiddlewareImpl: at com.android.server.soundtrigger_middleware.SoundTriggerModule.(SoundTriggerModule.java:105)
05-24 10:13:08.032 698 698 E SoundTriggerMiddlewareImpl: at com.android.server.soundtrigger_middleware.SoundTriggerMiddlewareImpl.(SoundTriggerMiddlewareImpl.java:86)
05-24 10:13:08.032 698 698 E SoundTriggerMiddlewareImpl: at com.android.server.soundtrigger_middleware.SoundTriggerMiddlewareService$Lifecycle.onStart(SoundTriggerMiddlewareService.java:248)
05-24 10:13:08.032 698 698 E SoundTriggerMiddlewareImpl: at com.android.server.SystemServiceManager.startService(SystemServiceManager.java:255)
05-24 10:13:08.032 698 698 E SoundTriggerMiddlewareImpl: at com.android.server.SystemServiceManager.startService(SystemServiceManager.java:233)
05-24 10:13:08.032 698 698 E SoundTriggerMiddlewareImpl: at com.android.server.SystemServer.startOtherServices(SystemServer.java:2226)
05-24 10:13:08.032 698 698 E SoundTriggerMiddlewareImpl: at com.android.server.SystemServer.run(SystemServer.java:946)
05-24 10:13:08.032 698 698 E SoundTriggerMiddlewareImpl: at com.android.server.SystemServer.main(SystemServer.java:668)
05-24 10:13:08.032 698 698 E SoundTriggerMiddlewareImpl: at java.lang.reflect.Method.invoke(Native Method)
05-24 10:13:08.032 698 698 E SoundTriggerMiddlewareImpl: at com.android.internal.os.RuntimeInit$MethodAndArgsCaller.run(RuntimeInit.java:552)
05-24 10:13:08.032 698 698 E SoundTriggerMiddlewareImpl: at com.android.internal.os.ZygoteInit.main(ZygoteInit.java:956)
05-24 10:13:08.044 698 698 V SystemServerTiming: StartSoundTriggerMiddlewareService took to complete: 18ms
05-24 10:13:08.044 698 698 D SystemServerTiming: StartWiredAccessoryManager
05-24 10:13:08.045 698 698 W WiredAccessoryManager: This kernel does not have wired headset support
05-24 10:13:08.046 698 698 W WiredAccessoryManager: This kernel does not have usb audio support
05-24 10:13:08.046 698 698 W WiredAccessoryManager: This kernel does not have HDMI audio support
05-24 10:13:08.046 698 698 V SystemServerTiming: StartWiredAccessoryManager took to complete: 1ms
05-24 10:13:08.047 698 698 D SystemServerTiming: StartAdbService
05-24 10:13:08.047 698 698 I SystemServiceManager: Starting com.android.server.adb.AdbService$Lifecycle
05-24 10:13:08.051 698 698 V SystemServerTiming: StartAdbService took to complete: 4ms
05-24 10:13:08.051 698 698 D SystemServerTiming: StartUsbService
05-24 10:13:08.051 698 698 I SystemServiceManager: Starting com.android.server.usb.UsbService$Lifecycle
05-24 10:13:08.052 698 698 V SystemServerTiming: StartUsbService took to complete: 0ms
05-24 10:13:08.052 698 784 D SystemServerTimingAsync: InitThreadPoolExec:UsbService$Lifecycle#onStart
05-24 10:13:08.052 698 784 D SystemServerInitThreadPool: Started executing UsbService$Lifecycle#onStart
05-24 10:13:08.052 698 698 D SystemServerTiming: StartSerialService
05-24 10:13:08.053 698 698 V SystemServerTiming: StartSerialService took to complete: 1ms
05-24 10:13:08.053 698 698 D SystemServerTiming: StartHardwarePropertiesManagerService
05-24 10:13:08.055 698 698 V SystemServerTiming: StartHardwarePropertiesManagerService took to complete: 2ms
05-24 10:13:08.056 698 698 D SystemServerTiming: StartTwilightService
05-24 10:13:08.056 698 698 I SystemServiceManager: Starting com.android.server.twilight.TwilightService
05-24 10:13:08.057 698 698 V SystemServerTiming: StartTwilightService took to complete: 2ms
05-24 10:13:08.057 698 698 D SystemServerTiming: StartColorDisplay
05-24 10:13:08.058 698 698 I SystemServiceManager: Starting com.android.server.display.color.ColorDisplayService
05-24 10:13:08.061 698 784 I UsbDeviceManager: failed to write to /sys/class/android_usb/android0/f_rndis/ethaddr
05-24 10:13:08.062 698 784 D UsbPortManager: Querying USB Gadget HAL version
05-24 10:13:08.063 698 698 V SystemServerTiming: StartColorDisplay took to complete: 5ms
05-24 10:13:08.063 698 698 D SystemServerTiming: StartJobScheduler
05-24 10:13:08.068 698 784 I UsbPortManager: USB Gadget HAL AIDL present
05-24 10:13:08.068 698 698 I SystemServiceManager: Starting com.android.server.job.JobSchedulerService
05-24 10:13:08.069 698 784 D UsbDeviceManager: getInstance done
05-24 10:13:08.072 698 784 W StorageManagerService: No primary storage defined yet; hacking together a stub
05-24 10:13:08.073 698 719 I UsbGadgetAidl: USB Gadget HAL AIDL version: GADGET_HAL_V2_0
05-24 10:13:08.074 698 711 E UsbDeviceManager: Usb getCurrentUsbFunctionsCb failed ,functions:1 ,status:3 ,transactionId:1
05-24 10:13:08.075 698 719 I UsbDeviceManager: processing MSG_GET_CURRENT_USB_FUNCTIONS
05-24 10:13:08.075 698 719 I UsbDeviceManager: updating mCurrentFunctions
05-24 10:13:08.075 698 719 I UsbDeviceManager: mCurrentFunctions:0applied:0
05-24 10:13:08.076 698 784 D UsbPortManager: Querying USB HAL version
05-24 10:13:08.077 698 784 I UsbPortManager: USB HAL AIDL present
05-24 10:13:08.081 698 784 D UsbPortManager: getInstance done
05-24 10:13:08.087 698 711 I UsbPortManager: all: opID:1 successful
05-24 10:13:08.088 698 784 D SystemServerInitThreadPool: Finished executing UsbService$Lifecycle#onStart
05-24 10:13:08.088 698 784 V SystemServerTimingAsync: InitThreadPoolExec:UsbService$Lifecycle#onStart took to complete: 36ms
05-24 10:13:08.088 698 721 D JobStore: Start tag: job-info
05-24 10:13:08.095 698 698 V HistoricalRegistry: Interaction before persistence initialized
05-24 10:13:08.096 698 698 V HistoricalRegistry: Interaction before persistence initialized
05-24 10:13:08.099 698 698 V SystemServerTiming: StartJobScheduler took to complete: 36ms
05-24 10:13:08.100 698 698 D SystemServerTiming: StartSoundTrigger
05-24 10:13:08.101 698 698 I SystemServiceManager: Starting com.android.server.soundtrigger.SoundTriggerService
05-24 10:13:08.104 698 721 D JobStore: Start tag: job-info
05-24 10:13:08.104 698 721 I JobStore: Read 5 jobs
05-24 10:13:08.105 698 698 V SystemServerTiming: StartSoundTrigger took to complete: 6ms
05-24 10:13:08.106 698 698 D SystemServerTiming: StartTrustManager
05-24 10:13:08.106 698 698 I SystemServiceManager: Starting com.android.server.trust.TrustManagerService
05-24 10:13:08.109 698 698 V SystemServerTiming: StartTrustManager took to complete: 4ms
05-24 10:13:08.109 698 698 D SystemServerTiming: StartBackupManager
05-24 10:13:08.109 698 698 I SystemServiceManager: Starting com.android.server.backup.BackupManagerService$Lifecycle
05-24 10:13:08.112 698 698 D BackupManagerService: Default backup user id = 0
05-24 10:13:08.113 698 698 V SystemServerTiming: StartBackupManager took to complete: 3ms
05-24 10:13:08.113 698 698 D SystemServerTiming: StartAppWidgetService
05-24 10:13:08.113 698 698 I SystemServiceManager: Starting com.android.server.appwidget.AppWidgetService
05-24 10:13:08.118 698 698 V SystemServerTiming: StartAppWidgetService took to complete: 5ms
05-24 10:13:08.118 698 698 D SystemServerTiming: StartVoiceRecognitionManager
05-24 10:13:08.119 698 698 I SystemServiceManager: Starting com.android.server.voiceinteraction.VoiceInteractionManagerService
05-24 10:13:08.127 698 698 V SystemServerTiming: StartVoiceRecognitionManager took to complete: 9ms
05-24 10:13:08.128 698 698 D SystemServerTiming: StartGestureLauncher
05-24 10:13:08.128 698 698 I SystemServiceManager: Starting com.android.server.GestureLauncherService
05-24 10:13:08.128 698 698 V SystemServerTiming: StartGestureLauncher took to complete: 1ms
05-24 10:13:08.129 698 698 D SystemServerTiming: StartSensorNotification
05-24 10:13:08.129 698 698 I SystemServiceManager: Starting com.android.server.SensorNotificationService
05-24 10:13:08.129 698 698 V SystemServerTiming: StartSensorNotification took to complete: 0ms
05-24 10:13:08.129 698 698 D SystemServerTiming: StartDiskStatsService
05-24 10:13:08.132 698 698 D CompatibilityChangeReporter: Compat change id reported: 253665015; UID 1000; state: DISABLED
05-24 10:13:08.132 698 698 D CompatibilityChangeReporter: Compat change id reported: 253665015; UID 1000; state: ENABLED
05-24 10:13:08.134 698 698 D CompatibilityChangeReporter: Compat change id reported: 194532703; UID 1000; state: ENABLED
05-24 10:13:08.134 698 698 D CompatibilityChangeReporter: Compat change id reported: 194532703; UID 1000; state: DISABLED
05-24 10:13:08.138 698 698 V SystemServerTiming: StartDiskStatsService took to complete: 8ms
05-24 10:13:08.138 698 698 D SystemServerTiming: RuntimeService
05-24 10:13:08.140 698 698 V SystemServerTiming: RuntimeService took to complete: 2ms
05-24 10:13:08.140 698 698 D SystemServerTiming: StartNetworkTimeUpdateService
05-24 10:13:08.146 698 698 V SystemServerTiming: StartNetworkTimeUpdateService took to complete: 5ms
05-24 10:13:08.146 698 698 D SystemServerTiming: CertBlacklister
05-24 10:13:08.147 698 698 V SystemServerTiming: CertBlacklister took to complete: 1ms
05-24 10:13:08.147 698 698 D SystemServerTiming: StartEmergencyAffordanceService
05-24 10:13:08.147 698 698 I SystemServiceManager: Starting com.android.server.emergency.EmergencyAffordanceService
05-24 10:13:08.148 698 698 V SystemServerTiming: StartEmergencyAffordanceService took to complete: 1ms
05-24 10:13:08.148 698 698 D SystemServerTiming: startBlobStoreManagerService
05-24 10:13:08.149 698 698 I SystemServiceManager: Starting com.android.server.blob.BlobStoreManagerService
05-24 10:13:08.153 698 698 V SystemServerTiming: startBlobStoreManagerService took to complete: 5ms
05-24 10:13:08.153 698 698 D SystemServerTiming: StartDreamManager
05-24 10:13:08.154 698 698 I SystemServiceManager: Starting com.android.server.dreams.DreamManagerService
05-24 10:13:08.156 698 698 V SystemServerTiming: StartDreamManager took to complete: 3ms
05-24 10:13:08.156 698 698 D SystemServerTiming: AddGraphicsStatsService
05-24 10:13:08.162 698 698 V SystemServerTiming: AddGraphicsStatsService took to complete: 5ms
05-24 10:13:08.162 698 698 D SystemServerTiming: StartAttestationVerificationService
05-24 10:13:08.162 698 698 I SystemServiceManager: Starting com.android.server.security.AttestationVerificationManagerService
05-24 10:13:08.163 698 698 D AVF : Started
05-24 10:13:08.164 698 698 V SystemServerTiming: StartAttestationVerificationService took to complete: 2ms
05-24 10:13:08.164 698 698 D SystemServerTiming: StartRestrictionManager
05-24 10:13:08.164 698 698 I SystemServiceManager: Starting com.android.server.restrictions.RestrictionsManagerService
05-24 10:13:08.167 698 698 V SystemServerTiming: StartRestrictionManager took to complete: 2ms
05-24 10:13:08.167 698 698 D SystemServerTiming: StartMediaSessionService
05-24 10:13:08.167 698 698 I SystemServiceManager: Starting com.android.server.media.MediaSessionService
05-24 10:13:08.168 698 856 W BroadcastLoopers: Found previously unknown looper Thread[AudioService,5,main]
05-24 10:13:08.172 698 698 V SystemServerTiming: StartMediaSessionService took to complete: 6ms
05-24 10:13:08.172 698 698 D SystemServerTiming: StartHdmiControlService
05-24 10:13:08.173 698 698 I SystemServiceManager: Starting com.android.server.hdmi.HdmiControlService
05-24 10:13:08.181 698 698 D HdmiControlService: Initial power status is set to 0
05-24 10:13:08.182 698 698 D HDMI : updateEarcEnabled audioControlEnabled:true, earcFeatureEnabled:true res:true
05-24 10:13:08.183 698 698 D HDMI : initOthers
05-24 10:13:08.189 698 698 I HdmiControlService: Device does not support MHL-control.
05-24 10:13:08.191 698 698 W HDMI : [1]:Could not connect to eARC AIDL HAL.
05-24 10:13:08.191 698 698 I HdmiControlService: Device does not support eARC.
05-24 10:13:08.192 698 698 D HDMI : enableSystemCecControl: true
05-24 10:13:08.207 698 698 D HDMI : initPortInfo port info:port_id: 0, type: HDMI_OUT, address: 0x3000, cec: true, arc: true, mhl: false, earc: false
05-24 10:13:08.214 698 698 V SystemServerTiming: StartHdmiControlService took to complete: 41ms
05-24 10:13:08.214 698 698 D SystemServerTiming: StartTvInteractiveAppManager
05-24 10:13:08.214 698 698 I SystemServiceManager: Starting com.android.server.tv.interactive.TvInteractiveAppManagerService
05-24 10:13:08.217 698 698 V SystemServerTiming: StartTvInteractiveAppManager took to complete: 3ms
05-24 10:13:08.217 698 698 D SystemServerTiming: StartTvInputManager
05-24 10:13:08.218 698 698 I SystemServiceManager: Starting com.android.server.tv.TvInputManagerService
05-24 10:13:08.227 698 698 V SystemServerTiming: StartTvInputManager took to complete: 9ms
05-24 10:13:08.227 698 698 D SystemServerTiming: StartMediaResourceMonitor
05-24 10:13:08.227 698 698 I SystemServiceManager: Starting com.android.server.media.MediaResourceMonitorService
05-24 10:13:08.228 698 698 V SystemServerTiming: StartMediaResourceMonitor took to complete: 1ms
05-24 10:13:08.228 698 698 D SystemServerTiming: StartTvRemoteService
05-24 10:13:08.228 698 698 I SystemServiceManager: Starting com.android.server.tv.TvRemoteService
05-24 10:13:08.229 698 698 V SystemServerTiming: StartTvRemoteService took to complete: 1ms
05-24 10:13:08.229 698 698 D SystemServerTiming: StartMediaRouterService
05-24 10:13:08.232 698 698 V HistoricalRegistry: Interaction before persistence initialized
05-24 10:13:08.236 698 698 V SystemServerTiming: StartMediaRouterService took to complete: 6ms
05-24 10:13:08.236 698 698 D SystemServerTiming: StartBiometricService
05-24 10:13:08.236 698 698 I SystemServiceManager: Starting com.android.server.biometrics.BiometricService
05-24 10:13:08.244 698 698 V HistoricalRegistry: Interaction before persistence initialized
05-24 10:13:08.247 698 698 V SystemServerTiming: StartBiometricService took to complete: 11ms
05-24 10:13:08.247 698 698 D SystemServerTiming: StartAuthService
05-24 10:13:08.248 698 698 I SystemServiceManager: Starting com.android.server.biometrics.AuthService
05-24 10:13:08.251 698 698 V SystemServerTiming: StartAuthService took to complete: 4ms
05-24 10:13:08.251 698 698 D SystemServerTiming: StartDynamicCodeLoggingService
05-24 10:13:08.254 698 698 V SystemServerTiming: StartDynamicCodeLoggingService took to complete: 2ms
05-24 10:13:08.254 698 698 D SystemServerTiming: StartPruneInstantAppsJobService
05-24 10:13:08.255 698 698 V SystemServerTiming: StartPruneInstantAppsJobService took to complete: 1ms
05-24 10:13:08.255 698 698 D SystemServerTiming: StartShortcutServiceLifecycle
05-24 10:13:08.255 698 698 I SystemServiceManager: Starting com.android.server.pm.ShortcutService$Lifecycle
05-24 10:13:08.261 698 698 V HistoricalRegistry: Interaction before persistence initialized
05-24 10:13:08.263 698 698 V SystemServerTiming: StartShortcutServiceLifecycle took to complete: 7ms
05-24 10:13:08.263 698 698 D SystemServerTiming: StartLauncherAppsService
05-24 10:13:08.263 698 698 I SystemServiceManager: Starting com.android.server.pm.LauncherAppsService
05-24 10:13:08.268 698 698 V SystemServerTiming: StartLauncherAppsService took to complete: 4ms
05-24 10:13:08.268 698 698 D SystemServerTiming: StartCrossProfileAppsService
05-24 10:13:08.268 698 698 I SystemServiceManager: Starting com.android.server.pm.CrossProfileAppsService
05-24 10:13:08.270 698 698 V SystemServerTiming: StartCrossProfileAppsService took to complete: 1ms
05-24 10:13:08.271 698 698 D SystemServerTiming: StartPeopleService
05-24 10:13:08.272 698 698 I SystemServiceManager: Starting com.android.server.people.PeopleService
05-24 10:13:08.274 698 698 V SystemServerTiming: StartPeopleService took to complete: 2ms
05-24 10:13:08.274 698 698 D SystemServerTiming: StartMediaMetricsManager
05-24 10:13:08.274 698 698 I SystemServiceManager: Starting com.android.server.media.metrics.MediaMetricsManagerService
05-24 10:13:08.275 698 698 V SystemServerTiming: StartMediaMetricsManager took to complete: 2ms
05-24 10:13:08.276 698 698 D SystemServerTiming: StartBackgroundInstallControlService
05-24 10:13:08.276 698 698 I SystemServiceManager: Starting com.android.server.pm.BackgroundInstallControlService
05-24 10:13:08.279 698 698 V SystemServerTiming: StartBackgroundInstallControlService took to complete: 3ms
05-24 10:13:08.279 698 698 D SystemServerTiming: StartMediaProjectionManager
05-24 10:13:08.279 698 698 I SystemServiceManager: Starting com.android.server.media.projection.MediaProjectionManagerService
05-24 10:13:08.284 698 698 V SystemServerTiming: StartMediaProjectionManager took to complete: 6ms
05-24 10:13:08.284 698 698 D SystemServerTiming: StartSliceManagerService
05-24 10:13:08.284 698 698 I SystemServiceManager: Starting com.android.server.slice.SliceManagerService$Lifecycle
05-24 10:13:08.288 698 698 V SystemServerTiming: StartSliceManagerService took to complete: 4ms
05-24 10:13:08.289 698 698 D SystemServerTiming: StartStatsCompanion
05-24 10:13:08.290 698 698 I SystemServiceManager: Starting com.android.server.stats.StatsCompanion$Lifecycle
05-24 10:13:08.293 698 698 V SystemServerTiming: StartStatsCompanion took to complete: 4ms
05-24 10:13:08.293 698 698 D SystemServerTiming: StartRebootReadinessManagerService
05-24 10:13:08.294 698 698 I SystemServiceManager: Starting com.android.server.scheduling.RebootReadinessManagerService$Lifecycle
05-24 10:13:08.301 698 698 V SystemServerTiming: StartRebootReadinessManagerService took to complete: 8ms
05-24 10:13:08.301 698 698 D SystemServerTiming: StartStatsPullAtomService
05-24 10:13:08.302 698 698 I SystemServiceManager: Starting com.android.server.stats.pull.StatsPullAtomService
05-24 10:13:08.302 698 698 V SystemServerTiming: StartStatsPullAtomService took to complete: 0ms
05-24 10:13:08.302 698 698 D SystemServerTiming: StatsBootstrapAtomService
05-24 10:13:08.302 698 698 I SystemServiceManager: Starting com.android.server.stats.bootstrap.StatsBootstrapAtomService$Lifecycle
05-24 10:13:08.303 698 698 V SystemServerTiming: StatsBootstrapAtomService took to complete: 2ms
05-24 10:13:08.304 698 698 D SystemServerTiming: StartIncidentCompanionService
05-24 10:13:08.304 698 698 I SystemServiceManager: Starting com.android.server.incident.IncidentCompanionService
05-24 10:13:08.305 698 698 V SystemServerTiming: StartIncidentCompanionService took to complete: 2ms
05-24 10:13:08.305 698 698 D SystemServerTiming: StarSdkSandboxManagerService
