05-24 10:13:13.629 698 711 I ExplicitHealthCheckController: No more health check requests, unbinding...
05-24 10:13:13.629 698 811 I StorageManagerService: Reset vold
05-24 10:13:13.630 245 245 I vold : onUserAdded: 0
05-24 10:13:13.630 698 722 V ActivityManagerTiming: OnBootPhase_1000_com.android.server.apphibernation.AppHibernationService took to complete: 3ms
05-24 10:13:13.630 698 722 D ActivityManagerTiming: OnBootPhase_1000_com.android.server.locksettings.LockSettingsService$Lifecycle
05-24 10:13:13.630 698 722 V ActivityManagerTiming: OnBootPhase_1000_com.android.server.locksettings.LockSettingsService$Lifecycle took to complete: 0ms
05-24 10:13:13.630 698 722 D ActivityManagerTiming: OnBootPhase_1000_com.android.server.PersistentDataBlockService
05-24 10:13:13.630 698 722 V ActivityManagerTiming: OnBootPhase_1000_com.android.server.PersistentDataBlockService took to complete: 0ms
05-24 10:13:13.630 698 722 D ActivityManagerTiming: OnBootPhase_1000_com.android.server.testharness.TestHarnessModeService
05-24 10:13:13.630 698 722 D TestHarnessModeService: Completing Test Harness Mode setup.
05-24 10:13:13.631 698 1302 I HibernationStateDiskStore: No hibernation file on disk for file /data/system/hibernation/states
05-24 10:13:13.634 698 711 I ExplicitHealthCheckController: Explicit health check service is unbound
05-24 10:13:13.647 698 775 D CompatibilityChangeReporter: Compat change id reported: 218533173; UID 10068; state: ENABLED
05-24 10:13:13.648 698 775 D CompatibilityChangeReporter: Compat change id reported: 262645982; UID 10068; state: ENABLED
05-24 10:13:13.659 698 804 W BroadcastLoopers: Found previously unknown looper Thread[BluetoothManagerService,5,main]
05-24 10:13:13.663 698 722 V ActivityManagerTiming: OnBootPhase_1000_com.android.server.testharness.TestHarnessModeService took to complete: 33ms
05-24 10:13:13.663 698 722 D ActivityManagerTiming: OnBootPhase_1000_com.android.server.oemlock.OemLockService
05-24 10:13:13.663 698 722 V ActivityManagerTiming: OnBootPhase_1000_com.android.server.oemlock.OemLockService took to complete: 0ms
05-24 10:13:13.663 698 722 D ActivityManagerTiming: OnBootPhase_1000_com.android.server.DeviceIdleController
05-24 10:13:13.663 698 722 V ActivityManagerTiming: OnBootPhase_1000_com.android.server.DeviceIdleController took to complete: 0ms
05-24 10:13:13.663 698 722 D ActivityManagerTiming: OnBootPhase_1000_com.android.server.devicepolicy.DevicePolicyManagerService$Lifecycle
05-24 10:13:13.663 698 722 V ActivityManagerTiming: OnBootPhase_1000_com.android.server.devicepolicy.DevicePolicyManagerService$Lifecycle took to complete: 0ms
05-24 10:13:13.663 698 722 D ActivityManagerTiming: OnBootPhase_1000_com.android.server.texttospeech.TextToSpeechManagerService
05-24 10:13:13.663 698 722 V ActivityManagerTiming: OnBootPhase_1000_com.android.server.texttospeech.TextToSpeechManagerService took to complete: 0ms
05-24 10:13:13.663 698 722 D ActivityManagerTiming: OnBootPhase_1000_com.android.server.ambientcontext.AmbientContextManagerService
05-24 10:13:13.663 698 722 V ActivityManagerTiming: OnBootPhase_1000_com.android.server.ambientcontext.AmbientContextManagerService took to complete: 0ms
05-24 10:13:13.663 698 722 D ActivityManagerTiming: OnBootPhase_1000_com.android.server.wearable.WearableSensingManagerService
05-24 10:13:13.663 698 722 V ActivityManagerTiming: OnBootPhase_1000_com.android.server.wearable.WearableSensingManagerService took to complete: 0ms
05-24 10:13:13.663 698 722 D ActivityManagerTiming: OnBootPhase_1000_com.android.server.speech.SpeechRecognitionManagerService
05-24 10:13:13.663 698 722 V ActivityManagerTiming: OnBootPhase_1000_com.android.server.speech.SpeechRecognitionManagerService took to complete: 0ms
05-24 10:13:13.663 698 722 D ActivityManagerTiming: OnBootPhase_1000_com.android.server.searchui.SearchUiManagerService
05-24 10:13:13.663 698 722 V ActivityManagerTiming: OnBootPhase_1000_com.android.server.searchui.SearchUiManagerService took to complete: 0ms
05-24 10:13:13.663 698 722 D ActivityManagerTiming: OnBootPhase_1000_com.android.server.smartspace.SmartspaceManagerService
05-24 10:13:13.663 698 722 V ActivityManagerTiming: OnBootPhase_1000_com.android.server.smartspace.SmartspaceManagerService took to complete: 0ms
05-24 10:13:13.663 698 722 D ActivityManagerTiming: OnBootPhase_1000_com.android.server.graphics.fonts.FontManagerService$Lifecycle
05-24 10:13:13.664 698 722 V ActivityManagerTiming: OnBootPhase_1000_com.android.server.graphics.fonts.FontManagerService$Lifecycle took to complete: 0ms
05-24 10:13:13.664 698 722 D ActivityManagerTiming: OnBootPhase_1000_com.android.server.textservices.TextServicesManagerService$Lifecycle
05-24 10:13:13.664 698 722 V ActivityManagerTiming: OnBootPhase_1000_com.android.server.textservices.TextServicesManagerService$Lifecycle took to complete: 0ms
05-24 10:13:13.664 698 722 D ActivityManagerTiming: OnBootPhase_1000_com.android.server.textclassifier.TextClassificationManagerService$Lifecycle
05-24 10:13:13.664 698 722 V ActivityManagerTiming: OnBootPhase_1000_com.android.server.textclassifier.TextClassificationManagerService$Lifecycle took to complete: 0ms
05-24 10:13:13.664 698 722 D ActivityManagerTiming: OnBootPhase_1000_com.android.server.NetworkScoreService$Lifecycle
05-24 10:13:13.664 698 722 V ActivityManagerTiming: OnBootPhase_1000_com.android.server.NetworkScoreService$Lifecycle took to complete: 0ms
05-24 10:13:13.664 698 722 D ActivityManagerTiming: OnBootPhase_1000_com.android.server.NetworkStatsServiceInitializer
05-24 10:13:13.664 698 722 V ActivityManagerTiming: OnBootPhase_1000_com.android.server.NetworkStatsServiceInitializer took to complete: 0ms
05-24 10:13:13.664 698 722 D ActivityManagerTiming: OnBootPhase_1000_com.android.server.wifi.WifiService
05-24 10:13:13.666 698 722 V ActivityManagerTiming: OnBootPhase_1000_com.android.server.wifi.WifiService took to complete: 2ms
05-24 10:13:13.666 698 722 D ActivityManagerTiming: OnBootPhase_1000_com.android.server.wifi.scanner.WifiScanningService
05-24 10:13:13.667 698 722 V ActivityManagerTiming: OnBootPhase_1000_com.android.server.wifi.scanner.WifiScanningService took to complete: 0ms
05-24 10:13:13.667 698 722 D ActivityManagerTiming: OnBootPhase_1000_com.android.server.wifi.p2p.WifiP2pService
05-24 10:13:13.667 698 722 V ActivityManagerTiming: OnBootPhase_1000_com.android.server.wifi.p2p.WifiP2pService took to complete: 0ms
05-24 10:13:13.667 698 833 D CompatibilityChangeReporter: Compat change id reported: 161145287; UID 1000; state: ENABLED
05-24 10:13:13.667 698 722 D ActivityManagerTiming: OnBootPhase_1000_com.android.server.ConnectivityServiceInitializer
05-24 10:13:13.668 698 833 D CompatibilityChangeReporter: Compat change id reported: 161145287; UID 1000; state: DISABLED
05-24 10:13:13.670 698 722 V ActivityManagerTiming: OnBootPhase_1000_com.android.server.ConnectivityServiceInitializer took to complete: 3ms
05-24 10:13:13.670 698 722 D ActivityManagerTiming: OnBootPhase_1000_com.android.server.notification.NotificationManagerService
05-24 10:13:13.670 698 722 V ActivityManagerTiming: OnBootPhase_1000_com.android.server.notification.NotificationManagerService took to complete: 0ms
05-24 10:13:13.670 698 722 D ActivityManagerTiming: OnBootPhase_1000_com.android.server.storage.DeviceStorageMonitorService
05-24 10:13:13.670 698 722 V ActivityManagerTiming: OnBootPhase_1000_com.android.server.storage.DeviceStorageMonitorService took to complete: 0ms
05-24 10:13:13.670 698 722 D ActivityManagerTiming: OnBootPhase_1000_com.android.server.timedetector.TimeDetectorService$Lifecycle
05-24 10:13:13.670 698 722 V ActivityManagerTiming: OnBootPhase_1000_com.android.server.timedetector.TimeDetectorService$Lifecycle took to complete: 0ms
05-24 10:13:13.670 698 722 D ActivityManagerTiming: OnBootPhase_1000_com.android.server.location.LocationManagerService$Lifecycle
05-24 10:13:13.671 698 722 V ActivityManagerTiming: OnBootPhase_1000_com.android.server.location.LocationManagerService$Lifecycle took to complete: 0ms
05-24 10:13:13.671 698 722 D ActivityManagerTiming: OnBootPhase_1000_com.android.server.timezonedetector.TimeZoneDetectorService$Lifecycle
05-24 10:13:13.671 698 722 V ActivityManagerTiming: OnBootPhase_1000_com.android.server.timezonedetector.TimeZoneDetectorService$Lifecycle took to complete: 0ms
05-24 10:13:13.671 698 722 D ActivityManagerTiming: OnBootPhase_1000_com.android.server.location.altitude.AltitudeService$Lifecycle
05-24 10:13:13.671 698 722 V ActivityManagerTiming: OnBootPhase_1000_com.android.server.location.altitude.AltitudeService$Lifecycle took to complete: 0ms
05-24 10:13:13.671 698 722 D ActivityManagerTiming: OnBootPhase_1000_com.android.server.timezonedetector.location.LocationTimeZoneManagerService$Lifecycle
05-24 10:13:13.671 698 722 V ActivityManagerTiming: OnBootPhase_1000_com.android.server.timezonedetector.location.LocationTimeZoneManagerService$Lifecycle took to complete: 0ms
05-24 10:13:13.671 698 722 D ActivityManagerTiming: OnBootPhase_1000_com.android.server.search.SearchManagerService$Lifecycle
05-24 10:13:13.671 698 722 V ActivityManagerTiming: OnBootPhase_1000_com.android.server.search.SearchManagerService$Lifecycle took to complete: 0ms
05-24 10:13:13.671 698 722 D ActivityManagerTiming: OnBootPhase_1000_com.android.server.wallpaper.WallpaperManagerService$Lifecycle
05-24 10:13:13.671 698 722 V ActivityManagerTiming: OnBootPhase_1000_com.android.server.wallpaper.WallpaperManagerService$Lifecycle took to complete: 1ms
05-24 10:13:13.671 698 722 D ActivityManagerTiming: OnBootPhase_1000_com.android.server.wallpapereffectsgeneration.WallpaperEffectsGenerationManagerService
05-24 10:13:13.671 698 722 V ActivityManagerTiming: OnBootPhase_1000_com.android.server.wallpapereffectsgeneration.WallpaperEffectsGenerationManagerService took to complete: 0ms
05-24 10:13:13.671 698 722 D ActivityManagerTiming: OnBootPhase_1000_com.android.server.audio.AudioService$Lifecycle
05-24 10:13:13.671 698 722 V ActivityManagerTiming: OnBootPhase_1000_com.android.server.audio.AudioService$Lifecycle took to complete: 0ms
05-24 10:13:13.671 698 722 D ActivityManagerTiming: OnBootPhase_1000_com.android.server.soundtrigger_middleware.SoundTriggerMiddlewareService$Lifecycle
05-24 10:13:13.671 698 722 V ActivityManagerTiming: OnBootPhase_1000_com.android.server.soundtrigger_middleware.SoundTriggerMiddlewareService$Lifecycle took to complete: 0ms
05-24 10:13:13.671 698 722 D ActivityManagerTiming: OnBootPhase_1000_com.android.server.adb.AdbService$Lifecycle
05-24 10:13:13.672 698 722 V ActivityManagerTiming: OnBootPhase_1000_com.android.server.adb.AdbService$Lifecycle took to complete: 0ms
05-24 10:13:13.672 698 722 D ActivityManagerTiming: OnBootPhase_1000_com.android.server.usb.UsbService$Lifecycle
05-24 10:13:13.672 698 722 V ActivityManagerTiming: OnBootPhase_1000_com.android.server.usb.UsbService$Lifecycle took to complete: 0ms
05-24 10:13:13.672 698 722 D ActivityManagerTiming: OnBootPhase_1000_com.android.server.twilight.TwilightService
05-24 10:13:13.674 698 719 I UsbDeviceManager: Setting USB config to
05-24 10:13:13.674 698 719 D UsbDeviceManager: setUsbConfig(1) request:1
05-24 10:13:13.674 698 722 V ActivityManagerTiming: OnBootPhase_1000_com.android.server.twilight.TwilightService took to complete: 3ms
05-24 10:13:13.674 698 722 D ActivityManagerTiming: OnBootPhase_1000_com.android.server.display.color.ColorDisplayService
05-24 10:13:13.674 698 722 V ActivityManagerTiming: OnBootPhase_1000_com.android.server.display.color.ColorDisplayService took to complete: 0ms
05-24 10:13:13.674 698 722 D ActivityManagerTiming: OnBootPhase_1000_com.android.server.job.JobSchedulerService
05-24 10:13:13.674 698 722 V ActivityManagerTiming: OnBootPhase_1000_com.android.server.job.JobSchedulerService took to complete: 0ms
05-24 10:13:13.675 698 722 D ActivityManagerTiming: OnBootPhase_1000_com.android.server.soundtrigger.SoundTriggerService
05-24 10:13:13.675 698 722 D SoundTriggerService: onBootPhase: 1000 : false
05-24 10:13:13.676 698 722 V ActivityManagerTiming: OnBootPhase_1000_com.android.server.soundtrigger.SoundTriggerService took to complete: 2ms
05-24 10:13:13.676 698 722 D ActivityManagerTiming: OnBootPhase_1000_com.android.server.trust.TrustManagerService
05-24 10:13:13.676 698 722 V ActivityManagerTiming: OnBootPhase_1000_com.android.server.trust.TrustManagerService took to complete: 0ms
05-24 10:13:13.676 698 722 D ActivityManagerTiming: OnBootPhase_1000_com.android.server.backup.BackupManagerService$Lifecycle
05-24 10:13:13.676 698 722 V ActivityManagerTiming: OnBootPhase_1000_com.android.server.backup.BackupManagerService$Lifecycle took to complete: 0ms
05-24 10:13:13.677 698 722 D ActivityManagerTiming: OnBootPhase_1000_com.android.server.appwidget.AppWidgetService
05-24 10:13:13.677 698 722 V ActivityManagerTiming: OnBootPhase_1000_com.android.server.appwidget.AppWidgetService took to complete: 0ms
05-24 10:13:13.677 698 722 D ActivityManagerTiming: OnBootPhase_1000_com.android.server.voiceinteraction.VoiceInteractionManagerService
05-24 10:13:13.677 698 722 V ActivityManagerTiming: OnBootPhase_1000_com.android.server.voiceinteraction.VoiceInteractionManagerService took to complete: 0ms
05-24 10:13:13.677 698 722 D ActivityManagerTiming: OnBootPhase_1000_com.android.server.GestureLauncherService
05-24 10:13:13.677 698 722 V ActivityManagerTiming: OnBootPhase_1000_com.android.server.GestureLauncherService took to complete: 0ms
05-24 10:13:13.677 698 722 D ActivityManagerTiming: OnBootPhase_1000_com.android.server.SensorNotificationService
05-24 10:13:13.681 698 722 D CompatibilityChangeReporter: Compat change id reported: 168936375; UID 1000; state: ENABLED
05-24 10:13:13.683 698 722 D CompatibilityChangeReporter: Compat change id reported: 168936375; UID 1000; state: DISABLED
05-24 10:13:13.686 698 1058 D CompatibilityChangeReporter: Compat change id reported: 261072174; UID 1000; state: ENABLED
05-24 10:13:13.692 698 722 D CompatibilityChangeReporter: Compat change id reported: 73144566; UID 1000; state: ENABLED
05-24 10:13:13.692 698 722 D CompatibilityChangeReporter: Compat change id reported: 73144566; UID 1000; state: DISABLED
05-24 10:13:13.694 698 722 V ActivityManagerTiming: OnBootPhase_1000_com.android.server.SensorNotificationService took to complete: 17ms
05-24 10:13:13.694 698 722 D ActivityManagerTiming: OnBootPhase_1000_com.android.server.emergency.EmergencyAffordanceService
05-24 10:13:13.694 698 722 V ActivityManagerTiming: OnBootPhase_1000_com.android.server.emergency.EmergencyAffordanceService took to complete: 0ms
05-24 10:13:13.694 698 722 D ActivityManagerTiming: OnBootPhase_1000_com.android.server.blob.BlobStoreManagerService
05-24 10:13:13.698 698 722 V ActivityManagerTiming: OnBootPhase_1000_com.android.server.blob.BlobStoreManagerService took to complete: 5ms
05-24 10:13:13.698 698 722 D ActivityManagerTiming: OnBootPhase_1000_com.android.server.dreams.DreamManagerService
05-24 10:13:13.698 698 722 V ActivityManagerTiming: OnBootPhase_1000_com.android.server.dreams.DreamManagerService took to complete: 0ms
05-24 10:13:13.698 698 722 D ActivityManagerTiming: OnBootPhase_1000_com.android.server.security.AttestationVerificationManagerService
05-24 10:13:13.698 698 722 V ActivityManagerTiming: OnBootPhase_1000_com.android.server.security.AttestationVerificationManagerService took to complete: 0ms
05-24 10:13:13.698 698 722 D ActivityManagerTiming: OnBootPhase_1000_com.android.server.restrictions.RestrictionsManagerService
05-24 10:13:13.698 698 722 V ActivityManagerTiming: OnBootPhase_1000_com.android.server.restrictions.RestrictionsManagerService took to complete: 0ms
05-24 10:13:13.698 698 722 D ActivityManagerTiming: OnBootPhase_1000_com.android.server.media.MediaSessionService
05-24 10:13:13.699 698 722 V ActivityManagerTiming: OnBootPhase_1000_com.android.server.media.MediaSessionService took to complete: 1ms
05-24 10:13:13.699 698 722 D ActivityManagerTiming: OnBootPhase_1000_com.android.server.hdmi.HdmiControlService
05-24 10:13:13.700 698 722 V ActivityManagerTiming: OnBootPhase_1000_com.android.server.hdmi.HdmiControlService took to complete: 0ms
05-24 10:13:13.700 698 722 D ActivityManagerTiming: OnBootPhase_1000_com.android.server.tv.interactive.TvInteractiveAppManagerService
05-24 10:13:13.700 698 722 V ActivityManagerTiming: OnBootPhase_1000_com.android.server.tv.interactive.TvInteractiveAppManagerService took to complete: 0ms
05-24 10:13:13.700 698 722 D ActivityManagerTiming: OnBootPhase_1000_com.android.server.tv.TvInputManagerService
05-24 10:13:13.700 698 722 V ActivityManagerTiming: OnBootPhase_1000_com.android.server.tv.TvInputManagerService took to complete: 0ms
05-24 10:13:13.700 698 722 D ActivityManagerTiming: OnBootPhase_1000_com.android.server.media.MediaResourceMonitorService
05-24 10:13:13.700 698 722 V ActivityManagerTiming: OnBootPhase_1000_com.android.server.media.MediaResourceMonitorService took to complete: 0ms
05-24 10:13:13.700 698 722 D ActivityManagerTiming: OnBootPhase_1000_com.android.server.tv.TvRemoteService
05-24 10:13:13.700 698 722 V ActivityManagerTiming: OnBootPhase_1000_com.android.server.tv.TvRemoteService took to complete: 0ms
05-24 10:13:13.700 698 722 D ActivityManagerTiming: OnBootPhase_1000_com.android.server.biometrics.BiometricService
05-24 10:13:13.700 698 722 V ActivityManagerTiming: OnBootPhase_1000_com.android.server.biometrics.BiometricService took to complete: 0ms
05-24 10:13:13.700 698 722 D ActivityManagerTiming: OnBootPhase_1000_com.android.server.biometrics.AuthService
05-24 10:13:13.700 698 722 V ActivityManagerTiming: OnBootPhase_1000_com.android.server.biometrics.AuthService took to complete: 0ms
05-24 10:13:13.700 698 722 D ActivityManagerTiming: OnBootPhase_1000_com.android.server.pm.ShortcutService$Lifecycle
05-24 10:13:13.700 698 722 V ActivityManagerTiming: OnBootPhase_1000_com.android.server.pm.ShortcutService$Lifecycle took to complete: 0ms
05-24 10:13:13.700 698 722 D ActivityManagerTiming: OnBootPhase_1000_com.android.server.pm.LauncherAppsService
05-24 10:13:13.700 698 722 V ActivityManagerTiming: OnBootPhase_1000_com.android.server.pm.LauncherAppsService took to complete: 0ms
05-24 10:13:13.700 698 722 D ActivityManagerTiming: OnBootPhase_1000_com.android.server.pm.CrossProfileAppsService
05-24 10:13:13.700 698 722 V ActivityManagerTiming: OnBootPhase_1000_com.android.server.pm.CrossProfileAppsService took to complete: 0ms
05-24 10:13:13.700 698 722 D ActivityManagerTiming: OnBootPhase_1000_com.android.server.people.PeopleService
05-24 10:13:13.700 698 722 V ActivityManagerTiming: OnBootPhase_1000_com.android.server.people.PeopleService took to complete: 0ms
05-24 10:13:13.700 698 722 D ActivityManagerTiming: OnBootPhase_1000_com.android.server.media.metrics.MediaMetricsManagerService
05-24 10:13:13.700 698 722 V ActivityManagerTiming: OnBootPhase_1000_com.android.server.media.metrics.MediaMetricsManagerService took to complete: 0ms
05-24 10:13:13.700 698 722 D ActivityManagerTiming: OnBootPhase_1000_com.android.server.pm.BackgroundInstallControlService
05-24 10:13:13.700 698 722 V ActivityManagerTiming: OnBootPhase_1000_com.android.server.pm.BackgroundInstallControlService took to complete: 0ms
05-24 10:13:13.700 698 722 D ActivityManagerTiming: OnBootPhase_1000_com.android.server.media.projection.MediaProjectionManagerService
05-24 10:13:13.700 698 722 V ActivityManagerTiming: OnBootPhase_1000_com.android.server.media.projection.MediaProjectionManagerService took to complete: 0ms
05-24 10:13:13.700 698 722 D ActivityManagerTiming: OnBootPhase_1000_com.android.server.slice.SliceManagerService$Lifecycle
05-24 10:13:13.700 698 722 V ActivityManagerTiming: OnBootPhase_1000_com.android.server.slice.SliceManagerService$Lifecycle took to complete: 0ms
05-24 10:13:13.702 698 722 D ActivityManagerTiming: OnBootPhase_1000_com.android.server.stats.StatsCompanion$Lifecycle
05-24 10:13:13.702 698 722 V ActivityManagerTiming: OnBootPhase_1000_com.android.server.stats.StatsCompanion$Lifecycle took to complete: 1ms
05-24 10:13:13.702 698 722 D ActivityManagerTiming: OnBootPhase_1000_com.android.server.scheduling.RebootReadinessManagerService$Lifecycle
05-24 10:13:13.702 698 722 V ActivityManagerTiming: OnBootPhase_1000_com.android.server.scheduling.RebootReadinessManagerService$Lifecycle took to complete: 0ms
05-24 10:13:13.702 698 722 D ActivityManagerTiming: OnBootPhase_1000_com.android.server.stats.pull.StatsPullAtomService
05-24 10:13:13.702 698 722 V ActivityManagerTiming: OnBootPhase_1000_com.android.server.stats.pull.StatsPullAtomService took to complete: 0ms
05-24 10:13:13.702 698 722 D ActivityManagerTiming: OnBootPhase_1000_com.android.server.stats.bootstrap.StatsBootstrapAtomService$Lifecycle
05-24 10:13:13.702 698 722 V ActivityManagerTiming: OnBootPhase_1000_com.android.server.stats.bootstrap.StatsBootstrapAtomService$Lifecycle took to complete: 0ms
05-24 10:13:13.702 698 722 D ActivityManagerTiming: OnBootPhase_1000_com.android.server.incident.IncidentCompanionService
05-24 10:13:13.702 698 722 V ActivityManagerTiming: OnBootPhase_1000_com.android.server.incident.IncidentCompanionService took to complete: 0ms
05-24 10:13:13.702 698 722 D ActivityManagerTiming: OnBootPhase_1000_com.android.server.sdksandbox.SdkSandboxManagerService$Lifecycle
05-24 10:13:13.702 698 722 V ActivityManagerTiming: OnBootPhase_1000_com.android.server.sdksandbox.SdkSandboxManagerService$Lifecycle took to complete: 0ms
05-24 10:13:13.702 698 722 D ActivityManagerTiming: OnBootPhase_1000_com.android.server.adservices.AdServicesManagerService$Lifecycle
05-24 10:13:13.702 698 722 V ActivityManagerTiming: OnBootPhase_1000_com.android.server.adservices.AdServicesManagerService$Lifecycle took to complete: 0ms
05-24 10:13:13.702 698 722 D ActivityManagerTiming: OnBootPhase_1000_com.android.server.ondevicepersonalization.OnDevicePersonalizationSystemService$Lifecycle
05-24 10:13:13.702 698 722 V ActivityManagerTiming: OnBootPhase_1000_com.android.server.ondevicepersonalization.OnDevicePersonalizationSystemService$Lifecycle took to complete: 0ms
05-24 10:13:13.702 698 722 D ActivityManagerTiming: OnBootPhase_1000_com.android.server.autofill.AutofillManagerService
05-24 10:13:13.702 698 722 V ActivityManagerTiming: OnBootPhase_1000_com.android.server.autofill.AutofillManagerService took to complete: 0ms
05-24 10:13:13.702 698 722 D ActivityManagerTiming: OnBootPhase_1000_com.android.server.clipboard.ClipboardService
05-24 10:13:13.702 698 722 V ActivityManagerTiming: OnBootPhase_1000_com.android.server.clipboard.ClipboardService took to complete: 0ms
05-24 10:13:13.702 698 722 D ActivityManagerTiming: OnBootPhase_1000_com.android.server.appbinding.AppBindingService$Lifecycle
05-24 10:13:13.702 698 722 V ActivityManagerTiming: OnBootPhase_1000_com.android.server.appbinding.AppBindingService$Lifecycle took to complete: 0ms
05-24 10:13:13.702 698 722 D ActivityManagerTiming: OnBootPhase_1000_com.android.server.tracing.TracingServiceProxy
05-24 10:13:13.702 698 722 V ActivityManagerTiming: OnBootPhase_1000_com.android.server.tracing.TracingServiceProxy took to complete: 0ms
05-24 10:13:13.702 698 722 D ActivityManagerTiming: OnBootPhase_1000_com.android.server.policy.PermissionPolicyService
05-24 10:13:13.702 698 722 V ActivityManagerTiming: OnBootPhase_1000_com.android.server.policy.PermissionPolicyService took to complete: 0ms
05-24 10:13:13.702 698 722 D ActivityManagerTiming: OnBootPhase_1000_com.android.server.pm.StagingManager$Lifecycle
05-24 10:13:13.705 698 722 V ActivityManagerTiming: OnBootPhase_1000_com.android.server.pm.StagingManager$Lifecycle took to complete: 3ms
05-24 10:13:13.705 698 722 D ActivityManagerTiming: OnBootPhase_1000_com.android.server.app.GameManagerService$Lifecycle
05-24 10:13:13.705 698 722 D GameManagerService: onBootCompleted
05-24 10:13:13.706 698 722 V GameManagerService: Game loading power mode OFF (game manager service start/restart)
05-24 10:13:13.706 698 722 V GameManagerService: Game power mode OFF (game manager service start/restart)
05-24 10:13:13.707 698 722 V ActivityManagerTiming: OnBootPhase_1000_com.android.server.app.GameManagerService$Lifecycle took to complete: 2ms
05-24 10:13:13.707 698 722 D ActivityManagerTiming: OnBootPhase_1000_com.android.safetycenter.SafetyCenterService
05-24 10:13:13.707 698 722 V ActivityManagerTiming: OnBootPhase_1000_com.android.safetycenter.SafetyCenterService took to complete: 0ms
05-24 10:13:13.707 698 722 D ActivityManagerTiming: OnBootPhase_1000_com.android.server.appsearch.AppSearchModule$Lifecycle
05-24 10:13:13.716 0 0 I [0 T432 ..] AidlLazyServiceRegistrar: Process has 1 (of 1 available) client(s) in use after notification apexservice has clients: 1
05-24 10:13:13.716 0 0 I [1 T728 ..] apexd: markBootCompleted() received by ApexService
05-24 10:13:13.717 0 0 I [0 T432 ..] AidlLazyServiceRegistrar: Shutdown prevented by forcePersist override flag.
05-24 10:13:13.710 698 722 V ActivityManagerTiming: OnBootPhase_1000_com.android.server.appsearch.AppSearchModule$Lifecycle took to complete: 2ms
05-24 10:13:13.710 698 722 D ActivityManagerTiming: OnBootPhase_1000_com.android.server.media.MediaCommunicationService
05-24 10:13:13.710 698 722 V ActivityManagerTiming: OnBootPhase_1000_com.android.server.media.MediaCommunicationService took to complete: 0ms
05-24 10:13:13.710 698 722 D ActivityManagerTiming: OnBootPhase_1000_com.android.server.compat.overrides.AppCompatOverridesService$Lifecycle
05-24 10:13:13.710 698 722 V ActivityManagerTiming: OnBootPhase_1000_com.android.server.compat.overrides.AppCompatOverridesService$Lifecycle took to complete: 0ms
05-24 10:13:13.712 698 722 D ActivityManagerTiming: OnBootPhase_1000_com.android.server.healthconnect.HealthConnectManagerService
05-24 10:13:13.712 698 722 V ActivityManagerTiming: OnBootPhase_1000_com.android.server.healthconnect.HealthConnectManagerService took to complete: 0ms
05-24 10:13:13.712 698 722 D ActivityManagerTiming: OnBootPhase_1000_com.android.server.devicelock.DeviceLockService
05-24 10:13:13.712 698 722 D DeviceLockService: onBootPhase: 1000
05-24 10:13:13.712 698 722 V ActivityManagerTiming: OnBootPhase_1000_com.android.server.devicelock.DeviceLockService took to complete: 0ms
05-24 10:13:13.712 698 722 V ActivityManagerTiming: OnBootPhase_1000 took to complete: 105ms
05-24 10:13:13.712 698 722 V ActivityManagerTiming: TotalBootTime took to complete: 9653ms
05-24 10:13:13.712 698 722 D SystemServerInitThreadPool: Shutdown requested
05-24 10:13:13.712 698 722 D SystemServerTiming: WaitInitThreadPoolShutdown
05-24 10:13:13.713 698 722 D SystemServerInitThreadPool: Shutdown successful
05-24 10:13:13.713 698 722 V SystemServerTiming: WaitInitThreadPoolShutdown took to complete: 1ms
05-24 10:13:13.715 698 722 I ActivityManager: User 0 state changed from BOOTING to RUNNING_LOCKED
05-24 10:13:13.720 698 722 I LockSettingsService: Unwrapping synthetic password for unsecured user 0
05-24 10:13:13.734 698 698 I HDMI : screen state is changing to 0
05-24 10:13:13.738 245 245 D vold : fscrypt_unlock_user_key 0 serial=0
05-24 10:13:13.738 245 245 D vold : Trying user CE key /data/misc/vold/user_keys/ce/0/current
05-24 10:13:13.743 245 245 D vold : Successfully retrieved key
05-24 10:13:13.743 245 245 D vold : Installed fscrypt key with ref db7b98dbcbb2925d4e05ecda824e4614 to /data
05-24 10:13:13.743 245 245 D vold : Added fscrypt-provisioning key for db7b98dbcbb2925d4e05ecda824e4614 to session keyring
05-24 10:13:13.743 245 245 D vold : Installed ce key for user 0
05-24 10:13:13.748 698 722 I LockSettingsService: Unlocked CE storage for unsecured user 0
05-24 10:13:13.749 698 722 D SystemServerTiming: finishUserUnlocking-0
05-24 10:13:13.749 698 722 D ActivityManager: Started unlocking user 0
05-24 10:13:13.749 698 722 D ActivityManager: Unlocking user 0 progress 0
05-24 10:13:13.750 698 722 D ActivityManager: Unlocking user 0 progress 5
05-24 10:13:13.750 698 722 V SystemServerTiming: finishUserUnlocking-0 took to complete: 2ms
05-24 10:13:13.752 698 719 D SystemServerTiming: UM.onBeforeUnlockUser-0
05-24 10:13:13.752 698 719 D SystemServerTiming: prepareUserData-0
05-24 10:13:13.752 245 245 D vold : fscrypt_prepare_user_storage for volume null, user 0, serial 0, flags 2
05-24 10:13:13.752 245 245 D vold : Preparing: /data/system_ce/0
05-24 10:13:13.753 245 245 I vold : Verified that /data/system_ce/0 has the encryption policy db7b98dbcbb2925d4e05ecda824e4614 v2 modes 1/4 flags 0xa
05-24 10:13:13.754 245 245 D vold : Preparing: /data/vendor_ce/0
05-24 10:13:13.754 698 698 I HdmiControlService: bootCompleted
05-24 10:13:13.754 698 698 W Looper : Drained
05-24 10:13:13.755 245 245 I vold : Verified that /data/vendor_ce/0 has the encryption policy db7b98dbcbb2925d4e05ecda824e4614 v2 modes 1/4 flags 0xa
05-24 10:13:13.755 245 245 D vold : Preparing: /data/media/0
05-24 10:13:13.757 245 245 I vold : Verified that /data/media/0 has the encryption policy db7b98dbcbb2925d4e05ecda824e4614 v2 modes 1/4 flags 0xa
05-24 10:13:13.757 245 245 D vold : Preparing: /data/misc_ce/0
05-24 10:13:13.758 245 245 I vold : Verified that /data/misc_ce/0 has the encryption policy db7b98dbcbb2925d4e05ecda824e4614 v2 modes 1/4 flags 0xa
05-24 10:13:13.758 245 245 D vold : Preparing: /data/user/0
05-24 10:13:13.759 245 245 I vold : Verified that /data/user/0 has the encryption policy db7b98dbcbb2925d4e05ecda824e4614 v2 modes 1/4 flags 0xa
05-24 10:13:13.759 245 245 D vold : Starting restorecon of /data/system_ce/0
05-24 10:13:13.759 698 722 V ActivityManagerTiming: FinishBooting took to complete: 157ms
05-24 10:13:13.759 698 722 V WindowManager: app ------------- force_land :0
05-24 10:13:13.763 698 722 V WindowManager: app ------------- force_land :0
05-24 10:13:13.764 698 722 D ColorDisplayService: setUp: currentUser=0
05-24 10:13:13.766 245 245 D vold : Finished restorecon of /data/system_ce/0
05-24 10:13:13.766 245 245 D vold : Starting restorecon of /data/vendor_ce/0
05-24 10:13:13.778 0 0 I [3 T1318 ..] selinux: SELinux: Skipping restorecon on directory(/data/system_ce/0)
05-24 10:13:13.770 245 245 D vold : Finished restorecon of /data/vendor_ce/0
05-24 10:13:13.770 245 245 D vold : Starting restorecon of /data/misc_ce/0
05-24 10:13:13.782 0 0 I [1 T1320 ..] selinux: SELinux: Skipping restorecon on directory(/data/vendor_ce/0)
05-24 10:13:13.786 0 0 I [1 T1321 ..] selinux: SELinux: Skipping restorecon on directory(/data/misc_ce/0)
05-24 10:13:13.774 245 245 D vold : Finished restorecon of /data/misc_ce/0
05-24 10:13:13.774 245 245 D vold : /system/bin/vold_prepare_subdirs
05-24 10:13:13.774 245 245 D vold : prepare
05-24 10:13:13.774 245 245 D vold :
05-24 10:13:13.774 245 245 D vold : 0
05-24 10:13:13.774 245 245 D vold : 2
05-24 10:13:13.796 0 0 W : [3 T609 ..] [aml_cfg80211_scan 1812] n_channels:36,iftype:2
05-24 10:13:13.796 0 0 W : [3 T609 ..] [aml_send_scanu_req 2532] vif:0
05-24 10:13:13.797 0 0 W : [3 T609 ..] [aml_send_scanu_req 2563] len:4 ssid:DZNB
05-24 10:13:13.798 0 0 W : [3 T609 ..] >>> aml_send_msg()
05-24 10:13:13.799 0 0 W : [1 T1038 ..] ipc_sdio_host_msgack_handler 00000000dbf22d11
05-24 10:13:13.799 0 0 W : [1 T1038 ..] [aml_msgackind 2038] msg ack hostid=0xffffff80597a1f00
05-24 10:13:13.800 0 0 W : [1 T1038 ..] [cmd_mgr_llind 329] cmd tkn[21] flags:0008 result: -4 cmd:4096-SCANU_START_REQ - reqcfm( 0-none)
05-24 10:13:13.802 0 0 W : [1 T1038 ..] [cmd_complete 65] cmd tkn[21] flags:0000 result: -4 cmd:4096-SCANU_START_REQ - reqcfm( 0-none)
05-24 10:13:13.791 698 730 I ActivityManager: com.android.devicelockcontroller is exempt from freezer
05-24 10:13:13.792 698 730 D CompatibilityChangeReporter: Compat change id reported: 135634846; UID 10063; state: DISABLED
05-24 10:13:13.792 698 730 D CompatibilityChangeReporter: Compat change id reported: 177438394; UID 10063; state: DISABLED
05-24 10:13:13.793 698 730 D CompatibilityChangeReporter: Compat change id reported: 135772972; UID 10063; state: DISABLED
05-24 10:13:13.793 698 730 D CompatibilityChangeReporter: Compat change id reported: 135754954; UID 10063; state: ENABLED
05-24 10:13:13.795 698 731 D CompatibilityChangeReporter: Compat change id reported: 143937733; UID 10063; state: ENABLED
05-24 10:13:13.810 698 731 I ActivityManager: Start proc 1324:com.android.devicelockcontroller/u0a63 for broadcast {com.android.devicelockcontroller/com.android.devicelockcontroller.receivers.LockedBootCompletedReceiver}
05-24 10:13:13.814 698 775 D CompatibilityChangeReporter: Compat change id reported: 265195908; UID 10063; state: ENABLED
05-24 10:13:13.833 0 0 E : [0 T155 ..] can't find node dmabuf_manage's config:secure_vdec_def_size_bytes
05-24 10:13:13.834 0 0 E : [0 T155 ..] set config failed dmabuf_manage.secure_vdec_def_size_bytes=16777216
05-24 10:13:13.847 698 1058 D CompatibilityChangeReporter: Compat change id reported: 168419799; UID 10063; state: DISABLED
05-24 10:13:13.847 698 1058 D CompatibilityChangeReporter: Compat change id reported: 273564678; UID 10063; state: DISABLED
05-24 10:13:13.866 698 1306 W AdbDebuggingManager: Read failed with count -1
05-24 10:13:13.866 698 1058 D CompatibilityChangeReporter: Compat change id reported: 170503758; UID 10063; state: ENABLED
05-24 10:13:13.867 698 1306 E AdbDebuggingManager: Caught an exception opening the socket: java.io.IOException: Connection refused
05-24 10:13:13.941 698 719 V UserDataPreparer: Found /data/user/0 with serial number 0
05-24 10:13:13.941 698 719 V UserDataPreparer: Found /data/system_ce/0 with serial number 0
05-24 10:13:13.942 698 719 D UserDataPreparer: Setting property: sys.user.0.ce_available=true
05-24 10:13:13.943 698 719 V SystemServerTiming: prepareUserData-0 took to complete: 191ms
05-24 10:13:13.943 698 719 D SystemServerTiming: reconcileAppsData-0
05-24 10:13:13.944 698 719 V PackageManager: reconcileAppsData for null u0 0x2 migrateAppData=false
05-24 10:13:13.946 698 719 W PackageManager: Skipping preparing app data for com.android.configinfrastructure
05-24 10:13:13.947 698 719 W PackageManager: Skipping preparing app data for com.android.appsearch
05-24 10:13:13.948 698 719 W PackageManager: Skipping preparing app data for com.android.adservices
05-24 10:13:13.948 698 719 W PackageManager: Skipping preparing app data for com.android.scheduling
05-24 10:13:13.949 698 719 W PackageManager: Skipping preparing app data for com.google.android.widevine.nonupdatable
05-24 10:13:13.949 698 719 W PackageManager: Skipping preparing app data for com.android.permission
05-24 10:13:13.949 698 719 W PackageManager: Skipping preparing app data for com.android.art
05-24 10:13:13.949 698 719 W PackageManager: Skipping preparing app data for com.android.uwb
05-24 10:13:13.949 698 719 W PackageManager: Skipping preparing app data for com.android.tethering
05-24 10:13:13.949 698 719 W PackageManager: Skipping preparing app data for com.android.btservices
05-24 10:13:13.949 698 719 W PackageManager: Skipping preparing app data for com.android.media.swcodec
05-24 10:13:13.949 698 719 W PackageManager: Skipping preparing app data for com.android.conscrypt
05-24 10:13:13.949 698 719 W PackageManager: Skipping preparing app data for com.android.adbd
05-24 10:13:13.949 698 719 W PackageManager: Skipping preparing app data for com.android.i18n
05-24 10:13:13.949 698 719 W PackageManager: Skipping preparing app data for com.android.rkpd
05-24 10:13:13.949 698 719 W PackageManager: Skipping preparing app data for com.android.virt
05-24 10:13:13.949 698 719 W PackageManager: Skipping preparing app data for com.android.wifi
05-24 10:13:13.949 698 719 W PackageManager: Skipping preparing app data for com.android.runtime
05-24 10:13:13.949 698 719 W PackageManager: Skipping preparing app data for com.android.devicelock
05-24 10:13:13.950 698 719 W PackageManager: Skipping preparing app data for com.android.apex.cts.shim
05-24 10:13:13.950 698 719 W PackageManager: Skipping preparing app data for com.android.neuralnetworks
05-24 10:13:13.950 698 719 W PackageManager: Skipping preparing app data for com.android.healthfitness
05-24 10:13:13.950 698 719 W PackageManager: Skipping preparing app data for com.android.resolv
05-24 10:13:13.950 698 719 W PackageManager: Skipping preparing app data for com.android.sdkext
05-24 10:13:13.950 698 719 W PackageManager: Skipping preparing app data for com.android.tzdata
05-24 10:13:13.950 698 719 W PackageManager: Skipping preparing app data for com.android.vndk.v34
05-24 10:13:13.950 698 719 W PackageManager: Skipping preparing app data for com.android.os.statsd
05-24 10:13:13.950 698 719 W PackageManager: Skipping preparing app data for com.android.extservices
05-24 10:13:13.950 698 719 W PackageManager: Skipping preparing app data for com.amlogic.mediaextractor
05-24 10:13:13.950 698 719 W PackageManager: Skipping preparing app data for com.android.ipsec
05-24 10:13:13.950 698 719 W PackageManager: Skipping preparing app data for com.android.media
05-24 10:13:13.950 698 719 W PackageManager: Skipping preparing app data for com.android.sdksandbox
05-24 10:13:13.950 698 719 W PackageManager: Skipping preparing app data for com.android.mediaprovider
05-24 10:13:13.951 698 719 W PackageManager: Skipping preparing app data for com.android.ondevicepersonalization
05-24 10:13:13.964 698 698 W NotificationHistory: Attempted to add notif for locked/gone/disabled user 0
05-24 10:13:13.978 698 698 D HdmiCecController: [P]:AllocatedAddress=[0]
05-24 10:13:13.979 698 873 D HDMI : [S]: 40:83
05-24 10:13:13.990 1324 1324 I DeviceLockControllerApplication: onCreate
05-24 10:13:13.995 1324 1324 I DeviceStateControllerImpl: Starting state is 0
05-24 10:13:13.998 1324 1324 I UserRestrictionsPolicyHandler: Build type DEBUG = true
05-24 10:13:14.003 1324 1324 D DevicePolicyControllerImpl: onStateChanged (0)
05-24 10:13:14.003 1324 1324 V UserRestrictionsPolicyHandler: Setting restrictions for 0
05-24 10:13:14.013 698 1082 D CompatibilityChangeReporter: Compat change id reported: 261072174; UID 10063; state: ENABLED
05-24 10:13:14.025 1324 1324 D SetupParametersService: onCreate
05-24 10:13:14.025 1324 1368 I DlcClient: Binding com.android.devicelockcontroller/.storage.SetupParametersService
05-24 10:13:14.026 1324 1324 D LockedBootCompletedReceiver: Locked Boot completed
05-24 10:13:14.030 1324 1324 I DeviceLockControllerApplication: Policies enforced
05-24 10:13:14.031 1324 1372 D PackagePolicyHandler: Kiosk package is not set for state: 0
05-24 10:13:14.108 698 719 V PackageManager: reconcileAppsData finished 144 packages
05-24 10:13:14.108 698 719 V SystemServerTiming: reconcileAppsData-0 took to complete: 165ms
05-24 10:13:14.108 698 719 V SystemServerTiming: UM.onBeforeUnlockUser-0 took to complete: 357ms
05-24 10:13:14.109 698 719 I ActivityManager: User 0 state changed from RUNNING_LOCKED to RUNNING_UNLOCKING
05-24 10:13:14.109 698 719 D ActivityManager: Unlocking user 0 progress 20
05-24 10:13:14.109 698 719 W Looper : Slow dispatch took 359ms android.fg h=android.os.Handler c=com.android.server.am.UserController$$ExternalSyntheticLambda2@3d105c0 m=0
05-24 10:13:14.109 698 719 W Looper : Slow delivery took 358ms android.fg h=android.os.Handler c=com.android.server.am.UserController$$ExternalSyntheticLambda9@24022f9 m=0
05-24 10:13:14.109 698 730 D SystemServerTimingAsync: ssm.UnlockingUser-0
05-24 10:13:14.109 698 730 I SystemServiceManager: Calling onUnlockingUser 0
05-24 10:13:14.110 698 730 D SystemServerTimingAsync: ssm.onUnlockingUser-0_com.android.server.security.FileIntegrityService
05-24 10:13:14.110 698 730 V SystemServerTimingAsync: ssm.onUnlockingUser-0_com.android.server.security.FileIntegrityService took to complete: 0ms
05-24 10:13:14.110 698 730 D SystemServerTimingAsync: ssm.onUnlockingUser-0_com.android.server.pm.Installer
05-24 10:13:14.110 698 730 V SystemServerTimingAsync: ssm.onUnlockingUser-0_com.android.server.pm.Installer took to complete: 0ms
05-24 10:13:14.110 698 730 D SystemServerTimingAsync: ssm.onUnlockingUser-0_com.android.server.os.DeviceIdentifiersPolicyService
05-24 10:13:14.110 698 730 V SystemServerTimingAsync: ssm.onUnlockingUser-0_com.android.server.os.DeviceIdentifiersPolicyService took to complete: 0ms
05-24 10:13:14.110 698 730 D SystemServerTimingAsync: ssm.onUnlockingUser-0_com.android.server.flags.FeatureFlagsService
05-24 10:13:14.110 698 730 V SystemServerTimingAsync: ssm.onUnlockingUser-0_com.android.server.flags.FeatureFlagsService took to complete: 0ms
05-24 10:13:14.110 698 730 D SystemServerTimingAsync: ssm.onUnlockingUser-0_com.android.server.uri.UriGrantsManagerService$Lifecycle
05-24 10:13:14.110 698 730 V SystemServerTimingAsync: ssm.onUnlockingUser-0_com.android.server.uri.UriGrantsManagerService$Lifecycle took to complete: 0ms
05-24 10:13:14.110 698 730 D SystemServerTimingAsync: ssm.onUnlockingUser-0_com.android.server.powerstats.PowerStatsService
05-24 10:13:14.110 698 730 V SystemServerTimingAsync: ssm.onUnlockingUser-0_com.android.server.powerstats.PowerStatsService took to complete: 0ms
05-24 10:13:14.110 698 730 D SystemServerTimingAsync: ssm.onUnlockingUser-0_com.android.server.permission.access.AccessCheckingService
05-24 10:13:14.110 698 730 V SystemServerTimingAsync: ssm.onUnlockingUser-0_com.android.server.permission.access.AccessCheckingService took to complete: 0ms
05-24 10:13:14.110 698 738 I BroadcastQueue: BOOT_COMPLETED_BROADCAST_COMPLETION_LATENCY_REPORTED action:android.intent.action.LOCKED_BOOT_COMPLETED dispatchLatency:33 completeLatency:391 dispatchRealLatency:33 completeRealLatency:391 receiversSize:4 userId:0 userType:android.os.usertype.full.SYSTEM
05-24 10:13:14.110 698 730 D SystemServerTimingAsync: ssm.onUnlockingUser-0_com.android.server.wm.ActivityTaskManagerService$Lifecycle
05-24 10:13:14.110 698 730 V SystemServerTimingAsync: ssm.onUnlockingUser-0_com.android.server.wm.ActivityTaskManagerService$Lifecycle took to complete: 0ms
05-24 10:13:14.110 698 730 D SystemServerTimingAsync: ssm.onUnlockingUser-0_com.android.server.am.ActivityManagerService$Lifecycle
05-24 10:13:14.110 698 730 V SystemServerTimingAsync: ssm.onUnlockingUser-0_com.android.server.am.ActivityManagerService$Lifecycle took to complete: 0ms
05-24 10:13:14.110 698 730 D SystemServerTimingAsync: ssm.onUnlockingUser-0_com.android.server.pm.DataLoaderManagerService
05-24 10:13:14.110 698 730 V SystemServerTimingAsync: ssm.onUnlockingUser-0_com.android.server.pm.DataLoaderManagerService took to complete: 0ms
05-24 10:13:14.110 698 730 D SystemServerTimingAsync: ssm.onUnlockingUser-0_com.android.server.power.PowerManagerService
05-24 10:13:14.110 698 730 V SystemServerTimingAsync: ssm.onUnlockingUser-0_com.android.server.power.PowerManagerService took to complete: 0ms
05-24 10:13:14.110 698 730 D SystemServerTimingAsync: ssm.onUnlockingUser-0_com.android.server.power.ThermalManagerService
05-24 10:13:14.110 698 730 V SystemServerTimingAsync: ssm.onUnlockingUser-0_com.android.server.power.ThermalManagerService took to complete: 0ms
05-24 10:13:14.110 698 730 D SystemServerTimingAsync: ssm.onUnlockingUser-0_com.android.server.power.hint.HintManagerService
05-24 10:13:14.110 698 730 V SystemServerTimingAsync: ssm.onUnlockingUser-0_com.android.server.power.hint.HintManagerService took to complete: 0ms
05-24 10:13:14.110 698 730 D SystemServerTimingAsync: ssm.onUnlockingUser-0_com.android.server.recoverysystem.RecoverySystemService$Lifecycle
05-24 10:13:14.110 698 730 V SystemServerTimingAsync: ssm.onUnlockingUser-0_com.android.server.recoverysystem.RecoverySystemService$Lifecycle took to complete: 0ms
05-24 10:13:14.110 698 730 D SystemServerTimingAsync: ssm.onUnlockingUser-0_com.android.server.lights.LightsService
05-24 10:13:14.110 698 730 V SystemServerTimingAsync: ssm.onUnlockingUser-0_com.android.server.lights.LightsService took to complete: 0ms
05-24 10:13:14.110 698 730 D SystemServerTimingAsync: ssm.onUnlockingUser-0_com.android.server.display.DisplayManagerService
05-24 10:13:14.110 698 730 V SystemServerTimingAsync: ssm.onUnlockingUser-0_com.android.server.display.DisplayManagerService took to complete: 0ms
05-24 10:13:14.111 698 730 D SystemServerTimingAsync: ssm.onUnlockingUser-0_com.android.server.pm.verify.domain.DomainVerificationService
05-24 10:13:14.111 698 730 V SystemServerTimingAsync: ssm.onUnlockingUser-0_com.android.server.pm.verify.domain.DomainVerificationService took to complete: 0ms
05-24 10:13:14.111 698 730 D SystemServerTimingAsync: ssm.onUnlockingUser-0_com.android.server.pm.PackageInstallerService$Lifecycle
05-24 10:13:14.111 698 719 W Looper : Drained
05-24 10:13:14.111 698 730 V SystemServerTimingAsync: ssm.onUnlockingUser-0_com.android.server.pm.PackageInstallerService$Lifecycle took to complete: 0ms
05-24 10:13:14.111 698 730 D SystemServerTimingAsync: ssm.onUnlockingUser-0_com.android.server.pm.UserManagerService$LifeCycle
05-24 10:13:14.111 698 730 V SystemServerTimingAsync: ssm.onUnlockingUser-0_com.android.server.pm.UserManagerService$LifeCycle took to complete: 0ms
05-24 10:13:14.111 698 730 D SystemServerTimingAsync: ssm.onUnlockingUser-0_com.android.server.om.OverlayManagerService
05-24 10:13:14.111 698 730 V SystemServerTimingAsync: ssm.onUnlockingUser-0_com.android.server.om.OverlayManagerService took to complete: 0ms
05-24 10:13:14.111 698 730 D SystemServerTimingAsync: ssm.onUnlockingUser-0_com.android.server.resources.ResourcesManagerService
05-24 10:13:14.111 698 730 V SystemServerTimingAsync: ssm.onUnlockingUser-0_com.android.server.resources.ResourcesManagerService took to complete: 0ms
05-24 10:13:14.111 698 730 D SystemServerTimingAsync: ssm.onUnlockingUser-0_com.android.server.sensorprivacy.SensorPrivacyService
05-24 10:13:14.111 698 730 V SystemServerTimingAsync: ssm.onUnlockingUser-0_com.android.server.sensorprivacy.SensorPrivacyService took to complete: 0ms
05-24 10:13:14.111 698 730 D SystemServerTimingAsync: ssm.onUnlockingUser-0_com.android.server.sensors.SensorService
05-24 10:13:14.111 698 730 V SystemServerTimingAsync: ssm.onUnlockingUser-0_com.android.server.sensors.SensorService took to complete: 0ms
05-24 10:13:14.111 698 730 D SystemServerTimingAsync: ssm.onUnlockingUser-0_com.android.server.SystemConfigService
05-24 10:13:14.111 698 730 V SystemServerTimingAsync: ssm.onUnlockingUser-0_com.android.server.SystemConfigService took to complete: 0ms
05-24 10:13:14.111 698 730 D SystemServerTimingAsync: ssm.onUnlockingUser-0_com.android.server.BatteryService
05-24 10:13:14.111 698 730 V SystemServerTimingAsync: ssm.onUnlockingUser-0_com.android.server.BatteryService took to complete: 0ms
05-24 10:13:14.111 698 730 D SystemServerTimingAsync: ssm.onUnlockingUser-0_com.android.server.usage.UsageStatsService
05-24 10:13:14.111 698 730 V SystemServerTimingAsync: ssm.onUnlockingUser-0_com.android.server.usage.UsageStatsService took to complete: 0ms
05-24 10:13:14.111 698 730 D SystemServerTimingAsync: ssm.onUnlockingUser-0_com.android.server.webkit.WebViewUpdateService
05-24 10:13:14.111 698 730 V SystemServerTimingAsync: ssm.onUnlockingUser-0_com.android.server.webkit.WebViewUpdateService took to complete: 0ms
05-24 10:13:14.111 698 730 D SystemServerTimingAsync: ssm.onUnlockingUser-0_com.android.server.CachedDeviceStateService
05-24 10:13:14.111 698 730 V SystemServerTimingAsync: ssm.onUnlockingUser-0_com.android.server.CachedDeviceStateService took to complete: 0ms
05-24 10:13:14.111 698 730 D SystemServerTimingAsync: ssm.onUnlockingUser-0_com.android.server.BinderCallsStatsService$LifeCycle
05-24 10:13:14.111 698 730 V SystemServerTimingAsync: ssm.onUnlockingUser-0_com.android.server.BinderCallsStatsService$LifeCycle took to complete: 0ms
05-24 10:13:14.111 698 730 D SystemServerTimingAsync: ssm.onUnlockingUser-0_com.android.server.LooperStatsService$Lifecycle
05-24 10:13:14.111 698 730 V SystemServerTimingAsync: ssm.onUnlockingUser-0_com.android.server.LooperStatsService$Lifecycle took to complete: 0ms
05-24 10:13:14.111 698 730 D SystemServerTimingAsync: ssm.onUnlockingUser-0_com.android.server.rollback.RollbackManagerService
05-24 10:13:14.112 698 730 V SystemServerTimingAsync: ssm.onUnlockingUser-0_com.android.server.rollback.RollbackManagerService took to complete: 1ms
05-24 10:13:14.112 698 730 D SystemServerTimingAsync: ssm.onUnlockingUser-0_com.android.server.os.NativeTombstoneManagerService
05-24 10:13:14.112 698 730 V SystemServerTimingAsync: ssm.onUnlockingUser-0_com.android.server.os.NativeTombstoneManagerService took to complete: 0ms
05-24 10:13:14.112 698 730 D SystemServerTimingAsync: ssm.onUnlockingUser-0_com.android.server.os.BugreportManagerService
05-24 10:13:14.112 698 730 V SystemServerTimingAsync: ssm.onUnlockingUser-0_com.android.server.os.BugreportManagerService took to complete: 0ms
05-24 10:13:14.112 698 730 D SystemServerTimingAsync: ssm.onUnlockingUser-0_com.android.server.gpu.GpuService
05-24 10:13:14.112 698 730 V SystemServerTimingAsync: ssm.onUnlockingUser-0_com.android.server.gpu.GpuService took to complete: 0ms
05-24 10:13:14.112 698 730 D SystemServerTimingAsync: ssm.onUnlockingUser-0_com.android.server.security.rkp.RemoteProvisioningService
05-24 10:13:14.112 698 730 V SystemServerTimingAsync: ssm.onUnlockingUser-0_com.android.server.security.rkp.RemoteProvisioningService took to complete: 0ms
05-24 10:13:14.112 698 730 D SystemServerTimingAsync: ssm.onUnlockingUser-0_com.android.server.cpu.CpuMonitorService
05-24 10:13:14.112 698 730 V SystemServerTimingAsync: ssm.onUnlockingUser-0_com.android.server.cpu.CpuMonitorService took to complete: 0ms
05-24 10:13:14.112 698 730 D SystemServerTimingAsync: ssm.onUnlockingUser-0_com.android.server.security.KeyChainSystemService
05-24 10:13:14.112 698 730 V SystemServerTimingAsync: ssm.onUnlockingUser-0_com.android.server.security.KeyChainSystemService took to complete: 0ms
05-24 10:13:14.112 698 730 D SystemServerTimingAsync: ssm.onUnlockingUser-0_com.android.server.BinaryTransparencyService
