05-24 10:13:14.374 698 767 V SystemServerTiming: getInt-ALLOW_USER_SWITCHING_WHEN_SYSTEM_USER_LOCKED took to complete: 0ms
05-24 10:13:14.374 698 767 D SystemServerTiming: isUserUnlocked-USER_SYSTEM
05-24 10:13:14.374 698 767 V SystemServerTiming: isUserUnlocked-USER_SYSTEM took to complete: 0ms
05-24 10:13:14.374 698 767 V SystemServerTiming: getUserSwitchability-0 took to complete: 1ms
05-24 10:13:14.387 698 731 W ActivityManager: Slow operation: 111ms so far, now at startProcess: returned from zygote!
05-24 10:13:14.388 698 731 W ActivityManager: Slow operation: 111ms so far, now at startProcess: done updating battery stats
05-24 10:13:14.388 698 731 W ActivityManager: Slow operation: 112ms so far, now at startProcess: building log message
05-24 10:13:14.388 698 731 I ActivityManager: Start proc 1440:com.oranth.ledstatus/1000 for broadcast {com.oranth.ledstatus/com.oranth.ledstatus.BootCompletedReceiver}
05-24 10:13:14.388 698 731 W ActivityManager: Slow operation: 112ms so far, now at startProcess: starting to update pids map
05-24 10:13:14.388 698 731 W ActivityManager: Slow operation: 112ms so far, now at startProcess: done updating pids map
05-24 10:13:14.392 698 711 D CompatibilityChangeReporter: Compat change id reported: 168419799; UID 1000; state: DISABLED
05-24 10:13:14.392 698 711 D CompatibilityChangeReporter: Compat change id reported: 273564678; UID 1000; state: DISABLED
05-24 10:13:14.399 698 711 D CompatibilityChangeReporter: Compat change id reported: 168419799; UID 10049; state: DISABLED
05-24 10:13:14.399 698 711 D CompatibilityChangeReporter: Compat change id reported: 273564678; UID 10049; state: DISABLED
05-24 10:13:14.410 698 775 D CompatibilityChangeReporter: Compat change id reported: 265195908; UID 10049; state: ENABLED
05-24 10:13:14.417 698 865 I BackupManagerService: isBackupEnabled() => false due to absent settings file
05-24 10:13:14.417 698 865 D BackupManagerService: user:0 readBackupEnableState enabled:false
05-24 10:13:14.418 698 865 I BackupManagerService: [UserID:0] Backup enabled => false
05-24 10:13:14.451 698 768 D CompatibilityChangeReporter: Compat change id reported: 170503758; UID 10049; state: DISABLED
05-24 10:13:14.500 698 971 D CompatibilityChangeReporter: Compat change id reported: 168419799; UID 1000; state: DISABLED
05-24 10:13:14.501 698 971 D CompatibilityChangeReporter: Compat change id reported: 273564678; UID 1000; state: DISABLED
05-24 10:13:14.529 698 971 V WindowManager: app ------------- force_land :0
05-24 10:13:14.542 698 971 I MediaSessionStack: addSession to bottom of stack | record: com.android.music/MediaPlaybackService (userId=0)
05-24 10:13:14.570 698 711 D CompatibilityChangeReporter: Compat change id reported: 161252188; UID 1000; state: DISABLED
05-24 10:13:14.571 698 711 I ActivityManager: com.android.keychain is exempt from freezer
05-24 10:13:14.572 698 711 D CompatibilityChangeReporter: Compat change id reported: 135634846; UID 1000; state: DISABLED
05-24 10:13:14.593 698 731 I ActivityManager: Start proc 1473:com.android.keychain/1000 for service {com.android.keychain/com.android.keychain.KeyChainService}
05-24 10:13:14.625 698 971 D CompatibilityChangeReporter: Compat change id reported: 168419799; UID 1000; state: DISABLED
05-24 10:13:14.626 698 971 D CompatibilityChangeReporter: Compat change id reported: 273564678; UID 1000; state: DISABLED
05-24 10:13:14.661 698 730 I ActivityManager: com.oranth.storage is exempt from freezer
05-24 10:13:14.662 698 730 D CompatibilityChangeReporter: Compat change id reported: 135634846; UID 1000; state: DISABLED
05-24 10:13:14.678 698 731 I ActivityManager: Start proc 1496:com.oranth.storage/1000 for broadcast {com.oranth.storage/com.oranth.storage.BootCompletedReceiver}
05-24 10:13:14.681 1440 1440 W ContextImpl: Calling a method in the system process without a qualified user: android.app.ContextImpl.startService:1899 android.content.ContextWrapper.startService:825 android.content.ContextWrapper.startService:825 com.oranth.ledstatus.BootCompletedReceiver.onReceive:15 android.app.ActivityThread.handleReceiver:4494
05-24 10:13:14.712 698 698 E HdmiCecController: Invalid message received: 04:47
05-24 10:13:14.712 698 698 D HDMI : [R]: 04:47
05-24 10:13:14.713 698 873 D HDMI : [S]: 40:00:47:03
05-24 10:13:14.733 698 711 D CompatibilityChangeReporter: Compat change id reported: 261072174; UID 10052; state: ENABLED
05-24 10:13:14.753 0 0 W [1 T1496 .s] state_detect_cb: stop bus detected state timer
05-24 10:13:14.761 698 971 D CompatibilityChangeReporter: Compat change id reported: 161145287; UID 10055; state: ENABLED
05-24 10:13:14.771 698 711 D CompatibilityChangeReporter: Compat change id reported: 168419799; UID 1000; state: DISABLED
05-24 10:13:14.772 698 711 D CompatibilityChangeReporter: Compat change id reported: 273564678; UID 1000; state: DISABLED
05-24 10:13:14.834 698 1378 I StorageUserConnection: Service: [ComponentInfo{com.android.providers.media.module/com.android.providers.media.fuse.ExternalStorageServiceImpl}] connected. User [0]
05-24 10:13:14.862 698 711 D CompatibilityChangeReporter: Compat change id reported: 149924527; UID 1000; state: ENABLED
05-24 10:13:14.863 698 711 D CompatibilityChangeReporter: Compat change id reported: 132649864; UID 1000; state: DISABLED
05-24 10:13:14.908 1496 1496 W ContextImpl: Calling a method in the system process without a qualified user: android.app.ContextImpl.startService:1899 android.content.ContextWrapper.startService:825 android.content.ContextWrapper.startService:825 com.oranth.storage.BootCompletedReceiver.onReceive:15 android.app.ActivityThread.handleReceiver:4494
05-24 10:13:14.919 698 698 E BootReceiver: Could not open /sys/kernel/tracing/instances/bootreceiver/trace_pipe
05-24 10:13:14.919 698 698 E BootReceiver: android.system.ErrnoException: open failed: ENOENT (No such file or directory)
05-24 10:13:14.919 698 698 E BootReceiver: at libcore.io.Linux.open(Native Method)
05-24 10:13:14.919 698 698 E BootReceiver: at libcore.io.ForwardingOs.open(ForwardingOs.java:563)
05-24 10:13:14.919 698 698 E BootReceiver: at libcore.io.BlockGuardOs.open(BlockGuardOs.java:274)
05-24 10:13:14.919 698 698 E BootReceiver: at android.system.Os.open(Os.java:494)
05-24 10:13:14.919 698 698 E BootReceiver: at com.android.server.BootReceiver.onReceive(BootReceiver.java:164)
05-24 10:13:14.919 698 698 E BootReceiver: at android.app.ActivityThread.handleReceiver(ActivityThread.java:4494)
05-24 10:13:14.919 698 698 E BootReceiver: at android.app.ActivityThread.-$$Nest$mhandleReceiver(Unknown Source:0)
05-24 10:13:14.919 698 698 E BootReceiver: at android.app.ActivityThread$H.handleMessage(ActivityThread.java:2285)
05-24 10:13:14.919 698 698 E BootReceiver: at android.os.Handler.dispatchMessage(Handler.java:106)
05-24 10:13:14.919 698 698 E BootReceiver: at android.os.Looper.loopOnce(Looper.java:205)
05-24 10:13:14.919 698 698 E BootReceiver: at android.os.Looper.loop(Looper.java:294)
05-24 10:13:14.919 698 698 E BootReceiver: at com.android.server.SystemServer.run(SystemServer.java:982)
05-24 10:13:14.919 698 698 E BootReceiver: at com.android.server.SystemServer.main(SystemServer.java:668)
05-24 10:13:14.919 698 698 E BootReceiver: at java.lang.reflect.Method.invoke(Native Method)
05-24 10:13:14.919 698 698 E BootReceiver: at com.android.internal.os.RuntimeInit$MethodAndArgsCaller.run(RuntimeInit.java:552)
05-24 10:13:14.919 698 698 E BootReceiver: at com.android.internal.os.ZygoteInit.main(ZygoteInit.java:956)
05-24 10:13:14.924 698 1545 I DropBoxManagerService: add tag=SYSTEM_BOOT isTagEnabled=true flags=0x2
05-24 10:13:14.940 698 1545 I BootReceiver: Copying /sys/fs/pstore/console-ramoops-0 to DropBox (SYSTEM_LAST_KMSG)
05-24 10:13:14.961 0 0 W [3 T924 ..] audit: audit_lost=2 audit_rate_limit=5 audit_backlog_limit=64
05-24 10:13:14.962 0 0 E [3 T924 ..] audit: rate limit exceeded
05-24 10:13:14.944 698 1545 I DropBoxManagerService: add tag=SYSTEM_LAST_KMSG isTagEnabled=true flags=0x6
05-24 10:13:14.961 924 924 W ContextImpl: Calling a method in the system process without a qualified user: android.app.ContextImpl.startService:1899 android.content.ContextWrapper.startService:825 android.content.ContextWrapper.startService:825 com.droidlogic.BootComplete.onReceive:116 android.app.ActivityThread.handleReceiver:4494
05-24 10:13:14.962 698 1545 I BootReceiver: Copying audit failures to DropBox
05-24 10:13:14.966 924 924 W ContextImpl: Calling a method in the system process without a qualified user: android.app.ContextImpl.startForegroundService:1905 android.content.ContextWrapper.startForegroundService:830 android.content.ContextWrapper.startForegroundService:830 com.droidlogic.BootComplete.onReceive:125 android.app.ActivityThread.handleReceiver:4494
05-24 10:13:14.966 698 767 W ActivityManager: Unable to start service Intent { cmp=com.android.tv.mdnsoffloadcmd/.MdnsOffloadCmdService } U=0: not found
05-24 10:13:14.967 924 924 W ContextImpl: Calling a method in the system process without a qualified user: android.app.ContextImpl.startService:1899 android.content.ContextWrapper.startService:825 android.content.ContextWrapper.startService:825 com.droidlogic.BootComplete.onReceive:127 android.app.ActivityThread.handleReceiver:4494
05-24 10:13:14.967 698 1545 I BootReceiver: Copied 2654 worth of audits to DropBox
05-24 10:13:14.968 698 1545 I DropBoxManagerService: add tag=SYSTEM_AUDIT isTagEnabled=true flags=0x2
05-24 10:13:14.970 698 1545 I BootReceiver: Checking for fsck errors
05-24 10:13:14.971 698 1545 I BootReceiver: fs_stat, partition:param stat:0x10013
05-24 10:13:14.971 698 1545 I BootReceiver: fs_stat, partition:tee stat:0x3
05-24 10:13:14.971 924 924 W ContextImpl: Calling a method in the system process without a qualified user: android.app.ContextImpl.startService:1899 android.content.ContextWrapper.startService:825 android.content.ContextWrapper.startService:825 com.droidlogic.BootComplete.onReceive:128 android.app.ActivityThread.handleReceiver:4494
05-24 10:13:14.971 698 1545 I BootReceiver: fs_stat, partition:factory stat:0x0
05-24 10:13:14.972 698 1545 I BootReceiver: fs_stat, partition:userdata stat:0x0
05-24 10:13:14.974 1398 1398 W ContextImpl: Calling a method in the system process without a qualified user: android.app.ContextImpl.startService:1899 android.content.ContextWrapper.startService:825 com.dangbei.lerad.etna.core.EtnaManager.startService:64 com.dangbei.lerad.etna.core.EtnaManager.init:39 com.dangbei.lerad.etna.haqu.EtnaApplication.init:87
05-24 10:13:14.978 698 1545 D CompatibilityChangeReporter: Compat change id reported: 135634846; UID 10017; state: DISABLED
05-24 10:13:14.978 698 1545 D CompatibilityChangeReporter: Compat change id reported: 177438394; UID 10017; state: DISABLED
05-24 10:13:14.978 698 1545 D CompatibilityChangeReporter: Compat change id reported: 135772972; UID 10017; state: DISABLED
05-24 10:13:14.978 698 1545 D CompatibilityChangeReporter: Compat change id reported: 135754954; UID 10017; state: ENABLED
05-24 10:13:14.980 698 731 D CompatibilityChangeReporter: Compat change id reported: 143937733; UID 10017; state: ENABLED
05-24 10:13:14.981 698 698 D HDMI : [R]: 04:00:00:00
05-24 10:13:14.983 698 698 W HDMI : [1]:Unhandled cec command: 04:00:00:00
05-24 10:13:14.995 698 971 D CompatibilityChangeReporter: Compat change id reported: 171306433; UID 1000; state: ENABLED
05-24 10:13:14.995 924 924 W ContextImpl: Calling a method in the system process without a qualified user: android.app.ContextImpl.stopService:1911 android.content.ContextWrapper.stopService:835 android.content.ContextWrapper.stopService:835 com.droidlogic.BootComplete$2.onChange:276 com.droidlogic.BootComplete.updateDeveloperOptionsWatcher:283
05-24 10:13:14.995 698 971 D CompatibilityChangeReporter: Compat change id reported: 218533173; UID 1000; state: ENABLED
05-24 10:13:14.999 698 731 I ActivityManager: Start proc 1552:android.process.media/u0a17 for content provider {com.android.providers.downloads/com.android.providers.downloads.DownloadProvider}
05-24 10:13:14.999 1398 1398 W ContextImpl: Calling a method in the system process without a qualified user: android.app.ContextImpl.startService:1899 android.content.ContextWrapper.startService:825 com.dangbei.andes.CoreService$Companion.start:29 com.dangbei.lerad.etna.haqu.EtnaApplication.init:88 com.dangbei.lerad.etna.haqu.EtnaApplication.onCreate:59
05-24 10:13:15.004 924 924 W ContextImpl: Calling a method in the system process without a qualified user: android.app.ContextImpl.startService:1899 android.content.ContextWrapper.startService:825 android.content.ContextWrapper.startService:825 com.droidlogic.BootComplete.onReceive:173 android.app.ActivityThread.handleReceiver:4494
05-24 10:13:15.015 698 730 I ActivityManager: com.droidlogic.mictoggle is exempt from freezer
05-24 10:13:15.016 698 730 D CompatibilityChangeReporter: Compat change id reported: 135634846; UID 1000; state: DISABLED
05-24 10:13:15.037 0 0 I : [0 T63 ..] [TEE] E/TC:? 00 tee_rpmb_verify_key_sync_counter:1008 Verify key returning 0xffff0008
05-24 10:13:15.038 0 0 I : [0 T63 ..] [TEE] E/TC:? 00 tee_mkl_status:195 tee_mkl_status bad state, status = 0x0
05-24 10:13:15.039 0 0 I : [0 T63 ..] [TEE] E/TC:? 00 tee_provision_get_pfpk_enc:351 PFPK key table bad status, res = 0xffff0007
05-24 10:13:15.040 0 0 I : [0 T63 ..] [TEE] E/TA: read_pfid_from_property:765 [PROVISION-TA] PFID is not provisioned
05-24 10:13:15.041 0 0 I : [0 T63 ..] [TEE] E/TA: pfid_query:877 [PROVISION-TA] pfid_query read pfid property error, return 0xFFFF0008
05-24 10:13:15.042 0 0 I : [0 T63 ..] [TEE] E/TC:? 00 tee_rpmb_verify_key_sync_counter:1008 Verify key returning 0xffff0008
05-24 10:13:15.044 0 0 I : [0 T63 ..] [TEE] E/TC:? 00 tee_mkl_status:195 tee_mkl_status bad state, status = 0x0
05-24 10:13:15.045 0 0 I : [0 T63 ..] [TEE] E/TC:? 00 tee_provision_get_pfpk_enc:351 PFPK key table bad status, res = 0xffff0007
05-24 10:13:15.029 698 971 D HDMI : addVendorCommandListener 1877008
05-24 10:13:15.040 698 731 I ActivityManager: Start proc 1564:com.droidlogic.mictoggle/1000 for broadcast {com.droidlogic.mictoggle/com.droidlogic.mictoggle.AssistantMicMuteReceiver}
05-24 10:13:15.053 0 0 I : [0 T63 ..] [TEE] E/TC:? 00 tee_mkl_status:195 tee_mkl_status bad state, status = 0x0
05-24 10:13:15.053 0 0 I : [0 T63 ..] [TEE] E/TC:? 00 tee_provision_get_pfpk_enc:351 PFPK key table bad status, res = 0xffff0007
05-24 10:13:15.055 0 0 I : [0 T63 ..] [TEE] E/TA: get_pfpk_enc:786 [PROVISION-TA] TEE_Provision_Get_PFPK_ENC() failed, return 0xFFFF0007
05-24 10:13:15.056 0 0 I : [0 T63 ..] [TEE] E/TA: pfpk_query:851 [PROVISION-TA] get_pfpk_enc return 0xFFFF0007
05-24 10:13:15.044 698 971 D HDMI : Process pid:1398 is calling addHotplugEventListener
05-24 10:13:15.050 698 767 D CompatibilityChangeReporter: Compat change id reported: 168419799; UID 10017; state: DISABLED
05-24 10:13:15.050 698 767 D CompatibilityChangeReporter: Compat change id reported: 273564678; UID 10017; state: DISABLED
05-24 10:13:15.055 698 775 D CompatibilityChangeReporter: Compat change id reported: 265195908; UID 10017; state: ENABLED
05-24 10:13:15.087 698 767 D CompatibilityChangeReporter: Compat change id reported: 168419799; UID 1000; state: DISABLED
05-24 10:13:15.088 698 767 D CompatibilityChangeReporter: Compat change id reported: 273564678; UID 1000; state: DISABLED
05-24 10:13:15.094 1398 1586 W ContextImpl: Calling a method in the system process without a qualified user: android.app.ContextImpl.bindService:1988 android.content.ContextWrapper.bindService:861 com.dangbei.lerad.etna.lib.client.EtnaClient.bindServer:138 com.dangbei.lerad.etna.lib.client.EtnaClient.access$600:29 com.dangbei.lerad.etna.lib.client.EtnaClient$3.call:205
05-24 10:13:15.095 698 971 D CompatibilityChangeReporter: Compat change id reported: 170503758; UID 10017; state: ENABLED
05-24 10:13:15.135 1398 1593 W ContextImpl: Calling a method in the system process without a qualified user: android.app.ContextImpl.bindService:1988 android.content.ContextWrapper.bindService:861 com.dangbei.lerad.etna.lib.client.EtnaClient.bindServer:138 com.dangbei.lerad.etna.lib.client.EtnaClient.access$600:29 com.dangbei.lerad.etna.lib.client.EtnaClient$3.call:205
05-24 10:13:15.193 0 0 I [0 T432 ..] apexd: Cleaning up reserved space for compressed APEX
05-24 10:13:15.204 1564 1564 W ContextImpl: Calling a method in the system process without a qualified user: android.app.ContextImpl.startService:1899 android.content.ContextWrapper.startService:825 android.content.ContextWrapper.startService:825 com.droidlogic.mictoggle.AssistantMicMuteReceiver.onReceive:48 android.app.ActivityThread.handleReceiver:4494
05-24 10:13:15.224 1264 1264 W ContextImpl: Calling a method in the system process without a qualified user: android.app.ContextImpl.startForegroundService:1905 android.content.ContextWrapper.startForegroundService:830 android.content.ContextWrapper.startForegroundService:830 com.android.tv.settings.BootReceiver.onReceive:58 android.app.ActivityThread.handleReceiver:4494
05-24 10:13:15.224 924 924 W ContextImpl: Calling a method in the system process without a qualified user: android.app.ContextImpl.startService:1899 android.content.ContextWrapper.startService:825 android.content.ContextWrapper.startService:825 com.droidlogic.AiPqReceiver.onReceive:31 android.app.ActivityThread.handleReceiver:4494
05-24 10:13:15.225 698 971 W ActivityManager: Unable to start service Intent { act=android.intent.action.BOOT_COMPLETED flg=0x89000010 cmp=com.android.tv.settings/.BootReceiver (has extras) } U=0: not found
05-24 10:13:15.228 698 698 D HDMI : receive android.intent.action.BOOT_COMPLETED
05-24 10:13:15.228 698 698 I HDMI : Receive boot completed broadcast
05-24 10:13:15.236 1324 1324 I CheckInBootCompletedReceiver: Received boot completed intent
05-24 10:13:15.238 698 730 I ActivityManager: com.android.dynsystem is exempt from freezer
05-24 10:13:15.238 698 730 D CompatibilityChangeReporter: Compat change id reported: 135634846; UID 1000; state: DISABLED
05-24 10:13:15.241 1324 1324 D GlobalParametersService: onCreate
05-24 10:13:15.244 1324 1602 I DlcClient: Binding com.android.devicelockcontroller/.storage.GlobalParametersService
05-24 10:13:15.251 698 729 I UsageStatsService: User[0] Rollover scheduled @ 2025-05-24 18:15:36(1748081736766)
05-24 10:13:15.251 1324 1602 I DeviceCheckInHelper: enqueueDeviceCheckInWork with delay: PT0S
05-24 10:13:15.267 698 971 D CompatibilityChangeReporter: Compat change id reported: 253665015; UID 10055; state: ENABLED
05-24 10:13:15.267 698 971 D CompatibilityChangeReporter: Compat change id reported: 194532703; UID 10055; state: ENABLED
05-24 10:13:15.279 698 731 I ActivityManager: Start proc 1604:com.android.dynsystem/1000 for broadcast {com.android.dynsystem/com.android.dynsystem.BootCompletedReceiver}
05-24 10:13:15.281 698 729 I UsageStatsService: User[0] Flushing usage stats to disk
05-24 10:13:15.311 698 711 D CompatibilityChangeReporter: Compat change id reported: 168419799; UID 1000; state: DISABLED
05-24 10:13:15.312 698 711 D CompatibilityChangeReporter: Compat change id reported: 273564678; UID 1000; state: DISABLED
05-24 10:13:15.327 698 711 D CompatibilityChangeReporter: Compat change id reported: 161145287; UID 10017; state: ENABLED
05-24 10:13:15.330 698 729 D WallpaperManagerService: Wallpaper_selinux_restorecon-0
05-24 10:13:15.333 698 729 V WallpaperManagerService: Wallpaper_selinux_restorecon-0 took to complete: 2ms
05-24 10:13:15.344 698 711 D CompatibilityChangeReporter: Compat change id reported: 261072174; UID 1000; state: DISABLED
05-24 10:13:15.350 1398 1398 W ContextImpl: Calling a method in the system process without a qualified user: android.app.ContextImpl.sendBroadcast:1220 android.content.ContextWrapper.sendBroadcast:504 com.dangbei.lerad.etna.core.EtnaManager.sendRebootBroadcast:82 com.dangbei.lerad.etna.core.EtnaService.onStartCommand:89 android.app.ActivityThread.handleServiceArgs:4866
05-24 10:13:15.358 698 971 D CompatibilityChangeReporter: Compat change id reported: 253665015; UID 10017; state: ENABLED
05-24 10:13:15.360 698 971 D CompatibilityChangeReporter: Compat change id reported: 194532703; UID 10017; state: ENABLED
05-24 10:13:15.374 1398 1592 W ContextImpl: Calling a method in the system process without a qualified user: android.app.ContextImpl.startService:1899 android.content.ContextWrapper.startService:825 com.dangbei.etna.setting.core.SettingHelper.startRocky:257 com.dangbei.etna.setting.core.SettingHelper.sendCycleCheckBootGuideStatusMessage:203 com.dangbei.etna.setting.core.SettingHelper.startLoop:192
05-24 10:13:15.397 698 729 D CompatibilityChangeReporter: Compat change id reported: 171306433; UID 1000; state: ENABLED
05-24 10:13:15.397 1398 1586 W ContextImpl: Calling a method in the system process without a qualified user: android.app.ContextImpl.bindService:1988 android.content.ContextWrapper.bindService:861 com.dangbei.lerad.etna.lib.client.EtnaClient.bindServer:138 com.dangbei.lerad.etna.lib.client.EtnaClient.access$600:29 com.dangbei.lerad.etna.lib.client.EtnaClient$3.call:205
05-24 10:13:15.398 1398 1593 W ContextImpl: Calling a method in the system process without a qualified user: android.app.ContextImpl.bindService:1988 android.content.ContextWrapper.bindService:861 com.dangbei.lerad.etna.lib.client.EtnaClient.bindServer:138 com.dangbei.lerad.etna.lib.client.EtnaClient.access$600:29 com.dangbei.lerad.etna.lib.client.EtnaClient$3.call:205
05-24 10:13:15.398 698 1058 I ActivityManager: com.dangbei.lerad.rocky is exempt from freezer
05-24 10:13:15.398 698 1058 D CompatibilityChangeReporter: Compat change id reported: 135634846; UID 1000; state: DISABLED
05-24 10:13:15.400 1398 1592 W ContextImpl: Calling a method in the system process without a qualified user: android.app.ContextImpl.sendBroadcast:1220 android.content.ContextWrapper.sendBroadcast:504 com.dangbei.etna.setting.core.SettingHelper.sendCycleToProjector:247 com.dangbei.etna.setting.core.SettingHelper.sendCycleCheckBroadcast:216 com.dangbei.etna.setting.core.SettingHelper.sendCycleCheckBootGuideStatusMessage:204
05-24 10:13:15.401 1398 1630 W ContextImpl: Calling a method in the system process without a qualified user: android.app.ContextImpl.bindService:1988 android.content.ContextWrapper.bindService:861 com.dangbei.lerad.etna.lib.client.EtnaClient.bindServer:138 com.dangbei.lerad.etna.lib.client.EtnaClient.access$600:29 com.dangbei.lerad.etna.lib.client.EtnaClient$3.call:205
05-24 10:13:15.409 1398 1592 W ContextImpl: Calling a method in the system process without a qualified user: android.app.ContextImpl.sendBroadcast:1220 android.content.ContextWrapper.sendBroadcast:504 com.dangbei.etna.setting.core.SettingHelper.sendCycleToVoice:232 com.dangbei.etna.setting.core.SettingHelper.sendCycleCheckBroadcast:217 com.dangbei.etna.setting.core.SettingHelper.sendCycleCheckBootGuideStatusMessage:204
05-24 10:13:15.413 698 731 I ActivityManager: Start proc 1632:com.dangbei.lerad.rocky/1000 for service {com.dangbei.lerad.rocky/com.dangbei.rocky.RockyService}
05-24 10:13:15.415 1398 1591 W ContextImpl: Calling a method in the system process without a qualified user: android.app.ContextImpl.startService:1899 android.content.ContextWrapper.startService:825 com.dangbei.etna.setting.core.SettingHelper.startRocky:257 com.dangbei.etna.setting.core.SettingHelper.sendCycleCheckBootGuideStatusMessage:203 com.dangbei.etna.setting.core.SettingHelper.startLoop:192
05-24 10:13:15.418 1398 1591 W ContextImpl: Calling a method in the system process without a qualified user: android.app.ContextImpl.sendBroadcast:1220 android.content.ContextWrapper.sendBroadcast:504 com.dangbei.etna.setting.core.SettingHelper.sendCycleToProjector:247 com.dangbei.etna.setting.core.SettingHelper.sendCycleCheckBroadcast:216 com.dangbei.etna.setting.core.SettingHelper.sendCycleCheckBootGuideStatusMessage:204
05-24 10:13:15.420 1398 1591 W ContextImpl: Calling a method in the system process without a qualified user: android.app.ContextImpl.sendBroadcast:1220 android.content.ContextWrapper.sendBroadcast:504 com.dangbei.etna.setting.core.SettingHelper.sendCycleToVoice:232 com.dangbei.etna.setting.core.SettingHelper.sendCycleCheckBroadcast:217 com.dangbei.etna.setting.core.SettingHelper.sendCycleCheckBootGuideStatusMessage:204
05-24 10:13:15.428 698 1099 D CompatibilityChangeReporter: Compat change id reported: 161145287; UID 1000; state: ENABLED
05-24 10:13:15.428 698 1099 D CompatibilityChangeReporter: Compat change id reported: 161145287; UID 1000; state: DISABLED
05-24 10:13:15.433 698 730 I ActivityManager: com.android.managedprovisioning is exempt from freezer
05-24 10:13:15.434 698 730 D CompatibilityChangeReporter: Compat change id reported: 135634846; UID 10022; state: DISABLED
05-24 10:13:15.434 698 730 D CompatibilityChangeReporter: Compat change id reported: 177438394; UID 10022; state: DISABLED
05-24 10:13:15.434 698 730 D CompatibilityChangeReporter: Compat change id reported: 135772972; UID 10022; state: DISABLED
05-24 10:13:15.435 698 730 D CompatibilityChangeReporter: Compat change id reported: 135754954; UID 10022; state: ENABLED
05-24 10:13:15.435 698 731 D CompatibilityChangeReporter: Compat change id reported: 143937733; UID 10022; state: ENABLED
05-24 10:13:15.440 698 971 I ActivityManager: com.android.dynsystem is exempt from freezer
05-24 10:13:15.451 698 731 I ActivityManager: Start proc 1646:com.android.managedprovisioning/u0a22 for broadcast {com.android.managedprovisioning/com.android.managedprovisioning.BootReminder}
05-24 10:13:15.479 698 971 D CompatibilityChangeReporter: Compat change id reported: 197654537; UID 1000; state: DISABLED
05-24 10:13:15.197 0 0 W : [1 T1044 ..] [aml_scan_rx 1505] scanres_payload_buf overflow, flush
05-24 10:13:15.484 698 971 D CompatibilityChangeReporter: Compat change id reported: 168419799; UID 1000; state: DISABLED
05-24 10:13:15.485 698 971 D CompatibilityChangeReporter: Compat change id reported: 273564678; UID 1000; state: DISABLED
05-24 10:13:15.490 698 1099 D CompatibilityChangeReporter: Compat change id reported: 168419799; UID 10022; state: DISABLED
05-24 10:13:15.490 698 1099 D CompatibilityChangeReporter: Compat change id reported: 273564678; UID 10022; state: DISABLED
05-24 10:13:15.496 698 775 D CompatibilityChangeReporter: Compat change id reported: 265195908; UID 10022; state: ENABLED
05-24 10:13:15.510 698 731 W ActivityManager: Slow operation: 71ms so far, now at startProcess: returned from zygote!
05-24 10:13:15.510 698 731 W ActivityManager: Slow operation: 71ms so far, now at startProcess: done updating battery stats
05-24 10:13:15.510 698 731 W ActivityManager: Slow operation: 71ms so far, now at startProcess: building log message
05-24 10:13:15.510 698 731 I ActivityManager: Start proc 1672:com.android.dynsystem:dynsystem/1000 for service {com.android.dynsystem/com.android.dynsystem.DynamicSystemInstallationService}
05-24 10:13:15.510 698 731 W ActivityManager: Slow operation: 71ms so far, now at startProcess: starting to update pids map
05-24 10:13:15.511 698 731 W ActivityManager: Slow operation: 71ms so far, now at startProcess: done updating pids map
05-24 10:13:15.520 698 1099 D CompatibilityChangeReporter: Compat change id reported: 170503758; UID 10022; state: ENABLED
05-24 10:13:15.542 698 767 D CompatibilityChangeReporter: Compat change id reported: 168419799; UID 1000; state: DISABLED
05-24 10:13:15.542 698 767 D CompatibilityChangeReporter: Compat change id reported: 273564678; UID 1000; state: DISABLED
05-24 10:13:15.572 698 1099 D PackageManager: Instant App installer not found with android.intent.action.INSTALL_INSTANT_APP_PACKAGE
05-24 10:13:15.572 698 1099 D PackageManager: Clear ephemeral installer activity
05-24 10:13:15.606 698 767 I DynamicSystemService: isInstalled(): false
05-24 10:13:15.607 698 1099 D CompatibilityChangeReporter: Compat change id reported: 271850009; UID 10063; state: ENABLED
05-24 10:13:15.614 698 1099 D CompatibilityChangeReporter: Compat change id reported: 253665015; UID 10063; state: ENABLED
05-24 10:13:15.615 698 1099 D CompatibilityChangeReporter: Compat change id reported: 194532703; UID 10063; state: ENABLED
05-24 10:13:15.654 698 730 I ActivityManager: com.android.packageinstaller is exempt from freezer
05-24 10:13:15.654 698 730 D CompatibilityChangeReporter: Compat change id reported: 135634846; UID 10025; state: DISABLED
05-24 10:13:15.655 698 730 D CompatibilityChangeReporter: Compat change id reported: 177438394; UID 10025; state: DISABLED
05-24 10:13:15.655 698 730 D CompatibilityChangeReporter: Compat change id reported: 135772972; UID 10025; state: DISABLED
05-24 10:13:15.655 698 730 D CompatibilityChangeReporter: Compat change id reported: 135754954; UID 10025; state: ENABLED
05-24 10:13:15.656 698 731 D CompatibilityChangeReporter: Compat change id reported: 143937733; UID 10025; state: ENABLED
05-24 10:13:15.685 698 731 I ActivityManager: Start proc 1716:com.android.packageinstaller/u0a25 for broadcast {com.android.packageinstaller/com.android.packageinstaller.TemporaryFileManager}
05-24 10:13:15.722 698 1099 D CompatibilityChangeReporter: Compat change id reported: 168419799; UID 10025; state: DISABLED
05-24 10:13:15.722 698 1099 D CompatibilityChangeReporter: Compat change id reported: 273564678; UID 10025; state: DISABLED
05-24 10:13:15.729 698 775 D CompatibilityChangeReporter: Compat change id reported: 265195908; UID 10025; state: ENABLED
05-24 10:13:15.752 698 1099 D CompatibilityChangeReporter: Compat change id reported: 170503758; UID 10025; state: ENABLED
05-24 10:13:15.800 698 767 W WindowManager: Failed looking up window session=Session{c148d0f 1407:1000} callers=com.android.server.wm.WindowManagerService.windowForClientLocked:6075 com.android.server.wm.Session.updateRequestedVisibleTypes:695 android.view.IWindowSession$Stub.onTransact:1034
05-24 10:13:15.800 698 971 W WindowManager: [addWindow] title:com.dangbei.leard.leradlauncher/com.dangbei.launcher.home.LauncherActivity
05-24 10:13:15.800 698 971 D CompatibilityChangeReporter: Compat change id reported: 168419799; UID 1000; state: DISABLED
05-24 10:13:15.801 698 971 D CompatibilityChangeReporter: Compat change id reported: 273564678; UID 1000; state: DISABLED
05-24 10:13:15.822 1632 1632 W ContextImpl: Calling a method in the system process without a qualified user: android.app.ContextImpl.startService:1899 android.content.ContextWrapper.startService:825 com.cvte.tv.api.TvApiSDKManager.:177 com.cvte.tv.api.TvApiSDKManager.init:217 com.dangbei.rocky.component.system.SystemControlUtils.initSystemAidl:82
05-24 10:13:15.823 698 1082 W ActivityManager: Unable to start service Intent { act=com.cvte.tv.api.TV_API_SERVICE pkg=com.cvte.tv.api.impl } U=0: not found
05-24 10:13:15.824 1632 1632 W ContextImpl: Calling a method in the system process without a qualified user: android.app.ContextImpl.bindService:1988 android.content.ContextWrapper.bindService:861 com.cvte.tv.api.TvApiSDKManager.:178 com.cvte.tv.api.TvApiSDKManager.init:217 com.dangbei.rocky.component.system.SystemControlUtils.initSystemAidl:82
05-24 10:13:15.825 698 1082 W ActivityManager: Unable to start service Intent { act=com.cvte.tv.api.TV_API_SERVICE pkg=com.cvte.tv.api.impl } U=0: not found
05-24 10:13:15.826 1632 1632 W ContextImpl: Calling a method in the system process without a qualified user: android.app.ContextImpl.startService:1899 android.content.ContextWrapper.startService:825 com.cvte.tv.api.TvApiSDKManager.getTvApi:361 com.dangbei.rocky.component.system.SystemControlUtils.initSystemAidl:83 com.dangbei.rocky.component.system.SystemComponent.onAttached:38
05-24 10:13:15.827 698 1082 W ActivityManager: Unable to start service Intent { act=com.cvte.tv.api.TV_API_SERVICE pkg=com.cvte.tv.api.impl } U=0: not found
05-24 10:13:15.827 1632 1632 W ContextImpl: Calling a method in the system process without a qualified user: android.app.ContextImpl.bindService:1988 android.content.ContextWrapper.bindService:861 com.cvte.tv.api.TvApiSDKManager.getTvApi:362 com.dangbei.rocky.component.system.SystemControlUtils.initSystemAidl:83 com.dangbei.rocky.component.system.SystemComponent.onAttached:38
05-24 10:13:15.828 698 971 W ActivityManager: Unable to start service Intent { act=com.cvte.tv.api.TV_API_SERVICE pkg=com.cvte.tv.api.impl } U=0: not found
05-24 10:13:15.830 698 971 D CoreBackPreview: Window{deb0146 u0 com.dangbei.leard.leradlauncher/com.dangbei.launcher.home.LauncherActivity}: Setting back callback OnBackInvokedCallbackInfo{mCallback=android.window.IOnBackInvokedCallback$Stub$Proxy@7fa1415, mPriority=0, mIsAnimationCallback=false}
05-24 10:13:15.840 245 245 I vold : fuse-bpf is enabled because /sys/fs/fuse/features/fuse_bpf reads 'supported'
05-24 10:13:15.840 245 245 I vold : Setting ro.fuse.bpf.is_running to true
05-24 10:13:15.841 245 245 I vold : Configuring read_ahead of /mnt/user/0/emulated fuse filesystem to 256kb
05-24 10:13:15.842 245 245 I vold : Writing 256 to /sys/class/bdi/0:87/read_ahead_kb
05-24 10:13:15.842 245 245 I vold : Configuring max_ratio of /mnt/user/0/emulated fuse filesystem to 40
05-24 10:13:15.842 245 245 I vold : Writing 40 to /sys/class/bdi/0:87/max_ratio
05-24 10:13:15.843 1632 1632 W ContextImpl: Calling a method in the system process without a qualified user: android.app.ContextImpl.startService:1899 android.content.ContextWrapper.startService:825 com.dangbei.phrike.core.DownloadManager.register:294 com.dangbei.component_appcontrol.phrike.XPhrikeAppCreator.register:47 com.dangbei.component_appcontrol.AppControlComponent.onAttached:65
05-24 10:13:15.843 698 811 I StorageManagerService: Mounted volume VolumeInfo{emulated;0}:
05-24 10:13:15.843 698 811 I StorageManagerService: type=EMULATED diskId=null partGuid= mountFlags=PRIMARY|VISIBLE_FOR_WRITE
05-24 10:13:15.843 698 811 I StorageManagerService: mountUserId=0 state=MOUNTED
05-24 10:13:15.843 698 811 I StorageManagerService: fsType=null fsUuid=null fsLabel=null
05-24 10:13:15.843 698 811 I StorageManagerService: path=/storage/emulated internalPath=/data/media
05-24 10:13:15.845 698 811 I StorageSessionController: Notifying volume state changed for session with id: emulated;0
05-24 10:13:15.854 698 730 D CompatibilityChangeReporter: Compat change id reported: 135634846; UID 10067; state: DISABLED
05-24 10:13:15.854 698 730 D CompatibilityChangeReporter: Compat change id reported: 177438394; UID 10067; state: DISABLED
05-24 10:13:15.854 698 730 D CompatibilityChangeReporter: Compat change id reported: 135772972; UID 10067; state: DISABLED
05-24 10:13:15.855 698 730 D CompatibilityChangeReporter: Compat change id reported: 135754954; UID 10067; state: ENABLED
05-24 10:13:15.856 698 731 D CompatibilityChangeReporter: Compat change id reported: 143937733; UID 10067; state: ENABLED
05-24 10:13:15.874 698 811 I StorageSessionController: Notifying volume state changed for session with id: emulated;0
05-24 10:13:15.885 698 811 I StorageSessionController: Notifying volume state changed for session with id: emulated;0
05-24 10:13:15.891 698 731 I ActivityManager: Start proc 1757:com.android.permissioncontroller/u0a67 for broadcast {com.android.permissioncontroller/com.android.permissioncontroller.permission.service.LocationAccessCheck$SetupPeriodicBackgroundLocationAccessCheck}
05-24 10:13:15.897 698 1082 D CompatibilityChangeReporter: Compat change id reported: 261072174; UID 1000; state: ENABLED
05-24 10:13:15.909 698 811 W BroadcastLoopers: Found previously unknown looper Thread[StorageManagerService,5,main]
05-24 10:13:15.911 698 811 D StorageManagerService: Volume emulated;0 broadcasting checking to UserHandle{0}
05-24 10:13:15.912 698 811 D StorageManagerService: Volume emulated;0 broadcasting mounted to UserHandle{0}
05-24 10:13:15.935 698 720 W ContextImpl: Calling a method in the system process without a qualified user: android.app.ContextImpl.startService:1899 com.android.server.wm.DisplayPolicy.lambda$focusChangedLw$5:2126 com.android.server.wm.DisplayPolicy.$r8$lambda$Znxk63oh-WzVnzo_WQefN7uxV48:0 com.android.server.wm.DisplayPolicy$$ExternalSyntheticLambda13.run:0 android.os.Handler.handleCallback:958
05-24 10:13:15.946 698 1082 D CompatibilityChangeReporter: Compat change id reported: 168419799; UID 10067; state: DISABLED
05-24 10:13:15.947 698 1082 D CompatibilityChangeReporter: Compat change id reported: 273564678; UID 10067; state: DISABLED
05-24 10:13:15.950 698 775 D CompatibilityChangeReporter: Compat change id reported: 265195908; UID 10067; state: ENABLED
05-24 10:13:15.969 698 768 D CompatibilityChangeReporter: Compat change id reported: 170503758; UID 10067; state: ENABLED
05-24 10:13:15.971 698 768 D CompatibilityChangeReporter: Compat change id reported: 182734110; UID 10055; state: ENABLED
05-24 10:13:15.985 909 972 V WindowManagerShell: onTransitionReady android.os.BinderProxy@694bed7: {id=1 t=CLOSE f=0x0 trk=0 r=[0@Point(0, 0)] c=[{WCT{android.window.IWindowContainerToken$Stub$Proxy@122b1cf} m=OPEN f=MOVE_TO_TOP leash=Surface(name=Task=26)/@0x6ff8830 sb=Rect(0, 0 - 1920, 1080) eb=Rect(0, 0 - 1920, 1080) d=0},{WCT{android.window.IWindowContainerToken$Stub$Proxy@30cf75c} m=CLOSE f=SHOW_WALLPAPER leash=Surface(name=Task=3)/@0xb6bcca9 sb=Rect(0, 0 - 1920, 1080) eb=Rect(0, 0 - 1920, 1080) d=0}]}
05-24 10:13:15.986 909 972 V WindowManagerShell: Playing animation for (#1)android.os.BinderProxy@694bed7@0
05-24 10:13:15.987 909 972 V WindowManagerShell: try handler com.android.wm.shell.keyguard.KeyguardTransitionHandler@d0b8a65
05-24 10:13:15.987 909 972 V WindowManagerShell: try handler com.android.wm.shell.pip.tv.TvPipTransition@132e33a
05-24 10:13:15.987 909 972 V WindowManagerShell: try handler com.android.wm.shell.activityembedding.ActivityEmbeddingController@cc29beb
05-24 10:13:15.987 909 972 V WindowManagerShell: try handler com.android.wm.shell.transition.RemoteTransitionHandler@d202d48
05-24 10:13:15.987 909 972 V WindowManagerShell: Transition doesn't have explicit remote, search filters for match for {id=1 t=CLOSE f=0x0 trk=0 r=[0@Point(0, 0)] c=[{WCT{android.window.IWindowContainerToken$Stub$Proxy@122b1cf} m=OPEN f=MOVE_TO_TOP leash=Surface(name=Task=26)/@0x6ff8830 sb=Rect(0, 0 - 1920, 1080) eb=Rect(0, 0 - 1920, 1080) d=0},{WCT{android.window.IWindowContainerToken$Stub$Proxy@30cf75c} m=CLOSE f=SHOW_WALLPAPER leash=Surface(name=Task=3)/@0xb6bcca9 sb=Rect(0, 0 - 1920, 1080) eb=Rect(0, 0 - 1920, 1080) d=0}]}
05-24 10:13:15.987 909 972 V WindowManagerShell: Delegate animation for #1 to null
05-24 10:13:15.987 909 972 V WindowManagerShell: try handler com.android.wm.shell.transition.DefaultTransitionHandler@22f67e1
05-24 10:13:15.988 909 972 V WindowManagerShell: start default transition animation, info = {id=1 t=CLOSE f=0x0 trk=0 r=[0@Point(0, 0)] c=[{WCT{android.window.IWindowContainerToken$Stub$Proxy@122b1cf} m=OPEN f=MOVE_TO_TOP leash=Surface(name=Task=26)/@0x6ff8830 sb=Rect(0, 0 - 1920, 1080) eb=Rect(0, 0 - 1920, 1080) d=0},{WCT{android.window.IWindowContainerToken$Stub$Proxy@30cf75c} m=CLOSE f=SHOW_WALLPAPER leash=Surface(name=Task=3)/@0xb6bcca9 sb=Rect(0, 0 - 1920, 1080) eb=Rect(0, 0 - 1920, 1080) d=0}]}
05-24 10:13:15.990 909 972 V WindowManagerShell: loadAnimation: anim=android.view.animation.AlphaAnimation@d59a11d animAttr=0x13 type=CLOSE isEntrance=false
05-24 10:13:15.992 698 719 V WindowManager: Sent Transition #1 createdAt=05-24 10:13:14.191 via request=TransitionRequestInfo { type = 2, triggerTask = TaskInfo{userId=0 taskId=3 displayId=0 isRunning=false baseIntent=Intent { act=android.intent.action.MAIN cat=[android.intent.category.HOME] flg=0x10800100 cmp=com.android.tv.settings/.system.FallbackHome } baseActivity=null topActivity=null origActivity=null realActivity=ComponentInfo{com.android.tv.settings/com.android.tv.settings.system.FallbackHome} numActivities=0 lastActiveTime=21508 supportsMultiWindow=true resizeMode=0 isResizeable=false minWidth=-1 minHeight=-1 defaultMinSize=220 token=WCT{RemoteToken{d8d23a9 Task{2677dad #3 type=home A=1000:com.android.tv.settings}}} topActivityType=2 pictureInPictureParams=null shouldDockBigOverlays=false launchIntoPipHostTaskId=-1 lastParentTaskIdBeforePip=-1 displayCutoutSafeInsets=null topActivityInfo=null launchCookies=[] positionInParent=Point(0, 0) parentTaskId=-1 isFocused=true isVisible=true isVisibleRequested=true isSleeping=false topActivityInSizeCompat=false topActivityEligibleForLetterboxEducation= false isLetterboxDoubleTapEnabled= false topActivityEligibleForUserAspectRatioButton= false topActivityBoundsLetterboxed= false isFromLetterboxDoubleTap= false topActivityLetterboxVerticalPosition= -1 topActivityLetterboxHorizontalPosition= -1 topActivityLetterboxWidth=-1 topActivityLetterboxHeight=-1 isUserFullscreenOverrideEnabled=false isTopActivityTransparent=false locusId=null displayAreaFeatureId=1 cameraCompatControlState=hidden}, remoteTransition = null, displayChange = null, flags = 0 }
05-24 10:13:15.992 698 719 V WindowManager: startWCT=WindowContainerTransaction { changes = {} hops = [] errorCallbackToken=null taskFragmentOrganizer=null }
05-24 10:13:15.994 909 972 V WindowManagerShell: loadAnimation: anim=android.view.animation.AlphaAnimation@6e49d63 animAttr=0x12 type=CLOSE isEntrance=true
05-24 10:13:15.995 909 972 V WindowManagerShell: animated by com.android.wm.shell.transition.DefaultTransitionHandler@22f67e1
05-24 10:13:15.996 698 719 V WindowManager: info={id=1 t=CLOSE f=0x0 trk=0 r=[0@Point(0, 0)] c=[{WCT{RemoteToken{3abdd2e Task{f1656a3 #26 type=home A=1000:com.dangbei.leard.leradlauncher}}} m=OPEN f=MOVE_TO_TOP leash=Surface(name=Task=26)/@0xe4954e2 sb=Rect(0, 0 - 1920, 1080) eb=Rect(0, 0 - 1920, 1080) d=0},{WCT{RemoteToken{d8d23a9 Task{2677dad #3 type=home A=1000:com.android.tv.settings}}} m=CLOSE f=SHOW_WALLPAPER leash=Surface(name=Task=3)/@0x3a399ad sb=Rect(0, 0 - 1920, 1080) eb=Rect(0, 0 - 1920, 1080) d=0}]}
05-24 10:13:16.020 0 0 W [0 T1774 ..] audit: audit_lost=27 audit_rate_limit=5 audit_backlog_limit=64
05-24 10:13:16.029 0 0 E [0 T1774 ..] audit: rate limit exceeded
05-24 10:13:16.020 698 1082 D CoreBackPreview: Window{fa807b7 u0 com.android.tv.settings/com.android.tv.settings.system.FallbackHome}: Setting back callback null
05-24 10:13:16.054 698 1082 D CompatibilityChangeReporter: Compat change id reported: 214016041; UID 1000; state: ENABLED
05-24 10:13:16.055 698 1082 D CompatibilityChangeReporter: Compat change id reported: 214016041; UID 1000; state: DISABLED
05-24 10:13:16.060 698 1082 D CompatibilityChangeReporter: Compat change id reported: 135634846; UID 10039; state: DISABLED
05-24 10:13:16.061 698 731 D CompatibilityChangeReporter: Compat change id reported: 143937733; UID 10039; state: DISABLED
05-24 10:13:16.081 698 731 I ActivityManager: Start proc 1794:com.sohu.inputmethod.sogou.tv/u0a39 for service {com.sohu.inputmethod.sogou.tv/com.sohu.inputmethod.sogou.tv.SogouIME}
05-24 10:13:16.122 698 1082 D CompatibilityChangeReporter: Compat change id reported: 168419799; UID 10039; state: DISABLED
05-24 10:13:16.123 698 1082 D CompatibilityChangeReporter: Compat change id reported: 273564678; UID 10039; state: DISABLED
05-24 10:13:16.131 698 775 D CompatibilityChangeReporter: Compat change id reported: 265195908; UID 10039; state: ENABLED
05-24 10:13:16.166 698 971 D CompatibilityChangeReporter: Compat change id reported: 170503758; UID 10039; state: DISABLED
05-24 10:13:16.182 698 971 E UsbDeviceManager: Usb setCurrentUsbFunctionsCb failed ,functions:1 ,status:1 ,transactionId:6
05-24 10:13:16.182 698 971 I UsbDeviceManager: notifyCurrentFunction request:1 status:1
05-24 10:13:16.347 698 873 D HDMI : [S]: 40:46
05-24 10:13:16.411 909 972 V WindowManagerShell: Transition animation finished (aborted=false), notifying core (#1)android.os.BinderProxy@694bed7@0
05-24 10:13:16.413 698 719 V WindowManager: Finish Transition #1: created at
05-24 10:13:14.191 collect-started=0.1ms request-sent=0.791ms started=50.4ms ready=340.786ms sent=1787.585ms finished=2221.944ms
05-24 10:13:16.422 909 972 V WindowManagerShell: Track 0 became idle
05-24 10:13:16.422 909 972 V WindowManagerShell: All active transition animations finished
05-24 10:13:16.450 0 0 I [3 T432 ..] AidlLazyServiceRegistrar: Process has 0 (of 1 available) client(s) in use after notification apexservice has clients: 0
05-24 10:13:16.452 0 0 I [3 T432 ..] AidlLazyServiceRegistrar: Shutdown prevented by forcePersist override flag.
05-24 10:13:16.462 698 971 W WindowManager: [addWindow] title:InputMethod
05-24 10:13:16.464 698 971 W ActivityTaskManager: Current config: {1.0 ?mcc0mnc [zh_CN] ldltr sw720dp w1280dp h720dp 240dpi xlrg long land television -touch qwerty/v/v dpad/v winConfig={ mBounds=Rect(0, 0 - 1920, 1080) mAppBounds=Rect(0, 0 - 1920, 1080) mMaxBounds=Rect(0, 0 - 1920, 1080) mDisplayRotation=ROTATION_0 mWindowingMode=fullscreen mDisplayWindowingMode=fullscreen mActivityType=undefined mAlwaysOnTop=undefined mRotation=ROTATION_0} s.6 fontWeightAdjustment=0} unchanged for IME proc com.sohu.inputmethod.sogou.tv
05-24 10:13:16.465 698 971 W ActivityTaskManager: Current config: {1.0 ?mcc0mnc [zh_CN] ldltr sw720dp w1280dp h720dp 240dpi xlrg long land television -touch qwerty/v/v dpad/v winConfig={ mBounds=Rect(0, 0 - 1920, 1080) mAppBounds=Rect(0, 0 - 1920, 1080) mMaxBounds=Rect(0, 0 - 1920, 1080) mDisplayRotation=ROTATION_0 mWindowingMode=fullscreen mDisplayWindowingMode=fullscreen mActivityType=undefined mAlwaysOnTop=undefined mRotation=ROTATION_0} s.6 fontWeightAdjustment=0} unchanged for IME proc com.sohu.inputmethod.sogou.tv
05-24 10:13:16.466 1407 1838 W ContextImpl: Calling a method in the system process without a qualified user: android.app.ContextImpl.bindService:1988 android.content.ContextWrapper.bindService:861 ae.b.h:57 ae.b$c.call:3 ce.c$a.run:5
05-24 10:13:16.468 698 1082 D CompatibilityChangeReporter: Compat change id reported: 261072174; UID 1000; state: DISABLED
05-24 10:13:16.479 698 971 D CoreBackPreview: Window{20bcf58 u0 InputMethod}: Setting back callback OnBackInvokedCallbackInfo{mCallback=android.window.IOnBackInvokedCallback$Stub$Proxy@259f7b3, mPriority=0, mIsAnimationCallback=false}
05-24 10:13:16.486 698 768 D CompatibilityChangeReporter: Compat change id reported: 161145287; UID 10039; state: DISABLED
05-24 10:13:16.566 698 730 D CompatibilityChangeReporter: Compat change id reported: 135634846; UID 10018; state: DISABLED
05-24 10:13:16.567 698 730 D CompatibilityChangeReporter: Compat change id reported: 177438394; UID 10018; state: DISABLED
05-24 10:13:16.567 698 730 D CompatibilityChangeReporter: Compat change id reported: 135772972; UID 10018; state: DISABLED
05-24 10:13:16.567 698 730 D CompatibilityChangeReporter: Compat change id reported: 135754954; UID 10018; state: ENABLED
05-24 10:13:16.568 698 731 D CompatibilityChangeReporter: Compat change id reported: 143937733; UID 10018; state: ENABLED
05-24 10:13:16.644 698 767 D CompatibilityChangeReporter: Compat change id reported: 253665015; UID 10067; state: ENABLED
05-24 10:13:16.645 698 767 D CompatibilityChangeReporter: Compat change id reported: 194532703; UID 10067; state: ENABLED
05-24 10:13:16.649 698 731 W ActivityManager: Slow operation: 83ms so far, now at startProcess: returned from zygote!
05-24 10:13:16.649 698 731 W ActivityManager: Slow operation: 83ms so far, now at startProcess: done updating battery stats
05-24 10:13:16.649 698 731 W ActivityManager: Slow operation: 84ms so far, now at startProcess: building log message
05-24 10:13:16.649 698 731 I ActivityManager: Start proc 1861:com.android.providers.calendar/u0a18 for broadcast {com.android.providers.calendar/com.android.providers.calendar.CalendarReceiver}
05-24 10:13:16.649 698 731 W ActivityManager: Slow operation: 84ms so far, now at startProcess: starting to update pids map
05-24 10:13:16.649 698 731 W ActivityManager: Slow operation: 84ms so far, now at startProcess: done updating pids map
05-24 10:13:16.653 698 767 D CompatibilityChangeReporter: Compat change id reported: 168419799; UID 10018; state: DISABLED
05-24 10:13:16.654 698 767 D CompatibilityChangeReporter: Compat change id reported: 273564678; UID 10018; state: DISABLED
05-24 10:13:16.661 698 775 D CompatibilityChangeReporter: Compat change id reported: 265195908; UID 10018; state: ENABLED
05-24 10:13:16.687 698 768 D CompatibilityChangeReporter: Compat change id reported: 170503758; UID 10018; state: ENABLED
05-24 10:13:16.727 698 971 D CompatibilityChangeReporter: Compat change id reported: 149924527; UID 10039; state: ENABLED
05-24 10:13:16.728 698 971 D CompatibilityChangeReporter: Compat change id reported: 132649864; UID 10039; state: DISABLED
05-24 10:13:16.737 698 698 E HdmiCecController: Invalid message received: 04:47
05-24 10:13:16.737 698 698 D HDMI : [R]: 04:47
05-24 10:13:16.744 698 873 D HDMI : [S]: 40:00:47:03
05-24 10:13:16.820 698 768 D CompatibilityChangeReporter: Compat change id reported: 161145287; UID 10018; state: ENABLED
05-24 10:13:16.833 698 730 D CompatibilityChangeReporter: Compat change id reported: 135634846; UID 10026; state: DISABLED
05-24 10:13:16.833 698 730 D CompatibilityChangeReporter: Compat change id reported: 177438394; UID 10026; state: DISABLED
05-24 10:13:16.833 698 730 D CompatibilityChangeReporter: Compat change id reported: 135772972; UID 10026; state: DISABLED
05-24 10:13:16.833 698 730 D CompatibilityChangeReporter: Compat change id reported: 135754954; UID 10026; state: ENABLED
05-24 10:13:16.834 698 731 D CompatibilityChangeReporter: Compat change id reported: 143937733; UID 10026; state: ENABLED
05-24 10:13:16.881 698 768 D CompatibilityChangeReporter: Compat change id reported: 171306433; UID 10018; state: ENABLED
05-24 10:13:16.882 698 768 D CompatibilityChangeReporter: Compat change id reported: 218533173; UID 10018; state: ENABLED
05-24 10:13:16.903 698 768 D CompatibilityChangeReporter: Compat change id reported: 143231523; UID 10018; state: DISABLED
