05-24 10:12:58.209 0 0 I [3 T344 ..] loop11: detected capacity change from 0 to 4320
05-24 10:12:58.210 0 0 I : [2 T345 ..] EXT4-fs (loop8): mounted filesystem without journal. Opts: (null). Quota mode: none.
05-24 10:12:58.212 0 0 I [0 T345 ..] loop12: detected capacity change from 0 to 7024
05-24 10:12:58.212 0 0 I : [2 T346 ..] EXT4-fs (loop9): mounted filesystem without journal. Opts: (null). Quota mode: none.
05-24 10:12:58.214 0 0 I : [2 T344 ..] EXT4-fs (loop11): mounted filesystem without journal. Opts: (null). Quota mode: none.
05-24 10:12:58.214 0 0 I [3 T346 ..] loop13: detected capacity change from 0 to 68064
05-24 10:12:58.216 0 0 I : [2 T345 ..] EXT4-fs (loop12): mounted filesystem without journal. Opts: (null). Quota mode: none.
05-24 10:12:58.218 0 0 I [1 T344 ..] loop14: detected capacity change from 0 to 1048
05-24 10:12:58.218 0 0 I : [0 T347 ..] EXT4-fs (loop10): mounted filesystem without journal. Opts: (null). Quota mode: none.
05-24 10:12:58.218 0 0 I [2 T345 ..] loop15: detected capacity change from 0 to 1616
05-24 10:12:58.220 0 0 I [0 T347 ..] loop16: detected capacity change from 0 to 34880
05-24 10:12:58.221 0 0 I : [3 T346 ..] EXT4-fs (loop13): mounted filesystem without journal. Opts: (null). Quota mode: none.
05-24 10:12:58.223 0 0 I [0 T346 ..] loop17: detected capacity change from 0 to 6248
05-24 10:12:58.224 0 0 I : [2 T345 ..] EXT4-fs (loop15): mounted filesystem without journal. Opts: (null). Quota mode: none.
05-24 10:12:58.225 0 0 I : [0 T347 ..] EXT4-fs (loop16): mounted filesystem without journal. Opts: (null). Quota mode: none.
05-24 10:12:58.227 0 0 I [1 T345 ..] loop18: detected capacity change from 0 to 8888
05-24 10:12:58.227 0 0 I : [3 T346 ..] EXT4-fs (loop17): mounted filesystem without journal. Opts: (null). Quota mode: none.
05-24 10:12:58.227 0 0 I : [2 T344 ..] EXT4-fs (loop14): mounted filesystem without journal. Opts: (null). Quota mode: none.
05-24 10:12:58.228 0 0 I [1 T347 ..] loop19: detected capacity change from 0 to 39832
05-24 10:12:58.230 0 0 I [3 T346 ..] loop20: detected capacity change from 0 to 5656
05-24 10:12:58.232 0 0 I [1 T344 ..] loop21: detected capacity change from 0 to 50632
05-24 10:12:58.238 0 0 I : [2 T293 ..] video_composer_open iminor(inode) =0
05-24 10:12:58.239 0 0 I [2 T293 ..] vc: [0]vd_render_index_get: render_index is 0.
05-24 10:12:58.239 0 0 I [2 T293 ..] vc: [0]get capability: min 64 64; max 4096 2160
05-24 10:12:58.240 0 0 I [0 T345 ..] device-mapper: verity: sha256 using implementation "sha256-ce"
05-24 10:12:58.240 0 0 I : [2 T293 ..] video_composer_open iminor(inode) =1
05-24 10:12:58.242 0 0 I [2 T293 ..] vc: [1]vd_render_index_get: render_index is 1.
05-24 10:12:58.243 0 0 I [2 T293 ..] vc: [1]get capability: min 64 64; max 2048 1080
05-24 10:12:58.244 0 0 I [1 T347 ..] device-mapper: verity: sha256 using implementation "sha256-ce"
05-24 10:12:58.250 0 0 I [2 T293 ..] vc: [0]get capability: min 64 64; max 4096 2160
05-24 10:12:58.250 0 0 I [2 T293 ..] vc: [1]get capability: min 64 64; max 2048 1080
05-24 10:12:58.254 0 0 I [3 T346 ..] device-mapper: verity: sha256 using implementation "sha256-ce"
05-24 10:12:58.263 0 0 I [2 T344 ..] device-mapper: verity: sha256 using implementation "sha256-ce"
05-24 10:12:58.277 0 0 I : [0 T347 ..] EXT4-fs (dm-48): mounted filesystem without journal. Opts: (null). Quota mode: none.
05-24 10:12:58.282 0 0 I [0 T347 ..] loop22: detected capacity change from 0 to 6680
05-24 10:12:58.287 0 0 I : [1 T345 ..] EXT4-fs (dm-49): mounted filesystem without journal. Opts: (null). Quota mode: none.
05-24 10:12:58.290 0 0 I [1 T345 ..] loop23: detected capacity change from 0 to 8568
05-24 10:12:58.292 0 0 I : [3 T344 ..] EXT4-fs (dm-46): mounted filesystem without journal. Opts: (null). Quota mode: none.
05-24 10:12:58.295 0 0 I [3 T344 ..] loop24: detected capacity change from 0 to 16592
05-24 10:12:58.304 0 0 I [1 T347 ..] device-mapper: verity: sha256 using implementation "sha256-ce"
05-24 10:12:58.308 0 0 I [2 T293 ..] [hdmitx: ] avmute_store -1
05-24 10:12:58.309 0 0 I [1 T345 ..] device-mapper: verity: sha256 using implementation "sha256-ce"
05-24 10:12:58.317 0 0 I : [0 T346 ..] EXT4-fs (dm-47): mounted filesystem without journal. Opts: (null). Quota mode: none.
05-24 10:12:58.321 0 0 I [0 T344 ..] device-mapper: verity: sha256 using implementation "sha256-ce"
05-24 10:12:58.325 0 0 I [0 T346 ..] loop25: detected capacity change from 0 to 1512
05-24 10:12:58.338 0 0 I : [1 T347 ..] EXT4-fs (dm-45): mounted filesystem without journal. Opts: (null). Quota mode: none.
05-24 10:12:58.338 0 0 I : [3 T345 ..] EXT4-fs (dm-43): mounted filesystem without journal. Opts: (null). Quota mode: none.
05-24 10:12:58.342 0 0 I [2 T347 ..] loop26: detected capacity change from 0 to 536
05-24 10:12:58.343 0 0 I [1 T345 ..] loop27: detected capacity change from 0 to 6024
05-24 10:12:58.344 0 0 I [0 T346 ..] device-mapper: verity: sha256 using implementation "sha256-ce"
05-24 10:12:58.349 0 0 I : [0 T344 ..] EXT4-fs (dm-40): mounted filesystem without journal. Opts: (null). Quota mode: none.
05-24 10:12:58.357 0 0 I [1 T344 ..] loop28: detected capacity change from 0 to 17432
05-24 10:12:58.368 0 0 I [2 T347 ..] device-mapper: verity: sha256 using implementation "sha256-ce"
05-24 10:12:58.368 0 0 I [1 T345 ..] device-mapper: verity: sha256 using implementation "sha256-ce"
05-24 10:12:58.368 0 0 I : [0 T346 ..] EXT4-fs (dm-36): mounted filesystem without journal. Opts: (null). Quota mode: none.
05-24 10:12:58.379 0 0 I [2 T346 ..] loop29: detected capacity change from 0 to 5920
05-24 10:12:58.380 0 0 I [0 T344 ..] device-mapper: verity: sha256 using implementation "sha256-ce"
05-24 10:12:58.393 0 0 I : [0 T345 ..] EXT4-fs (dm-34): mounted filesystem without journal. Opts: (null). Quota mode: none.
05-24 10:12:58.396 0 0 I [3 T346 ..] device-mapper: verity: sha256 using implementation "sha256-ce"
05-24 10:12:58.400 0 0 I [3 T345 ..] loop30: detected capacity change from 0 to 6496
05-24 10:12:58.401 0 0 I : [3 T347 ..] EXT4-fs (dm-39): mounted filesystem without journal. Opts: (null). Quota mode: none.
05-24 10:12:58.408 0 0 I [3 T347 ..] loop31: detected capacity change from 0 to 49208
05-24 10:12:58.408 0 0 I : [2 T344 ..] EXT4-fs (dm-35): mounted filesystem without journal. Opts: (null). Quota mode: none.
05-24 10:12:58.412 0 0 I [3 T344 ..] loop32: detected capacity change from 0 to 4648
05-24 10:12:58.424 0 0 I : [2 T346 ..] EXT4-fs (dm-33): mounted filesystem without journal. Opts: (null). Quota mode: none.
05-24 10:12:58.426 0 0 I [3 T346 ..] loop33: detected capacity change from 0 to 42104
05-24 10:12:58.428 0 0 I [0 T345 ..] device-mapper: verity: sha256 using implementation "sha256-ce"
05-24 10:12:58.432 0 0 I [3 T347 ..] device-mapper: verity: sha256 using implementation "sha256-ce"
05-24 10:12:58.432 0 0 I [2 T344 ..] device-mapper: verity: sha256 using implementation "sha256-ce"
05-24 10:12:58.442 0 0 I : [0 T345 ..] EXT4-fs (dm-31): mounted filesystem without journal. Opts: (null). Quota mode: none.
05-24 10:12:58.444 0 0 I [1 T345 ..] loop34: detected capacity change from 0 to 536
05-24 10:12:58.456 0 0 I [1 T346 ..] device-mapper: verity: sha256 using implementation "sha256-ce"
05-24 10:12:58.462 0 0 I : [3 T344 ..] EXT4-fs (dm-29): mounted filesystem without journal. Opts: (null). Quota mode: none.
05-24 10:12:58.465 0 0 I [1 T344 ..] loop35: detected capacity change from 0 to 34544
05-24 10:12:58.467 0 0 I : [0 T347 ..] EXT4-fs (dm-30): mounted filesystem without journal. Opts: (null). Quota mode: none.
05-24 10:12:58.470 0 0 I [3 T347 ..] loop36: detected capacity change from 0 to 30080
05-24 10:12:58.471 0 0 I [3 T345 ..] device-mapper: verity: sha256 using implementation "sha256-ce"
05-24 10:12:58.483 0 0 I : [0 T346 ..] EXT4-fs (dm-25): mounted filesystem without journal. Opts: (null). Quota mode: none.
05-24 10:12:58.484 0 0 I [3 T344 ..] device-mapper: verity: sha256 using implementation "sha256-ce"
05-24 10:12:58.488 0 0 I [3 T347 ..] device-mapper: verity: sha256 using implementation "sha256-ce"
05-24 10:12:58.497 0 0 I : [1 T345 ..] EXT4-fs (dm-22): mounted filesystem without journal. Opts: (null). Quota mode: none.
05-24 10:12:58.508 0 0 I : [1 T344 ..] EXT4-fs (dm-24): mounted filesystem without journal. Opts: (null). Quota mode: none.
05-24 10:12:58.515 0 0 I : [3 T347 ..] EXT4-fs (dm-20): mounted filesystem without journal. Opts: (null). Quota mode: none.
05-24 10:12:58.651 249 421 D BootAnimation: BootAnimation::threadLoop
05-24 10:12:58.652 249 421 D BootAnimation: bootVideoProp=50, mConfig=0, mVol=50, mMute=0
05-24 10:12:58.671 249 421 D BootAnimation: BootAnimationShownTiming start time: 6939ms
05-24 10:12:58.742 245 245 D vold : fscrypt_init_user0
05-24 10:12:58.742 245 245 D vold : Preparing: /data/misc/vold/user_keys
05-24 10:12:58.755 0 0 D [2 T441 ..] vdc: Waited 0ms for vold
05-24 10:12:58.748 245 245 D vold : Preparing: /data/misc/vold/user_keys/ce
05-24 10:12:58.749 245 245 D vold : Preparing: /data/misc/vold/user_keys/de
05-24 10:12:58.756 245 245 D vold : Installed fscrypt key with ref 864439359438243d32f10cecc7d7d11a to /data
05-24 10:12:58.756 245 245 D vold : Added fscrypt-provisioning key for 864439359438243d32f10cecc7d7d11a to session keyring
05-24 10:12:58.756 245 245 D vold : Installed de key for user 0
05-24 10:12:58.757 245 245 D vold : Preparing: /data/data
05-24 10:12:58.758 245 245 D vold : Preparing: /data/user/0
05-24 10:12:58.760 245 245 D vold : Preparing: /data/media/obb
05-24 10:12:58.761 245 245 D vold : fscrypt_prepare_user_storage for volume null, user 0, serial 0, flags 1
05-24 10:12:58.761 245 245 D vold : Preparing: /data/system/users/0
05-24 10:12:58.762 245 245 D vold : Preparing: /data/misc/profiles/cur/0
05-24 10:12:58.764 245 245 D vold : Preparing: /data/system_de/0
05-24 10:12:58.766 245 245 I vold : Verified that /data/system_de/0 has the encryption policy 864439359438243d32f10cecc7d7d11a v2 modes 1/4 flags 0xa
05-24 10:12:58.766 245 245 D vold : Preparing: /data/vendor_de/0
05-24 10:12:58.767 245 245 I vold : Verified that /data/vendor_de/0 has the encryption policy 864439359438243d32f10cecc7d7d11a v2 modes 1/4 flags 0xa
05-24 10:12:58.767 245 245 D vold : Preparing: /data/misc_de/0
05-24 10:12:58.768 245 245 I vold : Verified that /data/misc_de/0 has the encryption policy 864439359438243d32f10cecc7d7d11a v2 modes 1/4 flags 0xa
05-24 10:12:58.768 245 245 D vold : Preparing: /data/user_de/0
05-24 10:12:58.769 245 245 I vold : Verified that /data/user_de/0 has the encryption policy 864439359438243d32f10cecc7d7d11a v2 modes 1/4 flags 0xa
05-24 10:12:58.769 245 245 D vold : /system/bin/vold_prepare_subdirs
05-24 10:12:58.769 245 245 D vold : prepare
05-24 10:12:58.769 245 245 D vold :
05-24 10:12:58.769 245 245 D vold : 0
05-24 10:12:58.769 245 245 D vold : 1
05-24 10:12:58.841 245 245 D vold : Detected support for FS_IOC_ADD_ENCRYPTION_KEY
05-24 10:12:58.858 0 0 I [0 T1 ..] selinux: SELinux: Skipping restorecon on directory(/data)
05-24 10:12:58.970 446 446 I odsign : Trying to retrieve existing HMAC key...
05-24 10:12:58.972 446 446 I odsign : Trying to retrieve existing keystore key...
05-24 10:12:58.976 446 446 I odsign : Verified public key signature.
05-24 10:12:58.976 446 446 I odsign : Initialized Keystore key.
05-24 10:12:58.977 446 446 I odsign : Found and verified existing public key certificate: /data/misc/odsign/key.cert
05-24 10:12:59.078 0 0 I [0 T447 ..] fs-verity: sha256 using implementation "sha256-ce"
05-24 10:12:59.115 0 0 W [0 T447 d.] audit_log_start: 2 callbacks suppressed
05-24 10:12:59.115 0 0 W [0 T447 ..] audit: audit_backlog=64 > audit_backlog_limit=64
05-24 10:12:59.116 0 0 W [0 T447 ..] audit: audit_lost=1 audit_rate_limit=0 audit_backlog_limit=64
05-24 10:12:59.117 0 0 E [0 T447 ..] audit: backlog limit exceeded
05-24 10:12:59.109 447 447 I odrefresh: ART APEX version 340090000
05-24 10:12:59.234 447 447 I odrefresh: Boot images on /system OK (arm)
05-24 10:12:59.240 447 447 I odrefresh: system_server artifacts on /system OK
05-24 10:12:59.254 446 446 I odsign : /data/misc/odsign/odsign.info.signature matches.
05-24 10:12:59.255 446 446 I odsign : Loaded /data/misc/odsign/odsign.info
05-24 10:12:59.256 446 446 I odsign : All root hashes match.
05-24 10:12:59.256 446 446 I odsign : odrefresh said artifacts are VALID
05-24 10:12:59.256 446 446 I odsign : On-device signing done.
05-24 10:12:59.256 446 446 I odsign : Metrics report is empty
05-24 10:12:59.279 288 328 I keystore2: system/security/keystore2/src/super_key.rs:330 - keystore.boot_level 1000000000 hits maximum 1000000000, finishing.
05-24 10:12:59.322 0 0 I [3 T449 ..] apexd: Snapshot DE subcommand detected
05-24 10:12:59.324 0 0 I [3 T449 ..] apexd-snapshotde: Marking APEXd as ready
05-24 10:12:59.357 0 0 I [2 T155 ..] [media_sync]: mediasync_policy_manager_init(ffffffc00bd5f000) initiation success.
05-24 10:12:59.373 0 0 I : [1 T155 ..] aml-vcodec-dec vcodec_dec: v4ldec registered as /dev/video26
05-24 10:12:59.519 0 0 I [2 T1 ..] selinux: SELinux: Skipping restorecon on directory(/data/dalvik-cache/arm)
05-24 10:12:59.519 0 0 E [2 T1 ..] selinux: SELinux: Could not stat /data/dalvik-cache/arm64: No such file or directory.
05-24 10:12:59.521 0 0 E [2 T1 ..] selinux: SELinux: Could not stat /data/dalvik-cache/riscv64: No such file or directory.
05-24 10:12:59.522 0 0 E [2 T1 ..] selinux: SELinux: Could not stat /data/dalvik-cache/x86: No such file or directory.
05-24 10:12:59.523 0 0 E [2 T1 ..] selinux: SELinux: Could not stat /data/dalvik-cache/x86_64: No such file or directory.
05-24 10:12:59.533 0 0 I [2 T1 ..] selinux: SELinux: Skipping restorecon on directory(/data/misc/apexdata/com.android.wifi)
05-24 10:12:59.539 0 0 I [2 T155 ..] init: Not setting encryption policy on: /data/media
05-24 10:12:59.583 0 0 D [3 T466 ..] LibBpfLoader: Loading optional ELF object /apex/com.android.tethering/etc/bpf/test.o with license Apache 2.0
05-24 10:12:59.583 0 0 I [3 T466 ..] LibBpfLoader: Section bpfloader_min_ver value is 2 [0x2]
05-24 10:12:59.584 0 0 I [3 T466 ..] LibBpfLoader: Section bpfloader_max_ver value is 25 [0x19]
05-24 10:12:59.585 0 0 D [3 T466 ..] LibBpfLoader: Couldn't find section bpfloader_min_required_ver (defaulting to 0 [0x0]).
05-24 10:12:59.585 0 0 I [3 T466 ..] LibBpfLoader: Section size_of_bpf_map_def value is 120 [0x78]
05-24 10:12:59.586 0 0 I [3 T466 ..] LibBpfLoader: Section size_of_bpf_prog_def value is 92 [0x5c]
05-24 10:12:59.587 0 0 I [3 T466 ..] LibBpfLoader: BpfLoader version 0x00026 ignoring ELF object /apex/com.android.tethering/etc/bpf/test.o with max ver 0x00019
05-24 10:12:59.588 0 0 I [3 T466 ..] bpfloader: Loaded object: /apex/com.android.tethering/etc/bpf/test.o
05-24 10:12:59.592 0 0 D [1 T466 ..] LibBpfLoader: Loading critical for Connectivity (Tethering) ELF object /apex/com.android.tethering/etc/bpf/offload.o with license Apache 2.0
05-24 10:12:59.592 0 0 I [1 T466 ..] LibBpfLoader: Section bpfloader_min_ver value is 2 [0x2]
05-24 10:12:59.596 0 0 I [2 T467 ..] update_verifier: Started with arg 1: nonencrypted
05-24 10:12:59.608 0 0 I [3 T467 ..] update_verifier: Using AIDL version of IBootControl
05-24 10:12:59.610 0 0 I [3 T289 ..] android.hardware.boot-service: sys.boot_completed:
05-24 10:12:59.610 0 0 I [3 T467 ..] update_verifier: Booting slot 1: isSlotMarkedSuccessful=1
05-24 10:12:59.611 0 0 I [3 T467 ..] update_verifier: Leaving update_verifier.
05-24 10:12:59.663 0 0 I : [3 T155 ..] Mass Storage Function, version: 2009/09/11
05-24 10:12:59.663 0 0 I [3 T155 ..] LUN: removable file: (no medium)
05-24 10:12:59.677 0 0 I : [2 T155 ..] file system registered
05-24 10:12:59.691 0 0 W : [3 T155 ..] using random self ethernet address
05-24 10:12:59.691 0 0 W : [3 T155 ..] using random host ethernet address
05-24 10:12:59.838 0 0 W [1 T155 ..] 0: amvdec_vc1 module init
05-24 10:12:59.844 0 0 W [1 T155 ..] 0: amvdec_vc1 module init
05-24 10:12:59.894 0 0 W : [1 T155 ..] amvenc probe, hcodec get reset failed: -2
05-24 10:12:59.982 0 0 E : [2 T155 ..] have register same node[av1-v4l] on decoder before
05-24 10:12:59.992 0 0 I : [0 T155 ..] Registered frame rate driver success.
05-24 10:13:00.241 0 0 W [3 T466 ..] printk: bpfloader: 594 output lines suppressed due to ratelimiting
05-24 10:13:00.304 0 0 W [2 T487 ..] healthd: No battery devices found
05-24 10:13:00.309 0 0 I [0 T508 ..] [pm]: early_suspend_state=0
05-24 10:13:00.365 496 496 I android.hardware.wifi-service.droidlogic: Wifi Hal is booting up...
05-24 10:13:00.371 496 496 I android.hardware.wifi-service.droidlogic: Joining RPC thread pool
05-24 10:13:00.385 0 0 W [1 T487 ..] healthd: battery none chg=
05-24 10:13:00.433 0 0 E [3 T155 ..] map_store: rm default
05-24 10:13:00.434 0 0 E [2 T155 ..] map_store: add default decoder ppmgr deinterlace amvideo
05-24 10:13:00.436 0 0 I [1 T155 ..] [snd-soc]: drc high cut scale set to 0%
05-24 10:13:00.437 0 0 I [0 T155 ..] [snd-soc]: drc low boost scale set to 0%
05-24 10:13:00.441 0 0 I [1 T155 ..] [snd-soc]: drc mode set to RF
05-24 10:13:00.470 0 0 I [1 T87 ..] binder: undelivered transaction 1454, process died.
05-24 10:13:00.478 0 0 I [0 T155 ..] usbcore: registered new interface driver wifi_usb_common
05-24 10:13:00.479 0 0 W : [0 T155 ..] aml_usb_common->
05-24 10:13:00.479 0 0 W : [0 T155 ..] aml_wifi_usb_insmod(138) aml common driver insmod
05-24 10:13:00.481 0 0 W : [0 T155 ..] *****************aml sdio common driver is insmoded********************
05-24 10:13:00.482 0 0 W : [0 T155 ..] aml_wifi_sdio_insmod(279) start...
05-24 10:13:00.569 548 548 I gsid : no DSU: No such file or directory
05-24 10:13:01.161 602 602 I installd: installd firing up
05-24 10:13:01.165 609 609 I wificond: wificond is starting up...
05-24 10:13:01.175 609 609 E HidlServiceManagement: Service android.system.wifi.keystore@1.0::IKeystore/default must be in VINTF manifest in order to register/get.
05-24 10:13:01.175 609 609 I wificond: Did not register wifi keystore HIDL HAL service: -2147483648
05-24 10:13:01.192 608 608 W storaged: health: invalid battery status
05-24 10:13:01.385 0 0 I [0 T634 ..] [hdmitx: ] tee load hdcp key ready: 0x0
05-24 10:13:01.385 0 0 I [0 T634 ..] [hdmitx: ] hdmi ready but hdcp not enabled, enable now
05-24 10:13:01.450 0 0 I [3 T229 ..] servicemanager: Notifying gsiservice they don't (previously: do) have clients when we now have no record of a client
05-24 10:13:01.452 0 0 I [3 T229 ..] servicemanager: Unregistering gsiservice
05-24 10:13:01.452 0 0 I [3 T229 ..] BpBinder: onLastStrongRef automatically unlinking death recipients:
05-24 10:13:01.482 0 0 I [3 T229 ..] servicemanager: Found android.hardware.boot.IBootControl/default in device VINTF manifest.
05-24 10:13:01.725 0 0 I : [1 T79 ..] [TEE] E/TA: parse_keybox:1766 [PROVISION-TA] v1 keybox is no longer supported
05-24 10:13:01.725 0 0 I : [1 T79 ..] [TEE] E/TA: provision_key_store:1996 [PROVISION-TA] parse data failed, res = 0xFFFF000A
05-24 10:13:01.727 0 0 I : [1 T79 ..] [TEE] E/TC:? 00 tee_rpmb_verify_key_sync_counter:1008 Verify key returning 0xffff0008
05-24 10:13:01.728 0 0 I : [1 T79 ..] [TEE] E/TA: hdcp_load_key:962 [HDCP-TA] hdcp_load_key: read hdcp key(hdcp_tx22.bin) ret = 0xFFFF0008
05-24 10:13:01.730 0 0 I : [1 T79 ..] [TEE] E/TC:? 00 tee_rpmb_verify_key_sync_counter:1008 Verify key returning 0xffff0008
05-24 10:13:01.731 0 0 I : [1 T79 ..] [TEE] E/TA: hdcp_load_key:962 [HDCP-TA] hdcp_load_key: read hdcp key(hdcp_tx14.bin) ret = 0xFFFF0008
05-24 10:13:01.821 0 0 I [3 T229 ..] servicemanager: Found android.frameworks.cameraservice.service.ICameraService/default in framework VINTF manifest.
05-24 10:13:01.822 0 0 I [3 T229 ..] servicemanager: Found android.frameworks.cameraservice.service.ICameraService/default in framework VINTF manifest.
05-24 10:13:01.855 471 471 V Zygote32Timing: PreloadResources took to complete: 407ms
05-24 10:13:02.132 0 0 I [3 T482 ..] [hdmitx: ] hdmitx21_audio_mute_op: AUD_MUTE path=0x8000000
05-24 10:13:02.133 0 0 I [3 T482 ..] [hdmitx: ] hdmitx21_ext_set_audio_output enable:0
05-24 10:13:02.153 0 0 I [2 T658 ..] audio_ddr_mngr: frddrs[0] registered by device fe330000.audiobus:tdm@2
05-24 10:13:02.154 0 0 I [2 T658 ..] [snd-soc]: aml_audio_reset, reg 0xa, shift 9, use_vadtop 0
05-24 10:13:02.154 0 0 I [2 T658 ..] [snd-soc]: aml_audio_reset, reg 0xa, shift 14, use_vadtop 0
05-24 10:13:02.155 0 0 I [2 T658 ..] [snd-soc]: hdmitx src switch to spdif 0
05-24 10:13:02.156 0 0 I [2 T658 ..] [snd-soc]: sharebuffer_spdifout_prepare get_hdmitx_audio_src(rtd->card):0 spdif_id:0
05-24 10:13:02.157 0 0 I [2 T658 ..] [hdmitx: ] hdmitx_audio_notify_callback[804] type:1 rate:0 size:0 chs:0 i2s_ch_mask:0 aud_src_if:0
05-24 10:13:02.159 0 0 E [2 T658 ..] [hdmitx: ] *HDMITX_ERROR* audio chn setting, must be 2, 4, 6 or 8, Rst as def
05-24 10:13:02.160 0 0 I [3 T658 ..] [hdmitx: ] aout notify format CT_PCM
05-24 10:13:02.161 0 0 I [3 T658 ..] [hdmitx: ] set audio
05-24 10:13:02.161 0 0 I [3 T658 ..] [hdmitx: ] audio_param->chs = -1
05-24 10:13:02.162 0 0 I [3 T658 ..] [hdmitx: ] aud_src_if = 0
05-24 10:13:02.162 0 0 I [3 T658 ..] [hdmitx: ] aud_n_para = 6144
05-24 10:13:02.163 0 0 I [3 T658 ..] [hdmitx: ] set audio param
05-24 10:13:02.164 0 0 D [3 T658 ..] [snd-soc]: spdif_a fifo ctrl, frddr:0 type:1, 16 bits, chmask 0x3, swap 0x10
05-24 10:13:02.164 0 0 I [3 T658 ..] [hdmitx: ] hdmitx_audio_notify_callback[804] type:1 rate:3 size:1 chs:2 i2s_ch_mask:1 aud_src_if:0
05-24 10:13:02.165 0 0 I [3 T658 ..] [hdmitx: ] aout notify format CT_PCM
05-24 10:13:02.166 0 0 I [3 T658 ..] [hdmitx: ] set audio
05-24 10:13:02.166 0 0 I [3 T658 ..] [hdmitx: ] audio_param->chs = 1
05-24 10:13:02.167 0 0 I [3 T658 ..] [hdmitx: ] aud_src_if = 0
05-24 10:13:02.167 0 0 I [3 T658 ..] [hdmitx: ] aud_n_para = 6144
05-24 10:13:02.168 0 0 I [3 T658 ..] [hdmitx: ] set audio param
05-24 10:13:02.171 0 0 I [1 T79 ..] [snd-codec-t9015]: aml_T9015_audio_set_bias_level
05-24 10:13:02.171 0 0 I [1 T79 ..] [snd-codec-t9015]: aml_T9015_audio_set_bias_level
05-24 10:13:02.173 0 0 D [3 T658 ..] [snd-soc]: spdif_a is set to enable
05-24 10:13:02.158 471 471 V Zygote32Timing: BeginPreload took to complete: 173ms
05-24 10:13:03.333 471 471 V Zygote32Timing: PreloadClasses took to complete: 1175ms
05-24 10:13:03.351 471 471 V Zygote32Timing: CacheNonBootClasspathClassLoaders took to complete: 17ms
05-24 10:13:03.354 471 471 V Zygote32Timing: ZygotePreload took to complete: 1369ms
05-24 10:13:03.520 471 471 V Zygote32Timing: PostZygoteInitGC took to complete: 166ms
05-24 10:13:03.520 471 471 V Zygote32Timing: ZygoteInit took to complete: 2102ms
05-24 10:13:04.060 698 698 D SystemServerTiming: InitBeforeStartServices
05-24 10:13:04.064 698 698 I SystemServer: Entered the Android system server!
05-24 10:13:04.312 698 698 I SystemServerInitThreadPool: Creating instance with 4 threads
05-24 10:13:04.794 698 698 V SystemServerTiming: InitBeforeStartServices took to complete: 734ms
05-24 10:13:04.794 698 698 D SystemServerTiming: StartServices
05-24 10:13:04.794 698 698 D SystemServerTiming: startBootstrapServices
05-24 10:13:04.795 698 698 D SystemServerTiming: ArtModuleServiceInitializer
05-24 10:13:04.796 698 698 V SystemServerTiming: ArtModuleServiceInitializer took to complete: 2ms
05-24 10:13:04.796 698 698 D SystemServerTiming: StartWatchdog
05-24 10:13:04.800 698 698 V SystemServerTiming: StartWatchdog took to complete: 4ms
05-24 10:13:04.800 698 698 I SystemServer: Reading configuration...
05-24 10:13:04.800 698 698 D SystemServerTiming: ReadingSystemConfig
05-24 10:13:04.801 698 698 V SystemServerTiming: ReadingSystemConfig took to complete: 1ms
05-24 10:13:04.801 698 698 D SystemServerTiming: PlatformCompat
05-24 10:13:04.802 698 726 D SystemServerTimingAsync: InitThreadPoolExec:ReadingSystemConfig
05-24 10:13:04.802 698 726 D SystemServerInitThreadPool: Started executing ReadingSystemConfig
05-24 10:13:04.804 698 698 D CompatConfig: Found a config file: /system/etc/compatconfig/TeleService-platform-compat-config.xml
05-24 10:13:04.804 698 726 I SystemConfig: Reading permissions from /system/etc/sysconfig/framework-sysconfig.xml
05-24 10:13:04.804 698 698 D CompatConfig: Adding: com.android.server.compat.config.Change@3dc86f1
05-24 10:13:04.805 698 698 D CompatConfig: Adding: com.android.server.compat.config.Change@56912d6
05-24 10:13:04.805 698 698 D CompatConfig: Adding: com.android.server.compat.config.Change@8fe6957
05-24 10:13:04.805 698 698 D CompatConfig: Adding: com.android.server.compat.config.Change@8b58c44
05-24 10:13:04.805 698 698 D CompatConfig: Adding: com.android.server.compat.config.Change@6a1a12d
05-24 10:13:04.805 698 698 D CompatConfig: Adding: com.android.server.compat.config.Change@7bb8662
05-24 10:13:04.807 698 698 D CompatConfig: Found a config file: /system/etc/compatconfig/calendar-provider-compat-config.xml
05-24 10:13:04.807 698 726 I SystemConfig: Reading permissions from /system/etc/sysconfig/hiddenapi-package-whitelist.xml
05-24 10:13:04.808 698 698 D CompatConfig: Adding: com.android.server.compat.config.Change@3242329
05-24 10:13:04.808 698 698 D CompatConfig: Found a config file: /system/etc/compatconfig/contacts-provider-platform-compat-config.xml
05-24 10:13:04.808 698 726 I SystemConfig: Reading permissions from /system/etc/sysconfig/initial-package-stopped-states.xml
05-24 10:13:04.809 698 698 D CompatConfig: Found a config file: /system/etc/compatconfig/documents-ui-compat-config.xml
05-24 10:13:04.810 698 726 I SystemConfig: Reading permissions from /system/etc/sysconfig/preinstalled-packages-asl-files.xml
05-24 10:13:04.810 698 698 D CompatConfig: Adding: com.android.server.compat.config.Change@6f37fba
05-24 10:13:04.810 698 698 D CompatConfig: Found a config file: /system/etc/compatconfig/framework-platform-compat-config.xml
05-24 10:13:04.811 698 726 I SystemConfig: Reading permissions from /system/etc/sysconfig/preinstalled-packages-com.android.providers.media.module.xml
05-24 10:13:04.812 698 726 I SystemConfig: Reading permissions from /system/etc/sysconfig/preinstalled-packages-platform.xml
05-24 10:13:04.813 698 726 I SystemConfig: Reading permissions from /system/etc/permissions/android.hardware.bluetooth.xml
05-24 10:13:04.814 698 726 I SystemConfig: Reading permissions from /system/etc/permissions/android.hardware.bluetooth_le.xml
05-24 10:13:04.815 698 698 D CompatConfig: Adding: com.android.server.compat.config.Change@7368e74
05-24 10:13:04.815 698 698 D CompatConfig: Adding: com.android.server.compat.config.Change@35a2f9d
05-24 10:13:04.815 698 698 D CompatConfig: Adding: com.android.server.compat.config.Change@8564c12
05-24 10:13:04.815 698 698 D CompatConfig: Adding: com.android.server.compat.config.Change@fd80fe3
05-24 10:13:04.815 698 698 D CompatConfig: Adding: com.android.server.compat.config.Change@681de0
05-24 10:13:04.815 698 698 D CompatConfig: Adding: com.android.server.compat.config.Change@af2899
05-24 10:13:04.815 698 698 D CompatConfig: Adding: com.android.server.compat.config.Change@849175e
05-24 10:13:04.815 698 698 D CompatConfig: Adding: com.android.server.compat.config.Change@cf1c73f
05-24 10:13:04.815 698 698 D CompatConfig: Adding: com.android.server.compat.config.Change@761380c
05-24 10:13:04.815 698 698 D CompatConfig: Adding: com.android.server.compat.config.Change@8c0b555
05-24 10:13:04.815 698 698 D CompatConfig: Adding: com.android.server.compat.config.Change@60b4b6a
05-24 10:13:04.815 698 698 D CompatConfig: Adding: com.android.server.compat.config.Change@1c5985b
05-24 10:13:04.815 698 698 D CompatConfig: Adding: com.android.server.compat.config.Change@b2451d1
05-24 10:13:04.815 698 698 D CompatConfig: Adding: com.android.server.compat.config.Change@80ab436
05-24 10:13:04.815 698 698 D CompatConfig: Adding: com.android.server.compat.config.Change@73b5f37
05-24 10:13:04.815 698 698 D CompatConfig: Adding: com.android.server.compat.config.Change@6d47ca4
05-24 10:13:04.815 698 726 I SystemConfig: Reading permissions from /system/etc/permissions/android.software.webview.xml
05-24 10:13:04.815 698 698 D CompatConfig: Adding: com.android.server.compat.config.Change@14b3a0d
05-24 10:13:04.815 698 698 D CompatConfig: Adding: com.android.server.compat.config.Change@bc5ddc2
05-24 10:13:04.815 698 698 D CompatConfig: Adding: com.android.server.compat.config.Change@2dcb7d3
05-24 10:13:04.815 698 698 D CompatConfig: Adding: com.android.server.compat.config.Change@82ebf10
05-24 10:13:04.815 698 698 D CompatConfig: Adding: com.android.server.compat.config.Change@7e6a09
05-24 10:13:04.815 698 698 D CompatConfig: Adding: com.android.server.compat.config.Change@618140e
05-24 10:13:04.815 698 698 D CompatConfig: Adding: com.android.server.compat.config.Change@f30fe2f
05-24 10:13:04.815 698 698 D CompatConfig: Adding: com.android.server.compat.config.Change@ca8bc3c
05-24 10:13:04.815 698 698 D CompatConfig: Adding: com.android.server.compat.config.Change@f9a9dc5
05-24 10:13:04.815 698 698 D CompatConfig: Adding: com.android.server.compat.config.Change@c45631a
05-24 10:13:04.815 698 698 D CompatConfig: Adding: com.android.server.compat.config.Change@dd94e4b
05-24 10:13:04.815 698 698 D CompatConfig: Adding: com.android.server.compat.config.Change@4636028
05-24 10:13:04.816 698 698 D CompatConfig: Adding: com.android.server.compat.config.Change@c8c5141
05-24 10:13:04.816 698 698 D CompatConfig: Adding: com.android.server.compat.config.Change@1c696e6
05-24 10:13:04.816 698 698 D CompatConfig: Adding: com.android.server.compat.config.Change@f6c8427
05-24 10:13:04.816 698 698 D CompatConfig: Adding: com.android.server.compat.config.Change@ea256d4
05-24 10:13:04.816 698 698 D CompatConfig: Adding: com.android.server.compat.config.Change@d8bc07d
05-24 10:13:04.816 698 698 D CompatConfig: Adding: com.android.server.compat.config.Change@6d53b72
05-24 10:13:04.816 698 698 D CompatConfig: Adding: com.android.server.compat.config.Change@d133bc3
05-24 10:13:04.816 698 698 D CompatConfig: Adding: com.android.server.compat.config.Change@9380c40
05-24 10:13:04.816 698 698 D CompatConfig: Adding: com.android.server.compat.config.Change@a18e779
05-24 10:13:04.816 698 698 D CompatConfig: Adding: com.android.server.compat.config.Change@3b79cbe
05-24 10:13:04.816 698 698 D CompatConfig: Adding: com.android.server.compat.config.Change@fe3d11f
05-24 10:13:04.816 698 698 D CompatConfig: Adding: com.android.server.compat.config.Change@7b78235
05-24 10:13:04.816 698 698 D CompatConfig: Adding: com.android.server.compat.config.Change@cccc6ca
05-24 10:13:04.816 698 698 D CompatConfig: Adding: com.android.server.compat.config.Change@1fe603b
05-24 10:13:04.816 698 698 D CompatConfig: Adding: com.android.server.compat.config.Change@3432358
05-24 10:13:04.816 698 726 I SystemConfig: Reading permissions from /system/etc/permissions/android.test.base.xml
05-24 10:13:04.816 698 698 D CompatConfig: Adding: com.android.server.compat.config.Change@66b0cb1
05-24 10:13:04.816 698 698 D CompatConfig: Adding: com.android.server.compat.config.Change@b588596
05-24 10:13:04.816 698 698 D CompatConfig: Adding: com.android.server.compat.config.Change@568c517
05-24 10:13:04.816 698 698 D CompatConfig: Adding: com.android.server.compat.config.Change@731d04
05-24 10:13:04.816 698 698 D CompatConfig: Adding: com.android.server.compat.config.Change@8f2c2ed
05-24 10:13:04.816 698 698 D CompatConfig: Adding: com.android.server.compat.config.Change@70f6522
05-24 10:13:04.816 698 698 D CompatConfig: Adding: com.android.server.compat.config.Change@caa9bb3
05-24 10:13:04.816 698 698 D CompatConfig: Adding: com.android.server.compat.config.Change@f870570
05-24 10:13:04.816 698 698 D CompatConfig: Adding: com.android.server.compat.config.Change@4c5a0e9
05-24 10:13:04.816 698 698 D CompatConfig: Adding: com.android.server.compat.config.Change@c62b16e
05-24 10:13:04.816 698 698 D CompatConfig: Adding: com.android.server.compat.config.Change@129400f
05-24 10:13:04.816 698 698 D CompatConfig: Adding: com.android.server.compat.config.Change@aaf089c
05-24 10:13:04.816 698 698 D CompatConfig: Adding: com.android.server.compat.config.Change@5ce62a5
05-24 10:13:04.816 698 698 D CompatConfig: Adding: com.android.server.compat.config.Change@b8c767a
05-24 10:13:04.816 698 698 D CompatConfig: Adding: com.android.server.compat.config.Change@343ce2b
05-24 10:13:04.817 698 698 D CompatConfig: Adding: com.android.server.compat.config.Change@cf21288
05-24 10:13:04.817 698 698 D CompatConfig: Adding: com.android.server.compat.config.Change@1e78421
05-24 10:13:04.817 698 698 D CompatConfig: Adding: com.android.server.compat.config.Change@c5b8046
05-24 10:13:04.817 698 698 D CompatConfig: Adding: com.android.server.compat.config.Change@2f2207
05-24 10:13:04.817 698 698 D CompatConfig: Adding: com.android.server.compat.config.Change@8d9cf34
05-24 10:13:04.817 698 698 D CompatConfig: Adding: com.android.server.compat.config.Change@817415d
05-24 10:13:04.817 698 698 D CompatConfig: Adding: com.android.server.compat.config.Change@2bf5ad2
05-24 10:13:04.817 698 698 D CompatConfig: Adding: com.android.server.compat.config.Change@991d7a3
05-24 10:13:04.817 698 698 D CompatConfig: Adding: com.android.server.compat.config.Change@ddeaaa0
05-24 10:13:04.817 698 698 D CompatConfig: Adding: com.android.server.compat.config.Change@78b9659
05-24 10:13:04.817 698 698 D CompatConfig: Adding: com.android.server.compat.config.Change@14521e
05-24 10:13:04.817 698 698 D CompatConfig: Adding: com.android.server.compat.config.Change@ae04aff
05-24 10:13:04.817 698 698 D CompatConfig: Adding: com.android.server.compat.config.Change@893d0cc
05-24 10:13:04.817 698 698 D CompatConfig: Adding: com.android.server.compat.config.Change@a563f15
05-24 10:13:04.817 698 698 D CompatConfig: Adding: com.android.server.compat.config.Change@d2f722a
05-24 10:13:04.817 698 698 D CompatConfig: Adding: com.android.server.compat.config.Change@878981b
05-24 10:13:04.817 698 698 D CompatConfig: Adding: com.android.server.compat.config.Change@9932db8
05-24 10:13:04.817 698 698 D CompatConfig: Adding: com.android.server.compat.config.Change@92a86f6
05-24 10:13:04.817 698 698 D CompatConfig: Adding: com.android.server.compat.config.Change@47e9af7
05-24 10:13:04.817 698 698 D CompatConfig: Adding: com.android.server.compat.config.Change@f296d64
05-24 10:13:04.817 698 698 D CompatConfig: Adding: com.android.server.compat.config.Change@3503bcd
05-24 10:13:04.817 698 698 D CompatConfig: Adding: com.android.server.compat.config.Change@8f01c82
05-24 10:13:04.817 698 726 I SystemConfig: Reading permissions from /system/etc/permissions/android.test.mock.xml
05-24 10:13:04.817 698 698 D CompatConfig: Adding: com.android.server.compat.config.Change@577ef93
05-24 10:13:04.817 698 698 D CompatConfig: Adding: com.android.server.compat.config.Change@dc1fbd0
05-24 10:13:04.817 698 698 D CompatConfig: Adding: com.android.server.compat.config.Change@931c7c9
05-24 10:13:04.817 698 698 D CompatConfig: Adding: com.android.server.compat.config.Change@3877ece
05-24 10:13:04.817 698 698 D CompatConfig: Adding: com.android.server.compat.config.Change@aa7f1ef
05-24 10:13:04.817 698 698 D CompatConfig: Adding: com.android.server.compat.config.Change@31304fc
05-24 10:13:04.817 698 698 D CompatConfig: Adding: com.android.server.compat.config.Change@1861785
05-24 10:13:04.817 698 698 D CompatConfig: Adding: com.android.server.compat.config.Change@720b9da
05-24 10:13:04.817 698 698 D CompatConfig: Adding: com.android.server.compat.config.Change@a2bbe0b
05-24 10:13:04.817 698 698 D CompatConfig: Adding: com.android.server.compat.config.Change@974e8
05-24 10:13:04.817 698 698 D CompatConfig: Adding: com.android.server.compat.config.Change@915a701
05-24 10:13:04.817 698 698 D CompatConfig: Adding: com.android.server.compat.config.Change@2e099a6
05-24 10:13:04.817 698 698 D CompatConfig: Adding: com.android.server.compat.config.Change@4d62fe7
05-24 10:13:04.818 698 698 D CompatConfig: Adding: com.android.server.compat.config.Change@574f794
05-24 10:13:04.818 698 698 D CompatConfig: Adding: com.android.server.compat.config.Change@6b4b23d
05-24 10:13:04.818 698 698 D CompatConfig: Adding: com.android.server.compat.config.Change@16caa32
05-24 10:13:04.818 698 698 D CompatConfig: Adding: com.android.server.compat.config.Change@bcbe383
05-24 10:13:04.818 698 698 D CompatConfig: Adding: com.android.server.compat.config.Change@f73f900
05-24 10:13:04.818 698 698 D CompatConfig: Adding: com.android.server.compat.config.Change@3f3539
05-24 10:13:04.818 698 698 D CompatConfig: Adding: com.android.server.compat.config.Change@37377e
05-24 10:13:04.818 698 698 D CompatConfig: Adding: com.android.server.compat.config.Change@3df34df
05-24 10:13:04.818 698 698 D CompatConfig: Adding: com.android.server.compat.config.Change@b9fa52c
05-24 10:13:04.818 698 698 D CompatConfig: Adding: com.android.server.compat.config.Change@354ebf5
05-24 10:13:04.818 698 698 D CompatConfig: Adding: com.android.server.compat.config.Change@f8b4d8a
05-24 10:13:04.818 698 698 D CompatConfig: Adding: com.android.server.compat.config.Change@2ac3ffb
05-24 10:13:04.818 698 698 D CompatConfig: Adding: com.android.server.compat.config.Change@dd55271
05-24 10:13:04.818 698 698 D CompatConfig: Adding: com.android.server.compat.config.Change@758b856
05-24 10:13:04.818 698 698 D CompatConfig: Adding: com.android.server.compat.config.Change@174e0d7
05-24 10:13:04.818 698 698 D CompatConfig: Adding: com.android.server.compat.config.Change@88f6dc4
05-24 10:13:04.818 698 726 I SystemConfig: Reading permissions from /system/etc/permissions/android.test.runner.xml
05-24 10:13:04.818 698 698 D CompatConfig: Adding: com.android.server.compat.config.Change@21ba4ad
05-24 10:13:04.818 698 698 D CompatConfig: Adding: com.android.server.compat.config.Change@cc003e2
05-24 10:13:04.818 698 698 D CompatConfig: Adding: com.android.server.compat.config.Change@1bcb373
05-24 10:13:04.818 698 698 D CompatConfig: Adding: com.android.server.compat.config.Change@9f7a230
05-24 10:13:04.818 698 698 D CompatConfig: Adding: com.android.server.compat.config.Change@2fadea9
05-24 10:13:04.818 698 698 D CompatConfig: Adding: com.android.server.compat.config.Change@45e7c2e
05-24 10:13:04.818 698 698 D CompatConfig: Adding: com.android.server.compat.config.Change@fa513cf
05-24 10:13:04.818 698 698 D CompatConfig: Adding: com.android.server.compat.config.Change@66cb15c
05-24 10:13:04.818 698 698 D CompatConfig: Adding: com.android.server.compat.config.Change@379bc65
05-24 10:13:04.818 698 698 D CompatConfig: Adding: com.android.server.compat.config.Change@d5a2d3a
05-24 10:13:04.818 698 698 D CompatConfig: Adding: com.android.server.compat.config.Change@e091deb
05-24 10:13:04.818 698 698 D CompatConfig: Adding: com.android.server.compat.config.Change@fc18748
05-24 10:13:04.818 698 698 D CompatConfig: Adding: com.android.server.compat.config.Change@64eb9e1
05-24 10:13:04.818 698 698 D CompatConfig: Adding: com.android.server.compat.config.Change@12de306
05-24 10:13:04.818 698 698 D CompatConfig: Adding: com.android.server.compat.config.Change@859adc7
05-24 10:13:04.818 698 698 D CompatConfig: Adding: com.android.server.compat.config.Change@bcff4
05-24 10:13:04.818 698 698 D CompatConfig: Adding: com.android.server.compat.config.Change@91c131d
05-24 10:13:04.818 698 698 D CompatConfig: Adding: com.android.server.compat.config.Change@4352992
05-24 10:13:04.818 698 698 D CompatConfig: Adding: com.android.server.compat.config.Change@6395f63
05-24 10:13:04.819 698 698 D CompatConfig: Found a config file: /system/etc/compatconfig/icu4j-platform-compat-config.xml
05-24 10:13:04.820 698 698 D CompatConfig: Adding: com.android.server.compat.config.Change@76bc419
05-24 10:13:04.820 698 726 I SystemConfig: Reading permissions from /system/etc/permissions/com.android.adservices.sdksandbox.xml
05-24 10:13:04.820 698 698 D CompatConfig: Found a config file: /system/etc/compatconfig/services-platform-compat-config.xml
05-24 10:13:04.821 698 726 I SystemConfig: Reading permissions from /system/etc/permissions/com.android.future.usb.accessory.xml
05-24 10:13:04.822 698 726 I SystemConfig: Reading permissions from /system/etc/permissions/com.android.intentresolver.xml
05-24 10:13:04.823 698 698 D CompatConfig: Adding: com.android.server.compat.config.Change@83858ea
05-24 10:13:04.823 698 698 D CompatConfig: Adding: com.android.server.compat.config.Change@895278
05-24 10:13:04.824 698 698 D CompatConfig: Adding: com.android.server.compat.config.Change@268dd51
05-24 10:13:04.824 698 726 I SystemConfig: Reading permissions from /system/etc/permissions/com.android.location.provider.xml
05-24 10:13:04.824 698 698 D CompatConfig: Adding: com.android.server.compat.config.Change@7bb19b6
05-24 10:13:04.824 698 698 D CompatConfig: Adding: com.android.server.compat.config.Change@54396b7
05-24 10:13:04.824 698 698 D CompatConfig: Adding: com.android.server.compat.config.Change@e3d1e24
05-24 10:13:04.824 698 698 D CompatConfig: Adding: com.android.server.compat.config.Change@30cfd8d
05-24 10:13:04.824 698 698 D CompatConfig: Adding: com.android.server.compat.config.Change@9d71b42
05-24 10:13:04.824 698 698 D CompatConfig: Adding: com.android.server.compat.config.Change@1f0e753
05-24 10:13:04.824 698 698 D CompatConfig: Adding: com.android.server.compat.config.Change@73ff890
05-24 10:13:04.824 698 698 D CompatConfig: Adding: com.android.server.compat.config.Change@358e589
05-24 10:13:04.824 698 698 D CompatConfig: Adding: com.android.server.compat.config.Change@3bfa98e
05-24 10:13:04.824 698 698 D CompatConfig: Adding: com.android.server.compat.config.Change@18a5af
05-24 10:13:04.824 698 698 D CompatConfig: Adding: com.android.server.compat.config.Change@1540dbc
05-24 10:13:04.824 698 698 D CompatConfig: Adding: com.android.server.compat.config.Change@8615145
05-24 10:13:04.824 698 698 D CompatConfig: Adding: com.android.server.compat.config.Change@890d09a
05-24 10:13:04.824 698 698 D CompatConfig: Adding: com.android.server.compat.config.Change@653edcb
05-24 10:13:04.824 698 698 D CompatConfig: Adding: com.android.server.compat.config.Change@a3249a8
05-24 10:13:04.824 698 698 D CompatConfig: Adding: com.android.server.compat.config.Change@9cabcc1
05-24 10:13:04.824 698 698 D CompatConfig: Adding: com.android.server.compat.config.Change@f1b5c66
05-24 10:13:04.824 698 698 D CompatConfig: Adding: com.android.server.compat.config.Change@1b19ba7
05-24 10:13:04.824 698 698 D CompatConfig: Adding: com.android.server.compat.config.Change@365854
05-24 10:13:04.824 698 698 D CompatConfig: Adding: com.android.server.compat.config.Change@b0563fd
05-24 10:13:04.824 698 698 D CompatConfig: Adding: com.android.server.compat.config.Change@870d8f2
05-24 10:13:04.824 698 698 D CompatConfig: Adding: com.android.server.compat.config.Change@7524b43
05-24 10:13:04.824 698 698 D CompatConfig: Adding: com.android.server.compat.config.Change@9caa5c0
05-24 10:13:04.824 698 698 D CompatConfig: Adding: com.android.server.compat.config.Change@32f923e
05-24 10:13:04.824 698 698 D CompatConfig: Adding: com.android.server.compat.config.Change@3c4589f
05-24 10:13:04.824 698 698 D CompatConfig: Adding: com.android.server.compat.config.Change@7945dec
05-24 10:13:04.824 698 698 D CompatConfig: Adding: com.android.server.compat.config.Change@f5215b5
05-24 10:13:04.824 698 726 I SystemConfig: Reading permissions from /system/etc/permissions/com.android.media.remotedisplay.xml
05-24 10:13:04.824 698 698 D CompatConfig: Adding: com.android.server.compat.config.Change@78e944a
05-24 10:13:04.825 698 698 D CompatConfig: Adding: com.android.server.compat.config.Change@41fdfbb
05-24 10:13:04.825 698 698 D CompatConfig: Adding: com.android.server.compat.config.Change@d5f6cd8
05-24 10:13:04.825 698 698 D CompatConfig: Adding: com.android.server.compat.config.Change@bdb5831
05-24 10:13:04.825 698 698 D CompatConfig: Adding: com.android.server.compat.config.Change@829ab16
05-24 10:13:04.825 698 698 D CompatConfig: Adding: com.android.server.compat.config.Change@4e2bc97
05-24 10:13:04.825 698 698 D CompatConfig: Adding: com.android.server.compat.config.Change@dca7e84
05-24 10:13:04.825 698 698 D CompatConfig: Adding: com.android.server.compat.config.Change@fdc466d
05-24 10:13:04.825 698 698 D CompatConfig: Adding: com.android.server.compat.config.Change@38d62a2
05-24 10:13:04.825 698 698 D CompatConfig: Adding: com.android.server.compat.config.Change@28c8b33
05-24 10:13:04.825 698 698 D CompatConfig: Adding: com.android.server.compat.config.Change@4b2fef0
05-24 10:13:04.825 698 698 D CompatConfig: Adding: com.android.server.compat.config.Change@783dc69
05-24 10:13:04.825 698 698 D CompatConfig: Adding: com.android.server.compat.config.Change@28306ee
05-24 10:13:04.825 698 698 D CompatConfig: Adding: com.android.server.compat.config.Change@7faa78f
05-24 10:13:04.825 698 698 D CompatConfig: Adding: com.android.server.compat.config.Change@c611a1c
05-24 10:13:04.825 698 698 D CompatConfig: Adding: com.android.server.compat.config.Change@8f4d625
05-24 10:13:04.825 698 698 D CompatConfig: Adding: com.android.server.compat.config.Change@f1ca3fa
05-24 10:13:04.825 698 698 D CompatConfig: Adding: com.android.server.compat.config.Change@6842dab
05-24 10:13:04.825 698 698 D CompatConfig: Adding: com.android.server.compat.config.Change@973bc08
05-24 10:13:04.825 698 698 D CompatConfig: Adding: com.android.server.compat.config.Change@fc1afa1
05-24 10:13:04.825 698 698 D CompatConfig: Adding: com.android.server.compat.config.Change@8105c6
05-24 10:13:04.825 698 698 D CompatConfig: Adding: com.android.server.compat.config.Change@3d5f987
05-24 10:13:04.825 698 698 D CompatConfig: Adding: com.android.server.compat.config.Change@98c90b4
05-24 10:13:04.825 698 698 D CompatConfig: Adding: com.android.server.compat.config.Change@428a4dd
05-24 10:13:04.825 698 698 D CompatConfig: Adding: com.android.server.compat.config.Change@777b852
05-24 10:13:04.825 698 726 I SystemConfig: Reading permissions from /system/etc/permissions/com.android.media.tv.remoteprovider.xml
05-24 10:13:04.825 698 698 D CompatConfig: Adding: com.android.server.compat.config.Change@bc0420
05-24 10:13:04.825 698 698 D CompatConfig: Adding: com.android.server.compat.config.Change@a0fb1d9
05-24 10:13:04.825 698 698 D CompatConfig: Adding: com.android.server.compat.config.Change@7b5079e
05-24 10:13:04.825 698 698 D CompatConfig: Adding: com.android.server.compat.config.Change@29a927f
05-24 10:13:04.825 698 698 D CompatConfig: Adding: com.android.server.compat.config.Change@1ad424c
05-24 10:13:04.825 698 698 D CompatConfig: Adding: com.android.server.compat.config.Change@3c09295
05-24 10:13:04.825 698 698 D CompatConfig: Adding: com.android.server.compat.config.Change@9e5ffaa
05-24 10:13:04.826 698 698 D CompatConfig: Adding: com.android.server.compat.config.Change@24fd79b
05-24 10:13:04.826 698 698 D CompatConfig: Adding: com.android.server.compat.config.Change@c923738
05-24 10:13:04.826 698 698 D CompatConfig: Adding: com.android.server.compat.config.Change@464c311
05-24 10:13:04.826 698 698 D CompatConfig: Adding: com.android.server.compat.config.Change@27c6c76
05-24 10:13:04.826 698 698 D CompatConfig: Adding: com.android.server.compat.config.Change@14a5277
05-24 10:13:04.826 698 698 D CompatConfig: Adding: com.android.server.compat.config.Change@cf8ee4
05-24 10:13:04.826 698 698 D CompatConfig: Adding: com.android.server.compat.config.Change@e417f4d
05-24 10:13:04.826 698 698 D CompatConfig: Adding: com.android.server.compat.config.Change@93ada02
05-24 10:13:04.826 698 698 D CompatConfig: Adding: com.android.server.compat.config.Change@c079f13
05-24 10:13:04.826 698 698 D CompatConfig: Adding: com.android.server.compat.config.Change@d68b550
05-24 10:13:04.826 698 698 D CompatConfig: Adding: com.android.server.compat.config.Change@8b3c349
05-24 10:13:04.826 698 698 D CompatConfig: Adding: com.android.server.compat.config.Change@d80944e
05-24 10:13:04.826 698 698 D CompatConfig: Adding: com.android.server.compat.config.Change@f43196f
05-24 10:13:04.826 698 698 D CompatConfig: Adding: com.android.server.compat.config.Change@c2bd67c
05-24 10:13:04.826 698 698 D CompatConfig: Adding: com.android.server.compat.config.Change@9ec4b05
05-24 10:13:04.826 698 698 D CompatConfig: Adding: com.android.server.compat.config.Change@355a75a
05-24 10:13:04.826 698 698 D CompatConfig: Adding: com.android.server.compat.config.Change@e11dd8b
05-24 10:13:04.826 698 698 D CompatConfig: Adding: com.android.server.compat.config.Change@39dde68
05-24 10:13:04.826 698 698 D CompatConfig: Adding: com.android.server.compat.config.Change@6b9281
05-24 10:13:04.826 698 698 D CompatConfig: Adding: com.android.server.compat.config.Change@536df26
05-24 10:13:04.826 698 698 D CompatConfig: Adding: com.android.server.compat.config.Change@dbec767
05-24 10:13:04.826 698 698 D CompatConfig: Adding: com.android.server.compat.config.Change@ba67914
05-24 10:13:04.826 698 698 D CompatConfig: Adding: com.android.server.compat.config.Change@83dd5bd
05-24 10:13:04.826 698 698 D CompatConfig: Adding: com.android.server.compat.config.Change@3667303
05-24 10:13:04.826 698 698 D CompatConfig: Adding: com.android.server.compat.config.Change@fc1280
05-24 10:13:04.826 698 698 D CompatConfig: Adding: com.android.server.compat.config.Change@7f710b9
05-24 10:13:04.826 698 726 I SystemConfig: Reading permissions from /system/etc/permissions/com.android.mediadrm.signer.xml
05-24 10:13:04.827 698 698 D CompatConfig: No directory /system/system_ext/etc/compatconfig, skipping
05-24 10:13:04.828 698 698 D ApexManagerTiming: getActiveApexInfos_noCache
05-24 10:13:04.841 0 0 I [0 T229 ..] servicemanager: Notifying apexservice they do (previously: don't) have clients when service is guaranteed to be in use
05-24 10:13:04.842 0 0 I [3 T433 ..] AidlLazyServiceRegistrar: Process has 1 (of 1 available) client(s) in use after notification apexservice has clients: 1
05-24 10:13:04.843 0 0 I [0 T432 ..] apexd: getActivePackages received by ApexService
