05-24 10:39:46.561 0 0 W : [1 T1038 ..] [cmd_complete 65] cmd tkn[100] flags:0000 result: -4 cmd: 105-MM_SYNC_TRACE - reqcfm( 0-none)
05-24 10:39:49.885 0 0 W : [2 T293 .s] [SP FRAME TX] arp req,vif_idx:0 sender:[1c:79:2d:20:62:97 192.168.3.167]receiver:[00:00:00:00:00:00 192.168.3.105]
05-24 10:39:49.950 0 0 W : [2 T1044 ..] [SP FRAME RX] arp req,vif_idx:0 sender:[02:91:37:fc:9e:f6 192.168.3.105]receiver:[00:00:00:00:00:00 192.168.3.167]
05-24 10:39:49.951 0 0 W : [2 T1044 ..] [SP FRAME TX] arp rsp,vif_idx:0 sender:[1c:79:2d:20:62:97 192.168.3.167]receiver:[02:91:37:fc:9e:f6 192.168.3.105]
05-24 10:39:50.045 0 0 W : [2 T1044 ..] [SP FRAME RX] arp rsp,vif_idx:0 sender:[02:91:37:fc:9e:f6 192.168.3.105]receiver:[1c:79:2d:20:62:97 192.168.3.167]
05-24 10:39:50.770 0 0 W : [0 T609 ..] [aml_cfg80211_scan 1812] n_channels:36,iftype:2
05-24 10:39:50.770 0 0 W : [0 T609 ..] [aml_send_scanu_req 2532] vif:0
05-24 10:39:50.771 0 0 W : [0 T609 ..] [aml_send_scanu_req 2563] len:4 ssid:DZNB
05-24 10:39:50.771 0 0 W : [0 T609 ..] >>> aml_send_msg()
05-24 10:39:50.773 0 0 W : [1 T1038 ..] ipc_sdio_host_msgack_handler 00000000dae8efa2
05-24 10:39:50.773 0 0 W : [1 T1038 ..] [aml_msgackind 2038] msg ack hostid=0xffffff808f340500
05-24 10:39:50.774 0 0 W : [1 T1038 ..] [cmd_mgr_llind 329] cmd tkn[101] flags:0008 result: -4 cmd:4096-SCANU_START_REQ - reqcfm( 0-none)
05-24 10:39:50.776 0 0 W : [1 T1038 ..] [cmd_complete 65] cmd tkn[101] flags:0000 result: -4 cmd:4096-SCANU_START_REQ - reqcfm( 0-none)
05-24 10:39:50.852 0 0 W : [2 T1044 ..] [aml_scan_rx 1505] scanres_payload_buf overflow, flush
05-24 10:39:51.875 0 0 W : [1 T1044 ..] [SP FRAME RX] arp req,vif_idx:0 sender:[02:18:5d:1c:ad:fa 192.168.3.19]receiver:[00:00:00:00:00:00 192.168.3.167]
05-24 10:39:51.877 0 0 W : [1 T1044 ..] [SP FRAME TX] arp rsp,vif_idx:0 sender:[1c:79:2d:20:62:97 192.168.3.167]receiver:[02:18:5d:1c:ad:fa 192.168.3.19]
05-24 10:39:51.933 0 0 W : [0 T0 .s] [SP FRAME TX] arp req,vif_idx:0 sender:[1c:79:2d:20:62:97 192.168.3.167]receiver:[00:00:00:00:00:00 192.168.3.19]
05-24 10:39:52.072 0 0 W : [3 T1044 ..] [SP FRAME RX] arp rsp,vif_idx:0 sender:[02:18:5d:1c:ad:fa 192.168.3.19]receiver:[1c:79:2d:20:62:97 192.168.3.167]
05-24 10:39:52.922 0 0 W : [3 T1044 ..] [SP FRAME RX] arp req,vif_idx:0 sender:[2e:6a:3b:b3:ad:e6 192.168.3.15]receiver:[00:00:00:00:00:00 192.168.3.167]
05-24 10:39:52.923 0 0 W : [3 T1044 ..] [SP FRAME TX] arp rsp,vif_idx:0 sender:[1c:79:2d:20:62:97 192.168.3.167]receiver:[2e:6a:3b:b3:ad:e6 192.168.3.15]
05-24 10:39:52.957 0 0 W : [2 T0 .s] [SP FRAME TX] arp req,vif_idx:0 sender:[1c:79:2d:20:62:97 192.168.3.167]receiver:[00:00:00:00:00:00 192.168.3.15]
05-24 10:39:53.066 0 0 W : [0 T1044 ..] [SP FRAME RX] arp rsp,vif_idx:0 sender:[2e:6a:3b:b3:ad:e6 192.168.3.15]receiver:[1c:79:2d:20:62:97 192.168.3.167]
05-24 10:39:54.381 0 0 W : [3 T1044 ..] [aml_scan_rx 1505] scanres_payload_buf overflow, flush
05-24 10:39:54.579 0 0 W : [0 T1038 ..] >>> aml_rx_scanu_start_cfm()
05-24 10:39:57.589 0 0 W : [0 T1044 ..] [SP FRAME RX] arp req,vif_idx:0 sender:[3a:fd:3d:ee:5f:54 192.168.3.118]receiver:[00:00:00:00:00:00 192.168.3.167]
05-24 10:39:57.590 0 0 W : [0 T1044 ..] [SP FRAME TX] arp rsp,vif_idx:0 sender:[1c:79:2d:20:62:97 192.168.3.167]receiver:[3a:fd:3d:ee:5f:54 192.168.3.118]
05-24 10:39:57.821 0 0 W : [3 T1398 .s] [SP FRAME TX] arp req,vif_idx:0 sender:[1c:79:2d:20:62:97 192.168.3.167]receiver:[00:00:00:00:00:00 192.168.3.118]
05-24 10:39:57.835 0 0 W : [2 T1044 ..] [SP FRAME RX] arp rsp,vif_idx:0 sender:[3a:fd:3d:ee:5f:54 192.168.3.118]receiver:[1c:79:2d:20:62:97 192.168.3.167]
05-24 10:39:58.333 0 0 W : [0 T0 .s] [SP FRAME TX] arp req,vif_idx:0 sender:[1c:79:2d:20:62:97 192.168.3.167]receiver:[00:00:00:00:00:00 192.168.3.162]
05-24 10:39:58.337 0 0 W : [2 T1044 ..] [SP FRAME RX] arp req,vif_idx:0 sender:[a6:8b:d2:cd:fe:9a 192.168.3.162]receiver:[00:00:00:00:00:00 192.168.3.167]
05-24 10:39:58.338 0 0 W : [2 T1044 ..] [SP FRAME TX] arp rsp,vif_idx:0 sender:[1c:79:2d:20:62:97 192.168.3.167]receiver:[a6:8b:d2:cd:fe:9a 192.168.3.162]
05-24 10:39:58.347 0 0 W : [2 T1044 ..] [SP FRAME RX] arp rsp,vif_idx:0 sender:[a6:8b:d2:cd:fe:9a 192.168.3.162]receiver:[1c:79:2d:20:62:97 192.168.3.167]
05-24 10:39:58.537 0 0 W : [0 T1044 ..] [SP FRAME RX] arp req,vif_idx:0 sender:[4a:2e:8f:95:e9:0d 192.168.3.107]receiver:[00:00:00:00:00:00 192.168.3.167]
05-24 10:39:58.538 0 0 W : [0 T1044 ..] [SP FRAME TX] arp rsp,vif_idx:0 sender:[1c:79:2d:20:62:97 192.168.3.167]receiver:[4a:2e:8f:95:e9:0d 192.168.3.107]
05-24 10:39:58.593 0 0 W : [1 T1323 .s] [SP FRAME TX] arp req,vif_idx:0 sender:[1c:79:2d:20:62:97 192.168.3.167]receiver:[00:00:00:00:00:00 192.168.3.107]
05-24 10:39:58.598 0 0 W : [2 T1044 ..] [SP FRAME RX] arp rsp,vif_idx:0 sender:[4a:2e:8f:95:e9:0d 192.168.3.107]receiver:[1c:79:2d:20:62:97 192.168.3.167]
05-24 10:39:58.664 0 0 W : [2 T1044 ..] [SP FRAME RX] arp req,vif_idx:0 sender:[b4:2f:03:15:e9:0b 192.168.3.11]receiver:[00:00:00:00:00:00 192.168.3.167]
05-24 10:39:58.665 0 0 W : [2 T1044 ..] [SP FRAME TX] arp rsp,vif_idx:0 sender:[1c:79:2d:20:62:97 192.168.3.167]receiver:[b4:2f:03:15:e9:0b 192.168.3.11]
05-24 10:39:58.845 0 0 W : [2 T0 .s] [SP FRAME TX] arp req,vif_idx:0 sender:[1c:79:2d:20:62:97 192.168.3.167]receiver:[00:00:00:00:00:00 192.168.3.11]
05-24 10:39:58.846 0 0 W : [2 T0 .s] [SP FRAME TX] arp req,vif_idx:0 sender:[1c:79:2d:20:62:97 192.168.3.167]receiver:[00:00:00:00:00:00 192.168.3.226]
05-24 10:39:58.850 0 0 W : [0 T1044 ..] [SP FRAME RX] arp rsp,vif_idx:0 sender:[b4:2f:03:15:e9:0b 192.168.3.11]receiver:[1c:79:2d:20:62:97 192.168.3.167]
05-24 10:39:58.860 0 0 W : [0 T1044 ..] [SP FRAME RX] arp rsp,vif_idx:0 sender:[42:87:91:b7:6d:20 192.168.3.226]receiver:[1c:79:2d:20:62:97 192.168.3.167]
05-24 10:39:58.959 0 0 W : [0 T1044 ..] [SP FRAME RX] arp req,vif_idx:0 sender:[42:87:91:b7:6d:20 192.168.3.226]receiver:[00:00:00:00:00:00 192.168.3.167]
05-24 10:39:58.960 0 0 W : [0 T1044 ..] [SP FRAME TX] arp rsp,vif_idx:0 sender:[1c:79:2d:20:62:97 192.168.3.167]receiver:[42:87:91:b7:6d:20 192.168.3.226]
05-24 10:40:02.564 0 0 W : [3 T1044 ..] [SP FRAME RX] arp req,vif_idx:0 sender:[4e:df:ee:48:4b:63 192.168.3.151]receiver:[00:00:00:00:00:00 192.168.3.167]
05-24 10:40:02.565 0 0 W : [3 T1044 ..] [SP FRAME TX] arp rsp,vif_idx:0 sender:[1c:79:2d:20:62:97 192.168.3.167]receiver:[4e:df:ee:48:4b:63 192.168.3.151]
05-24 10:40:02.685 0 0 W : [3 T0 .s] [SP FRAME TX] arp req,vif_idx:0 sender:[1c:79:2d:20:62:97 192.168.3.167]receiver:[00:00:00:00:00:00 192.168.3.151]
05-24 10:40:02.689 0 0 W : [2 T1044 ..] [SP FRAME RX] arp rsp,vif_idx:0 sender:[4e:df:ee:48:4b:63 192.168.3.151]receiver:[1c:79:2d:20:62:97 192.168.3.167]
05-24 10:40:08.553 698 698 D HDMI : [R]: 04:83
05-24 10:40:08.554 698 698 D HDMI : addCecDevice new:CEC: logical_address: 0x00 device_type: 0 cec_version: 5 vendor_id: 16777215 display_name: TV power_status: -1 physical_address: 0xFFFF port_id: -1 old:null
05-24 10:40:08.555 698 698 D HdmiControlService: Switching to full volume behavior
05-24 10:40:08.556 698 873 D HDMI : [S]: 4F:84:30:00:04
05-24 10:40:08.783 698 698 D HDMI : [R]: 04:8C
05-24 10:40:08.785 698 873 D HDMI : [S]: 4F:87:1C:A4:10
05-24 10:40:09.015 698 698 D HDMI : [R]: 04:46
05-24 10:40:09.017 698 873 D HDMI : [S]: 40:47
05-24 10:40:04.088 0 0 W : [0 T1044 ..] [SP FRAME RX] arp req,vif_idx:0 sender:[86:c4:12:e3:5b:28 192.168.3.161]receiver:[00:00:00:00:00:00 192.168.3.167]
05-24 10:40:04.089 0 0 W : [0 T1044 ..] [SP FRAME TX] arp rsp,vif_idx:0 sender:[1c:79:2d:20:62:97 192.168.3.167]receiver:[86:c4:12:e3:5b:28 192.168.3.161]
05-24 10:40:04.211 0 0 W : [0 T1044 ..] [SP FRAME RX] arp req,vif_idx:0 sender:[02:91:37:fc:9e:f6 192.168.3.105]receiver:[00:00:00:00:00:00 192.168.3.167]
05-24 10:40:04.212 0 0 W : [0 T1044 ..] [SP FRAME TX] arp rsp,vif_idx:0 sender:[1c:79:2d:20:62:97 192.168.3.167]receiver:[02:91:37:fc:9e:f6 192.168.3.105]
05-24 10:40:04.221 0 0 W : [2 T1398 .s] [SP FRAME TX] arp req,vif_idx:0 sender:[1c:79:2d:20:62:97 192.168.3.167]receiver:[00:00:00:00:00:00 192.168.3.176]
05-24 10:40:04.222 0 0 W : [2 T1398 .s] [SP FRAME TX] arp req,vif_idx:0 sender:[1c:79:2d:20:62:97 192.168.3.167]receiver:[00:00:00:00:00:00 192.168.3.161]
05-24 10:40:04.223 0 0 W : [2 T1398 .s] [SP FRAME TX] arp req,vif_idx:0 sender:[1c:79:2d:20:62:97 192.168.3.167]receiver:[00:00:00:00:00:00 192.168.3.68]
05-24 10:40:04.225 0 0 W : [2 T1044 ..] [SP FRAME RX] arp rsp,vif_idx:0 sender:[16:8e:6e:17:dc:41 192.168.3.176]receiver:[1c:79:2d:20:62:97 192.168.3.167]
05-24 10:40:04.227 0 0 W : [2 T1044 ..] [SP FRAME RX] arp rsp,vif_idx:0 sender:[86:c4:12:e3:5b:28 192.168.3.161]receiver:[1c:79:2d:20:62:97 192.168.3.167]
05-24 10:40:04.230 0 0 W : [2 T1044 ..] [SP FRAME RX] arp rsp,vif_idx:0 sender:[4c:6b:b8:99:ce:34 192.168.3.68]receiver:[1c:79:2d:20:62:97 192.168.3.167]
05-24 10:40:04.316 0 0 W : [2 T1044 ..] [SP FRAME RX] arp req,vif_idx:0 sender:[4c:6b:b8:99:ce:34 192.168.3.68]receiver:[00:00:00:00:00:00 192.168.3.167]
05-24 10:40:04.317 0 0 W : [2 T1044 ..] [SP FRAME TX] arp rsp,vif_idx:0 sender:[1c:79:2d:20:62:97 192.168.3.167]receiver:[4c:6b:b8:99:ce:34 192.168.3.68]
05-24 10:40:04.324 0 0 W : [2 T1044 ..] [SP FRAME RX] arp req,vif_idx:0 sender:[16:8e:6e:17:dc:41 192.168.3.176]receiver:[00:00:00:00:00:00 192.168.3.167]
05-24 10:40:04.325 0 0 W : [2 T1044 ..] [SP FRAME TX] arp rsp,vif_idx:0 sender:[1c:79:2d:20:62:97 192.168.3.167]receiver:[16:8e:6e:17:dc:41 192.168.3.176]
05-24 10:40:09.054 0 0 W : [2 T1044 ..] [SP FRAME RX] arp req,vif_idx:0 sender:[02:39:74:ce:e1:36 192.168.3.44]receiver:[00:00:00:00:00:00 192.168.3.167]
05-24 10:40:09.055 0 0 W : [2 T1044 ..] [SP FRAME TX] arp rsp,vif_idx:0 sender:[1c:79:2d:20:62:97 192.168.3.167]receiver:[02:39:74:ce:e1:36 192.168.3.44]
05-24 10:40:09.085 0 0 W : [1 T293 .s] [SP FRAME TX] arp req,vif_idx:0 sender:[1c:79:2d:20:62:97 192.168.3.167]receiver:[00:00:00:00:00:00 192.168.3.44]
05-24 10:40:09.098 0 0 W : [2 T1044 ..] [SP FRAME RX] arp rsp,vif_idx:0 sender:[02:39:74:ce:e1:36 192.168.3.44]receiver:[1c:79:2d:20:62:97 192.168.3.167]
05-24 10:40:22.015 1398 1633 W ContextImpl: Calling a method in the system process without a qualified user: android.app.ContextImpl.sendBroadcast:1220 android.content.ContextWrapper.sendBroadcast:504 com.dangbei.etna.setting.core.SettingHelper.sendCycleToProjector:247 com.dangbei.etna.setting.core.SettingHelper.sendCycleCheckBroadcast:216 com.dangbei.etna.setting.core.SettingHelper.startLoop$lambda-0:174
05-24 10:40:22.019 1398 1633 W ContextImpl: Calling a method in the system process without a qualified user: android.app.ContextImpl.sendBroadcast:1220 android.content.ContextWrapper.sendBroadcast:504 com.dangbei.etna.setting.core.SettingHelper.sendCycleToVoice:232 com.dangbei.etna.setting.core.SettingHelper.sendCycleCheckBroadcast:217 com.dangbei.etna.setting.core.SettingHelper.startLoop$lambda-0:174
05-24 10:40:21.889 0 0 W : [2 T0 .s] [SP FRAME TX] arp req,vif_idx:0 sender:[1c:79:2d:20:62:97 192.168.3.167]receiver:[00:00:00:00:00:00 192.168.3.105]
05-24 10:40:21.986 0 0 W : [0 T1044 ..] [SP FRAME RX] arp req,vif_idx:0 sender:[02:91:37:fc:9e:f6 192.168.3.105]receiver:[00:00:00:00:00:00 192.168.3.167]
05-24 10:40:21.987 0 0 W : [0 T1044 ..] [SP FRAME TX] arp rsp,vif_idx:0 sender:[1c:79:2d:20:62:97 192.168.3.167]receiver:[02:91:37:fc:9e:f6 192.168.3.105]
05-24 10:40:22.004 0 0 W : [0 T1044 ..] [SP FRAME RX] arp rsp,vif_idx:0 sender:[02:91:37:fc:9e:f6 192.168.3.105]receiver:[1c:79:2d:20:62:97 192.168.3.167]
05-24 10:40:23.933 0 0 W : [1 T0 .s] [SP FRAME TX] arp req,vif_idx:0 sender:[1c:79:2d:20:62:97 192.168.3.167]receiver:[00:00:00:00:00:00 192.168.3.19]
05-24 10:40:23.940 0 0 W : [2 T1044 ..] [SP FRAME RX] arp req,vif_idx:0 sender:[02:18:5d:1c:ad:fa 192.168.3.19]receiver:[00:00:00:00:00:00 192.168.3.167]
05-24 10:40:23.941 0 0 W : [2 T1044 ..] [SP FRAME TX] arp rsp,vif_idx:0 sender:[1c:79:2d:20:62:97 192.168.3.167]receiver:[02:18:5d:1c:ad:fa 192.168.3.19]
05-24 10:40:23.943 0 0 W : [2 T1044 ..] [SP FRAME RX] arp rsp,vif_idx:0 sender:[02:18:5d:1c:ad:fa 192.168.3.19]receiver:[1c:79:2d:20:62:97 192.168.3.167]
05-24 10:40:24.716 0 0 W : [3 T609 ..] [aml_cfg80211_scan 1812] n_channels:36,iftype:2
05-24 10:40:24.716 0 0 W : [3 T609 ..] [aml_send_scanu_req 2532] vif:0
05-24 10:40:24.716 0 0 W : [3 T609 ..] [aml_send_scanu_req 2563] len:4 ssid:DZNB
05-24 10:40:24.717 0 0 W : [3 T609 ..] >>> aml_send_msg()
05-24 10:40:24.719 0 0 W : [1 T1038 ..] ipc_sdio_host_msgack_handler 00000000b0c05272
05-24 10:40:24.719 0 0 W : [1 T1038 ..] [aml_msgackind 2038] msg ack hostid=0xffffff808f7e5900
05-24 10:40:24.720 0 0 W : [1 T1038 ..] [cmd_mgr_llind 329] cmd tkn[102] flags:0008 result: -4 cmd:4096-SCANU_START_REQ - reqcfm( 0-none)
05-24 10:40:24.722 0 0 W : [1 T1038 ..] [cmd_complete 65] cmd tkn[102] flags:0000 result: -4 cmd:4096-SCANU_START_REQ - reqcfm( 0-none)
05-24 10:40:24.875 0 0 W : [2 T1044 ..] [SP FRAME RX] arp req,vif_idx:0 sender:[2e:6a:3b:b3:ad:e6 192.168.3.15]receiver:[00:00:00:00:00:00 192.168.3.167]
05-24 10:40:24.876 0 0 W : [2 T1044 ..] [SP FRAME TX] arp rsp,vif_idx:0 sender:[1c:79:2d:20:62:97 192.168.3.167]receiver:[2e:6a:3b:b3:ad:e6 192.168.3.15]
05-24 10:40:24.961 0 0 W : [2 T0 .s] [SP FRAME TX] arp req,vif_idx:0 sender:[1c:79:2d:20:62:97 192.168.3.167]receiver:[00:00:00:00:00:00 192.168.3.15]
05-24 10:40:25.265 0 0 W : [1 T1044 ..] [SP FRAME RX] arp rsp,vif_idx:0 sender:[2e:6a:3b:b3:ad:e6 192.168.3.15]receiver:[1c:79:2d:20:62:97 192.168.3.167]
05-24 10:40:25.957 0 0 W : [1 T1044 ..] [aml_scan_rx 1505] scanres_payload_buf overflow, flush
05-24 10:40:28.519 0 0 W : [2 T1038 ..] >>> aml_rx_scanu_start_cfm()
05-24 10:40:29.569 0 0 W : [0 T2245 .s] [SP FRAME TX] arp req,vif_idx:0 sender:[1c:79:2d:20:62:97 192.168.3.167]receiver:[00:00:00:00:00:00 192.168.3.118]
05-24 10:40:29.611 0 0 W : [2 T1044 ..] [SP FRAME RX] arp req,vif_idx:0 sender:[3a:fd:3d:ee:5f:54 192.168.3.118]receiver:[00:00:00:00:00:00 192.168.3.167]
05-24 10:40:29.612 0 0 W : [2 T1044 ..] [SP FRAME TX] arp rsp,vif_idx:0 sender:[1c:79:2d:20:62:97 192.168.3.167]receiver:[3a:fd:3d:ee:5f:54 192.168.3.118]
05-24 10:40:29.626 0 0 W : [2 T1044 ..] [SP FRAME RX] arp rsp,vif_idx:0 sender:[3a:fd:3d:ee:5f:54 192.168.3.118]receiver:[1c:79:2d:20:62:97 192.168.3.167]
05-24 10:40:30.321 0 0 W : [3 T1044 ..] [SP FRAME RX] arp req,vif_idx:0 sender:[a6:8b:d2:cd:fe:9a 192.168.3.162]receiver:[00:00:00:00:00:00 192.168.3.167]
05-24 10:40:30.322 0 0 W : [3 T1044 ..] [SP FRAME TX] arp rsp,vif_idx:0 sender:[1c:79:2d:20:62:97 192.168.3.167]receiver:[a6:8b:d2:cd:fe:9a 192.168.3.162]
05-24 10:40:30.337 0 0 W : [1 T0 .s] [SP FRAME TX] arp req,vif_idx:0 sender:[1c:79:2d:20:62:97 192.168.3.167]receiver:[00:00:00:00:00:00 192.168.3.162]
05-24 10:40:30.341 0 0 W : [3 T1044 ..] [SP FRAME RX] arp rsp,vif_idx:0 sender:[a6:8b:d2:cd:fe:9a 192.168.3.162]receiver:[1c:79:2d:20:62:97 192.168.3.167]
05-24 10:40:30.546 0 0 W : [1 T1044 ..] [SP FRAME RX] arp req,vif_idx:0 sender:[4a:2e:8f:95:e9:0d 192.168.3.107]receiver:[00:00:00:00:00:00 192.168.3.167]
05-24 10:40:30.547 0 0 W : [1 T1044 ..] [SP FRAME TX] arp rsp,vif_idx:0 sender:[1c:79:2d:20:62:97 192.168.3.167]receiver:[4a:2e:8f:95:e9:0d 192.168.3.107]
05-24 10:40:30.589 0 0 W : [2 T0 .s] [SP FRAME TX] arp req,vif_idx:0 sender:[1c:79:2d:20:62:97 192.168.3.167]receiver:[00:00:00:00:00:00 192.168.3.107]
05-24 10:40:30.600 0 0 W : [1 T1044 ..] [SP FRAME RX] arp rsp,vif_idx:0 sender:[4a:2e:8f:95:e9:0d 192.168.3.107]receiver:[1c:79:2d:20:62:97 192.168.3.167]
05-24 10:40:30.663 0 0 W : [1 T1044 ..] [SP FRAME RX] arp req,vif_idx:0 sender:[b4:2f:03:15:e9:0b 192.168.3.11]receiver:[00:00:00:00:00:00 192.168.3.167]
05-24 10:40:30.664 0 0 W : [1 T1044 ..] [SP FRAME TX] arp rsp,vif_idx:0 sender:[1c:79:2d:20:62:97 192.168.3.167]receiver:[b4:2f:03:15:e9:0b 192.168.3.11]
05-24 10:40:30.845 0 0 W : [2 T0 .s] [SP FRAME TX] arp req,vif_idx:0 sender:[1c:79:2d:20:62:97 192.168.3.167]receiver:[00:00:00:00:00:00 192.168.3.11]
05-24 10:40:30.849 0 0 W : [1 T0 .s] [SP FRAME TX] arp req,vif_idx:0 sender:[1c:79:2d:20:62:97 192.168.3.167]receiver:[00:00:00:00:00:00 192.168.3.226]
05-24 10:40:30.852 0 0 W : [1 T1044 ..] [SP FRAME RX] arp rsp,vif_idx:0 sender:[42:87:91:b7:6d:20 192.168.3.226]receiver:[1c:79:2d:20:62:97 192.168.3.167]
05-24 10:40:30.855 0 0 W : [1 T1044 ..] [SP FRAME RX] arp rsp,vif_idx:0 sender:[b4:2f:03:15:e9:0b 192.168.3.11]receiver:[1c:79:2d:20:62:97 192.168.3.167]
05-24 10:40:30.954 0 0 W : [1 T1044 ..] [SP FRAME RX] arp req,vif_idx:0 sender:[42:87:91:b7:6d:20 192.168.3.226]receiver:[00:00:00:00:00:00 192.168.3.167]
05-24 10:40:30.955 0 0 W : [1 T1044 ..] [SP FRAME TX] arp rsp,vif_idx:0 sender:[1c:79:2d:20:62:97 192.168.3.167]receiver:[42:87:91:b7:6d:20 192.168.3.226]
05-24 10:40:39.493 698 698 D HDMI : [R]: 04:83
05-24 10:40:39.494 698 873 D HDMI : [S]: 4F:84:30:00:04
05-24 10:40:39.722 698 698 D HDMI : [R]: 04:8C
05-24 10:40:39.723 698 873 D HDMI : [S]: 4F:87:1C:A4:10
05-24 10:40:39.952 698 698 D HDMI : [R]: 04:46
05-24 10:40:39.952 698 873 D HDMI : [S]: 40:47
05-24 10:40:40.048 698 698 V HotPlugDetectionAction: Poll all devices.
05-24 10:40:34.533 0 0 W : [3 T1044 ..] [SP FRAME RX] arp req,vif_idx:0 sender:[4e:df:ee:48:4b:63 192.168.3.151]receiver:[00:00:00:00:00:00 192.168.3.167]
05-24 10:40:34.534 0 0 W : [3 T1044 ..] [SP FRAME TX] arp rsp,vif_idx:0 sender:[1c:79:2d:20:62:97 192.168.3.167]receiver:[4e:df:ee:48:4b:63 192.168.3.151]
05-24 10:40:34.685 0 0 W : [0 T0 .s] [SP FRAME TX] arp req,vif_idx:0 sender:[1c:79:2d:20:62:97 192.168.3.167]receiver:[00:00:00:00:00:00 192.168.3.151]
05-24 10:40:34.691 0 0 W : [3 T1044 ..] [SP FRAME RX] arp rsp,vif_idx:0 sender:[4e:df:ee:48:4b:63 192.168.3.151]receiver:[1c:79:2d:20:62:97 192.168.3.167]
05-24 10:40:36.067 0 0 W : [3 T1044 ..] [SP FRAME RX] arp req,vif_idx:0 sender:[16:8e:6e:17:dc:41 192.168.3.176]receiver:[00:00:00:00:00:00 192.168.3.167]
05-24 10:40:36.068 0 0 W : [3 T1044 ..] [SP FRAME TX] arp rsp,vif_idx:0 sender:[1c:79:2d:20:62:97 192.168.3.167]receiver:[16:8e:6e:17:dc:41 192.168.3.176]
05-24 10:40:36.070 0 0 W : [0 T1044 ..] [SP FRAME RX] arp req,vif_idx:0 sender:[4c:6b:b8:99:ce:34 192.168.3.68]receiver:[00:00:00:00:00:00 192.168.3.167]
05-24 10:40:36.071 0 0 W : [0 T1044 ..] [SP FRAME TX] arp rsp,vif_idx:0 sender:[1c:79:2d:20:62:97 192.168.3.167]receiver:[4c:6b:b8:99:ce:34 192.168.3.68]
05-24 10:40:41.747 698 698 D HdmiCecController: [P]:AllocatedAddress=[0]
05-24 10:40:41.747 698 698 I HDMI : Add device by hot-plug detection:0
05-24 10:40:41.747 698 873 D HDMI : [S]: 40:83
05-24 10:40:36.098 0 0 W : [2 T1044 ..] [SP FRAME RX] arp req,vif_idx:0 sender:[86:c4:12:e3:5b:28 192.168.3.161]receiver:[00:00:00:00:00:00 192.168.3.167]
05-24 10:40:36.099 0 0 W : [2 T1044 ..] [SP FRAME TX] arp rsp,vif_idx:0 sender:[1c:79:2d:20:62:97 192.168.3.167]receiver:[86:c4:12:e3:5b:28 192.168.3.161]
05-24 10:40:36.206 0 0 W : [2 T1044 ..] [SP FRAME RX] arp req,vif_idx:0 sender:[02:91:37:fc:9e:f6 192.168.3.105]receiver:[00:00:00:00:00:00 192.168.3.167]
05-24 10:40:36.207 0 0 W : [2 T1044 ..] [SP FRAME TX] arp rsp,vif_idx:0 sender:[1c:79:2d:20:62:97 192.168.3.167]receiver:[02:91:37:fc:9e:f6 192.168.3.105]
05-24 10:40:36.221 0 0 W : [3 T1398 .s] [SP FRAME TX] arp req,vif_idx:0 sender:[1c:79:2d:20:62:97 192.168.3.167]receiver:[00:00:00:00:00:00 192.168.3.176]
05-24 10:40:36.222 0 0 W : [3 T1398 .s] [SP FRAME TX] arp req,vif_idx:0 sender:[1c:79:2d:20:62:97 192.168.3.167]receiver:[00:00:00:00:00:00 192.168.3.161]
05-24 10:40:36.224 0 0 W : [3 T1398 .s] [SP FRAME TX] arp req,vif_idx:0 sender:[1c:79:2d:20:62:97 192.168.3.167]receiver:[00:00:00:00:00:00 192.168.3.68]
05-24 10:40:36.228 0 0 W : [2 T1044 ..] [SP FRAME RX] arp rsp,vif_idx:0 sender:[86:c4:12:e3:5b:28 192.168.3.161]receiver:[1c:79:2d:20:62:97 192.168.3.167]
05-24 10:40:36.232 0 0 W : [2 T1044 ..] [SP FRAME RX] arp rsp,vif_idx:0 sender:[16:8e:6e:17:dc:41 192.168.3.176]receiver:[1c:79:2d:20:62:97 192.168.3.167]
05-24 10:40:36.233 0 0 W : [2 T1044 ..] [SP FRAME RX] arp rsp,vif_idx:0 sender:[4c:6b:b8:99:ce:34 192.168.3.68]receiver:[1c:79:2d:20:62:97 192.168.3.167]
05-24 10:40:42.250 698 698 D HDMI : [R]: 0F:84:00:00:00
05-24 10:40:42.254 698 698 D HDMI : addCecDevice new:CEC: logical_address: 0x00 device_type: 0 cec_version: 5 vendor_id: 16777215 display_name: TV power_status: -1 physical_address: 0x0000 port_id: -1 old:CEC: logical_address: 0x00 device_type: 0 cec_version: 5 vendor_id: 16777215 display_name: TV power_status: -1 physical_address: 0xFFFF port_id: -1
05-24 10:40:42.255 698 698 D HdmiControlService: Switching to full volume behavior
05-24 10:40:42.256 698 873 D HDMI : [S]: 40:46
05-24 10:40:42.722 698 698 E HdmiCecController: Invalid message received: 04:47
05-24 10:40:42.722 698 698 D HDMI : [R]: 04:47
05-24 10:40:42.722 698 873 D HDMI : [S]: 40:00:47:03
05-24 10:40:43.103 698 698 D HDMI : [R]: 04:00:00:00
05-24 10:40:43.104 698 698 W HDMI : [5]:Unhandled cec command: 04:00:00:00
05-24 10:40:47.997 0 0 W : [0 T4677 ..] [aml_send_sync_trace 4388] sync token[54502]
05-24 10:40:47.997 0 0 W : [0 T4677 ..] >>> aml_send_msg()
05-24 10:40:47.998 0 0 W : [0 T1038 ..] ipc_sdio_host_msgack_handler 00000000340dcce0
05-24 10:40:47.998 0 0 W : [0 T1038 ..] [aml_msgackind 2038] msg ack hostid=0xffffff805bd78780
05-24 10:40:48.000 0 0 W : [0 T1038 ..] [cmd_mgr_llind 329] cmd tkn[103] flags:0008 result: -4 cmd: 105-MM_SYNC_TRACE - reqcfm( 0-none)
05-24 10:40:48.001 0 0 W : [0 T1038 ..] [cmd_complete 65] cmd tkn[103] flags:0000 result: -4 cmd: 105-MM_SYNC_TRACE - reqcfm( 0-none)
05-24 10:40:53.885 0 0 W : [0 T0 .s] [SP FRAME TX] arp req,vif_idx:0 sender:[1c:79:2d:20:62:97 192.168.3.167]receiver:[00:00:00:00:00:00 192.168.3.105]
05-24 10:40:53.897 0 0 W : [2 T1044 ..] [SP FRAME RX] arp req,vif_idx:0 sender:[02:91:37:fc:9e:f6 192.168.3.105]receiver:[00:00:00:00:00:00 192.168.3.167]
05-24 10:40:53.898 0 0 W : [2 T1044 ..] [SP FRAME TX] arp rsp,vif_idx:0 sender:[1c:79:2d:20:62:97 192.168.3.167]receiver:[02:91:37:fc:9e:f6 192.168.3.105]
05-24 10:40:53.981 0 0 W : [2 T1044 ..] [SP FRAME RX] arp rsp,vif_idx:0 sender:[02:91:37:fc:9e:f6 192.168.3.105]receiver:[1c:79:2d:20:62:97 192.168.3.167]
05-24 10:40:55.881 0 0 W : [0 T1044 ..] [SP FRAME RX] arp req,vif_idx:0 sender:[02:18:5d:1c:ad:fa 192.168.3.19]receiver:[00:00:00:00:00:00 192.168.3.167]
05-24 10:40:55.882 0 0 W : [0 T1044 ..] [SP FRAME TX] arp rsp,vif_idx:0 sender:[1c:79:2d:20:62:97 192.168.3.167]receiver:[02:18:5d:1c:ad:fa 192.168.3.19]
05-24 10:40:55.933 0 0 W : [3 T1398 .s] [SP FRAME TX] arp req,vif_idx:0 sender:[1c:79:2d:20:62:97 192.168.3.167]receiver:[00:00:00:00:00:00 192.168.3.19]
05-24 10:40:55.941 0 0 W : [0 T1044 ..] [SP FRAME RX] arp rsp,vif_idx:0 sender:[02:18:5d:1c:ad:fa 192.168.3.19]receiver:[1c:79:2d:20:62:97 192.168.3.167]
05-24 10:40:56.957 0 0 W : [1 T0 .s] [SP FRAME TX] arp req,vif_idx:0 sender:[1c:79:2d:20:62:97 192.168.3.167]receiver:[00:00:00:00:00:00 192.168.3.15]
05-24 10:40:56.961 0 0 W : [2 T1044 ..] [SP FRAME RX] arp rsp,vif_idx:0 sender:[2e:6a:3b:b3:ad:e6 192.168.3.15]receiver:[1c:79:2d:20:62:97 192.168.3.167]
05-24 10:40:57.135 0 0 W : [2 T1044 ..] [SP FRAME RX] arp req,vif_idx:0 sender:[2e:6a:3b:b3:ad:e6 192.168.3.15]receiver:[00:00:00:00:00:00 192.168.3.167]
05-24 10:40:57.136 0 0 W : [2 T1044 ..] [SP FRAME TX] arp rsp,vif_idx:0 sender:[1c:79:2d:20:62:97 192.168.3.167]receiver:[2e:6a:3b:b3:ad:e6 192.168.3.15]
05-24 10:40:58.664 0 0 W : [2 T609 ..] [aml_cfg80211_scan 1812] n_channels:36,iftype:2
05-24 10:40:58.664 0 0 W : [2 T609 ..] [aml_send_scanu_req 2532] vif:0
05-24 10:40:58.664 0 0 W : [2 T609 ..] [aml_send_scanu_req 2563] len:4 ssid:DZNB
05-24 10:40:58.665 0 0 W : [2 T609 ..] >>> aml_send_msg()
05-24 10:40:58.666 0 0 W : [0 T1038 ..] ipc_sdio_host_msgack_handler 00000000ba7af520
05-24 10:40:58.667 0 0 W : [0 T1038 ..] [aml_msgackind 2038] msg ack hostid=0xffffff808d858300
05-24 10:40:58.668 0 0 W : [0 T1038 ..] [cmd_mgr_llind 329] cmd tkn[104] flags:0008 result: -4 cmd:4096-SCANU_START_REQ - reqcfm( 0-none)
05-24 10:40:58.669 0 0 W : [0 T1038 ..] [cmd_complete 65] cmd tkn[104] flags:0000 result: -4 cmd:4096-SCANU_START_REQ - reqcfm( 0-none)
05-24 10:40:59.495 0 0 W : [2 T1044 ..] [aml_scan_rx 1505] scanres_payload_buf overflow, flush
05-24 10:41:01.565 0 0 W : [1 T0 .s] [SP FRAME TX] arp req,vif_idx:0 sender:[1c:79:2d:20:62:97 192.168.3.167]receiver:[00:00:00:00:00:00 192.168.3.118]
05-24 10:41:01.659 0 0 W : [0 T1044 ..] [SP FRAME RX] arp req,vif_idx:0 sender:[3a:fd:3d:ee:5f:54 192.168.3.118]receiver:[00:00:00:00:00:00 192.168.3.167]
05-24 10:41:01.660 0 0 W : [0 T1044 ..] [SP FRAME TX] arp rsp,vif_idx:0 sender:[1c:79:2d:20:62:97 192.168.3.167]receiver:[3a:fd:3d:ee:5f:54 192.168.3.118]
05-24 10:41:01.944 0 0 W : [0 T1044 ..] [SP FRAME RX] arp rsp,vif_idx:0 sender:[3a:fd:3d:ee:5f:54 192.168.3.118]receiver:[1c:79:2d:20:62:97 192.168.3.167]
05-24 10:41:02.466 0 0 W : [2 T1038 ..] >>> aml_rx_scanu_start_cfm()
05-24 10:41:02.541 0 0 W : [0 T1044 ..] [SP FRAME RX] arp req,vif_idx:0 sender:[4a:2e:8f:95:e9:0d 192.168.3.107]receiver:[00:00:00:00:00:00 192.168.3.167]
05-24 10:41:02.542 0 0 W : [0 T1044 ..] [SP FRAME TX] arp rsp,vif_idx:0 sender:[1c:79:2d:20:62:97 192.168.3.167]receiver:[4a:2e:8f:95:e9:0d 192.168.3.107]
05-24 10:41:02.580 0 0 W : [1 T1044 ..] [SP FRAME RX] arp req,vif_idx:0 sender:[a6:8b:d2:cd:fe:9a 192.168.3.162]receiver:[00:00:00:00:00:00 192.168.3.167]
05-24 10:41:02.581 0 0 W : [1 T1044 ..] [SP FRAME TX] arp rsp,vif_idx:0 sender:[1c:79:2d:20:62:97 192.168.3.167]receiver:[a6:8b:d2:cd:fe:9a 192.168.3.162]
05-24 10:41:02.589 0 0 W : [1 T0 .s] [SP FRAME TX] arp req,vif_idx:0 sender:[1c:79:2d:20:62:97 192.168.3.167]receiver:[00:00:00:00:00:00 192.168.3.162]
05-24 10:41:02.590 0 0 W : [1 T0 .s] [SP FRAME TX] arp req,vif_idx:0 sender:[1c:79:2d:20:62:97 192.168.3.167]receiver:[00:00:00:00:00:00 192.168.3.107]
05-24 10:41:02.593 0 0 W : [1 T1044 ..] [SP FRAME RX] arp rsp,vif_idx:0 sender:[a6:8b:d2:cd:fe:9a 192.168.3.162]receiver:[1c:79:2d:20:62:97 192.168.3.167]
05-24 10:41:02.602 0 0 W : [1 T1044 ..] [SP FRAME RX] arp rsp,vif_idx:0 sender:[4a:2e:8f:95:e9:0d 192.168.3.107]receiver:[1c:79:2d:20:62:97 192.168.3.167]
05-24 10:41:02.669 0 0 W : [1 T1044 ..] [SP FRAME RX] arp req,vif_idx:0 sender:[b4:2f:03:15:e9:0b 192.168.3.11]receiver:[00:00:00:00:00:00 192.168.3.167]
05-24 10:41:02.670 0 0 W : [1 T1044 ..] [SP FRAME TX] arp rsp,vif_idx:0 sender:[1c:79:2d:20:62:97 192.168.3.167]receiver:[b4:2f:03:15:e9:0b 192.168.3.11]
05-24 10:41:02.845 0 0 W : [0 T0 .s] [SP FRAME TX] arp req,vif_idx:0 sender:[1c:79:2d:20:62:97 192.168.3.167]receiver:[00:00:00:00:00:00 192.168.3.226]
05-24 10:41:02.846 0 0 W : [0 T0 .s] [SP FRAME TX] arp req,vif_idx:0 sender:[1c:79:2d:20:62:97 192.168.3.167]receiver:[00:00:00:00:00:00 192.168.3.11]
05-24 10:41:02.853 0 0 W : [1 T1044 ..] [SP FRAME RX] arp rsp,vif_idx:0 sender:[b4:2f:03:15:e9:0b 192.168.3.11]receiver:[1c:79:2d:20:62:97 192.168.3.167]
05-24 10:41:02.854 0 0 W : [1 T1044 ..] [SP FRAME RX] arp rsp,vif_idx:0 sender:[42:87:91:b7:6d:20 192.168.3.226]receiver:[1c:79:2d:20:62:97 192.168.3.167]
05-24 10:41:02.961 0 0 W : [1 T1044 ..] [SP FRAME RX] arp req,vif_idx:0 sender:[42:87:91:b7:6d:20 192.168.3.226]receiver:[00:00:00:00:00:00 192.168.3.167]
05-24 10:41:02.962 0 0 W : [1 T1044 ..] [SP FRAME TX] arp rsp,vif_idx:0 sender:[1c:79:2d:20:62:97 192.168.3.167]receiver:[42:87:91:b7:6d:20 192.168.3.226]
05-24 10:41:10.379 698 698 D HDMI : [R]: 04:83
05-24 10:41:10.380 698 873 D HDMI : [S]: 4F:84:30:00:04
05-24 10:41:10.606 698 698 D HDMI : [R]: 04:8C
05-24 10:41:10.607 698 873 D HDMI : [S]: 4F:87:1C:A4:10
05-24 10:41:10.832 698 698 D HDMI : [R]: 04:46
05-24 10:41:10.834 698 873 D HDMI : [S]: 40:47
05-24 10:41:06.538 0 0 W : [0 T1044 ..] [SP FRAME RX] arp req,vif_idx:0 sender:[4e:df:ee:48:4b:63 192.168.3.151]receiver:[00:00:00:00:00:00 192.168.3.167]
05-24 10:41:06.539 0 0 W : [0 T1044 ..] [SP FRAME TX] arp rsp,vif_idx:0 sender:[1c:79:2d:20:62:97 192.168.3.167]receiver:[4e:df:ee:48:4b:63 192.168.3.151]
05-24 10:41:06.685 0 0 W : [0 T0 .s] [SP FRAME TX] arp req,vif_idx:0 sender:[1c:79:2d:20:62:97 192.168.3.167]receiver:[00:00:00:00:00:00 192.168.3.151]
05-24 10:41:06.689 0 0 W : [0 T1044 ..] [SP FRAME RX] arp rsp,vif_idx:0 sender:[4e:df:ee:48:4b:63 192.168.3.151]receiver:[1c:79:2d:20:62:97 192.168.3.167]
05-24 10:41:08.060 0 0 W : [2 T1044 ..] [SP FRAME RX] arp req,vif_idx:0 sender:[4c:6b:b8:99:ce:34 192.168.3.68]receiver:[00:00:00:00:00:00 192.168.3.167]
05-24 10:41:08.061 0 0 W : [2 T1044 ..] [SP FRAME TX] arp rsp,vif_idx:0 sender:[1c:79:2d:20:62:97 192.168.3.167]receiver:[4c:6b:b8:99:ce:34 192.168.3.68]
05-24 10:41:08.093 0 0 W : [2 T1044 ..] [SP FRAME RX] arp req,vif_idx:0 sender:[16:8e:6e:17:dc:41 192.168.3.176]receiver:[00:00:00:00:00:00 192.168.3.167]
05-24 10:41:08.094 0 0 W : [2 T1044 ..] [SP FRAME TX] arp rsp,vif_idx:0 sender:[1c:79:2d:20:62:97 192.168.3.167]receiver:[16:8e:6e:17:dc:41 192.168.3.176]
05-24 10:41:08.095 0 0 W : [0 T1044 ..] [SP FRAME RX] arp req,vif_idx:0 sender:[86:c4:12:e3:5b:28 192.168.3.161]receiver:[00:00:00:00:00:00 192.168.3.167]
05-24 10:41:08.097 0 0 W : [0 T1044 ..] [SP FRAME TX] arp rsp,vif_idx:0 sender:[1c:79:2d:20:62:97 192.168.3.167]receiver:[86:c4:12:e3:5b:28 192.168.3.161]
05-24 10:41:08.207 0 0 W : [0 T1044 ..] [SP FRAME RX] arp req,vif_idx:0 sender:[02:91:37:fc:9e:f6 192.168.3.105]receiver:[00:00:00:00:00:00 192.168.3.167]
05-24 10:41:08.208 0 0 W : [0 T1044 ..] [SP FRAME TX] arp rsp,vif_idx:0 sender:[1c:79:2d:20:62:97 192.168.3.167]receiver:[02:91:37:fc:9e:f6 192.168.3.105]
05-24 10:41:08.221 0 0 W : [3 T1398 .s] [SP FRAME TX] arp req,vif_idx:0 sender:[1c:79:2d:20:62:97 192.168.3.167]receiver:[00:00:00:00:00:00 192.168.3.176]
05-24 10:41:08.222 0 0 W : [3 T1398 .s] [SP FRAME TX] arp req,vif_idx:0 sender:[1c:79:2d:20:62:97 192.168.3.167]receiver:[00:00:00:00:00:00 192.168.3.161]
05-24 10:41:08.224 0 0 W : [3 T1398 .s] [SP FRAME TX] arp req,vif_idx:0 sender:[1c:79:2d:20:62:97 192.168.3.167]receiver:[00:00:00:00:00:00 192.168.3.68]
05-24 10:41:08.225 0 0 W : [0 T1044 ..] [SP FRAME RX] arp rsp,vif_idx:0 sender:[16:8e:6e:17:dc:41 192.168.3.176]receiver:[1c:79:2d:20:62:97 192.168.3.167]
05-24 10:41:08.227 0 0 W : [0 T1044 ..] [SP FRAME RX] arp rsp,vif_idx:0 sender:[86:c4:12:e3:5b:28 192.168.3.161]receiver:[1c:79:2d:20:62:97 192.168.3.167]
05-24 10:41:08.229 0 0 W : [0 T1044 ..] [SP FRAME RX] arp rsp,vif_idx:0 sender:[4c:6b:b8:99:ce:34 192.168.3.68]receiver:[1c:79:2d:20:62:97 192.168.3.167]
05-24 10:41:25.885 0 0 W : [3 T0 .s] [SP FRAME TX] arp req,vif_idx:0 sender:[1c:79:2d:20:62:97 192.168.3.167]receiver:[00:00:00:00:00:00 192.168.3.105]
05-24 10:41:26.011 0 0 W : [0 T1044 ..] [SP FRAME RX] arp req,vif_idx:0 sender:[02:91:37:fc:9e:f6 192.168.3.105]receiver:[00:00:00:00:00:00 192.168.3.167]
05-24 10:41:26.012 0 0 W : [0 T1044 ..] [SP FRAME TX] arp rsp,vif_idx:0 sender:[1c:79:2d:20:62:97 192.168.3.167]receiver:[02:91:37:fc:9e:f6 192.168.3.105]
05-24 10:41:26.064 0 0 W : [0 T1044 ..] [SP FRAME RX] arp rsp,vif_idx:0 sender:[02:91:37:fc:9e:f6 192.168.3.105]receiver:[1c:79:2d:20:62:97 192.168.3.167]
05-24 10:41:27.879 0 0 W : [0 T1044 ..] [SP FRAME RX] arp req,vif_idx:0 sender:[02:18:5d:1c:ad:fa 192.168.3.19]receiver:[00:00:00:00:00:00 192.168.3.167]
05-24 10:41:27.880 0 0 W : [0 T1044 ..] [SP FRAME TX] arp rsp,vif_idx:0 sender:[1c:79:2d:20:62:97 192.168.3.167]receiver:[02:18:5d:1c:ad:fa 192.168.3.19]
05-24 10:41:27.937 0 0 W : [1 T0 .s] [SP FRAME TX] arp req,vif_idx:0 sender:[1c:79:2d:20:62:97 192.168.3.167]receiver:[00:00:00:00:00:00 192.168.3.19]
05-24 10:41:27.943 0 0 W : [0 T1044 ..] [SP FRAME RX] arp rsp,vif_idx:0 sender:[02:18:5d:1c:ad:fa 192.168.3.19]receiver:[1c:79:2d:20:62:97 192.168.3.167]
05-24 10:41:28.957 0 0 W : [2 T0 .s] [SP FRAME TX] arp req,vif_idx:0 sender:[1c:79:2d:20:62:97 192.168.3.167]receiver:[00:00:00:00:00:00 192.168.3.15]
05-24 10:41:28.969 0 0 W : [3 T1044 ..] [SP FRAME RX] arp rsp,vif_idx:0 sender:[2e:6a:3b:b3:ad:e6 192.168.3.15]receiver:[1c:79:2d:20:62:97 192.168.3.167]
05-24 10:41:29.127 0 0 W : [3 T1044 ..] [SP FRAME RX] arp req,vif_idx:0 sender:[2e:6a:3b:b3:ad:e6 192.168.3.15]receiver:[00:00:00:00:00:00 192.168.3.167]
05-24 10:41:29.128 0 0 W : [3 T1044 ..] [SP FRAME TX] arp rsp,vif_idx:0 sender:[1c:79:2d:20:62:97 192.168.3.167]receiver:[2e:6a:3b:b3:ad:e6 192.168.3.15]
05-24 10:41:32.619 0 0 W : [3 T609 ..] [aml_cfg80211_scan 1812] n_channels:36,iftype:2
05-24 10:41:32.619 0 0 W : [3 T609 ..] [aml_send_scanu_req 2532] vif:0
05-24 10:41:32.619 0 0 W : [3 T609 ..] [aml_send_scanu_req 2563] len:4 ssid:DZNB
05-24 10:41:32.620 0 0 W : [3 T609 ..] >>> aml_send_msg()
05-24 10:41:32.621 0 0 W : [1 T1038 ..] ipc_sdio_host_msgack_handler 00000000bcf55cdb
05-24 10:41:32.622 0 0 W : [1 T1038 ..] [aml_msgackind 2038] msg ack hostid=0xffffff800c6e5c80
05-24 10:41:32.623 0 0 W : [1 T1038 ..] [cmd_mgr_llind 329] cmd tkn[105] flags:0008 result: -4 cmd:4096-SCANU_START_REQ - reqcfm( 0-none)
05-24 10:41:32.624 0 0 W : [1 T1038 ..] [cmd_complete 65] cmd tkn[105] flags:0000 result: -4 cmd:4096-SCANU_START_REQ - reqcfm( 0-none)
05-24 10:41:33.218 0 0 W : [0 T1044 ..] [aml_scan_rx 1505] scanres_payload_buf overflow, flush
05-24 10:41:33.565 0 0 W : [2 T1398 .s] [SP FRAME TX] arp req,vif_idx:0 sender:[1c:79:2d:20:62:97 192.168.3.167]receiver:[00:00:00:00:00:00 192.168.3.118]
05-24 10:41:34.362 0 0 W : [3 T1044 ..] [SP FRAME RX] arp rsp,vif_idx:0 sender:[3a:fd:3d:ee:5f:54 192.168.3.118]receiver:[1c:79:2d:20:62:97 192.168.3.167]
05-24 10:41:34.363 0 0 W : [3 T1044 ..] [SP FRAME RX] arp req,vif_idx:0 sender:[3a:fd:3d:ee:5f:54 192.168.3.118]receiver:[00:00:00:00:00:00 192.168.3.167]
05-24 10:41:34.365 0 0 W : [3 T1044 ..] [SP FRAME TX] arp rsp,vif_idx:0 sender:[1c:79:2d:20:62:97 192.168.3.167]receiver:[3a:fd:3d:ee:5f:54 192.168.3.118]
05-24 10:41:34.366 0 0 W : [0 T1044 ..] [SP FRAME RX] arp req,vif_idx:0 sender:[3a:fd:3d:ee:5f:54 192.168.3.118]receiver:[00:00:00:00:00:00 192.168.3.167]
05-24 10:41:34.368 0 0 W : [0 T1044 ..] [SP FRAME TX] arp rsp,vif_idx:0 sender:[1c:79:2d:20:62:97 192.168.3.167]receiver:[3a:fd:3d:ee:5f:54 192.168.3.118]
05-24 10:41:40.052 698 698 V HotPlugDetectionAction: Poll all devices.
05-24 10:41:34.589 0 0 W : [0 T0 .s] [SP FRAME TX] arp req,vif_idx:0 sender:[1c:79:2d:20:62:97 192.168.3.167]receiver:[00:00:00:00:00:00 192.168.3.107]
05-24 10:41:34.626 0 0 W : [2 T1044 ..] [SP FRAME RX] arp req,vif_idx:0 sender:[4a:2e:8f:95:e9:0d 192.168.3.107]receiver:[00:00:00:00:00:00 192.168.3.167]
05-24 10:41:34.627 0 0 W : [2 T1044 ..] [SP FRAME TX] arp rsp,vif_idx:0 sender:[1c:79:2d:20:62:97 192.168.3.167]receiver:[4a:2e:8f:95:e9:0d 192.168.3.107]
05-24 10:41:34.628 0 0 W : [1 T1044 ..] [SP FRAME RX] arp rsp,vif_idx:0 sender:[4a:2e:8f:95:e9:0d 192.168.3.107]receiver:[1c:79:2d:20:62:97 192.168.3.167]
05-24 10:41:34.845 0 0 W : [0 T1398 .s] [SP FRAME TX] arp req,vif_idx:0 sender:[1c:79:2d:20:62:97 192.168.3.167]receiver:[00:00:00:00:00:00 192.168.3.226]
05-24 10:41:34.846 0 0 W : [0 T1398 .s] [SP FRAME TX] arp req,vif_idx:0 sender:[1c:79:2d:20:62:97 192.168.3.167]receiver:[00:00:00:00:00:00 192.168.3.11]
05-24 10:41:34.847 0 0 W : [0 T1398 .s] [SP FRAME TX] arp req,vif_idx:0 sender:[1c:79:2d:20:62:97 192.168.3.167]receiver:[00:00:00:00:00:00 192.168.3.162]
05-24 10:41:34.909 0 0 W : [1 T1044 ..] [SP FRAME RX] arp req,vif_idx:0 sender:[a6:8b:d2:cd:fe:9a 192.168.3.162]receiver:[00:00:00:00:00:00 192.168.3.167]
05-24 10:41:34.910 0 0 W : [1 T1044 ..] [SP FRAME TX] arp rsp,vif_idx:0 sender:[1c:79:2d:20:62:97 192.168.3.167]receiver:[a6:8b:d2:cd:fe:9a 192.168.3.162]
05-24 10:41:34.914 0 0 W : [1 T1044 ..] [SP FRAME RX] arp rsp,vif_idx:0 sender:[42:87:91:b7:6d:20 192.168.3.226]receiver:[1c:79:2d:20:62:97 192.168.3.167]
05-24 10:41:34.915 0 0 W : [1 T1044 ..] [SP FRAME RX] arp rsp,vif_idx:0 sender:[a6:8b:d2:cd:fe:9a 192.168.3.162]receiver:[1c:79:2d:20:62:97 192.168.3.167]
05-24 10:41:34.922 0 0 W : [1 T1044 ..] [SP FRAME RX] arp req,vif_idx:0 sender:[b4:2f:03:15:e9:0b 192.168.3.11]receiver:[00:00:00:00:00:00 192.168.3.167]
05-24 10:41:34.923 0 0 W : [1 T1044 ..] [SP FRAME TX] arp rsp,vif_idx:0 sender:[1c:79:2d:20:62:97 192.168.3.167]receiver:[b4:2f:03:15:e9:0b 192.168.3.11]
05-24 10:41:34.930 0 0 W : [1 T1044 ..] [SP FRAME RX] arp rsp,vif_idx:0 sender:[b4:2f:03:15:e9:0b 192.168.3.11]receiver:[1c:79:2d:20:62:97 192.168.3.167]
05-24 10:41:35.051 0 0 W : [1 T1044 ..] [SP FRAME RX] arp req,vif_idx:0 sender:[42:87:91:b7:6d:20 192.168.3.226]receiver:[00:00:00:00:00:00 192.168.3.167]
05-24 10:41:35.052 0 0 W : [1 T1044 ..] [SP FRAME TX] arp rsp,vif_idx:0 sender:[1c:79:2d:20:62:97 192.168.3.167]receiver:[42:87:91:b7:6d:20 192.168.3.226]
05-24 10:41:40.905 698 698 D HDMI : [R]: 04:83
05-24 10:41:41.037 698 698 D HDMI : [R]: 04:8C
05-24 10:41:41.102 698 873 D HDMI : [S]: 4F:84:30:00:04
05-24 10:41:41.173 698 698 D HDMI : [R]: 04:46
05-24 10:41:41.976 698 873 D HDMI : [S]: 4F:87:1C:A4:10
05-24 10:41:36.424 0 0 W : [1 T1038 ..] >>> aml_rx_scanu_start_cfm()
05-24 10:41:42.945 698 873 D HDMI : [S]: 40:47
05-24 10:41:38.537 0 0 W : [3 T1044 ..] [SP FRAME RX] arp req,vif_idx:0 sender:[4e:df:ee:48:4b:63 192.168.3.151]receiver:[00:00:00:00:00:00 192.168.3.167]
05-24 10:41:38.538 0 0 W : [3 T1044 ..] [SP FRAME TX] arp rsp,vif_idx:0 sender:[1c:79:2d:20:62:97 192.168.3.167]receiver:[4e:df:ee:48:4b:63 192.168.3.151]
05-24 10:41:44.241 698 698 D HdmiCecController: [P]:AllocatedAddress=[0]
05-24 10:41:38.685 0 0 W : [0 T0 .s] [SP FRAME TX] arp req,vif_idx:0 sender:[1c:79:2d:20:62:97 192.168.3.167]receiver:[00:00:00:00:00:00 192.168.3.151]
05-24 10:41:38.689 0 0 W : [3 T1044 ..] [SP FRAME RX] arp rsp,vif_idx:0 sender:[4e:df:ee:48:4b:63 192.168.3.151]receiver:[1c:79:2d:20:62:97 192.168.3.167]
05-24 10:41:40.100 0 0 W : [2 T1044 ..] [SP FRAME RX] arp req,vif_idx:0 sender:[86:c4:12:e3:5b:28 192.168.3.161]receiver:[00:00:00:00:00:00 192.168.3.167]
05-24 10:41:40.101 0 0 W : [2 T1044 ..] [SP FRAME TX] arp rsp,vif_idx:0 sender:[1c:79:2d:20:62:97 192.168.3.167]receiver:[86:c4:12:e3:5b:28 192.168.3.161]
05-24 10:41:40.212 0 0 W : [2 T1044 ..] [SP FRAME RX] arp req,vif_idx:0 sender:[02:91:37:fc:9e:f6 192.168.3.105]receiver:[00:00:00:00:00:00 192.168.3.167]
05-24 10:41:40.213 0 0 W : [2 T1044 ..] [SP FRAME TX] arp rsp,vif_idx:0 sender:[1c:79:2d:20:62:97 192.168.3.167]receiver:[02:91:37:fc:9e:f6 192.168.3.105]
05-24 10:41:40.221 0 0 W : [0 T0 .s] [SP FRAME TX] arp req,vif_idx:0 sender:[1c:79:2d:20:62:97 192.168.3.167]receiver:[00:00:00:00:00:00 192.168.3.176]
05-24 10:41:40.222 0 0 W : [0 T0 .s] [SP FRAME TX] arp req,vif_idx:0 sender:[1c:79:2d:20:62:97 192.168.3.167]receiver:[00:00:00:00:00:00 192.168.3.161]
05-24 10:41:40.224 0 0 W : [0 T0 .s] [SP FRAME TX] arp req,vif_idx:0 sender:[1c:79:2d:20:62:97 192.168.3.167]receiver:[00:00:00:00:00:00 192.168.3.68]
05-24 10:41:40.228 0 0 W : [2 T1044 ..] [SP FRAME RX] arp rsp,vif_idx:0 sender:[16:8e:6e:17:dc:41 192.168.3.176]receiver:[1c:79:2d:20:62:97 192.168.3.167]
05-24 10:41:40.229 0 0 W : [2 T1044 ..] [SP FRAME RX] arp rsp,vif_idx:0 sender:[86:c4:12:e3:5b:28 192.168.3.161]receiver:[1c:79:2d:20:62:97 192.168.3.167]
05-24 10:41:40.275 0 0 W : [2 T1044 ..] [SP FRAME RX] arp rsp,vif_idx:0 sender:[4c:6b:b8:99:ce:34 192.168.3.68]receiver:[1c:79:2d:20:62:97 192.168.3.167]
05-24 10:41:40.316 0 0 W : [2 T1044 ..] [SP FRAME RX] arp req,vif_idx:0 sender:[4c:6b:b8:99:ce:34 192.168.3.68]receiver:[00:00:00:00:00:00 192.168.3.167]
05-24 10:41:40.317 0 0 W : [2 T1044 ..] [SP FRAME TX] arp rsp,vif_idx:0 sender:[1c:79:2d:20:62:97 192.168.3.167]receiver:[4c:6b:b8:99:ce:34 192.168.3.68]
05-24 10:41:40.330 0 0 W : [2 T1044 ..] [SP FRAME RX] arp req,vif_idx:0 sender:[16:8e:6e:17:dc:41 192.168.3.176]receiver:[00:00:00:00:00:00 192.168.3.167]
05-24 10:41:40.331 0 0 W : [2 T1044 ..] [SP FRAME TX] arp rsp,vif_idx:0 sender:[1c:79:2d:20:62:97 192.168.3.167]receiver:[16:8e:6e:17:dc:41 192.168.3.176]
05-24 10:41:49.437 0 0 W : [1 T5000 ..] [aml_send_sync_trace 4388] sync token[54503]
05-24 10:41:49.437 0 0 W : [1 T5000 ..] >>> aml_send_msg()
05-24 10:41:49.438 0 0 W : [1 T1038 ..] ipc_sdio_host_msgack_handler 000000000d7b860d
05-24 10:41:49.438 0 0 W : [1 T1038 ..] [aml_msgackind 2038] msg ack hostid=0xffffff800a46cf00
05-24 10:41:49.439 0 0 W : [1 T1038 ..] [cmd_mgr_llind 329] cmd tkn[106] flags:0008 result: -4 cmd: 105-MM_SYNC_TRACE - reqcfm( 0-none)
05-24 10:41:49.441 0 0 W : [1 T1038 ..] [cmd_complete 65] cmd tkn[106] flags:0000 result: -4 cmd: 105-MM_SYNC_TRACE - reqcfm( 0-none)
05-24 10:41:57.874 0 0 W : [1 T1044 ..] [SP FRAME RX] arp req,vif_idx:0 sender:[02:91:37:fc:9e:f6 192.168.3.105]receiver:[00:00:00:00:00:00 192.168.3.167]
05-24 10:41:57.875 0 0 W : [1 T1044 ..] [SP FRAME TX] arp rsp,vif_idx:0 sender:[1c:79:2d:20:62:97 192.168.3.167]receiver:[02:91:37:fc:9e:f6 192.168.3.105]
05-24 10:41:57.885 0 0 W : [0 T1398 .s] [SP FRAME TX] arp req,vif_idx:0 sender:[1c:79:2d:20:62:97 192.168.3.167]receiver:[00:00:00:00:00:00 192.168.3.105]
05-24 10:41:57.890 0 0 W : [1 T1044 ..] [SP FRAME RX] arp rsp,vif_idx:0 sender:[02:91:37:fc:9e:f6 192.168.3.105]receiver:[1c:79:2d:20:62:97 192.168.3.167]
05-24 10:41:59.884 0 0 W : [2 T1044 ..] [SP FRAME RX] arp req,vif_idx:0 sender:[02:18:5d:1c:ad:fa 192.168.3.19]receiver:[00:00:00:00:00:00 192.168.3.167]
05-24 10:41:59.885 0 0 W : [2 T1044 ..] [SP FRAME TX] arp rsp,vif_idx:0 sender:[1c:79:2d:20:62:97 192.168.3.167]receiver:[02:18:5d:1c:ad:fa 192.168.3.19]
05-24 10:41:59.933 0 0 W : [0 T0 .s] [SP FRAME TX] arp req,vif_idx:0 sender:[1c:79:2d:20:62:97 192.168.3.167]receiver:[00:00:00:00:00:00 192.168.3.19]
05-24 10:41:59.937 0 0 W : [2 T1044 ..] [SP FRAME RX] arp rsp,vif_idx:0 sender:[02:18:5d:1c:ad:fa 192.168.3.19]receiver:[1c:79:2d:20:62:97 192.168.3.167]
05-24 10:42:00.961 0 0 W : [3 T0 .s] [SP FRAME TX] arp req,vif_idx:0 sender:[1c:79:2d:20:62:97 192.168.3.167]receiver:[00:00:00:00:00:00 192.168.3.15]
05-24 10:42:00.965 0 0 W : [2 T1044 ..] [SP FRAME RX] arp rsp,vif_idx:0 sender:[2e:6a:3b:b3:ad:e6 192.168.3.15]receiver:[1c:79:2d:20:62:97 192.168.3.167]
05-24 10:42:01.128 0 0 W : [0 T1044 ..] [SP FRAME RX] arp req,vif_idx:0 sender:[2e:6a:3b:b3:ad:e6 192.168.3.15]receiver:[00:00:00:00:00:00 192.168.3.167]
05-24 10:42:01.129 0 0 W : [0 T1044 ..] [SP FRAME TX] arp rsp,vif_idx:0 sender:[1c:79:2d:20:62:97 192.168.3.167]receiver:[2e:6a:3b:b3:ad:e6 192.168.3.15]
05-24 10:42:05.595 0 0 W : [2 T1044 ..] [SP FRAME RX] arp req,vif_idx:0 sender:[3a:fd:3d:ee:5f:54 192.168.3.118]receiver:[00:00:00:00:00:00 192.168.3.167]
05-24 10:42:05.596 0 0 W : [2 T1044 ..] [SP FRAME TX] arp rsp,vif_idx:0 sender:[1c:79:2d:20:62:97 192.168.3.167]receiver:[3a:fd:3d:ee:5f:54 192.168.3.118]
05-24 10:42:05.821 0 0 W : [0 T263 .s] [SP FRAME TX] arp req,vif_idx:0 sender:[1c:79:2d:20:62:97 192.168.3.167]receiver:[00:00:00:00:00:00 192.168.3.118]
05-24 10:42:05.829 0 0 W : [1 T1044 ..] [SP FRAME RX] arp rsp,vif_idx:0 sender:[3a:fd:3d:ee:5f:54 192.168.3.118]receiver:[1c:79:2d:20:62:97 192.168.3.167]
05-24 10:42:11.710 698 698 D HDMI : [R]: 04:83
05-24 10:42:11.711 698 873 D HDMI : [S]: 4F:84:30:00:04
05-24 10:42:11.934 698 698 D HDMI : [R]: 04:8C
05-24 10:42:11.935 698 873 D HDMI : [S]: 4F:87:1C:A4:10
05-24 10:42:12.162 698 698 D HDMI : [R]: 04:46
05-24 10:42:12.163 698 873 D HDMI : [S]: 40:47
05-24 10:42:06.553 0 0 W : [0 T609 ..] [aml_cfg80211_scan 1812] n_channels:36,iftype:2
05-24 10:42:06.553 0 0 W : [0 T609 ..] [aml_send_scanu_req 2532] vif:0
05-24 10:42:06.553 0 0 W : [0 T609 ..] [aml_send_scanu_req 2563] len:4 ssid:DZNB
05-24 10:42:06.553 0 0 W : [0 T609 ..] >>> aml_send_msg()
05-24 10:42:06.555 0 0 W : [3 T1038 ..] ipc_sdio_host_msgack_handler 0000000022f6ee2b
05-24 10:42:06.556 0 0 W : [3 T1038 ..] [aml_msgackind 2038] msg ack hostid=0xffffff80897dae00
05-24 10:42:06.556 0 0 W : [3 T1038 ..] [cmd_mgr_llind 329] cmd tkn[107] flags:0008 result: -4 cmd:4096-SCANU_START_REQ - reqcfm( 0-none)
05-24 10:42:06.558 0 0 W : [3 T1038 ..] [cmd_complete 65] cmd tkn[107] flags:0000 result: -4 cmd:4096-SCANU_START_REQ - reqcfm( 0-none)
05-24 10:42:06.563 0 0 W : [2 T1044 ..] [SP FRAME RX] arp req,vif_idx:0 sender:[4a:2e:8f:95:e9:0d 192.168.3.107]receiver:[00:00:00:00:00:00 192.168.3.167]
05-24 10:42:06.564 0 0 W : [2 T1044 ..] [SP FRAME TX] arp rsp,vif_idx:0 sender:[1c:79:2d:20:62:97 192.168.3.167]receiver:[4a:2e:8f:95:e9:0d 192.168.3.107]
05-24 10:42:06.589 0 0 W : [0 T0 .s] [SP FRAME TX] arp req,vif_idx:0 sender:[1c:79:2d:20:62:97 192.168.3.167]receiver:[00:00:00:00:00:00 192.168.3.107]
05-24 10:42:06.689 0 0 W : [0 T1044 ..] [aml_scan_rx 1505] scanres_payload_buf overflow, flush
05-24 10:42:06.713 0 0 W : [0 T1044 ..] [SP FRAME RX] arp rsp,vif_idx:0 sender:[4a:2e:8f:95:e9:0d 192.168.3.107]receiver:[1c:79:2d:20:62:97 192.168.3.167]
05-24 10:42:06.845 0 0 W : [0 T2734 .s] [SP FRAME TX] arp req,vif_idx:0 sender:[1c:79:2d:20:62:97 192.168.3.167]receiver:[00:00:00:00:00:00 192.168.3.162]
05-24 10:42:06.846 0 0 W : [0 T2734 .s] [SP FRAME TX] arp req,vif_idx:0 sender:[1c:79:2d:20:62:97 192.168.3.167]receiver:[00:00:00:00:00:00 192.168.3.226]
05-24 10:42:06.848 0 0 W : [0 T2734 .s] [SP FRAME TX] arp req,vif_idx:0 sender:[1c:79:2d:20:62:97 192.168.3.167]receiver:[00:00:00:00:00:00 192.168.3.11]
05-24 10:42:06.867 0 0 W : [0 T1044 ..] [SP FRAME RX] arp req,vif_idx:0 sender:[a6:8b:d2:cd:fe:9a 192.168.3.162]receiver:[00:00:00:00:00:00 192.168.3.167]
05-24 10:42:06.868 0 0 W : [0 T1044 ..] [SP FRAME TX] arp rsp,vif_idx:0 sender:[1c:79:2d:20:62:97 192.168.3.167]receiver:[a6:8b:d2:cd:fe:9a 192.168.3.162]
05-24 10:42:06.875 0 0 W : [0 T1044 ..] [SP FRAME RX] arp rsp,vif_idx:0 sender:[42:87:91:b7:6d:20 192.168.3.226]receiver:[1c:79:2d:20:62:97 192.168.3.167]
05-24 10:42:06.883 0 0 W : [0 T1044 ..] [SP FRAME RX] arp rsp,vif_idx:0 sender:[a6:8b:d2:cd:fe:9a 192.168.3.162]receiver:[1c:79:2d:20:62:97 192.168.3.167]
05-24 10:42:06.967 0 0 W : [0 T1044 ..] [SP FRAME RX] arp req,vif_idx:0 sender:[42:87:91:b7:6d:20 192.168.3.226]receiver:[00:00:00:00:00:00 192.168.3.167]
05-24 10:42:06.968 0 0 W : [0 T1044 ..] [SP FRAME TX] arp rsp,vif_idx:0 sender:[1c:79:2d:20:62:97 192.168.3.167]receiver:[42:87:91:b7:6d:20 192.168.3.226]
05-24 10:42:07.252 0 0 W : [0 T1044 ..] [SP FRAME RX] arp req,vif_idx:0 sender:[b4:2f:03:15:e9:0b 192.168.3.11]receiver:[00:00:00:00:00:00 192.168.3.167]
05-24 10:42:07.253 0 0 W : [0 T1044 ..] [SP FRAME TX] arp rsp,vif_idx:0 sender:[1c:79:2d:20:62:97 192.168.3.167]receiver:[b4:2f:03:15:e9:0b 192.168.3.11]
05-24 10:42:07.255 0 0 W : [0 T1044 ..] [SP FRAME RX] arp rsp,vif_idx:0 sender:[b4:2f:03:15:e9:0b 192.168.3.11]receiver:[1c:79:2d:20:62:97 192.168.3.167]
05-24 10:42:10.239 0 0 W : [0 T1044 ..] [aml_scan_rx 1505] scanres_payload_buf overflow, flush
05-24 10:42:10.359 0 0 W : [1 T1038 ..] >>> aml_rx_scanu_start_cfm()
05-24 10:42:10.534 0 0 W : [2 T1044 ..] [SP FRAME RX] arp req,vif_idx:0 sender:[4e:df:ee:48:4b:63 192.168.3.151]receiver:[00:00:00:00:00:00 192.168.3.167]
05-24 10:42:10.535 0 0 W : [2 T1044 ..] [SP FRAME TX] arp rsp,vif_idx:0 sender:[1c:79:2d:20:62:97 192.168.3.167]receiver:[4e:df:ee:48:4b:63 192.168.3.151]
05-24 10:42:10.685 0 0 W : [1 T0 .s] [SP FRAME TX] arp req,vif_idx:0 sender:[1c:79:2d:20:62:97 192.168.3.167]receiver:[00:00:00:00:00:00 192.168.3.151]
05-24 10:42:10.694 0 0 W : [3 T1044 ..] [SP FRAME RX] arp rsp,vif_idx:0 sender:[4e:df:ee:48:4b:63 192.168.3.151]receiver:[1c:79:2d:20:62:97 192.168.3.167]
05-24 10:42:12.208 0 0 W : [2 T1044 ..] [SP FRAME RX] arp req,vif_idx:0 sender:[02:91:37:fc:9e:f6 192.168.3.105]receiver:[00:00:00:00:00:00 192.168.3.167]
05-24 10:42:12.209 0 0 W : [2 T1044 ..] [SP FRAME TX] arp rsp,vif_idx:0 sender:[1c:79:2d:20:62:97 192.168.3.167]receiver:[02:91:37:fc:9e:f6 192.168.3.105]
05-24 10:42:12.225 0 0 W : [1 T0 .s] [SP FRAME TX] arp req,vif_idx:0 sender:[1c:79:2d:20:62:97 192.168.3.167]receiver:[00:00:00:00:00:00 192.168.3.176]
05-24 10:42:12.226 0 0 W : [1 T0 .s] [SP FRAME TX] arp req,vif_idx:0 sender:[1c:79:2d:20:62:97 192.168.3.167]receiver:[00:00:00:00:00:00 192.168.3.161]
05-24 10:42:12.228 0 0 W : [1 T0 .s] [SP FRAME TX] arp req,vif_idx:0 sender:[1c:79:2d:20:62:97 192.168.3.167]receiver:[00:00:00:00:00:00 192.168.3.68]
05-24 10:42:12.229 0 0 W : [1 T1044 ..] [SP FRAME RX] arp rsp,vif_idx:0 sender:[16:8e:6e:17:dc:41 192.168.3.176]receiver:[1c:79:2d:20:62:97 192.168.3.167]
05-24 10:42:12.231 0 0 W : [1 T1044 ..] [SP FRAME RX] arp rsp,vif_idx:0 sender:[86:c4:12:e3:5b:28 192.168.3.161]receiver:[1c:79:2d:20:62:97 192.168.3.167]
05-24 10:42:12.237 0 0 W : [1 T1044 ..] [SP FRAME RX] arp rsp,vif_idx:0 sender:[4c:6b:b8:99:ce:34 192.168.3.68]receiver:[1c:79:2d:20:62:97 192.168.3.167]
05-24 10:42:12.323 0 0 W : [1 T1044 ..] [SP FRAME RX] arp req,vif_idx:0 sender:[4c:6b:b8:99:ce:34 192.168.3.68]receiver:[00:00:00:00:00:00 192.168.3.167]
05-24 10:42:12.324 0 0 W : [1 T1044 ..] [SP FRAME TX] arp rsp,vif_idx:0 sender:[1c:79:2d:20:62:97 192.168.3.167]receiver:[4c:6b:b8:99:ce:34 192.168.3.68]
05-24 10:42:12.329 0 0 W : [1 T1044 ..] [SP FRAME RX] arp req,vif_idx:0 sender:[16:8e:6e:17:dc:41 192.168.3.176]receiver:[00:00:00:00:00:00 192.168.3.167]
05-24 10:42:12.330 0 0 W : [1 T1044 ..] [SP FRAME TX] arp rsp,vif_idx:0 sender:[1c:79:2d:20:62:97 192.168.3.167]receiver:[16:8e:6e:17:dc:41 192.168.3.176]
05-24 10:42:12.353 0 0 W : [2 T1044 ..] [SP FRAME RX] arp req,vif_idx:0 sender:[86:c4:12:e3:5b:28 192.168.3.161]receiver:[00:00:00:00:00:00 192.168.3.167]
05-24 10:42:12.354 0 0 W : [2 T1044 ..] [SP FRAME TX] arp rsp,vif_idx:0 sender:[1c:79:2d:20:62:97 192.168.3.167]receiver:[86:c4:12:e3:5b:28 192.168.3.161]
05-24 10:42:15.037 0 0 W : [0 T0 .s] [SP FRAME TX] arp req,vif_idx:0 sender:[1c:79:2d:20:62:97 192.168.3.167]receiver:[00:00:00:00:00:00 192.168.3.1]
05-24 10:42:15.041 0 0 W : [3 T1044 ..] [SP FRAME RX] arp rsp,vif_idx:0 sender:[70:3a:a6:36:a8:d7 192.168.3.1]receiver:[1c:79:2d:20:62:97 192.168.3.167]
05-24 10:42:29.881 0 0 W : [0 T1044 ..] [SP FRAME RX] arp req,vif_idx:0 sender:[02:91:37:fc:9e:f6 192.168.3.105]receiver:[00:00:00:00:00:00 192.168.3.167]
