05-24 10:15:30.884 698 802 D WindowManager: dispatchDirectAudioEvent KeyEvent { action=ACTION_DOWN, keyCode=KEYCODE_VOLUME_DOWN, scanCode=114, metaState=0, flags=0x8, repeatCount=0, eventTime=153367007000, downTime=153367007000, deviceId=12, source=0x301, displayId=-1 }
05-24 10:15:30.917 698 802 D WindowManager: handleVolumeKeyInArc KeyEvent { action=ACTION_UP, keyCode=KEYCODE_VOLUME_DOWN, scanCode=114, metaState=0, flags=0x8, repeatCount=0, eventTime=153490817000, downTime=153367007000, deviceId=12, source=0x301, displayId=-1 }
05-24 10:15:30.917 698 802 D WindowManager: dispatchDirectAudioEvent KeyEvent { action=ACTION_UP, keyCode=KEYCODE_VOLUME_DOWN, scanCode=114, metaState=0, flags=0x8, repeatCount=0, eventTime=153490817000, downTime=153367007000, deviceId=12, source=0x301, displayId=-1 }
05-24 10:15:25.288 0 0 W : [3 T1044 ..] [SP FRAME RX] arp req,vif_idx:0 sender:[3a:fd:3d:ee:5f:54 192.168.3.118]receiver:[00:00:00:00:00:00 192.168.3.167]
05-24 10:15:25.289 0 0 W : [3 T1044 ..] [SP FRAME TX] arp rsp,vif_idx:0 sender:[1c:79:2d:20:62:97 192.168.3.167]receiver:[3a:fd:3d:ee:5f:54 192.168.3.118]
05-24 10:15:25.309 0 0 W : [3 T1064 .s] [SP FRAME TX] arp req,vif_idx:0 sender:[1c:79:2d:20:62:97 192.168.3.167]receiver:[00:00:00:00:00:00 192.168.3.118]
05-24 10:15:25.315 0 0 W : [3 T1044 ..] [SP FRAME RX] arp rsp,vif_idx:0 sender:[3a:fd:3d:ee:5f:54 192.168.3.118]receiver:[1c:79:2d:20:62:97 192.168.3.167]
05-24 10:15:26.333 0 0 W : [3 T2734 .s] [SP FRAME TX] arp req,vif_idx:0 sender:[1c:79:2d:20:62:97 192.168.3.167]receiver:[00:00:00:00:00:00 192.168.3.11]
05-24 10:15:26.343 0 0 W : [3 T1044 ..] [SP FRAME RX] arp rsp,vif_idx:0 sender:[b4:2f:03:15:e9:0b 192.168.3.11]receiver:[1c:79:2d:20:62:97 192.168.3.167]
05-24 10:15:26.358 0 0 W : [3 T1044 ..] [SP FRAME RX] arp req,vif_idx:0 sender:[b4:2f:03:15:e9:0b 192.168.3.11]receiver:[00:00:00:00:00:00 192.168.3.167]
05-24 10:15:26.359 0 0 W : [3 T1044 ..] [SP FRAME TX] arp rsp,vif_idx:0 sender:[1c:79:2d:20:62:97 192.168.3.167]receiver:[b4:2f:03:15:e9:0b 192.168.3.11]
05-24 10:15:26.589 0 0 W : [1 T0 .s] [SP FRAME TX] arp req,vif_idx:0 sender:[1c:79:2d:20:62:97 192.168.3.167]receiver:[00:00:00:00:00:00 192.168.3.226]
05-24 10:15:26.605 0 0 W : [3 T1044 ..] [SP FRAME RX] arp rsp,vif_idx:0 sender:[42:87:91:b7:6d:20 192.168.3.226]receiver:[1c:79:2d:20:62:97 192.168.3.167]
05-24 10:15:26.643 0 0 W : [3 T1044 ..] [SP FRAME RX] arp req,vif_idx:0 sender:[42:87:91:b7:6d:20 192.168.3.226]receiver:[00:00:00:00:00:00 192.168.3.167]
05-24 10:15:26.644 0 0 W : [3 T1044 ..] [SP FRAME TX] arp rsp,vif_idx:0 sender:[1c:79:2d:20:62:97 192.168.3.167]receiver:[42:87:91:b7:6d:20 192.168.3.226]
05-24 10:15:34.419 698 976 D CoreBackPreview: Window{a8ec392 u0 VolumeDialogImpl}: Setting back callback null
05-24 10:15:29.980 0 0 W : [3 T1044 ..] [SP FRAME RX] arp req,vif_idx:0 sender:[4e:df:ee:48:4b:63 192.168.3.151]receiver:[00:00:00:00:00:00 192.168.3.167]
05-24 10:15:29.981 0 0 W : [3 T1044 ..] [SP FRAME TX] arp rsp,vif_idx:0 sender:[1c:79:2d:20:62:97 192.168.3.167]receiver:[4e:df:ee:48:4b:63 192.168.3.151]
05-24 10:15:30.173 0 0 W : [1 T2797 .s] [SP FRAME TX] arp req,vif_idx:0 sender:[1c:79:2d:20:62:97 192.168.3.167]receiver:[00:00:00:00:00:00 192.168.3.151]
05-24 10:15:30.178 0 0 W : [3 T1044 ..] [SP FRAME RX] arp rsp,vif_idx:0 sender:[4e:df:ee:48:4b:63 192.168.3.151]receiver:[1c:79:2d:20:62:97 192.168.3.167]
05-24 10:15:31.901 0 0 W : [3 T1044 ..] [SP FRAME RX] arp req,vif_idx:0 sender:[a6:8b:d2:cd:fe:9a 192.168.3.162]receiver:[00:00:00:00:00:00 192.168.3.167]
05-24 10:15:31.902 0 0 W : [3 T1044 ..] [SP FRAME TX] arp rsp,vif_idx:0 sender:[1c:79:2d:20:62:97 192.168.3.167]receiver:[a6:8b:d2:cd:fe:9a 192.168.3.162]
05-24 10:15:31.965 0 0 W : [3 T2793 .s] [SP FRAME TX] arp req,vif_idx:0 sender:[1c:79:2d:20:62:97 192.168.3.167]receiver:[00:00:00:00:00:00 192.168.3.176]
05-24 10:15:31.966 0 0 W : [3 T2793 .s] [SP FRAME TX] arp req,vif_idx:0 sender:[1c:79:2d:20:62:97 192.168.3.167]receiver:[00:00:00:00:00:00 192.168.3.161]
05-24 10:15:31.968 0 0 W : [3 T2793 .s] [SP FRAME TX] arp req,vif_idx:0 sender:[1c:79:2d:20:62:97 192.168.3.167]receiver:[00:00:00:00:00:00 192.168.3.105]
05-24 10:15:31.969 0 0 W : [3 T2793 .s] [SP FRAME TX] arp req,vif_idx:0 sender:[1c:79:2d:20:62:97 192.168.3.167]receiver:[00:00:00:00:00:00 192.168.3.68]
05-24 10:15:31.979 0 0 W : [3 T1044 ..] [SP FRAME RX] arp rsp,vif_idx:0 sender:[16:8e:6e:17:dc:41 192.168.3.176]receiver:[1c:79:2d:20:62:97 192.168.3.167]
05-24 10:15:32.032 0 0 W : [3 T1044 ..] [SP FRAME RX] arp req,vif_idx:0 sender:[16:8e:6e:17:dc:41 192.168.3.176]receiver:[00:00:00:00:00:00 192.168.3.167]
05-24 10:15:32.033 0 0 W : [3 T1044 ..] [SP FRAME TX] arp rsp,vif_idx:0 sender:[1c:79:2d:20:62:97 192.168.3.167]receiver:[16:8e:6e:17:dc:41 192.168.3.176]
05-24 10:15:32.035 0 0 W : [3 T1044 ..] [SP FRAME RX] arp req,vif_idx:0 sender:[4c:6b:b8:99:ce:34 192.168.3.68]receiver:[00:00:00:00:00:00 192.168.3.167]
05-24 10:15:32.036 0 0 W : [3 T1044 ..] [SP FRAME TX] arp rsp,vif_idx:0 sender:[1c:79:2d:20:62:97 192.168.3.167]receiver:[4c:6b:b8:99:ce:34 192.168.3.68]
05-24 10:15:32.042 0 0 W : [3 T1044 ..] [SP FRAME RX] arp rsp,vif_idx:0 sender:[86:c4:12:e3:5b:28 192.168.3.161]receiver:[1c:79:2d:20:62:97 192.168.3.167]
05-24 10:15:32.044 0 0 W : [3 T1044 ..] [SP FRAME RX] arp rsp,vif_idx:0 sender:[4c:6b:b8:99:ce:34 192.168.3.68]receiver:[1c:79:2d:20:62:97 192.168.3.167]
05-24 10:15:32.047 0 0 W : [3 T1044 ..] [SP FRAME RX] arp req,vif_idx:0 sender:[86:c4:12:e3:5b:28 192.168.3.161]receiver:[00:00:00:00:00:00 192.168.3.167]
05-24 10:15:32.048 0 0 W : [3 T1044 ..] [SP FRAME TX] arp rsp,vif_idx:0 sender:[1c:79:2d:20:62:97 192.168.3.167]receiver:[86:c4:12:e3:5b:28 192.168.3.161]
05-24 10:15:32.052 0 0 W : [3 T1044 ..] [SP FRAME RX] arp rsp,vif_idx:0 sender:[02:91:37:fc:9e:f6 192.168.3.105]receiver:[1c:79:2d:20:62:97 192.168.3.167]
05-24 10:15:32.111 0 0 W : [3 T1044 ..] [SP FRAME RX] arp req,vif_idx:0 sender:[02:18:5d:1c:ad:fa 192.168.3.19]receiver:[00:00:00:00:00:00 192.168.3.167]
05-24 10:15:32.112 0 0 W : [3 T1044 ..] [SP FRAME TX] arp rsp,vif_idx:0 sender:[1c:79:2d:20:62:97 192.168.3.167]receiver:[02:18:5d:1c:ad:fa 192.168.3.19]
05-24 10:15:40.017 698 698 V HotPlugDetectionAction: Poll all devices.
05-24 10:15:40.410 698 698 D HdmiCecController: [P]:AllocatedAddress=[0]
05-24 10:15:48.571 0 0 W : [1 T1044 ..] [SP FRAME RX] arp req,vif_idx:0 sender:[02:91:37:fc:9e:f6 192.168.3.105]receiver:[00:00:00:00:00:00 192.168.3.167]
05-24 10:15:48.572 0 0 W : [1 T1044 ..] [SP FRAME TX] arp rsp,vif_idx:0 sender:[1c:79:2d:20:62:97 192.168.3.167]receiver:[02:91:37:fc:9e:f6 192.168.3.105]
05-24 10:15:48.605 0 0 W : [1 T0 .s] [SP FRAME TX] arp req,vif_idx:0 sender:[1c:79:2d:20:62:97 192.168.3.167]receiver:[00:00:00:00:00:00 192.168.3.105]
05-24 10:15:48.641 0 0 W : [1 T1044 ..] [SP FRAME RX] arp rsp,vif_idx:0 sender:[02:91:37:fc:9e:f6 192.168.3.105]receiver:[1c:79:2d:20:62:97 192.168.3.167]
05-24 10:15:50.336 0 0 W : [2 T1044 ..] [SP FRAME RX] arp req,vif_idx:0 sender:[a6:8b:d2:cd:fe:9a 192.168.3.162]receiver:[00:00:00:00:00:00 192.168.3.167]
05-24 10:15:50.337 0 0 W : [2 T1044 ..] [SP FRAME TX] arp rsp,vif_idx:0 sender:[1c:79:2d:20:62:97 192.168.3.167]receiver:[a6:8b:d2:cd:fe:9a 192.168.3.162]
05-24 10:15:50.397 0 0 W : [1 T0 .s] [SP FRAME TX] arp req,vif_idx:0 sender:[1c:79:2d:20:62:97 192.168.3.167]receiver:[00:00:00:00:00:00 192.168.3.162]
05-24 10:15:50.417 0 0 W : [3 T1044 ..] [SP FRAME RX] arp rsp,vif_idx:0 sender:[a6:8b:d2:cd:fe:9a 192.168.3.162]receiver:[1c:79:2d:20:62:97 192.168.3.167]
05-24 10:15:51.421 0 0 W : [1 T0 .s] [SP FRAME TX] arp req,vif_idx:0 sender:[1c:79:2d:20:62:97 192.168.3.167]receiver:[00:00:00:00:00:00 192.168.3.19]
05-24 10:15:51.436 0 0 W : [3 T1044 ..] [SP FRAME RX] arp rsp,vif_idx:0 sender:[02:18:5d:1c:ad:fa 192.168.3.19]receiver:[1c:79:2d:20:62:97 192.168.3.167]
05-24 10:15:57.847 698 698 D HDMI : [R]: 04:83
05-24 10:15:57.849 698 873 D HDMI : [S]: 4F:84:30:00:04
05-24 10:15:58.075 698 698 D HDMI : [R]: 04:8C
05-24 10:15:58.076 698 873 D HDMI : [S]: 4F:87:1C:A4:10
05-24 10:15:58.302 698 698 D HDMI : [R]: 04:46
05-24 10:15:58.303 698 873 D HDMI : [S]: 40:47
05-24 10:15:57.057 0 0 W : [3 T0 .s] [SP FRAME TX] arp req,vif_idx:0 sender:[1c:79:2d:20:62:97 192.168.3.167]receiver:[00:00:00:00:00:00 192.168.3.107]
05-24 10:15:57.066 0 0 W : [2 T1044 ..] [SP FRAME RX] arp rsp,vif_idx:0 sender:[4a:2e:8f:95:e9:0d 192.168.3.107]receiver:[1c:79:2d:20:62:97 192.168.3.167]
05-24 10:15:57.205 0 0 W : [2 T1044 ..] [SP FRAME RX] arp req,vif_idx:0 sender:[4a:2e:8f:95:e9:0d 192.168.3.107]receiver:[00:00:00:00:00:00 192.168.3.167]
05-24 10:15:57.206 0 0 W : [2 T1044 ..] [SP FRAME TX] arp rsp,vif_idx:0 sender:[1c:79:2d:20:62:97 192.168.3.167]receiver:[4a:2e:8f:95:e9:0d 192.168.3.107]
05-24 10:15:57.286 0 0 W : [2 T1044 ..] [SP FRAME RX] arp req,vif_idx:0 sender:[3a:fd:3d:ee:5f:54 192.168.3.118]receiver:[00:00:00:00:00:00 192.168.3.167]
05-24 10:15:57.287 0 0 W : [2 T1044 ..] [SP FRAME TX] arp rsp,vif_idx:0 sender:[1c:79:2d:20:62:97 192.168.3.167]receiver:[3a:fd:3d:ee:5f:54 192.168.3.118]
05-24 10:15:57.309 0 0 W : [3 T0 .s] [SP FRAME TX] arp req,vif_idx:0 sender:[1c:79:2d:20:62:97 192.168.3.167]receiver:[00:00:00:00:00:00 192.168.3.118]
05-24 10:15:57.319 0 0 W : [2 T1044 ..] [SP FRAME RX] arp rsp,vif_idx:0 sender:[3a:fd:3d:ee:5f:54 192.168.3.118]receiver:[1c:79:2d:20:62:97 192.168.3.167]
05-24 10:15:58.333 0 0 W : [2 T0 .s] [SP FRAME TX] arp req,vif_idx:0 sender:[1c:79:2d:20:62:97 192.168.3.167]receiver:[00:00:00:00:00:00 192.168.3.11]
05-24 10:15:58.342 0 0 W : [2 T1044 ..] [SP FRAME RX] arp rsp,vif_idx:0 sender:[b4:2f:03:15:e9:0b 192.168.3.11]receiver:[1c:79:2d:20:62:97 192.168.3.167]
05-24 10:15:58.359 0 0 W : [2 T1044 ..] [SP FRAME RX] arp req,vif_idx:0 sender:[b4:2f:03:15:e9:0b 192.168.3.11]receiver:[00:00:00:00:00:00 192.168.3.167]
05-24 10:15:58.360 0 0 W : [2 T1044 ..] [SP FRAME TX] arp rsp,vif_idx:0 sender:[1c:79:2d:20:62:97 192.168.3.167]receiver:[b4:2f:03:15:e9:0b 192.168.3.11]
05-24 10:15:58.589 0 0 W : [3 T0 .s] [SP FRAME TX] arp req,vif_idx:0 sender:[1c:79:2d:20:62:97 192.168.3.167]receiver:[00:00:00:00:00:00 192.168.3.226]
05-24 10:15:58.600 0 0 W : [1 T1044 ..] [SP FRAME RX] arp rsp,vif_idx:0 sender:[42:87:91:b7:6d:20 192.168.3.226]receiver:[1c:79:2d:20:62:97 192.168.3.167]
05-24 10:15:58.643 0 0 W : [1 T1044 ..] [SP FRAME RX] arp req,vif_idx:0 sender:[42:87:91:b7:6d:20 192.168.3.226]receiver:[00:00:00:00:00:00 192.168.3.167]
05-24 10:15:58.644 0 0 W : [1 T1044 ..] [SP FRAME TX] arp rsp,vif_idx:0 sender:[1c:79:2d:20:62:97 192.168.3.167]receiver:[42:87:91:b7:6d:20 192.168.3.226]
05-24 10:16:07.517 698 802 W ContextImpl: Calling a method in the system process without a qualified user: android.app.ContextImpl.sendBroadcast:1220 com.android.server.policy.PhoneWindowManager.interceptSystemKeysAndShortcuts:3687 com.android.server.policy.PhoneWindowManager.interceptKeyBeforeDispatching:3212 com.android.server.wm.InputManagerCallback.interceptKeyBeforeDispatching:183 com.android.server.input.InputManagerService.interceptKeyBeforeDispatching:2507
05-24 10:16:07.570 698 976 W WindowManager: [addWindow] title:
05-24 10:16:07.593 698 976 D CoreBackPreview: Window{92917b5 u0 com.dangbei.lerad.etna.haqu}: Setting back callback OnBackInvokedCallbackInfo{mCallback=android.window.IOnBackInvokedCallback$Stub$Proxy@1dbd6d8, mPriority=0, mIsAnimationCallback=false}
05-24 10:16:01.955 0 0 I [1 T229 ..] servicemanager: Found android.hardware.graphics.allocator.IAllocator/default in device VINTF manifest.
05-24 10:16:01.957 0 0 I [3 T229 ..] servicemanager: Found android.hardware.graphics.allocator.IAllocator/default in device VINTF manifest.
05-24 10:16:01.993 0 0 W : [0 T1044 ..] [SP FRAME RX] arp req,vif_idx:0 sender:[4e:df:ee:48:4b:63 192.168.3.151]receiver:[00:00:00:00:00:00 192.168.3.167]
05-24 10:16:01.994 0 0 W : [0 T1044 ..] [SP FRAME TX] arp rsp,vif_idx:0 sender:[1c:79:2d:20:62:97 192.168.3.167]receiver:[4e:df:ee:48:4b:63 192.168.3.151]
05-24 10:16:07.678 698 720 W ContextImpl: Calling a method in the system process without a qualified user: android.app.ContextImpl.startService:1899 com.android.server.wm.DisplayPolicy.lambda$focusChangedLw$5:2126 com.android.server.wm.DisplayPolicy.$r8$lambda$Znxk63oh-WzVnzo_WQefN7uxV48:0 com.android.server.wm.DisplayPolicy$$ExternalSyntheticLambda13.run:0 android.os.Handler.handleCallback:958
05-24 10:16:07.680 698 720 D OomAdjuster: Not killing cached processes
05-24 10:16:02.173 0 0 W : [2 T3289 .s] [SP FRAME TX] arp req,vif_idx:0 sender:[1c:79:2d:20:62:97 192.168.3.167]receiver:[00:00:00:00:00:00 192.168.3.151]
05-24 10:16:02.191 0 0 W : [0 T1044 ..] [SP FRAME RX] arp rsp,vif_idx:0 sender:[4e:df:ee:48:4b:63 192.168.3.151]receiver:[1c:79:2d:20:62:97 192.168.3.167]
05-24 10:16:08.659 1398 2189 W ContextImpl: Calling a method in the system process without a qualified user: android.app.ContextImpl.startActivity:1102 android.content.ContextWrapper.startActivity:436 com.dangbei.etna.setting.function.side.SideHelper.doSetting:165 com.dangbei.etna.setting.function.side.SideHelper.onMessage:45 com.dangbei.etna.setting.ui.side.view.SideItemView$onClick$1$1.invokeSuspend:82
05-24 10:16:08.659 1398 2189 W ContextImpl: Calling a method in the system process without a qualified user: android.app.ContextImpl.startActivity:1114 android.app.ContextImpl.startActivity:1103 android.content.ContextWrapper.startActivity:436 com.dangbei.etna.setting.function.side.SideHelper.doSetting:165 com.dangbei.etna.setting.function.side.SideHelper.onMessage:45
05-24 10:16:08.679 698 1064 D CompatibilityChangeReporter: Compat change id reported: 197654537; UID 1000; state: ENABLED
05-24 10:16:08.681 698 1064 V SplashScreenExceptionList: SplashScreen checking exception for package com.dangbei.haqusetting (target sdk:31) -> false
05-24 10:16:08.681 698 1064 D CompatibilityChangeReporter: Compat change id reported: 205907456; UID 1000; state: DISABLED
05-24 10:16:08.684 698 1064 I ActivityTaskManager: START u0 {dat=haqu://setting:8080/... flg=0x10000000 pkg=com.dangbei.haqusetting cmp=com.dangbei.haqusetting/.ui.HomeActivity} with LAUNCH_MULTIPLE from uid 1000 (BAL_ALLOW_ALLOWLISTED_UID) result code=0
05-24 10:16:08.684 909 972 V WindowManagerShell: Transition requested: android.os.BinderProxy@e8d7de5 TransitionRequestInfo { type = 1, triggerTask = TaskInfo{userId=0 taskId=28 displayId=0 isRunning=true baseIntent=Intent { dat=haqu://setting:8080/... flg=0x10000000 pkg=com.dangbei.haqusetting cmp=com.dangbei.haqusetting/.ui.HomeActivity } baseActivity=ComponentInfo{com.dangbei.haqusetting/com.dangbei.haqusetting.ui.HomeActivity} topActivity=ComponentInfo{com.dangbei.haqusetting/com.dangbei.haqusetting.ui.HomeActivity} origActivity=null realActivity=ComponentInfo{com.dangbei.haqusetting/com.dangbei.haqusetting.ui.HomeActivity} numActivities=1 lastActiveTime=191290 supportsMultiWindow=true resizeMode=1 isResizeable=true minWidth=-1 minHeight=-1 defaultMinSize=220 token=WCT{android.window.IWindowContainerToken$Stub$Proxy@2b890ba} topActivityType=1 pictureInPictureParams=null shouldDockBigOverlays=true launchIntoPipHostTaskId=-1 lastParentTaskIdBeforePip=-1 displayCutoutSafeInsets=null topActivityInfo=ActivityInfo{e8a7b6b com.dangbei.haqusetting.ui.HomeActivity} launchCookies=[] positionInParent=Point(0, 0) parentTaskId=-1 isFocused=false isVisible=false isVisibleRequested=false isSleeping=false topActivityInSizeCompat=false topActivityEligibleForLetterboxEducation= false isLetterboxDoubleTapEnabled= false topActivityEligibleForUserAspectRatioButton= false topActivityBoundsLetterboxed= false isFromLetterboxDoubleTap= false topActivityLetterboxVerticalPosition= -1 topActivityLetterboxHorizontalPosition= -1 topActivityLetterboxWidth=-1 topActivityLetterboxHeight=-1 isUserFullscreenOverrideEnabled=false isTopActivityTransparent=true locusId=null displayAreaFeatureId=1 cameraCompatControlState=hidden}, remoteTransition = null, displayChange = null, flags = 0 }
05-24 10:16:08.686 698 722 I ActivityManager: com.dangbei.haqusetting is exempt from freezer
05-24 10:16:08.686 698 722 D CompatibilityChangeReporter: Compat change id reported: 135634846; UID 1000; state: DISABLED
05-24 10:16:08.687 698 1064 D CoreBackPreview: Window{92917b5 u0 com.dangbei.lerad.etna.haqu}: Setting back callback null
05-24 10:16:08.714 698 722 V WindowManager: Unknown focus tokens, dropping reportFocusChanged
05-24 10:16:08.726 698 731 I ActivityManager: Start proc 3301:com.dangbei.haqusetting/1000 for next-top-activity {com.dangbei.haqusetting/com.dangbei.haqusetting.ui.HomeActivity}
05-24 10:16:03.144 0 0 I [0 T2791 ..] [amlv4l]: [3]: reset mode: 1, es frames buffering: 2
05-24 10:16:03.145 0 0 D [0 T2791 ..] [h265]: [0]h265:pts_unstable=0
05-24 10:16:03.145 0 0 D [0 T2791 ..] [h265]: [0]h265: ver (201602101,0) decinfo: 0x0 rate=3600
05-24 10:16:03.145 0 0 I [0 T2791 ..] [amlv4l]: [3]: reset mode: 1, es frames buffering: 0
05-24 10:16:03.146 0 0 D [0 T2791 ..] [h265]: [0]h265:pts_unstable=0
05-24 10:16:03.146 0 0 D [0 T2791 ..] [h265]: [0]h265: ver (201602101,0) decinfo: 0x0 rate=3600
05-24 10:16:08.801 698 720 W ContextImpl: Calling a method in the system process without a qualified user: android.app.ContextImpl.startService:1899 com.android.server.wm.DisplayPolicy.lambda$focusChangedLw$5:2126 com.android.server.wm.DisplayPolicy.$r8$lambda$Znxk63oh-WzVnzo_WQefN7uxV48:0 com.android.server.wm.DisplayPolicy$$ExternalSyntheticLambda13.run:0 android.os.Handler.handleCallback:958
05-24 10:16:03.155 0 0 I [0 T2786 ..] [amlv4l]: [3]: reset mode: 1, es frames buffering: 0
05-24 10:16:03.155 0 0 D [0 T2786 ..] [h265]: [0]h265:pts_unstable=0
05-24 10:16:03.155 0 0 D [0 T2786 ..] [h265]: [0]h265: ver (201602101,0) decinfo: 0x0 rate=3600
05-24 10:16:03.158 0 0 D [3 T2786 ..] [amlcom]: vdec_release instance 00000000047ec49e, total 1
05-24 10:16:03.158 0 0 I [3 T2786 ..] [amlcom]: dos_local_config end, id 3, is_on 0
05-24 10:16:03.158 0 0 D [3 T2786 ..] [media_clock]: the clk_hevcf_mux clock off, ref cnt: 0
05-24 10:16:08.808 909 972 D WindowManagerShell: TvPipController: onTaskStackChanged()
05-24 10:16:03.158 0 0 I : [3 T2786 ..] deinit session
05-24 10:16:03.159 0 0 I : [3 T2786 ..] deinit session producer-2
05-24 10:16:03.160 0 0 I : [3 T2786 ..] deinit has_unusing_fifo [1]
05-24 10:16:03.160 0 0 I : [1 T99 ..] p_fifo[2] name[aml-vcodec-dec] state[0] to MP_FIFO_UNUSED
05-24 10:16:08.938 698 767 V WindowManager: app ------------- force_land :0
05-24 10:16:08.942 698 976 D CompatibilityChangeReporter: Compat change id reported: 161145287; UID 1000; state: ENABLED
05-24 10:16:08.942 698 976 D CompatibilityChangeReporter: Compat change id reported: 161145287; UID 1000; state: DISABLED
05-24 10:16:08.951 3301 3325 W ContextImpl: Calling a method in the system process without a qualified user: android.app.ContextImpl.bindService:1988 android.content.ContextWrapper.bindService:861 com.dangbei.lerad.etna.lib.client.EtnaClient.bindServer:138 com.dangbei.lerad.etna.lib.client.EtnaClient.access$600:29 com.dangbei.lerad.etna.lib.client.EtnaClient$3.call:205
05-24 10:16:08.953 698 976 D CompatibilityChangeReporter: Compat change id reported: 261072174; UID 1000; state: DISABLED
05-24 10:16:09.002 698 767 W WindowManager: [addWindow] title:com.dangbei.haqusetting/com.dangbei.haqusetting.ui.HomeActivity
05-24 10:16:09.019 698 767 D CoreBackPreview: Window{49f2f8b u0 com.dangbei.haqusetting/com.dangbei.haqusetting.ui.HomeActivity}: Setting back callback OnBackInvokedCallbackInfo{mCallback=android.window.IOnBackInvokedCallback$Stub$Proxy@7b63481, mPriority=0, mIsAnimationCallback=false}
05-24 10:16:03.422 0 0 I [0 T229 ..] servicemanager: Found android.hardware.graphics.allocator.IAllocator/default in device VINTF manifest.
05-24 10:16:03.424 0 0 I [1 T229 ..] servicemanager: Found android.hardware.graphics.allocator.IAllocator/default in device VINTF manifest.
05-24 10:16:09.099 909 972 V WindowManagerShell: onTransitionReady android.os.BinderProxy@e8d7de5: {id=4 t=OPEN f=0x0 trk=0 r=[0@Point(0, 0)] c=[{WCT{android.window.IWindowContainerToken$Stub$Proxy@4cefe86} m=OPEN f=TRANSLUCENT leash=Surface(name=Task=28)/@0x25356c8 sb=Rect(0, 0 - 1920, 1080) eb=Rect(0, 0 - 1920, 1080) d=0}]}
05-24 10:16:09.101 909 972 V WindowManagerShell: Playing animation for (#4)android.os.BinderProxy@e8d7de5@0
05-24 10:16:09.101 909 972 V WindowManagerShell: try handler com.android.wm.shell.keyguard.KeyguardTransitionHandler@d0b8a65
05-24 10:16:09.101 909 972 V WindowManagerShell: try handler com.android.wm.shell.pip.tv.TvPipTransition@132e33a
05-24 10:16:09.101 909 972 V WindowManagerShell: try handler com.android.wm.shell.activityembedding.ActivityEmbeddingController@cc29beb
05-24 10:16:09.101 909 972 V WindowManagerShell: try handler com.android.wm.shell.transition.RemoteTransitionHandler@d202d48
05-24 10:16:09.101 909 972 V WindowManagerShell: Transition doesn't have explicit remote, search filters for match for {id=4 t=OPEN f=0x0 trk=0 r=[0@Point(0, 0)] c=[{WCT{android.window.IWindowContainerToken$Stub$Proxy@4cefe86} m=OPEN f=TRANSLUCENT leash=Surface(name=Task=28)/@0x25356c8 sb=Rect(0, 0 - 1920, 1080) eb=Rect(0, 0 - 1920, 1080) d=0}]}
05-24 10:16:09.102 909 972 V WindowManagerShell: Delegate animation for #4 to null
05-24 10:16:09.102 909 972 V WindowManagerShell: try handler com.android.wm.shell.transition.DefaultTransitionHandler@22f67e1
05-24 10:16:09.102 909 972 V WindowManagerShell: start default transition animation, info = {id=4 t=OPEN f=0x0 trk=0 r=[0@Point(0, 0)] c=[{WCT{android.window.IWindowContainerToken$Stub$Proxy@4cefe86} m=OPEN f=TRANSLUCENT leash=Surface(name=Task=28)/@0x25356c8 sb=Rect(0, 0 - 1920, 1080) eb=Rect(0, 0 - 1920, 1080) d=0}]}
05-24 10:16:09.102 909 972 V WindowManagerShell: loadAnimation: anim=android.view.animation.AlphaAnimation@f536347 animAttr=0x4 type=OPEN isEntrance=true
05-24 10:16:09.103 909 972 V WindowManagerShell: animated by com.android.wm.shell.transition.DefaultTransitionHandler@22f67e1
05-24 10:16:09.106 698 719 V WindowManager: Sent Transition #4 createdAt=05-24 10:16:08.672 via request=TransitionRequestInfo { type = 1, triggerTask = TaskInfo{userId=0 taskId=28 displayId=0 isRunning=true baseIntent=Intent { dat=haqu://setting:8080/... flg=0x10000000 pkg=com.dangbei.haqusetting cmp=com.dangbei.haqusetting/.ui.HomeActivity } baseActivity=ComponentInfo{com.dangbei.haqusetting/com.dangbei.haqusetting.ui.HomeActivity} topActivity=ComponentInfo{com.dangbei.haqusetting/com.dangbei.haqusetting.ui.HomeActivity} origActivity=null realActivity=ComponentInfo{com.dangbei.haqusetting/com.dangbei.haqusetting.ui.HomeActivity} numActivities=1 lastActiveTime=191290 supportsMultiWindow=true resizeMode=1 isResizeable=true minWidth=-1 minHeight=-1 defaultMinSize=220 token=WCT{RemoteToken{69097bd Task{a11641c #28 type=standard A=1000:com.dangbei.haqusetting}}} topActivityType=1 pictureInPictureParams=null shouldDockBigOverlays=true launchIntoPipHostTaskId=-1 lastParentTaskIdBeforePip=-1 displayCutoutSafeInsets=null topActivityInfo=ActivityInfo{2fa61b2 com.dangbei.haqusetting.ui.HomeActivity} launchCookies=[] positionInParent=Point(0, 0) parentTaskId=-1 isFocused=false isVisible=false isVisibleRequested=false isSleeping=false topActivityInSizeCompat=false topActivityEligibleForLetterboxEducation= false isLetterboxDoubleTapEnabled= false topActivityEligibleForUserAspectRatioButton= false topActivityBoundsLetterboxed= false isFromLetterboxDoubleTap= false topActivityLetterboxVerticalPosition= -1 topActivityLetterboxHorizontalPosition= -1 topActivityLetterboxWidth=-1 topActivityLetterboxHeight=-1 isUserFullscreenOverrideEnabled=false isTopActivityTransparent=true locusId=null displayAreaFeatureId=1 cameraCompatControlState=hidden}, remoteTransition = null, displayChange = null, flags = 0 }
05-24 10:16:09.106 698 719 V WindowManager: startWCT=WindowContainerTransaction { changes = {} hops = [] errorCallbackToken=null taskFragmentOrganizer=null }
05-24 10:16:09.106 698 719 V WindowManager: info={id=4 t=OPEN f=0x0 trk=0 r=[0@Point(0, 0)] c=[{WCT{RemoteToken{69097bd Task{a11641c #28 type=standard A=1000:com.dangbei.haqusetting}}} m=OPEN f=TRANSLUCENT leash=Surface(name=Task=28)/@0x959d926 sb=Rect(0, 0 - 1920, 1080) eb=Rect(0, 0 - 1920, 1080) d=0}]}
05-24 10:16:09.123 698 720 W ContextImpl: Calling a method in the system process without a qualified user: android.app.ContextImpl.startService:1899 com.android.server.wm.DisplayPolicy.lambda$focusChangedLw$5:2126 com.android.server.wm.DisplayPolicy.$r8$lambda$Znxk63oh-WzVnzo_WQefN7uxV48:0 com.android.server.wm.DisplayPolicy$$ExternalSyntheticLambda13.run:0 android.os.Handler.handleCallback:958
05-24 10:16:09.153 698 976 D CompatibilityChangeReporter: Compat change id reported: 214016041; UID 1000; state: ENABLED
05-24 10:16:09.155 698 976 D CompatibilityChangeReporter: Compat change id reported: 214016041; UID 1000; state: DISABLED
05-24 10:16:03.705 0 0 W [3 T3153 ..] audit: audit_lost=205 audit_rate_limit=5 audit_backlog_limit=64
05-24 10:16:03.705 0 0 E [3 T3153 ..] audit: rate limit exceeded
05-24 10:16:09.510 909 972 V WindowManagerShell: Transition animation finished (aborted=false), notifying core (#4)android.os.BinderProxy@e8d7de5@0
05-24 10:16:09.513 698 719 V WindowManager: Finish Transition #4: created at
05-24 10:16:08.672 collect-started=0.149ms request-sent=11.529ms started=13.321ms ready=269.367ms sent=425.861ms finished=839.916ms
05-24 10:16:09.517 909 972 V WindowManagerShell: Track 0 became idle
05-24 10:16:09.517 909 972 V WindowManagerShell: All active transition animations finished
05-24 10:16:03.904 0 0 W : [3 T1044 ..] [SP FRAME RX] arp req,vif_idx:0 sender:[a6:8b:d2:cd:fe:9a 192.168.3.162]receiver:[00:00:00:00:00:00 192.168.3.167]
05-24 10:16:03.905 0 0 W : [3 T1044 ..] [SP FRAME TX] arp rsp,vif_idx:0 sender:[1c:79:2d:20:62:97 192.168.3.167]receiver:[a6:8b:d2:cd:fe:9a 192.168.3.162]
05-24 10:16:03.965 0 0 W : [2 T1164 .s] [SP FRAME TX] arp req,vif_idx:0 sender:[1c:79:2d:20:62:97 192.168.3.167]receiver:[00:00:00:00:00:00 192.168.3.176]
05-24 10:16:03.966 0 0 W : [2 T1164 .s] [SP FRAME TX] arp req,vif_idx:0 sender:[1c:79:2d:20:62:97 192.168.3.167]receiver:[00:00:00:00:00:00 192.168.3.161]
05-24 10:16:03.968 0 0 W : [2 T1164 .s] [SP FRAME TX] arp req,vif_idx:0 sender:[1c:79:2d:20:62:97 192.168.3.167]receiver:[00:00:00:00:00:00 192.168.3.105]
05-24 10:16:03.969 0 0 W : [2 T1164 .s] [SP FRAME TX] arp req,vif_idx:0 sender:[1c:79:2d:20:62:97 192.168.3.167]receiver:[00:00:00:00:00:00 192.168.3.68]
05-24 10:16:03.995 0 0 W : [3 T1044 ..] [SP FRAME RX] arp rsp,vif_idx:0 sender:[86:c4:12:e3:5b:28 192.168.3.161]receiver:[1c:79:2d:20:62:97 192.168.3.167]
05-24 10:16:04.028 0 0 W : [3 T1044 ..] [SP FRAME RX] arp req,vif_idx:0 sender:[4c:6b:b8:99:ce:34 192.168.3.68]receiver:[00:00:00:00:00:00 192.168.3.167]
05-24 10:16:04.029 0 0 W : [3 T1044 ..] [SP FRAME TX] arp rsp,vif_idx:0 sender:[1c:79:2d:20:62:97 192.168.3.167]receiver:[4c:6b:b8:99:ce:34 192.168.3.68]
05-24 10:16:04.041 0 0 W : [3 T1044 ..] [SP FRAME RX] arp req,vif_idx:0 sender:[16:8e:6e:17:dc:41 192.168.3.176]receiver:[00:00:00:00:00:00 192.168.3.167]
05-24 10:16:04.042 0 0 W : [3 T1044 ..] [SP FRAME TX] arp rsp,vif_idx:0 sender:[1c:79:2d:20:62:97 192.168.3.167]receiver:[16:8e:6e:17:dc:41 192.168.3.176]
05-24 10:16:04.044 0 0 W : [3 T1044 ..] [SP FRAME RX] arp rsp,vif_idx:0 sender:[16:8e:6e:17:dc:41 192.168.3.176]receiver:[1c:79:2d:20:62:97 192.168.3.167]
05-24 10:16:04.046 0 0 W : [3 T1044 ..] [SP FRAME RX] arp rsp,vif_idx:0 sender:[4c:6b:b8:99:ce:34 192.168.3.68]receiver:[1c:79:2d:20:62:97 192.168.3.167]
05-24 10:16:04.047 0 0 W : [3 T1044 ..] [SP FRAME RX] arp rsp,vif_idx:0 sender:[02:91:37:fc:9e:f6 192.168.3.105]receiver:[1c:79:2d:20:62:97 192.168.3.167]
05-24 10:16:04.052 0 0 W : [3 T1044 ..] [SP FRAME RX] arp req,vif_idx:0 sender:[86:c4:12:e3:5b:28 192.168.3.161]receiver:[00:00:00:00:00:00 192.168.3.167]
05-24 10:16:04.053 0 0 W : [3 T1044 ..] [SP FRAME TX] arp rsp,vif_idx:0 sender:[1c:79:2d:20:62:97 192.168.3.167]receiver:[86:c4:12:e3:5b:28 192.168.3.161]
05-24 10:16:04.115 0 0 W : [3 T1044 ..] [SP FRAME RX] arp req,vif_idx:0 sender:[02:18:5d:1c:ad:fa 192.168.3.19]receiver:[00:00:00:00:00:00 192.168.3.167]
05-24 10:16:04.116 0 0 W : [3 T1044 ..] [SP FRAME TX] arp rsp,vif_idx:0 sender:[1c:79:2d:20:62:97 192.168.3.167]receiver:[02:18:5d:1c:ad:fa 192.168.3.19]
05-24 10:16:04.705 0 0 W : [3 T609 ..] [aml_cfg80211_scan 1812] n_channels:36,iftype:2
05-24 10:16:04.705 0 0 W : [3 T609 ..] [aml_send_scanu_req 2532] vif:0
05-24 10:16:04.706 0 0 W : [3 T609 ..] [aml_send_scanu_req 2563] len:4 ssid:DZNB
05-24 10:16:04.706 0 0 W : [3 T609 ..] >>> aml_send_msg()
05-24 10:16:04.708 0 0 W : [1 T1038 ..] ipc_sdio_host_msgack_handler 0000000029a48cb3
05-24 10:16:04.709 0 0 W : [1 T1038 ..] [aml_msgackind 2038] msg ack hostid=0xffffff807f587e80
05-24 10:16:04.710 0 0 W : [1 T1038 ..] [cmd_mgr_llind 329] cmd tkn[35] flags:0008 result: -4 cmd:4096-SCANU_START_REQ - reqcfm( 0-none)
05-24 10:16:04.711 0 0 W : [1 T1038 ..] [cmd_complete 65] cmd tkn[35] flags:0000 result: -4 cmd:4096-SCANU_START_REQ - reqcfm( 0-none)
05-24 10:16:12.697 698 1379 E TaskPersister: File error accessing recents directory (directory doesn't exist?).
05-24 10:16:13.803 1398 1438 W ContextImpl: Calling a method in the system process without a qualified user: android.app.ContextImpl.startActivity:1102 android.content.ContextWrapper.startActivity:436 com.dangbei.etna.update.ota.OtaUpdateHelper.startOtaUpdateActivity:323 com.dangbei.etna.update.UpdateHelper.onMessageReceived:85 com.dangbei.etna.update.UpdateEtnaClientListener.onMessageReceived:24
05-24 10:16:13.803 1398 1438 W ContextImpl: Calling a method in the system process without a qualified user: android.app.ContextImpl.startActivity:1114 android.app.ContextImpl.startActivity:1103 android.content.ContextWrapper.startActivity:436 com.dangbei.etna.update.ota.OtaUpdateHelper.startOtaUpdateActivity:323 com.dangbei.etna.update.UpdateHelper.onMessageReceived:85
05-24 10:16:13.806 698 1064 D CompatibilityChangeReporter: Compat change id reported: 265464455; UID 1000; state: DISABLED
05-24 10:16:13.807 698 1064 D CompatibilityChangeReporter: Compat change id reported: 265452344; UID 1000; state: DISABLED
05-24 10:16:13.807 698 1064 D CompatibilityChangeReporter: Compat change id reported: 266124927; UID 1000; state: DISABLED
05-24 10:16:13.808 698 1064 D CompatibilityChangeReporter: Compat change id reported: 265451093; UID 1000; state: DISABLED
05-24 10:16:13.808 698 1064 D CompatibilityChangeReporter: Compat change id reported: 265456536; UID 1000; state: DISABLED
05-24 10:16:13.809 698 1064 D CompatibilityChangeReporter: Compat change id reported: 255940284; UID 1000; state: DISABLED
05-24 10:16:13.809 698 1064 D CompatibilityChangeReporter: Compat change id reported: 236283604; UID 1000; state: DISABLED
05-24 10:16:13.810 698 1064 D CompatibilityChangeReporter: Compat change id reported: 263959004; UID 1000; state: DISABLED
05-24 10:16:13.810 698 1064 D CompatibilityChangeReporter: Compat change id reported: 264304459; UID 1000; state: DISABLED
05-24 10:16:13.811 698 1064 D CompatibilityChangeReporter: Compat change id reported: 264301586; UID 1000; state: DISABLED
05-24 10:16:13.811 698 1064 D CompatibilityChangeReporter: Compat change id reported: 254631730; UID 1000; state: DISABLED
05-24 10:16:13.812 698 1064 D CompatibilityChangeReporter: Compat change id reported: 273509367; UID 1000; state: DISABLED
05-24 10:16:13.812 698 1064 D CompatibilityChangeReporter: Compat change id reported: 263259275; UID 1000; state: DISABLED
05-24 10:16:13.813 698 1064 D CompatibilityChangeReporter: Compat change id reported: 174042980; UID 1000; state: DISABLED
05-24 10:16:13.813 698 1064 D CompatibilityChangeReporter: Compat change id reported: 174042936; UID 1000; state: DISABLED
05-24 10:16:13.814 698 1064 D CompatibilityChangeReporter: Compat change id reported: 181136395; UID 1000; state: DISABLED
05-24 10:16:13.830 698 1064 D CompatibilityChangeReporter: Compat change id reported: 197654537; UID 1000; state: DISABLED
05-24 10:16:13.833 698 1064 V SplashScreenExceptionList: SplashScreen checking exception for package com.dangbei.lerad.etna.haqu (target sdk:28) -> false
05-24 10:16:13.834 698 1064 D CompatibilityChangeReporter: Compat change id reported: 205907456; UID 1000; state: DISABLED
05-24 10:16:13.838 909 972 V WindowManagerShell: Transition requested: android.os.BinderProxy@ed8ece3 TransitionRequestInfo { type = 1, triggerTask = TaskInfo{userId=0 taskId=29 displayId=0 isRunning=true baseIntent=Intent { flg=0x10800000 cmp=com.dangbei.lerad.etna.haqu/com.dangbei.etna.update.ota.OtaUpdateActivity } baseActivity=ComponentInfo{com.dangbei.lerad.etna.haqu/com.dangbei.etna.update.ota.OtaUpdateActivity} topActivity=ComponentInfo{com.dangbei.lerad.etna.haqu/com.dangbei.etna.update.ota.OtaUpdateActivity} origActivity=null realActivity=ComponentInfo{com.dangbei.lerad.etna.haqu/com.dangbei.etna.update.ota.OtaUpdateActivity} numActivities=1 lastActiveTime=196443 supportsMultiWindow=true resizeMode=1 isResizeable=true minWidth=-1 minHeight=-1 defaultMinSize=220 token=WCT{android.window.IWindowContainerToken$Stub$Proxy@51c36e0} topActivityType=1 pictureInPictureParams=null shouldDockBigOverlays=true launchIntoPipHostTaskId=-1 lastParentTaskIdBeforePip=-1 displayCutoutSafeInsets=null topActivityInfo=ActivityInfo{6fbcd99 com.dangbei.etna.update.ota.OtaUpdateActivity} launchCookies=[] positionInParent=Point(0, 0) parentTaskId=-1 isFocused=false isVisible=false isVisibleRequested=false isSleeping=false topActivityInSizeCompat=false topActivityEligibleForLetterboxEducation= false isLetterboxDoubleTapEnabled= false topActivityEligibleForUserAspectRatioButton= false topActivityBoundsLetterboxed= false isFromLetterboxDoubleTap= false topActivityLetterboxVerticalPosition= -1 topActivityLetterboxHorizontalPosition= -1 topActivityLetterboxWidth=-1 topActivityLetterboxHeight=-1 isUserFullscreenOverrideEnabled=false isTopActivityTransparent=true locusId=null displayAreaFeatureId=1 cameraCompatControlState=hidden}, remoteTransition = null, displayChange = null, flags = 0 }
05-24 10:16:13.838 698 1064 I ActivityTaskManager: START u0 {flg=0x10000000 cmp=com.dangbei.lerad.etna.haqu/com.dangbei.etna.update.ota.OtaUpdateActivity} with LAUNCH_SINGLE_TASK from uid 1000 (BAL_ALLOW_ALLOWLISTED_UID) result code=0
05-24 10:16:13.844 698 1064 V WindowManager: app ------------- force_land :0
05-24 10:16:13.955 909 972 D WindowManagerShell: TvPipController: onTaskStackChanged()
05-24 10:16:13.995 698 767 W WindowManager: [addWindow] title:com.dangbei.lerad.etna.haqu/com.dangbei.etna.update.ota.OtaUpdateActivity
05-24 10:16:13.995 698 1064 W WindowManager: Failed looking up window session=Session{fadcc3e 1398:1000} callers=com.android.server.wm.WindowManagerService.windowForClientLocked:6075 com.android.server.wm.Session.updateRequestedVisibleTypes:695 android.view.IWindowSession$Stub.onTransact:1034
05-24 10:16:14.010 698 767 D CoreBackPreview: Window{bbd86c5 u0 com.dangbei.lerad.etna.haqu/com.dangbei.etna.update.ota.OtaUpdateActivity}: Setting back callback OnBackInvokedCallbackInfo{mCallback=android.window.IOnBackInvokedCallback$Stub$Proxy@a54df4b, mPriority=0, mIsAnimationCallback=false}
05-24 10:16:14.082 698 719 V WindowManager: Sent Transition #5 createdAt=05-24 10:16:13.821 via request=TransitionRequestInfo { type = 1, triggerTask = TaskInfo{userId=0 taskId=29 displayId=0 isRunning=true baseIntent=Intent { flg=0x10800000 cmp=com.dangbei.lerad.etna.haqu/com.dangbei.etna.update.ota.OtaUpdateActivity } baseActivity=ComponentInfo{com.dangbei.lerad.etna.haqu/com.dangbei.etna.update.ota.OtaUpdateActivity} topActivity=ComponentInfo{com.dangbei.lerad.etna.haqu/com.dangbei.etna.update.ota.OtaUpdateActivity} origActivity=null realActivity=ComponentInfo{com.dangbei.lerad.etna.haqu/com.dangbei.etna.update.ota.OtaUpdateActivity} numActivities=1 lastActiveTime=196443 supportsMultiWindow=true resizeMode=1 isResizeable=true minWidth=-1 minHeight=-1 defaultMinSize=220 token=WCT{RemoteToken{6902527 Task{e2372c2 #29 type=standard A=1000:com.dangbei.lerad.etna.haqu}}} topActivityType=1 pictureInPictureParams=null shouldDockBigOverlays=true launchIntoPipHostTaskId=-1 lastParentTaskIdBeforePip=-1 displayCutoutSafeInsets=null topActivityInfo=ActivityInfo{9dbe3d4 com.dangbei.etna.update.ota.OtaUpdateActivity} launchCookies=[] positionInParent=Point(0, 0) parentTaskId=-1 isFocused=false isVisible=false isVisibleRequested=false isSleeping=false topActivityInSizeCompat=false topActivityEligibleForLetterboxEducation= false isLetterboxDoubleTapEnabled= false topActivityEligibleForUserAspectRatioButton= false topActivityBoundsLetterboxed= false isFromLetterboxDoubleTap= false topActivityLetterboxVerticalPosition= -1 topActivityLetterboxHorizontalPosition= -1 topActivityLetterboxWidth=-1 topActivityLetterboxHeight=-1 isUserFullscreenOverrideEnabled=false isTopActivityTransparent=true locusId=null displayAreaFeatureId=1 cameraCompatControlState=hidden}, remoteTransition = null, displayChange = null, flags = 0 }
05-24 10:16:14.082 698 719 V WindowManager: startWCT=WindowContainerTransaction { changes = {} hops = [] errorCallbackToken=null taskFragmentOrganizer=null }
05-24 10:16:14.082 698 719 V WindowManager: info={id=5 t=OPEN f=0x0 trk=0 r=[0@Point(0, 0)] c=[{WCT{RemoteToken{6902527 Task{e2372c2 #29 type=standard A=1000:com.dangbei.lerad.etna.haqu}}} m=OPEN f=TRANSLUCENT leash=Surface(name=Task=29)/@0x12e1d28 sb=Rect(0, 0 - 1920, 1080) eb=Rect(0, 0 - 1920, 1080) d=0}]}
05-24 10:16:14.083 909 972 V WindowManagerShell: onTransitionReady android.os.BinderProxy@ed8ece3: {id=5 t=OPEN f=0x0 trk=0 r=[0@Point(0, 0)] c=[{WCT{android.window.IWindowContainerToken$Stub$Proxy@5bde10c} m=OPEN f=TRANSLUCENT leash=Surface(name=Task=29)/@0xf31585e sb=Rect(0, 0 - 1920, 1080) eb=Rect(0, 0 - 1920, 1080) d=0}]}
05-24 10:16:14.084 909 972 V WindowManagerShell: Playing animation for (#5)android.os.BinderProxy@ed8ece3@0
05-24 10:16:14.084 909 972 V WindowManagerShell: try handler com.android.wm.shell.keyguard.KeyguardTransitionHandler@d0b8a65
05-24 10:16:14.084 909 972 V WindowManagerShell: try handler com.android.wm.shell.pip.tv.TvPipTransition@132e33a
05-24 10:16:14.084 909 972 V WindowManagerShell: try handler com.android.wm.shell.activityembedding.ActivityEmbeddingController@cc29beb
05-24 10:16:14.084 909 972 V WindowManagerShell: try handler com.android.wm.shell.transition.RemoteTransitionHandler@d202d48
05-24 10:16:14.084 909 972 V WindowManagerShell: Transition doesn't have explicit remote, search filters for match for {id=5 t=OPEN f=0x0 trk=0 r=[0@Point(0, 0)] c=[{WCT{android.window.IWindowContainerToken$Stub$Proxy@5bde10c} m=OPEN f=TRANSLUCENT leash=Surface(name=Task=29)/@0xf31585e sb=Rect(0, 0 - 1920, 1080) eb=Rect(0, 0 - 1920, 1080) d=0}]}
05-24 10:16:14.084 909 972 V WindowManagerShell: Delegate animation for #5 to null
05-24 10:16:14.084 909 972 V WindowManagerShell: try handler com.android.wm.shell.transition.DefaultTransitionHandler@22f67e1
05-24 10:16:14.084 909 972 V WindowManagerShell: start default transition animation, info = {id=5 t=OPEN f=0x0 trk=0 r=[0@Point(0, 0)] c=[{WCT{android.window.IWindowContainerToken$Stub$Proxy@5bde10c} m=OPEN f=TRANSLUCENT leash=Surface(name=Task=29)/@0xf31585e sb=Rect(0, 0 - 1920, 1080) eb=Rect(0, 0 - 1920, 1080) d=0}]}
05-24 10:16:14.084 909 972 V WindowManagerShell: loadAnimation: anim=android.view.animation.AlphaAnimation@7b2aa55 animAttr=0x4 type=OPEN isEntrance=true
05-24 10:16:14.086 909 972 V WindowManagerShell: animated by com.android.wm.shell.transition.DefaultTransitionHandler@22f67e1
05-24 10:16:14.117 698 720 W ContextImpl: Calling a method in the system process without a qualified user: android.app.ContextImpl.startService:1899 com.android.server.wm.DisplayPolicy.lambda$focusChangedLw$5:2126 com.android.server.wm.DisplayPolicy.$r8$lambda$Znxk63oh-WzVnzo_WQefN7uxV48:0 com.android.server.wm.DisplayPolicy$$ExternalSyntheticLambda13.run:0 android.os.Handler.handleCallback:958
05-24 10:16:14.118 698 720 D OomAdjuster: Not killing cached processes
05-24 10:16:05.743 0 0 W : [3 T1044 ..] [aml_scan_rx 1505] scanres_payload_buf overflow, flush
05-24 10:16:08.522 0 0 W : [3 T1038 ..] >>> aml_rx_scanu_start_cfm()
05-24 10:16:14.489 909 972 V WindowManagerShell: Transition animation finished (aborted=false), notifying core (#5)android.os.BinderProxy@ed8ece3@0
05-24 10:16:14.491 698 719 V WindowManager: Finish Transition #5: created at
05-24 10:16:13.821 collect-started=0.127ms request-sent=15.206ms started=18.349ms ready=33.002ms sent=254.746ms finished=670.081ms
05-24 10:16:14.495 909 972 V WindowManagerShell: Track 0 became idle
05-24 10:16:14.495 909 972 V WindowManagerShell: All active transition animations finished
05-24 10:16:13.437 0 0 W : [0 T1474 ..] [aml_send_sync_trace 4388] sync token[54478]
05-24 10:16:13.437 0 0 W : [0 T1474 ..] >>> aml_send_msg()
05-24 10:16:13.438 0 0 W : [3 T1038 ..] ipc_sdio_host_msgack_handler 000000004f47422a
05-24 10:16:13.438 0 0 W : [3 T1038 ..] [aml_msgackind 2038] msg ack hostid=0xffffff808b2dde00
05-24 10:16:13.439 0 0 W : [3 T1038 ..] [cmd_mgr_llind 329] cmd tkn[36] flags:0008 result: -4 cmd: 105-MM_SYNC_TRACE - reqcfm( 0-none)
05-24 10:16:13.441 0 0 W : [3 T1038 ..] [cmd_complete 65] cmd tkn[36] flags:0000 result: -4 cmd: 105-MM_SYNC_TRACE - reqcfm( 0-none)
05-24 10:16:21.171 1398 1633 W ContextImpl: Calling a method in the system process without a qualified user: android.app.ContextImpl.sendBroadcast:1220 android.content.ContextWrapper.sendBroadcast:504 com.dangbei.etna.setting.core.SettingHelper.sendCycleToProjector:247 com.dangbei.etna.setting.core.SettingHelper.sendCycleCheckBroadcast:216 com.dangbei.etna.setting.core.SettingHelper.startLoop$lambda-0:174
05-24 10:16:21.173 1398 1633 W ContextImpl: Calling a method in the system process without a qualified user: android.app.ContextImpl.sendBroadcast:1220 android.content.ContextWrapper.sendBroadcast:504 com.dangbei.etna.setting.core.SettingHelper.sendCycleToVoice:232 com.dangbei.etna.setting.core.SettingHelper.sendCycleCheckBroadcast:217 com.dangbei.etna.setting.core.SettingHelper.startLoop$lambda-0:174
05-24 10:16:21.173 698 730 D OomAdjuster: Not killing cached processes
05-24 10:16:20.587 0 0 W : [1 T1044 ..] [SP FRAME RX] arp req,vif_idx:0 sender:[02:91:37:fc:9e:f6 192.168.3.105]receiver:[00:00:00:00:00:00 192.168.3.167]
05-24 10:16:20.588 0 0 W : [1 T1044 ..] [SP FRAME TX] arp rsp,vif_idx:0 sender:[1c:79:2d:20:62:97 192.168.3.167]receiver:[02:91:37:fc:9e:f6 192.168.3.105]
05-24 10:16:20.605 0 0 W : [1 T0 .s] [SP FRAME TX] arp req,vif_idx:0 sender:[1c:79:2d:20:62:97 192.168.3.167]receiver:[00:00:00:00:00:00 192.168.3.105]
05-24 10:16:20.677 0 0 W : [1 T1044 ..] [SP FRAME RX] arp rsp,vif_idx:0 sender:[02:91:37:fc:9e:f6 192.168.3.105]receiver:[1c:79:2d:20:62:97 192.168.3.167]
05-24 10:16:22.334 0 0 W : [2 T1044 ..] [SP FRAME RX] arp req,vif_idx:0 sender:[a6:8b:d2:cd:fe:9a 192.168.3.162]receiver:[00:00:00:00:00:00 192.168.3.167]
05-24 10:16:22.335 0 0 W : [2 T1044 ..] [SP FRAME TX] arp rsp,vif_idx:0 sender:[1c:79:2d:20:62:97 192.168.3.167]receiver:[a6:8b:d2:cd:fe:9a 192.168.3.162]
05-24 10:16:22.397 0 0 W : [0 T0 .s] [SP FRAME TX] arp req,vif_idx:0 sender:[1c:79:2d:20:62:97 192.168.3.167]receiver:[00:00:00:00:00:00 192.168.3.162]
05-24 10:16:22.428 0 0 W : [2 T1044 ..] [SP FRAME RX] arp rsp,vif_idx:0 sender:[a6:8b:d2:cd:fe:9a 192.168.3.162]receiver:[1c:79:2d:20:62:97 192.168.3.167]
05-24 10:16:28.635 698 698 D HDMI : [R]: 04:83
05-24 10:16:28.637 698 873 D HDMI : [S]: 4F:84:30:00:04
05-24 10:16:28.862 698 698 D HDMI : [R]: 04:8C
05-24 10:16:28.864 698 873 D HDMI : [S]: 4F:87:1C:A4:10
05-24 10:16:23.421 0 0 W : [0 T0 .s] [SP FRAME TX] arp req,vif_idx:0 sender:[1c:79:2d:20:62:97 192.168.3.167]receiver:[00:00:00:00:00:00 192.168.3.19]
05-24 10:16:29.094 698 698 D HDMI : [R]: 04:46
05-24 10:16:29.095 698 873 D HDMI : [S]: 40:47
05-24 10:16:23.448 0 0 W : [2 T1044 ..] [SP FRAME RX] arp rsp,vif_idx:0 sender:[02:18:5d:1c:ad:fa 192.168.3.19]receiver:[1c:79:2d:20:62:97 192.168.3.167]
05-24 10:16:29.053 0 0 W : [0 T0 .s] [SP FRAME TX] arp req,vif_idx:0 sender:[1c:79:2d:20:62:97 192.168.3.167]receiver:[00:00:00:00:00:00 192.168.3.107]
05-24 10:16:29.058 0 0 W : [2 T1044 ..] [SP FRAME RX] arp rsp,vif_idx:0 sender:[4a:2e:8f:95:e9:0d 192.168.3.107]receiver:[1c:79:2d:20:62:97 192.168.3.167]
05-24 10:16:29.207 0 0 W : [2 T1044 ..] [SP FRAME RX] arp req,vif_idx:0 sender:[4a:2e:8f:95:e9:0d 192.168.3.107]receiver:[00:00:00:00:00:00 192.168.3.167]
05-24 10:16:29.208 0 0 W : [2 T1044 ..] [SP FRAME TX] arp rsp,vif_idx:0 sender:[1c:79:2d:20:62:97 192.168.3.167]receiver:[4a:2e:8f:95:e9:0d 192.168.3.107]
05-24 10:16:29.287 0 0 W : [2 T1044 ..] [SP FRAME RX] arp req,vif_idx:0 sender:[3a:fd:3d:ee:5f:54 192.168.3.118]receiver:[00:00:00:00:00:00 192.168.3.167]
05-24 10:16:29.288 0 0 W : [2 T1044 ..] [SP FRAME TX] arp rsp,vif_idx:0 sender:[1c:79:2d:20:62:97 192.168.3.167]receiver:[3a:fd:3d:ee:5f:54 192.168.3.118]
05-24 10:16:29.309 0 0 W : [1 T0 .s] [SP FRAME TX] arp req,vif_idx:0 sender:[1c:79:2d:20:62:97 192.168.3.167]receiver:[00:00:00:00:00:00 192.168.3.118]
05-24 10:16:29.316 0 0 W : [2 T1044 ..] [SP FRAME RX] arp rsp,vif_idx:0 sender:[3a:fd:3d:ee:5f:54 192.168.3.118]receiver:[1c:79:2d:20:62:97 192.168.3.167]
05-24 10:16:30.333 0 0 W : [1 T0 .s] [SP FRAME TX] arp req,vif_idx:0 sender:[1c:79:2d:20:62:97 192.168.3.167]receiver:[00:00:00:00:00:00 192.168.3.11]
05-24 10:16:30.343 0 0 W : [1 T1044 ..] [SP FRAME RX] arp rsp,vif_idx:0 sender:[b4:2f:03:15:e9:0b 192.168.3.11]receiver:[1c:79:2d:20:62:97 192.168.3.167]
05-24 10:16:30.360 0 0 W : [2 T1044 ..] [SP FRAME RX] arp req,vif_idx:0 sender:[b4:2f:03:15:e9:0b 192.168.3.11]receiver:[00:00:00:00:00:00 192.168.3.167]
05-24 10:16:30.361 0 0 W : [2 T1044 ..] [SP FRAME TX] arp rsp,vif_idx:0 sender:[1c:79:2d:20:62:97 192.168.3.167]receiver:[b4:2f:03:15:e9:0b 192.168.3.11]
05-24 10:16:30.589 0 0 W : [3 T0 .s] [SP FRAME TX] arp req,vif_idx:0 sender:[1c:79:2d:20:62:97 192.168.3.167]receiver:[00:00:00:00:00:00 192.168.3.226]
05-24 10:16:30.624 0 0 W : [2 T1044 ..] [SP FRAME RX] arp rsp,vif_idx:0 sender:[42:87:91:b7:6d:20 192.168.3.226]receiver:[1c:79:2d:20:62:97 192.168.3.167]
05-24 10:16:30.653 0 0 W : [2 T1044 ..] [SP FRAME RX] arp req,vif_idx:0 sender:[42:87:91:b7:6d:20 192.168.3.226]receiver:[00:00:00:00:00:00 192.168.3.167]
05-24 10:16:30.654 0 0 W : [2 T1044 ..] [SP FRAME TX] arp rsp,vif_idx:0 sender:[1c:79:2d:20:62:97 192.168.3.167]receiver:[42:87:91:b7:6d:20 192.168.3.226]
05-24 10:16:34.173 0 0 W : [1 T0 .s] [SP FRAME TX] arp req,vif_idx:0 sender:[1c:79:2d:20:62:97 192.168.3.167]receiver:[00:00:00:00:00:00 192.168.3.151]
05-24 10:16:34.236 0 0 W : [2 T1044 ..] [SP FRAME RX] arp req,vif_idx:0 sender:[4e:df:ee:48:4b:63 192.168.3.151]receiver:[00:00:00:00:00:00 192.168.3.167]
05-24 10:16:34.237 0 0 W : [2 T1044 ..] [SP FRAME TX] arp rsp,vif_idx:0 sender:[1c:79:2d:20:62:97 192.168.3.167]receiver:[4e:df:ee:48:4b:63 192.168.3.151]
05-24 10:16:34.243 0 0 W : [1 T1044 ..] [SP FRAME RX] arp rsp,vif_idx:0 sender:[4e:df:ee:48:4b:63 192.168.3.151]receiver:[1c:79:2d:20:62:97 192.168.3.167]
05-24 10:16:40.018 698 698 V HotPlugDetectionAction: Poll all devices.
05-24 10:16:40.422 698 698 D HdmiCecController: [P]:AllocatedAddress=[0]
05-24 10:16:35.861 0 0 W : [2 T1044 ..] [SP FRAME RX] arp req,vif_idx:0 sender:[02:18:5d:1c:ad:fa 192.168.3.19]receiver:[00:00:00:00:00:00 192.168.3.167]
05-24 10:16:35.862 0 0 W : [2 T1044 ..] [SP FRAME TX] arp rsp,vif_idx:0 sender:[1c:79:2d:20:62:97 192.168.3.167]receiver:[02:18:5d:1c:ad:fa 192.168.3.19]
05-24 10:16:35.902 0 0 W : [2 T1044 ..] [SP FRAME RX] arp req,vif_idx:0 sender:[a6:8b:d2:cd:fe:9a 192.168.3.162]receiver:[00:00:00:00:00:00 192.168.3.167]
05-24 10:16:35.903 0 0 W : [2 T1044 ..] [SP FRAME TX] arp rsp,vif_idx:0 sender:[1c:79:2d:20:62:97 192.168.3.167]receiver:[a6:8b:d2:cd:fe:9a 192.168.3.162]
05-24 10:16:35.965 0 0 W : [0 T0 .s] [SP FRAME TX] arp req,vif_idx:0 sender:[1c:79:2d:20:62:97 192.168.3.167]receiver:[00:00:00:00:00:00 192.168.3.176]
05-24 10:16:35.966 0 0 W : [0 T0 .s] [SP FRAME TX] arp req,vif_idx:0 sender:[1c:79:2d:20:62:97 192.168.3.167]receiver:[00:00:00:00:00:00 192.168.3.161]
05-24 10:16:35.967 0 0 W : [0 T0 .s] [SP FRAME TX] arp req,vif_idx:0 sender:[1c:79:2d:20:62:97 192.168.3.167]receiver:[00:00:00:00:00:00 192.168.3.105]
05-24 10:16:35.969 0 0 W : [0 T0 .s] [SP FRAME TX] arp req,vif_idx:0 sender:[1c:79:2d:20:62:97 192.168.3.167]receiver:[00:00:00:00:00:00 192.168.3.68]
05-24 10:16:35.983 0 0 W : [2 T1044 ..] [SP FRAME RX] arp rsp,vif_idx:0 sender:[86:c4:12:e3:5b:28 192.168.3.161]receiver:[1c:79:2d:20:62:97 192.168.3.167]
05-24 10:16:35.985 0 0 W : [2 T1044 ..] [SP FRAME RX] arp rsp,vif_idx:0 sender:[4c:6b:b8:99:ce:34 192.168.3.68]receiver:[1c:79:2d:20:62:97 192.168.3.167]
05-24 10:16:35.986 0 0 W : [2 T1044 ..] [SP FRAME RX] arp rsp,vif_idx:0 sender:[16:8e:6e:17:dc:41 192.168.3.176]receiver:[1c:79:2d:20:62:97 192.168.3.167]
05-24 10:16:36.054 0 0 W : [2 T1044 ..] [SP FRAME RX] arp req,vif_idx:0 sender:[4c:6b:b8:99:ce:34 192.168.3.68]receiver:[00:00:00:00:00:00 192.168.3.167]
05-24 10:16:36.055 0 0 W : [2 T1044 ..] [SP FRAME TX] arp rsp,vif_idx:0 sender:[1c:79:2d:20:62:97 192.168.3.167]receiver:[4c:6b:b8:99:ce:34 192.168.3.68]
05-24 10:16:36.057 0 0 W : [2 T1044 ..] [SP FRAME RX] arp req,vif_idx:0 sender:[86:c4:12:e3:5b:28 192.168.3.161]receiver:[00:00:00:00:00:00 192.168.3.167]
05-24 10:16:36.058 0 0 W : [2 T1044 ..] [SP FRAME TX] arp rsp,vif_idx:0 sender:[1c:79:2d:20:62:97 192.168.3.167]receiver:[86:c4:12:e3:5b:28 192.168.3.161]
05-24 10:16:36.060 0 0 W : [2 T1044 ..] [SP FRAME RX] arp req,vif_idx:0 sender:[16:8e:6e:17:dc:41 192.168.3.176]receiver:[00:00:00:00:00:00 192.168.3.167]
