05-24 10:13:10.023 698 698 V StorageManagerService: Package com.oranth.ledstatus does not have legacy storage
05-24 10:13:10.023 698 698 V StorageManagerService: Package com.android.tv.overlay.lps.disabled does not have legacy storage
05-24 10:13:10.023 698 698 V StorageManagerService: Package com.dangbei.lerad.videoposter has legacy storage
05-24 10:13:10.023 698 698 V StorageManagerService: Package com.android.tv.overlay.settingsprovider does not have legacy storage
05-24 10:13:10.024 698 698 V StorageManagerService: Package com.android.safetycenter.resources does not have legacy storage
05-24 10:13:10.024 698 698 V StorageManagerService: Package com.android.pacprocessor does not have legacy storage
05-24 10:13:10.024 698 698 V StorageManagerService: Package com.android.networkstack does not have legacy storage
05-24 10:13:10.024 698 698 V StorageManagerService: Package com.android.connectivity.resources does not have legacy storage
05-24 10:13:10.024 698 698 V StorageManagerService: Package com.android.modulemetadata does not have legacy storage
05-24 10:13:10.024 698 698 V StorageManagerService: Package com.android.certinstaller does not have legacy storage
05-24 10:13:10.024 698 698 V StorageManagerService: Package com.android.wifi.dialog does not have legacy storage
05-24 10:13:10.024 698 698 V StorageManagerService: Package android does not have legacy storage
05-24 10:13:10.024 909 909 V WindowManagerShell: Adding init callback for StartingWindowController
05-24 10:13:10.024 909 909 V WindowManagerShell: Adding init callback for ProtoLogController
05-24 10:13:10.024 698 698 V StorageManagerService: Package com.android.camera2 does not have legacy storage
05-24 10:13:10.026 698 698 V StorageManagerService: Package com.android.mtp does not have legacy storage
05-24 10:13:10.026 698 698 V StorageManagerService: Package com.android.backupconfirm does not have legacy storage
05-24 10:13:10.027 698 698 V StorageManagerService: Package com.android.systemui.auto_generated_rro_vendor__ does not have legacy storage
05-24 10:13:10.027 698 698 V StorageManagerService: Package com.android.tv.overlay.networkstack does not have legacy storage
05-24 10:13:10.027 698 698 V StorageManagerService: Package com.android.statementservice does not have legacy storage
05-24 10:13:10.027 698 698 V StorageManagerService: Package com.dangbei.screencast has legacy storage
05-24 10:13:10.027 698 698 V StorageManagerService: Package com.android.settings.intelligence does not have legacy storage
05-24 10:13:10.027 698 698 V StorageManagerService: Package com.bestv.ott.baseservices.gw has legacy storage
05-24 10:13:10.027 698 698 V StorageManagerService: Package com.dangbei.leard.leradlauncher does not have legacy storage
05-24 10:13:10.027 698 698 V StorageManagerService: Package com.android.providers.settings does not have legacy storage
05-24 10:13:10.027 698 698 V StorageManagerService: Package com.android.sharedstoragebackup does not have legacy storage
05-24 10:13:10.027 698 698 V StorageManagerService: Package com.android.printspooler does not have legacy storage
05-24 10:13:10.027 698 698 V StorageManagerService: Package com.android.dreams.basic does not have legacy storage
05-24 10:13:10.027 698 698 V StorageManagerService: Package com.android.webview does not have legacy storage
05-24 10:13:10.028 698 698 V StorageManagerService: Package com.android.se does not have legacy storage
05-24 10:13:10.029 909 909 V WindowManagerShell: Adding init callback for TvPipTransition
05-24 10:13:10.030 698 698 V StorageManagerService: Package com.android.inputdevices does not have legacy storage
05-24 10:13:10.030 698 698 V StorageManagerService: Package com.android.rkpdapp does not have legacy storage
05-24 10:13:10.030 698 698 V StorageManagerService: Package com.android.tv.overlay.wifi.resources does not have legacy storage
05-24 10:13:10.030 698 698 V StorageManagerService: Package com.oranth.inputmacsn does not have legacy storage
05-24 10:13:10.031 698 698 V StorageManagerService: Package com.android.musicfx does not have legacy storage
05-24 10:13:10.031 698 698 V StorageManagerService: Package com.dangbei.hqguide does not have legacy storage
05-24 10:13:10.031 698 698 V StorageManagerService: Package com.dangbei.hqmedia does not have legacy storage
05-24 10:13:10.031 698 698 V StorageManagerService: Package com.droidlogic.systemui.overlay does not have legacy storage
05-24 10:13:10.031 698 698 V StorageManagerService: Package android.ext.shared does not have legacy storage
05-24 10:13:10.031 698 698 V StorageManagerService: Package com.android.keychain does not have legacy storage
05-24 10:13:10.031 698 698 V StorageManagerService: Package com.dlg.framework.overlay does not have legacy storage
05-24 10:13:10.031 698 698 V StorageManagerService: Package android.ext.services does not have legacy storage
05-24 10:13:10.031 698 698 V StorageManagerService: Package com.android.wifi.resources does not have legacy storage
05-24 10:13:10.031 698 698 V StorageManagerService: Package com.android.cameraextensions does not have legacy storage
05-24 10:13:10.031 698 698 V StorageManagerService: Package com.android.localtransport does not have legacy storage
05-24 10:13:10.031 698 698 V StorageManagerService: Package com.android.networkstack.tethering.droidlogic does not have legacy storage
05-24 10:13:10.031 698 698 V StorageManagerService: Package com.droidlogic.mictoggle does not have legacy storage
05-24 10:13:10.031 698 698 V StorageManagerService: Package com.android.packageinstaller does not have legacy storage
05-24 10:13:10.031 698 698 V StorageManagerService: Package com.cskj.factorytest does not have legacy storage
05-24 10:13:10.032 698 698 V StorageManagerService: Package com.android.proxyhandler does not have legacy storage
05-24 10:13:10.032 698 698 V StorageManagerService: Package com.android.intentresolver does not have legacy storage
05-24 10:13:10.032 698 698 V StorageManagerService: Package com.android.nearby.halfsheet does not have legacy storage
05-24 10:13:10.032 698 698 V StorageManagerService: Package com.android.managedprovisioning does not have legacy storage
05-24 10:13:10.032 698 698 V StorageManagerService: Package com.oranth.usbopenft does not have legacy storage
05-24 10:13:10.032 698 698 V StorageManagerService: Package com.android.networkstack.tethering does not have legacy storage
05-24 10:13:10.032 698 698 V StorageManagerService: Package com.android.soundpicker does not have legacy storage
05-24 10:13:10.032 698 698 V StorageManagerService: Package com.dangbei.lerad.etna.haqu does not have legacy storage
05-24 10:13:10.032 698 698 V StorageManagerService: Package com.droidlogic.miracast does not have legacy storage
05-24 10:13:10.032 698 698 V StorageManagerService: Package com.amlogic.tv.overlay.matchcontent does not have legacy storage
05-24 10:13:10.032 698 698 V StorageManagerService: Package com.droidlogic.wifitetheringoverlay does not have legacy storage
05-24 10:13:10.032 698 698 V StorageManagerService: Package com.tv.filemanager.os has legacy storage
05-24 10:13:10.032 698 698 V StorageManagerService: Package com.oranth.powerwindow does not have legacy storage
05-24 10:13:10.032 698 698 V StorageManagerService: Package com.android.cts.ctsshim does not have legacy storage
05-24 10:13:10.032 698 698 V StorageManagerService: Package com.dangbei.lerad.screensaver does not have legacy storage
05-24 10:13:10.033 698 698 V StorageManagerService: Package com.droidlogic.wifion does not have legacy storage
05-24 10:13:10.033 698 698 V StorageManagerService: Package com.android.vpndialogs does not have legacy storage
05-24 10:13:10.033 698 698 V StorageManagerService: Package com.android.music does not have legacy storage
05-24 10:13:10.033 698 698 V StorageManagerService: Package com.android.shell does not have legacy storage
05-24 10:13:10.033 698 698 V StorageManagerService: Package com.android.sdksandbox does not have legacy storage
05-24 10:13:10.033 698 698 V StorageManagerService: Package com.android.wallpaperbackup does not have legacy storage
05-24 10:13:10.033 698 698 V StorageManagerService: Package com.android.providers.userdictionary does not have legacy storage
05-24 10:13:10.033 698 698 V StorageManagerService: Package com.android.providers.media.module does not have legacy storage
05-24 10:13:10.033 698 698 V StorageManagerService: Package com.oranth.storage does not have legacy storage
05-24 10:13:10.033 698 698 V StorageManagerService: Package com.android.hotspot2.osulogin does not have legacy storage
05-24 10:13:10.033 698 698 V StorageManagerService: Package com.android.location.fused does not have legacy storage
05-24 10:13:10.033 698 698 V StorageManagerService: Package com.android.deskclock does not have legacy storage
05-24 10:13:10.033 698 698 V StorageManagerService: Package com.android.systemui does not have legacy storage
05-24 10:13:10.033 698 698 V StorageManagerService: Package com.dangbei.haqusetting does not have legacy storage
05-24 10:13:10.033 698 698 V StorageManagerService: Package com.android.tv.overlay.framework does not have legacy storage
05-24 10:13:10.033 698 698 V StorageManagerService: Package com.android.permissioncontroller does not have legacy storage
05-24 10:13:10.033 698 698 V StorageManagerService: Package com.droidlogic.appinstall does not have legacy storage
05-24 10:13:10.033 698 698 V StorageManagerService: Package com.android.ondevicepersonalization.services does not have legacy storage
05-24 10:13:10.034 698 698 V StorageManagerService: Package com.android.bluetooth does not have legacy storage
05-24 10:13:10.034 698 698 V StorageManagerService: Package com.android.providers.contacts does not have legacy storage
05-24 10:13:10.034 698 698 V StorageManagerService: Package com.android.captiveportallogin does not have legacy storage
05-24 10:13:10.034 698 698 V StorageManagerService: Package com.droidlogic.overlay does not have legacy storage
05-24 10:13:10.034 698 698 V StorageManagerService: Package com.android.devicelockcontroller does not have legacy storage
05-24 10:13:10.034 698 698 V StorageManagerService: Package com.android.ext.adservices.api does not have legacy storage
05-24 10:13:10.034 698 698 V StorageManagerService: Package android.auto_generated_rro_vendor__ does not have legacy storage
05-24 10:13:10.035 698 698 V SystemServerTimingAsync: ssm.onStartUser-0_com.android.server.StorageManagerService$Lifecycle took to complete: 17ms
05-24 10:13:10.035 698 698 D SystemServerTimingAsync: ssm.onStartUser-0_com.android.server.usage.StorageStatsService$Lifecycle
05-24 10:13:10.035 698 698 V SystemServerTimingAsync: ssm.onStartUser-0_com.android.server.usage.StorageStatsService$Lifecycle took to complete: 0ms
05-24 10:13:10.035 698 698 D SystemServerTimingAsync: ssm.onStartUser-0_com.android.server.UiModeManagerService
05-24 10:13:10.035 698 698 V SystemServerTimingAsync: ssm.onStartUser-0_com.android.server.UiModeManagerService took to complete: 0ms
05-24 10:13:10.035 698 698 D SystemServerTimingAsync: ssm.onStartUser-0_com.android.server.locales.LocaleManagerService
05-24 10:13:10.035 698 698 V SystemServerTimingAsync: ssm.onStartUser-0_com.android.server.locales.LocaleManagerService took to complete: 0ms
05-24 10:13:10.035 698 698 D SystemServerTimingAsync: ssm.onStartUser-0_com.android.server.grammaticalinflection.GrammaticalInflectionService
05-24 10:13:10.035 698 698 V SystemServerTimingAsync: ssm.onStartUser-0_com.android.server.grammaticalinflection.GrammaticalInflectionService took to complete: 0ms
05-24 10:13:10.035 698 698 D SystemServerTimingAsync: ssm.onStartUser-0_com.android.server.apphibernation.AppHibernationService
05-24 10:13:10.035 698 698 V SystemServerTimingAsync: ssm.onStartUser-0_com.android.server.apphibernation.AppHibernationService took to complete: 0ms
05-24 10:13:10.035 698 698 D SystemServerTimingAsync: ssm.onStartUser-0_com.android.server.locksettings.LockSettingsService$Lifecycle
05-24 10:13:10.035 698 698 V SystemServerTimingAsync: ssm.onStartUser-0_com.android.server.locksettings.LockSettingsService$Lifecycle took to complete: 0ms
05-24 10:13:10.035 698 698 D SystemServerTimingAsync: ssm.onStartUser-0_com.android.server.PersistentDataBlockService
05-24 10:13:10.035 698 698 V SystemServerTimingAsync: ssm.onStartUser-0_com.android.server.PersistentDataBlockService took to complete: 0ms
05-24 10:13:10.035 698 698 D SystemServerTimingAsync: ssm.onStartUser-0_com.android.server.testharness.TestHarnessModeService
05-24 10:13:10.035 698 698 V SystemServerTimingAsync: ssm.onStartUser-0_com.android.server.testharness.TestHarnessModeService took to complete: 0ms
05-24 10:13:10.035 698 698 D SystemServerTimingAsync: ssm.onStartUser-0_com.android.server.oemlock.OemLockService
05-24 10:13:10.035 698 698 V SystemServerTimingAsync: ssm.onStartUser-0_com.android.server.oemlock.OemLockService took to complete: 0ms
05-24 10:13:10.035 698 698 D SystemServerTimingAsync: ssm.onStartUser-0_com.android.server.DeviceIdleController
05-24 10:13:10.035 698 698 V SystemServerTimingAsync: ssm.onStartUser-0_com.android.server.DeviceIdleController took to complete: 0ms
05-24 10:13:10.035 698 698 D SystemServerTimingAsync: ssm.onStartUser-0_com.android.server.devicepolicy.DevicePolicyManagerService$Lifecycle
05-24 10:13:10.046 698 698 V SystemServerTimingAsync: ssm.onStartUser-0_com.android.server.devicepolicy.DevicePolicyManagerService$Lifecycle took to complete: 10ms
05-24 10:13:10.046 698 698 D SystemServerTimingAsync: ssm.onStartUser-0_com.android.server.texttospeech.TextToSpeechManagerService
05-24 10:13:10.046 698 698 V SystemServerTimingAsync: ssm.onStartUser-0_com.android.server.texttospeech.TextToSpeechManagerService took to complete: 0ms
05-24 10:13:10.046 698 698 D SystemServerTimingAsync: ssm.onStartUser-0_com.android.server.ambientcontext.AmbientContextManagerService
05-24 10:13:10.046 698 698 V SystemServerTimingAsync: ssm.onStartUser-0_com.android.server.ambientcontext.AmbientContextManagerService took to complete: 0ms
05-24 10:13:10.046 698 698 D SystemServerTimingAsync: ssm.onStartUser-0_com.android.server.wearable.WearableSensingManagerService
05-24 10:13:10.046 698 698 V SystemServerTimingAsync: ssm.onStartUser-0_com.android.server.wearable.WearableSensingManagerService took to complete: 0ms
05-24 10:13:10.046 698 698 D SystemServerTimingAsync: ssm.onStartUser-0_com.android.server.speech.SpeechRecognitionManagerService
05-24 10:13:10.046 698 698 V SystemServerTimingAsync: ssm.onStartUser-0_com.android.server.speech.SpeechRecognitionManagerService took to complete: 0ms
05-24 10:13:10.047 698 698 D SystemServerTimingAsync: ssm.onStartUser-0_com.android.server.searchui.SearchUiManagerService
05-24 10:13:10.047 698 698 V SystemServerTimingAsync: ssm.onStartUser-0_com.android.server.searchui.SearchUiManagerService took to complete: 0ms
05-24 10:13:10.047 698 698 D SystemServerTimingAsync: ssm.onStartUser-0_com.android.server.smartspace.SmartspaceManagerService
05-24 10:13:10.047 698 698 V SystemServerTimingAsync: ssm.onStartUser-0_com.android.server.smartspace.SmartspaceManagerService took to complete: 0ms
05-24 10:13:10.047 698 698 D SystemServerTimingAsync: ssm.onStartUser-0_com.android.server.graphics.fonts.FontManagerService$Lifecycle
05-24 10:13:10.047 698 698 V SystemServerTimingAsync: ssm.onStartUser-0_com.android.server.graphics.fonts.FontManagerService$Lifecycle took to complete: 0ms
05-24 10:13:10.047 698 698 D SystemServerTimingAsync: ssm.onStartUser-0_com.android.server.textservices.TextServicesManagerService$Lifecycle
05-24 10:13:10.047 698 698 V SystemServerTimingAsync: ssm.onStartUser-0_com.android.server.textservices.TextServicesManagerService$Lifecycle took to complete: 0ms
05-24 10:13:10.047 698 698 D SystemServerTimingAsync: ssm.onStartUser-0_com.android.server.textclassifier.TextClassificationManagerService$Lifecycle
05-24 10:13:10.048 698 698 V SystemServerTimingAsync: ssm.onStartUser-0_com.android.server.textclassifier.TextClassificationManagerService$Lifecycle took to complete: 2ms
05-24 10:13:10.048 698 698 D SystemServerTimingAsync: ssm.onStartUser-0_com.android.server.NetworkScoreService$Lifecycle
05-24 10:13:10.048 698 698 V SystemServerTimingAsync: ssm.onStartUser-0_com.android.server.NetworkScoreService$Lifecycle took to complete: 0ms
05-24 10:13:10.048 698 698 D SystemServerTimingAsync: ssm.onStartUser-0_com.android.server.NetworkStatsServiceInitializer
05-24 10:13:10.048 698 698 V SystemServerTimingAsync: ssm.onStartUser-0_com.android.server.NetworkStatsServiceInitializer took to complete: 0ms
05-24 10:13:10.048 698 698 D SystemServerTimingAsync: ssm.onStartUser-0_com.android.server.wifi.WifiService
05-24 10:13:10.048 698 698 V SystemServerTimingAsync: ssm.onStartUser-0_com.android.server.wifi.WifiService took to complete: 0ms
05-24 10:13:10.048 698 698 D SystemServerTimingAsync: ssm.onStartUser-0_com.android.server.wifi.scanner.WifiScanningService
05-24 10:13:10.049 698 698 V SystemServerTimingAsync: ssm.onStartUser-0_com.android.server.wifi.scanner.WifiScanningService took to complete: 0ms
05-24 10:13:10.049 698 698 D SystemServerTimingAsync: ssm.onStartUser-0_com.android.server.wifi.p2p.WifiP2pService
05-24 10:13:10.049 698 698 V SystemServerTimingAsync: ssm.onStartUser-0_com.android.server.wifi.p2p.WifiP2pService took to complete: 0ms
05-24 10:13:10.049 698 698 D SystemServerTimingAsync: ssm.onStartUser-0_com.android.server.ConnectivityServiceInitializer
05-24 10:13:10.049 698 698 V SystemServerTimingAsync: ssm.onStartUser-0_com.android.server.ConnectivityServiceInitializer took to complete: 0ms
05-24 10:13:10.049 698 698 D SystemServerTimingAsync: ssm.onStartUser-0_com.android.server.notification.NotificationManagerService
05-24 10:13:10.049 698 698 V SystemServerTimingAsync: ssm.onStartUser-0_com.android.server.notification.NotificationManagerService took to complete: 0ms
05-24 10:13:10.049 698 698 D SystemServerTimingAsync: ssm.onStartUser-0_com.android.server.storage.DeviceStorageMonitorService
05-24 10:13:10.049 698 698 V SystemServerTimingAsync: ssm.onStartUser-0_com.android.server.storage.DeviceStorageMonitorService took to complete: 0ms
05-24 10:13:10.049 698 698 D SystemServerTimingAsync: ssm.onStartUser-0_com.android.server.timedetector.TimeDetectorService$Lifecycle
05-24 10:13:10.049 698 698 V SystemServerTimingAsync: ssm.onStartUser-0_com.android.server.timedetector.TimeDetectorService$Lifecycle took to complete: 0ms
05-24 10:13:10.049 698 698 D SystemServerTimingAsync: ssm.onStartUser-0_com.android.server.location.LocationManagerService$Lifecycle
05-24 10:13:10.049 698 698 V SystemServerTimingAsync: ssm.onStartUser-0_com.android.server.location.LocationManagerService$Lifecycle took to complete: 1ms
05-24 10:13:10.049 698 698 D SystemServerTimingAsync: ssm.onStartUser-0_com.android.server.timezonedetector.TimeZoneDetectorService$Lifecycle
05-24 10:13:10.049 698 698 V SystemServerTimingAsync: ssm.onStartUser-0_com.android.server.timezonedetector.TimeZoneDetectorService$Lifecycle took to complete: 0ms
05-24 10:13:10.049 698 698 D SystemServerTimingAsync: ssm.onStartUser-0_com.android.server.location.altitude.AltitudeService$Lifecycle
05-24 10:13:10.049 698 698 V SystemServerTimingAsync: ssm.onStartUser-0_com.android.server.location.altitude.AltitudeService$Lifecycle took to complete: 0ms
05-24 10:13:10.049 698 698 D SystemServerTimingAsync: ssm.onStartUser-0_com.android.server.timezonedetector.location.LocationTimeZoneManagerService$Lifecycle
05-24 10:13:10.049 698 698 V SystemServerTimingAsync: ssm.onStartUser-0_com.android.server.timezonedetector.location.LocationTimeZoneManagerService$Lifecycle took to complete: 0ms
05-24 10:13:10.050 698 698 D SystemServerTimingAsync: ssm.onStartUser-0_com.android.server.search.SearchManagerService$Lifecycle
05-24 10:13:10.050 698 698 V SystemServerTimingAsync: ssm.onStartUser-0_com.android.server.search.SearchManagerService$Lifecycle took to complete: 0ms
05-24 10:13:10.050 698 698 D SystemServerTimingAsync: ssm.onStartUser-0_com.android.server.wallpaper.WallpaperManagerService$Lifecycle
05-24 10:13:10.050 698 698 V SystemServerTimingAsync: ssm.onStartUser-0_com.android.server.wallpaper.WallpaperManagerService$Lifecycle took to complete: 0ms
05-24 10:13:10.050 698 698 D SystemServerTimingAsync: ssm.onStartUser-0_com.android.server.wallpapereffectsgeneration.WallpaperEffectsGenerationManagerService
05-24 10:13:10.050 698 698 V SystemServerTimingAsync: ssm.onStartUser-0_com.android.server.wallpapereffectsgeneration.WallpaperEffectsGenerationManagerService took to complete: 0ms
05-24 10:13:10.050 698 698 D SystemServerTimingAsync: ssm.onStartUser-0_com.android.server.audio.AudioService$Lifecycle
05-24 10:13:10.050 698 698 V SystemServerTimingAsync: ssm.onStartUser-0_com.android.server.audio.AudioService$Lifecycle took to complete: 0ms
05-24 10:13:10.050 698 698 D SystemServerTimingAsync: ssm.onStartUser-0_com.android.server.soundtrigger_middleware.SoundTriggerMiddlewareService$Lifecycle
05-24 10:13:10.050 698 698 V SystemServerTimingAsync: ssm.onStartUser-0_com.android.server.soundtrigger_middleware.SoundTriggerMiddlewareService$Lifecycle took to complete: 0ms
05-24 10:13:10.050 698 698 D SystemServerTimingAsync: ssm.onStartUser-0_com.android.server.adb.AdbService$Lifecycle
05-24 10:13:10.050 698 698 V SystemServerTimingAsync: ssm.onStartUser-0_com.android.server.adb.AdbService$Lifecycle took to complete: 0ms
05-24 10:13:10.050 698 698 D SystemServerTimingAsync: ssm.onStartUser-0_com.android.server.usb.UsbService$Lifecycle
05-24 10:13:10.050 698 698 V SystemServerTimingAsync: ssm.onStartUser-0_com.android.server.usb.UsbService$Lifecycle took to complete: 0ms
05-24 10:13:10.050 698 698 D SystemServerTimingAsync: ssm.onStartUser-0_com.android.server.twilight.TwilightService
05-24 10:13:10.050 698 698 V SystemServerTimingAsync: ssm.onStartUser-0_com.android.server.twilight.TwilightService took to complete: 0ms
05-24 10:13:10.050 698 698 D SystemServerTimingAsync: ssm.onStartUser-0_com.android.server.display.color.ColorDisplayService
05-24 10:13:10.050 698 698 V SystemServerTimingAsync: ssm.onStartUser-0_com.android.server.display.color.ColorDisplayService took to complete: 1ms
05-24 10:13:10.050 698 698 D SystemServerTimingAsync: ssm.onStartUser-0_com.android.server.job.JobSchedulerService
05-24 10:13:10.050 698 698 V SystemServerTimingAsync: ssm.onStartUser-0_com.android.server.job.JobSchedulerService took to complete: 0ms
05-24 10:13:10.050 698 698 D SystemServerTimingAsync: ssm.onStartUser-0_com.android.server.soundtrigger.SoundTriggerService
05-24 10:13:10.050 698 698 V SystemServerTimingAsync: ssm.onStartUser-0_com.android.server.soundtrigger.SoundTriggerService took to complete: 0ms
05-24 10:13:10.050 698 698 D SystemServerTimingAsync: ssm.onStartUser-0_com.android.server.trust.TrustManagerService
05-24 10:13:10.050 698 698 V SystemServerTimingAsync: ssm.onStartUser-0_com.android.server.trust.TrustManagerService took to complete: 0ms
05-24 10:13:10.050 698 698 D SystemServerTimingAsync: ssm.onStartUser-0_com.android.server.backup.BackupManagerService$Lifecycle
05-24 10:13:10.050 698 698 V SystemServerTimingAsync: ssm.onStartUser-0_com.android.server.backup.BackupManagerService$Lifecycle took to complete: 0ms
05-24 10:13:10.050 698 698 D SystemServerTimingAsync: ssm.onStartUser-0_com.android.server.appwidget.AppWidgetService
05-24 10:13:10.050 698 698 V SystemServerTimingAsync: ssm.onStartUser-0_com.android.server.appwidget.AppWidgetService took to complete: 0ms
05-24 10:13:10.050 698 698 D SystemServerTimingAsync: ssm.onStartUser-0_com.android.server.voiceinteraction.VoiceInteractionManagerService
05-24 10:13:10.051 698 698 W VoiceInteractionManager: no available voice recognition services found for user 0
05-24 10:13:10.051 698 698 V SystemServerTimingAsync: ssm.onStartUser-0_com.android.server.voiceinteraction.VoiceInteractionManagerService took to complete: 1ms
05-24 10:13:10.051 698 698 D SystemServerTimingAsync: ssm.onStartUser-0_com.android.server.GestureLauncherService
05-24 10:13:10.051 698 698 V SystemServerTimingAsync: ssm.onStartUser-0_com.android.server.GestureLauncherService took to complete: 0ms
05-24 10:13:10.051 698 698 D SystemServerTimingAsync: ssm.onStartUser-0_com.android.server.SensorNotificationService
05-24 10:13:10.051 698 698 V SystemServerTimingAsync: ssm.onStartUser-0_com.android.server.SensorNotificationService took to complete: 0ms
05-24 10:13:10.051 698 698 D SystemServerTimingAsync: ssm.onStartUser-0_com.android.server.emergency.EmergencyAffordanceService
05-24 10:13:10.051 698 698 V SystemServerTimingAsync: ssm.onStartUser-0_com.android.server.emergency.EmergencyAffordanceService took to complete: 0ms
05-24 10:13:10.051 698 698 D SystemServerTimingAsync: ssm.onStartUser-0_com.android.server.blob.BlobStoreManagerService
05-24 10:13:10.051 698 698 V SystemServerTimingAsync: ssm.onStartUser-0_com.android.server.blob.BlobStoreManagerService took to complete: 0ms
05-24 10:13:10.051 698 698 D SystemServerTimingAsync: ssm.onStartUser-0_com.android.server.dreams.DreamManagerService
05-24 10:13:10.051 698 698 V SystemServerTimingAsync: ssm.onStartUser-0_com.android.server.dreams.DreamManagerService took to complete: 0ms
05-24 10:13:10.051 698 698 D SystemServerTimingAsync: ssm.onStartUser-0_com.android.server.security.AttestationVerificationManagerService
05-24 10:13:10.051 698 698 V SystemServerTimingAsync: ssm.onStartUser-0_com.android.server.security.AttestationVerificationManagerService took to complete: 0ms
05-24 10:13:10.051 698 698 D SystemServerTimingAsync: ssm.onStartUser-0_com.android.server.restrictions.RestrictionsManagerService
05-24 10:13:10.051 698 698 V SystemServerTimingAsync: ssm.onStartUser-0_com.android.server.restrictions.RestrictionsManagerService took to complete: 0ms
05-24 10:13:10.051 698 698 D SystemServerTimingAsync: ssm.onStartUser-0_com.android.server.media.MediaSessionService
05-24 10:13:10.051 698 698 V SystemServerTimingAsync: ssm.onStartUser-0_com.android.server.media.MediaSessionService took to complete: 0ms
05-24 10:13:10.052 698 698 D SystemServerTimingAsync: ssm.onStartUser-0_com.android.server.hdmi.HdmiControlService
05-24 10:13:10.052 698 698 V SystemServerTimingAsync: ssm.onStartUser-0_com.android.server.hdmi.HdmiControlService took to complete: 0ms
05-24 10:13:10.052 698 698 D SystemServerTimingAsync: ssm.onStartUser-0_com.android.server.tv.interactive.TvInteractiveAppManagerService
05-24 10:13:10.052 698 698 V SystemServerTimingAsync: ssm.onStartUser-0_com.android.server.tv.interactive.TvInteractiveAppManagerService took to complete: 0ms
05-24 10:13:10.052 698 698 D SystemServerTimingAsync: ssm.onStartUser-0_com.android.server.tv.TvInputManagerService
05-24 10:13:10.052 698 698 V SystemServerTimingAsync: ssm.onStartUser-0_com.android.server.tv.TvInputManagerService took to complete: 0ms
05-24 10:13:10.052 698 698 D SystemServerTimingAsync: ssm.onStartUser-0_com.android.server.media.MediaResourceMonitorService
05-24 10:13:10.052 698 698 V SystemServerTimingAsync: ssm.onStartUser-0_com.android.server.media.MediaResourceMonitorService took to complete: 0ms
05-24 10:13:10.052 698 698 D SystemServerTimingAsync: ssm.onStartUser-0_com.android.server.tv.TvRemoteService
05-24 10:13:10.052 698 698 V SystemServerTimingAsync: ssm.onStartUser-0_com.android.server.tv.TvRemoteService took to complete: 0ms
05-24 10:13:10.052 698 698 D SystemServerTimingAsync: ssm.onStartUser-0_com.android.server.biometrics.BiometricService
05-24 10:13:10.052 698 698 V SystemServerTimingAsync: ssm.onStartUser-0_com.android.server.biometrics.BiometricService took to complete: 0ms
05-24 10:13:10.052 698 698 D SystemServerTimingAsync: ssm.onStartUser-0_com.android.server.biometrics.AuthService
05-24 10:13:10.052 698 698 V SystemServerTimingAsync: ssm.onStartUser-0_com.android.server.biometrics.AuthService took to complete: 0ms
05-24 10:13:10.052 698 698 D SystemServerTimingAsync: ssm.onStartUser-0_com.android.server.pm.ShortcutService$Lifecycle
05-24 10:13:10.052 698 698 V SystemServerTimingAsync: ssm.onStartUser-0_com.android.server.pm.ShortcutService$Lifecycle took to complete: 0ms
05-24 10:13:10.052 698 698 D SystemServerTimingAsync: ssm.onStartUser-0_com.android.server.pm.LauncherAppsService
05-24 10:13:10.052 698 698 V SystemServerTimingAsync: ssm.onStartUser-0_com.android.server.pm.LauncherAppsService took to complete: 0ms
05-24 10:13:10.052 698 698 D SystemServerTimingAsync: ssm.onStartUser-0_com.android.server.pm.CrossProfileAppsService
05-24 10:13:10.055 698 698 V SystemServerTimingAsync: ssm.onStartUser-0_com.android.server.pm.CrossProfileAppsService took to complete: 4ms
05-24 10:13:10.055 698 698 D SystemServerTimingAsync: ssm.onStartUser-0_com.android.server.people.PeopleService
05-24 10:13:10.055 698 698 V SystemServerTimingAsync: ssm.onStartUser-0_com.android.server.people.PeopleService took to complete: 0ms
05-24 10:13:10.055 698 698 D SystemServerTimingAsync: ssm.onStartUser-0_com.android.server.media.metrics.MediaMetricsManagerService
05-24 10:13:10.055 698 698 V SystemServerTimingAsync: ssm.onStartUser-0_com.android.server.media.metrics.MediaMetricsManagerService took to complete: 0ms
05-24 10:13:10.055 698 698 D SystemServerTimingAsync: ssm.onStartUser-0_com.android.server.pm.BackgroundInstallControlService
05-24 10:13:10.055 698 698 V SystemServerTimingAsync: ssm.onStartUser-0_com.android.server.pm.BackgroundInstallControlService took to complete: 0ms
05-24 10:13:10.055 698 698 D SystemServerTimingAsync: ssm.onStartUser-0_com.android.server.media.projection.MediaProjectionManagerService
05-24 10:13:10.055 698 698 V SystemServerTimingAsync: ssm.onStartUser-0_com.android.server.media.projection.MediaProjectionManagerService took to complete: 0ms
05-24 10:13:10.055 698 698 D SystemServerTimingAsync: ssm.onStartUser-0_com.android.server.slice.SliceManagerService$Lifecycle
05-24 10:13:10.055 698 698 V SystemServerTimingAsync: ssm.onStartUser-0_com.android.server.slice.SliceManagerService$Lifecycle took to complete: 0ms
05-24 10:13:10.055 698 698 D SystemServerTimingAsync: ssm.onStartUser-0_com.android.server.stats.StatsCompanion$Lifecycle
05-24 10:13:10.055 698 698 V SystemServerTimingAsync: ssm.onStartUser-0_com.android.server.stats.StatsCompanion$Lifecycle took to complete: 0ms
05-24 10:13:10.055 698 698 D SystemServerTimingAsync: ssm.onStartUser-0_com.android.server.scheduling.RebootReadinessManagerService$Lifecycle
05-24 10:13:10.056 698 698 V SystemServerTimingAsync: ssm.onStartUser-0_com.android.server.scheduling.RebootReadinessManagerService$Lifecycle took to complete: 0ms
05-24 10:13:10.056 698 698 D SystemServerTimingAsync: ssm.onStartUser-0_com.android.server.stats.pull.StatsPullAtomService
05-24 10:13:10.056 698 698 V SystemServerTimingAsync: ssm.onStartUser-0_com.android.server.stats.pull.StatsPullAtomService took to complete: 0ms
05-24 10:13:10.056 698 698 D SystemServerTimingAsync: ssm.onStartUser-0_com.android.server.stats.bootstrap.StatsBootstrapAtomService$Lifecycle
05-24 10:13:10.056 698 698 V SystemServerTimingAsync: ssm.onStartUser-0_com.android.server.stats.bootstrap.StatsBootstrapAtomService$Lifecycle took to complete: 0ms
05-24 10:13:10.056 698 698 D SystemServerTimingAsync: ssm.onStartUser-0_com.android.server.incident.IncidentCompanionService
05-24 10:13:10.056 698 698 V SystemServerTimingAsync: ssm.onStartUser-0_com.android.server.incident.IncidentCompanionService took to complete: 0ms
05-24 10:13:10.056 698 698 D SystemServerTimingAsync: ssm.onStartUser-0_com.android.server.sdksandbox.SdkSandboxManagerService$Lifecycle
05-24 10:13:10.056 698 698 V SystemServerTimingAsync: ssm.onStartUser-0_com.android.server.sdksandbox.SdkSandboxManagerService$Lifecycle took to complete: 0ms
05-24 10:13:10.056 698 698 D SystemServerTimingAsync: ssm.onStartUser-0_com.android.server.adservices.AdServicesManagerService$Lifecycle
05-24 10:13:10.056 698 698 V SystemServerTimingAsync: ssm.onStartUser-0_com.android.server.adservices.AdServicesManagerService$Lifecycle took to complete: 0ms
05-24 10:13:10.056 698 698 D SystemServerTimingAsync: ssm.onStartUser-0_com.android.server.ondevicepersonalization.OnDevicePersonalizationSystemService$Lifecycle
05-24 10:13:10.056 698 698 V SystemServerTimingAsync: ssm.onStartUser-0_com.android.server.ondevicepersonalization.OnDevicePersonalizationSystemService$Lifecycle took to complete: 0ms
05-24 10:13:10.056 698 698 D SystemServerTimingAsync: ssm.onStartUser-0_com.android.server.autofill.AutofillManagerService
05-24 10:13:10.056 698 698 V SystemServerTimingAsync: ssm.onStartUser-0_com.android.server.autofill.AutofillManagerService took to complete: 0ms
05-24 10:13:10.056 698 698 D SystemServerTimingAsync: ssm.onStartUser-0_com.android.server.clipboard.ClipboardService
05-24 10:13:10.056 698 698 V SystemServerTimingAsync: ssm.onStartUser-0_com.android.server.clipboard.ClipboardService took to complete: 0ms
05-24 10:13:10.056 698 698 D SystemServerTimingAsync: ssm.onStartUser-0_com.android.server.appbinding.AppBindingService$Lifecycle
05-24 10:13:10.057 698 698 W AppBindingService: [Default SMS app] u0 Target package not found
05-24 10:13:10.057 698 698 V SystemServerTimingAsync: ssm.onStartUser-0_com.android.server.appbinding.AppBindingService$Lifecycle took to complete: 2ms
05-24 10:13:10.057 698 698 D SystemServerTimingAsync: ssm.onStartUser-0_com.android.server.tracing.TracingServiceProxy
05-24 10:13:10.057 698 698 V SystemServerTimingAsync: ssm.onStartUser-0_com.android.server.tracing.TracingServiceProxy took to complete: 0ms
05-24 10:13:10.057 698 698 D SystemServerTimingAsync: ssm.onStartUser-0_com.android.server.policy.PermissionPolicyService
05-24 10:13:10.057 698 698 V SystemServerTimingAsync: ssm.onStartUser-0_com.android.server.policy.PermissionPolicyService took to complete: 0ms
05-24 10:13:10.057 698 698 D SystemServerTimingAsync: ssm.onStartUser-0_com.android.server.pm.StagingManager$Lifecycle
05-24 10:13:10.057 698 698 V SystemServerTimingAsync: ssm.onStartUser-0_com.android.server.pm.StagingManager$Lifecycle took to complete: 0ms
05-24 10:13:10.057 698 698 D SystemServerTimingAsync: ssm.onStartUser-0_com.android.server.app.GameManagerService$Lifecycle
05-24 10:13:10.057 698 698 D GameManagerService: Starting user 0
05-24 10:13:10.065 698 698 V SystemServerTimingAsync: ssm.onStartUser-0_com.android.server.app.GameManagerService$Lifecycle took to complete: 8ms
05-24 10:13:10.065 698 698 D SystemServerTimingAsync: ssm.onStartUser-0_com.android.safetycenter.SafetyCenterService
05-24 10:13:10.065 698 698 V SystemServerTimingAsync: ssm.onStartUser-0_com.android.safetycenter.SafetyCenterService took to complete: 0ms
05-24 10:13:10.065 698 698 D SystemServerTimingAsync: ssm.onStartUser-0_com.android.server.appsearch.AppSearchModule$Lifecycle
05-24 10:13:10.065 698 698 V SystemServerTimingAsync: ssm.onStartUser-0_com.android.server.appsearch.AppSearchModule$Lifecycle took to complete: 0ms
05-24 10:13:10.065 698 698 D SystemServerTimingAsync: ssm.onStartUser-0_com.android.server.media.MediaCommunicationService
05-24 10:13:10.067 698 698 V SystemServerTimingAsync: ssm.onStartUser-0_com.android.server.media.MediaCommunicationService took to complete: 2ms
05-24 10:13:10.067 698 698 D SystemServerTimingAsync: ssm.onStartUser-0_com.android.server.compat.overrides.AppCompatOverridesService$Lifecycle
05-24 10:13:10.067 698 698 V SystemServerTimingAsync: ssm.onStartUser-0_com.android.server.compat.overrides.AppCompatOverridesService$Lifecycle took to complete: 0ms
05-24 10:13:10.068 698 698 D SystemServerTimingAsync: ssm.onStartUser-0_com.android.server.healthconnect.HealthConnectManagerService
05-24 10:13:10.068 698 698 V SystemServerTimingAsync: ssm.onStartUser-0_com.android.server.healthconnect.HealthConnectManagerService took to complete: 0ms
05-24 10:13:10.068 698 698 D SystemServerTimingAsync: ssm.onStartUser-0_com.android.server.devicelock.DeviceLockService
05-24 10:13:10.068 698 698 V SystemServerTimingAsync: ssm.onStartUser-0_com.android.server.devicelock.DeviceLockService took to complete: 0ms
05-24 10:13:10.068 698 698 V SystemServerTimingAsync: ssm.StartUser-0 took to complete: 304ms
05-24 10:13:10.074 909 909 D WindowManagerShell: TvPipActionsProvider: onMediaActionsChanged()
05-24 10:13:10.074 909 909 D WindowManagerShell: TvPipActionsProvider: replaceCustomActions, count: 0
05-24 10:13:10.074 909 909 D WindowManagerShell: TvPipMenuController: setDelegate(), delegate=com.android.wm.shell.pip.tv.TvPipController@fa00d43
05-24 10:13:10.074 909 909 V WindowManagerShell: Adding init callback for TvPipController
05-24 10:13:10.074 909 909 V WindowManagerShell: Adding init callback for KeyguardTransitionHandler
05-24 10:13:10.091 698 698 D SystemServerTiming: startPersistentApps
05-24 10:13:10.094 698 698 D CompatibilityChangeReporter: Compat change id reported: 135634846; UID 1068; state: DISABLED
05-24 10:13:10.094 698 698 V SystemServerTiming: startPersistentApps took to complete: 3ms
05-24 10:13:10.094 698 698 D SystemServerTiming: startHomeOnAllDisplays
05-24 10:13:10.096 698 698 D WindowManager: ThemeHomeDelay: Home launch was deferred.
05-24 10:13:10.096 698 698 V SystemServerTiming: startHomeOnAllDisplays took to complete: 1ms
05-24 10:13:10.096 698 698 D SystemServerTiming: showSystemReadyErrorDialogs
05-24 10:13:10.107 909 909 V WindowManagerShell: Adding init callback for BackAnimationController
05-24 10:13:10.117 909 972 V WindowManagerShell: Initializing Shell Components: 18
05-24 10:13:10.140 0 0 I : [3 T519 ..] sectoin 26, size 384640
05-24 10:13:10.140 0 0 W : [0 T519 ..] aml_pci_platform_enable(2493) irq_flag=0x418 irq=69
05-24 10:13:10.141 0 0 W : [0 T519 ..] aml_pci_platform_enable(2495) request_irq ret=0
05-24 10:13:10.142 0 0 W : [0 T519 ..] aml_sdio_platform_on 1990 end
05-24 10:13:10.142 0 0 W [0 T519 ..] aml_cfg80211_init: 6583
05-24 10:13:10.143 0 0 W : [0 T519 ..] >>> aml_send_reset()
05-24 10:13:10.143 0 0 W [0 T519 ..] aml_send_reset: 558
05-24 10:13:10.144 0 0 W : [0 T519 ..] >>> aml_send_msg()
05-24 10:13:10.145 0 0 W : [2 T1038 ..] ipc_sdio_host_msgack_handler 0000000089c73779
05-24 10:13:10.145 0 0 W : [2 T1038 ..] [aml_msgackind 2038] msg ack hostid=0xffffff80496c4d80
05-24 10:13:10.146 0 0 W : [2 T1038 ..] [cmd_mgr_llind 329] cmd tkn[0] flags:001a result: -4 cmd: 0-MM_RESET_REQ - reqcfm( 1-MM_RESET_CFM)
05-24 10:13:10.148 0 0 W : [2 T1038 ..] [cmd_mgr_msgind 409] cmd tkn[0] flags:0012 result: -4 cmd: 0-MM_RESET_REQ - reqcfm( 1-MM_RESET_CFM)
05-24 10:13:10.150 0 0 W : [2 T1038 ..] [cmd_complete 65] cmd tkn[0] flags:0002 result: -4 cmd: 0-MM_RESET_REQ - reqcfm( 1-MM_RESET_CFM)
05-24 10:13:10.151 0 0 W : [0 T519 ..] >>> aml_send_version_req()
05-24 10:13:10.152 0 0 W : [0 T519 ..] >>> aml_send_msg()
05-24 10:13:10.153 0 0 W : [2 T1038 ..] ipc_sdio_host_msgack_handler 0000000089c73779
05-24 10:13:10.153 0 0 W : [2 T1038 ..] [aml_msgackind 2038] msg ack hostid=0xffffff80496c4d80
05-24 10:13:10.154 0 0 W : [2 T1038 ..] [cmd_mgr_llind 329] cmd tkn[1] flags:001a result: -4 cmd: 4-MM_VERSION_REQ - reqcfm( 5-MM_VERSION_CFM)
05-24 10:13:10.156 0 0 W : [2 T1038 ..] [cmd_mgr_msgind 409] cmd tkn[1] flags:0012 result: -4 cmd: 4-MM_VERSION_REQ - reqcfm( 5-MM_VERSION_CFM)
05-24 10:13:10.157 0 0 W : [2 T1038 ..] [cmd_complete 65] cmd tkn[1] flags:0002 result: -4 cmd: 4-MM_VERSION_REQ - reqcfm( 5-MM_VERSION_CFM)
05-24 10:13:10.159 0 0 W : [1 T519 ..] >>> aml_set_vers()
05-24 10:13:10.160 0 0 I : [1 T519 ..] ieee80211 phy0: PHY features: [NSS=2][CHBW=80][LDPC][VHT][HE][BFMEE][MUMIMORX]
05-24 10:13:10.161 0 0 I : [1 T519 ..] ieee80211 phy0: FW features: [BCN][RADAR][PS][UAPSD][AMPDU][AMSDU][P2P][P2P_GO][UMAC][VHT][HE][BFMEE][WAPI][MFP][MU_MIMO_RX][TDLS][TWT][FTM_INIT][FAKE_FTM_RSP]
05-24 10:13:10.163 0 0 W : [1 T519 ..] >>> aml_send_me_config_req()
05-24 10:13:10.163 0 0 I : [1 T519 ..] ieee80211 phy0: HT supp 1, VHT supp 1, HE supp 1
05-24 10:13:10.164 0 0 W : [1 T519 ..] >>> aml_send_msg()
05-24 10:13:10.165 0 0 W : [2 T1038 ..] ipc_sdio_host_msgack_handler 000000002271037e
05-24 10:13:10.166 0 0 W : [2 T1038 ..] [aml_msgackind 2038] msg ack hostid=0xffffff804d3bad00
05-24 10:13:10.167 0 0 W : [2 T1038 ..] [cmd_mgr_llind 329] cmd tkn[2] flags:001a result: -4 cmd:5120-ME_CONFIG_REQ - reqcfm(5121-ME_CONFIG_CFM)
05-24 10:13:10.168 0 0 W : [2 T1038 ..] [cmd_mgr_msgind 409] cmd tkn[2] flags:0012 result: -4 cmd:5120-ME_CONFIG_REQ - reqcfm(5121-ME_CONFIG_CFM)
05-24 10:13:10.170 0 0 W : [2 T1038 ..] [cmd_complete 65] cmd tkn[2] flags:0002 result: -4 cmd:5120-ME_CONFIG_REQ - reqcfm(5121-ME_CONFIG_CFM)
05-24 10:13:10.172 0 0 W : [3 T519 ..] >>> aml_send_extcapab_req()
05-24 10:13:10.172 0 0 W : [3 T519 ..] >>> aml_send_msg()
05-24 10:13:10.175 0 0 W : [2 T1038 ..] ipc_sdio_host_msgack_handler 000000009fdad500
05-24 10:13:10.175 0 0 W : [2 T1038 ..] [aml_msgackind 2038] msg ack hostid=0xffffff802190bf00
05-24 10:13:10.176 0 0 W : [2 T1038 ..] [cmd_mgr_llind 329] cmd tkn[3] flags:0008 result: -4 cmd: 105-MM_EXT_CAPAB - reqcfm(1023-none)
05-24 10:13:10.178 0 0 W : [2 T1038 ..] [cmd_complete 65] cmd tkn[3] flags:0000 result: -4 cmd: 105-MM_EXT_CAPAB - reqcfm(1023-none)
05-24 10:13:10.180 0 0 W : [3 T519 ..] [aml_reg_notifier 6037] initiator=0, hint_type=0, alpha=00, region=0
05-24 10:13:10.180 0 0 W : [3 T519 ..] >>> aml_send_me_chan_config_req()
05-24 10:13:10.182 0 0 W : [3 T519 ..] >>> aml_send_msg()
05-24 10:13:10.182 0 0 W : [2 T1038 ..] ipc_sdio_host_msgack_handler 00000000bbd636c9
05-24 10:13:10.182 0 0 W : [2 T1038 ..] [aml_msgackind 2038] msg ack hostid=0xffffff802190ba00
05-24 10:13:10.183 0 0 W : [2 T1038 ..] [cmd_mgr_llind 329] cmd tkn[4] flags:001a result: -4 cmd:5122-ME_CHAN_CONFIG_REQ - reqcfm(5123-ME_CHAN_CONFIG_CFM)
05-24 10:13:10.185 0 0 W : [2 T1038 ..] [cmd_mgr_msgind 409] cmd tkn[4] flags:0012 result: -4 cmd:5122-ME_CHAN_CONFIG_REQ - reqcfm(5123-ME_CHAN_CONFIG_CFM)
05-24 10:13:10.187 0 0 W : [2 T1038 ..] [cmd_complete 65] cmd tkn[4] flags:0002 result: -4 cmd:5122-ME_CHAN_CONFIG_REQ - reqcfm(5123-ME_CHAN_CONFIG_CFM)
05-24 10:13:10.190 0 0 W : [3 T519 ..] [aml_wq_init 162] workqueue init
05-24 10:13:10.193 0 0 W : [0 T519 ..] [aml_send_sync_trace 4388] sync token[54475]
05-24 10:13:10.193 0 0 W : [0 T519 ..] >>> aml_send_msg()
05-24 10:13:10.195 0 0 F [0 T519 ..] aml_send_msg: bypassing (AML_DEV_RESTARTING set) 0x00
05-24 10:13:10.195 0 0 W : [0 T519 ..] [aml_trace_buf_init 1015] trace mutex init
05-24 10:13:10.195 0 0 W : [0 T519 ..] [recy_dbg][aml_recy_init 745] recovery func init
05-24 10:13:10.196 0 0 W : [0 T519 ..] >>> aml_send_me_chan_config_req()
05-24 10:13:10.198 0 0 W : [0 T519 ..] >>> aml_send_msg()
05-24 10:13:10.199 0 0 W : [2 T1038 ..] ipc_sdio_host_msgack_handler 000000008bb783c9
05-24 10:13:10.199 0 0 W : [2 T1038 ..] [aml_msgackind 2038] msg ack hostid=0xffffff80496c4680
05-24 10:13:10.200 0 0 W : [2 T1038 ..] [cmd_mgr_llind 329] cmd tkn[5] flags:001a result: -4 cmd:5122-ME_CHAN_CONFIG_REQ - reqcfm(5123-ME_CHAN_CONFIG_CFM)
05-24 10:13:10.202 0 0 W : [2 T1038 ..] [cmd_mgr_msgind 409] cmd tkn[5] flags:0012 result: -4 cmd:5122-ME_CHAN_CONFIG_REQ - reqcfm(5123-ME_CHAN_CONFIG_CFM)
05-24 10:13:10.203 0 0 W : [2 T1038 ..] [cmd_complete 65] cmd tkn[5] flags:0002 result: -4 cmd:5122-ME_CHAN_CONFIG_REQ - reqcfm(5123-ME_CHAN_CONFIG_CFM)
05-24 10:13:10.206 0 0 W : [2 T519 ..] >>> aml_send_msg()
05-24 10:13:10.206 0 0 W : [2 T1038 ..] ipc_sdio_host_msgack_handler 0000000010fbfe19
05-24 10:13:10.207 0 0 W : [2 T1038 ..] [aml_msgackind 2038] msg ack hostid=0xffffff8047ff3780
05-24 10:13:10.207 0 0 W : [2 T1038 ..] [cmd_mgr_llind 329] cmd tkn[6] flags:001a result: -4 cmd: 105-MM_SUB_READ_EFUSE - reqcfm(16391-unknown)
05-24 10:13:10.209 0 0 W : [0 T1038 ..] [cmd_mgr_msgind 409] cmd tkn[6] flags:0012 result: -4 cmd: 105-MM_SUB_READ_EFUSE - reqcfm(16391-unknown)
05-24 10:13:10.211 0 0 W : [0 T1038 ..] [cmd_complete 65] cmd tkn[6] flags:0002 result: -4 cmd: 105-MM_SUB_READ_EFUSE - reqcfm(16391-unknown)
05-24 10:13:10.212 0 0 W [2 T519 ..] read_efuse: value = 40129a29
05-24 10:13:10.212 0 0 W : [0 T1038 ..] fmac efuse read: address:0x8 value:0x40129A29
05-24 10:13:10.213 0 0 W : [2 T519 ..] >>> aml_send_msg()
05-24 10:13:10.214 0 0 W : [0 T1038 ..] ipc_sdio_host_msgack_handler 0000000010fbfe19
05-24 10:13:10.215 0 0 W : [0 T1038 ..] [aml_msgackind 2038] msg ack hostid=0xffffff8047ff3780
05-24 10:13:10.216 0 0 W : [0 T1038 ..] [cmd_mgr_llind 329] cmd tkn[7] flags:001a result: -4 cmd: 105-MM_SUB_READ_EFUSE - reqcfm(16391-unknown)
05-24 10:13:10.218 0 0 W : [1 T1038 ..] [cmd_mgr_msgind 409] cmd tkn[7] flags:0012 result: -4 cmd: 105-MM_SUB_READ_EFUSE - reqcfm(16391-unknown)
05-24 10:13:10.219 0 0 W : [1 T1038 ..] [cmd_complete 65] cmd tkn[7] flags:0002 result: -4 cmd: 105-MM_SUB_READ_EFUSE - reqcfm(16391-unknown)
05-24 10:13:10.221 0 0 W [0 T519 ..] read_efuse: value = 3fff1218
05-24 10:13:10.222 0 0 W : [0 T519 ..] [aml_cfg_get_chipid 167] get_chipid from efuse:121840129a29
05-24 10:13:10.222 0 0 W : [0 T519 ..] >>> aml_send_msg()
05-24 10:13:10.223 0 0 W : [1 T1038 ..] fmac efuse read: address:0x9 value:0x3FFF1218
05-24 10:13:10.223 0 0 W : [1 T1038 ..] ipc_sdio_host_msgack_handler 000000007c0ef1dc
05-24 10:13:10.225 0 0 W : [1 T1038 ..] [aml_msgackind 2038] msg ack hostid=0xffffff80496c4400
05-24 10:13:10.226 0 0 W : [1 T1038 ..] [cmd_mgr_llind 329] cmd tkn[8] flags:001a result: -4 cmd: 105-MM_SUB_READ_EFUSE - reqcfm(16391-unknown)
05-24 10:13:10.227 0 0 W : [1 T1038 ..] [cmd_mgr_msgind 409] cmd tkn[8] flags:0012 result: -4 cmd: 105-MM_SUB_READ_EFUSE - reqcfm(16391-unknown)
05-24 10:13:10.229 0 0 W : [1 T1038 ..] [cmd_complete 65] cmd tkn[8] flags:0002 result: -4 cmd: 105-MM_SUB_READ_EFUSE - reqcfm(16391-unknown)
05-24 10:13:10.231 0 0 W [0 T519 ..] read_efuse: value = 1ffff
05-24 10:13:10.219 698 698 E Build : Vendor interface is incompatible, error=1
05-24 10:13:10.231 0 0 W : [0 T519 ..] >>> aml_send_msg()
05-24 10:13:10.219 698 698 E ActivityTaskManager: Build fingerprint is not consistent, warning user
05-24 10:13:10.219 698 698 V SystemServerTiming: showSystemReadyErrorDialogs took to complete: 124ms
05-24 10:13:10.232 0 0 W : [1 T1038 ..] fmac efuse read: address:0x7 value:0x1FFFF
05-24 10:13:10.219 698 698 D SystemServerTiming: sendUserStartBroadcast
05-24 10:13:10.232 0 0 W : [1 T1038 ..] ipc_sdio_host_msgack_handler 000000007c0ef1dc
05-24 10:13:10.220 909 972 V WindowManagerShell: DisplayChangeController init took 103ms
05-24 10:13:10.233 0 0 W : [1 T1038 ..] [aml_msgackind 2038] msg ack hostid=0xffffff80496c4400
05-24 10:13:10.221 698 698 V SystemServerTiming: sendUserStartBroadcast took to complete: 2ms
05-24 10:13:10.221 698 698 D SystemServerTiming: resumeTopActivities
05-24 10:13:10.222 909 972 V WindowManagerShell: DisplayController init took 2ms
05-24 10:13:10.223 698 698 V SystemServerTiming: resumeTopActivities took to complete: 2ms
05-24 10:13:10.223 698 698 D SystemServerTiming: sendUserSwitchBroadcasts
05-24 10:13:10.224 909 972 V WindowManagerShell: DisplayInsetsController init took 1ms
05-24 10:13:10.234 0 0 W : [1 T1038 ..] [cmd_mgr_llind 329] cmd tkn[9] flags:001a result: -4 cmd: 105-MM_SUB_READ_EFUSE - reqcfm(16391-unknown)
05-24 10:13:10.236 0 0 W : [1 T1038 ..] [cmd_mgr_msgind 409] cmd tkn[9] flags:0012 result: -4 cmd: 105-MM_SUB_READ_EFUSE - reqcfm(16391-unknown)
05-24 10:13:10.237 0 0 W : [1 T1038 ..] [cmd_complete 65] cmd tkn[9] flags:0002 result: -4 cmd: 105-MM_SUB_READ_EFUSE - reqcfm(16391-unknown)
05-24 10:13:10.224 909 972 V WindowManagerShell: DisplayImeController init took 0ms
05-24 10:13:10.224 909 972 V WindowManagerShell: Adding dump callback for ShellController
05-24 10:13:10.224 909 972 V WindowManagerShell: ShellController init took 0ms
05-24 10:13:10.225 909 972 V WindowManagerShell: Adding external interface from DragAndDropController with key extra_shell_drag_and_drop
05-24 10:13:10.225 909 972 V WindowManagerShell: Adding dump callback for DragAndDropController
05-24 10:13:10.225 909 972 V WindowManagerShell: DragAndDropController init took 0ms
05-24 10:13:10.225 698 698 V SystemServerTiming: sendUserSwitchBroadcasts took to complete: 2ms
05-24 10:13:10.227 909 972 V WindowManagerShell: Adding command class compatui for CompatUIShellCommandHandler
05-24 10:13:10.227 909 972 V WindowManagerShell: CompatUIController init took 2ms
05-24 10:13:10.227 909 972 V WindowManagerShell: Adding dump callback for ShellTaskOrganizer
05-24 10:13:10.226 698 698 D SystemServerTiming: setBinderProxies
05-24 10:13:10.239 0 0 W [3 T519 ..] read_efuse: value = 2d206297
05-24 10:13:10.239 0 0 W : [1 T1038 ..] fmac efuse read: address:0x1 value:0x2D206297
05-24 10:13:10.240 0 0 W : [3 T519 ..] >>> aml_send_msg()
05-24 10:13:10.229 698 698 V SystemServerTiming: setBinderProxies took to complete: 1ms
05-24 10:13:10.229 698 698 V SystemServerTiming: ActivityManagerStartApps took to complete: 466ms
05-24 10:13:10.229 698 698 D SystemServerTiming: componentAlias
05-24 10:13:10.230 698 698 D ComponentAliasResolver: Compat listener set.
05-24 10:13:10.230 698 698 V SystemServerTiming: componentAlias took to complete: 1ms
05-24 10:13:10.230 698 698 V SystemServerTiming: PhaseActivityManagerReady took to complete: 1494ms
05-24 10:13:10.230 698 698 D SystemServerTiming: LockSettingsThirdPartyAppsStarted
05-24 10:13:10.230 698 698 V SystemServerTiming: LockSettingsThirdPartyAppsStarted took to complete: 0ms
05-24 10:13:10.230 698 698 D SystemServerTiming: StartSystemUI
05-24 10:13:10.232 698 731 W ActivityManager: Slow operation: 139ms so far, now at startProcess: done updating battery stats
05-24 10:13:10.232 698 731 W ActivityManager: Slow operation: 139ms so far, now at startProcess: building log message
05-24 10:13:10.232 698 731 I ActivityManager: Start proc 1035:com.android.se/1068 for added application com.android.se
05-24 10:13:10.232 698 731 W ActivityManager: Slow operation: 139ms so far, now at startProcess: starting to update pids map
