05-24 10:16:36.062 0 0 W : [2 T1044 ..] [SP FRAME TX] arp rsp,vif_idx:0 sender:[1c:79:2d:20:62:97 192.168.3.167]receiver:[16:8e:6e:17:dc:41 192.168.3.176]
05-24 10:16:36.096 0 0 W : [2 T1044 ..] [SP FRAME RX] arp rsp,vif_idx:0 sender:[02:91:37:fc:9e:f6 192.168.3.105]receiver:[1c:79:2d:20:62:97 192.168.3.167]
05-24 10:16:38.672 0 0 W : [2 T609 ..] [aml_cfg80211_scan 1812] n_channels:36,iftype:2
05-24 10:16:38.672 0 0 W : [2 T609 ..] [aml_send_scanu_req 2532] vif:0
05-24 10:16:38.672 0 0 W : [2 T609 ..] [aml_send_scanu_req 2563] len:4 ssid:DZNB
05-24 10:16:38.673 0 0 W : [2 T609 ..] >>> aml_send_msg()
05-24 10:16:38.675 0 0 W : [3 T1038 ..] ipc_sdio_host_msgack_handler 00000000bae7c1b8
05-24 10:16:38.675 0 0 W : [3 T1038 ..] [aml_msgackind 2038] msg ack hostid=0xffffff80790bae80
05-24 10:16:38.676 0 0 W : [3 T1038 ..] [cmd_mgr_llind 329] cmd tkn[37] flags:0008 result: -4 cmd:4096-SCANU_START_REQ - reqcfm( 0-none)
05-24 10:16:38.678 0 0 W : [3 T1038 ..] [cmd_complete 65] cmd tkn[37] flags:0000 result: -4 cmd:4096-SCANU_START_REQ - reqcfm( 0-none)
05-24 10:16:39.506 0 0 W : [1 T1044 ..] [aml_scan_rx 1505] scanres_payload_buf overflow, flush
05-24 10:16:42.496 0 0 W : [3 T1038 ..] >>> aml_rx_scanu_start_cfm()
05-24 10:16:51.243 0 0 W : [3 T1038 ..] traffic busy!!
05-24 10:16:52.560 0 0 W : [2 T1044 ..] [SP FRAME RX] arp req,vif_idx:0 sender:[02:91:37:fc:9e:f6 192.168.3.105]receiver:[00:00:00:00:00:00 192.168.3.167]
05-24 10:16:52.561 0 0 W : [2 T1044 ..] [SP FRAME TX] arp rsp,vif_idx:0 sender:[1c:79:2d:20:62:97 192.168.3.167]receiver:[02:91:37:fc:9e:f6 192.168.3.105]
05-24 10:16:52.605 0 0 W : [2 T2960 .s] [SP FRAME TX] arp req,vif_idx:0 sender:[1c:79:2d:20:62:97 192.168.3.167]receiver:[00:00:00:00:00:00 192.168.3.105]
05-24 10:16:52.663 0 0 W : [2 T1044 ..] [SP FRAME RX] arp rsp,vif_idx:0 sender:[02:91:37:fc:9e:f6 192.168.3.105]receiver:[1c:79:2d:20:62:97 192.168.3.167]
05-24 10:16:59.628 698 698 D HDMI : [R]: 04:83
05-24 10:16:59.630 698 873 D HDMI : [S]: 4F:84:30:00:04
05-24 10:16:59.854 698 698 D HDMI : [R]: 04:8C
05-24 10:16:59.855 698 873 D HDMI : [S]: 4F:87:1C:A4:10
05-24 10:16:54.397 0 0 W : [3 T0 .s] [SP FRAME TX] arp req,vif_idx:0 sender:[1c:79:2d:20:62:97 192.168.3.167]receiver:[00:00:00:00:00:00 192.168.3.162]
05-24 10:16:54.417 0 0 W : [0 T1044 ..] [SP FRAME RX] arp rsp,vif_idx:0 sender:[a6:8b:d2:cd:fe:9a 192.168.3.162]receiver:[1c:79:2d:20:62:97 192.168.3.167]
05-24 10:17:00.078 698 698 D HDMI : [R]: 04:46
05-24 10:17:00.078 698 873 D HDMI : [S]: 40:47
05-24 10:16:54.594 0 0 W : [0 T1044 ..] [SP FRAME RX] arp req,vif_idx:0 sender:[a6:8b:d2:cd:fe:9a 192.168.3.162]receiver:[00:00:00:00:00:00 192.168.3.167]
05-24 10:16:54.595 0 0 W : [0 T1044 ..] [SP FRAME TX] arp rsp,vif_idx:0 sender:[1c:79:2d:20:62:97 192.168.3.167]receiver:[a6:8b:d2:cd:fe:9a 192.168.3.162]
05-24 10:16:55.421 0 0 W : [3 T0 .s] [SP FRAME TX] arp req,vif_idx:0 sender:[1c:79:2d:20:62:97 192.168.3.167]receiver:[00:00:00:00:00:00 192.168.3.19]
05-24 10:16:55.436 0 0 W : [2 T1044 ..] [SP FRAME RX] arp rsp,vif_idx:0 sender:[02:18:5d:1c:ad:fa 192.168.3.19]receiver:[1c:79:2d:20:62:97 192.168.3.167]
05-24 10:16:57.389 0 0 W : [3 T1038 ..] traffic idle!!
05-24 10:16:58.413 0 0 W : [3 T1038 ..] traffic busy!!
05-24 10:17:01.053 0 0 W : [2 T0 .s] [SP FRAME TX] arp req,vif_idx:0 sender:[1c:79:2d:20:62:97 192.168.3.167]receiver:[00:00:00:00:00:00 192.168.3.107]
05-24 10:17:01.174 0 0 W : [2 T1044 ..] [SP FRAME RX] arp rsp,vif_idx:0 sender:[4a:2e:8f:95:e9:0d 192.168.3.107]receiver:[1c:79:2d:20:62:97 192.168.3.167]
05-24 10:17:01.207 0 0 W : [2 T1044 ..] [SP FRAME RX] arp req,vif_idx:0 sender:[4a:2e:8f:95:e9:0d 192.168.3.107]receiver:[00:00:00:00:00:00 192.168.3.167]
05-24 10:17:01.208 0 0 W : [2 T1044 ..] [SP FRAME TX] arp rsp,vif_idx:0 sender:[1c:79:2d:20:62:97 192.168.3.167]receiver:[4a:2e:8f:95:e9:0d 192.168.3.107]
05-24 10:17:01.288 0 0 W : [2 T1044 ..] [SP FRAME RX] arp req,vif_idx:0 sender:[3a:fd:3d:ee:5f:54 192.168.3.118]receiver:[00:00:00:00:00:00 192.168.3.167]
05-24 10:17:01.289 0 0 W : [2 T1044 ..] [SP FRAME TX] arp rsp,vif_idx:0 sender:[1c:79:2d:20:62:97 192.168.3.167]receiver:[3a:fd:3d:ee:5f:54 192.168.3.118]
05-24 10:17:01.309 0 0 W : [1 T0 .s] [SP FRAME TX] arp req,vif_idx:0 sender:[1c:79:2d:20:62:97 192.168.3.167]receiver:[00:00:00:00:00:00 192.168.3.118]
05-24 10:17:01.318 0 0 W : [2 T1044 ..] [SP FRAME RX] arp rsp,vif_idx:0 sender:[3a:fd:3d:ee:5f:54 192.168.3.118]receiver:[1c:79:2d:20:62:97 192.168.3.167]
05-24 10:17:02.371 0 0 W : [2 T1044 ..] [SP FRAME RX] arp req,vif_idx:0 sender:[b4:2f:03:15:e9:0b 192.168.3.11]receiver:[00:00:00:00:00:00 192.168.3.167]
05-24 10:17:02.372 0 0 W : [2 T1044 ..] [SP FRAME TX] arp rsp,vif_idx:0 sender:[1c:79:2d:20:62:97 192.168.3.167]receiver:[b4:2f:03:15:e9:0b 192.168.3.11]
05-24 10:17:02.657 0 0 W : [2 T1044 ..] [SP FRAME RX] arp req,vif_idx:0 sender:[42:87:91:b7:6d:20 192.168.3.226]receiver:[00:00:00:00:00:00 192.168.3.167]
05-24 10:17:02.658 0 0 W : [2 T1044 ..] [SP FRAME TX] arp rsp,vif_idx:0 sender:[1c:79:2d:20:62:97 192.168.3.167]receiver:[42:87:91:b7:6d:20 192.168.3.226]
05-24 10:17:03.101 0 0 W : [1 T0 .s] [SP FRAME TX] arp req,vif_idx:0 sender:[1c:79:2d:20:62:97 192.168.3.167]receiver:[00:00:00:00:00:00 192.168.3.226]
05-24 10:17:03.102 0 0 W : [1 T0 .s] [SP FRAME TX] arp req,vif_idx:0 sender:[1c:79:2d:20:62:97 192.168.3.167]receiver:[00:00:00:00:00:00 192.168.3.11]
05-24 10:17:03.119 0 0 W : [0 T1044 ..] [SP FRAME RX] arp rsp,vif_idx:0 sender:[42:87:91:b7:6d:20 192.168.3.226]receiver:[1c:79:2d:20:62:97 192.168.3.167]
05-24 10:17:03.120 0 0 W : [0 T1044 ..] [SP FRAME RX] arp rsp,vif_idx:0 sender:[b4:2f:03:15:e9:0b 192.168.3.11]receiver:[1c:79:2d:20:62:97 192.168.3.167]
05-24 10:17:06.173 0 0 W : [3 T0 .s] [SP FRAME TX] arp req,vif_idx:0 sender:[1c:79:2d:20:62:97 192.168.3.167]receiver:[00:00:00:00:00:00 192.168.3.151]
05-24 10:17:06.178 0 0 W : [3 T1044 ..] [SP FRAME RX] arp rsp,vif_idx:0 sender:[4e:df:ee:48:4b:63 192.168.3.151]receiver:[1c:79:2d:20:62:97 192.168.3.167]
05-24 10:17:06.239 0 0 W : [3 T1044 ..] [SP FRAME RX] arp req,vif_idx:0 sender:[4e:df:ee:48:4b:63 192.168.3.151]receiver:[00:00:00:00:00:00 192.168.3.167]
05-24 10:17:06.240 0 0 W : [3 T1044 ..] [SP FRAME TX] arp rsp,vif_idx:0 sender:[1c:79:2d:20:62:97 192.168.3.167]receiver:[4e:df:ee:48:4b:63 192.168.3.151]
05-24 10:17:07.914 0 0 W : [2 T1044 ..] [SP FRAME RX] arp req,vif_idx:0 sender:[a6:8b:d2:cd:fe:9a 192.168.3.162]receiver:[00:00:00:00:00:00 192.168.3.167]
05-24 10:17:07.915 0 0 W : [2 T1044 ..] [SP FRAME TX] arp rsp,vif_idx:0 sender:[1c:79:2d:20:62:97 192.168.3.167]receiver:[a6:8b:d2:cd:fe:9a 192.168.3.162]
05-24 10:17:07.965 0 0 W : [3 T0 .s] [SP FRAME TX] arp req,vif_idx:0 sender:[1c:79:2d:20:62:97 192.168.3.167]receiver:[00:00:00:00:00:00 192.168.3.176]
05-24 10:17:07.966 0 0 W : [3 T0 .s] [SP FRAME TX] arp req,vif_idx:0 sender:[1c:79:2d:20:62:97 192.168.3.167]receiver:[00:00:00:00:00:00 192.168.3.161]
05-24 10:17:07.967 0 0 W : [3 T0 .s] [SP FRAME TX] arp req,vif_idx:0 sender:[1c:79:2d:20:62:97 192.168.3.167]receiver:[00:00:00:00:00:00 192.168.3.105]
05-24 10:17:07.969 0 0 W : [3 T0 .s] [SP FRAME TX] arp req,vif_idx:0 sender:[1c:79:2d:20:62:97 192.168.3.167]receiver:[00:00:00:00:00:00 192.168.3.68]
05-24 10:17:07.992 0 0 W : [2 T1044 ..] [SP FRAME RX] arp rsp,vif_idx:0 sender:[86:c4:12:e3:5b:28 192.168.3.161]receiver:[1c:79:2d:20:62:97 192.168.3.167]
05-24 10:17:08.021 0 0 W : [2 T1044 ..] [SP FRAME RX] arp rsp,vif_idx:0 sender:[16:8e:6e:17:dc:41 192.168.3.176]receiver:[1c:79:2d:20:62:97 192.168.3.167]
05-24 10:17:08.030 0 0 W : [2 T1044 ..] [SP FRAME RX] arp req,vif_idx:0 sender:[4c:6b:b8:99:ce:34 192.168.3.68]receiver:[00:00:00:00:00:00 192.168.3.167]
05-24 10:17:08.031 0 0 W : [2 T1044 ..] [SP FRAME TX] arp rsp,vif_idx:0 sender:[1c:79:2d:20:62:97 192.168.3.167]receiver:[4c:6b:b8:99:ce:34 192.168.3.68]
05-24 10:17:08.036 0 0 W : [2 T1044 ..] [SP FRAME RX] arp req,vif_idx:0 sender:[16:8e:6e:17:dc:41 192.168.3.176]receiver:[00:00:00:00:00:00 192.168.3.167]
05-24 10:17:08.037 0 0 W : [2 T1044 ..] [SP FRAME TX] arp rsp,vif_idx:0 sender:[1c:79:2d:20:62:97 192.168.3.167]receiver:[16:8e:6e:17:dc:41 192.168.3.176]
05-24 10:17:08.049 0 0 W : [2 T1044 ..] [SP FRAME RX] arp req,vif_idx:0 sender:[86:c4:12:e3:5b:28 192.168.3.161]receiver:[00:00:00:00:00:00 192.168.3.167]
05-24 10:17:08.050 0 0 W : [2 T1044 ..] [SP FRAME TX] arp rsp,vif_idx:0 sender:[1c:79:2d:20:62:97 192.168.3.167]receiver:[86:c4:12:e3:5b:28 192.168.3.161]
05-24 10:17:08.070 0 0 W : [2 T1044 ..] [SP FRAME RX] arp rsp,vif_idx:0 sender:[4c:6b:b8:99:ce:34 192.168.3.68]receiver:[1c:79:2d:20:62:97 192.168.3.167]
05-24 10:17:08.096 0 0 W : [2 T1044 ..] [SP FRAME RX] arp rsp,vif_idx:0 sender:[02:91:37:fc:9e:f6 192.168.3.105]receiver:[1c:79:2d:20:62:97 192.168.3.167]
05-24 10:17:08.117 0 0 W : [2 T1044 ..] [SP FRAME RX] arp req,vif_idx:0 sender:[02:18:5d:1c:ad:fa 192.168.3.19]receiver:[00:00:00:00:00:00 192.168.3.167]
05-24 10:17:08.118 0 0 W : [2 T1044 ..] [SP FRAME TX] arp rsp,vif_idx:0 sender:[1c:79:2d:20:62:97 192.168.3.167]receiver:[02:18:5d:1c:ad:fa 192.168.3.19]
05-24 10:17:15.014 698 795 D OomAdjuster: Not killing cached processes
05-24 10:17:12.645 0 0 W : [0 T609 ..] [aml_cfg80211_scan 1812] n_channels:36,iftype:2
05-24 10:17:12.645 0 0 W : [0 T609 ..] [aml_cfg80211_scan 1833] abort scan,traffic busy
05-24 10:17:12.667 0 0 W : [1 T609 ..] [aml_cfg80211_scan 1812] n_channels:36,iftype:2
05-24 10:17:12.667 0 0 W : [1 T609 ..] [aml_send_scanu_req 2532] vif:0
05-24 10:17:12.667 0 0 W : [1 T609 ..] [aml_send_scanu_req 2563] len:4 ssid:DZNB
05-24 10:17:12.668 0 0 W : [1 T609 ..] >>> aml_send_msg()
05-24 10:17:12.669 0 0 W : [3 T1038 ..] ipc_sdio_host_msgack_handler 000000007ac14a36
05-24 10:17:12.670 0 0 W : [3 T1038 ..] [aml_msgackind 2038] msg ack hostid=0xffffff808db00600
05-24 10:17:12.671 0 0 W : [3 T1038 ..] [cmd_mgr_llind 329] cmd tkn[38] flags:0008 result: -4 cmd:4096-SCANU_START_REQ - reqcfm( 0-none)
05-24 10:17:12.672 0 0 W : [3 T1038 ..] [cmd_complete 65] cmd tkn[38] flags:0000 result: -4 cmd:4096-SCANU_START_REQ - reqcfm( 0-none)
05-24 10:17:13.124 0 0 W : [2 T1044 ..] [aml_scan_rx 1505] scanres_payload_buf overflow, flush
05-24 10:17:14.877 0 0 W : [2 T1474 ..] [aml_send_sync_trace 4388] sync token[54479]
05-24 10:17:14.877 0 0 W : [2 T1474 ..] >>> aml_send_msg()
05-24 10:17:14.879 0 0 W : [3 T1038 ..] ipc_sdio_host_msgack_handler 00000000eddad7f7
05-24 10:17:14.879 0 0 W : [3 T1038 ..] [aml_msgackind 2038] msg ack hostid=0xffffff8082248f80
05-24 10:17:14.880 0 0 W : [3 T1038 ..] [cmd_mgr_llind 329] cmd tkn[39] flags:0008 result: -4 cmd: 105-MM_SYNC_TRACE - reqcfm( 0-none)
05-24 10:17:14.882 0 0 W : [3 T1038 ..] [cmd_complete 65] cmd tkn[39] flags:0000 result: -4 cmd: 105-MM_SYNC_TRACE - reqcfm( 0-none)
05-24 10:17:16.175 0 0 W : [2 T1044 ..] [aml_scan_rx 1505] scanres_payload_buf overflow, flush
05-24 10:17:16.488 0 0 W : [3 T1038 ..] >>> aml_rx_scanu_start_cfm()
05-24 10:17:17.975 0 0 W : [3 T1038 ..] traffic idle!!
05-24 10:17:18.898 0 0 W : [3 T1038 ..] traffic busy!!
05-24 10:17:24.583 0 0 W : [3 T1044 ..] [SP FRAME RX] arp req,vif_idx:0 sender:[02:91:37:fc:9e:f6 192.168.3.105]receiver:[00:00:00:00:00:00 192.168.3.167]
05-24 10:17:24.584 0 0 W : [3 T1044 ..] [SP FRAME TX] arp rsp,vif_idx:0 sender:[1c:79:2d:20:62:97 192.168.3.167]receiver:[02:91:37:fc:9e:f6 192.168.3.105]
05-24 10:17:24.605 0 0 W : [1 T1044 .s] [SP FRAME TX] arp req,vif_idx:0 sender:[1c:79:2d:20:62:97 192.168.3.167]receiver:[00:00:00:00:00:00 192.168.3.105]
05-24 10:17:24.645 0 0 W : [1 T1044 ..] [SP FRAME RX] arp rsp,vif_idx:0 sender:[02:91:37:fc:9e:f6 192.168.3.105]receiver:[1c:79:2d:20:62:97 192.168.3.167]
05-24 10:17:30.393 698 698 D HDMI : [R]: 04:83
05-24 10:17:30.394 698 873 D HDMI : [S]: 4F:84:30:00:04
05-24 10:17:30.618 698 698 D HDMI : [R]: 04:8C
05-24 10:17:30.619 698 873 D HDMI : [S]: 4F:87:1C:A4:10
05-24 10:17:30.842 698 698 D HDMI : [R]: 04:46
05-24 10:17:30.843 698 873 D HDMI : [S]: 40:47
05-24 10:17:26.600 0 0 W : [1 T1044 ..] [SP FRAME RX] arp req,vif_idx:0 sender:[a6:8b:d2:cd:fe:9a 192.168.3.162]receiver:[00:00:00:00:00:00 192.168.3.167]
05-24 10:17:26.601 0 0 W : [1 T1044 ..] [SP FRAME TX] arp rsp,vif_idx:0 sender:[1c:79:2d:20:62:97 192.168.3.167]receiver:[a6:8b:d2:cd:fe:9a 192.168.3.162]
05-24 10:17:26.653 0 0 W : [1 T1044 .s] [SP FRAME TX] arp req,vif_idx:0 sender:[1c:79:2d:20:62:97 192.168.3.167]receiver:[00:00:00:00:00:00 192.168.3.162]
05-24 10:17:26.745 0 0 W : [1 T1044 ..] [SP FRAME RX] arp rsp,vif_idx:0 sender:[a6:8b:d2:cd:fe:9a 192.168.3.162]receiver:[1c:79:2d:20:62:97 192.168.3.167]
05-24 10:17:27.421 0 0 W : [1 T2660 .s] [SP FRAME TX] arp req,vif_idx:0 sender:[1c:79:2d:20:62:97 192.168.3.167]receiver:[00:00:00:00:00:00 192.168.3.19]
05-24 10:17:27.436 0 0 W : [2 T1044 ..] [SP FRAME RX] arp rsp,vif_idx:0 sender:[02:18:5d:1c:ad:fa 192.168.3.19]receiver:[1c:79:2d:20:62:97 192.168.3.167]
05-24 10:17:30.493 0 0 W : [1 T0 .s] [SP FRAME TX] arp req,vif_idx:0 sender:[1c:79:2d:20:62:97 192.168.3.167]receiver:[00:00:00:00:00:00 192.168.3.1]
05-24 10:17:30.498 0 0 W : [2 T1044 ..] [SP FRAME RX] arp rsp,vif_idx:0 sender:[70:3a:a6:36:a8:d7 192.168.3.1]receiver:[1c:79:2d:20:62:97 192.168.3.167]
05-24 10:17:33.053 0 0 W : [2 T0 .s] [SP FRAME TX] arp req,vif_idx:0 sender:[1c:79:2d:20:62:97 192.168.3.167]receiver:[00:00:00:00:00:00 192.168.3.107]
05-24 10:17:33.126 0 0 W : [2 T1044 ..] [SP FRAME RX] arp rsp,vif_idx:0 sender:[4a:2e:8f:95:e9:0d 192.168.3.107]receiver:[1c:79:2d:20:62:97 192.168.3.167]
05-24 10:17:33.208 0 0 W : [2 T1044 ..] [SP FRAME RX] arp req,vif_idx:0 sender:[4a:2e:8f:95:e9:0d 192.168.3.107]receiver:[00:00:00:00:00:00 192.168.3.167]
05-24 10:17:33.209 0 0 W : [2 T1044 ..] [SP FRAME TX] arp rsp,vif_idx:0 sender:[1c:79:2d:20:62:97 192.168.3.167]receiver:[4a:2e:8f:95:e9:0d 192.168.3.107]
05-24 10:17:33.289 0 0 W : [2 T1044 ..] [SP FRAME RX] arp req,vif_idx:0 sender:[3a:fd:3d:ee:5f:54 192.168.3.118]receiver:[00:00:00:00:00:00 192.168.3.167]
05-24 10:17:33.290 0 0 W : [2 T1044 ..] [SP FRAME TX] arp rsp,vif_idx:0 sender:[1c:79:2d:20:62:97 192.168.3.167]receiver:[3a:fd:3d:ee:5f:54 192.168.3.118]
05-24 10:17:33.309 0 0 W : [3 T0 .s] [SP FRAME TX] arp req,vif_idx:0 sender:[1c:79:2d:20:62:97 192.168.3.167]receiver:[00:00:00:00:00:00 192.168.3.118]
05-24 10:17:33.315 0 0 W : [2 T1044 ..] [SP FRAME RX] arp rsp,vif_idx:0 sender:[3a:fd:3d:ee:5f:54 192.168.3.118]receiver:[1c:79:2d:20:62:97 192.168.3.167]
05-24 10:17:34.337 0 0 W : [0 T0 .s] [SP FRAME TX] arp req,vif_idx:0 sender:[1c:79:2d:20:62:97 192.168.3.167]receiver:[00:00:00:00:00:00 192.168.3.11]
05-24 10:17:34.367 0 0 W : [2 T1044 ..] [SP FRAME RX] arp req,vif_idx:0 sender:[b4:2f:03:15:e9:0b 192.168.3.11]receiver:[00:00:00:00:00:00 192.168.3.167]
05-24 10:17:34.368 0 0 W : [2 T1044 ..] [SP FRAME TX] arp rsp,vif_idx:0 sender:[1c:79:2d:20:62:97 192.168.3.167]receiver:[b4:2f:03:15:e9:0b 192.168.3.11]
05-24 10:17:34.370 0 0 W : [2 T1044 ..] [SP FRAME RX] arp rsp,vif_idx:0 sender:[b4:2f:03:15:e9:0b 192.168.3.11]receiver:[1c:79:2d:20:62:97 192.168.3.167]
05-24 10:17:40.019 698 698 V HotPlugDetectionAction: Poll all devices.
05-24 10:17:34.589 0 0 W : [0 T0 .s] [SP FRAME TX] arp req,vif_idx:0 sender:[1c:79:2d:20:62:97 192.168.3.167]receiver:[00:00:00:00:00:00 192.168.3.226]
05-24 10:17:34.593 0 0 W : [2 T1044 ..] [SP FRAME RX] arp rsp,vif_idx:0 sender:[42:87:91:b7:6d:20 192.168.3.226]receiver:[1c:79:2d:20:62:97 192.168.3.167]
05-24 10:17:34.649 0 0 W : [2 T1044 ..] [SP FRAME RX] arp req,vif_idx:0 sender:[42:87:91:b7:6d:20 192.168.3.226]receiver:[00:00:00:00:00:00 192.168.3.167]
05-24 10:17:34.650 0 0 W : [2 T1044 ..] [SP FRAME TX] arp rsp,vif_idx:0 sender:[1c:79:2d:20:62:97 192.168.3.167]receiver:[42:87:91:b7:6d:20 192.168.3.226]
05-24 10:17:40.417 698 698 D HdmiCecController: [P]:AllocatedAddress=[0]
05-24 10:17:38.173 0 0 W : [2 T1044 .s] [SP FRAME TX] arp req,vif_idx:0 sender:[1c:79:2d:20:62:97 192.168.3.167]receiver:[00:00:00:00:00:00 192.168.3.151]
05-24 10:17:38.200 0 0 W : [2 T1044 ..] [SP FRAME RX] arp rsp,vif_idx:0 sender:[4e:df:ee:48:4b:63 192.168.3.151]receiver:[1c:79:2d:20:62:97 192.168.3.167]
05-24 10:17:38.237 0 0 W : [2 T1044 ..] [SP FRAME RX] arp req,vif_idx:0 sender:[4e:df:ee:48:4b:63 192.168.3.151]receiver:[00:00:00:00:00:00 192.168.3.167]
05-24 10:17:38.238 0 0 W : [2 T1044 ..] [SP FRAME TX] arp rsp,vif_idx:0 sender:[1c:79:2d:20:62:97 192.168.3.167]receiver:[4e:df:ee:48:4b:63 192.168.3.151]
05-24 10:17:39.907 0 0 W : [2 T1044 ..] [SP FRAME RX] arp req,vif_idx:0 sender:[a6:8b:d2:cd:fe:9a 192.168.3.162]receiver:[00:00:00:00:00:00 192.168.3.167]
05-24 10:17:39.908 0 0 W : [2 T1044 ..] [SP FRAME TX] arp rsp,vif_idx:0 sender:[1c:79:2d:20:62:97 192.168.3.167]receiver:[a6:8b:d2:cd:fe:9a 192.168.3.162]
05-24 10:17:39.965 0 0 W : [2 T0 .s] [SP FRAME TX] arp req,vif_idx:0 sender:[1c:79:2d:20:62:97 192.168.3.167]receiver:[00:00:00:00:00:00 192.168.3.176]
05-24 10:17:39.966 0 0 W : [2 T0 .s] [SP FRAME TX] arp req,vif_idx:0 sender:[1c:79:2d:20:62:97 192.168.3.167]receiver:[00:00:00:00:00:00 192.168.3.161]
05-24 10:17:39.967 0 0 W : [2 T0 .s] [SP FRAME TX] arp req,vif_idx:0 sender:[1c:79:2d:20:62:97 192.168.3.167]receiver:[00:00:00:00:00:00 192.168.3.105]
05-24 10:17:39.969 0 0 W : [2 T0 .s] [SP FRAME TX] arp req,vif_idx:0 sender:[1c:79:2d:20:62:97 192.168.3.167]receiver:[00:00:00:00:00:00 192.168.3.68]
05-24 10:17:39.994 0 0 W : [2 T1044 ..] [SP FRAME RX] arp rsp,vif_idx:0 sender:[4c:6b:b8:99:ce:34 192.168.3.68]receiver:[1c:79:2d:20:62:97 192.168.3.167]
05-24 10:17:39.995 0 0 W : [2 T1044 ..] [SP FRAME RX] arp rsp,vif_idx:0 sender:[02:91:37:fc:9e:f6 192.168.3.105]receiver:[1c:79:2d:20:62:97 192.168.3.167]
05-24 10:17:39.997 0 0 W : [2 T1044 ..] [SP FRAME RX] arp rsp,vif_idx:0 sender:[16:8e:6e:17:dc:41 192.168.3.176]receiver:[1c:79:2d:20:62:97 192.168.3.167]
05-24 10:17:40.001 0 0 W : [2 T1044 ..] [SP FRAME RX] arp rsp,vif_idx:0 sender:[86:c4:12:e3:5b:28 192.168.3.161]receiver:[1c:79:2d:20:62:97 192.168.3.167]
05-24 10:17:40.030 0 0 W : [2 T1044 ..] [SP FRAME RX] arp req,vif_idx:0 sender:[4c:6b:b8:99:ce:34 192.168.3.68]receiver:[00:00:00:00:00:00 192.168.3.167]
05-24 10:17:40.031 0 0 W : [2 T1044 ..] [SP FRAME TX] arp rsp,vif_idx:0 sender:[1c:79:2d:20:62:97 192.168.3.167]receiver:[4c:6b:b8:99:ce:34 192.168.3.68]
05-24 10:17:40.038 0 0 W : [2 T1044 ..] [SP FRAME RX] arp req,vif_idx:0 sender:[16:8e:6e:17:dc:41 192.168.3.176]receiver:[00:00:00:00:00:00 192.168.3.167]
05-24 10:17:40.039 0 0 W : [2 T1044 ..] [SP FRAME TX] arp rsp,vif_idx:0 sender:[1c:79:2d:20:62:97 192.168.3.167]receiver:[16:8e:6e:17:dc:41 192.168.3.176]
05-24 10:17:40.050 0 0 W : [2 T1044 ..] [SP FRAME RX] arp req,vif_idx:0 sender:[86:c4:12:e3:5b:28 192.168.3.161]receiver:[00:00:00:00:00:00 192.168.3.167]
05-24 10:17:40.051 0 0 W : [2 T1044 ..] [SP FRAME TX] arp rsp,vif_idx:0 sender:[1c:79:2d:20:62:97 192.168.3.167]receiver:[86:c4:12:e3:5b:28 192.168.3.161]
05-24 10:17:40.117 0 0 W : [2 T1044 ..] [SP FRAME RX] arp req,vif_idx:0 sender:[02:18:5d:1c:ad:fa 192.168.3.19]receiver:[00:00:00:00:00:00 192.168.3.167]
05-24 10:17:40.118 0 0 W : [2 T1044 ..] [SP FRAME TX] arp rsp,vif_idx:0 sender:[1c:79:2d:20:62:97 192.168.3.167]receiver:[02:18:5d:1c:ad:fa 192.168.3.19]
05-24 10:17:46.605 0 0 W : [1 T609 ..] [aml_cfg80211_scan 1812] n_channels:36,iftype:2
05-24 10:17:46.605 0 0 W : [1 T609 ..] [aml_cfg80211_scan 1833] abort scan,traffic busy
05-24 10:17:46.622 0 0 W : [0 T609 ..] [aml_cfg80211_scan 1812] n_channels:36,iftype:2
05-24 10:17:46.622 0 0 W : [0 T609 ..] [aml_send_scanu_req 2532] vif:0
05-24 10:17:46.622 0 0 W : [0 T609 ..] [aml_send_scanu_req 2563] len:4 ssid:DZNB
05-24 10:17:46.622 0 0 W : [0 T609 ..] >>> aml_send_msg()
05-24 10:17:46.624 0 0 W : [1 T1038 ..] ipc_sdio_host_msgack_handler 0000000051bdd13e
05-24 10:17:46.625 0 0 W : [1 T1038 ..] [aml_msgackind 2038] msg ack hostid=0xffffff808a6ef680
05-24 10:17:46.625 0 0 W : [1 T1038 ..] [cmd_mgr_llind 329] cmd tkn[40] flags:0008 result: -4 cmd:4096-SCANU_START_REQ - reqcfm( 0-none)
05-24 10:17:46.627 0 0 W : [1 T1038 ..] [cmd_complete 65] cmd tkn[40] flags:0000 result: -4 cmd:4096-SCANU_START_REQ - reqcfm( 0-none)
05-24 10:17:47.915 0 0 W : [3 T1044 ..] [aml_scan_rx 1505] scanres_payload_buf overflow, flush
05-24 10:17:50.432 0 0 W : [1 T1038 ..] >>> aml_rx_scanu_start_cfm()
05-24 10:18:01.154 698 698 D HDMI : [R]: 04:83
05-24 10:18:01.158 698 873 D HDMI : [S]: 4F:84:30:00:04
05-24 10:18:01.382 698 698 D HDMI : [R]: 04:8C
05-24 10:18:01.384 698 873 D HDMI : [S]: 4F:87:1C:A4:10
05-24 10:18:01.610 698 698 D HDMI : [R]: 04:46
05-24 10:18:01.610 698 873 D HDMI : [S]: 40:47
05-24 10:17:56.605 0 0 W : [0 T3417 .s] [SP FRAME TX] arp req,vif_idx:0 sender:[1c:79:2d:20:62:97 192.168.3.167]receiver:[00:00:00:00:00:00 192.168.3.105]
05-24 10:17:56.616 0 0 W : [1 T1044 ..] [SP FRAME RX] arp rsp,vif_idx:0 sender:[02:91:37:fc:9e:f6 192.168.3.105]receiver:[1c:79:2d:20:62:97 192.168.3.167]
05-24 10:17:56.952 0 0 W : [2 T1044 ..] [SP FRAME RX] arp req,vif_idx:0 sender:[02:91:37:fc:9e:f6 192.168.3.105]receiver:[00:00:00:00:00:00 192.168.3.167]
05-24 10:17:56.953 0 0 W : [2 T1044 ..] [SP FRAME TX] arp rsp,vif_idx:0 sender:[1c:79:2d:20:62:97 192.168.3.167]receiver:[02:91:37:fc:9e:f6 192.168.3.105]
05-24 10:17:58.849 0 0 W : [2 T1044 ..] [SP FRAME RX] arp req,vif_idx:0 sender:[a6:8b:d2:cd:fe:9a 192.168.3.162]receiver:[00:00:00:00:00:00 192.168.3.167]
05-24 10:17:58.850 0 0 W : [2 T1044 ..] [SP FRAME TX] arp rsp,vif_idx:0 sender:[1c:79:2d:20:62:97 192.168.3.167]receiver:[a6:8b:d2:cd:fe:9a 192.168.3.162]
05-24 10:17:58.909 0 0 W : [2 T0 .s] [SP FRAME TX] arp req,vif_idx:0 sender:[1c:79:2d:20:62:97 192.168.3.167]receiver:[00:00:00:00:00:00 192.168.3.162]
05-24 10:17:58.920 0 0 W : [0 T1044 ..] [SP FRAME RX] arp rsp,vif_idx:0 sender:[a6:8b:d2:cd:fe:9a 192.168.3.162]receiver:[1c:79:2d:20:62:97 192.168.3.167]
05-24 10:17:59.425 0 0 W : [2 T0 .s] [SP FRAME TX] arp req,vif_idx:0 sender:[1c:79:2d:20:62:97 192.168.3.167]receiver:[00:00:00:00:00:00 192.168.3.19]
05-24 10:17:59.436 0 0 W : [2 T1044 ..] [SP FRAME RX] arp rsp,vif_idx:0 sender:[02:18:5d:1c:ad:fa 192.168.3.19]receiver:[1c:79:2d:20:62:97 192.168.3.167]
05-24 10:18:05.053 0 0 W : [2 T2245 .s] [SP FRAME TX] arp req,vif_idx:0 sender:[1c:79:2d:20:62:97 192.168.3.167]receiver:[00:00:00:00:00:00 192.168.3.107]
05-24 10:18:05.070 0 0 W : [2 T1044 ..] [SP FRAME RX] arp rsp,vif_idx:0 sender:[4a:2e:8f:95:e9:0d 192.168.3.107]receiver:[1c:79:2d:20:62:97 192.168.3.167]
05-24 10:18:05.209 0 0 W : [2 T1044 ..] [SP FRAME RX] arp req,vif_idx:0 sender:[4a:2e:8f:95:e9:0d 192.168.3.107]receiver:[00:00:00:00:00:00 192.168.3.167]
05-24 10:18:05.210 0 0 W : [2 T1044 ..] [SP FRAME TX] arp rsp,vif_idx:0 sender:[1c:79:2d:20:62:97 192.168.3.167]receiver:[4a:2e:8f:95:e9:0d 192.168.3.107]
05-24 10:18:05.291 0 0 W : [2 T1044 ..] [SP FRAME RX] arp req,vif_idx:0 sender:[3a:fd:3d:ee:5f:54 192.168.3.118]receiver:[00:00:00:00:00:00 192.168.3.167]
05-24 10:18:05.292 0 0 W : [2 T1044 ..] [SP FRAME TX] arp rsp,vif_idx:0 sender:[1c:79:2d:20:62:97 192.168.3.167]receiver:[3a:fd:3d:ee:5f:54 192.168.3.118]
05-24 10:18:05.309 0 0 W : [3 T0 .s] [SP FRAME TX] arp req,vif_idx:0 sender:[1c:79:2d:20:62:97 192.168.3.167]receiver:[00:00:00:00:00:00 192.168.3.118]
05-24 10:18:05.316 0 0 W : [2 T1044 ..] [SP FRAME RX] arp rsp,vif_idx:0 sender:[3a:fd:3d:ee:5f:54 192.168.3.118]receiver:[1c:79:2d:20:62:97 192.168.3.167]
05-24 10:18:06.333 0 0 W : [3 T0 .s] [SP FRAME TX] arp req,vif_idx:0 sender:[1c:79:2d:20:62:97 192.168.3.167]receiver:[00:00:00:00:00:00 192.168.3.11]
05-24 10:18:06.338 0 0 W : [2 T1044 ..] [SP FRAME RX] arp rsp,vif_idx:0 sender:[b4:2f:03:15:e9:0b 192.168.3.11]receiver:[1c:79:2d:20:62:97 192.168.3.167]
05-24 10:18:06.369 0 0 W : [2 T1044 ..] [SP FRAME RX] arp req,vif_idx:0 sender:[b4:2f:03:15:e9:0b 192.168.3.11]receiver:[00:00:00:00:00:00 192.168.3.167]
05-24 10:18:06.370 0 0 W : [2 T1044 ..] [SP FRAME TX] arp rsp,vif_idx:0 sender:[1c:79:2d:20:62:97 192.168.3.167]receiver:[b4:2f:03:15:e9:0b 192.168.3.11]
05-24 10:18:06.589 0 0 W : [0 T0 .s] [SP FRAME TX] arp req,vif_idx:0 sender:[1c:79:2d:20:62:97 192.168.3.167]receiver:[00:00:00:00:00:00 192.168.3.226]
05-24 10:18:06.629 0 0 W : [2 T1044 ..] [SP FRAME RX] arp rsp,vif_idx:0 sender:[42:87:91:b7:6d:20 192.168.3.226]receiver:[1c:79:2d:20:62:97 192.168.3.167]
05-24 10:18:06.647 0 0 W : [2 T1044 ..] [SP FRAME RX] arp req,vif_idx:0 sender:[42:87:91:b7:6d:20 192.168.3.226]receiver:[00:00:00:00:00:00 192.168.3.167]
05-24 10:18:06.648 0 0 W : [2 T1044 ..] [SP FRAME TX] arp rsp,vif_idx:0 sender:[1c:79:2d:20:62:97 192.168.3.167]receiver:[42:87:91:b7:6d:20 192.168.3.226]
05-24 10:18:15.016 698 795 D OomAdjuster: Not killing cached processes
05-24 10:18:10.173 0 0 W : [2 T0 .s] [SP FRAME TX] arp req,vif_idx:0 sender:[1c:79:2d:20:62:97 192.168.3.167]receiver:[00:00:00:00:00:00 192.168.3.151]
05-24 10:18:10.195 0 0 W : [0 T1044 ..] [SP FRAME RX] arp rsp,vif_idx:0 sender:[4e:df:ee:48:4b:63 192.168.3.151]receiver:[1c:79:2d:20:62:97 192.168.3.167]
05-24 10:18:10.236 0 0 W : [0 T1044 ..] [SP FRAME RX] arp req,vif_idx:0 sender:[4e:df:ee:48:4b:63 192.168.3.151]receiver:[00:00:00:00:00:00 192.168.3.167]
05-24 10:18:10.237 0 0 W : [0 T1044 ..] [SP FRAME TX] arp rsp,vif_idx:0 sender:[1c:79:2d:20:62:97 192.168.3.167]receiver:[4e:df:ee:48:4b:63 192.168.3.151]
05-24 10:18:11.918 0 0 W : [0 T1044 ..] [SP FRAME RX] arp req,vif_idx:0 sender:[02:91:37:fc:9e:f6 192.168.3.105]receiver:[00:00:00:00:00:00 192.168.3.167]
05-24 10:18:11.919 0 0 W : [0 T1044 ..] [SP FRAME TX] arp rsp,vif_idx:0 sender:[1c:79:2d:20:62:97 192.168.3.167]receiver:[02:91:37:fc:9e:f6 192.168.3.105]
05-24 10:18:11.965 0 0 W : [3 T0 .s] [SP FRAME TX] arp req,vif_idx:0 sender:[1c:79:2d:20:62:97 192.168.3.167]receiver:[00:00:00:00:00:00 192.168.3.176]
05-24 10:18:11.966 0 0 W : [3 T0 .s] [SP FRAME TX] arp req,vif_idx:0 sender:[1c:79:2d:20:62:97 192.168.3.167]receiver:[00:00:00:00:00:00 192.168.3.161]
05-24 10:18:11.967 0 0 W : [3 T0 .s] [SP FRAME TX] arp req,vif_idx:0 sender:[1c:79:2d:20:62:97 192.168.3.167]receiver:[00:00:00:00:00:00 192.168.3.105]
05-24 10:18:11.969 0 0 W : [3 T0 .s] [SP FRAME TX] arp req,vif_idx:0 sender:[1c:79:2d:20:62:97 192.168.3.167]receiver:[00:00:00:00:00:00 192.168.3.68]
05-24 10:18:12.008 0 0 W : [0 T1044 ..] [SP FRAME RX] arp rsp,vif_idx:0 sender:[16:8e:6e:17:dc:41 192.168.3.176]receiver:[1c:79:2d:20:62:97 192.168.3.167]
05-24 10:18:12.009 0 0 W : [0 T1044 ..] [SP FRAME RX] arp rsp,vif_idx:0 sender:[4c:6b:b8:99:ce:34 192.168.3.68]receiver:[1c:79:2d:20:62:97 192.168.3.167]
05-24 10:18:12.012 0 0 W : [0 T1044 ..] [SP FRAME RX] arp rsp,vif_idx:0 sender:[86:c4:12:e3:5b:28 192.168.3.161]receiver:[1c:79:2d:20:62:97 192.168.3.167]
05-24 10:18:12.014 0 0 W : [0 T1044 ..] [SP FRAME RX] arp rsp,vif_idx:0 sender:[02:91:37:fc:9e:f6 192.168.3.105]receiver:[1c:79:2d:20:62:97 192.168.3.167]
05-24 10:18:12.031 0 0 W : [0 T1044 ..] [SP FRAME RX] arp req,vif_idx:0 sender:[4c:6b:b8:99:ce:34 192.168.3.68]receiver:[00:00:00:00:00:00 192.168.3.167]
05-24 10:18:12.032 0 0 W : [0 T1044 ..] [SP FRAME TX] arp rsp,vif_idx:0 sender:[1c:79:2d:20:62:97 192.168.3.167]receiver:[4c:6b:b8:99:ce:34 192.168.3.68]
05-24 10:18:12.038 0 0 W : [0 T1044 ..] [SP FRAME RX] arp req,vif_idx:0 sender:[16:8e:6e:17:dc:41 192.168.3.176]receiver:[00:00:00:00:00:00 192.168.3.167]
05-24 10:18:12.039 0 0 W : [0 T1044 ..] [SP FRAME TX] arp rsp,vif_idx:0 sender:[1c:79:2d:20:62:97 192.168.3.167]receiver:[16:8e:6e:17:dc:41 192.168.3.176]
05-24 10:18:12.051 0 0 W : [0 T1044 ..] [SP FRAME RX] arp req,vif_idx:0 sender:[86:c4:12:e3:5b:28 192.168.3.161]receiver:[00:00:00:00:00:00 192.168.3.167]
05-24 10:18:12.052 0 0 W : [0 T1044 ..] [SP FRAME TX] arp rsp,vif_idx:0 sender:[1c:79:2d:20:62:97 192.168.3.167]receiver:[86:c4:12:e3:5b:28 192.168.3.161]
05-24 10:18:12.129 0 0 W : [0 T1044 ..] [SP FRAME RX] arp req,vif_idx:0 sender:[02:18:5d:1c:ad:fa 192.168.3.19]receiver:[00:00:00:00:00:00 192.168.3.167]
05-24 10:18:12.130 0 0 W : [0 T1044 ..] [SP FRAME TX] arp rsp,vif_idx:0 sender:[1c:79:2d:20:62:97 192.168.3.167]receiver:[02:18:5d:1c:ad:fa 192.168.3.19]
05-24 10:18:12.871 0 0 W : [1 T1038 ..] fmac ASSERT (***** assert_rec *****: ) at ip/lmac/src/hal/hal_machw.c:754
05-24 10:18:12.872 0 0 W : [1 T1038 ..] >>> aml_rx_dbg_error_ind()
05-24 10:18:12.872 0 0 E : [1 T1038 ..] aml_sdio mmc1:0000:7: (type 0): dump received
05-24 10:18:12.873 0 0 E : [1 T87 ..] aml_sdio mmc1:0000:7: Failed to call /usr/bin/aml_umh.sh (/usr/bin/aml_umh.sh returned -524)
05-24 10:18:16.317 0 0 W : [0 T61 ..] [aml_send_sync_trace 4388] sync token[54480]
05-24 10:18:16.317 0 0 W : [0 T61 ..] >>> aml_send_msg()
05-24 10:18:16.320 0 0 W : [1 T1038 ..] ipc_sdio_host_msgack_handler 00000000b2d15697
05-24 10:18:16.320 0 0 W : [1 T1038 ..] [aml_msgackind 2038] msg ack hostid=0xffffff8009ae8880
05-24 10:18:16.321 0 0 W : [1 T1038 ..] [cmd_mgr_llind 329] cmd tkn[41] flags:0008 result: -4 cmd: 105-MM_SYNC_TRACE - reqcfm( 0-none)
05-24 10:18:16.322 0 0 W : [1 T1038 ..] [cmd_complete 65] cmd tkn[41] flags:0000 result: -4 cmd: 105-MM_SYNC_TRACE - reqcfm( 0-none)
05-24 10:18:20.540 0 0 W : [0 T609 ..] [aml_cfg80211_scan 1812] n_channels:36,iftype:2
05-24 10:18:20.540 0 0 W : [0 T609 ..] [aml_cfg80211_scan 1833] abort scan,traffic busy
05-24 10:18:20.561 0 0 W : [3 T609 ..] [aml_cfg80211_scan 1812] n_channels:36,iftype:2
05-24 10:18:20.561 0 0 W : [3 T609 ..] [aml_send_scanu_req 2532] vif:0
05-24 10:18:20.561 0 0 W : [3 T609 ..] [aml_send_scanu_req 2563] len:4 ssid:DZNB
05-24 10:18:20.562 0 0 W : [3 T609 ..] >>> aml_send_msg()
05-24 10:18:20.565 0 0 W : [1 T1038 ..] ipc_sdio_host_msgack_handler 000000001fe6e7c2
05-24 10:18:20.565 0 0 W : [1 T1038 ..] [aml_msgackind 2038] msg ack hostid=0xffffff8079d7a580
05-24 10:18:20.566 0 0 W : [1 T1038 ..] [cmd_mgr_llind 329] cmd tkn[42] flags:0008 result: -4 cmd:4096-SCANU_START_REQ - reqcfm( 0-none)
05-24 10:18:20.567 0 0 W : [1 T1038 ..] [cmd_complete 65] cmd tkn[42] flags:0000 result: -4 cmd:4096-SCANU_START_REQ - reqcfm( 0-none)
05-24 10:18:21.760 0 0 W : [2 T1044 ..] [aml_scan_rx 1505] scanres_payload_buf overflow, flush
05-24 10:18:24.382 0 0 W : [1 T1038 ..] >>> aml_rx_scanu_start_cfm()
05-24 10:18:32.098 698 698 D HDMI : [R]: 04:83
05-24 10:18:32.099 698 873 D HDMI : [S]: 4F:84:30:00:04
05-24 10:18:32.322 698 698 D HDMI : [R]: 04:8C
05-24 10:18:32.323 698 873 D HDMI : [S]: 4F:87:1C:A4:10
05-24 10:18:32.550 698 698 D HDMI : [R]: 04:46
05-24 10:18:32.551 698 873 D HDMI : [S]: 40:47
05-24 10:18:28.821 0 0 W : [2 T1044 ..] [SP FRAME RX] arp req,vif_idx:0 sender:[02:91:37:fc:9e:f6 192.168.3.105]receiver:[00:00:00:00:00:00 192.168.3.167]
05-24 10:18:28.822 0 0 W : [2 T1044 ..] [SP FRAME TX] arp rsp,vif_idx:0 sender:[1c:79:2d:20:62:97 192.168.3.167]receiver:[02:91:37:fc:9e:f6 192.168.3.105]
05-24 10:18:28.861 0 0 W : [3 T0 .s] [SP FRAME TX] arp req,vif_idx:0 sender:[1c:79:2d:20:62:97 192.168.3.167]receiver:[00:00:00:00:00:00 192.168.3.105]
05-24 10:18:28.928 0 0 W : [2 T1044 ..] [SP FRAME RX] arp rsp,vif_idx:0 sender:[02:91:37:fc:9e:f6 192.168.3.105]receiver:[1c:79:2d:20:62:97 192.168.3.167]
05-24 10:18:30.909 0 0 W : [2 T0 .s] [SP FRAME TX] arp req,vif_idx:0 sender:[1c:79:2d:20:62:97 192.168.3.167]receiver:[00:00:00:00:00:00 192.168.3.162]
05-24 10:18:30.910 0 0 W : [2 T0 .s] [SP FRAME TX] arp req,vif_idx:0 sender:[1c:79:2d:20:62:97 192.168.3.167]receiver:[00:00:00:00:00:00 192.168.3.1]
05-24 10:18:30.916 0 0 W : [3 T1044 ..] [SP FRAME RX] arp rsp,vif_idx:0 sender:[a6:8b:d2:cd:fe:9a 192.168.3.162]receiver:[1c:79:2d:20:62:97 192.168.3.167]
05-24 10:18:30.917 0 0 W : [3 T1044 ..] [SP FRAME RX] arp rsp,vif_idx:0 sender:[70:3a:a6:36:a8:d7 192.168.3.1]receiver:[1c:79:2d:20:62:97 192.168.3.167]
05-24 10:18:31.106 0 0 W : [3 T1044 ..] [SP FRAME RX] arp req,vif_idx:0 sender:[a6:8b:d2:cd:fe:9a 192.168.3.162]receiver:[00:00:00:00:00:00 192.168.3.167]
05-24 10:18:31.107 0 0 W : [3 T1044 ..] [SP FRAME TX] arp rsp,vif_idx:0 sender:[1c:79:2d:20:62:97 192.168.3.167]receiver:[a6:8b:d2:cd:fe:9a 192.168.3.162]
05-24 10:18:31.421 0 0 W : [0 T0 .s] [SP FRAME TX] arp req,vif_idx:0 sender:[1c:79:2d:20:62:97 192.168.3.167]receiver:[00:00:00:00:00:00 192.168.3.19]
05-24 10:18:31.425 0 0 W : [2 T1044 ..] [SP FRAME RX] arp rsp,vif_idx:0 sender:[02:18:5d:1c:ad:fa 192.168.3.19]receiver:[1c:79:2d:20:62:97 192.168.3.167]
05-24 10:18:34.237 0 0 W : [0 T0 .s] [SP FRAME TX] arp req,vif_idx:0 sender:[1c:79:2d:20:62:97 192.168.3.167]receiver:[00:00:00:00:00:00 192.168.3.75]
05-24 10:18:34.250 0 0 W : [2 T1044 ..] [SP FRAME RX] arp rsp,vif_idx:0 sender:[e0:2b:e9:8a:0e:17 192.168.3.75]receiver:[1c:79:2d:20:62:97 192.168.3.167]
05-24 10:18:40.019 698 698 V HotPlugDetectionAction: Poll all devices.
05-24 10:18:40.409 698 698 D HdmiCecController: [P]:AllocatedAddress=[0]
05-24 10:18:37.053 0 0 W : [0 T0 .s] [SP FRAME TX] arp req,vif_idx:0 sender:[1c:79:2d:20:62:97 192.168.3.167]receiver:[00:00:00:00:00:00 192.168.3.107]
05-24 10:18:37.132 0 0 W : [0 T1044 ..] [SP FRAME RX] arp rsp,vif_idx:0 sender:[4a:2e:8f:95:e9:0d 192.168.3.107]receiver:[1c:79:2d:20:62:97 192.168.3.167]
05-24 10:18:37.211 0 0 W : [0 T1044 ..] [SP FRAME RX] arp req,vif_idx:0 sender:[4a:2e:8f:95:e9:0d 192.168.3.107]receiver:[00:00:00:00:00:00 192.168.3.167]
05-24 10:18:37.212 0 0 W : [0 T1044 ..] [SP FRAME TX] arp rsp,vif_idx:0 sender:[1c:79:2d:20:62:97 192.168.3.167]receiver:[4a:2e:8f:95:e9:0d 192.168.3.107]
05-24 10:18:37.291 0 0 W : [3 T1044 ..] [SP FRAME RX] arp req,vif_idx:0 sender:[3a:fd:3d:ee:5f:54 192.168.3.118]receiver:[00:00:00:00:00:00 192.168.3.167]
05-24 10:18:37.292 0 0 W : [3 T1044 ..] [SP FRAME TX] arp rsp,vif_idx:0 sender:[1c:79:2d:20:62:97 192.168.3.167]receiver:[3a:fd:3d:ee:5f:54 192.168.3.118]
05-24 10:18:37.309 0 0 W : [3 T0 .s] [SP FRAME TX] arp req,vif_idx:0 sender:[1c:79:2d:20:62:97 192.168.3.167]receiver:[00:00:00:00:00:00 192.168.3.118]
05-24 10:18:37.326 0 0 W : [3 T1044 ..] [SP FRAME RX] arp rsp,vif_idx:0 sender:[3a:fd:3d:ee:5f:54 192.168.3.118]receiver:[1c:79:2d:20:62:97 192.168.3.167]
05-24 10:18:38.333 0 0 W : [1 T0 .s] [SP FRAME TX] arp req,vif_idx:0 sender:[1c:79:2d:20:62:97 192.168.3.167]receiver:[00:00:00:00:00:00 192.168.3.11]
05-24 10:18:38.342 0 0 W : [2 T1044 ..] [SP FRAME RX] arp rsp,vif_idx:0 sender:[b4:2f:03:15:e9:0b 192.168.3.11]receiver:[1c:79:2d:20:62:97 192.168.3.167]
05-24 10:18:38.371 0 0 W : [2 T1044 ..] [SP FRAME RX] arp req,vif_idx:0 sender:[b4:2f:03:15:e9:0b 192.168.3.11]receiver:[00:00:00:00:00:00 192.168.3.167]
05-24 10:18:38.372 0 0 W : [2 T1044 ..] [SP FRAME TX] arp rsp,vif_idx:0 sender:[1c:79:2d:20:62:97 192.168.3.167]receiver:[b4:2f:03:15:e9:0b 192.168.3.11]
05-24 10:18:38.589 0 0 W : [2 T0 .s] [SP FRAME TX] arp req,vif_idx:0 sender:[1c:79:2d:20:62:97 192.168.3.167]receiver:[00:00:00:00:00:00 192.168.3.226]
05-24 10:18:38.595 0 0 W : [2 T1044 ..] [SP FRAME RX] arp rsp,vif_idx:0 sender:[42:87:91:b7:6d:20 192.168.3.226]receiver:[1c:79:2d:20:62:97 192.168.3.167]
05-24 10:18:38.648 0 0 W : [2 T1044 ..] [SP FRAME RX] arp req,vif_idx:0 sender:[42:87:91:b7:6d:20 192.168.3.226]receiver:[00:00:00:00:00:00 192.168.3.167]
05-24 10:18:38.649 0 0 W : [2 T1044 ..] [SP FRAME TX] arp rsp,vif_idx:0 sender:[1c:79:2d:20:62:97 192.168.3.167]receiver:[42:87:91:b7:6d:20 192.168.3.226]
05-24 10:18:42.173 0 0 W : [2 T34 .s] [SP FRAME TX] arp req,vif_idx:0 sender:[1c:79:2d:20:62:97 192.168.3.167]receiver:[00:00:00:00:00:00 192.168.3.151]
05-24 10:18:42.178 0 0 W : [2 T1044 ..] [SP FRAME RX] arp rsp,vif_idx:0 sender:[4e:df:ee:48:4b:63 192.168.3.151]receiver:[1c:79:2d:20:62:97 192.168.3.167]
05-24 10:18:42.245 0 0 W : [2 T1044 ..] [SP FRAME RX] arp req,vif_idx:0 sender:[4e:df:ee:48:4b:63 192.168.3.151]receiver:[00:00:00:00:00:00 192.168.3.167]
05-24 10:18:42.246 0 0 W : [2 T1044 ..] [SP FRAME TX] arp rsp,vif_idx:0 sender:[1c:79:2d:20:62:97 192.168.3.167]receiver:[4e:df:ee:48:4b:63 192.168.3.151]
05-24 10:18:43.965 0 0 W : [2 T0 .s] [SP FRAME TX] arp req,vif_idx:0 sender:[1c:79:2d:20:62:97 192.168.3.167]receiver:[00:00:00:00:00:00 192.168.3.176]
05-24 10:18:43.966 0 0 W : [2 T0 .s] [SP FRAME TX] arp req,vif_idx:0 sender:[1c:79:2d:20:62:97 192.168.3.167]receiver:[00:00:00:00:00:00 192.168.3.161]
05-24 10:18:43.967 0 0 W : [2 T0 .s] [SP FRAME TX] arp req,vif_idx:0 sender:[1c:79:2d:20:62:97 192.168.3.167]receiver:[00:00:00:00:00:00 192.168.3.105]
05-24 10:18:43.969 0 0 W : [2 T0 .s] [SP FRAME TX] arp req,vif_idx:0 sender:[1c:79:2d:20:62:97 192.168.3.167]receiver:[00:00:00:00:00:00 192.168.3.68]
05-24 10:18:43.987 0 0 W : [3 T1044 ..] [SP FRAME RX] arp rsp,vif_idx:0 sender:[16:8e:6e:17:dc:41 192.168.3.176]receiver:[1c:79:2d:20:62:97 192.168.3.167]
05-24 10:18:43.999 0 0 W : [3 T1044 ..] [SP FRAME RX] arp rsp,vif_idx:0 sender:[4c:6b:b8:99:ce:34 192.168.3.68]receiver:[1c:79:2d:20:62:97 192.168.3.167]
05-24 10:18:44.034 0 0 W : [2 T1044 ..] [SP FRAME RX] arp req,vif_idx:0 sender:[4c:6b:b8:99:ce:34 192.168.3.68]receiver:[00:00:00:00:00:00 192.168.3.167]
05-24 10:18:44.035 0 0 W : [2 T1044 ..] [SP FRAME TX] arp rsp,vif_idx:0 sender:[1c:79:2d:20:62:97 192.168.3.167]receiver:[4c:6b:b8:99:ce:34 192.168.3.68]
05-24 10:18:44.056 0 0 W : [2 T1044 ..] [SP FRAME RX] arp req,vif_idx:0 sender:[16:8e:6e:17:dc:41 192.168.3.176]receiver:[00:00:00:00:00:00 192.168.3.167]
05-24 10:18:44.057 0 0 W : [2 T1044 ..] [SP FRAME TX] arp rsp,vif_idx:0 sender:[1c:79:2d:20:62:97 192.168.3.167]receiver:[16:8e:6e:17:dc:41 192.168.3.176]
05-24 10:18:44.059 0 0 W : [2 T1044 ..] [SP FRAME RX] arp req,vif_idx:0 sender:[86:c4:12:e3:5b:28 192.168.3.161]receiver:[00:00:00:00:00:00 192.168.3.167]
05-24 10:18:44.060 0 0 W : [2 T1044 ..] [SP FRAME TX] arp rsp,vif_idx:0 sender:[1c:79:2d:20:62:97 192.168.3.167]receiver:[86:c4:12:e3:5b:28 192.168.3.161]
05-24 10:18:44.064 0 0 W : [2 T1044 ..] [SP FRAME RX] arp rsp,vif_idx:0 sender:[86:c4:12:e3:5b:28 192.168.3.161]receiver:[1c:79:2d:20:62:97 192.168.3.167]
05-24 10:18:44.114 0 0 W : [2 T1044 ..] [SP FRAME RX] arp rsp,vif_idx:0 sender:[02:91:37:fc:9e:f6 192.168.3.105]receiver:[1c:79:2d:20:62:97 192.168.3.167]
05-24 10:18:44.118 0 0 W : [2 T1044 ..] [SP FRAME RX] arp req,vif_idx:0 sender:[02:18:5d:1c:ad:fa 192.168.3.19]receiver:[00:00:00:00:00:00 192.168.3.167]
05-24 10:18:44.119 0 0 W : [2 T1044 ..] [SP FRAME TX] arp rsp,vif_idx:0 sender:[1c:79:2d:20:62:97 192.168.3.167]receiver:[02:18:5d:1c:ad:fa 192.168.3.19]
05-24 10:18:44.431 0 0 W : [2 T1044 ..] [SP FRAME RX] arp req,vif_idx:0 sender:[02:91:37:fc:9e:f6 192.168.3.105]receiver:[00:00:00:00:00:00 192.168.3.167]
05-24 10:18:44.432 0 0 W : [2 T1044 ..] [SP FRAME TX] arp rsp,vif_idx:0 sender:[1c:79:2d:20:62:97 192.168.3.167]receiver:[02:91:37:fc:9e:f6 192.168.3.105]
05-24 10:18:49.341 0 0 W : [3 T0 .s] [SP FRAME TX] arp req,vif_idx:0 sender:[1c:79:2d:20:62:97 192.168.3.167]receiver:[00:00:00:00:00:00 192.168.3.44]
05-24 10:18:49.347 0 0 W : [2 T1044 ..] [SP FRAME RX] arp rsp,vif_idx:0 sender:[02:39:74:ce:e1:36 192.168.3.44]receiver:[1c:79:2d:20:62:97 192.168.3.167]
05-24 10:18:50.267 0 0 W : [2 T1044 ..] [SP FRAME RX] arp req,vif_idx:0 sender:[02:39:74:ce:e1:36 192.168.3.44]receiver:[00:00:00:00:00:00 192.168.3.167]
05-24 10:18:50.268 0 0 W : [2 T1044 ..] [SP FRAME TX] arp rsp,vif_idx:0 sender:[1c:79:2d:20:62:97 192.168.3.167]receiver:[02:39:74:ce:e1:36 192.168.3.44]
05-24 10:18:54.498 0 0 W : [2 T609 ..] [aml_cfg80211_scan 1812] n_channels:36,iftype:2
05-24 10:18:54.498 0 0 W : [2 T609 ..] [aml_cfg80211_scan 1833] abort scan,traffic busy
05-24 10:18:54.520 0 0 W : [0 T609 ..] [aml_cfg80211_scan 1812] n_channels:36,iftype:2
05-24 10:18:54.521 0 0 W : [0 T609 ..] [aml_send_scanu_req 2532] vif:0
05-24 10:18:54.521 0 0 W : [0 T609 ..] [aml_send_scanu_req 2563] len:4 ssid:DZNB
05-24 10:18:54.521 0 0 W : [0 T609 ..] >>> aml_send_msg()
05-24 10:18:54.523 0 0 W : [1 T1038 ..] ipc_sdio_host_msgack_handler 000000008800c335
05-24 10:18:54.523 0 0 W : [1 T1038 ..] [aml_msgackind 2038] msg ack hostid=0xffffff808b0aec00
05-24 10:18:54.524 0 0 W : [1 T1038 ..] [cmd_mgr_llind 329] cmd tkn[43] flags:0008 result: -4 cmd:4096-SCANU_START_REQ - reqcfm( 0-none)
05-24 10:18:54.526 0 0 W : [1 T1038 ..] [cmd_complete 65] cmd tkn[43] flags:0000 result: -4 cmd:4096-SCANU_START_REQ - reqcfm( 0-none)
05-24 10:19:03.255 698 698 D HDMI : [R]: 04:83
05-24 10:19:03.256 698 873 D HDMI : [S]: 4F:84:30:00:04
05-24 10:19:03.481 698 698 D HDMI : [R]: 04:8C
05-24 10:19:03.482 698 873 D HDMI : [S]: 4F:87:1C:A4:10
05-24 10:19:03.706 698 698 D HDMI : [R]: 04:46
05-24 10:19:03.707 698 873 D HDMI : [S]: 40:47
05-24 10:18:55.405 0 0 W : [3 T1044 ..] [aml_scan_rx 1505] scanres_payload_buf overflow, flush
05-24 10:18:58.336 0 0 W : [1 T1038 ..] >>> aml_rx_scanu_start_cfm()
05-24 10:19:00.844 0 0 W : [3 T1044 ..] [SP FRAME RX] arp req,vif_idx:0 sender:[02:91:37:fc:9e:f6 192.168.3.105]receiver:[00:00:00:00:00:00 192.168.3.167]
05-24 10:19:00.845 0 0 W : [3 T1044 ..] [SP FRAME TX] arp rsp,vif_idx:0 sender:[1c:79:2d:20:62:97 192.168.3.167]receiver:[02:91:37:fc:9e:f6 192.168.3.105]
05-24 10:19:00.861 0 0 W : [0 T0 .s] [SP FRAME TX] arp req,vif_idx:0 sender:[1c:79:2d:20:62:97 192.168.3.167]receiver:[00:00:00:00:00:00 192.168.3.105]
05-24 10:19:00.948 0 0 W : [3 T1044 ..] [SP FRAME RX] arp rsp,vif_idx:0 sender:[02:91:37:fc:9e:f6 192.168.3.105]receiver:[1c:79:2d:20:62:97 192.168.3.167]
05-24 10:19:01.629 0 0 W : [3 T0 .s] [SP FRAME TX] arp req,vif_idx:0 sender:[1c:79:2d:20:62:97 192.168.3.167]receiver:[00:00:00:00:00:00 192.168.3.75]
05-24 10:19:01.634 0 0 W : [2 T1044 ..] [SP FRAME RX] arp rsp,vif_idx:0 sender:[e0:2b:e9:8a:0e:17 192.168.3.75]receiver:[1c:79:2d:20:62:97 192.168.3.167]
05-24 10:19:03.111 0 0 W : [0 T1044 ..] [SP FRAME RX] arp req,vif_idx:0 sender:[a6:8b:d2:cd:fe:9a 192.168.3.162]receiver:[00:00:00:00:00:00 192.168.3.167]
05-24 10:19:03.112 0 0 W : [0 T1044 ..] [SP FRAME TX] arp rsp,vif_idx:0 sender:[1c:79:2d:20:62:97 192.168.3.167]receiver:[a6:8b:d2:cd:fe:9a 192.168.3.162]
05-24 10:19:03.165 0 0 W : [1 T1038 .s] [SP FRAME TX] arp req,vif_idx:0 sender:[1c:79:2d:20:62:97 192.168.3.167]receiver:[00:00:00:00:00:00 192.168.3.162]
05-24 10:19:03.171 0 0 W : [0 T1044 ..] [SP FRAME RX] arp rsp,vif_idx:0 sender:[a6:8b:d2:cd:fe:9a 192.168.3.162]receiver:[1c:79:2d:20:62:97 192.168.3.167]
05-24 10:19:03.421 0 0 W : [3 T0 .s] [SP FRAME TX] arp req,vif_idx:0 sender:[1c:79:2d:20:62:97 192.168.3.167]receiver:[00:00:00:00:00:00 192.168.3.19]
05-24 10:19:03.427 0 0 W : [2 T1044 ..] [SP FRAME RX] arp rsp,vif_idx:0 sender:[02:18:5d:1c:ad:fa 192.168.3.19]receiver:[1c:79:2d:20:62:97 192.168.3.167]
05-24 10:19:09.053 0 0 W : [0 T0 .s] [SP FRAME TX] arp req,vif_idx:0 sender:[1c:79:2d:20:62:97 192.168.3.167]receiver:[00:00:00:00:00:00 192.168.3.107]
05-24 10:19:09.058 0 0 W : [2 T1044 ..] [SP FRAME RX] arp rsp,vif_idx:0 sender:[4a:2e:8f:95:e9:0d 192.168.3.107]receiver:[1c:79:2d:20:62:97 192.168.3.167]
05-24 10:19:09.212 0 0 W : [2 T1044 ..] [SP FRAME RX] arp req,vif_idx:0 sender:[4a:2e:8f:95:e9:0d 192.168.3.107]receiver:[00:00:00:00:00:00 192.168.3.167]
05-24 10:19:09.213 0 0 W : [2 T1044 ..] [SP FRAME TX] arp rsp,vif_idx:0 sender:[1c:79:2d:20:62:97 192.168.3.167]receiver:[4a:2e:8f:95:e9:0d 192.168.3.107]
05-24 10:19:09.294 0 0 W : [2 T1044 ..] [SP FRAME RX] arp req,vif_idx:0 sender:[3a:fd:3d:ee:5f:54 192.168.3.118]receiver:[00:00:00:00:00:00 192.168.3.167]
05-24 10:19:09.295 0 0 W : [2 T1044 ..] [SP FRAME TX] arp rsp,vif_idx:0 sender:[1c:79:2d:20:62:97 192.168.3.167]receiver:[3a:fd:3d:ee:5f:54 192.168.3.118]
05-24 10:19:09.309 0 0 W : [2 T0 .s] [SP FRAME TX] arp req,vif_idx:0 sender:[1c:79:2d:20:62:97 192.168.3.167]receiver:[00:00:00:00:00:00 192.168.3.118]
05-24 10:19:09.317 0 0 W : [2 T1044 ..] [SP FRAME RX] arp rsp,vif_idx:0 sender:[3a:fd:3d:ee:5f:54 192.168.3.118]receiver:[1c:79:2d:20:62:97 192.168.3.167]
05-24 10:19:15.021 698 795 D OomAdjuster: Not killing cached processes
05-24 10:19:10.333 0 0 W : [2 T0 .s] [SP FRAME TX] arp req,vif_idx:0 sender:[1c:79:2d:20:62:97 192.168.3.167]receiver:[00:00:00:00:00:00 192.168.3.11]
05-24 10:19:10.343 0 0 W : [2 T1044 ..] [SP FRAME RX] arp rsp,vif_idx:0 sender:[b4:2f:03:15:e9:0b 192.168.3.11]receiver:[1c:79:2d:20:62:97 192.168.3.167]
05-24 10:19:10.390 0 0 W : [2 T1044 ..] [SP FRAME RX] arp req,vif_idx:0 sender:[b4:2f:03:15:e9:0b 192.168.3.11]receiver:[00:00:00:00:00:00 192.168.3.167]
05-24 10:19:10.391 0 0 W : [2 T1044 ..] [SP FRAME TX] arp rsp,vif_idx:0 sender:[1c:79:2d:20:62:97 192.168.3.167]receiver:[b4:2f:03:15:e9:0b 192.168.3.11]
05-24 10:19:10.589 0 0 W : [1 T0 .s] [SP FRAME TX] arp req,vif_idx:0 sender:[1c:79:2d:20:62:97 192.168.3.167]receiver:[00:00:00:00:00:00 192.168.3.226]
05-24 10:19:10.593 0 0 W : [2 T1044 ..] [SP FRAME RX] arp rsp,vif_idx:0 sender:[42:87:91:b7:6d:20 192.168.3.226]receiver:[1c:79:2d:20:62:97 192.168.3.167]
05-24 10:19:10.652 0 0 W : [2 T1044 ..] [SP FRAME RX] arp req,vif_idx:0 sender:[42:87:91:b7:6d:20 192.168.3.226]receiver:[00:00:00:00:00:00 192.168.3.167]
05-24 10:19:10.653 0 0 W : [2 T1044 ..] [SP FRAME TX] arp rsp,vif_idx:0 sender:[1c:79:2d:20:62:97 192.168.3.167]receiver:[42:87:91:b7:6d:20 192.168.3.226]
05-24 10:19:14.173 0 0 W : [0 T0 .s] [SP FRAME TX] arp req,vif_idx:0 sender:[1c:79:2d:20:62:97 192.168.3.167]receiver:[00:00:00:00:00:00 192.168.3.151]
05-24 10:19:14.199 0 0 W : [2 T1044 ..] [SP FRAME RX] arp rsp,vif_idx:0 sender:[4e:df:ee:48:4b:63 192.168.3.151]receiver:[1c:79:2d:20:62:97 192.168.3.167]
05-24 10:19:14.245 0 0 W : [2 T1044 ..] [SP FRAME RX] arp req,vif_idx:0 sender:[4e:df:ee:48:4b:63 192.168.3.151]receiver:[00:00:00:00:00:00 192.168.3.167]
05-24 10:19:14.246 0 0 W : [2 T1044 ..] [SP FRAME TX] arp rsp,vif_idx:0 sender:[1c:79:2d:20:62:97 192.168.3.167]receiver:[4e:df:ee:48:4b:63 192.168.3.151]
05-24 10:19:21.272 1398 1633 W ContextImpl: Calling a method in the system process without a qualified user: android.app.ContextImpl.sendBroadcast:1220 android.content.ContextWrapper.sendBroadcast:504 com.dangbei.etna.setting.core.SettingHelper.sendCycleToProjector:247 com.dangbei.etna.setting.core.SettingHelper.sendCycleCheckBroadcast:216 com.dangbei.etna.setting.core.SettingHelper.startLoop$lambda-0:174
05-24 10:19:21.273 1398 1633 W ContextImpl: Calling a method in the system process without a qualified user: android.app.ContextImpl.sendBroadcast:1220 android.content.ContextWrapper.sendBroadcast:504 com.dangbei.etna.setting.core.SettingHelper.sendCycleToVoice:232 com.dangbei.etna.setting.core.SettingHelper.sendCycleCheckBroadcast:217 com.dangbei.etna.setting.core.SettingHelper.startLoop$lambda-0:174
05-24 10:19:21.274 698 730 D OomAdjuster: Not killing cached processes
05-24 10:19:15.965 0 0 W : [0 T0 .s] [SP FRAME TX] arp req,vif_idx:0 sender:[1c:79:2d:20:62:97 192.168.3.167]receiver:[00:00:00:00:00:00 192.168.3.176]
05-24 10:19:15.966 0 0 W : [0 T0 .s] [SP FRAME TX] arp req,vif_idx:0 sender:[1c:79:2d:20:62:97 192.168.3.167]receiver:[00:00:00:00:00:00 192.168.3.161]
05-24 10:19:15.968 0 0 W : [0 T0 .s] [SP FRAME TX] arp req,vif_idx:0 sender:[1c:79:2d:20:62:97 192.168.3.167]receiver:[00:00:00:00:00:00 192.168.3.105]
05-24 10:19:15.969 0 0 W : [0 T0 .s] [SP FRAME TX] arp req,vif_idx:0 sender:[1c:79:2d:20:62:97 192.168.3.167]receiver:[00:00:00:00:00:00 192.168.3.68]
05-24 10:19:15.974 0 0 W : [2 T1044 ..] [SP FRAME RX] arp rsp,vif_idx:0 sender:[16:8e:6e:17:dc:41 192.168.3.176]receiver:[1c:79:2d:20:62:97 192.168.3.167]
05-24 10:19:15.976 0 0 W : [2 T1044 ..] [SP FRAME RX] arp rsp,vif_idx:0 sender:[86:c4:12:e3:5b:28 192.168.3.161]receiver:[1c:79:2d:20:62:97 192.168.3.167]
05-24 10:19:15.982 0 0 W : [2 T1044 ..] [SP FRAME RX] arp rsp,vif_idx:0 sender:[02:91:37:fc:9e:f6 192.168.3.105]receiver:[1c:79:2d:20:62:97 192.168.3.167]
05-24 10:19:16.036 0 0 W : [2 T1044 ..] [SP FRAME RX] arp req,vif_idx:0 sender:[4c:6b:b8:99:ce:34 192.168.3.68]receiver:[00:00:00:00:00:00 192.168.3.167]
05-24 10:19:16.037 0 0 W : [2 T1044 ..] [SP FRAME TX] arp rsp,vif_idx:0 sender:[1c:79:2d:20:62:97 192.168.3.167]receiver:[4c:6b:b8:99:ce:34 192.168.3.68]
05-24 10:19:16.038 0 0 W : [2 T1044 ..] [SP FRAME RX] arp req,vif_idx:0 sender:[16:8e:6e:17:dc:41 192.168.3.176]receiver:[00:00:00:00:00:00 192.168.3.167]
05-24 10:19:16.040 0 0 W : [2 T1044 ..] [SP FRAME TX] arp rsp,vif_idx:0 sender:[1c:79:2d:20:62:97 192.168.3.167]receiver:[16:8e:6e:17:dc:41 192.168.3.176]
05-24 10:19:16.042 0 0 W : [2 T1044 ..] [SP FRAME RX] arp rsp,vif_idx:0 sender:[4c:6b:b8:99:ce:34 192.168.3.68]receiver:[1c:79:2d:20:62:97 192.168.3.167]
05-24 10:19:16.054 0 0 W : [2 T1044 ..] [SP FRAME RX] arp req,vif_idx:0 sender:[86:c4:12:e3:5b:28 192.168.3.161]receiver:[00:00:00:00:00:00 192.168.3.167]
05-24 10:19:16.055 0 0 W : [2 T1044 ..] [SP FRAME TX] arp rsp,vif_idx:0 sender:[1c:79:2d:20:62:97 192.168.3.167]receiver:[86:c4:12:e3:5b:28 192.168.3.161]
05-24 10:19:16.138 0 0 W : [2 T1044 ..] [SP FRAME RX] arp req,vif_idx:0 sender:[02:18:5d:1c:ad:fa 192.168.3.19]receiver:[00:00:00:00:00:00 192.168.3.167]
05-24 10:19:16.139 0 0 W : [2 T1044 ..] [SP FRAME TX] arp rsp,vif_idx:0 sender:[1c:79:2d:20:62:97 192.168.3.167]receiver:[02:18:5d:1c:ad:fa 192.168.3.19]
05-24 10:19:16.182 0 0 W : [2 T1044 ..] [SP FRAME RX] arp req,vif_idx:0 sender:[02:91:37:fc:9e:f6 192.168.3.105]receiver:[00:00:00:00:00:00 192.168.3.167]
05-24 10:19:16.183 0 0 W : [2 T1044 ..] [SP FRAME TX] arp rsp,vif_idx:0 sender:[1c:79:2d:20:62:97 192.168.3.167]receiver:[02:91:37:fc:9e:f6 192.168.3.105]
05-24 10:19:17.757 0 0 W : [0 T965 ..] [aml_send_sync_trace 4388] sync token[54481]
05-24 10:19:17.757 0 0 W : [0 T965 ..] >>> aml_send_msg()
05-24 10:19:17.758 0 0 W : [1 T1038 ..] ipc_sdio_host_msgack_handler 0000000005dbc911
05-24 10:19:17.758 0 0 W : [1 T1038 ..] [aml_msgackind 2038] msg ack hostid=0xffffff808b0ae300
05-24 10:19:17.759 0 0 W : [1 T1038 ..] [cmd_mgr_llind 329] cmd tkn[44] flags:0008 result: -4 cmd: 105-MM_SYNC_TRACE - reqcfm( 0-none)
05-24 10:19:17.761 0 0 W : [1 T1038 ..] [cmd_complete 65] cmd tkn[44] flags:0000 result: -4 cmd: 105-MM_SYNC_TRACE - reqcfm( 0-none)
05-24 10:19:34.045 698 698 D HDMI : [R]: 04:83
05-24 10:19:34.046 698 873 D HDMI : [S]: 4F:84:30:00:04
