05-24 10:13:09.574 698 698 V SystemServerTiming: OnBootPhase_600_com.android.server.timedetector.TimeDetectorService$Lifecycle took to complete: 0ms
05-24 10:13:09.574 698 698 D SystemServerTiming: OnBootPhase_600_com.android.server.location.LocationManagerService$Lifecycle
05-24 10:13:09.584 698 719 D CompatibilityChangeReporter: Compat change id reported: 261072174; UID 1000; state: ENABLED
05-24 10:13:09.591 698 698 V SystemServerTiming: OnBootPhase_600_com.android.server.location.LocationManagerService$Lifecycle took to complete: 18ms
05-24 10:13:09.591 698 698 D SystemServerTiming: OnBootPhase_600_com.android.server.timezonedetector.TimeZoneDetectorService$Lifecycle
05-24 10:13:09.591 698 698 V SystemServerTiming: OnBootPhase_600_com.android.server.timezonedetector.TimeZoneDetectorService$Lifecycle took to complete: 0ms
05-24 10:13:09.591 698 698 D SystemServerTiming: OnBootPhase_600_com.android.server.location.altitude.AltitudeService$Lifecycle
05-24 10:13:09.591 698 698 V SystemServerTiming: OnBootPhase_600_com.android.server.location.altitude.AltitudeService$Lifecycle took to complete: 0ms
05-24 10:13:09.591 698 698 D SystemServerTiming: OnBootPhase_600_com.android.server.timezonedetector.location.LocationTimeZoneManagerService$Lifecycle
05-24 10:13:09.591 698 698 V SystemServerTiming: OnBootPhase_600_com.android.server.timezonedetector.location.LocationTimeZoneManagerService$Lifecycle took to complete: 0ms
05-24 10:13:09.591 698 698 D SystemServerTiming: OnBootPhase_600_com.android.server.search.SearchManagerService$Lifecycle
05-24 10:13:09.591 698 698 V SystemServerTiming: OnBootPhase_600_com.android.server.search.SearchManagerService$Lifecycle took to complete: 0ms
05-24 10:13:09.591 698 698 D SystemServerTiming: OnBootPhase_600_com.android.server.wallpaper.WallpaperManagerService$Lifecycle
05-24 10:13:09.592 698 698 D WallpaperManagerService: Wallpaper_switch-user-0
05-24 10:13:09.595 698 698 V WallpaperManagerService: bindWallpaperComponentLocked: componentName=ComponentInfo{com.android.systemui/com.android.systemui.wallpapers.ImageWallpaper}
05-24 10:13:09.595 698 698 D WallpaperManagerService: WPMS.bindWallpaperComponentLocked-ComponentInfo{com.android.systemui/com.android.systemui.wallpapers.ImageWallpaper}
05-24 10:13:09.600 698 698 V WallpaperManagerService: WPMS.bindWallpaperComponentLocked-ComponentInfo{com.android.systemui/com.android.systemui.wallpapers.ImageWallpaper} took to complete: 4ms
05-24 10:13:09.600 698 698 V WallpaperManagerService: Wallpaper_switch-user-0 took to complete: 9ms
05-24 10:13:09.600 698 698 V SystemServerTiming: OnBootPhase_600_com.android.server.wallpaper.WallpaperManagerService$Lifecycle took to complete: 9ms
05-24 10:13:09.600 698 698 D SystemServerTiming: OnBootPhase_600_com.android.server.wallpapereffectsgeneration.WallpaperEffectsGenerationManagerService
05-24 10:13:09.601 698 698 V SystemServerTiming: OnBootPhase_600_com.android.server.wallpapereffectsgeneration.WallpaperEffectsGenerationManagerService took to complete: 0ms
05-24 10:13:09.601 698 698 D SystemServerTiming: OnBootPhase_600_com.android.server.audio.AudioService$Lifecycle
05-24 10:13:09.601 698 698 V SystemServerTiming: OnBootPhase_600_com.android.server.audio.AudioService$Lifecycle took to complete: 0ms
05-24 10:13:09.601 698 698 D SystemServerTiming: OnBootPhase_600_com.android.server.soundtrigger_middleware.SoundTriggerMiddlewareService$Lifecycle
05-24 10:13:09.601 698 698 V SystemServerTiming: OnBootPhase_600_com.android.server.soundtrigger_middleware.SoundTriggerMiddlewareService$Lifecycle took to complete: 0ms
05-24 10:13:09.601 698 698 D SystemServerTiming: OnBootPhase_600_com.android.server.adb.AdbService$Lifecycle
05-24 10:13:09.601 698 698 V SystemServerTiming: OnBootPhase_600_com.android.server.adb.AdbService$Lifecycle took to complete: 1ms
05-24 10:13:09.601 698 698 D SystemServerTiming: OnBootPhase_600_com.android.server.usb.UsbService$Lifecycle
05-24 10:13:09.601 698 698 V SystemServerTiming: OnBootPhase_600_com.android.server.usb.UsbService$Lifecycle took to complete: 0ms
05-24 10:13:09.601 698 698 D SystemServerTiming: OnBootPhase_600_com.android.server.twilight.TwilightService
05-24 10:13:09.601 698 698 V SystemServerTiming: OnBootPhase_600_com.android.server.twilight.TwilightService took to complete: 0ms
05-24 10:13:09.601 698 698 D SystemServerTiming: OnBootPhase_600_com.android.server.display.color.ColorDisplayService
05-24 10:13:09.601 698 698 V SystemServerTiming: OnBootPhase_600_com.android.server.display.color.ColorDisplayService took to complete: 0ms
05-24 10:13:09.601 698 698 D SystemServerTiming: OnBootPhase_600_com.android.server.job.JobSchedulerService
05-24 10:13:09.606 698 698 V SystemServerTiming: OnBootPhase_600_com.android.server.job.JobSchedulerService took to complete: 5ms
05-24 10:13:09.607 698 698 D SystemServerTiming: OnBootPhase_600_com.android.server.soundtrigger.SoundTriggerService
05-24 10:13:09.607 698 698 D SoundTriggerService: onBootPhase: 600 : false
05-24 10:13:09.608 698 698 V SystemServerTiming: OnBootPhase_600_com.android.server.soundtrigger.SoundTriggerService took to complete: 2ms
05-24 10:13:09.609 698 698 D SystemServerTiming: OnBootPhase_600_com.android.server.trust.TrustManagerService
05-24 10:13:09.611 288 303 I keystore2: system/security/keystore2/src/authorization.rs:143 - on_lock_screen_event(r#UNLOCK, user_id=0, password.is_some()=false, unlocking_sids=Some([]))
05-24 10:13:09.612 698 698 V SystemServerTiming: OnBootPhase_600_com.android.server.trust.TrustManagerService took to complete: 3ms
05-24 10:13:09.612 698 698 D SystemServerTiming: OnBootPhase_600_com.android.server.backup.BackupManagerService$Lifecycle
05-24 10:13:09.612 698 698 V SystemServerTiming: OnBootPhase_600_com.android.server.backup.BackupManagerService$Lifecycle took to complete: 0ms
05-24 10:13:09.612 698 698 D SystemServerTiming: OnBootPhase_600_com.android.server.appwidget.AppWidgetService
05-24 10:13:09.612 698 698 V SystemServerTiming: OnBootPhase_600_com.android.server.appwidget.AppWidgetService took to complete: 0ms
05-24 10:13:09.612 698 698 D SystemServerTiming: OnBootPhase_600_com.android.server.voiceinteraction.VoiceInteractionManagerService
05-24 10:13:09.613 698 698 V SystemServerTiming: OnBootPhase_600_com.android.server.voiceinteraction.VoiceInteractionManagerService took to complete: 2ms
05-24 10:13:09.614 698 698 D SystemServerTiming: OnBootPhase_600_com.android.server.GestureLauncherService
05-24 10:13:09.615 698 698 V SystemServerTiming: OnBootPhase_600_com.android.server.GestureLauncherService took to complete: 2ms
05-24 10:13:09.615 698 698 D SystemServerTiming: OnBootPhase_600_com.android.server.SensorNotificationService
05-24 10:13:09.616 698 698 V SystemServerTiming: OnBootPhase_600_com.android.server.SensorNotificationService took to complete: 1ms
05-24 10:13:09.616 698 698 D SystemServerTiming: OnBootPhase_600_com.android.server.emergency.EmergencyAffordanceService
05-24 10:13:09.616 698 698 V SystemServerTiming: OnBootPhase_600_com.android.server.emergency.EmergencyAffordanceService took to complete: 0ms
05-24 10:13:09.616 698 698 D SystemServerTiming: OnBootPhase_600_com.android.server.blob.BlobStoreManagerService
05-24 10:13:09.620 698 711 W PackageManager: Invalid dex load report. loadingPackageName=null, uid=1037
05-24 10:13:09.578 0 0 W : [3 T519 ..] [aml_apply_regdom 143] apply regdom alpha=00
05-24 10:13:09.654 0 0 E : [3 T544 ..] meson8b-dwmac fe368000.ethernet: Failed to reset the dma
05-24 10:13:09.656 0 0 E : [3 T544 ..] meson8b-dwmac fe368000.ethernet eth0: stmmac_hw_setup: DMA engine initialization failed
05-24 10:13:09.657 0 0 E : [3 T544 ..] meson8b-dwmac fe368000.ethernet eth0: stmmac_open: Hw setup failed
05-24 10:13:09.664 698 698 V SystemServerTiming: OnBootPhase_600_com.android.server.blob.BlobStoreManagerService took to complete: 47ms
05-24 10:13:09.665 698 698 D SystemServerTiming: OnBootPhase_600_com.android.server.dreams.DreamManagerService
05-24 10:13:09.667 698 698 V SystemServerTiming: OnBootPhase_600_com.android.server.dreams.DreamManagerService took to complete: 3ms
05-24 10:13:09.667 698 698 D SystemServerTiming: OnBootPhase_600_com.android.server.security.AttestationVerificationManagerService
05-24 10:13:09.667 698 698 V SystemServerTiming: OnBootPhase_600_com.android.server.security.AttestationVerificationManagerService took to complete: 0ms
05-24 10:13:09.667 698 698 D SystemServerTiming: OnBootPhase_600_com.android.server.restrictions.RestrictionsManagerService
05-24 10:13:09.667 698 698 V SystemServerTiming: OnBootPhase_600_com.android.server.restrictions.RestrictionsManagerService took to complete: 0ms
05-24 10:13:09.667 698 698 D SystemServerTiming: OnBootPhase_600_com.android.server.media.MediaSessionService
05-24 10:13:09.667 698 698 V SystemServerTiming: OnBootPhase_600_com.android.server.media.MediaSessionService took to complete: 0ms
05-24 10:13:09.667 698 698 D SystemServerTiming: OnBootPhase_600_com.android.server.hdmi.HdmiControlService
05-24 10:13:09.667 698 698 V SystemServerTiming: OnBootPhase_600_com.android.server.hdmi.HdmiControlService took to complete: 0ms
05-24 10:13:09.667 698 698 D SystemServerTiming: OnBootPhase_600_com.android.server.tv.interactive.TvInteractiveAppManagerService
05-24 10:13:09.671 698 698 V SystemServerTiming: OnBootPhase_600_com.android.server.tv.interactive.TvInteractiveAppManagerService took to complete: 4ms
05-24 10:13:09.671 698 698 D SystemServerTiming: OnBootPhase_600_com.android.server.tv.TvInputManagerService
05-24 10:13:09.673 698 698 V SystemServerTiming: OnBootPhase_600_com.android.server.tv.TvInputManagerService took to complete: 2ms
05-24 10:13:09.673 698 698 D SystemServerTiming: OnBootPhase_600_com.android.server.media.MediaResourceMonitorService
05-24 10:13:09.673 698 698 V SystemServerTiming: OnBootPhase_600_com.android.server.media.MediaResourceMonitorService took to complete: 0ms
05-24 10:13:09.673 698 698 D SystemServerTiming: OnBootPhase_600_com.android.server.tv.TvRemoteService
05-24 10:13:09.674 698 698 V SystemServerTiming: OnBootPhase_600_com.android.server.tv.TvRemoteService took to complete: 1ms
05-24 10:13:09.674 698 698 D SystemServerTiming: OnBootPhase_600_com.android.server.biometrics.BiometricService
05-24 10:13:09.675 698 698 V SystemServerTiming: OnBootPhase_600_com.android.server.biometrics.BiometricService took to complete: 0ms
05-24 10:13:09.675 698 698 D SystemServerTiming: OnBootPhase_600_com.android.server.biometrics.AuthService
05-24 10:13:09.675 698 698 V SystemServerTiming: OnBootPhase_600_com.android.server.biometrics.AuthService took to complete: 0ms
05-24 10:13:09.675 698 698 D SystemServerTiming: OnBootPhase_600_com.android.server.pm.ShortcutService$Lifecycle
05-24 10:13:09.675 698 698 V SystemServerTiming: OnBootPhase_600_com.android.server.pm.ShortcutService$Lifecycle took to complete: 0ms
05-24 10:13:09.675 698 698 D SystemServerTiming: OnBootPhase_600_com.android.server.pm.LauncherAppsService
05-24 10:13:09.675 698 698 V SystemServerTiming: OnBootPhase_600_com.android.server.pm.LauncherAppsService took to complete: 0ms
05-24 10:13:09.675 698 698 D SystemServerTiming: OnBootPhase_600_com.android.server.pm.CrossProfileAppsService
05-24 10:13:09.675 698 698 V SystemServerTiming: OnBootPhase_600_com.android.server.pm.CrossProfileAppsService took to complete: 0ms
05-24 10:13:09.675 698 698 D SystemServerTiming: OnBootPhase_600_com.android.server.people.PeopleService
05-24 10:13:09.675 698 698 V SystemServerTiming: OnBootPhase_600_com.android.server.people.PeopleService took to complete: 0ms
05-24 10:13:09.675 698 698 D SystemServerTiming: OnBootPhase_600_com.android.server.media.metrics.MediaMetricsManagerService
05-24 10:13:09.675 698 698 V SystemServerTiming: OnBootPhase_600_com.android.server.media.metrics.MediaMetricsManagerService took to complete: 0ms
05-24 10:13:09.675 698 698 D SystemServerTiming: OnBootPhase_600_com.android.server.pm.BackgroundInstallControlService
05-24 10:13:09.675 698 698 V SystemServerTiming: OnBootPhase_600_com.android.server.pm.BackgroundInstallControlService took to complete: 0ms
05-24 10:13:09.675 698 698 D SystemServerTiming: OnBootPhase_600_com.android.server.media.projection.MediaProjectionManagerService
05-24 10:13:09.675 698 698 V SystemServerTiming: OnBootPhase_600_com.android.server.media.projection.MediaProjectionManagerService took to complete: 0ms
05-24 10:13:09.675 698 698 D SystemServerTiming: OnBootPhase_600_com.android.server.slice.SliceManagerService$Lifecycle
05-24 10:13:09.675 698 698 V SystemServerTiming: OnBootPhase_600_com.android.server.slice.SliceManagerService$Lifecycle took to complete: 0ms
05-24 10:13:09.675 698 698 D SystemServerTiming: OnBootPhase_600_com.android.server.stats.StatsCompanion$Lifecycle
05-24 10:13:09.687 698 698 V SystemServerTiming: OnBootPhase_600_com.android.server.stats.StatsCompanion$Lifecycle took to complete: 12ms
05-24 10:13:09.687 698 698 D SystemServerTiming: OnBootPhase_600_com.android.server.scheduling.RebootReadinessManagerService$Lifecycle
05-24 10:13:09.688 698 698 V SystemServerTiming: OnBootPhase_600_com.android.server.scheduling.RebootReadinessManagerService$Lifecycle took to complete: 0ms
05-24 10:13:09.688 698 698 D SystemServerTiming: OnBootPhase_600_com.android.server.stats.pull.StatsPullAtomService
05-24 10:13:09.688 698 698 V SystemServerTiming: OnBootPhase_600_com.android.server.stats.pull.StatsPullAtomService took to complete: 1ms
05-24 10:13:09.688 698 698 D SystemServerTiming: OnBootPhase_600_com.android.server.stats.bootstrap.StatsBootstrapAtomService$Lifecycle
05-24 10:13:09.688 698 698 V SystemServerTiming: OnBootPhase_600_com.android.server.stats.bootstrap.StatsBootstrapAtomService$Lifecycle took to complete: 0ms
05-24 10:13:09.688 698 698 D SystemServerTiming: OnBootPhase_600_com.android.server.incident.IncidentCompanionService
05-24 10:13:09.688 698 698 V SystemServerTiming: OnBootPhase_600_com.android.server.incident.IncidentCompanionService took to complete: 0ms
05-24 10:13:09.688 698 698 D SystemServerTiming: OnBootPhase_600_com.android.server.sdksandbox.SdkSandboxManagerService$Lifecycle
05-24 10:13:09.688 698 698 V SystemServerTiming: OnBootPhase_600_com.android.server.sdksandbox.SdkSandboxManagerService$Lifecycle took to complete: 0ms
05-24 10:13:09.688 698 698 D SystemServerTiming: OnBootPhase_600_com.android.server.adservices.AdServicesManagerService$Lifecycle
05-24 10:13:09.688 698 698 V SystemServerTiming: OnBootPhase_600_com.android.server.adservices.AdServicesManagerService$Lifecycle took to complete: 0ms
05-24 10:13:09.688 698 698 D SystemServerTiming: OnBootPhase_600_com.android.server.ondevicepersonalization.OnDevicePersonalizationSystemService$Lifecycle
05-24 10:13:09.688 698 698 V SystemServerTiming: OnBootPhase_600_com.android.server.ondevicepersonalization.OnDevicePersonalizationSystemService$Lifecycle took to complete: 0ms
05-24 10:13:09.688 698 698 D SystemServerTiming: OnBootPhase_600_com.android.server.autofill.AutofillManagerService
05-24 10:13:09.690 698 698 V SystemServerTiming: OnBootPhase_600_com.android.server.autofill.AutofillManagerService took to complete: 1ms
05-24 10:13:09.690 698 698 D SystemServerTiming: OnBootPhase_600_com.android.server.clipboard.ClipboardService
05-24 10:13:09.690 698 698 V SystemServerTiming: OnBootPhase_600_com.android.server.clipboard.ClipboardService took to complete: 0ms
05-24 10:13:09.690 698 698 D SystemServerTiming: OnBootPhase_600_com.android.server.appbinding.AppBindingService$Lifecycle
05-24 10:13:09.691 698 698 V SystemServerTiming: OnBootPhase_600_com.android.server.appbinding.AppBindingService$Lifecycle took to complete: 0ms
05-24 10:13:09.691 698 698 D SystemServerTiming: OnBootPhase_600_com.android.server.tracing.TracingServiceProxy
05-24 10:13:09.691 698 698 V SystemServerTiming: OnBootPhase_600_com.android.server.tracing.TracingServiceProxy took to complete: 0ms
05-24 10:13:09.691 698 698 D SystemServerTiming: OnBootPhase_600_com.android.server.policy.PermissionPolicyService
05-24 10:13:09.691 698 698 V SystemServerTiming: OnBootPhase_600_com.android.server.policy.PermissionPolicyService took to complete: 0ms
05-24 10:13:09.691 698 698 D SystemServerTiming: OnBootPhase_600_com.android.server.pm.StagingManager$Lifecycle
05-24 10:13:09.691 698 698 V SystemServerTiming: OnBootPhase_600_com.android.server.pm.StagingManager$Lifecycle took to complete: 0ms
05-24 10:13:09.691 698 698 D SystemServerTiming: OnBootPhase_600_com.android.server.app.GameManagerService$Lifecycle
05-24 10:13:09.691 698 698 V SystemServerTiming: OnBootPhase_600_com.android.server.app.GameManagerService$Lifecycle took to complete: 0ms
05-24 10:13:09.691 698 698 D SystemServerTiming: OnBootPhase_600_com.android.safetycenter.SafetyCenterService
05-24 10:13:09.691 698 698 V SystemServerTiming: OnBootPhase_600_com.android.safetycenter.SafetyCenterService took to complete: 0ms
05-24 10:13:09.691 698 698 D SystemServerTiming: OnBootPhase_600_com.android.server.appsearch.AppSearchModule$Lifecycle
05-24 10:13:09.691 698 698 V SystemServerTiming: OnBootPhase_600_com.android.server.appsearch.AppSearchModule$Lifecycle took to complete: 0ms
05-24 10:13:09.691 698 698 D SystemServerTiming: OnBootPhase_600_com.android.server.media.MediaCommunicationService
05-24 10:13:09.691 698 698 V SystemServerTiming: OnBootPhase_600_com.android.server.media.MediaCommunicationService took to complete: 0ms
05-24 10:13:09.691 698 698 D SystemServerTiming: OnBootPhase_600_com.android.server.compat.overrides.AppCompatOverridesService$Lifecycle
05-24 10:13:09.691 698 698 V SystemServerTiming: OnBootPhase_600_com.android.server.compat.overrides.AppCompatOverridesService$Lifecycle took to complete: 0ms
05-24 10:13:09.691 698 698 D SystemServerTiming: OnBootPhase_600_com.android.server.healthconnect.HealthConnectManagerService
05-24 10:13:09.691 698 698 V SystemServerTiming: OnBootPhase_600_com.android.server.healthconnect.HealthConnectManagerService took to complete: 0ms
05-24 10:13:09.691 698 698 D SystemServerTiming: OnBootPhase_600_com.android.server.devicelock.DeviceLockService
05-24 10:13:09.691 698 698 D DeviceLockService: onBootPhase: 600
05-24 10:13:09.691 698 698 V SystemServerTiming: OnBootPhase_600_com.android.server.devicelock.DeviceLockService took to complete: 0ms
05-24 10:13:09.691 698 698 V SystemServerTiming: OnBootPhase_600 took to complete: 142ms
05-24 10:13:09.691 698 698 V SystemServerTiming: PhaseThirdPartyAppsCanStart took to complete: 142ms
05-24 10:13:09.691 698 698 D SystemServerTiming: StartNetworkStack
05-24 10:13:09.692 698 729 D StatsPullAtomService: Registering NetworkStats pullers with statsd
05-24 10:13:09.696 698 698 D CompatibilityChangeReporter: Compat change id reported: 135634846; UID 1073; state: DISABLED
05-24 10:13:09.697 698 698 V SystemServerTiming: StartNetworkStack took to complete: 6ms
05-24 10:13:09.697 698 698 D SystemServerTiming: StartTethering
05-24 10:13:09.701 698 698 V SystemServerTiming: StartTethering took to complete: 4ms
05-24 10:13:09.701 698 698 D SystemServerTiming: MakeCountryDetectionServiceReady
05-24 10:13:09.702 698 698 V SystemServerTiming: MakeCountryDetectionServiceReady took to complete: 1ms
05-24 10:13:09.702 698 698 D SystemServerTiming: MakeNetworkTimeUpdateReady
05-24 10:13:09.703 698 698 V SystemServerTiming: MakeNetworkTimeUpdateReady took to complete: 1ms
05-24 10:13:09.704 698 698 D SystemServerTiming: MakeInputManagerServiceReady
05-24 10:13:09.712 698 731 I ActivityManager: Start proc 975:com.android.networkstack.process/1073 for service {com.android.networkstack/com.android.server.NetworkStackService}
05-24 10:13:09.737 0 0 W : [3 T519 ..] [aml_cfg80211_init 6535] set REGULATORY_COUNTRY_IE_IGNORE
05-24 10:13:09.737 0 0 W [3 T519 ..] aml_cfg80211_init: 6572
05-24 10:13:09.738 0 0 W : [3 T519 ..] aml_rxbuf_list_init host_buf:4c800000
05-24 10:13:09.740 0 0 W : [2 T519 ..] aml_sdio_calibration right, use this config: i:0, j:0, k:0, l:0
05-24 10:13:09.742 0 0 W : [0 T519 ..] bbpll done !
05-24 10:13:09.742 0 0 W : [0 T519 ..] bbpll init ok!
05-24 10:13:09.742 0 0 W [1 T519 ..] aml_platform_reset: 900, offset 8010e0 regval 2
05-24 10:13:09.743 0 0 W [0 T519 ..] aml_platform_reset: 909 before regval_status:0
05-24 10:13:09.740 698 698 V SystemServerTiming: MakeInputManagerServiceReady took to complete: 36ms
05-24 10:13:09.740 698 698 D SystemServerTiming: MakeTelephonyRegistryReady
05-24 10:13:09.758 0 0 W [1 T519 ..] aml_platform_reset: 919 regval_aml:2, regval_cpu:70004, regval_status:0
05-24 10:13:09.758 0 0 W [1 T519 ..] aml_platform_reset: 928
05-24 10:13:09.753 698 698 V SystemServerTiming: MakeTelephonyRegistryReady took to complete: 13ms
05-24 10:13:09.753 698 698 D SystemServerTiming: MakeMediaRouterServiceReady
05-24 10:13:09.753 698 698 I MR2ServiceImpl: switchUser | user: 0
05-24 10:13:09.753 698 698 V SystemServerTiming: MakeMediaRouterServiceReady took to complete: 1ms
05-24 10:13:09.753 698 698 D SystemServerTiming: IncidentDaemonReady
05-24 10:13:09.769 0 0 W [1 T519 ..] aml_plat_stop_agcfsm: 571, read 0xc0b390, 0x11003
05-24 10:13:09.770 0 0 W [1 T519 ..] aml_plat_stop_agcfsm: 578, read 0xc00874, 0x0
05-24 10:13:09.770 0 0 W [1 T519 ..] aml_plat_agc_load: 681, agc_addr c0b390, memclk 0, agc_ver 2, clkctrladdr c00874
05-24 10:13:09.771 0 0 W [1 T519 ..] aml_plat_agc_download: 206, src addr 0x60c0a000, size 2048
05-24 10:13:09.761 909 909 V WindowManagerShell: Adding init callback for DisplayChangeController
05-24 10:13:09.761 909 909 V WindowManagerShell: Adding init callback for DisplayController
05-24 10:13:09.761 909 909 V WindowManagerShell: Adding init callback for DisplayInsetsController
05-24 10:13:09.762 909 909 V WindowManagerShell: Adding init callback for DisplayImeController
05-24 10:13:09.762 909 909 V WindowManagerShell: Adding init callback for ShellController
05-24 10:13:09.762 698 698 V SystemServerTiming: IncidentDaemonReady took to complete: 9ms
05-24 10:13:09.762 698 698 D SystemServerTiming: MakeIncrementalServiceReady
05-24 10:13:09.762 698 698 V SystemServerTiming: MakeIncrementalServiceReady took to complete: 0ms
05-24 10:13:09.762 698 698 D SystemServerTiming: OdsignStatsLogger
05-24 10:13:09.763 698 698 V SystemServerTiming: OdsignStatsLogger took to complete: 0ms
05-24 10:13:09.763 698 698 D SystemServerTiming: getCurrentUser
05-24 10:13:09.763 698 698 I ActivityManager: Current user:0
05-24 10:13:09.763 698 698 V SystemServerTiming: getCurrentUser took to complete: 0ms
05-24 10:13:09.763 698 698 D SystemServerTiming: ActivityManagerStartApps
05-24 10:13:09.764 698 698 D SystemServerTimingAsync: ssm.StartUser-0
05-24 10:13:09.764 698 698 I SystemServiceManager: Calling onStartUser 0
05-24 10:13:09.764 698 698 D SystemServerTimingAsync: ssm.onStartUser-0_com.android.server.security.FileIntegrityService
05-24 10:13:09.764 698 698 V SystemServerTimingAsync: ssm.onStartUser-0_com.android.server.security.FileIntegrityService took to complete: 0ms
05-24 10:13:09.764 698 698 D SystemServerTimingAsync: ssm.onStartUser-0_com.android.server.pm.Installer
05-24 10:13:09.764 698 698 V SystemServerTimingAsync: ssm.onStartUser-0_com.android.server.pm.Installer took to complete: 0ms
05-24 10:13:09.764 698 698 D SystemServerTimingAsync: ssm.onStartUser-0_com.android.server.os.DeviceIdentifiersPolicyService
05-24 10:13:09.773 0 0 W [1 T519 ..] aml_download_wifi_fw_img: 1164
05-24 10:13:09.774 698 698 V SystemServerTimingAsync: ssm.onStartUser-0_com.android.server.os.DeviceIdentifiersPolicyService took to complete: 0ms
05-24 10:13:09.774 698 698 D SystemServerTimingAsync: ssm.onStartUser-0_com.android.server.flags.FeatureFlagsService
05-24 10:13:09.774 698 698 V SystemServerTimingAsync: ssm.onStartUser-0_com.android.server.flags.FeatureFlagsService took to complete: 0ms
05-24 10:13:09.774 698 698 D SystemServerTimingAsync: ssm.onStartUser-0_com.android.server.uri.UriGrantsManagerService$Lifecycle
05-24 10:13:09.774 698 698 V SystemServerTimingAsync: ssm.onStartUser-0_com.android.server.uri.UriGrantsManagerService$Lifecycle took to complete: 0ms
05-24 10:13:09.774 698 698 D SystemServerTimingAsync: ssm.onStartUser-0_com.android.server.powerstats.PowerStatsService
05-24 10:13:09.774 698 698 V SystemServerTimingAsync: ssm.onStartUser-0_com.android.server.powerstats.PowerStatsService took to complete: 0ms
05-24 10:13:09.775 698 698 D SystemServerTimingAsync: ssm.onStartUser-0_com.android.server.permission.access.AccessCheckingService
05-24 10:13:09.775 698 698 V SystemServerTimingAsync: ssm.onStartUser-0_com.android.server.permission.access.AccessCheckingService took to complete: 0ms
05-24 10:13:09.775 698 698 D SystemServerTimingAsync: ssm.onStartUser-0_com.android.server.wm.ActivityTaskManagerService$Lifecycle
05-24 10:13:09.775 698 698 V SystemServerTimingAsync: ssm.onStartUser-0_com.android.server.wm.ActivityTaskManagerService$Lifecycle took to complete: 0ms
05-24 10:13:09.775 698 698 D SystemServerTimingAsync: ssm.onStartUser-0_com.android.server.am.ActivityManagerService$Lifecycle
05-24 10:13:09.775 698 698 V SystemServerTimingAsync: ssm.onStartUser-0_com.android.server.am.ActivityManagerService$Lifecycle took to complete: 0ms
05-24 10:13:09.775 698 698 D SystemServerTimingAsync: ssm.onStartUser-0_com.android.server.pm.DataLoaderManagerService
05-24 10:13:09.775 698 698 V SystemServerTimingAsync: ssm.onStartUser-0_com.android.server.pm.DataLoaderManagerService took to complete: 0ms
05-24 10:13:09.775 698 698 D SystemServerTimingAsync: ssm.onStartUser-0_com.android.server.power.PowerManagerService
05-24 10:13:09.775 698 698 V SystemServerTimingAsync: ssm.onStartUser-0_com.android.server.power.PowerManagerService took to complete: 0ms
05-24 10:13:09.775 698 698 D SystemServerTimingAsync: ssm.onStartUser-0_com.android.server.power.ThermalManagerService
05-24 10:13:09.775 698 698 V SystemServerTimingAsync: ssm.onStartUser-0_com.android.server.power.ThermalManagerService took to complete: 0ms
05-24 10:13:09.775 698 698 D SystemServerTimingAsync: ssm.onStartUser-0_com.android.server.power.hint.HintManagerService
05-24 10:13:09.775 698 698 V SystemServerTimingAsync: ssm.onStartUser-0_com.android.server.power.hint.HintManagerService took to complete: 0ms
05-24 10:13:09.775 698 698 D SystemServerTimingAsync: ssm.onStartUser-0_com.android.server.recoverysystem.RecoverySystemService$Lifecycle
05-24 10:13:09.775 698 698 V SystemServerTimingAsync: ssm.onStartUser-0_com.android.server.recoverysystem.RecoverySystemService$Lifecycle took to complete: 0ms
05-24 10:13:09.775 698 698 D SystemServerTimingAsync: ssm.onStartUser-0_com.android.server.lights.LightsService
05-24 10:13:09.775 698 698 V SystemServerTimingAsync: ssm.onStartUser-0_com.android.server.lights.LightsService took to complete: 0ms
05-24 10:13:09.775 698 698 D SystemServerTimingAsync: ssm.onStartUser-0_com.android.server.display.DisplayManagerService
05-24 10:13:09.775 698 698 V SystemServerTimingAsync: ssm.onStartUser-0_com.android.server.display.DisplayManagerService took to complete: 0ms
05-24 10:13:09.775 698 698 D SystemServerTimingAsync: ssm.onStartUser-0_com.android.server.pm.verify.domain.DomainVerificationService
05-24 10:13:09.775 698 698 V SystemServerTimingAsync: ssm.onStartUser-0_com.android.server.pm.verify.domain.DomainVerificationService took to complete: 0ms
05-24 10:13:09.775 698 698 D SystemServerTimingAsync: ssm.onStartUser-0_com.android.server.pm.PackageInstallerService$Lifecycle
05-24 10:13:09.775 698 698 V SystemServerTimingAsync: ssm.onStartUser-0_com.android.server.pm.PackageInstallerService$Lifecycle took to complete: 0ms
05-24 10:13:09.775 698 698 D SystemServerTimingAsync: ssm.onStartUser-0_com.android.server.pm.UserManagerService$LifeCycle
05-24 10:13:09.775 698 698 V SystemServerTimingAsync: ssm.onStartUser-0_com.android.server.pm.UserManagerService$LifeCycle took to complete: 0ms
05-24 10:13:09.775 698 698 D SystemServerTimingAsync: ssm.onStartUser-0_com.android.server.om.OverlayManagerService
05-24 10:13:09.781 698 976 D HDMI : Process pid:924 is calling addHotplugEventListener
05-24 10:13:09.794 0 0 I : [0 T519 ..] sectoin 20, size 262144
05-24 10:13:09.802 0 0 W [0 T519 ..] aml_download_wifi_fw_img(1205): img len 0x40000, start download fw
05-24 10:13:09.812 0 0 W : [2 T519 ..] Host HAL: write ICCM SUCCESS!!!!
05-24 10:13:09.818 0 0 W [2 T519 ..] aml_download_wifi_fw_img(1260): dccm img len 0x40000, start download dccm
05-24 10:13:09.827 0 0 W : [0 T519 ..] Host HAL: write DCCM SUCCESS!!!!
05-24 10:13:09.827 0 0 W : [0 T519 ..] >>> aml_ipc_init()
05-24 10:13:09.828 0 0 W : [0 T519 ..] >>> aml_cmd_mgr_init()
05-24 10:13:09.828 0 0 W : [0 T519 ..] >>> aml_elems_allocs()
05-24 10:13:09.829 0 0 I : [0 T519 ..] sectoin 11, size 1111588
05-24 10:13:09.820 909 909 V WindowManagerShell: Adding init callback for DragAndDropController
05-24 10:13:09.835 698 698 W SystemServiceManager: Service com.android.server.om.OverlayManagerService took 60 ms in onStartUser-0
05-24 10:13:09.835 698 698 V SystemServerTimingAsync: ssm.onStartUser-0_com.android.server.om.OverlayManagerService took to complete: 60ms
05-24 10:13:09.835 698 698 D SystemServerTimingAsync: ssm.onStartUser-0_com.android.server.resources.ResourcesManagerService
05-24 10:13:09.835 698 698 V SystemServerTimingAsync: ssm.onStartUser-0_com.android.server.resources.ResourcesManagerService took to complete: 0ms
05-24 10:13:09.836 698 698 D SystemServerTimingAsync: ssm.onStartUser-0_com.android.server.sensorprivacy.SensorPrivacyService
05-24 10:13:09.844 698 767 D GameManagerService: User ID '0' does not have a Game Mode selected for package: 'com.android.networkstack'
05-24 10:13:09.845 698 767 D CompatibilityChangeReporter: Compat change id reported: 168419799; UID 1073; state: DISABLED
05-24 10:13:09.845 698 767 D CompatibilityChangeReporter: Compat change id reported: 273564678; UID 1073; state: DISABLED
05-24 10:13:09.850 909 909 V WindowManagerShell: Adding init callback for CompatUIController
05-24 10:13:09.854 698 698 D CompatibilityChangeReporter: Compat change id reported: 265464455; UID 10052; state: DISABLED
05-24 10:13:09.855 698 698 D CompatibilityChangeReporter: Compat change id reported: 265452344; UID 10052; state: DISABLED
05-24 10:13:09.856 698 698 D CompatibilityChangeReporter: Compat change id reported: 266124927; UID 10052; state: DISABLED
05-24 10:13:09.857 698 698 D CompatibilityChangeReporter: Compat change id reported: 265451093; UID 10052; state: DISABLED
05-24 10:13:09.857 698 698 D CompatibilityChangeReporter: Compat change id reported: 265456536; UID 10052; state: DISABLED
05-24 10:13:09.858 698 698 D CompatibilityChangeReporter: Compat change id reported: 255940284; UID 10052; state: DISABLED
05-24 10:13:09.859 698 698 D CompatibilityChangeReporter: Compat change id reported: 236283604; UID 10052; state: DISABLED
05-24 10:13:09.859 698 698 D CompatibilityChangeReporter: Compat change id reported: 263959004; UID 10052; state: DISABLED
05-24 10:13:09.860 698 698 D CompatibilityChangeReporter: Compat change id reported: 264304459; UID 10052; state: DISABLED
05-24 10:13:09.861 698 698 D CompatibilityChangeReporter: Compat change id reported: 264301586; UID 10052; state: DISABLED
05-24 10:13:09.861 698 698 D CompatibilityChangeReporter: Compat change id reported: 254631730; UID 10052; state: DISABLED
05-24 10:13:09.862 698 698 D CompatibilityChangeReporter: Compat change id reported: 273509367; UID 10052; state: DISABLED
05-24 10:13:09.863 698 698 D CompatibilityChangeReporter: Compat change id reported: 263259275; UID 10052; state: DISABLED
05-24 10:13:09.863 698 698 D CompatibilityChangeReporter: Compat change id reported: 174042980; UID 10052; state: DISABLED
05-24 10:13:09.864 698 698 D CompatibilityChangeReporter: Compat change id reported: 174042936; UID 10052; state: DISABLED
05-24 10:13:09.864 698 698 D CompatibilityChangeReporter: Compat change id reported: 181136395; UID 10052; state: DISABLED
05-24 10:13:09.873 698 698 D CompatibilityChangeReporter: Compat change id reported: 194480991; UID 10052; state: ENABLED
05-24 10:13:09.877 698 945 D CompatibilityChangeReporter: Compat change id reported: 135634846; UID 10051; state: DISABLED
05-24 10:13:09.877 698 945 D CompatibilityChangeReporter: Compat change id reported: 177438394; UID 10051; state: DISABLED
05-24 10:13:09.878 698 945 D CompatibilityChangeReporter: Compat change id reported: 135772972; UID 10051; state: DISABLED
05-24 10:13:09.878 698 698 W ActivityTaskManager: startActivity called from non-Activity context; forcing Intent.FLAG_ACTIVITY_NEW_TASK for: Intent { flg=0x840000 cmp=com.android.systemui/.sensorprivacy.television.TvSensorPrivacyChangedActivity (has extras) }
05-24 10:13:09.878 698 945 D CompatibilityChangeReporter: Compat change id reported: 135754954; UID 10051; state: ENABLED
05-24 10:13:09.887 698 698 D CompatibilityChangeReporter: Compat change id reported: 184838306; UID 10052; state: DISABLED
05-24 10:13:09.888 698 698 D CompatibilityChangeReporter: Compat change id reported: 185004937; UID 10052; state: DISABLED
05-24 10:13:09.892 909 909 V WindowManagerShell: Adding init callback for ShellTaskOrganizer
05-24 10:13:09.892 698 698 D CompatibilityChangeReporter: Compat change id reported: 197654537; UID 10052; state: ENABLED
05-24 10:13:09.897 698 698 I ActivityTaskManager: START u0 {flg=0x840000 cmp=com.android.systemui/.sensorprivacy.television.TvSensorPrivacyChangedActivity (has extras)} with LAUNCH_SINGLE_TOP from uid 1000 (BAL_ALLOW_ALLOWLISTED_UID) result code=0
05-24 10:13:09.898 698 767 W ActivityManager: Slow operation: 57ms so far, now at attachApplicationLocked: immediately after bindApplication
05-24 10:13:09.898 698 767 W ActivityManager: Slow operation: 57ms so far, now at attachApplicationLocked: after updateLruProcessLocked
05-24 10:13:09.900 698 775 D CompatibilityChangeReporter: Compat change id reported: 265195908; UID 1073; state: ENABLED
05-24 10:13:09.901 698 767 W ActivityManager: Slow operation: 59ms so far, now at attachApplicationLocked: after updateOomAdjLocked
05-24 10:13:09.904 698 698 W ActivityTaskManager: startActivity called from non-Activity context; forcing Intent.FLAG_ACTIVITY_NEW_TASK for: Intent { flg=0x840000 cmp=com.android.systemui/.sensorprivacy.television.TvSensorPrivacyChangedActivity (has extras) }
05-24 10:13:09.908 698 698 I ActivityTaskManager: START u0 {flg=0x840000 cmp=com.android.systemui/.sensorprivacy.television.TvSensorPrivacyChangedActivity (has extras)} with LAUNCH_SINGLE_TOP from uid 1000 (BAL_ALLOW_ALLOWLISTED_UID) result code=3
05-24 10:13:09.913 698 698 W ActivityTaskManager: startActivity called from non-Activity context; forcing Intent.FLAG_ACTIVITY_NEW_TASK for: Intent { flg=0x840000 cmp=com.android.systemui/.sensorprivacy.television.TvSensorPrivacyChangedActivity (has extras) }
05-24 10:13:09.916 698 698 I ActivityTaskManager: START u0 {flg=0x840000 cmp=com.android.systemui/.sensorprivacy.television.TvSensorPrivacyChangedActivity (has extras)} with LAUNCH_SINGLE_TOP from uid 1000 (BAL_ALLOW_ALLOWLISTED_UID) result code=3
05-24 10:13:09.919 698 698 W ActivityTaskManager: startActivity called from non-Activity context; forcing Intent.FLAG_ACTIVITY_NEW_TASK for: Intent { flg=0x840000 cmp=com.android.systemui/.sensorprivacy.television.TvSensorPrivacyChangedActivity (has extras) }
05-24 10:13:09.923 698 698 I ActivityTaskManager: START u0 {flg=0x840000 cmp=com.android.systemui/.sensorprivacy.television.TvSensorPrivacyChangedActivity (has extras)} with LAUNCH_SINGLE_TOP from uid 1000 (BAL_ALLOW_ALLOWLISTED_UID) result code=3
05-24 10:13:09.923 698 698 W SystemServiceManager: Service com.android.server.sensorprivacy.SensorPrivacyService took 88 ms in onStartUser-0
05-24 10:13:09.923 698 698 V SystemServerTimingAsync: ssm.onStartUser-0_com.android.server.sensorprivacy.SensorPrivacyService took to complete: 88ms
05-24 10:13:09.923 698 698 D SystemServerTimingAsync: ssm.onStartUser-0_com.android.server.sensors.SensorService
05-24 10:13:09.923 698 698 V SystemServerTimingAsync: ssm.onStartUser-0_com.android.server.sensors.SensorService took to complete: 0ms
05-24 10:13:09.923 698 698 D SystemServerTimingAsync: ssm.onStartUser-0_com.android.server.SystemConfigService
05-24 10:13:09.923 698 698 V SystemServerTimingAsync: ssm.onStartUser-0_com.android.server.SystemConfigService took to complete: 0ms
05-24 10:13:09.924 698 698 D SystemServerTimingAsync: ssm.onStartUser-0_com.android.server.BatteryService
05-24 10:13:09.924 698 698 V SystemServerTimingAsync: ssm.onStartUser-0_com.android.server.BatteryService took to complete: 0ms
05-24 10:13:09.924 698 698 D SystemServerTimingAsync: ssm.onStartUser-0_com.android.server.usage.UsageStatsService
05-24 10:13:09.924 698 698 V SystemServerTimingAsync: ssm.onStartUser-0_com.android.server.usage.UsageStatsService took to complete: 0ms
05-24 10:13:09.924 698 698 D SystemServerTimingAsync: ssm.onStartUser-0_com.android.server.webkit.WebViewUpdateService
05-24 10:13:09.924 698 698 V SystemServerTimingAsync: ssm.onStartUser-0_com.android.server.webkit.WebViewUpdateService took to complete: 0ms
05-24 10:13:09.924 698 698 D SystemServerTimingAsync: ssm.onStartUser-0_com.android.server.CachedDeviceStateService
05-24 10:13:09.924 698 698 V SystemServerTimingAsync: ssm.onStartUser-0_com.android.server.CachedDeviceStateService took to complete: 0ms
05-24 10:13:09.924 698 698 D SystemServerTimingAsync: ssm.onStartUser-0_com.android.server.BinderCallsStatsService$LifeCycle
05-24 10:13:09.924 698 698 V SystemServerTimingAsync: ssm.onStartUser-0_com.android.server.BinderCallsStatsService$LifeCycle took to complete: 0ms
05-24 10:13:09.924 698 698 D SystemServerTimingAsync: ssm.onStartUser-0_com.android.server.LooperStatsService$Lifecycle
05-24 10:13:09.924 698 698 V SystemServerTimingAsync: ssm.onStartUser-0_com.android.server.LooperStatsService$Lifecycle took to complete: 0ms
05-24 10:13:09.924 698 698 D SystemServerTimingAsync: ssm.onStartUser-0_com.android.server.rollback.RollbackManagerService
05-24 10:13:09.924 698 698 V SystemServerTimingAsync: ssm.onStartUser-0_com.android.server.rollback.RollbackManagerService took to complete: 0ms
05-24 10:13:09.924 698 698 D SystemServerTimingAsync: ssm.onStartUser-0_com.android.server.os.NativeTombstoneManagerService
05-24 10:13:09.924 698 698 V SystemServerTimingAsync: ssm.onStartUser-0_com.android.server.os.NativeTombstoneManagerService took to complete: 0ms
05-24 10:13:09.924 698 698 D SystemServerTimingAsync: ssm.onStartUser-0_com.android.server.os.BugreportManagerService
05-24 10:13:09.924 698 698 V SystemServerTimingAsync: ssm.onStartUser-0_com.android.server.os.BugreportManagerService took to complete: 0ms
05-24 10:13:09.924 698 698 D SystemServerTimingAsync: ssm.onStartUser-0_com.android.server.gpu.GpuService
05-24 10:13:09.924 698 698 V SystemServerTimingAsync: ssm.onStartUser-0_com.android.server.gpu.GpuService took to complete: 0ms
05-24 10:13:09.924 698 698 D SystemServerTimingAsync: ssm.onStartUser-0_com.android.server.security.rkp.RemoteProvisioningService
05-24 10:13:09.924 698 698 V SystemServerTimingAsync: ssm.onStartUser-0_com.android.server.security.rkp.RemoteProvisioningService took to complete: 0ms
05-24 10:13:09.924 698 698 D SystemServerTimingAsync: ssm.onStartUser-0_com.android.server.cpu.CpuMonitorService
05-24 10:13:09.924 698 698 V SystemServerTimingAsync: ssm.onStartUser-0_com.android.server.cpu.CpuMonitorService took to complete: 0ms
05-24 10:13:09.925 698 698 D SystemServerTimingAsync: ssm.onStartUser-0_com.android.server.security.KeyChainSystemService
05-24 10:13:09.925 698 698 V SystemServerTimingAsync: ssm.onStartUser-0_com.android.server.security.KeyChainSystemService took to complete: 0ms
05-24 10:13:09.925 698 698 D SystemServerTimingAsync: ssm.onStartUser-0_com.android.server.BinaryTransparencyService
05-24 10:13:09.925 698 698 V SystemServerTimingAsync: ssm.onStartUser-0_com.android.server.BinaryTransparencyService took to complete: 0ms
05-24 10:13:09.925 698 698 D SystemServerTimingAsync: ssm.onStartUser-0_com.android.server.accounts.AccountManagerService$Lifecycle
05-24 10:13:09.925 698 698 V SystemServerTimingAsync: ssm.onStartUser-0_com.android.server.accounts.AccountManagerService$Lifecycle took to complete: 0ms
05-24 10:13:09.925 698 698 D SystemServerTimingAsync: ssm.onStartUser-0_com.android.server.content.ContentService$Lifecycle
05-24 10:13:09.925 698 698 V SystemServerTimingAsync: ssm.onStartUser-0_com.android.server.content.ContentService$Lifecycle took to complete: 1ms
05-24 10:13:09.925 698 698 D SystemServerTimingAsync: ssm.onStartUser-0_com.android.server.deviceconfig.DeviceConfigInit$Lifecycle
05-24 10:13:09.925 698 698 V SystemServerTimingAsync: ssm.onStartUser-0_com.android.server.deviceconfig.DeviceConfigInit$Lifecycle took to complete: 0ms
05-24 10:13:09.925 698 698 D SystemServerTimingAsync: ssm.onStartUser-0_com.android.server.DropBoxManagerService
05-24 10:13:09.925 698 698 V SystemServerTimingAsync: ssm.onStartUser-0_com.android.server.DropBoxManagerService took to complete: 0ms
05-24 10:13:09.925 698 698 D SystemServerTimingAsync: ssm.onStartUser-0_com.android.role.RoleService
05-24 10:13:09.928 909 909 V WindowManagerShell: Adding init callback for DefaultTransitionHandler
05-24 10:13:09.929 909 909 V WindowManagerShell: addHandler: Default
05-24 10:13:09.929 909 909 V WindowManagerShell: addHandler: Remote
05-24 10:13:09.929 909 909 V WindowManagerShell: Adding init callback for Transitions
05-24 10:13:09.938 909 909 V WindowManagerShell: Adding init callback for FullscreenTaskListener
05-24 10:13:09.940 698 698 V SystemServerTimingAsync: ssm.onStartUser-0_com.android.role.RoleService took to complete: 14ms
05-24 10:13:09.940 698 698 D SystemServerTimingAsync: ssm.onStartUser-0_com.android.server.vibrator.VibratorManagerService$Lifecycle
05-24 10:13:09.940 698 698 V SystemServerTimingAsync: ssm.onStartUser-0_com.android.server.vibrator.VibratorManagerService$Lifecycle took to complete: 0ms
05-24 10:13:09.942 698 698 D SystemServerTimingAsync: ssm.onStartUser-0_com.android.server.tare.InternalResourceService
05-24 10:13:09.942 698 698 V SystemServerTimingAsync: ssm.onStartUser-0_com.android.server.tare.InternalResourceService took to complete: 0ms
05-24 10:13:09.942 698 698 D SystemServerTimingAsync: ssm.onStartUser-0_com.android.server.alarm.AlarmManagerService
05-24 10:13:09.942 698 698 V SystemServerTimingAsync: ssm.onStartUser-0_com.android.server.alarm.AlarmManagerService took to complete: 1ms
05-24 10:13:09.942 698 698 D SystemServerTimingAsync: ssm.onStartUser-0_com.android.server.devicestate.DeviceStateManagerService
05-24 10:13:09.942 698 698 V SystemServerTimingAsync: ssm.onStartUser-0_com.android.server.devicestate.DeviceStateManagerService took to complete: 0ms
05-24 10:13:09.942 698 698 D SystemServerTimingAsync: ssm.onStartUser-0_com.android.server.camera.CameraServiceProxy
05-24 10:13:09.943 909 909 V WindowManagerShell: Adding init callback for ActivityEmbeddingController
05-24 10:13:09.943 698 698 V SystemServerTimingAsync: ssm.onStartUser-0_com.android.server.camera.CameraServiceProxy took to complete: 1ms
05-24 10:13:09.943 698 698 D SystemServerTimingAsync: ssm.onStartUser-0_com.android.server.bluetooth.BluetoothService
05-24 10:13:09.948 698 804 D CompatibilityChangeReporter: Compat change id reported: 135634846; UID 1002; state: DISABLED
05-24 10:13:09.967 698 768 I ActivityManager: Process WebViewLoader-armeabi-v7a (pid 948) has died: psvc PER
05-24 10:13:09.969 698 729 D CountryDetector: Using custom country detector class: com.android.server.location.ComprehensiveCountryDetector
05-24 10:13:09.969 698 729 E CountryDetector: Could not instantiate the custom country detector class
05-24 10:13:09.970 698 729 D CountryDetector: Using default country detector
05-24 10:13:09.971 698 720 D DisplayManagerService: Drop pending events for gone uid 1037
05-24 10:13:09.983 698 731 I ActivityManager: Start proc 1015:com.android.bluetooth/1002 for service {com.android.bluetooth/com.android.bluetooth.btservice.AdapterService}
05-24 10:13:09.985 698 775 D CompatibilityChangeReporter: Compat change id reported: 265195908; UID 1002; state: ENABLED
05-24 10:13:10.015 698 767 D GameManagerService: User ID '0' does not have a Game Mode selected for package: 'com.android.bluetooth'
05-24 10:13:10.015 698 767 D CompatibilityChangeReporter: Compat change id reported: 168419799; UID 1002; state: DISABLED
05-24 10:13:10.016 698 767 D CompatibilityChangeReporter: Compat change id reported: 273564678; UID 1002; state: DISABLED
05-24 10:13:10.016 698 698 W SystemServiceManager: Service com.android.server.bluetooth.BluetoothService took 73 ms in onStartUser-0
05-24 10:13:10.017 698 698 V SystemServerTimingAsync: ssm.onStartUser-0_com.android.server.bluetooth.BluetoothService took to complete: 73ms
05-24 10:13:10.017 698 698 D SystemServerTimingAsync: ssm.onStartUser-0_com.android.server.connectivity.IpConnectivityMetrics
05-24 10:13:10.017 698 698 V SystemServerTimingAsync: ssm.onStartUser-0_com.android.server.connectivity.IpConnectivityMetrics took to complete: 0ms
05-24 10:13:10.017 698 698 D SystemServerTimingAsync: ssm.onStartUser-0_com.android.server.net.watchlist.NetworkWatchlistService$Lifecycle
05-24 10:13:10.017 698 698 V SystemServerTimingAsync: ssm.onStartUser-0_com.android.server.net.watchlist.NetworkWatchlistService$Lifecycle took to complete: 0ms
05-24 10:13:10.017 698 698 D SystemServerTimingAsync: ssm.onStartUser-0_com.android.server.PinnerService
05-24 10:13:10.017 698 698 V SystemServerTimingAsync: ssm.onStartUser-0_com.android.server.PinnerService took to complete: 0ms
05-24 10:13:10.017 698 698 D SystemServerTimingAsync: ssm.onStartUser-0_com.android.server.integrity.AppIntegrityManagerService
05-24 10:13:10.017 698 698 V SystemServerTimingAsync: ssm.onStartUser-0_com.android.server.integrity.AppIntegrityManagerService took to complete: 0ms
05-24 10:13:10.017 698 698 D SystemServerTimingAsync: ssm.onStartUser-0_com.android.server.logcat.LogcatManagerService
05-24 10:13:10.017 698 698 V SystemServerTimingAsync: ssm.onStartUser-0_com.android.server.logcat.LogcatManagerService took to complete: 0ms
05-24 10:13:10.017 698 698 D SystemServerTimingAsync: ssm.onStartUser-0_com.android.server.inputmethod.InputMethodManagerService$Lifecycle
05-24 10:13:10.017 698 698 V SystemServerTimingAsync: ssm.onStartUser-0_com.android.server.inputmethod.InputMethodManagerService$Lifecycle took to complete: 0ms
05-24 10:13:10.017 698 698 D SystemServerTimingAsync: ssm.onStartUser-0_com.android.server.accessibility.AccessibilityManagerService$Lifecycle
05-24 10:13:10.017 698 698 V SystemServerTimingAsync: ssm.onStartUser-0_com.android.server.accessibility.AccessibilityManagerService$Lifecycle took to complete: 0ms
05-24 10:13:10.017 698 698 D SystemServerTimingAsync: ssm.onStartUser-0_com.android.server.StorageManagerService$Lifecycle
05-24 10:13:10.021 698 698 V StorageManagerService: Package com.dangbei.lerad.leradwatcher has legacy storage
05-24 10:13:10.022 698 698 V StorageManagerService: Package com.android.cts.priv.ctsshim does not have legacy storage
05-24 10:13:10.022 698 767 D CompatibilityChangeReporter: Compat change id reported: 161145287; UID 10052; state: ENABLED
05-24 10:13:10.022 698 698 V StorageManagerService: Package com.android.uwb.resources does not have legacy storage
05-24 10:13:10.022 698 698 V StorageManagerService: Package com.android.adservices.api does not have legacy storage
05-24 10:13:10.022 698 698 V StorageManagerService: Package com.android.dynsystem does not have legacy storage
05-24 10:13:10.022 698 698 V StorageManagerService: Package com.dangbei.lerad.rocky does not have legacy storage
05-24 10:13:10.022 698 698 V StorageManagerService: Package com.android.healthconnect.controller does not have legacy storage
05-24 10:13:10.022 698 698 V StorageManagerService: Package com.android.providers.calendar does not have legacy storage
05-24 10:13:10.022 698 698 V StorageManagerService: Package com.android.tv.settings does not have legacy storage
05-24 10:13:10.022 698 698 V StorageManagerService: Package com.android.providers.media does not have legacy storage
05-24 10:13:10.022 698 698 V StorageManagerService: Package com.android.health.connect.backuprestore does not have legacy storage
05-24 10:13:10.022 698 698 V StorageManagerService: Package com.android.virtualmachine.res does not have legacy storage
05-24 10:13:10.022 698 698 V StorageManagerService: Package com.dangbei.zhushou.os does not have legacy storage
05-24 10:13:10.023 698 698 V StorageManagerService: Package com.sohu.inputmethod.sogou.tv has legacy storage
05-24 10:13:10.023 698 698 V StorageManagerService: Package com.droidlogic.tvprovider.overlay does not have legacy storage
05-24 10:13:10.023 698 698 V StorageManagerService: Package com.android.externalstorage does not have legacy storage
05-24 10:13:10.023 698 698 V StorageManagerService: Package com.android.htmlviewer does not have legacy storage
05-24 10:13:10.023 698 698 V StorageManagerService: Package com.android.companiondevicemanager does not have legacy storage
05-24 10:13:10.023 698 698 V StorageManagerService: Package com.android.providers.downloads does not have legacy storage
05-24 10:13:10.023 698 698 V StorageManagerService: Package com.android.providers.tv does not have legacy storage
05-24 10:13:10.023 698 698 V StorageManagerService: Package com.droidlogic.mediacenter does not have legacy storage
05-24 10:13:10.023 698 698 V StorageManagerService: Package com.android.federatedcompute.services does not have legacy storage
05-24 10:13:10.023 698 698 V StorageManagerService: Package com.droidlogic does not have legacy storage
05-24 10:13:10.023 698 698 V StorageManagerService: Package com.droidlogic.tv.settings does not have legacy storage
