05-24 10:13:08.957 698 853 W BroadcastLoopers: Found previously unknown looper Thread[AudioDeviceBroker,5,main]
05-24 10:13:08.960 698 856 D HDMI : Process pid:698 is calling addHotplugEventListener
05-24 10:13:08.999 698 910 D UsbHostManager: Added device UsbDevice[mName=/dev/bus/usb/003/002,mVendorId=1133,mProductId=49298,mClass=0,mSubclass=0,mProtocol=0,mManufacturerName=Logitech,mProductName=G102 LIGHTSYNC Gaming Mouse,mVersion=52.00,mSerialNumberReader=com.android.server.usb.UsbSerialReader@ce3d4ab, mHasAudioPlayback=false, mHasAudioCapture=false, mHasMidi=false, mHasVideoCapture=false, mHasVideoPlayback=false, mConfigurations=[
05-24 10:13:08.999 698 910 D UsbHostManager: UsbConfiguration[mId=1,mName=U152.00_B0010 ,mAttributes=160,mMaxPower=150,mInterfaces=[
05-24 10:13:08.999 698 910 D UsbHostManager: UsbInterface[mId=0,mAlternateSetting=0,mName=null,mClass=3,mSubclass=1,mProtocol=2,mEndpoints=[
05-24 10:13:08.999 698 910 D UsbHostManager: UsbEndpoint[mAddress=129,mAttributes=3,mMaxPacketSize=8,mInterval=1]]
05-24 10:13:08.999 698 910 D UsbHostManager: UsbInterface[mId=1,mAlternateSetting=0,mName=null,mClass=3,mSubclass=0,mProtocol=0,mEndpoints=[
05-24 10:13:08.999 698 910 D UsbHostManager: UsbEndpoint[mAddress=130,mAttributes=3,mMaxPacketSize=20,mInterval=1]]]]
05-24 10:13:09.004 698 730 I ActivityManager: com.droidlogic is exempt from freezer
05-24 10:13:09.006 698 730 D CompatibilityChangeReporter: Compat change id reported: 135634846; UID 1000; state: DISABLED
05-24 10:13:09.009 698 910 E UsbAlsaManager: usbDeviceAdded(): cannot find sound card for /dev/bus/usb/003/002
05-24 10:13:09.017 698 698 V SystemServerTiming: Permission_synchronize_addPackages-0 took to complete: 64ms
05-24 10:13:09.017 698 698 D SystemServerTiming: Permission_syncPackages-0
05-24 10:13:09.019 698 698 V SystemServerTiming: Permission_syncPackages-0 took to complete: 1ms
05-24 10:13:09.019 698 698 V SystemServerTiming: Permission_synchronize_permissions-0 took to complete: 68ms
05-24 10:13:09.019 698 698 D SystemServerTiming: Permission_onInitialized-0
05-24 10:13:09.019 698 698 I PermissionManager: Permission ownership changed. Updating all permissions.
05-24 10:13:09.024 698 698 W PermissionManager: Package com.android.adservices.api is an APK in APEX, but has permission allowlist on the system image. Please bundle the allowlist in the com.android.adservices APEX instead.
05-24 10:13:09.025 698 711 D GameManagerService: User ID '0' does not have a Game Mode selected for package: 'com.android.systemui'
05-24 10:13:09.026 698 711 D CompatibilityChangeReporter: Compat change id reported: 168419799; UID 10052; state: DISABLED
05-24 10:13:09.026 698 711 D CompatibilityChangeReporter: Compat change id reported: 273564678; UID 10052; state: DISABLED
05-24 10:13:09.076 698 711 W ActivityManager: Slow operation: 55ms so far, now at attachApplicationLocked: immediately after bindApplication
05-24 10:13:09.077 698 711 W ActivityManager: Slow operation: 57ms so far, now at attachApplicationLocked: after updateLruProcessLocked
05-24 10:13:09.079 698 711 W ActivityManager: Slow operation: 59ms so far, now at attachApplicationLocked: after updateOomAdjLocked
05-24 10:13:09.084 698 775 D CompatibilityChangeReporter: Compat change id reported: 265195908; UID 10052; state: ENABLED
05-24 10:13:09.085 698 731 W ActivityManager: Slow operation: 82ms so far, now at startProcess: done updating battery stats
05-24 10:13:09.085 698 731 W ActivityManager: Slow operation: 83ms so far, now at startProcess: building log message
05-24 10:13:09.085 698 731 I ActivityManager: Start proc 924:com.droidlogic/1000 for broadcast {com.droidlogic/com.droidlogic.UsbCameraReceiver}
05-24 10:13:09.085 698 731 W ActivityManager: Slow operation: 83ms so far, now at startProcess: starting to update pids map
05-24 10:13:09.085 698 731 W ActivityManager: Slow operation: 83ms so far, now at startProcess: done updating pids map
05-24 10:13:09.097 0 0 I [3 T47 ..] [mmc]: r: b_s = b, b_sz = 2e, f: b_s = 23, b_sz = 1d
05-24 10:13:09.097 0 0 I [3 T47 ..] [mmc]: the final result: sel = 1, rx = 22
05-24 10:13:09.103 0 0 I [3 T47 ..] mmc1: new ultra high speed SDR104 SDIO card at address 0000
05-24 10:13:09.104 0 0 W [3 T47 ..] aml_wifi_sdio_probe: 137, sdio probe product id 0x640
05-24 10:13:09.105 0 0 W [3 T47 ..] aml_wifi_sdio_probe: ********get chip type: aml_w2_s
05-24 10:13:09.106 0 0 W [3 T47 ..] aml_wifi_sdio_probe: 137, sdio probe product id 0x640
05-24 10:13:09.106 0 0 W [3 T47 ..] aml_wifi_sdio_probe: ********get chip type: aml_w2_s
05-24 10:13:09.108 0 0 W [3 T47 ..] aml_wifi_sdio_probe: 137, sdio probe product id 0x640
05-24 10:13:09.108 0 0 W [3 T47 ..] aml_wifi_sdio_probe: ********get chip type: aml_w2_s
05-24 10:13:09.109 0 0 W [3 T47 ..] aml_wifi_sdio_probe: 137, sdio probe product id 0x640
05-24 10:13:09.110 0 0 W [3 T47 ..] aml_wifi_sdio_probe: ********get chip type: aml_w2_s
05-24 10:13:09.113 0 0 W [3 T47 ..] aml_wifi_sdio_probe: 137, sdio probe product id 0x640
05-24 10:13:09.113 0 0 W [3 T47 ..] aml_wifi_sdio_probe: ********get chip type: aml_w2_s
05-24 10:13:09.115 0 0 W [3 T47 ..] aml_wifi_sdio_probe: 137, sdio probe product id 0x640
05-24 10:13:09.115 0 0 W [3 T47 ..] aml_wifi_sdio_probe: ********get chip type: aml_w2_s
05-24 10:13:09.117 0 0 W [3 T47 ..] aml_wifi_sdio_probe: 137, sdio probe product id 0x640
05-24 10:13:09.117 0 0 W [3 T47 ..] aml_wifi_sdio_probe: ********get chip type: aml_w2_s
05-24 10:13:09.118 0 0 I [2 T519 ..] [wireless]: [usb_power_control] Set WiFi power on !
05-24 10:13:09.119 0 0 I [2 T519 ..] [wireless]: [pci_reinit] pci wifi reinit!
05-24 10:13:09.120 0 0 I [2 T519 ..] [wireless]: [wifi_power_ioctl] Set sdio wifi power up!
05-24 10:13:09.144 698 712 D CompatibilityChangeReporter: Compat change id reported: 170503758; UID 10052; state: ENABLED
05-24 10:13:09.190 698 856 D AudioService: No vibrator found
05-24 10:13:09.234 698 712 D GameManagerService: User ID '0' does not have a Game Mode selected for package: 'com.droidlogic'
05-24 10:13:09.235 698 712 D CompatibilityChangeReporter: Compat change id reported: 168419799; UID 1000; state: DISABLED
05-24 10:13:09.235 698 712 D CompatibilityChangeReporter: Compat change id reported: 273564678; UID 1000; state: DISABLED
05-24 10:13:09.243 698 698 W PermissionManager: Package com.android.providers.media.module is an APK in APEX, but has permission allowlist on the system image. Please bundle the allowlist in the com.android.mediaprovider APEX instead.
05-24 10:13:09.244 698 698 W PermissionManager: Package com.android.providers.media.module is an APK in APEX, but has permission allowlist on the system image. Please bundle the allowlist in the com.android.mediaprovider APEX instead.
05-24 10:13:09.244 698 698 W PermissionManager: Package com.android.providers.media.module is an APK in APEX, but has permission allowlist on the system image. Please bundle the allowlist in the com.android.mediaprovider APEX instead.
05-24 10:13:09.244 698 698 W PermissionManager: Package com.android.providers.media.module is an APK in APEX, but has permission allowlist on the system image. Please bundle the allowlist in the com.android.mediaprovider APEX instead.
05-24 10:13:09.244 698 698 W PermissionManager: Package com.android.providers.media.module is an APK in APEX, but has permission allowlist on the system image. Please bundle the allowlist in the com.android.mediaprovider APEX instead.
05-24 10:13:09.245 698 698 W PermissionManager: Package com.android.providers.media.module is an APK in APEX, but has permission allowlist on the system image. Please bundle the allowlist in the com.android.mediaprovider APEX instead.
05-24 10:13:09.245 698 698 W PermissionManager: Package com.android.providers.media.module is an APK in APEX, but has permission allowlist on the system image. Please bundle the allowlist in the com.android.mediaprovider APEX instead.
05-24 10:13:09.245 698 698 W PermissionManager: Package com.android.providers.media.module is an APK in APEX, but has permission allowlist on the system image. Please bundle the allowlist in the com.android.mediaprovider APEX instead.
05-24 10:13:09.245 698 698 W PermissionManager: Package com.android.providers.media.module is an APK in APEX, but has permission allowlist on the system image. Please bundle the allowlist in the com.android.mediaprovider APEX instead.
05-24 10:13:09.245 698 698 W PermissionManager: Package com.android.providers.media.module is an APK in APEX, but has permission allowlist on the system image. Please bundle the allowlist in the com.android.mediaprovider APEX instead.
05-24 10:13:09.245 698 698 W PermissionManager: Package com.android.providers.media.module is an APK in APEX, but has permission allowlist on the system image. Please bundle the allowlist in the com.android.mediaprovider APEX instead.
05-24 10:13:09.245 698 698 W PermissionManager: Package com.android.providers.media.module is an APK in APEX, but has permission allowlist on the system image. Please bundle the allowlist in the com.android.mediaprovider APEX instead.
05-24 10:13:09.245 698 698 W PermissionManager: Package com.android.providers.media.module is an APK in APEX, but has permission allowlist on the system image. Please bundle the allowlist in the com.android.mediaprovider APEX instead.
05-24 10:13:09.287 698 698 V SystemServerTiming: Permission_onInitialized-0 took to complete: 267ms
05-24 10:13:09.287 698 698 W SystemServiceManager: Service com.android.server.policy.PermissionPolicyService took 339 ms in onBootPhase
05-24 10:13:09.287 698 698 V SystemServerTiming: OnBootPhase_550_com.android.server.policy.PermissionPolicyService took to complete: 339ms
05-24 10:13:09.287 698 698 D SystemServerTiming: OnBootPhase_550_com.android.server.pm.StagingManager$Lifecycle
05-24 10:13:09.287 698 698 V SystemServerTiming: OnBootPhase_550_com.android.server.pm.StagingManager$Lifecycle took to complete: 0ms
05-24 10:13:09.288 698 698 D SystemServerTiming: OnBootPhase_550_com.android.server.app.GameManagerService$Lifecycle
05-24 10:13:09.288 698 698 V SystemServerTiming: OnBootPhase_550_com.android.server.app.GameManagerService$Lifecycle took to complete: 0ms
05-24 10:13:09.288 698 698 D SystemServerTiming: OnBootPhase_550_com.android.safetycenter.SafetyCenterService
05-24 10:13:09.288 698 698 V SystemServerTiming: OnBootPhase_550_com.android.safetycenter.SafetyCenterService took to complete: 0ms
05-24 10:13:09.288 698 698 D SystemServerTiming: OnBootPhase_550_com.android.server.appsearch.AppSearchModule$Lifecycle
05-24 10:13:09.288 698 698 V SystemServerTiming: OnBootPhase_550_com.android.server.appsearch.AppSearchModule$Lifecycle took to complete: 0ms
05-24 10:13:09.288 698 698 D SystemServerTiming: OnBootPhase_550_com.android.server.media.MediaCommunicationService
05-24 10:13:09.288 698 698 V SystemServerTiming: OnBootPhase_550_com.android.server.media.MediaCommunicationService took to complete: 0ms
05-24 10:13:09.288 698 698 D SystemServerTiming: OnBootPhase_550_com.android.server.compat.overrides.AppCompatOverridesService$Lifecycle
05-24 10:13:09.288 698 698 V SystemServerTiming: OnBootPhase_550_com.android.server.compat.overrides.AppCompatOverridesService$Lifecycle took to complete: 0ms
05-24 10:13:09.288 698 698 D SystemServerTiming: OnBootPhase_550_com.android.server.healthconnect.HealthConnectManagerService
05-24 10:13:09.288 698 698 V SystemServerTiming: OnBootPhase_550_com.android.server.healthconnect.HealthConnectManagerService took to complete: 0ms
05-24 10:13:09.288 698 698 D SystemServerTiming: OnBootPhase_550_com.android.server.devicelock.DeviceLockService
05-24 10:13:09.288 698 698 D DeviceLockService: onBootPhase: 550
05-24 10:13:09.288 698 698 V SystemServerTiming: OnBootPhase_550_com.android.server.devicelock.DeviceLockService took to complete: 0ms
05-24 10:13:09.288 698 698 V SystemServerTiming: OnBootPhase_550 took to complete: 502ms
05-24 10:13:09.288 698 698 V SystemServerTiming: StartActivityManagerReadyPhase took to complete: 503ms
05-24 10:13:09.288 698 698 D SystemServerTiming: StartObservingNativeCrashes
05-24 10:13:09.289 698 698 V SystemServerTiming: StartObservingNativeCrashes took to complete: 0ms
05-24 10:13:09.289 698 698 D SystemServerTiming: RegisterAppOpsPolicy
05-24 10:13:09.291 698 698 V SystemServerTiming: RegisterAppOpsPolicy took to complete: 3ms
05-24 10:13:09.292 698 698 D SystemServerTiming: MakeNetworkManagementServiceReady
05-24 10:13:09.293 698 726 D SystemServerTimingAsync: InitThreadPoolExec:WebViewFactoryPreparation
05-24 10:13:09.293 698 726 D SystemServerInitThreadPool: Started executing WebViewFactoryPreparation
05-24 10:13:09.293 698 726 I SystemServer: WebViewFactoryPreparation
05-24 10:13:09.293 698 726 D SystemServerTimingAsync: WebViewFactoryPreparation
05-24 10:13:09.297 698 726 E AppOps : Bad call made by uid 1000. Package "android" does not belong to uid 1037.
05-24 10:13:09.299 698 698 V SystemServerTiming: MakeNetworkManagementServiceReady took to complete: 7ms
05-24 10:13:09.300 698 698 D SystemServerTiming: MakeConnectivityServiceReady
05-24 10:13:09.300 698 726 E AppOps : Cannot checkOperation
05-24 10:13:09.300 698 726 E AppOps : java.lang.SecurityException: Specified package "android" under uid 1037 but it is not
05-24 10:13:09.300 698 726 E AppOps : at com.android.server.appop.AppOpsService.verifyAndGetBypass(AppOpsService.java:3894)
05-24 10:13:09.300 698 726 E AppOps : at com.android.server.appop.AppOpsService.verifyAndGetBypass(AppOpsService.java:3754)
05-24 10:13:09.300 698 726 E AppOps : at com.android.server.appop.AppOpsService.verifyAndGetBypass(AppOpsService.java:3746)
05-24 10:13:09.300 698 726 E AppOps : at com.android.server.appop.AppOpsService.checkOperationUnchecked(AppOpsService.java:2417)
05-24 10:13:09.300 698 726 E AppOps : at com.android.server.appop.AppOpsService.checkOperationImpl(AppOpsService.java:2400)
05-24 10:13:09.300 698 726 E AppOps : at com.android.server.appop.AppOpsService.-$$Nest$mcheckOperationImpl(AppOpsService.java:0)
05-24 10:13:09.300 698 726 E AppOps : at com.android.server.appop.AppOpsService$CheckOpsDelegateDispatcher.$r8$lambda$fx57Sum-uA3sXo7NCFwrI3iq4WM(AppOpsService.java:0)
05-24 10:13:09.300 698 726 E AppOps : at com.android.server.appop.AppOpsService$CheckOpsDelegateDispatcher$$ExternalSyntheticLambda9.apply(R8$$SyntheticClass:0)
05-24 10:13:09.300 698 726 E AppOps : at com.android.server.policy.AppOpsPolicy.checkOperation(AppOpsPolicy.java:221)
05-24 10:13:09.300 698 726 E AppOps : at com.android.server.appop.AppOpsService$CheckOpsDelegateDispatcher.checkOperation(AppOpsService.java:6427)
05-24 10:13:09.300 698 726 E AppOps : at com.android.server.appop.AppOpsService.checkOperation(AppOpsService.java:2385)
05-24 10:13:09.300 698 726 E AppOps : at com.android.server.StorageManagerService$StorageManagerInternalImpl.hasExternalStorageAccess(StorageManagerService.java:4728)
05-24 10:13:09.300 698 726 E AppOps : at com.android.server.am.ProcessList.startProcessLocked(ProcessList.java:1778)
05-24 10:13:09.300 698 726 E AppOps : at com.android.server.am.ProcessList.startProcessLocked(ProcessList.java:2484)
05-24 10:13:09.300 698 726 E AppOps : at com.android.server.am.ProcessList.startProcessLocked(ProcessList.java:2629)
05-24 10:13:09.300 698 726 E AppOps : at com.android.server.am.ActivityManagerService.startIsolatedProcess(ActivityManagerService.java:2949)
05-24 10:13:09.300 698 726 E AppOps : at com.android.server.am.ActivityManagerService$LocalService.startIsolatedProcess(ActivityManagerService.java:17521)
05-24 10:13:09.300 698 726 E AppOps : at android.webkit.WebViewLibraryLoader.createRelroFile(WebViewLibraryLoader.java:126)
05-24 10:13:09.300 698 726 E AppOps : at android.webkit.WebViewLibraryLoader.createRelros(WebViewLibraryLoader.java:164)
05-24 10:13:09.300 698 726 E AppOps : at android.webkit.WebViewLibraryLoader.prepareNativeLibraries(WebViewLibraryLoader.java:152)
05-24 10:13:09.300 698 726 E AppOps : at android.webkit.WebViewFactory.onWebViewProviderChanged(WebViewFactory.java:555)
05-24 10:13:09.300 698 726 E AppOps : at com.android.server.webkit.SystemImpl.onWebViewProviderChanged(SystemImpl.java:174)
05-24 10:13:09.300 698 726 E AppOps : at com.android.server.webkit.WebViewUpdateServiceImpl.onWebViewProviderChanged(WebViewUpdateServiceImpl.java:351)
05-24 10:13:09.300 698 726 E AppOps : at com.android.server.webkit.WebViewUpdateServiceImpl.prepareWebViewInSystemServer(WebViewUpdateServiceImpl.java:182)
05-24 10:13:09.300 698 726 E AppOps : at com.android.server.webkit.WebViewUpdateService.prepareWebViewInSystemServer(WebViewUpdateService.java:129)
05-24 10:13:09.300 698 726 E AppOps : at com.android.server.SystemServer.lambda$startOtherServices$4(SystemServer.java:2939)
05-24 10:13:09.300 698 726 E AppOps : at com.android.server.SystemServer.$r8$lambda$t1R-mpe1gQ3l_T3UqaEuPqwZT88(SystemServer.java:0)
05-24 10:13:09.300 698 726 E AppOps : at com.android.server.SystemServer$$ExternalSyntheticLambda7.run(R8$$SyntheticClass:0)
05-24 10:13:09.300 698 726 E AppOps : at com.android.server.SystemServerInitThreadPool.lambda$submitTask$0(SystemServerInitThreadPool.java:107)
05-24 10:13:09.300 698 726 E AppOps : at com.android.server.SystemServerInitThreadPool.$r8$lambda$iar571g8isa6ZrPZMHj1USmyX48(SystemServerInitThreadPool.java:0)
05-24 10:13:09.300 698 726 E AppOps : at com.android.server.SystemServerInitThreadPool$$ExternalSyntheticLambda1.run(R8$$SyntheticClass:0)
05-24 10:13:09.300 698 726 E AppOps : at java.util.concurrent.Executors$RunnableAdapter.call(Executors.java:487)
05-24 10:13:09.300 698 726 E AppOps : at java.util.concurrent.FutureTask.run(FutureTask.java:264)
05-24 10:13:09.300 698 726 E AppOps : at java.util.concurrent.ThreadPoolExecutor.runWorker(ThreadPoolExecutor.java:1145)
05-24 10:13:09.300 698 726 E AppOps : at java.util.concurrent.ThreadPoolExecutor$Worker.run(ThreadPoolExecutor.java:644)
05-24 10:13:09.300 698 726 E AppOps : at com.android.internal.util.ConcurrentUtils$1$1.run(ConcurrentUtils.java:65)
05-24 10:13:09.300 698 726 I ActivityManager: android is exempt from freezer
05-24 10:13:09.300 698 726 D CompatibilityChangeReporter: Compat change id reported: 135634846; UID 1000; state: DISABLED
05-24 10:13:09.301 698 726 D CompatibilityChangeReporter: Compat change id reported: 177438394; UID 1000; state: DISABLED
05-24 10:13:09.301 698 726 D CompatibilityChangeReporter: Compat change id reported: 135772972; UID 1000; state: DISABLED
05-24 10:13:09.301 698 726 D CompatibilityChangeReporter: Compat change id reported: 178038272; UID 1000; state: DISABLED
05-24 10:13:09.304 698 726 V SystemServerTimingAsync: WebViewFactoryPreparation took to complete: 11ms
05-24 10:13:09.304 698 726 D SystemServerInitThreadPool: Finished executing WebViewFactoryPreparation
05-24 10:13:09.304 698 726 V SystemServerTimingAsync: InitThreadPoolExec:WebViewFactoryPreparation took to complete: 11ms
05-24 10:13:09.310 698 737 W BatteryExternalStatsWorker: error reading modem stats:ERROR_PHONE_NOT_AVAILABLE
05-24 10:13:09.326 698 831 W NetworkPolicy: setRestrictBackgroundUL: already false
05-24 10:13:09.332 698 731 I ActivityManager: Start proc 948:WebViewLoader-armeabi-v7a/1037 [android.webkit.WebViewLibraryLoader$RelroFileCreator] for
05-24 10:13:09.334 698 831 D CompatibilityChangeReporter: Compat change id reported: 218533173; UID 10075; state: DISABLED
05-24 10:13:09.334 698 831 D CompatibilityChangeReporter: Compat change id reported: 262645982; UID 10075; state: DISABLED
05-24 10:13:09.408 496 519 E android.hardware.wifi-service.droidlogic: get aml true wifi is aml_w2_s
05-24 10:13:09.410 496 519 E android.hardware.wifi-service.droidlogic: multiwifi will rmmod wifi comm
05-24 10:13:09.421 0 0 I [2 T519 ..] [wireless]: [wifi_power_ioctl] wifi interface dev type: mmc1, length = 4
05-24 10:13:09.421 0 0 I [2 T519 ..] [wireless]: [wifi_power_ioctl] aml module chip is aml_w2_s
05-24 10:13:09.423 0 0 I [2 T519 ..] usbcore: deregistering interface driver wifi_usb_common
05-24 10:13:09.426 0 0 W : [1 T519 ..] aml_usb_common->
05-24 10:13:09.426 0 0 W : [1 T519 ..] aml_wifi_usb_rmmod(146) aml common driver rmmod
05-24 10:13:09.426 0 0 W : [1 T519 ..] aml_sdio_exit++
05-24 10:13:09.427 0 0 W : [1 T519 ..]
05-24 10:13:09.427 0 0 W : [1 T519 ..] ==========================================
05-24 10:13:09.428 0 0 W : [1 T519 ..] aml_sdio_remove++ func->num =7
05-24 10:13:09.429 0 0 W : [1 T519 ..] ==========================================
05-24 10:13:09.416 698 712 D GameManagerService: User ID '0' does not have a Game Mode selected for package: 'android'
05-24 10:13:09.416 698 712 D CompatibilityChangeReporter: Compat change id reported: 168419799; UID 1000; state: DISABLED
05-24 10:13:09.417 698 712 D CompatibilityChangeReporter: Compat change id reported: 273564678; UID 1000; state: DISABLED
05-24 10:13:09.435 0 0 W : [3 T519 ..]
05-24 10:13:09.435 0 0 W : [3 T519 ..] ==========================================
05-24 10:13:09.435 0 0 W : [3 T519 ..] aml_sdio_remove++ func->num =6
05-24 10:13:09.436 0 0 W : [3 T519 ..] ==========================================
05-24 10:13:09.437 0 0 W : [1 T519 ..]
05-24 10:13:09.437 0 0 W : [1 T519 ..] ==========================================
05-24 10:13:09.438 0 0 W : [1 T519 ..] aml_sdio_remove++ func->num =5
05-24 10:13:09.439 0 0 W : [1 T519 ..] ==========================================
05-24 10:13:09.440 0 0 W : [1 T519 ..]
05-24 10:13:09.440 0 0 W : [1 T519 ..] ==========================================
05-24 10:13:09.440 0 0 W : [1 T519 ..] aml_sdio_remove++ func->num =4
05-24 10:13:09.441 0 0 W : [1 T519 ..] ==========================================
05-24 10:13:09.442 0 0 W : [1 T519 ..]
05-24 10:13:09.442 0 0 W : [1 T519 ..] ==========================================
05-24 10:13:09.443 0 0 W : [1 T519 ..] aml_sdio_remove++ func->num =3
05-24 10:13:09.444 0 0 W : [1 T519 ..] ==========================================
05-24 10:13:09.445 0 0 W : [2 T519 ..]
05-24 10:13:09.445 0 0 W : [2 T519 ..] ==========================================
05-24 10:13:09.446 0 0 W : [2 T519 ..] aml_sdio_remove++ func->num =2
05-24 10:13:09.446 0 0 W : [2 T519 ..] ==========================================
05-24 10:13:09.449 0 0 W : [2 T519 ..]
05-24 10:13:09.449 0 0 W : [2 T519 ..] ==========================================
05-24 10:13:09.450 0 0 W : [2 T519 ..] aml_sdio_remove++ func->num =1
05-24 10:13:09.450 0 0 W : [2 T519 ..] ==========================================
05-24 10:13:09.464 0 0 W : [1 T519 ..] *****************aml sdio common driver is rmmoded********************
05-24 10:13:09.453 496 519 I android.hardware.wifi-service.droidlogic: found the match wifi is: aml_w2_s
05-24 10:13:09.453 496 519 I android.hardware.wifi-service.droidlogic: insmod driver: /vendor/lib/modules/w2_comm.ko
05-24 10:13:09.458 698 829 W BroadcastLoopers: Found previously unknown looper Thread[NetworkStats,5,main]
05-24 10:13:09.464 0 0 W : [1 T519 ..] rmmod aml wifi comm
05-24 10:13:09.475 0 0 I : [1 T519 ..] aml_init_wlan_mem ok
05-24 10:13:09.475 0 0 W [0 T519 ..] aml_sdio_probe(177): func->num 1 sdio block size=512,
05-24 10:13:09.476 0 0 W [0 T519 ..] aml_sdio_probe(187): func->num 1 sdio_func=00000000ede7c1db,
05-24 10:13:09.477 0 0 W [0 T519 ..] aml_sdio_probe(194): func_num=1, last func num=7
05-24 10:13:09.464 698 698 V SystemServerTiming: MakeConnectivityServiceReady took to complete: 165ms
05-24 10:13:09.464 698 698 D SystemServerTiming: MakeVpnManagerServiceReady
05-24 10:13:09.479 0 0 W [0 T519 ..] aml_sdio_probe(177): func->num 2 sdio block size=512,
05-24 10:13:09.479 0 0 W [0 T519 ..] aml_sdio_probe(187): func->num 2 sdio_func=00000000469b15ac,
05-24 10:13:09.481 0 0 W [0 T519 ..] aml_sdio_probe(194): func_num=2, last func num=7
05-24 10:13:09.483 0 0 W [0 T519 ..] aml_sdio_probe(177): func->num 3 sdio block size=512,
05-24 10:13:09.483 0 0 W [0 T519 ..] aml_sdio_probe(187): func->num 3 sdio_func=00000000c95d168a,
05-24 10:13:09.484 0 0 W [0 T519 ..] aml_sdio_probe(194): func_num=3, last func num=7
05-24 10:13:09.485 0 0 W [0 T519 ..] aml_sdio_probe(177): func->num 4 sdio block size=512,
05-24 10:13:09.486 0 0 W [0 T519 ..] aml_sdio_probe(187): func->num 4 sdio_func=00000000fe1e3745,
05-24 10:13:09.487 0 0 W [0 T519 ..] aml_sdio_probe(194): func_num=4, last func num=7
05-24 10:13:09.488 0 0 W [0 T519 ..] aml_sdio_probe(177): func->num 5 sdio block size=512,
05-24 10:13:09.488 0 0 W [0 T519 ..] aml_sdio_probe(187): func->num 5 sdio_func=000000008e8ea691,
05-24 10:13:09.490 0 0 W [0 T519 ..] aml_sdio_probe(194): func_num=5, last func num=7
05-24 10:13:09.497 0 0 W [1 T519 ..] aml_sdio_probe(177): func->num 6 sdio block size=512,
05-24 10:13:09.497 0 0 W [1 T519 ..] aml_sdio_probe(187): func->num 6 sdio_func=000000006b3e38a0,
05-24 10:13:09.498 0 0 W [1 T519 ..] aml_sdio_probe(194): func_num=6, last func num=7
05-24 10:13:09.501 0 0 W [1 T519 ..] aml_sdio_probe(177): func->num 7 sdio block size=512,
05-24 10:13:09.501 0 0 W [1 T519 ..] aml_sdio_probe(187): func->num 7 sdio_func=0000000093b6a49b,
05-24 10:13:09.502 0 0 W [1 T519 ..] aml_sdio_probe: 197, sdio probe success
05-24 10:13:09.503 0 0 I : [1 T519 ..] sectoin 25, size 327680
05-24 10:13:09.498 496 519 I android.hardware.wifi-service.droidlogic: insmod driver: /vendor/lib/modules/aml_bt.ko
05-24 10:13:09.509 0 0 W : [1 T519 ..] *****************aml sdio common driver is insmoded********************
05-24 10:13:09.510 0 0 W : [1 T519 ..] aml_sdio_insmod(449) start...
05-24 10:13:09.515 0 0 W [2 T519 ..] aml_bt: no symbol version for aml_pci_read_for_bt
05-24 10:13:09.516 0 0 I [2 T519 ..] BTI: amlbt_init, type:1536
05-24 10:13:09.516 0 0 I [2 T519 ..] BTI: amlbt_init, type:0x600 inter AMLBT_INTF_SDIO, family AMLBT_FAMILY_W2
05-24 10:13:09.518 0 0 I [2 T519 ..] BTI: amlbt_sdio_probe
05-24 10:13:09.518 0 0 I [2 T519 ..] BTI: BTAML version:0x20240820
05-24 10:13:09.519 0 0 I [2 T519 ..] BTI: ++++++sdio bt driver insmod start.++++++
05-24 10:13:09.520 0 0 I [2 T519 ..] BTI: major number:466
05-24 10:13:09.520 0 0 I [2 T519 ..] BTI: BT_sdiodev driver(major 466) installed.
05-24 10:13:09.511 496 519 I android.hardware.wifi-service.droidlogic: insmod driver: /vendor/lib/modules/w2.ko
05-24 10:13:09.522 0 0 I [2 T519 ..] BTI: amlbt_sdio_init: BT_major 466
05-24 10:13:09.522 0 0 I [2 T519 ..] BTI: amlbt_sdio_init: devID 488636416
05-24 10:13:09.523 0 0 I [2 T519 ..] BTI: ------sdio bt driver insmod end.------
05-24 10:13:09.523 0 0 I : [2 T519 ..] sdio_bt sdio_bt: Init 1536 OK!
05-24 10:13:09.522 698 698 V SystemServerTiming: MakeVpnManagerServiceReady took to complete: 58ms
05-24 10:13:09.522 698 698 D SystemServerTiming: MakeVcnManagementServiceReady
05-24 10:13:09.547 698 698 V SystemServerTiming: MakeVcnManagementServiceReady took to complete: 24ms
05-24 10:13:09.547 698 698 D SystemServerTiming: MakeNetworkPolicyServiceReady
05-24 10:13:09.549 698 698 V SystemServerTiming: MakeNetworkPolicyServiceReady took to complete: 3ms
05-24 10:13:09.549 698 698 D SystemServerTiming: PhaseThirdPartyAppsCanStart
05-24 10:13:09.549 698 698 I SystemServiceManager: Starting phase 600
05-24 10:13:09.549 698 698 D SystemServerTiming: OnBootPhase_600
05-24 10:13:09.549 698 698 D SystemServerTiming: OnBootPhase_600_com.android.server.security.FileIntegrityService
05-24 10:13:09.549 698 698 V SystemServerTiming: OnBootPhase_600_com.android.server.security.FileIntegrityService took to complete: 0ms
05-24 10:13:09.549 698 698 D SystemServerTiming: OnBootPhase_600_com.android.server.pm.Installer
05-24 10:13:09.549 698 698 V SystemServerTiming: OnBootPhase_600_com.android.server.pm.Installer took to complete: 0ms
05-24 10:13:09.549 698 698 D SystemServerTiming: OnBootPhase_600_com.android.server.os.DeviceIdentifiersPolicyService
05-24 10:13:09.549 698 698 V SystemServerTiming: OnBootPhase_600_com.android.server.os.DeviceIdentifiersPolicyService took to complete: 0ms
05-24 10:13:09.549 698 698 D SystemServerTiming: OnBootPhase_600_com.android.server.flags.FeatureFlagsService
05-24 10:13:09.550 698 698 V SystemServerTiming: OnBootPhase_600_com.android.server.flags.FeatureFlagsService took to complete: 0ms
05-24 10:13:09.550 698 698 D SystemServerTiming: OnBootPhase_600_com.android.server.uri.UriGrantsManagerService$Lifecycle
05-24 10:13:09.550 698 698 V SystemServerTiming: OnBootPhase_600_com.android.server.uri.UriGrantsManagerService$Lifecycle took to complete: 0ms
05-24 10:13:09.550 698 698 D SystemServerTiming: OnBootPhase_600_com.android.server.powerstats.PowerStatsService
05-24 10:13:09.550 698 698 V SystemServerTiming: OnBootPhase_600_com.android.server.powerstats.PowerStatsService took to complete: 0ms
05-24 10:13:09.550 698 698 D SystemServerTiming: OnBootPhase_600_com.android.server.permission.access.AccessCheckingService
05-24 10:13:09.550 698 698 V SystemServerTiming: OnBootPhase_600_com.android.server.permission.access.AccessCheckingService took to complete: 0ms
05-24 10:13:09.550 698 698 D SystemServerTiming: OnBootPhase_600_com.android.server.wm.ActivityTaskManagerService$Lifecycle
05-24 10:13:09.550 698 698 V SystemServerTiming: OnBootPhase_600_com.android.server.wm.ActivityTaskManagerService$Lifecycle took to complete: 0ms
05-24 10:13:09.550 698 698 D SystemServerTiming: OnBootPhase_600_com.android.server.am.ActivityManagerService$Lifecycle
05-24 10:13:09.551 698 698 I ExplicitHealthCheckController: Explicit health checks enabled.
05-24 10:13:09.551 698 698 I PackageWatchdog: Syncing state, reason: health check state enabled
05-24 10:13:09.551 698 698 I PackageWatchdog: Not pruning observers, elapsed time: 0ms
05-24 10:13:09.552 698 698 I PackageWatchdog: Cancelling state sync, nothing to sync
05-24 10:13:09.552 698 698 V SystemServerTiming: OnBootPhase_600_com.android.server.am.ActivityManagerService$Lifecycle took to complete: 3ms
05-24 10:13:09.553 698 698 D SystemServerTiming: OnBootPhase_600_com.android.server.pm.DataLoaderManagerService
05-24 10:13:09.553 698 698 V SystemServerTiming: OnBootPhase_600_com.android.server.pm.DataLoaderManagerService took to complete: 0ms
05-24 10:13:09.553 698 698 D SystemServerTiming: OnBootPhase_600_com.android.server.power.PowerManagerService
05-24 10:13:09.553 698 729 I PackageWatchdog: Saving observer state to file
05-24 10:13:09.554 698 698 V SystemServerTiming: OnBootPhase_600_com.android.server.power.PowerManagerService took to complete: 2ms
05-24 10:13:09.554 698 698 D SystemServerTiming: OnBootPhase_600_com.android.server.power.ThermalManagerService
05-24 10:13:09.554 698 698 V SystemServerTiming: OnBootPhase_600_com.android.server.power.ThermalManagerService took to complete: 0ms
05-24 10:13:09.554 698 698 D SystemServerTiming: OnBootPhase_600_com.android.server.power.hint.HintManagerService
05-24 10:13:09.554 698 698 V SystemServerTiming: OnBootPhase_600_com.android.server.power.hint.HintManagerService took to complete: 0ms
05-24 10:13:09.554 698 698 D SystemServerTiming: OnBootPhase_600_com.android.server.recoverysystem.RecoverySystemService$Lifecycle
05-24 10:13:09.554 698 698 V SystemServerTiming: OnBootPhase_600_com.android.server.recoverysystem.RecoverySystemService$Lifecycle took to complete: 0ms
05-24 10:13:09.554 698 698 D SystemServerTiming: OnBootPhase_600_com.android.server.lights.LightsService
05-24 10:13:09.554 698 698 V SystemServerTiming: OnBootPhase_600_com.android.server.lights.LightsService took to complete: 0ms
05-24 10:13:09.554 698 698 D SystemServerTiming: OnBootPhase_600_com.android.server.display.DisplayManagerService
05-24 10:13:09.554 698 698 V SystemServerTiming: OnBootPhase_600_com.android.server.display.DisplayManagerService took to complete: 0ms
05-24 10:13:09.555 698 698 D SystemServerTiming: OnBootPhase_600_com.android.server.pm.verify.domain.DomainVerificationService
05-24 10:13:09.555 698 698 V SystemServerTiming: OnBootPhase_600_com.android.server.pm.verify.domain.DomainVerificationService took to complete: 0ms
05-24 10:13:09.555 698 698 D SystemServerTiming: OnBootPhase_600_com.android.server.pm.PackageInstallerService$Lifecycle
05-24 10:13:09.555 698 698 V SystemServerTiming: OnBootPhase_600_com.android.server.pm.PackageInstallerService$Lifecycle took to complete: 1ms
05-24 10:13:09.555 698 698 D SystemServerTiming: OnBootPhase_600_com.android.server.pm.UserManagerService$LifeCycle
05-24 10:13:09.555 698 698 V SystemServerTiming: OnBootPhase_600_com.android.server.pm.UserManagerService$LifeCycle took to complete: 0ms
05-24 10:13:09.555 698 698 D SystemServerTiming: OnBootPhase_600_com.android.server.om.OverlayManagerService
05-24 10:13:09.555 698 698 V SystemServerTiming: OnBootPhase_600_com.android.server.om.OverlayManagerService took to complete: 0ms
05-24 10:13:09.555 698 698 D SystemServerTiming: OnBootPhase_600_com.android.server.resources.ResourcesManagerService
05-24 10:13:09.555 698 698 V SystemServerTiming: OnBootPhase_600_com.android.server.resources.ResourcesManagerService took to complete: 0ms
05-24 10:13:09.555 698 698 D SystemServerTiming: OnBootPhase_600_com.android.server.sensorprivacy.SensorPrivacyService
05-24 10:13:09.555 698 698 V SystemServerTiming: OnBootPhase_600_com.android.server.sensorprivacy.SensorPrivacyService took to complete: 0ms
05-24 10:13:09.555 698 698 D SystemServerTiming: OnBootPhase_600_com.android.server.sensors.SensorService
05-24 10:13:09.555 698 698 V SystemServerTiming: OnBootPhase_600_com.android.server.sensors.SensorService took to complete: 0ms
05-24 10:13:09.555 698 698 D SystemServerTiming: OnBootPhase_600_com.android.server.SystemConfigService
05-24 10:13:09.555 698 698 V SystemServerTiming: OnBootPhase_600_com.android.server.SystemConfigService took to complete: 0ms
05-24 10:13:09.555 698 698 D SystemServerTiming: OnBootPhase_600_com.android.server.BatteryService
05-24 10:13:09.555 698 698 V SystemServerTiming: OnBootPhase_600_com.android.server.BatteryService took to complete: 0ms
05-24 10:13:09.555 698 698 D SystemServerTiming: OnBootPhase_600_com.android.server.usage.UsageStatsService
05-24 10:13:09.555 698 698 V SystemServerTiming: OnBootPhase_600_com.android.server.usage.UsageStatsService took to complete: 0ms
05-24 10:13:09.555 698 698 D SystemServerTiming: OnBootPhase_600_com.android.server.webkit.WebViewUpdateService
05-24 10:13:09.555 698 698 V SystemServerTiming: OnBootPhase_600_com.android.server.webkit.WebViewUpdateService took to complete: 0ms
05-24 10:13:09.555 698 698 D SystemServerTiming: OnBootPhase_600_com.android.server.CachedDeviceStateService
05-24 10:13:09.555 698 698 V SystemServerTiming: OnBootPhase_600_com.android.server.CachedDeviceStateService took to complete: 0ms
05-24 10:13:09.555 698 698 D SystemServerTiming: OnBootPhase_600_com.android.server.BinderCallsStatsService$LifeCycle
05-24 10:13:09.555 698 698 V SystemServerTiming: OnBootPhase_600_com.android.server.BinderCallsStatsService$LifeCycle took to complete: 0ms
05-24 10:13:09.555 698 698 D SystemServerTiming: OnBootPhase_600_com.android.server.LooperStatsService$Lifecycle
05-24 10:13:09.555 698 698 V SystemServerTiming: OnBootPhase_600_com.android.server.LooperStatsService$Lifecycle took to complete: 0ms
05-24 10:13:09.555 698 698 D SystemServerTiming: OnBootPhase_600_com.android.server.rollback.RollbackManagerService
05-24 10:13:09.556 698 698 V SystemServerTiming: OnBootPhase_600_com.android.server.rollback.RollbackManagerService took to complete: 0ms
05-24 10:13:09.556 698 698 D SystemServerTiming: OnBootPhase_600_com.android.server.os.NativeTombstoneManagerService
05-24 10:13:09.556 698 698 V SystemServerTiming: OnBootPhase_600_com.android.server.os.NativeTombstoneManagerService took to complete: 0ms
05-24 10:13:09.556 698 698 D SystemServerTiming: OnBootPhase_600_com.android.server.os.BugreportManagerService
05-24 10:13:09.556 698 698 V SystemServerTiming: OnBootPhase_600_com.android.server.os.BugreportManagerService took to complete: 0ms
05-24 10:13:09.556 698 698 D SystemServerTiming: OnBootPhase_600_com.android.server.gpu.GpuService
05-24 10:13:09.556 698 698 V SystemServerTiming: OnBootPhase_600_com.android.server.gpu.GpuService took to complete: 0ms
05-24 10:13:09.556 698 698 D SystemServerTiming: OnBootPhase_600_com.android.server.security.rkp.RemoteProvisioningService
05-24 10:13:09.556 698 698 V SystemServerTiming: OnBootPhase_600_com.android.server.security.rkp.RemoteProvisioningService took to complete: 0ms
05-24 10:13:09.556 698 698 D SystemServerTiming: OnBootPhase_600_com.android.server.cpu.CpuMonitorService
05-24 10:13:09.556 698 698 V SystemServerTiming: OnBootPhase_600_com.android.server.cpu.CpuMonitorService took to complete: 0ms
05-24 10:13:09.556 698 698 D SystemServerTiming: OnBootPhase_600_com.android.server.security.KeyChainSystemService
05-24 10:13:09.556 698 698 V SystemServerTiming: OnBootPhase_600_com.android.server.security.KeyChainSystemService took to complete: 0ms
05-24 10:13:09.556 698 698 D SystemServerTiming: OnBootPhase_600_com.android.server.BinaryTransparencyService
05-24 10:13:09.556 698 698 V SystemServerTiming: OnBootPhase_600_com.android.server.BinaryTransparencyService took to complete: 0ms
05-24 10:13:09.558 698 698 D SystemServerTiming: OnBootPhase_600_com.android.server.accounts.AccountManagerService$Lifecycle
05-24 10:13:09.558 698 698 V SystemServerTiming: OnBootPhase_600_com.android.server.accounts.AccountManagerService$Lifecycle took to complete: 0ms
05-24 10:13:09.558 698 698 D SystemServerTiming: OnBootPhase_600_com.android.server.content.ContentService$Lifecycle
05-24 10:13:09.558 698 698 V SystemServerTiming: OnBootPhase_600_com.android.server.content.ContentService$Lifecycle took to complete: 0ms
05-24 10:13:09.558 698 698 D SystemServerTiming: OnBootPhase_600_com.android.server.deviceconfig.DeviceConfigInit$Lifecycle
05-24 10:13:09.558 698 698 V SystemServerTiming: OnBootPhase_600_com.android.server.deviceconfig.DeviceConfigInit$Lifecycle took to complete: 0ms
05-24 10:13:09.558 698 698 D SystemServerTiming: OnBootPhase_600_com.android.server.DropBoxManagerService
05-24 10:13:09.558 698 698 V SystemServerTiming: OnBootPhase_600_com.android.server.DropBoxManagerService took to complete: 0ms
05-24 10:13:09.558 698 698 D SystemServerTiming: OnBootPhase_600_com.android.role.RoleService
05-24 10:13:09.558 698 698 V SystemServerTiming: OnBootPhase_600_com.android.role.RoleService took to complete: 0ms
05-24 10:13:09.558 698 698 D SystemServerTiming: OnBootPhase_600_com.android.server.vibrator.VibratorManagerService$Lifecycle
05-24 10:13:09.558 698 698 V SystemServerTiming: OnBootPhase_600_com.android.server.vibrator.VibratorManagerService$Lifecycle took to complete: 0ms
05-24 10:13:09.558 698 698 D SystemServerTiming: OnBootPhase_600_com.android.server.tare.InternalResourceService
05-24 10:13:09.558 698 698 V SystemServerTiming: OnBootPhase_600_com.android.server.tare.InternalResourceService took to complete: 0ms
05-24 10:13:09.558 698 698 D SystemServerTiming: OnBootPhase_600_com.android.server.alarm.AlarmManagerService
05-24 10:13:09.558 698 698 V SystemServerTiming: OnBootPhase_600_com.android.server.alarm.AlarmManagerService took to complete: 0ms
05-24 10:13:09.558 698 698 D SystemServerTiming: OnBootPhase_600_com.android.server.devicestate.DeviceStateManagerService
05-24 10:13:09.558 698 698 V SystemServerTiming: OnBootPhase_600_com.android.server.devicestate.DeviceStateManagerService took to complete: 0ms
05-24 10:13:09.559 698 698 D SystemServerTiming: OnBootPhase_600_com.android.server.camera.CameraServiceProxy
05-24 10:13:09.559 698 698 V SystemServerTiming: OnBootPhase_600_com.android.server.camera.CameraServiceProxy took to complete: 0ms
05-24 10:13:09.559 698 698 D SystemServerTiming: OnBootPhase_600_com.android.server.bluetooth.BluetoothService
05-24 10:13:09.559 698 698 V SystemServerTiming: OnBootPhase_600_com.android.server.bluetooth.BluetoothService took to complete: 0ms
05-24 10:13:09.559 698 698 D SystemServerTiming: OnBootPhase_600_com.android.server.connectivity.IpConnectivityMetrics
05-24 10:13:09.559 698 698 V SystemServerTiming: OnBootPhase_600_com.android.server.connectivity.IpConnectivityMetrics took to complete: 0ms
05-24 10:13:09.559 698 698 D SystemServerTiming: OnBootPhase_600_com.android.server.net.watchlist.NetworkWatchlistService$Lifecycle
05-24 10:13:09.559 698 698 V SystemServerTiming: OnBootPhase_600_com.android.server.net.watchlist.NetworkWatchlistService$Lifecycle took to complete: 0ms
05-24 10:13:09.559 698 698 D SystemServerTiming: OnBootPhase_600_com.android.server.PinnerService
05-24 10:13:09.559 698 698 V SystemServerTiming: OnBootPhase_600_com.android.server.PinnerService took to complete: 0ms
05-24 10:13:09.559 698 698 D SystemServerTiming: OnBootPhase_600_com.android.server.integrity.AppIntegrityManagerService
05-24 10:13:09.559 698 698 V SystemServerTiming: OnBootPhase_600_com.android.server.integrity.AppIntegrityManagerService took to complete: 0ms
05-24 10:13:09.559 698 698 D SystemServerTiming: OnBootPhase_600_com.android.server.logcat.LogcatManagerService
05-24 10:13:09.559 698 698 V SystemServerTiming: OnBootPhase_600_com.android.server.logcat.LogcatManagerService took to complete: 0ms
05-24 10:13:09.559 698 698 D SystemServerTiming: OnBootPhase_600_com.android.server.inputmethod.InputMethodManagerService$Lifecycle
05-24 10:13:09.559 698 698 V SystemServerTiming: OnBootPhase_600_com.android.server.inputmethod.InputMethodManagerService$Lifecycle took to complete: 0ms
05-24 10:13:09.559 698 698 D SystemServerTiming: OnBootPhase_600_com.android.server.accessibility.AccessibilityManagerService$Lifecycle
05-24 10:13:09.561 698 698 V SystemServerTiming: OnBootPhase_600_com.android.server.accessibility.AccessibilityManagerService$Lifecycle took to complete: 1ms
05-24 10:13:09.561 698 698 D SystemServerTiming: OnBootPhase_600_com.android.server.StorageManagerService$Lifecycle
05-24 10:13:09.561 698 698 V SystemServerTiming: OnBootPhase_600_com.android.server.StorageManagerService$Lifecycle took to complete: 0ms
05-24 10:13:09.561 698 698 D SystemServerTiming: OnBootPhase_600_com.android.server.usage.StorageStatsService$Lifecycle
05-24 10:13:09.561 698 698 V SystemServerTiming: OnBootPhase_600_com.android.server.usage.StorageStatsService$Lifecycle took to complete: 0ms
05-24 10:13:09.561 698 698 D SystemServerTiming: OnBootPhase_600_com.android.server.UiModeManagerService
05-24 10:13:09.561 698 698 V SystemServerTiming: OnBootPhase_600_com.android.server.UiModeManagerService took to complete: 0ms
05-24 10:13:09.561 698 698 D SystemServerTiming: OnBootPhase_600_com.android.server.locales.LocaleManagerService
05-24 10:13:09.561 698 698 V SystemServerTiming: OnBootPhase_600_com.android.server.locales.LocaleManagerService took to complete: 0ms
05-24 10:13:09.561 698 698 D SystemServerTiming: OnBootPhase_600_com.android.server.grammaticalinflection.GrammaticalInflectionService
05-24 10:13:09.561 698 698 V SystemServerTiming: OnBootPhase_600_com.android.server.grammaticalinflection.GrammaticalInflectionService took to complete: 0ms
05-24 10:13:09.561 698 698 D SystemServerTiming: OnBootPhase_600_com.android.server.apphibernation.AppHibernationService
05-24 10:13:09.561 698 698 V SystemServerTiming: OnBootPhase_600_com.android.server.apphibernation.AppHibernationService took to complete: 0ms
05-24 10:13:09.561 698 698 D SystemServerTiming: OnBootPhase_600_com.android.server.locksettings.LockSettingsService$Lifecycle
05-24 10:13:09.561 698 698 V SystemServerTiming: OnBootPhase_600_com.android.server.locksettings.LockSettingsService$Lifecycle took to complete: 0ms
05-24 10:13:09.561 698 698 D SystemServerTiming: OnBootPhase_600_com.android.server.PersistentDataBlockService
05-24 10:13:09.561 698 698 V SystemServerTiming: OnBootPhase_600_com.android.server.PersistentDataBlockService took to complete: 0ms
05-24 10:13:09.561 698 698 D SystemServerTiming: OnBootPhase_600_com.android.server.testharness.TestHarnessModeService
05-24 10:13:09.561 698 698 V SystemServerTiming: OnBootPhase_600_com.android.server.testharness.TestHarnessModeService took to complete: 0ms
05-24 10:13:09.561 698 698 D SystemServerTiming: OnBootPhase_600_com.android.server.oemlock.OemLockService
05-24 10:13:09.561 698 698 V SystemServerTiming: OnBootPhase_600_com.android.server.oemlock.OemLockService took to complete: 0ms
05-24 10:13:09.561 698 698 D SystemServerTiming: OnBootPhase_600_com.android.server.DeviceIdleController
05-24 10:13:09.561 698 698 V SystemServerTiming: OnBootPhase_600_com.android.server.DeviceIdleController took to complete: 0ms
05-24 10:13:09.561 698 698 D SystemServerTiming: OnBootPhase_600_com.android.server.devicepolicy.DevicePolicyManagerService$Lifecycle
05-24 10:13:09.561 698 698 V SystemServerTiming: OnBootPhase_600_com.android.server.devicepolicy.DevicePolicyManagerService$Lifecycle took to complete: 0ms
05-24 10:13:09.561 698 698 D SystemServerTiming: OnBootPhase_600_com.android.server.texttospeech.TextToSpeechManagerService
05-24 10:13:09.562 698 698 V SystemServerTiming: OnBootPhase_600_com.android.server.texttospeech.TextToSpeechManagerService took to complete: 1ms
05-24 10:13:09.562 698 698 D SystemServerTiming: OnBootPhase_600_com.android.server.ambientcontext.AmbientContextManagerService
05-24 10:13:09.562 698 698 V SystemServerTiming: OnBootPhase_600_com.android.server.ambientcontext.AmbientContextManagerService took to complete: 0ms
05-24 10:13:09.562 698 698 D SystemServerTiming: OnBootPhase_600_com.android.server.wearable.WearableSensingManagerService
05-24 10:13:09.562 698 698 V SystemServerTiming: OnBootPhase_600_com.android.server.wearable.WearableSensingManagerService took to complete: 0ms
05-24 10:13:09.562 698 698 D SystemServerTiming: OnBootPhase_600_com.android.server.speech.SpeechRecognitionManagerService
05-24 10:13:09.563 698 698 V SystemServerTiming: OnBootPhase_600_com.android.server.speech.SpeechRecognitionManagerService took to complete: 0ms
05-24 10:13:09.563 698 698 D SystemServerTiming: OnBootPhase_600_com.android.server.searchui.SearchUiManagerService
05-24 10:13:09.563 698 698 V SystemServerTiming: OnBootPhase_600_com.android.server.searchui.SearchUiManagerService took to complete: 0ms
05-24 10:13:09.563 698 698 D SystemServerTiming: OnBootPhase_600_com.android.server.smartspace.SmartspaceManagerService
05-24 10:13:09.563 698 698 V SystemServerTiming: OnBootPhase_600_com.android.server.smartspace.SmartspaceManagerService took to complete: 0ms
05-24 10:13:09.563 698 698 D SystemServerTiming: OnBootPhase_600_com.android.server.graphics.fonts.FontManagerService$Lifecycle
05-24 10:13:09.563 698 698 V SystemServerTiming: OnBootPhase_600_com.android.server.graphics.fonts.FontManagerService$Lifecycle took to complete: 0ms
05-24 10:13:09.563 698 698 D SystemServerTiming: OnBootPhase_600_com.android.server.textservices.TextServicesManagerService$Lifecycle
05-24 10:13:09.563 698 698 V SystemServerTiming: OnBootPhase_600_com.android.server.textservices.TextServicesManagerService$Lifecycle took to complete: 0ms
05-24 10:13:09.563 698 698 D SystemServerTiming: OnBootPhase_600_com.android.server.textclassifier.TextClassificationManagerService$Lifecycle
05-24 10:13:09.563 698 698 V SystemServerTiming: OnBootPhase_600_com.android.server.textclassifier.TextClassificationManagerService$Lifecycle took to complete: 0ms
05-24 10:13:09.563 698 698 D SystemServerTiming: OnBootPhase_600_com.android.server.NetworkScoreService$Lifecycle
05-24 10:13:09.563 698 698 V SystemServerTiming: OnBootPhase_600_com.android.server.NetworkScoreService$Lifecycle took to complete: 0ms
05-24 10:13:09.563 698 698 D SystemServerTiming: OnBootPhase_600_com.android.server.NetworkStatsServiceInitializer
05-24 10:13:09.563 698 698 V SystemServerTiming: OnBootPhase_600_com.android.server.NetworkStatsServiceInitializer took to complete: 0ms
05-24 10:13:09.564 698 698 D SystemServerTiming: OnBootPhase_600_com.android.server.wifi.WifiService
05-24 10:13:09.564 698 698 V SystemServerTiming: OnBootPhase_600_com.android.server.wifi.WifiService took to complete: 0ms
05-24 10:13:09.564 698 698 D SystemServerTiming: OnBootPhase_600_com.android.server.wifi.scanner.WifiScanningService
05-24 10:13:09.564 698 698 V SystemServerTiming: OnBootPhase_600_com.android.server.wifi.scanner.WifiScanningService took to complete: 0ms
05-24 10:13:09.564 698 698 D SystemServerTiming: OnBootPhase_600_com.android.server.wifi.p2p.WifiP2pService
05-24 10:13:09.564 698 698 V SystemServerTiming: OnBootPhase_600_com.android.server.wifi.p2p.WifiP2pService took to complete: 0ms
05-24 10:13:09.564 698 698 D SystemServerTiming: OnBootPhase_600_com.android.server.ConnectivityServiceInitializer
05-24 10:13:09.573 0 0 W : [3 T519 ..] >>> aml_mod_init()
05-24 10:13:09.573 0 0 W : [3 T519 ..] v1.9.10_2024-12.20-w2 driver:daba90760+469302
05-24 10:13:09.574 0 0 W : [3 T519 ..] aml_bus_type = 0.
05-24 10:13:09.574 0 0 W : [3 T519 ..] >>> aml_platform_init()
05-24 10:13:09.575 0 0 W : [3 T519 ..] >>> aml_cfg80211_init()
05-24 10:13:09.575 0 0 I : [3 T519 ..] sectoin 24, size 122880
05-24 10:13:09.576 0 0 I : [3 T519 ..] sectoin 7, size 11088
05-24 10:13:09.577 0 0 W [3 T519 ..] aml_cfg80211_init: 6472
05-24 10:13:09.577 0 0 W [3 T519 ..] aml_cfg80211_init: 6476
05-24 10:13:09.567 698 698 V SystemServerTiming: OnBootPhase_600_com.android.server.ConnectivityServiceInitializer took to complete: 3ms
05-24 10:13:09.567 698 698 D SystemServerTiming: OnBootPhase_600_com.android.server.notification.NotificationManagerService
05-24 10:13:09.573 698 698 V SystemServerTiming: OnBootPhase_600_com.android.server.notification.NotificationManagerService took to complete: 7ms
05-24 10:13:09.574 698 698 D SystemServerTiming: OnBootPhase_600_com.android.server.storage.DeviceStorageMonitorService
05-24 10:13:09.574 698 698 V SystemServerTiming: OnBootPhase_600_com.android.server.storage.DeviceStorageMonitorService took to complete: 0ms
05-24 10:13:09.574 698 698 D SystemServerTiming: OnBootPhase_600_com.android.server.timedetector.TimeDetectorService$Lifecycle
