05-24 10:13:04.844 0 0 I [3 T433 ..] AidlLazyServiceRegistrar: Shutdown prevented by forcePersist override flag.
05-24 10:13:04.835 698 726 I SystemConfig: Reading permissions from /system/etc/permissions/com.android.networkstack.xml
05-24 10:13:04.837 698 726 I SystemConfig: Reading permissions from /system/etc/permissions/javax.obex.xml
05-24 10:13:04.838 698 726 I SystemConfig: Reading permissions from /system/etc/permissions/org.apache.http.legacy.xml
05-24 10:13:04.839 698 726 I SystemConfig: Reading permissions from /system/etc/permissions/privapp-permissions-oranth.xml
05-24 10:13:04.841 698 726 I SystemConfig: Reading permissions from /system/etc/permissions/privapp-permissions-platform.xml
05-24 10:13:04.849 698 698 V ApexManagerTiming: getActiveApexInfos_noCache took to complete: 21ms
05-24 10:13:04.849 698 698 D CompatConfig: No directory /apex/com.android.ondevicepersonalization/etc/compatconfig, skipping
05-24 10:13:04.849 698 698 D CompatConfig: No directory /apex/com.android.ipsec/etc/compatconfig, skipping
05-24 10:13:04.849 698 698 D CompatConfig: No directory /apex/com.amlogic.mediaextractor/etc/compatconfig, skipping
05-24 10:13:04.849 698 698 D CompatConfig: No directory /apex/com.android.resolv/etc/compatconfig, skipping
05-24 10:13:04.849 698 698 D CompatConfig: No directory /apex/com.android.adservices/etc/compatconfig, skipping
05-24 10:13:04.850 698 698 D CompatConfig: No directory /apex/com.android.conscrypt/etc/compatconfig, skipping
05-24 10:13:04.850 698 698 D CompatConfig: No directory /apex/com.android.virt/etc/compatconfig, skipping
05-24 10:13:04.850 698 698 D CompatConfig: No directory /apex/com.android.media.swcodec/etc/compatconfig, skipping
05-24 10:13:04.850 698 726 I SystemConfig: Reading permissions from /system/etc/permissions/privapp_allowlist_com.android.adservices.api.xml
05-24 10:13:04.851 698 698 D CompatConfig: Found a config file: /apex/com.android.wifi/etc/compatconfig/wifi-compat-config.xml
05-24 10:13:04.851 698 726 I SystemConfig: Reading permissions from /system/etc/permissions/privapp_allowlist_com.android.providers.media.module.xml
05-24 10:13:04.852 698 698 D CompatConfig: Adding: com.android.server.compat.config.Change@52ce37
05-24 10:13:04.852 698 698 D CompatConfig: Adding: com.android.server.compat.config.Change@3a0bfa4
05-24 10:13:04.852 698 698 D CompatConfig: Adding: com.android.server.compat.config.Change@2adc10d
05-24 10:13:04.852 698 726 I SystemConfig: Reading permissions from /system/etc/permissions/tv_core_hardware.xml
05-24 10:13:04.853 698 726 I SystemConfig: Reading permissions from /system/etc/permissions/platform.xml
05-24 10:13:04.853 698 698 D CompatConfig: No directory /apex/com.android.tzdata/etc/compatconfig, skipping
05-24 10:13:04.854 698 698 D CompatConfig: No directory /apex/com.android.configinfrastructure/etc/compatconfig, skipping
05-24 10:13:04.854 698 698 D CompatConfig: No directory /apex/com.android.rkpd/etc/compatconfig, skipping
05-24 10:13:04.854 698 698 D CompatConfig: No directory /apex/com.android.vndk.v34/etc/compatconfig, skipping
05-24 10:13:04.854 698 698 D CompatConfig: No directory /apex/com.android.runtime/etc/compatconfig, skipping
05-24 10:13:04.854 698 698 D CompatConfig: No directory /apex/com.android.scheduling/etc/compatconfig, skipping
05-24 10:13:04.854 698 698 D CompatConfig: No directory /apex/com.android.appsearch/etc/compatconfig, skipping
05-24 10:13:04.854 698 698 D CompatConfig: No directory /apex/com.android.sdkext/etc/compatconfig, skipping
05-24 10:13:04.855 698 698 D CompatConfig: Found a config file: /apex/com.android.mediaprovider/etc/compatconfig/media-provider-platform-compat-config.xml
05-24 10:13:04.856 698 698 D CompatConfig: Adding: com.android.server.compat.config.Change@3026109
05-24 10:13:04.856 698 698 D CompatConfig: Adding: com.android.server.compat.config.Change@78a3f0e
05-24 10:13:04.856 698 698 D CompatConfig: Adding: com.android.server.compat.config.Change@7e74d2f
05-24 10:13:04.856 698 698 D CompatConfig: Adding: com.android.server.compat.config.Change@85a5f3c
05-24 10:13:04.856 698 698 D CompatConfig: Adding: com.android.server.compat.config.Change@be704c5
05-24 10:13:04.856 698 698 D CompatConfig: Adding: com.android.server.compat.config.Change@a2f3e1a
05-24 10:13:04.856 698 698 D CompatConfig: Adding: com.android.server.compat.config.Change@d258d4b
05-24 10:13:04.857 698 726 I SystemConfig: Reading permissions from /vendor/etc/permissions/android.hardware.audio.output.xml
05-24 10:13:04.858 698 726 I SystemConfig: Reading permissions from /vendor/etc/permissions/android.hardware.bluetooth.xml
05-24 10:13:04.858 698 726 I SystemConfig: Reading permissions from /vendor/etc/permissions/android.hardware.bluetooth_le.xml
05-24 10:13:04.859 698 726 I SystemConfig: Reading permissions from /vendor/etc/permissions/android.hardware.camera.external.xml
05-24 10:13:04.860 698 726 I SystemConfig: Reading permissions from /vendor/etc/permissions/android.hardware.ethernet.xml
05-24 10:13:04.860 698 698 D CompatConfig: No directory /apex/com.android.devicelock/etc/compatconfig, skipping
05-24 10:13:04.860 698 698 D CompatConfig: No directory /apex/com.android.os.statsd/etc/compatconfig, skipping
05-24 10:13:04.861 698 698 D CompatConfig: Found a config file: /apex/com.android.tethering/etc/compatconfig/connectivity-platform-compat-config.xml
05-24 10:13:04.861 698 726 I SystemConfig: Reading permissions from /vendor/etc/permissions/android.hardware.gamepad.xml
05-24 10:13:04.862 698 726 I SystemConfig: Reading permissions from /vendor/etc/permissions/android.hardware.hardware_keystore.xml
05-24 10:13:04.862 698 698 D CompatConfig: Adding: com.android.server.compat.config.Change@dc83f40
05-24 10:13:04.863 698 698 D CompatConfig: Adding: com.android.server.compat.config.Change@d089e79
05-24 10:13:04.863 698 698 D CompatConfig: Adding: com.android.server.compat.config.Change@78a87be
05-24 10:13:04.863 698 698 D CompatConfig: Adding: com.android.server.compat.config.Change@64be01f
05-24 10:13:04.863 698 726 I SystemConfig: Reading permissions from /vendor/etc/permissions/android.hardware.hdmi.cec.xml
05-24 10:13:04.864 698 698 D CompatConfig: No directory /apex/com.android.i18n/etc/compatconfig, skipping
05-24 10:13:04.864 698 726 I SystemConfig: Reading permissions from /vendor/etc/permissions/android.hardware.keystore.app_attest_key.xml
05-24 10:13:04.864 698 698 D CompatConfig: No directory /apex/com.android.adbd/etc/compatconfig, skipping
05-24 10:13:04.864 698 698 D CompatConfig: No directory /apex/com.android.permission/etc/compatconfig, skipping
05-24 10:13:04.864 698 698 D CompatConfig: No directory /apex/com.android.neuralnetworks/etc/compatconfig, skipping
05-24 10:13:04.864 698 698 D CompatConfig: No directory /apex/com.android.uwb/etc/compatconfig, skipping
05-24 10:13:04.864 698 698 D CompatConfig: No directory /apex/com.android.media/etc/compatconfig, skipping
05-24 10:13:04.865 698 698 D CompatConfig: No directory /apex/com.android.extservices/etc/compatconfig, skipping
05-24 10:13:04.865 698 698 D CompatConfig: No directory /apex/com.android.apex.cts.shim/etc/compatconfig, skipping
05-24 10:13:04.865 698 726 I SystemConfig: Reading permissions from /vendor/etc/permissions/android.hardware.location.xml
05-24 10:13:04.866 698 698 D CompatConfig: Found a config file: /apex/com.android.art/etc/compatconfig/libcore-platform-compat-config.xml
05-24 10:13:04.866 698 726 I SystemConfig: Reading permissions from /vendor/etc/permissions/android.hardware.opengles.aep.xml
05-24 10:13:04.867 698 698 D CompatConfig: Adding: com.android.server.compat.config.Change@2baa3b1
05-24 10:13:04.867 698 698 D CompatConfig: Adding: com.android.server.compat.config.Change@e3b417
05-24 10:13:04.867 698 698 D CompatConfig: Adding: com.android.server.compat.config.Change@29ce004
05-24 10:13:04.867 698 698 D CompatConfig: Adding: com.android.server.compat.config.Change@24c9ed
05-24 10:13:04.867 698 726 I SystemConfig: Reading permissions from /vendor/etc/permissions/android.hardware.usb.host.xml
05-24 10:13:04.867 698 698 D CompatConfig: Adding: com.android.server.compat.config.Change@f7e6022
05-24 10:13:04.867 698 698 D CompatConfig: Adding: com.android.server.compat.config.Change@6657ab3
05-24 10:13:04.867 698 698 D CompatConfig: Adding: com.android.server.compat.config.Change@e09f870
05-24 10:13:04.867 698 698 D CompatConfig: Adding: com.android.server.compat.config.Change@a9117e9
05-24 10:13:04.867 698 698 D CompatConfig: Adding: com.android.server.compat.config.Change@c465c6e
05-24 10:13:04.867 698 698 D CompatConfig: Adding: com.android.server.compat.config.Change@5330f0f
05-24 10:13:04.867 698 698 D CompatConfig: Adding: com.android.server.compat.config.Change@9ee2b9c
05-24 10:13:04.868 698 726 I SystemConfig: Reading permissions from /vendor/etc/permissions/android.hardware.vulkan.compute.xml
05-24 10:13:04.868 698 698 D CompatConfig: No directory /apex/com.google.android.widevine/etc/compatconfig, skipping
05-24 10:13:04.868 698 698 D CompatConfig: No directory /apex/com.android.healthfitness/etc/compatconfig, skipping
05-24 10:13:04.869 698 698 D CompatConfig: Found a config file: /apex/com.android.btservices/etc/compatconfig/bluetoothapk-platform-compat-config.xml
05-24 10:13:04.869 698 726 I SystemConfig: Reading permissions from /vendor/etc/permissions/android.hardware.vulkan.level.xml
05-24 10:13:04.870 698 698 D CompatConfig: Adding: com.android.server.compat.config.Change@4806588
05-24 10:13:04.870 698 726 I SystemConfig: Reading permissions from /vendor/etc/permissions/android.hardware.vulkan.version.xml
05-24 10:13:04.870 698 698 D CompatConfig: Found a config file: /apex/com.android.btservices/etc/compatconfig/bluetooth-compat-config.xml
05-24 10:13:04.871 698 726 I SystemConfig: Reading permissions from /vendor/etc/permissions/android.hardware.wifi.direct.xml
05-24 10:13:04.871 698 698 D CompatConfig: Adding: com.android.server.compat.config.Change@67a5234
05-24 10:13:04.872 698 726 I SystemConfig: Reading permissions from /vendor/etc/permissions/android.hardware.wifi.passpoint.xml
05-24 10:13:04.872 698 698 D CompatConfig: Found a config file: /apex/com.android.btservices/etc/compatconfig/framework-bluetooth-compat-config.xml
05-24 10:13:04.873 698 726 I SystemConfig: Reading permissions from /vendor/etc/permissions/android.hardware.wifi.xml
05-24 10:13:04.873 698 698 D CompatConfig: Adding: com.android.server.compat.config.Change@8845da0
05-24 10:13:04.874 698 726 I SystemConfig: Reading permissions from /vendor/etc/permissions/android.software.app_widgets.xml
05-24 10:13:04.874 698 726 I SystemConfig: Reading permissions from /vendor/etc/permissions/android.software.backup.xml
05-24 10:13:04.875 698 726 I SystemConfig: Reading permissions from /vendor/etc/permissions/android.software.cant_save_state.xml
05-24 10:13:04.877 698 698 V SystemServerTiming: PlatformCompat took to complete: 75ms
05-24 10:13:04.877 698 698 D SystemServerTiming: StartFileIntegrityService
05-24 10:13:04.877 698 698 I SystemServiceManager: Starting com.android.server.security.FileIntegrityService
05-24 10:13:04.877 698 726 I SystemConfig: Reading permissions from /vendor/etc/permissions/android.software.farfield.xml
05-24 10:13:04.878 698 726 I SystemConfig: Reading permissions from /vendor/etc/permissions/android.software.ipsec_tunnels.xml
05-24 10:13:04.878 698 726 I SystemConfig: Reading permissions from /vendor/etc/permissions/android.software.opengles.deqp.level-2023-03-01.xml
05-24 10:13:04.879 698 698 V SystemServerTiming: StartFileIntegrityService took to complete: 3ms
05-24 10:13:04.879 698 726 I SystemConfig: Reading permissions from /vendor/etc/permissions/android.software.verified_boot.xml
05-24 10:13:04.879 698 698 D SystemServerTiming: StartInstaller
05-24 10:13:04.879 698 698 I SystemServiceManager: Starting com.android.server.pm.Installer
05-24 10:13:04.880 698 726 I SystemConfig: Reading permissions from /vendor/etc/permissions/android.software.vulkan.deqp.level-2023-03-01.xml
05-24 10:13:04.881 698 726 I SystemConfig: Reading permissions from /vendor/etc/permissions/aosp_excluded_hardware.xml
05-24 10:13:04.882 698 726 D SystemConfig: Removed unavailable feature android.hardware.location.network
05-24 10:13:04.882 698 726 I SystemConfig: Reading permissions from /vendor/etc/permissions/com.droidlogic.appinstaller.xml
05-24 10:13:04.883 698 726 I SystemConfig: Reading permissions from /vendor/etc/permissions/com.google.android.feature.SILENT_OTA.xml
05-24 10:13:04.884 698 726 I SystemConfig: Reading permissions from /vendor/etc/permissions/droidlogic.jasplayer.xml
05-24 10:13:04.884 698 698 V SystemServerTiming: StartInstaller took to complete: 5ms
05-24 10:13:04.884 698 698 D SystemServerTiming: DeviceIdentifiersPolicyService
05-24 10:13:04.885 698 698 I SystemServiceManager: Starting com.android.server.os.DeviceIdentifiersPolicyService
05-24 10:13:04.886 698 726 I SystemConfig: Reading permissions from /vendor/etc/permissions/droidlogic.jniasplayer.xml
05-24 10:13:04.887 698 698 V SystemServerTiming: DeviceIdentifiersPolicyService took to complete: 2ms
05-24 10:13:04.887 698 698 D SystemServerTiming: StartFeatureFlagsService
05-24 10:13:04.887 698 698 I SystemServiceManager: Starting com.android.server.flags.FeatureFlagsService
05-24 10:13:04.888 698 698 D FeatureFlagsService: Started Feature Flag Service
05-24 10:13:04.888 698 726 I SystemConfig: Reading permissions from /vendor/etc/permissions/droidlogic.software.core.xml
05-24 10:13:04.889 698 726 W SystemConfig: name is required for in START_TAG (empty) @27:35 in java.io.FileReader@2ba6ed0
05-24 10:13:04.890 698 726 I SystemConfig: Reading permissions from /vendor/etc/permissions/droidlogic.tv.software.core.xml
05-24 10:13:04.891 698 726 I SystemConfig: Ignore shared library droidlogic.tv.software.core: /vendor/framework/droidlogic.tv.software.core.jar does not exist
05-24 10:13:04.891 698 698 V SystemServerTiming: StartFeatureFlagsService took to complete: 5ms
05-24 10:13:04.891 698 698 D SystemServerTiming: UriGrantsManagerService
05-24 10:13:04.891 698 698 I SystemServiceManager: Starting com.android.server.uri.UriGrantsManagerService$Lifecycle
05-24 10:13:04.892 698 726 I SystemConfig: Reading permissions from /vendor/etc/permissions/prime.xml
05-24 10:13:04.892 698 698 V SystemServerTiming: UriGrantsManagerService took to complete: 1ms
05-24 10:13:04.892 698 698 D SystemServerTiming: StartPowerStatsService
05-24 10:13:04.892 698 698 I SystemServiceManager: Starting com.android.server.powerstats.PowerStatsService
05-24 10:13:04.893 698 726 I SystemConfig: Reading permissions from /product/etc/sysconfig/atv-component-overrides.xml
05-24 10:13:04.895 698 726 I SystemConfig: Reading permissions from /product/etc/permissions/android.hardware.gamepad.xml
05-24 10:13:04.895 698 726 I SystemConfig: Reading permissions from /product/etc/permissions/com.android.settings.intelligence.xml
05-24 10:13:04.906 0 0 I [1 T229 ..] servicemanager: Could not find android.hardware.power.stats.IPowerStats/default in the VINTF manifest.
05-24 10:13:04.897 698 726 I SystemConfig: Reading permissions from /product/etc/permissions/com.google.android.apps.mediashell.vp9_mirror.xml
05-24 10:13:04.897 698 698 V SystemServerTiming: StartPowerStatsService took to complete: 5ms
05-24 10:13:04.897 698 698 D SystemServerTiming: StartIStatsService
05-24 10:13:04.897 698 726 W SystemConfig: No directory /system_ext/etc/sysconfig, skipping
05-24 10:13:04.898 698 726 I SystemConfig: Reading permissions from /system_ext/etc/permissions/com.android.systemui.xml
05-24 10:13:04.899 698 698 V SystemServerTiming: StartIStatsService took to complete: 2ms
05-24 10:13:04.899 698 698 D SystemServerTiming: MemtrackProxyService
05-24 10:13:04.900 698 726 I SystemConfig: Reading permissions from /system_ext/etc/permissions/com.android.tv.settings.xml
05-24 10:13:04.912 0 0 I [3 T229 ..] servicemanager: Found android.frameworks.stats.IStats/default in framework VINTF manifest.
05-24 10:13:04.901 698 726 I SystemConfig: Reading permissions from /system_ext/etc/permissions/com.droidlogic.tv.settings.xml
05-24 10:13:04.902 698 726 I SystemConfig: Reading permissions from /system_ext/etc/permissions/droidlogic_permissions.xml
05-24 10:13:04.902 698 698 V SystemServerTiming: MemtrackProxyService took to complete: 3ms
05-24 10:13:04.902 698 698 D SystemServerTiming: StartAccessCheckingService
05-24 10:13:04.902 698 698 I SystemServiceManager: Starting com.android.server.permission.access.AccessCheckingService
05-24 10:13:04.903 698 698 V SystemServerTiming: StartAccessCheckingService took to complete: 1ms
05-24 10:13:04.903 698 698 D SystemServerTiming: StartActivityManager
05-24 10:13:04.903 698 698 I SystemServiceManager: Starting com.android.server.wm.ActivityTaskManagerService$Lifecycle
05-24 10:13:04.913 0 0 I [3 T229 ..] servicemanager: Found android.hardware.memtrack.IMemtrack/default in device VINTF manifest.
05-24 10:13:04.904 698 726 I SystemConfig: Reading permissions from /apex/com.android.tethering/etc/permissions/permissions.xml
05-24 10:13:04.907 698 698 I SystemServiceManager: Starting com.android.server.am.ActivityManagerService$Lifecycle
05-24 10:13:04.907 698 726 I SystemConfig: Reading permissions from /apex/com.android.permission/etc/permissions/privapp_allowlist_com.android.permissioncontroller.xml
05-24 10:13:04.909 698 698 I ActivityManager: Memory class: 256
05-24 10:13:04.910 698 726 I SystemConfig: Reading permissions from /apex/com.android.extservices/etc/permissions/privapp_allowlist_android.ext.services.xml
05-24 10:13:04.912 698 730 I Binder : Setting heavy hitter watcher config: false, 0, 0.0
05-24 10:13:04.916 698 726 I SystemConfig: Reading permissions from /apex/com.android.mediaprovider/etc/permissions/privapp_allowlist_com.android.providers.media.module.xml
05-24 10:13:04.919 698 726 I SystemConfig: Reading permissions from /apex/com.android.ipsec/etc/permissions/android.net.ipsec.ike.xml
05-24 10:13:04.922 698 726 I SystemConfig: Reading permissions from /apex/com.android.adservices/etc/permissions/privapp_allowlist_com.android.adservices.api.xml
05-24 10:13:04.924 698 726 I SystemConfig: Reading permissions from /apex/com.android.btservices/etc/permissions/privapp_allowlist_com.android.bluetooth.xml
05-24 10:13:04.926 698 726 I SystemConfig: Reading permissions from /apex/com.android.healthfitness/etc/permissions/privapp_allowlist_com.android.healthconnect.controller.xml
05-24 10:13:04.929 698 726 I SystemConfig: Reading permissions from /apex/com.android.devicelock/etc/permissions/privapp_allowlist_com.android.devicelockcontroller.xml
05-24 10:13:04.934 698 726 W SystemConfig: Failed to read public libraries file /vendor/etc/public.libraries.txt
05-24 10:13:04.934 698 726 W SystemConfig: java.io.FileNotFoundException: /vendor/etc/public.libraries.txt: open failed: ENOENT (No such file or directory)
05-24 10:13:04.934 698 726 W SystemConfig: at libcore.io.IoBridge.open(IoBridge.java:574)
05-24 10:13:04.934 698 726 W SystemConfig: at java.io.FileInputStream.(FileInputStream.java:160)
05-24 10:13:04.934 698 726 W SystemConfig: at java.io.FileReader.(FileReader.java:75)
05-24 10:13:04.934 698 726 W SystemConfig: at com.android.server.SystemConfig.readPublicLibrariesListFile(SystemConfig.java:1818)
05-24 10:13:04.934 698 726 W SystemConfig: at com.android.server.SystemConfig.readPublicNativeLibrariesList(SystemConfig.java:1800)
05-24 10:13:04.934 698 726 W SystemConfig: at com.android.server.SystemConfig.(SystemConfig.java:565)
05-24 10:13:04.934 698 726 W SystemConfig: at com.android.server.SystemConfig.getInstance(SystemConfig.java:366)
05-24 10:13:04.934 698 726 W SystemConfig: at com.android.server.SystemServer$$ExternalSyntheticLambda2.run(R8$$SyntheticClass:0)
05-24 10:13:04.934 698 726 W SystemConfig: at com.android.server.SystemServerInitThreadPool.lambda$submitTask$0(SystemServerInitThreadPool.java:107)
05-24 10:13:04.934 698 726 W SystemConfig: at com.android.server.SystemServerInitThreadPool.$r8$lambda$iar571g8isa6ZrPZMHj1USmyX48(SystemServerInitThreadPool.java:0)
05-24 10:13:04.934 698 726 W SystemConfig: at com.android.server.SystemServerInitThreadPool$$ExternalSyntheticLambda1.run(R8$$SyntheticClass:0)
05-24 10:13:04.934 698 726 W SystemConfig: at java.util.concurrent.Executors$RunnableAdapter.call(Executors.java:487)
05-24 10:13:04.934 698 726 W SystemConfig: at java.util.concurrent.FutureTask.run(FutureTask.java:264)
05-24 10:13:04.934 698 726 W SystemConfig: at java.util.concurrent.ThreadPoolExecutor.runWorker(ThreadPoolExecutor.java:1145)
05-24 10:13:04.934 698 726 W SystemConfig: at java.util.concurrent.ThreadPoolExecutor$Worker.run(ThreadPoolExecutor.java:644)
05-24 10:13:04.934 698 726 W SystemConfig: at com.android.internal.util.ConcurrentUtils$1$1.run(ConcurrentUtils.java:65)
05-24 10:13:04.934 698 726 W SystemConfig: Caused by: android.system.ErrnoException: open failed: ENOENT (No such file or directory)
05-24 10:13:04.934 698 726 W SystemConfig: at libcore.io.Linux.open(Native Method)
05-24 10:13:04.934 698 726 W SystemConfig: at libcore.io.ForwardingOs.open(ForwardingOs.java:563)
05-24 10:13:04.934 698 726 W SystemConfig: at libcore.io.BlockGuardOs.open(BlockGuardOs.java:274)
05-24 10:13:04.934 698 726 W SystemConfig: at libcore.io.IoBridge.open(IoBridge.java:560)
05-24 10:13:04.934 698 726 W SystemConfig: ... 15 more
05-24 10:13:04.934 698 726 V SystemConfig: readAllPermissions took to complete: 132ms
05-24 10:13:04.934 698 726 D SystemServerInitThreadPool: Finished executing ReadingSystemConfig
05-24 10:13:04.934 698 726 V SystemServerTimingAsync: InitThreadPoolExec:ReadingSystemConfig took to complete: 132ms
05-24 10:13:04.957 698 698 D BatteryStatsImpl: Reading daily items from /data/system/batterystats-daily.xml
05-24 10:13:04.965 698 698 I KernelCpuUidFreqTimeReader: mPerClusterTimesAvailable=false
05-24 10:13:04.979 698 737 W KernelCpuProcStringReader: File not found. It's normal if not implemented: /proc/uid_concurrent_policy_time
05-24 10:13:04.987 698 737 W KernelMemoryBandwidthStats: No kernel memory bandwidth stats available
05-24 10:13:05.087 698 698 I IntentFirewall: Read new rules (A:0 B:0 S:0)
05-24 10:13:05.091 698 698 D OomAdjuster: Not killing cached processes
05-24 10:13:05.093 698 698 D AppOps : AppOpsService published
05-24 10:13:05.094 698 712 W android.permission.PermissionManager: Missing ActivityManager; assuming 1047 does not hold android.permission.MANAGE_APP_OPS_MODES
05-24 10:13:05.095 698 698 V SystemServerTiming: StartActivityManager took to complete: 192ms
05-24 10:13:05.095 698 698 D SystemServerTiming: StartDataLoaderManagerService
05-24 10:13:05.095 698 698 I SystemServiceManager: Starting com.android.server.pm.DataLoaderManagerService
05-24 10:13:05.096 698 698 V SystemServerTiming: StartDataLoaderManagerService took to complete: 1ms
05-24 10:13:05.096 698 698 D SystemServerTiming: StartIncrementalService
05-24 10:13:05.101 698 698 V SystemServerTiming: StartIncrementalService took to complete: 5ms
05-24 10:13:05.101 698 698 D SystemServerTiming: StartPowerManager
05-24 10:13:05.102 698 698 I SystemServiceManager: Starting com.android.server.power.PowerManagerService
05-24 10:13:05.114 698 698 V SystemServerTiming: StartPowerManager took to complete: 12ms
05-24 10:13:05.114 698 698 D SystemServerTiming: StartThermalManager
05-24 10:13:05.114 698 698 I SystemServiceManager: Starting com.android.server.power.ThermalManagerService
05-24 10:13:05.115 698 698 V SystemServerTiming: StartThermalManager took to complete: 1ms
05-24 10:13:05.115 698 698 D SystemServerTiming: StartHintManager
05-24 10:13:05.115 698 698 I SystemServiceManager: Starting com.android.server.power.hint.HintManagerService
05-24 10:13:05.116 698 698 V SystemServerTiming: StartHintManager took to complete: 2ms
05-24 10:13:05.116 698 698 D SystemServerTiming: InitPowerManagement
05-24 10:13:05.118 698 698 V SystemServerTiming: InitPowerManagement took to complete: 1ms
05-24 10:13:05.118 698 698 D SystemServerTiming: StartRecoverySystemService
05-24 10:13:05.118 698 698 I SystemServiceManager: Starting com.android.server.recoverysystem.RecoverySystemService$Lifecycle
05-24 10:13:05.120 698 698 V SystemServerTiming: StartRecoverySystemService took to complete: 2ms
05-24 10:13:05.120 698 698 I PackageWatchdog: Syncing state, reason: added new observer
05-24 10:13:05.120 698 698 I PackageWatchdog: Not pruning observers, elapsed time: 0ms
05-24 10:13:05.121 698 698 I PackageWatchdog: Cancelling state sync, nothing to sync
05-24 10:13:05.122 698 698 D SystemServerTiming: StartLightsService
05-24 10:13:05.122 698 698 I SystemServiceManager: Starting com.android.server.lights.LightsService
05-24 10:13:05.124 698 729 I PackageWatchdog: Saving observer state to file
05-24 10:13:05.125 698 698 V SystemServerTiming: StartLightsService took to complete: 4ms
05-24 10:13:05.125 698 698 D SystemServerTiming: StartDisplayOffloadService
05-24 10:13:05.125 698 698 V SystemServerTiming: StartDisplayOffloadService took to complete: 0ms
05-24 10:13:05.125 698 698 D SystemServerTiming: StartSidekickService
05-24 10:13:05.125 698 698 V SystemServerTiming: StartSidekickService took to complete: 0ms
05-24 10:13:05.126 698 698 D SystemServerTiming: StartDisplayManager
05-24 10:13:05.126 698 698 I SystemServiceManager: Starting com.android.server.display.DisplayManagerService
05-24 10:13:05.137 698 698 V SystemServerTiming: StartDisplayManager took to complete: 11ms
05-24 10:13:05.137 698 698 D SystemServerTiming: WaitForDisplay
05-24 10:13:05.137 698 698 I SystemServiceManager: Starting phase 100
05-24 10:13:05.138 698 698 D SystemServerTiming: OnBootPhase_100
05-24 10:13:05.139 698 698 D SystemServerTiming: OnBootPhase_100_com.android.server.security.FileIntegrityService
05-24 10:13:05.139 698 698 V SystemServerTiming: OnBootPhase_100_com.android.server.security.FileIntegrityService took to complete: 0ms
05-24 10:13:05.139 698 698 D SystemServerTiming: OnBootPhase_100_com.android.server.pm.Installer
05-24 10:13:05.139 698 698 V SystemServerTiming: OnBootPhase_100_com.android.server.pm.Installer took to complete: 0ms
05-24 10:13:05.139 698 698 D SystemServerTiming: OnBootPhase_100_com.android.server.os.DeviceIdentifiersPolicyService
05-24 10:13:05.139 698 698 V SystemServerTiming: OnBootPhase_100_com.android.server.os.DeviceIdentifiersPolicyService took to complete: 0ms
05-24 10:13:05.139 698 698 D SystemServerTiming: OnBootPhase_100_com.android.server.flags.FeatureFlagsService
05-24 10:13:05.139 698 698 V SystemServerTiming: OnBootPhase_100_com.android.server.flags.FeatureFlagsService took to complete: 0ms
05-24 10:13:05.139 698 698 D SystemServerTiming: OnBootPhase_100_com.android.server.uri.UriGrantsManagerService$Lifecycle
05-24 10:13:05.139 698 698 V SystemServerTiming: OnBootPhase_100_com.android.server.uri.UriGrantsManagerService$Lifecycle took to complete: 0ms
05-24 10:13:05.139 698 698 D SystemServerTiming: OnBootPhase_100_com.android.server.powerstats.PowerStatsService
05-24 10:13:05.139 698 698 V SystemServerTiming: OnBootPhase_100_com.android.server.powerstats.PowerStatsService took to complete: 0ms
05-24 10:13:05.139 698 698 D SystemServerTiming: OnBootPhase_100_com.android.server.permission.access.AccessCheckingService
05-24 10:13:05.139 698 698 V SystemServerTiming: OnBootPhase_100_com.android.server.permission.access.AccessCheckingService took to complete: 0ms
05-24 10:13:05.139 698 698 D SystemServerTiming: OnBootPhase_100_com.android.server.wm.ActivityTaskManagerService$Lifecycle
05-24 10:13:05.139 698 698 V SystemServerTiming: OnBootPhase_100_com.android.server.wm.ActivityTaskManagerService$Lifecycle took to complete: 0ms
05-24 10:13:05.139 698 698 D SystemServerTiming: OnBootPhase_100_com.android.server.am.ActivityManagerService$Lifecycle
05-24 10:13:05.139 698 698 V SystemServerTiming: OnBootPhase_100_com.android.server.am.ActivityManagerService$Lifecycle took to complete: 0ms
05-24 10:13:05.139 698 698 D SystemServerTiming: OnBootPhase_100_com.android.server.pm.DataLoaderManagerService
05-24 10:13:05.139 698 698 V SystemServerTiming: OnBootPhase_100_com.android.server.pm.DataLoaderManagerService took to complete: 0ms
05-24 10:13:05.139 698 698 D SystemServerTiming: OnBootPhase_100_com.android.server.power.PowerManagerService
05-24 10:13:05.139 698 698 V SystemServerTiming: OnBootPhase_100_com.android.server.power.PowerManagerService took to complete: 0ms
05-24 10:13:05.139 698 698 D SystemServerTiming: OnBootPhase_100_com.android.server.power.ThermalManagerService
05-24 10:13:05.139 698 698 V SystemServerTiming: OnBootPhase_100_com.android.server.power.ThermalManagerService took to complete: 0ms
05-24 10:13:05.139 698 698 D SystemServerTiming: OnBootPhase_100_com.android.server.power.hint.HintManagerService
05-24 10:13:05.139 698 698 V SystemServerTiming: OnBootPhase_100_com.android.server.power.hint.HintManagerService took to complete: 0ms
05-24 10:13:05.139 698 698 D SystemServerTiming: OnBootPhase_100_com.android.server.recoverysystem.RecoverySystemService$Lifecycle
05-24 10:13:05.139 698 698 V SystemServerTiming: OnBootPhase_100_com.android.server.recoverysystem.RecoverySystemService$Lifecycle took to complete: 0ms
05-24 10:13:05.139 698 698 D SystemServerTiming: OnBootPhase_100_com.android.server.lights.LightsService
05-24 10:13:05.139 698 698 V SystemServerTiming: OnBootPhase_100_com.android.server.lights.LightsService took to complete: 0ms
05-24 10:13:05.139 698 698 D SystemServerTiming: OnBootPhase_100_com.android.server.display.DisplayManagerService
05-24 10:13:05.140 698 722 W LocalDisplayAdapter: DisplayModeSpecs base mode no longer available, using currently active mode.
05-24 10:13:05.150 698 722 I DisplayDeviceRepository: Display device added: DisplayDeviceInfo{"内置å±å¹•": uniqueId="local:4621527120592813323", 1920 x 1080, modeId 18, renderFrameRate 50.0, defaultModeId 18, supportedModes [{id=1, width=1920, height=1080, fps=59.94006, alternativeRefreshRates=[], supportedHdrTypes=[]}, {id=2, width=1920, height=1080, fps=60.000004, alternativeRefreshRates=[], supportedHdrTypes=[]}, {id=3, width=4096, height=2160, fps=59.94006, alternativeRefreshRates=[], supportedHdrTypes=[]}, {id=4, width=4096, height=2160, fps=60.000004, alternativeRefreshRates=[], supportedHdrTypes=[]}, {id=5, width=4096, height=2160, fps=50.0, alternativeRefreshRates=[], supportedHdrTypes=[]}, {id=6, width=4096, height=2160, fps=29.97003, alternativeRefreshRates=[], supportedHdrTypes=[]}, {id=7, width=4096, height=2160, fps=30.000002, alternativeRefreshRates=[], supportedHdrTypes=[]}, {id=8, width=4096, height=2160, fps=23.976025, alternativeRefreshRates=[], supportedHdrTypes=[]}, {id=9, width=4096, height=2160, fps=24.000002, alternativeRefreshRates=[], supportedHdrTypes=[]}, {id=10, width=3840, height=2160, fps=59.94006, alternativeRefreshRates=[], supportedHdrTypes=[]}, {id=11, width=3840, height=2160, fps=60.000004, alternativeRefreshRates=[], supportedHdrTypes=[]}, {id=12, width=3840, height=2160, fps=50.0, alternativeRefreshRates=[], supportedHdrTypes=[]}, {id=13, width=3840, height=2160, fps=29.97003, alternativeRefreshRates=[], supportedHdrTypes=[]}, {id=14, width=3840, height=2160, fps=30.000002, alternativeRefreshRates=[], supportedHdrTypes=[]}, {id=15, width=3840, height=2160, fps=25.0, alternativeRefreshRates=[], supportedHdrTypes=[]}, {id=16, width=3840, height=2160, fps=23.976025, alternativeRefreshRates=[], supportedHdrTypes=[]}, {id=17, width=3840, height=2160, fps=24.000002, alternativeRefreshRates=[], supportedHdrTypes=[]}, {id=18, width=1920, height=1080, fps=50.0, alternativeRefreshRates=[], supportedHdrTypes=[]}, {id=19, width=1920, height=1080, fps=29.97003, alternativeRefreshRates=[], supportedHdrTypes=[]}, {id=20, width=1920, height=1080, fps=30.000002, alternativeRefreshRates=[], supportedHdrTypes=[]}, {id=21, width=1920, height=1080, fps=25.0, alternativeRefreshRates=[], supportedHdrTypes=[]}, {id=22, width=1920, height=1080, fps=23.976025, alternativeRefreshRates=[], supportedHdrTypes=[]}, {id=23, width=1920, height=1080, fps=24.000002, alternativeRefreshRates=[], supportedHdrTypes=[]}, {id=24, width=1280, height=720, fps=59.94006, alternativeRefreshRates=[], supportedHdrTypes=[]}, {id=25, width=1280, height=720, fps=60.000004, alternativeRefreshRates=[], supportedHdrTypes=[]}, {id=26, width=1280, height=720, fps=50.0, alternativeRefreshRates=[], supportedHdrTypes=[]}, {id=27, width=720, height=576, fps=50.0, alternativeRefreshRates=[], supportedHdrTypes=[]}, {id=28, width=720, height=480, fps=59.94006, alternativeRefreshRates=[], supportedHdrTypes=[]}, {id=29, width=720, height=480, fps=60.000004, alternativeRefreshRates=[], supportedHdrTypes=[]}], colorMode 0, supportedColorModes [0], hdrCapabilities HdrCapabilities{mSupportedHdrTypes=[], mMaxLuminance=500.0, mMaxAverageLuminance=500.0, mMinLuminance=0.0}, allmSupported false, gameContentTypeSupported false, density 240, 40.64 x 40.341 dpi, appVsyncOff 2000000, presDeadline 17000000, touch INTERNAL, rotation 0, type INTERNAL, address {port=11, model=0x4022f66e26c4bd}, deviceProductInfo DeviceProductInfo{name=HUAWEI INC, manufacturerPnpId=HWV, productId=48, modelYear=2019, manufactureDate=null, connectionToSinkType=2}, state UNKNOWN, committedState UNKNOWN, frameRateOverride , brightnessMinimum 0.0, brightnessMaximum 1.0, brightnessDefault 0.39763778, hdrSdrRatio NaN, FLAG_ALLOWED_TO_BE_DEFAULT_DISPLAY, FLAG_ROTATES_WITH_CONTENT, FLAG_SECURE, FLAG_SUPPORTS_PROTECTED_BUFFERS, FLAG_TRUSTED, installOrientation 0, displayShape DisplayShape{ spec=729782573 displayWidth=1920 displayHeight=1080 physicalPixelDisplaySizeRatio=1.0 rotation=0 offsetX=0 offsetY=0 scale=1.0}}
05-24 10:13:05.153 698 722 I LogicalDisplayMapper: Applying layout: [{dispId: 0(ON), displayGroupName: , addr: {port=11, model=0x4022f66e26c4bd}, mThermalBrightnessThrottlingMapId: null, mRefreshRateZoneId: null, mLeadDisplayId: -1, mLeadDisplayAddress: null, mThermalRefreshRateThrottlingMapId: null}], Previous layout: null
05-24 10:13:05.158 698 722 I LogicalDisplayMapper: Setting new display group 0 for display 0, from previous group: null
05-24 10:13:05.161 698 722 I LogicalDisplayMapper: Adding new display: 0: DisplayInfo{"内置å±å¹•", displayId 0, displayGroupId 0, FLAG_SECURE, FLAG_SUPPORTS_PROTECTED_BUFFERS, FLAG_TRUSTED, real 1920 x 1080, largest app 1920 x 1080, smallest app 1920 x 1080, appVsyncOff 2000000, presDeadline 17000000, mode 1850.0, defaultMode 18, modes [{id=1, width=1920, height=1080, fps=59.94006, alternativeRefreshRates=[], supportedHdrTypes=[]}, {id=2, width=1920, height=1080, fps=60.000004, alternativeRefreshRates=[], supportedHdrTypes=[]}, {id=3, width=4096, height=2160, fps=59.94006, alternativeRefreshRates=[], supportedHdrTypes=[]}, {id=4, width=4096, height=2160, fps=60.000004, alternativeRefreshRates=[], supportedHdrTypes=[]}, {id=5, width=4096, height=2160, fps=50.0, alternativeRefreshRates=[], supportedHdrTypes=[]}, {id=6, width=4096, height=2160, fps=29.97003, alternativeRefreshRates=[], supportedHdrTypes=[]}, {id=7, width=4096, height=2160, fps=30.000002, alternativeRefreshRates=[], supportedHdrTypes=[]}, {id=8, width=4096, height=2160, fps=23.976025, alternativeRefreshRates=[], supportedHdrTypes=[]}, {id=9, width=4096, height=2160, fps=24.000002, alternativeRefreshRates=[], supportedHdrTypes=[]}, {id=10, width=3840, height=2160, fps=59.94006, alternativeRefreshRates=[], supportedHdrTypes=[]}, {id=11, width=3840, height=2160, fps=60.000004, alternativeRefreshRates=[], supportedHdrTypes=[]}, {id=12, width=3840, height=2160, fps=50.0, alternativeRefreshRates=[], supportedHdrTypes=[]}, {id=13, width=3840, height=2160, fps=29.97003, alternativeRefreshRates=[], supportedHdrTypes=[]}, {id=14, width=3840, height=2160, fps=30.000002, alternativeRefreshRates=[], supportedHdrTypes=[]}, {id=15, width=3840, height=2160, fps=25.0, alternativeRefreshRates=[], supportedHdrTypes=[]}, {id=16, width=3840, height=2160, fps=23.976025, alternativeRefreshRates=[], supportedHdrTypes=[]}, {id=17, width=3840, height=2160, fps=24.000002, alternativeRefreshRates=[], supportedHdrTypes=[]}, {id=18, width=1920, height=1080, fps=50.0, alternativeRefreshRates=[], supportedHdrTypes=[]}, {id=19, width=1920, height=1080, fps=29.97003, alternativeRefreshRates=[], supportedHdrTypes=[]}, {id=20, width=1920, height=1080, fps=30.000002, alternativeRefreshRates=[], supportedHdrTypes=[]}, {id=21, width=1920, height=1080, fps=25.0, alternativeRefreshRates=[], supportedHdrTypes=[]}, {id=22, width=1920, height=1080, fps=23.976025, alternativeRefreshRates=[], supportedHdrTypes=[]}, {id=23, width=1920, height=1080, fps=24.000002, alternativeRefreshRates=[], supportedHdrTypes=[]}, {id=24, width=1280, height=720, fps=59.94006, alternativeRefreshRates=[], supportedHdrTypes=[]}, {id=25, width=1280, height=720, fps=60.000004, alternativeRefreshRates=[], supportedHdrTypes=[]}, {id=26, width=1280, height=720, fps=50.0, alternativeRefreshRates=[], supportedHdrTypes=[]}, {id=27, width=720, height=576, fps=50.0, alternativeRefreshRates=[], supportedHdrTypes=[]}, {id=28, width=720, height=480, fps=59.94006, alternativeRefreshRates=[], supportedHdrTypes=[]}, {id=29, width=720, height=480, fps=60.000004, alternativeRefreshRates=[], supportedHdrTypes=[]}], hdrCapabilities HdrCapabilities{mSupportedHdrTypes=[], mMaxLuminance=500.0, mMaxAverageLuminance=500.0, mMinLuminance=0.0}, userDisabledHdrTypes [], minimalPostProcessingSupported false, rotation 0, state UNKNOWN, committedState UNKNOWN, type INTERNAL, uniqueId "local:4621527120592813323", app 1920 x 1080, density 240 (40.64 x 40.341) dpi, layerStack 0, colorMode 0, supportedColorModes [0], address {port=11, model=0x4022f66e26c4bd}, deviceProductInfo DeviceProductInfo{name=HUAWEI INC, manufacturerPnpId=HWV, productId=48, modelYear=2019, manufactureDate=null, connectionToSinkType=2}, removeMode 0, refreshRateOverride 0.0, brightnessMinimum 0.0, brightnessMaximum 1.0, brightnessDefault 0.39763778, installOrientation ROTATION_0, layoutLimitedRefreshRate null, hdrSdrRatio not_available, thermalRefreshRateThrottling {}, thermalBrightnessThrottlingDataId default}
05-24 10:13:05.163 698 722 W android.permission.PermissionManager: Missing ActivityManager; assuming 1000 holds android.permission.READ_DEVICE_CONFIG
05-24 10:13:05.175 698 698 V SystemServerTiming: OnBootPhase_100_com.android.server.display.DisplayManagerService took to complete: 36ms
05-24 10:13:05.175 698 698 V SystemServerTiming: OnBootPhase_100 took to complete: 37ms
05-24 10:13:05.175 698 698 V SystemServerTiming: WaitForDisplay took to complete: 38ms
05-24 10:13:05.175 698 698 D SystemServerTiming: StartDomainVerificationService
05-24 10:13:05.177 698 698 V SystemServerTiming: StartDomainVerificationService took to complete: 2ms
05-24 10:13:05.177 698 698 D SystemServerTiming: StartPackageManagerService
05-24 10:13:05.177 698 698 I Watchdog: Pausing HandlerChecker: main thread for reason: packagemanagermain. Pause count: 1
05-24 10:13:05.178 698 698 D PackageManagerTiming: create package manager
05-24 10:13:05.181 698 698 D PackageManagerTiming: createSubComponents
05-24 10:13:05.184 698 698 I UserTypeFactory: Creating custom user type com.android.tv.profile
05-24 10:13:05.194 698 698 I UserManagerService: Upgrading users from userVersion 11 to 11
05-24 10:13:05.209 698 698 V PackageManagerTiming: createSubComponents took to complete: 27ms
05-24 10:13:05.209 698 698 D PackageManagerTiming: addSharedUsers
05-24 10:13:05.209 698 698 V PackageManagerTiming: addSharedUsers took to complete: 1ms
05-24 10:13:05.211 698 698 D PackageManagerTiming: get system config
05-24 10:13:05.211 698 698 V PackageManagerTiming: get system config took to complete: 0ms
05-24 10:13:05.215 698 698 D SELinuxMMAC: Using policy file /system/etc/selinux/plat_mac_permissions.xml
05-24 10:13:05.218 698 698 D SELinuxMMAC: Using policy file /system_ext/etc/selinux/system_ext_mac_permissions.xml
05-24 10:13:05.218 698 698 D SELinuxMMAC: Using policy file /product/etc/selinux/product_mac_permissions.xml
05-24 10:13:05.218 698 698 D SELinuxMMAC: Using policy file /vendor/etc/selinux/vendor_mac_permissions.xml
05-24 10:13:05.219 698 698 D PackageManagerTiming: loadFallbacks
05-24 10:13:05.221 698 698 V PackageManagerTiming: loadFallbacks took to complete: 1ms
05-24 10:13:05.221 698 698 D PackageManagerTiming: read user settings
05-24 10:13:05.362 698 698 W PackageManager: No package known for package restrictions com.android.configinfrastructure
05-24 10:13:05.367 698 698 W PackageManager: No package known for package restrictions com.android.appsearch
05-24 10:13:05.371 698 698 W PackageManager: No package known for package restrictions com.android.adservices
05-24 10:13:05.373 698 698 W PackageManager: No package known for package restrictions com.android.scheduling
05-24 10:13:05.373 698 698 W PackageManager: No package known for package restrictions com.google.android.widevine.nonupdatable
05-24 10:13:05.373 698 698 W PackageManager: No package known for package restrictions com.android.permission
05-24 10:13:05.375 698 698 W PackageManager: No package known for package restrictions com.android.art
05-24 10:13:05.376 698 698 W PackageManager: No package known for package restrictions com.android.uwb
05-24 10:13:05.376 698 698 W PackageManager: No package known for package restrictions com.android.tethering
05-24 10:13:05.377 698 698 W PackageManager: No package known for package restrictions com.android.btservices
05-24 10:13:05.377 698 698 W PackageManager: No package known for package restrictions com.android.media.swcodec
05-24 10:13:05.377 698 698 W PackageManager: No package known for package restrictions com.android.conscrypt
05-24 10:13:05.380 698 698 W PackageManager: No package known for package restrictions com.android.adbd
05-24 10:13:05.380 698 698 W PackageManager: No package known for package restrictions com.android.i18n
05-24 10:13:05.380 698 698 W PackageManager: No package known for package restrictions com.android.rkpd
05-24 10:13:05.380 698 698 W PackageManager: No package known for package restrictions com.android.virt
05-24 10:13:05.380 698 698 W PackageManager: No package known for package restrictions com.android.wifi
05-24 10:13:05.383 698 698 W PackageManager: No package known for package restrictions com.android.runtime
05-24 10:13:05.383 698 698 W PackageManager: No package known for package restrictions com.android.devicelock
05-24 10:13:05.383 698 698 W PackageManager: No package known for package restrictions com.android.apex.cts.shim
05-24 10:13:05.384 698 698 W PackageManager: No package known for package restrictions com.android.neuralnetworks
05-24 10:13:05.386 698 698 W PackageManager: No package known for package restrictions com.android.healthfitness
05-24 10:13:05.389 698 698 W PackageManager: No package known for package restrictions com.android.resolv
05-24 10:13:05.390 698 698 W PackageManager: No package known for package restrictions com.android.sdkext
05-24 10:13:05.392 698 698 W PackageManager: No package known for package restrictions com.android.tzdata
05-24 10:13:05.392 698 698 W PackageManager: No package known for package restrictions com.android.vndk.v34
05-24 10:13:05.392 698 698 W PackageManager: No package known for package restrictions com.android.os.statsd
05-24 10:13:05.393 698 698 W PackageManager: No package known for package restrictions com.android.extservices
05-24 10:13:05.393 698 698 W PackageManager: No package known for package restrictions com.amlogic.mediaextractor
05-24 10:13:05.395 698 698 W PackageManager: No package known for package restrictions com.android.ipsec
05-24 10:13:05.395 698 698 W PackageManager: No package known for package restrictions com.android.media
05-24 10:13:05.399 698 698 W PackageManager: No package known for package restrictions com.android.mediaprovider
05-24 10:13:05.402 698 698 W PackageManager: No package known for package restrictions com.android.ondevicepersonalization
05-24 10:13:05.418 698 698 V SLog : static_init took to complete: 1ms
05-24 10:13:05.418 698 698 W PackageSettings: Missing permission state for package com.android.uwb.resources on user 0
05-24 10:13:05.418 698 698 W PackageSettings: Missing permission state for package com.android.virtualmachine.res on user 0
05-24 10:13:05.419 698 698 W PackageSettings: Missing permission state for package com.droidlogic.tvprovider.overlay on user 0
05-24 10:13:05.419 698 698 W PackageSettings: Missing permission state for package com.android.htmlviewer on user 0
05-24 10:13:05.419 698 698 W PackageSettings: Missing permission state for package com.android.tv.overlay.lps.disabled on user 0
05-24 10:13:05.419 698 698 W PackageSettings: Missing permission state for package com.android.tv.overlay.settingsprovider on user 0
05-24 10:13:05.419 698 698 W PackageSettings: Missing permission state for package com.android.safetycenter.resources on user 0
05-24 10:13:05.419 698 698 W PackageSettings: Missing permission state for package com.android.connectivity.resources on user 0
05-24 10:13:05.419 698 698 W PackageSettings: Missing permission state for package com.android.systemui.auto_generated_rro_vendor__ on user 0
05-24 10:13:05.419 698 698 W PackageSettings: Missing permission state for package com.android.tv.overlay.networkstack on user 0
05-24 10:13:05.419 698 698 W PackageSettings: Missing permission state for package com.android.dreams.basic on user 0
05-24 10:13:05.420 698 698 W PackageSettings: Missing permission state for package com.android.tv.overlay.wifi.resources on user 0
05-24 10:13:05.420 698 698 W PackageSettings: Missing permission state for package com.droidlogic.systemui.overlay on user 0
05-24 10:13:05.420 698 698 W PackageSettings: Missing permission state for package android.ext.shared on user 0
05-24 10:13:05.420 698 698 W PackageSettings: Missing permission state for package com.dlg.framework.overlay on user 0
05-24 10:13:05.420 698 698 W PackageSettings: Missing permission state for package com.android.wifi.resources on user 0
05-24 10:13:05.420 698 698 W PackageSettings: Missing permission state for package com.android.cameraextensions on user 0
05-24 10:13:05.420 698 698 W PackageSettings: Missing permission state for package com.android.networkstack.tethering.droidlogic on user 0
05-24 10:13:05.420 698 698 W PackageSettings: Missing permission state for package com.amlogic.tv.overlay.matchcontent on user 0
05-24 10:13:05.420 698 698 W PackageSettings: Missing permission state for package com.droidlogic.wifitetheringoverlay on user 0
05-24 10:13:05.420 698 698 W PackageSettings: Missing permission state for package com.droidlogic.wifion on user 0
05-24 10:13:05.421 698 698 W PackageSettings: Missing permission state for package com.android.tv.overlay.framework on user 0
05-24 10:13:05.421 698 698 W PackageSettings: Missing permission state for package com.droidlogic.overlay on user 0
05-24 10:13:05.421 698 698 W PackageSettings: Missing permission state for package android.auto_generated_rro_vendor__ on user 0
05-24 10:13:05.422 698 698 W PackageSettings: Missing permission state for shared user: android.uid.log
05-24 10:13:05.422 698 698 W PackageSettings: Missing permission state for shared user: android.uid.nfc
05-24 10:13:05.422 698 698 W PackageSettings: Missing permission state for shared user: android.uid.uwb
05-24 10:13:05.422 698 698 W PackageSettings: Missing permission state for shared user: android.uid.phone
05-24 10:13:05.424 698 698 V PackageManagerTiming: read user settings took to complete: 204ms
05-24 10:13:05.451 698 698 D PackageManager: Directories scanned as system partitions: [/system:0, /vendor:524288, /odm:4194304, /oem:262144, /product:1048576, /system_ext:2097152, /apex/com.android.ondevicepersonalization:41943040, /apex/com.android.ipsec:41943040, /apex/com.amlogic.mediaextractor:41943040, /apex/com.android.resolv:41943040, /apex/com.android.adservices:41943040, /apex/com.android.conscrypt:41943040, /apex/com.android.virt:41943040, /apex/com.android.media.swcodec:41943040, /apex/com.android.wifi:41943040, /apex/com.android.tzdata:41943040, /apex/com.android.configinfrastructure:41943040, /apex/com.android.rkpd:41943040, /apex/com.android.vndk.v34:41943040, /apex/com.android.runtime:41943040, /apex/com.android.scheduling:41943040, /apex/com.android.appsearch:41943040, /apex/com.android.sdkext:41943040, /apex/com.android.mediaprovider:41943040, /apex/com.android.devicelock:41943040, /apex/com.android.os.statsd:41943040, /apex/com.android.tethering:41943040, /apex/com.android.i18n:41943040, /apex/com.android.adbd:41943040, /apex/com.android.permission:41943040, /apex/com.android.neuralnetworks:41943040, /apex/com.android.uwb:41943040, /apex/com.android.media:41943040, /apex/com.android.extservices:41943040, /apex/com.android.apex.cts.shim:41943040, /apex/com.android.art:41943040, /apex/com.google.android.widevine:42467328, /apex/com.android.healthfitness:41943040, /apex/com.android.btservices:41943040]
05-24 10:13:05.452 698 698 D PackageManager: Keeping known cache 35ca83a453b83813f18fcf51d01265063f4462f3
05-24 10:13:05.452 698 698 W PackageManager: Wiping cache directory because the system partition changed.
05-24 10:13:05.467 0 0 I [0 T432 ..] apexd: getAllPackages received by ApexService
05-24 10:13:05.506 698 698 I PackageManager: /data/apex/decompressed/com.android.adbd@340090000.decompressed.apex changed; collecting certs
05-24 10:13:05.521 698 698 D CompatibilityChangeReporter: Compat change id reported: 143539591; UID -1; state: DISABLED
05-24 10:13:05.522 698 698 D CompatibilityChangeReporter: Compat change id reported: 168782947; UID -1; state: ENABLED
05-24 10:13:05.523 698 698 W PackageManager: Odd, /data/apex/decompressed/com.android.adbd@340090000.decompressed.apex doesn't look like an APK
