05-24 10:13:14.171 698 730 D SystemServerTimingAsync: ssm.onUnlockedUser-0_com.android.server.devicestate.DeviceStateManagerService
05-24 10:13:14.171 698 730 V SystemServerTimingAsync: ssm.onUnlockedUser-0_com.android.server.devicestate.DeviceStateManagerService took to complete: 0ms
05-24 10:13:14.171 698 730 D SystemServerTimingAsync: ssm.onUnlockedUser-0_com.android.server.camera.CameraServiceProxy
05-24 10:13:14.171 698 730 V SystemServerTimingAsync: ssm.onUnlockedUser-0_com.android.server.camera.CameraServiceProxy took to complete: 0ms
05-24 10:13:14.171 698 730 D SystemServerTimingAsync: ssm.onUnlockedUser-0_com.android.server.bluetooth.BluetoothService
05-24 10:13:14.171 698 730 V SystemServerTimingAsync: ssm.onUnlockedUser-0_com.android.server.bluetooth.BluetoothService took to complete: 0ms
05-24 10:13:14.171 698 730 D SystemServerTimingAsync: ssm.onUnlockedUser-0_com.android.server.connectivity.IpConnectivityMetrics
05-24 10:13:14.171 698 730 V SystemServerTimingAsync: ssm.onUnlockedUser-0_com.android.server.connectivity.IpConnectivityMetrics took to complete: 0ms
05-24 10:13:14.171 698 730 D SystemServerTimingAsync: ssm.onUnlockedUser-0_com.android.server.net.watchlist.NetworkWatchlistService$Lifecycle
05-24 10:13:14.171 698 730 V SystemServerTimingAsync: ssm.onUnlockedUser-0_com.android.server.net.watchlist.NetworkWatchlistService$Lifecycle took to complete: 0ms
05-24 10:13:14.171 698 730 D SystemServerTimingAsync: ssm.onUnlockedUser-0_com.android.server.PinnerService
05-24 10:13:14.171 698 730 V SystemServerTimingAsync: ssm.onUnlockedUser-0_com.android.server.PinnerService took to complete: 0ms
05-24 10:13:14.171 698 730 D SystemServerTimingAsync: ssm.onUnlockedUser-0_com.android.server.integrity.AppIntegrityManagerService
05-24 10:13:14.171 698 730 V SystemServerTimingAsync: ssm.onUnlockedUser-0_com.android.server.integrity.AppIntegrityManagerService took to complete: 0ms
05-24 10:13:14.171 698 730 D SystemServerTimingAsync: ssm.onUnlockedUser-0_com.android.server.logcat.LogcatManagerService
05-24 10:13:14.171 698 730 V SystemServerTimingAsync: ssm.onUnlockedUser-0_com.android.server.logcat.LogcatManagerService took to complete: 0ms
05-24 10:13:14.172 698 730 D SystemServerTimingAsync: ssm.onUnlockedUser-0_com.android.server.inputmethod.InputMethodManagerService$Lifecycle
05-24 10:13:14.172 698 730 V SystemServerTimingAsync: ssm.onUnlockedUser-0_com.android.server.inputmethod.InputMethodManagerService$Lifecycle took to complete: 0ms
05-24 10:13:14.172 698 730 D SystemServerTimingAsync: ssm.onUnlockedUser-0_com.android.server.accessibility.AccessibilityManagerService$Lifecycle
05-24 10:13:14.172 698 730 V SystemServerTimingAsync: ssm.onUnlockedUser-0_com.android.server.accessibility.AccessibilityManagerService$Lifecycle took to complete: 0ms
05-24 10:13:14.172 698 730 D SystemServerTimingAsync: ssm.onUnlockedUser-0_com.android.server.StorageManagerService$Lifecycle
05-24 10:13:14.172 698 730 V SystemServerTimingAsync: ssm.onUnlockedUser-0_com.android.server.StorageManagerService$Lifecycle took to complete: 0ms
05-24 10:13:14.172 698 1379 E TaskPersister: File error accessing recents directory (directory doesn't exist?).
05-24 10:13:14.172 698 730 D SystemServerTimingAsync: ssm.onUnlockedUser-0_com.android.server.usage.StorageStatsService$Lifecycle
05-24 10:13:14.172 698 730 V SystemServerTimingAsync: ssm.onUnlockedUser-0_com.android.server.usage.StorageStatsService$Lifecycle took to complete: 0ms
05-24 10:13:14.172 698 730 D SystemServerTimingAsync: ssm.onUnlockedUser-0_com.android.server.UiModeManagerService
05-24 10:13:14.172 698 730 V SystemServerTimingAsync: ssm.onUnlockedUser-0_com.android.server.UiModeManagerService took to complete: 0ms
05-24 10:13:14.172 698 730 D SystemServerTimingAsync: ssm.onUnlockedUser-0_com.android.server.locales.LocaleManagerService
05-24 10:13:14.172 698 730 V SystemServerTimingAsync: ssm.onUnlockedUser-0_com.android.server.locales.LocaleManagerService took to complete: 0ms
05-24 10:13:14.172 698 730 D SystemServerTimingAsync: ssm.onUnlockedUser-0_com.android.server.grammaticalinflection.GrammaticalInflectionService
05-24 10:13:14.172 698 730 V SystemServerTimingAsync: ssm.onUnlockedUser-0_com.android.server.grammaticalinflection.GrammaticalInflectionService took to complete: 0ms
05-24 10:13:14.172 698 730 D SystemServerTimingAsync: ssm.onUnlockedUser-0_com.android.server.apphibernation.AppHibernationService
05-24 10:13:14.172 698 730 V SystemServerTimingAsync: ssm.onUnlockedUser-0_com.android.server.apphibernation.AppHibernationService took to complete: 0ms
05-24 10:13:14.172 698 730 D SystemServerTimingAsync: ssm.onUnlockedUser-0_com.android.server.locksettings.LockSettingsService$Lifecycle
05-24 10:13:14.172 698 730 V SystemServerTimingAsync: ssm.onUnlockedUser-0_com.android.server.locksettings.LockSettingsService$Lifecycle took to complete: 0ms
05-24 10:13:14.172 698 730 D SystemServerTimingAsync: ssm.onUnlockedUser-0_com.android.server.PersistentDataBlockService
05-24 10:13:14.172 698 730 V SystemServerTimingAsync: ssm.onUnlockedUser-0_com.android.server.PersistentDataBlockService took to complete: 0ms
05-24 10:13:14.172 698 730 D SystemServerTimingAsync: ssm.onUnlockedUser-0_com.android.server.testharness.TestHarnessModeService
05-24 10:13:14.172 698 730 V SystemServerTimingAsync: ssm.onUnlockedUser-0_com.android.server.testharness.TestHarnessModeService took to complete: 0ms
05-24 10:13:14.172 698 730 D SystemServerTimingAsync: ssm.onUnlockedUser-0_com.android.server.oemlock.OemLockService
05-24 10:13:14.172 698 730 V SystemServerTimingAsync: ssm.onUnlockedUser-0_com.android.server.oemlock.OemLockService took to complete: 0ms
05-24 10:13:14.172 698 730 D SystemServerTimingAsync: ssm.onUnlockedUser-0_com.android.server.DeviceIdleController
05-24 10:13:14.172 698 730 V SystemServerTimingAsync: ssm.onUnlockedUser-0_com.android.server.DeviceIdleController took to complete: 0ms
05-24 10:13:14.172 698 730 D SystemServerTimingAsync: ssm.onUnlockedUser-0_com.android.server.devicepolicy.DevicePolicyManagerService$Lifecycle
05-24 10:13:14.172 698 730 V SystemServerTimingAsync: ssm.onUnlockedUser-0_com.android.server.devicepolicy.DevicePolicyManagerService$Lifecycle took to complete: 0ms
05-24 10:13:14.172 698 730 D SystemServerTimingAsync: ssm.onUnlockedUser-0_com.android.server.texttospeech.TextToSpeechManagerService
05-24 10:13:14.172 698 730 V SystemServerTimingAsync: ssm.onUnlockedUser-0_com.android.server.texttospeech.TextToSpeechManagerService took to complete: 0ms
05-24 10:13:14.172 698 730 D SystemServerTimingAsync: ssm.onUnlockedUser-0_com.android.server.ambientcontext.AmbientContextManagerService
05-24 10:13:14.172 698 730 V SystemServerTimingAsync: ssm.onUnlockedUser-0_com.android.server.ambientcontext.AmbientContextManagerService took to complete: 0ms
05-24 10:13:14.172 698 730 D SystemServerTimingAsync: ssm.onUnlockedUser-0_com.android.server.wearable.WearableSensingManagerService
05-24 10:13:14.173 698 730 V SystemServerTimingAsync: ssm.onUnlockedUser-0_com.android.server.wearable.WearableSensingManagerService took to complete: 0ms
05-24 10:13:14.173 698 730 D SystemServerTimingAsync: ssm.onUnlockedUser-0_com.android.server.speech.SpeechRecognitionManagerService
05-24 10:13:14.173 698 730 V SystemServerTimingAsync: ssm.onUnlockedUser-0_com.android.server.speech.SpeechRecognitionManagerService took to complete: 0ms
05-24 10:13:14.173 698 730 D SystemServerTimingAsync: ssm.onUnlockedUser-0_com.android.server.searchui.SearchUiManagerService
05-24 10:13:14.173 698 730 V SystemServerTimingAsync: ssm.onUnlockedUser-0_com.android.server.searchui.SearchUiManagerService took to complete: 0ms
05-24 10:13:14.173 698 730 D SystemServerTimingAsync: ssm.onUnlockedUser-0_com.android.server.smartspace.SmartspaceManagerService
05-24 10:13:14.173 698 730 V SystemServerTimingAsync: ssm.onUnlockedUser-0_com.android.server.smartspace.SmartspaceManagerService took to complete: 0ms
05-24 10:13:14.173 698 730 D SystemServerTimingAsync: ssm.onUnlockedUser-0_com.android.server.graphics.fonts.FontManagerService$Lifecycle
05-24 10:13:14.173 698 730 V SystemServerTimingAsync: ssm.onUnlockedUser-0_com.android.server.graphics.fonts.FontManagerService$Lifecycle took to complete: 0ms
05-24 10:13:14.173 698 730 D SystemServerTimingAsync: ssm.onUnlockedUser-0_com.android.server.textservices.TextServicesManagerService$Lifecycle
05-24 10:13:14.173 698 730 V SystemServerTimingAsync: ssm.onUnlockedUser-0_com.android.server.textservices.TextServicesManagerService$Lifecycle took to complete: 0ms
05-24 10:13:14.173 698 730 D SystemServerTimingAsync: ssm.onUnlockedUser-0_com.android.server.textclassifier.TextClassificationManagerService$Lifecycle
05-24 10:13:14.173 698 730 V SystemServerTimingAsync: ssm.onUnlockedUser-0_com.android.server.textclassifier.TextClassificationManagerService$Lifecycle took to complete: 0ms
05-24 10:13:14.173 698 730 D SystemServerTimingAsync: ssm.onUnlockedUser-0_com.android.server.NetworkScoreService$Lifecycle
05-24 10:13:14.173 698 730 V SystemServerTimingAsync: ssm.onUnlockedUser-0_com.android.server.NetworkScoreService$Lifecycle took to complete: 0ms
05-24 10:13:14.173 698 730 D SystemServerTimingAsync: ssm.onUnlockedUser-0_com.android.server.NetworkStatsServiceInitializer
05-24 10:13:14.173 698 730 V SystemServerTimingAsync: ssm.onUnlockedUser-0_com.android.server.NetworkStatsServiceInitializer took to complete: 0ms
05-24 10:13:14.173 698 730 D SystemServerTimingAsync: ssm.onUnlockedUser-0_com.android.server.wifi.WifiService
05-24 10:13:14.173 698 730 V SystemServerTimingAsync: ssm.onUnlockedUser-0_com.android.server.wifi.WifiService took to complete: 0ms
05-24 10:13:14.173 698 730 D SystemServerTimingAsync: ssm.onUnlockedUser-0_com.android.server.wifi.scanner.WifiScanningService
05-24 10:13:14.173 698 730 V SystemServerTimingAsync: ssm.onUnlockedUser-0_com.android.server.wifi.scanner.WifiScanningService took to complete: 0ms
05-24 10:13:14.173 698 730 D SystemServerTimingAsync: ssm.onUnlockedUser-0_com.android.server.wifi.p2p.WifiP2pService
05-24 10:13:14.173 698 730 V SystemServerTimingAsync: ssm.onUnlockedUser-0_com.android.server.wifi.p2p.WifiP2pService took to complete: 0ms
05-24 10:13:14.173 698 730 D SystemServerTimingAsync: ssm.onUnlockedUser-0_com.android.server.ConnectivityServiceInitializer
05-24 10:13:14.173 698 730 V SystemServerTimingAsync: ssm.onUnlockedUser-0_com.android.server.ConnectivityServiceInitializer took to complete: 0ms
05-24 10:13:14.173 698 730 D SystemServerTimingAsync: ssm.onUnlockedUser-0_com.android.server.notification.NotificationManagerService
05-24 10:13:14.173 698 730 V SystemServerTimingAsync: ssm.onUnlockedUser-0_com.android.server.notification.NotificationManagerService took to complete: 0ms
05-24 10:13:14.173 698 730 D SystemServerTimingAsync: ssm.onUnlockedUser-0_com.android.server.storage.DeviceStorageMonitorService
05-24 10:13:14.173 698 730 V SystemServerTimingAsync: ssm.onUnlockedUser-0_com.android.server.storage.DeviceStorageMonitorService took to complete: 0ms
05-24 10:13:14.173 698 730 D SystemServerTimingAsync: ssm.onUnlockedUser-0_com.android.server.timedetector.TimeDetectorService$Lifecycle
05-24 10:13:14.173 698 730 V SystemServerTimingAsync: ssm.onUnlockedUser-0_com.android.server.timedetector.TimeDetectorService$Lifecycle took to complete: 0ms
05-24 10:13:14.173 698 730 D SystemServerTimingAsync: ssm.onUnlockedUser-0_com.android.server.location.LocationManagerService$Lifecycle
05-24 10:13:14.173 698 730 V SystemServerTimingAsync: ssm.onUnlockedUser-0_com.android.server.location.LocationManagerService$Lifecycle took to complete: 0ms
05-24 10:13:14.173 698 730 D SystemServerTimingAsync: ssm.onUnlockedUser-0_com.android.server.timezonedetector.TimeZoneDetectorService$Lifecycle
05-24 10:13:14.173 698 730 V SystemServerTimingAsync: ssm.onUnlockedUser-0_com.android.server.timezonedetector.TimeZoneDetectorService$Lifecycle took to complete: 0ms
05-24 10:13:14.173 698 730 D SystemServerTimingAsync: ssm.onUnlockedUser-0_com.android.server.location.altitude.AltitudeService$Lifecycle
05-24 10:13:14.173 698 698 I NotificationHistory: Attempted to unlock gone/disabled user 0
05-24 10:13:14.173 698 730 V SystemServerTimingAsync: ssm.onUnlockedUser-0_com.android.server.location.altitude.AltitudeService$Lifecycle took to complete: 0ms
05-24 10:13:14.173 698 730 D SystemServerTimingAsync: ssm.onUnlockedUser-0_com.android.server.timezonedetector.location.LocationTimeZoneManagerService$Lifecycle
05-24 10:13:14.174 698 730 V SystemServerTimingAsync: ssm.onUnlockedUser-0_com.android.server.timezonedetector.location.LocationTimeZoneManagerService$Lifecycle took to complete: 0ms
05-24 10:13:14.174 698 730 D SystemServerTimingAsync: ssm.onUnlockedUser-0_com.android.server.search.SearchManagerService$Lifecycle
05-24 10:13:14.174 698 730 V SystemServerTimingAsync: ssm.onUnlockedUser-0_com.android.server.search.SearchManagerService$Lifecycle took to complete: 0ms
05-24 10:13:14.174 698 730 D SystemServerTimingAsync: ssm.onUnlockedUser-0_com.android.server.wallpaper.WallpaperManagerService$Lifecycle
05-24 10:13:14.174 698 730 V SystemServerTimingAsync: ssm.onUnlockedUser-0_com.android.server.wallpaper.WallpaperManagerService$Lifecycle took to complete: 0ms
05-24 10:13:14.174 698 730 D SystemServerTimingAsync: ssm.onUnlockedUser-0_com.android.server.wallpapereffectsgeneration.WallpaperEffectsGenerationManagerService
05-24 10:13:14.174 698 730 V SystemServerTimingAsync: ssm.onUnlockedUser-0_com.android.server.wallpapereffectsgeneration.WallpaperEffectsGenerationManagerService took to complete: 0ms
05-24 10:13:14.174 698 730 D SystemServerTimingAsync: ssm.onUnlockedUser-0_com.android.server.audio.AudioService$Lifecycle
05-24 10:13:14.174 698 730 V SystemServerTimingAsync: ssm.onUnlockedUser-0_com.android.server.audio.AudioService$Lifecycle took to complete: 0ms
05-24 10:13:14.174 698 730 D SystemServerTimingAsync: ssm.onUnlockedUser-0_com.android.server.soundtrigger_middleware.SoundTriggerMiddlewareService$Lifecycle
05-24 10:13:14.174 698 730 V SystemServerTimingAsync: ssm.onUnlockedUser-0_com.android.server.soundtrigger_middleware.SoundTriggerMiddlewareService$Lifecycle took to complete: 0ms
05-24 10:13:14.174 698 730 D SystemServerTimingAsync: ssm.onUnlockedUser-0_com.android.server.adb.AdbService$Lifecycle
05-24 10:13:14.174 698 730 V SystemServerTimingAsync: ssm.onUnlockedUser-0_com.android.server.adb.AdbService$Lifecycle took to complete: 0ms
05-24 10:13:14.174 698 730 D SystemServerTimingAsync: ssm.onUnlockedUser-0_com.android.server.usb.UsbService$Lifecycle
05-24 10:13:14.174 698 730 V SystemServerTimingAsync: ssm.onUnlockedUser-0_com.android.server.usb.UsbService$Lifecycle took to complete: 0ms
05-24 10:13:14.174 698 730 D SystemServerTimingAsync: ssm.onUnlockedUser-0_com.android.server.twilight.TwilightService
05-24 10:13:14.174 698 730 V SystemServerTimingAsync: ssm.onUnlockedUser-0_com.android.server.twilight.TwilightService took to complete: 0ms
05-24 10:13:14.174 698 730 D SystemServerTimingAsync: ssm.onUnlockedUser-0_com.android.server.display.color.ColorDisplayService
05-24 10:13:14.174 698 730 V SystemServerTimingAsync: ssm.onUnlockedUser-0_com.android.server.display.color.ColorDisplayService took to complete: 0ms
05-24 10:13:14.174 698 730 D SystemServerTimingAsync: ssm.onUnlockedUser-0_com.android.server.job.JobSchedulerService
05-24 10:13:14.174 698 730 V SystemServerTimingAsync: ssm.onUnlockedUser-0_com.android.server.job.JobSchedulerService took to complete: 0ms
05-24 10:13:14.174 698 730 D SystemServerTimingAsync: ssm.onUnlockedUser-0_com.android.server.soundtrigger.SoundTriggerService
05-24 10:13:14.174 698 730 V SystemServerTimingAsync: ssm.onUnlockedUser-0_com.android.server.soundtrigger.SoundTriggerService took to complete: 0ms
05-24 10:13:14.174 698 730 D SystemServerTimingAsync: ssm.onUnlockedUser-0_com.android.server.trust.TrustManagerService
05-24 10:13:14.174 698 730 V SystemServerTimingAsync: ssm.onUnlockedUser-0_com.android.server.trust.TrustManagerService took to complete: 0ms
05-24 10:13:14.174 698 730 D SystemServerTimingAsync: ssm.onUnlockedUser-0_com.android.server.backup.BackupManagerService$Lifecycle
05-24 10:13:14.174 698 730 V SystemServerTimingAsync: ssm.onUnlockedUser-0_com.android.server.backup.BackupManagerService$Lifecycle took to complete: 0ms
05-24 10:13:14.174 698 730 D SystemServerTimingAsync: ssm.onUnlockedUser-0_com.android.server.appwidget.AppWidgetService
05-24 10:13:14.174 698 730 V SystemServerTimingAsync: ssm.onUnlockedUser-0_com.android.server.appwidget.AppWidgetService took to complete: 0ms
05-24 10:13:14.174 698 730 D SystemServerTimingAsync: ssm.onUnlockedUser-0_com.android.server.voiceinteraction.VoiceInteractionManagerService
05-24 10:13:14.174 698 730 V SystemServerTimingAsync: ssm.onUnlockedUser-0_com.android.server.voiceinteraction.VoiceInteractionManagerService took to complete: 0ms
05-24 10:13:14.174 698 730 D SystemServerTimingAsync: ssm.onUnlockedUser-0_com.android.server.GestureLauncherService
05-24 10:13:14.174 698 730 V SystemServerTimingAsync: ssm.onUnlockedUser-0_com.android.server.GestureLauncherService took to complete: 0ms
05-24 10:13:14.174 698 730 D SystemServerTimingAsync: ssm.onUnlockedUser-0_com.android.server.SensorNotificationService
05-24 10:13:14.174 698 730 V SystemServerTimingAsync: ssm.onUnlockedUser-0_com.android.server.SensorNotificationService took to complete: 0ms
05-24 10:13:14.174 698 730 D SystemServerTimingAsync: ssm.onUnlockedUser-0_com.android.server.emergency.EmergencyAffordanceService
05-24 10:13:14.174 698 730 V SystemServerTimingAsync: ssm.onUnlockedUser-0_com.android.server.emergency.EmergencyAffordanceService took to complete: 0ms
05-24 10:13:14.174 698 730 D SystemServerTimingAsync: ssm.onUnlockedUser-0_com.android.server.blob.BlobStoreManagerService
05-24 10:13:14.174 698 730 V SystemServerTimingAsync: ssm.onUnlockedUser-0_com.android.server.blob.BlobStoreManagerService took to complete: 0ms
05-24 10:13:14.174 698 730 D SystemServerTimingAsync: ssm.onUnlockedUser-0_com.android.server.dreams.DreamManagerService
05-24 10:13:14.174 698 730 V SystemServerTimingAsync: ssm.onUnlockedUser-0_com.android.server.dreams.DreamManagerService took to complete: 0ms
05-24 10:13:14.174 698 730 D SystemServerTimingAsync: ssm.onUnlockedUser-0_com.android.server.security.AttestationVerificationManagerService
05-24 10:13:14.174 698 730 V SystemServerTimingAsync: ssm.onUnlockedUser-0_com.android.server.security.AttestationVerificationManagerService took to complete: 0ms
05-24 10:13:14.174 698 730 D SystemServerTimingAsync: ssm.onUnlockedUser-0_com.android.server.restrictions.RestrictionsManagerService
05-24 10:13:14.174 698 730 V SystemServerTimingAsync: ssm.onUnlockedUser-0_com.android.server.restrictions.RestrictionsManagerService took to complete: 0ms
05-24 10:13:14.174 698 730 D SystemServerTimingAsync: ssm.onUnlockedUser-0_com.android.server.media.MediaSessionService
05-24 10:13:14.174 698 730 V SystemServerTimingAsync: ssm.onUnlockedUser-0_com.android.server.media.MediaSessionService took to complete: 0ms
05-24 10:13:14.175 698 730 D SystemServerTimingAsync: ssm.onUnlockedUser-0_com.android.server.hdmi.HdmiControlService
05-24 10:13:14.175 698 730 V SystemServerTimingAsync: ssm.onUnlockedUser-0_com.android.server.hdmi.HdmiControlService took to complete: 0ms
05-24 10:13:14.175 698 730 D SystemServerTimingAsync: ssm.onUnlockedUser-0_com.android.server.tv.interactive.TvInteractiveAppManagerService
05-24 10:13:14.175 698 730 V SystemServerTimingAsync: ssm.onUnlockedUser-0_com.android.server.tv.interactive.TvInteractiveAppManagerService took to complete: 0ms
05-24 10:13:14.175 698 730 D SystemServerTimingAsync: ssm.onUnlockedUser-0_com.android.server.tv.TvInputManagerService
05-24 10:13:14.175 698 730 V SystemServerTimingAsync: ssm.onUnlockedUser-0_com.android.server.tv.TvInputManagerService took to complete: 0ms
05-24 10:13:14.175 698 730 D SystemServerTimingAsync: ssm.onUnlockedUser-0_com.android.server.media.MediaResourceMonitorService
05-24 10:13:14.175 698 730 V SystemServerTimingAsync: ssm.onUnlockedUser-0_com.android.server.media.MediaResourceMonitorService took to complete: 0ms
05-24 10:13:14.175 698 730 D SystemServerTimingAsync: ssm.onUnlockedUser-0_com.android.server.tv.TvRemoteService
05-24 10:13:14.175 698 730 V SystemServerTimingAsync: ssm.onUnlockedUser-0_com.android.server.tv.TvRemoteService took to complete: 0ms
05-24 10:13:14.175 698 730 D SystemServerTimingAsync: ssm.onUnlockedUser-0_com.android.server.biometrics.BiometricService
05-24 10:13:14.175 698 730 V SystemServerTimingAsync: ssm.onUnlockedUser-0_com.android.server.biometrics.BiometricService took to complete: 0ms
05-24 10:13:14.175 698 730 D SystemServerTimingAsync: ssm.onUnlockedUser-0_com.android.server.biometrics.AuthService
05-24 10:13:14.175 698 730 V SystemServerTimingAsync: ssm.onUnlockedUser-0_com.android.server.biometrics.AuthService took to complete: 0ms
05-24 10:13:14.175 698 730 D SystemServerTimingAsync: ssm.onUnlockedUser-0_com.android.server.pm.ShortcutService$Lifecycle
05-24 10:13:14.175 698 730 V SystemServerTimingAsync: ssm.onUnlockedUser-0_com.android.server.pm.ShortcutService$Lifecycle took to complete: 0ms
05-24 10:13:14.175 698 730 D SystemServerTimingAsync: ssm.onUnlockedUser-0_com.android.server.pm.LauncherAppsService
05-24 10:13:14.175 698 730 V SystemServerTimingAsync: ssm.onUnlockedUser-0_com.android.server.pm.LauncherAppsService took to complete: 0ms
05-24 10:13:14.175 698 730 D SystemServerTimingAsync: ssm.onUnlockedUser-0_com.android.server.pm.CrossProfileAppsService
05-24 10:13:14.175 698 730 V SystemServerTimingAsync: ssm.onUnlockedUser-0_com.android.server.pm.CrossProfileAppsService took to complete: 0ms
05-24 10:13:14.175 698 730 D SystemServerTimingAsync: ssm.onUnlockedUser-0_com.android.server.people.PeopleService
05-24 10:13:14.175 698 719 D AppWidgetServiceImpl: Unable to load widget provider info from xml for ComponentInfo{com.android.deskclock/com.android.alarmclock.AnalogAppWidgetProvider}
05-24 10:13:14.176 698 730 V SystemServerTimingAsync: ssm.onUnlockedUser-0_com.android.server.people.PeopleService took to complete: 0ms
05-24 10:13:14.176 698 730 D SystemServerTimingAsync: ssm.onUnlockedUser-0_com.android.server.media.metrics.MediaMetricsManagerService
05-24 10:13:14.176 698 730 V SystemServerTimingAsync: ssm.onUnlockedUser-0_com.android.server.media.metrics.MediaMetricsManagerService took to complete: 0ms
05-24 10:13:14.176 698 730 D SystemServerTimingAsync: ssm.onUnlockedUser-0_com.android.server.pm.BackgroundInstallControlService
05-24 10:13:14.176 698 730 V SystemServerTimingAsync: ssm.onUnlockedUser-0_com.android.server.pm.BackgroundInstallControlService took to complete: 0ms
05-24 10:13:14.176 698 730 D SystemServerTimingAsync: ssm.onUnlockedUser-0_com.android.server.media.projection.MediaProjectionManagerService
05-24 10:13:14.176 698 730 V SystemServerTimingAsync: ssm.onUnlockedUser-0_com.android.server.media.projection.MediaProjectionManagerService took to complete: 0ms
05-24 10:13:14.176 698 730 D SystemServerTimingAsync: ssm.onUnlockedUser-0_com.android.server.slice.SliceManagerService$Lifecycle
05-24 10:13:14.176 698 730 V SystemServerTimingAsync: ssm.onUnlockedUser-0_com.android.server.slice.SliceManagerService$Lifecycle took to complete: 0ms
05-24 10:13:14.176 698 730 D SystemServerTimingAsync: ssm.onUnlockedUser-0_com.android.server.stats.StatsCompanion$Lifecycle
05-24 10:13:14.176 698 730 V SystemServerTimingAsync: ssm.onUnlockedUser-0_com.android.server.stats.StatsCompanion$Lifecycle took to complete: 0ms
05-24 10:13:14.176 698 730 D SystemServerTimingAsync: ssm.onUnlockedUser-0_com.android.server.scheduling.RebootReadinessManagerService$Lifecycle
05-24 10:13:14.176 698 730 V SystemServerTimingAsync: ssm.onUnlockedUser-0_com.android.server.scheduling.RebootReadinessManagerService$Lifecycle took to complete: 0ms
05-24 10:13:14.176 698 730 D SystemServerTimingAsync: ssm.onUnlockedUser-0_com.android.server.stats.pull.StatsPullAtomService
05-24 10:13:14.176 698 730 V SystemServerTimingAsync: ssm.onUnlockedUser-0_com.android.server.stats.pull.StatsPullAtomService took to complete: 0ms
05-24 10:13:14.176 698 730 D SystemServerTimingAsync: ssm.onUnlockedUser-0_com.android.server.stats.bootstrap.StatsBootstrapAtomService$Lifecycle
05-24 10:13:14.176 698 730 V SystemServerTimingAsync: ssm.onUnlockedUser-0_com.android.server.stats.bootstrap.StatsBootstrapAtomService$Lifecycle took to complete: 0ms
05-24 10:13:14.176 698 730 D SystemServerTimingAsync: ssm.onUnlockedUser-0_com.android.server.incident.IncidentCompanionService
05-24 10:13:14.176 698 730 V SystemServerTimingAsync: ssm.onUnlockedUser-0_com.android.server.incident.IncidentCompanionService took to complete: 0ms
05-24 10:13:14.176 698 730 D SystemServerTimingAsync: ssm.onUnlockedUser-0_com.android.server.sdksandbox.SdkSandboxManagerService$Lifecycle
05-24 10:13:14.176 698 730 V SystemServerTimingAsync: ssm.onUnlockedUser-0_com.android.server.sdksandbox.SdkSandboxManagerService$Lifecycle took to complete: 0ms
05-24 10:13:14.176 698 730 D SystemServerTimingAsync: ssm.onUnlockedUser-0_com.android.server.adservices.AdServicesManagerService$Lifecycle
05-24 10:13:14.176 698 730 V SystemServerTimingAsync: ssm.onUnlockedUser-0_com.android.server.adservices.AdServicesManagerService$Lifecycle took to complete: 0ms
05-24 10:13:14.176 698 730 D SystemServerTimingAsync: ssm.onUnlockedUser-0_com.android.server.ondevicepersonalization.OnDevicePersonalizationSystemService$Lifecycle
05-24 10:13:14.176 698 730 V SystemServerTimingAsync: ssm.onUnlockedUser-0_com.android.server.ondevicepersonalization.OnDevicePersonalizationSystemService$Lifecycle took to complete: 0ms
05-24 10:13:14.176 698 730 D SystemServerTimingAsync: ssm.onUnlockedUser-0_com.android.server.autofill.AutofillManagerService
05-24 10:13:14.176 698 730 V SystemServerTimingAsync: ssm.onUnlockedUser-0_com.android.server.autofill.AutofillManagerService took to complete: 0ms
05-24 10:13:14.176 698 730 D SystemServerTimingAsync: ssm.onUnlockedUser-0_com.android.server.clipboard.ClipboardService
05-24 10:13:14.176 698 730 V SystemServerTimingAsync: ssm.onUnlockedUser-0_com.android.server.clipboard.ClipboardService took to complete: 0ms
05-24 10:13:14.176 698 730 D SystemServerTimingAsync: ssm.onUnlockedUser-0_com.android.server.appbinding.AppBindingService$Lifecycle
05-24 10:13:14.176 698 730 V SystemServerTimingAsync: ssm.onUnlockedUser-0_com.android.server.appbinding.AppBindingService$Lifecycle took to complete: 0ms
05-24 10:13:14.176 698 730 D SystemServerTimingAsync: ssm.onUnlockedUser-0_com.android.server.tracing.TracingServiceProxy
05-24 10:13:14.176 698 730 V SystemServerTimingAsync: ssm.onUnlockedUser-0_com.android.server.tracing.TracingServiceProxy took to complete: 0ms
05-24 10:13:14.176 698 730 D SystemServerTimingAsync: ssm.onUnlockedUser-0_com.android.server.policy.PermissionPolicyService
05-24 10:13:14.176 698 730 V SystemServerTimingAsync: ssm.onUnlockedUser-0_com.android.server.policy.PermissionPolicyService took to complete: 0ms
05-24 10:13:14.176 698 719 D AppWidgetServiceImpl: Unable to load widget provider info from xml for ComponentInfo{com.android.deskclock/com.android.alarmclock.DigitalAppWidgetProvider}
05-24 10:13:14.177 698 730 D SystemServerTimingAsync: ssm.onUnlockedUser-0_com.android.server.pm.StagingManager$Lifecycle
05-24 10:13:14.177 698 730 V SystemServerTimingAsync: ssm.onUnlockedUser-0_com.android.server.pm.StagingManager$Lifecycle took to complete: 0ms
05-24 10:13:14.177 698 730 D SystemServerTimingAsync: ssm.onUnlockedUser-0_com.android.server.app.GameManagerService$Lifecycle
05-24 10:13:14.177 698 730 V SystemServerTimingAsync: ssm.onUnlockedUser-0_com.android.server.app.GameManagerService$Lifecycle took to complete: 0ms
05-24 10:13:14.177 698 730 D SystemServerTimingAsync: ssm.onUnlockedUser-0_com.android.safetycenter.SafetyCenterService
05-24 10:13:14.177 698 730 V SystemServerTimingAsync: ssm.onUnlockedUser-0_com.android.safetycenter.SafetyCenterService took to complete: 0ms
05-24 10:13:14.177 698 730 D SystemServerTimingAsync: ssm.onUnlockedUser-0_com.android.server.appsearch.AppSearchModule$Lifecycle
05-24 10:13:14.177 698 730 V SystemServerTimingAsync: ssm.onUnlockedUser-0_com.android.server.appsearch.AppSearchModule$Lifecycle took to complete: 0ms
05-24 10:13:14.177 698 730 D SystemServerTimingAsync: ssm.onUnlockedUser-0_com.android.server.media.MediaCommunicationService
05-24 10:13:14.177 698 730 V SystemServerTimingAsync: ssm.onUnlockedUser-0_com.android.server.media.MediaCommunicationService took to complete: 0ms
05-24 10:13:14.177 698 730 D SystemServerTimingAsync: ssm.onUnlockedUser-0_com.android.server.compat.overrides.AppCompatOverridesService$Lifecycle
05-24 10:13:14.177 698 730 V SystemServerTimingAsync: ssm.onUnlockedUser-0_com.android.server.compat.overrides.AppCompatOverridesService$Lifecycle took to complete: 0ms
05-24 10:13:14.177 698 730 D SystemServerTimingAsync: ssm.onUnlockedUser-0_com.android.server.healthconnect.HealthConnectManagerService
05-24 10:13:14.177 698 719 D AppWidgetServiceImpl: Unable to load widget provider info from xml for ComponentInfo{com.android.systemui/com.android.systemui.people.widget.PeopleSpaceWidgetProvider}
05-24 10:13:14.177 698 730 D HealthConnectManagerService: switchToSetupForUser: UserHandle{0}
05-24 10:13:14.177 698 730 D HealthConnectBackupRestore: Performing user switch operations.
05-24 10:13:14.177 698 719 I AppWidgetServiceImpl: Processing of handleUserUnlocked u0 took 12 ms
05-24 10:13:14.178 698 730 V SystemServerTimingAsync: ssm.onUnlockedUser-0_com.android.server.healthconnect.HealthConnectManagerService took to complete: 2ms
05-24 10:13:14.179 698 730 D SystemServerTimingAsync: ssm.onUnlockedUser-0_com.android.server.devicelock.DeviceLockService
05-24 10:13:14.179 698 730 V SystemServerTimingAsync: ssm.onUnlockedUser-0_com.android.server.devicelock.DeviceLockService took to complete: 0ms
05-24 10:13:14.179 698 730 V SystemServerTimingAsync: ssm.UnlockedUser-0 took to complete: 12ms
05-24 10:13:14.186 698 698 V NotificationAssistants: disabling notification assistant for user 0: ComponentInfo{android.ext.services/android.ext.services.notification.Assistant}
05-24 10:13:14.186 698 698 D NotificationListeners: Removing active service ComponentInfo{android.ext.services/android.ext.services.notification.Assistant}
05-24 10:13:14.197 909 972 V WindowManagerShell: Transition requested: android.os.BinderProxy@694bed7 TransitionRequestInfo { type = 2, triggerTask = TaskInfo{userId=0 taskId=3 displayId=0 isRunning=false baseIntent=Intent { act=android.intent.action.MAIN cat=[android.intent.category.HOME] flg=0x10800100 cmp=com.android.tv.settings/.system.FallbackHome } baseActivity=null topActivity=null origActivity=null realActivity=ComponentInfo{com.android.tv.settings/com.android.tv.settings.system.FallbackHome} numActivities=0 lastActiveTime=21508 supportsMultiWindow=true resizeMode=0 isResizeable=false minWidth=-1 minHeight=-1 defaultMinSize=220 token=WCT{android.window.IWindowContainerToken$Stub$Proxy@c4f3c4} topActivityType=2 pictureInPictureParams=null shouldDockBigOverlays=false launchIntoPipHostTaskId=-1 lastParentTaskIdBeforePip=-1 displayCutoutSafeInsets=null topActivityInfo=null launchCookies=[] positionInParent=Point(0, 0) parentTaskId=-1 isFocused=true isVisible=true isVisibleRequested=true isSleeping=false topActivityInSizeCompat=false topActivityEligibleForLetterboxEducation= false isLetterboxDoubleTapEnabled= false topActivityEligibleForUserAspectRatioButton= false topActivityBoundsLetterboxed= false isFromLetterboxDoubleTap= false topActivityLetterboxVerticalPosition= -1 topActivityLetterboxHorizontalPosition= -1 topActivityLetterboxWidth=-1 topActivityLetterboxHeight=-1 isUserFullscreenOverrideEnabled=false isTopActivityTransparent=false locusId=null displayAreaFeatureId=1 cameraCompatControlState=hidden}, remoteTransition = null, displayChange = null, flags = 0 }
05-24 10:13:14.201 698 1082 D CompatibilityChangeReporter: Compat change id reported: 265464455; UID 1000; state: DISABLED
05-24 10:13:14.201 698 1082 D CompatibilityChangeReporter: Compat change id reported: 265452344; UID 1000; state: DISABLED
05-24 10:13:14.201 698 1082 D CompatibilityChangeReporter: Compat change id reported: 266124927; UID 1000; state: DISABLED
05-24 10:13:14.202 698 1082 D CompatibilityChangeReporter: Compat change id reported: 265451093; UID 1000; state: DISABLED
05-24 10:13:14.202 698 1082 D CompatibilityChangeReporter: Compat change id reported: 265456536; UID 1000; state: DISABLED
05-24 10:13:14.202 698 1082 D CompatibilityChangeReporter: Compat change id reported: 255940284; UID 1000; state: DISABLED
05-24 10:13:14.202 698 1082 D CompatibilityChangeReporter: Compat change id reported: 236283604; UID 1000; state: DISABLED
05-24 10:13:14.203 698 1082 D CompatibilityChangeReporter: Compat change id reported: 263959004; UID 1000; state: DISABLED
05-24 10:13:14.203 698 1082 D CompatibilityChangeReporter: Compat change id reported: 264304459; UID 1000; state: DISABLED
05-24 10:13:14.203 698 1082 D CompatibilityChangeReporter: Compat change id reported: 264301586; UID 1000; state: DISABLED
05-24 10:13:14.204 698 1082 D CompatibilityChangeReporter: Compat change id reported: 254631730; UID 1000; state: DISABLED
05-24 10:13:14.205 698 1082 D CompatibilityChangeReporter: Compat change id reported: 273509367; UID 1000; state: DISABLED
05-24 10:13:14.205 698 1082 D CompatibilityChangeReporter: Compat change id reported: 263259275; UID 1000; state: DISABLED
05-24 10:13:14.206 698 1082 D CompatibilityChangeReporter: Compat change id reported: 174042980; UID 1000; state: DISABLED
05-24 10:13:14.206 698 1082 D CompatibilityChangeReporter: Compat change id reported: 174042936; UID 1000; state: DISABLED
05-24 10:13:14.206 698 1082 D CompatibilityChangeReporter: Compat change id reported: 181136395; UID 1000; state: DISABLED
05-24 10:13:14.208 698 731 I Watchdog: Interesting Java process com.android.providers.media.module started. Pid 1382
05-24 10:13:14.208 698 731 I ActivityManager: Start proc 1382:com.android.providers.media.module/u0a55 for service {com.android.providers.media.module/com.android.providers.media.fuse.ExternalStorageServiceImpl}
05-24 10:13:14.209 924 924 W ContextImpl: Calling a method in the system process without a qualified user: android.app.ContextImpl.startService:1899 android.content.ContextWrapper.startService:825 android.content.ContextWrapper.startService:825 com.droidlogic.btpair.FastBootComplete.onReceive:20 android.app.ActivityThread.handleReceiver:4494
05-24 10:13:14.214 698 865 V BackupManagerService: [UserID:0] No ancestral data
05-24 10:13:14.218 698 1375 V BackupManagerConstants: getKeyValueBackupIntervalMilliseconds(...) returns 14400000
05-24 10:13:14.220 698 1375 V BackupManagerConstants: getKeyValueBackupFuzzMilliseconds(...) returns 600000
05-24 10:13:14.220 698 1375 V BackupManagerConstants: getKeyValueBackupRequiredNetworkType(...) returns 1
05-24 10:13:14.220 698 1375 V BackupManagerConstants: getKeyValueBackupRequireCharging(...) returns true
05-24 10:13:14.220 698 1375 V KeyValueBackupJob: Scheduling k/v pass in 248 minutes
05-24 10:13:14.221 698 1375 D CompatibilityChangeReporter: Compat change id reported: 271850009; UID 1000; state: ENABLED
05-24 10:13:14.221 698 1082 D CompatibilityChangeReporter: Compat change id reported: 194480991; UID 1000; state: ENABLED
05-24 10:13:14.222 698 1375 D CompatibilityChangeReporter: Compat change id reported: 271850009; UID 1000; state: DISABLED
05-24 10:13:14.233 698 1082 D CompatibilityChangeReporter: Compat change id reported: 197654537; UID 1000; state: DISABLED
05-24 10:13:14.235 698 1082 I ActivityTaskManager: START u0 {act=android.intent.action.MAIN cat=[android.intent.category.HOME] flg=0x10000100 cmp=com.dangbei.leard.leradlauncher/com.dangbei.launcher.home.LauncherActivity (has extras)} with LAUNCH_SINGLE_TASK from uid 0 (BAL_ALLOW_ALLOWLISTED_UID) result code=0
05-24 10:13:14.242 698 731 W ActivityManager: Slow operation: 83ms so far, now at startProcess: done updating pids map
05-24 10:13:14.242 698 731 W ActivityManager: Slow operation: 82ms so far, now at startProcess: asking zygote to start proc
05-24 10:13:14.243 909 972 W Looper : Slow dispatch took 46ms wmshell.main h=android.os.Handler c=com.android.wm.shell.transition.Transitions$TransitionPlayerImpl$$ExternalSyntheticLambda1@3b9b2ad m=0
05-24 10:13:14.243 698 698 V NotificationAssistants: enabling notification assistant for 0: ComponentInfo{android.ext.services/android.ext.services.notification.Assistant}
05-24 10:13:14.244 698 698 V NotificationAssistants: binding: Intent { act=android.service.notification.NotificationAssistantService cmp=android.ext.services/.notification.Assistant (has extras) }
05-24 10:13:14.247 924 924 W ContextImpl: Calling a method in the system process without a qualified user: android.app.ContextImpl.startService:1899 android.content.ContextWrapper.startService:825 android.content.ContextWrapper.startService:825 com.droidlogic.btpair.FastBootComplete.onReceive:23 android.app.ActivityThread.handleReceiver:4494
05-24 10:13:14.248 698 767 D CompatibilityChangeReporter: Compat change id reported: 168419799; UID 10055; state: DISABLED
05-24 10:13:14.248 698 767 D CompatibilityChangeReporter: Compat change id reported: 273564678; UID 10055; state: DISABLED
05-24 10:13:14.252 698 1058 D CompatibilityChangeReporter: Compat change id reported: 261072174; UID 1002; state: ENABLED
05-24 10:13:14.259 698 722 I ActivityManager: com.dangbei.leard.leradlauncher is exempt from freezer
05-24 10:13:14.264 698 775 D CompatibilityChangeReporter: Compat change id reported: 265195908; UID 10055; state: ENABLED
05-24 10:13:14.265 698 712 D CompatibilityChangeReporter: Compat change id reported: 161252188; UID 10049; state: DISABLED
05-24 10:13:14.267 698 712 D CompatibilityChangeReporter: Compat change id reported: 135634846; UID 10049; state: DISABLED
05-24 10:13:14.268 698 712 D CompatibilityChangeReporter: Compat change id reported: 177438394; UID 10049; state: DISABLED
05-24 10:13:14.268 698 712 D CompatibilityChangeReporter: Compat change id reported: 135772972; UID 10049; state: DISABLED
05-24 10:13:14.268 698 712 D CompatibilityChangeReporter: Compat change id reported: 135754954; UID 10049; state: ENABLED
05-24 10:13:14.270 698 731 W ActivityManager: Slow operation: 110ms so far, now at startProcess: returned from zygote!
05-24 10:13:14.270 698 731 W ActivityManager: Slow operation: 110ms so far, now at startProcess: done updating battery stats
05-24 10:13:14.270 698 731 W ActivityManager: Slow operation: 110ms so far, now at startProcess: building log message
05-24 10:13:14.270 698 731 I ActivityManager: Start proc 1398:com.dangbei.lerad.etna.haqu/1000 for added application com.dangbei.lerad.etna.haqu
05-24 10:13:14.270 698 731 W ActivityManager: Slow operation: 110ms so far, now at startProcess: starting to update pids map
05-24 10:13:14.270 698 731 W ActivityManager: Slow operation: 110ms so far, now at startProcess: done updating pids map
05-24 10:13:14.277 698 730 I ActivityManager: com.oranth.ledstatus is exempt from freezer
05-24 10:13:14.291 698 768 I MediaSessionStack: addSession to bottom of stack | record: com.android.bluetooth/BluetoothMediaBrowserService (userId=0)
05-24 10:13:14.298 698 768 D CompatibilityChangeReporter: Compat change id reported: 170503758; UID 10055; state: ENABLED
05-24 10:13:14.305 698 711 D SystemServerTiming: getUserSwitchability-0
05-24 10:13:14.305 698 711 D SystemServerTiming: TM.isInCall
05-24 10:13:14.305 698 711 V SystemServerTiming: TM.isInCall took to complete: 0ms
05-24 10:13:14.305 698 711 D SystemServerTiming: hasUserRestriction-DISALLOW_USER_SWITCH
05-24 10:13:14.305 698 711 V SystemServerTiming: hasUserRestriction-DISALLOW_USER_SWITCH took to complete: 0ms
05-24 10:13:14.305 698 711 D SystemServerTiming: getInt-ALLOW_USER_SWITCHING_WHEN_SYSTEM_USER_LOCKED
05-24 10:13:14.305 698 711 V SystemServerTiming: getInt-ALLOW_USER_SWITCHING_WHEN_SYSTEM_USER_LOCKED took to complete: 0ms
05-24 10:13:14.305 698 711 D SystemServerTiming: isUserUnlocked-USER_SYSTEM
05-24 10:13:14.305 698 711 V SystemServerTiming: isUserUnlocked-USER_SYSTEM took to complete: 0ms
05-24 10:13:14.305 698 711 V SystemServerTiming: getUserSwitchability-0 took to complete: 0ms
05-24 10:13:14.308 698 712 D SystemServerTiming: getUserSwitchability-0
05-24 10:13:14.308 698 712 D SystemServerTiming: TM.isInCall
05-24 10:13:14.309 698 712 V SystemServerTiming: TM.isInCall took to complete: 0ms
05-24 10:13:14.309 698 712 D SystemServerTiming: hasUserRestriction-DISALLOW_USER_SWITCH
05-24 10:13:14.309 698 712 V SystemServerTiming: hasUserRestriction-DISALLOW_USER_SWITCH took to complete: 0ms
05-24 10:13:14.309 698 712 D SystemServerTiming: getInt-ALLOW_USER_SWITCHING_WHEN_SYSTEM_USER_LOCKED
05-24 10:13:14.310 698 712 V SystemServerTiming: getInt-ALLOW_USER_SWITCHING_WHEN_SYSTEM_USER_LOCKED took to complete: 0ms
05-24 10:13:14.310 698 712 D SystemServerTiming: isUserUnlocked-USER_SYSTEM
05-24 10:13:14.310 698 731 W ActivityManager: Slow operation: 51ms so far, now at startProcess: returned from zygote!
05-24 10:13:14.311 698 731 W ActivityManager: Slow operation: 52ms so far, now at startProcess: done updating battery stats
05-24 10:13:14.311 698 731 W ActivityManager: Slow operation: 52ms so far, now at startProcess: building log message
05-24 10:13:14.311 698 731 I ActivityManager: Start proc 1407:com.dangbei.leard.leradlauncher/1000 for top-activity {com.dangbei.leard.leradlauncher/com.dangbei.launcher.home.LauncherActivity}
05-24 10:13:14.311 698 731 W ActivityManager: Slow operation: 53ms so far, now at startProcess: starting to update pids map
05-24 10:13:14.311 698 731 W ActivityManager: Slow operation: 53ms so far, now at startProcess: done updating pids map
05-24 10:13:14.311 698 731 D CompatibilityChangeReporter: Compat change id reported: 143937733; UID 10049; state: ENABLED
05-24 10:13:14.312 698 712 V SystemServerTiming: isUserUnlocked-USER_SYSTEM took to complete: 0ms
05-24 10:13:14.312 698 712 V SystemServerTiming: getUserSwitchability-0 took to complete: 4ms
05-24 10:13:14.315 698 711 D SystemServerTiming: getUserSwitchability-0
05-24 10:13:14.315 698 711 D SystemServerTiming: TM.isInCall
05-24 10:13:14.315 698 711 V SystemServerTiming: TM.isInCall took to complete: 0ms
05-24 10:13:14.315 698 711 D SystemServerTiming: hasUserRestriction-DISALLOW_USER_SWITCH
05-24 10:13:14.315 698 711 V SystemServerTiming: hasUserRestriction-DISALLOW_USER_SWITCH took to complete: 0ms
05-24 10:13:14.315 698 711 D SystemServerTiming: getInt-ALLOW_USER_SWITCHING_WHEN_SYSTEM_USER_LOCKED
05-24 10:13:14.315 698 711 V SystemServerTiming: getInt-ALLOW_USER_SWITCHING_WHEN_SYSTEM_USER_LOCKED took to complete: 0ms
05-24 10:13:14.315 698 711 D SystemServerTiming: isUserUnlocked-USER_SYSTEM
05-24 10:13:14.315 698 711 V SystemServerTiming: isUserUnlocked-USER_SYSTEM took to complete: 0ms
05-24 10:13:14.315 698 711 V SystemServerTiming: getUserSwitchability-0 took to complete: 1ms
05-24 10:13:14.319 698 1082 D SystemServerTiming: getUserSwitchability-0
05-24 10:13:14.319 698 1082 D SystemServerTiming: TM.isInCall
05-24 10:13:14.320 698 1082 V SystemServerTiming: TM.isInCall took to complete: 0ms
05-24 10:13:14.320 698 1082 D SystemServerTiming: hasUserRestriction-DISALLOW_USER_SWITCH
05-24 10:13:14.320 698 1082 V SystemServerTiming: hasUserRestriction-DISALLOW_USER_SWITCH took to complete: 0ms
05-24 10:13:14.320 698 1082 D SystemServerTiming: getInt-ALLOW_USER_SWITCHING_WHEN_SYSTEM_USER_LOCKED
05-24 10:13:14.320 698 1082 V SystemServerTiming: getInt-ALLOW_USER_SWITCHING_WHEN_SYSTEM_USER_LOCKED took to complete: 1ms
05-24 10:13:14.320 698 1082 D SystemServerTiming: isUserUnlocked-USER_SYSTEM
05-24 10:13:14.320 698 1082 V SystemServerTiming: isUserUnlocked-USER_SYSTEM took to complete: 0ms
05-24 10:13:14.320 698 1082 V SystemServerTiming: getUserSwitchability-0 took to complete: 1ms
05-24 10:13:14.323 698 711 D SystemServerTiming: getUserSwitchability-0
05-24 10:13:14.323 698 711 D SystemServerTiming: TM.isInCall
05-24 10:13:14.323 698 711 V SystemServerTiming: TM.isInCall took to complete: 0ms
05-24 10:13:14.323 698 711 D SystemServerTiming: hasUserRestriction-DISALLOW_USER_SWITCH
05-24 10:13:14.323 698 711 V SystemServerTiming: hasUserRestriction-DISALLOW_USER_SWITCH took to complete: 0ms
05-24 10:13:14.323 698 711 D SystemServerTiming: getInt-ALLOW_USER_SWITCHING_WHEN_SYSTEM_USER_LOCKED
05-24 10:13:14.324 698 711 V SystemServerTiming: getInt-ALLOW_USER_SWITCHING_WHEN_SYSTEM_USER_LOCKED took to complete: 0ms
05-24 10:13:14.324 698 711 D SystemServerTiming: isUserUnlocked-USER_SYSTEM
05-24 10:13:14.324 698 711 V SystemServerTiming: isUserUnlocked-USER_SYSTEM took to complete: 0ms
05-24 10:13:14.324 698 711 V SystemServerTiming: getUserSwitchability-0 took to complete: 0ms
05-24 10:13:14.332 698 731 W ActivityManager: Slow operation: 65ms so far, now at startProcess: returned from zygote!
05-24 10:13:14.332 698 731 W ActivityManager: Slow operation: 65ms so far, now at startProcess: done updating battery stats
05-24 10:13:14.333 698 731 W ActivityManager: Slow operation: 65ms so far, now at startProcess: building log message
05-24 10:13:14.333 698 731 I ActivityManager: Start proc 1409:com.android.music/u0a49 for service {com.android.music/com.android.music.MediaPlaybackService}
05-24 10:13:14.333 698 731 W ActivityManager: Slow operation: 65ms so far, now at startProcess: starting to update pids map
05-24 10:13:14.333 698 731 W ActivityManager: Slow operation: 65ms so far, now at startProcess: done updating pids map
05-24 10:13:14.333 698 731 W ActivityManager: Slow operation: 56ms so far, now at startProcess: asking zygote to start proc
05-24 10:13:14.338 698 698 D HDMI : [R]: 0F:84:00:00:00
05-24 10:13:14.338 909 972 D WindowManagerShell: TvPipController: onTaskStackChanged()
05-24 10:13:14.342 698 768 I MediaSessionStack: addSession to bottom of stack | record: com.android.bluetooth/BluetoothMediaBrowserService (userId=0)
05-24 10:13:14.342 698 698 D HDMI : addCecDevice new:CEC: logical_address: 0x00 device_type: 0 cec_version: 5 vendor_id: 16777215 display_name: TV power_status: 0 physical_address: 0x0000 port_id: -1 old:CEC: logical_address: 0x00 device_type: 0 cec_version: 5 vendor_id: 16777215 display_name: TV power_status: 0 physical_address: 0xFFFF port_id: -1
05-24 10:13:14.343 698 698 D HdmiControlService: Switching to full volume behavior
05-24 10:13:14.345 698 873 D HDMI : [S]: 40:46
05-24 10:13:14.353 698 905 I SyncManager: Loaded persisted syncs: 0 periodic syncs, 0 oneshot syncs, 0 total system server jobs, JobStats: FirstLoad: 5/3/0 LastSave: -1/-1/-1
05-24 10:13:14.360 698 1381 I HealthConnectBackupRestore: Attempt to schedule download timeout job with state: 0
05-24 10:13:14.360 698 1381 I HealthConnectBackupRestore: Attempt to schedule staging timeout job with state: 0
05-24 10:13:14.360 698 1381 I HealthConnectBackupRestore: Attempt to schedule merging timeout job with state: 0
05-24 10:13:14.361 698 698 V NotificationAssistants: 0 notification assistant service connected: ComponentInfo{android.ext.services/android.ext.services.notification.Assistant}
05-24 10:13:14.362 698 712 D CompatibilityChangeReporter: Compat change id reported: 168419799; UID 1000; state: DISABLED
05-24 10:13:14.362 698 712 D CompatibilityChangeReporter: Compat change id reported: 273564678; UID 1000; state: DISABLED
05-24 10:13:14.368 698 712 D SystemServerTiming: getUserSwitchability-0
05-24 10:13:14.368 698 712 D SystemServerTiming: TM.isInCall
05-24 10:13:14.369 698 712 V SystemServerTiming: TM.isInCall took to complete: 1ms
05-24 10:13:14.369 698 712 D SystemServerTiming: hasUserRestriction-DISALLOW_USER_SWITCH
05-24 10:13:14.369 698 712 V SystemServerTiming: hasUserRestriction-DISALLOW_USER_SWITCH took to complete: 0ms
05-24 10:13:14.369 698 712 D SystemServerTiming: getInt-ALLOW_USER_SWITCHING_WHEN_SYSTEM_USER_LOCKED
05-24 10:13:14.369 698 712 V SystemServerTiming: getInt-ALLOW_USER_SWITCHING_WHEN_SYSTEM_USER_LOCKED took to complete: 0ms
05-24 10:13:14.369 698 712 D SystemServerTiming: isUserUnlocked-USER_SYSTEM
05-24 10:13:14.369 698 712 V SystemServerTiming: isUserUnlocked-USER_SYSTEM took to complete: 0ms
05-24 10:13:14.369 698 712 V SystemServerTiming: getUserSwitchability-0 took to complete: 1ms
05-24 10:13:14.370 698 712 D SystemServerTiming: getUserSwitchability-0
05-24 10:13:14.371 698 712 D SystemServerTiming: TM.isInCall
05-24 10:13:14.371 698 712 V SystemServerTiming: TM.isInCall took to complete: 1ms
05-24 10:13:14.371 698 712 D SystemServerTiming: hasUserRestriction-DISALLOW_USER_SWITCH
05-24 10:13:14.371 698 712 V SystemServerTiming: hasUserRestriction-DISALLOW_USER_SWITCH took to complete: 0ms
05-24 10:13:14.371 698 712 D SystemServerTiming: getInt-ALLOW_USER_SWITCHING_WHEN_SYSTEM_USER_LOCKED
05-24 10:13:14.371 698 712 V SystemServerTiming: getInt-ALLOW_USER_SWITCHING_WHEN_SYSTEM_USER_LOCKED took to complete: 0ms
05-24 10:13:14.371 698 712 D SystemServerTiming: isUserUnlocked-USER_SYSTEM
05-24 10:13:14.371 698 712 V SystemServerTiming: isUserUnlocked-USER_SYSTEM took to complete: 0ms
05-24 10:13:14.371 698 712 V SystemServerTiming: getUserSwitchability-0 took to complete: 1ms
05-24 10:13:14.373 698 767 D SystemServerTiming: getUserSwitchability-0
05-24 10:13:14.373 698 767 D SystemServerTiming: TM.isInCall
05-24 10:13:14.374 698 767 V SystemServerTiming: TM.isInCall took to complete: 0ms
05-24 10:13:14.374 698 767 D SystemServerTiming: hasUserRestriction-DISALLOW_USER_SWITCH
05-24 10:13:14.374 698 767 V SystemServerTiming: hasUserRestriction-DISALLOW_USER_SWITCH took to complete: 0ms
05-24 10:13:14.374 698 767 D SystemServerTiming: getInt-ALLOW_USER_SWITCHING_WHEN_SYSTEM_USER_LOCKED
