05-24 10:13:16.911 698 731 W ActivityManager: Slow operation: 78ms so far, now at startProcess: returned from zygote!
05-24 10:13:16.911 698 731 W ActivityManager: Slow operation: 79ms so far, now at startProcess: done updating battery stats
05-24 10:13:16.911 698 731 W ActivityManager: Slow operation: 79ms so far, now at startProcess: building log message
05-24 10:13:16.911 698 731 I ActivityManager: Start proc 1886:com.android.providers.tv/u0a26 for broadcast {com.android.providers.tv/com.android.providers.tv.BootCompletedReceiver}
05-24 10:13:16.911 698 731 W ActivityManager: Slow operation: 79ms so far, now at startProcess: starting to update pids map
05-24 10:13:16.911 698 731 W ActivityManager: Slow operation: 79ms so far, now at startProcess: done updating pids map
05-24 10:13:16.943 698 768 D CompatibilityChangeReporter: Compat change id reported: 168419799; UID 10026; state: DISABLED
05-24 10:13:16.944 698 768 D CompatibilityChangeReporter: Compat change id reported: 273564678; UID 10026; state: DISABLED
05-24 10:13:16.951 698 775 D CompatibilityChangeReporter: Compat change id reported: 265195908; UID 10026; state: ENABLED
05-24 10:13:16.989 698 768 D CompatibilityChangeReporter: Compat change id reported: 170503758; UID 10026; state: ENABLED
05-24 10:13:17.044 698 730 D CompatibilityChangeReporter: Compat change id reported: 135634846; UID 10073; state: DISABLED
05-24 10:13:17.044 698 730 D CompatibilityChangeReporter: Compat change id reported: 177438394; UID 10073; state: DISABLED
05-24 10:13:17.044 698 730 D CompatibilityChangeReporter: Compat change id reported: 135772972; UID 10073; state: DISABLED
05-24 10:13:17.044 698 730 D CompatibilityChangeReporter: Compat change id reported: 135754954; UID 10073; state: ENABLED
05-24 10:13:17.045 698 731 D CompatibilityChangeReporter: Compat change id reported: 143937733; UID 10073; state: ENABLED
05-24 10:13:17.066 698 731 I ActivityManager: Start proc 1906:com.android.rkpdapp/u0a73 for broadcast {com.android.rkpdapp/com.android.rkpdapp.BootReceiver}
05-24 10:13:17.088 0 0 W : [1 T1904 ..] [aml_recv_netlink 1147] kernel rcv msg type: 0, pid: 1904, len: 24, flag: 1, seq: 0
05-24 10:13:17.088 0 0 W : [1 T1904 ..] [aml_recv_netlink 1148] receive data from user process: ÿ
05-24 10:13:17.088 0 0 W : [1 T1904 ..] [aml_recv_netlink 1155] user space process (pid: 1904) start recv fw log !!!!
05-24 10:13:17.119 0 0 W : [1 T1904 ..] [aml_recv_netlink 1147] kernel rcv msg type: 0, pid: 1904, len: 24, flag: 1, seq: 0
05-24 10:13:17.109 698 767 D CompatibilityChangeReporter: Compat change id reported: 168419799; UID 10073; state: DISABLED
05-24 10:13:17.122 0 0 W : [1 T1904 ..] [aml_recv_netlink 1148] receive data from user process: ÿ
05-24 10:13:17.122 0 0 W : [1 T1904 ..] [aml_recv_netlink 1163] unknown msg (0xff06) from user space process (pid: 1904), ignore !!!!
05-24 10:13:17.110 698 767 D CompatibilityChangeReporter: Compat change id reported: 273564678; UID 10073; state: DISABLED
05-24 10:13:17.115 698 775 D CompatibilityChangeReporter: Compat change id reported: 265195908; UID 10073; state: ENABLED
05-24 10:13:17.143 0 0 I [2 T1 ..] selinux: SELinux: Skipping restorecon on directory(/data/misc_ce/0/apexdata/com.android.wifi)
05-24 10:13:17.133 698 698 D HDMI : [R]: 04:00:00:00
05-24 10:13:17.156 698 767 D CompatibilityChangeReporter: Compat change id reported: 170503758; UID 10073; state: ENABLED
05-24 10:13:17.205 0 0 W [3 T1923 ..] audit: audit_lost=41 audit_rate_limit=5 audit_backlog_limit=64
05-24 10:13:17.206 0 0 E [3 T1923 ..] audit: rate limit exceeded
05-24 10:13:17.231 698 1375 I ActivityManager: com.android.localtransport is exempt from freezer
05-24 10:13:17.232 698 1375 D CompatibilityChangeReporter: Compat change id reported: 135634846; UID 1000; state: DISABLED
05-24 10:13:17.245 698 730 I ActivityManager: com.android.shell is exempt from freezer
05-24 10:13:17.246 698 730 D CompatibilityChangeReporter: Compat change id reported: 135634846; UID 2000; state: DISABLED
05-24 10:13:17.246 698 730 D CompatibilityChangeReporter: Compat change id reported: 177438394; UID 2000; state: DISABLED
05-24 10:13:17.247 698 730 D CompatibilityChangeReporter: Compat change id reported: 135772972; UID 2000; state: DISABLED
05-24 10:13:17.247 698 730 D CompatibilityChangeReporter: Compat change id reported: 135754954; UID 2000; state: ENABLED
05-24 10:13:17.258 698 731 I ActivityManager: Start proc 1938:com.android.localtransport/1000 for service {com.android.localtransport/com.android.localtransport.LocalTransportService}
05-24 10:13:17.282 698 731 I ActivityManager: Start proc 1951:com.android.shell/2000 for broadcast {com.android.shell/com.android.shell.HeapDumpReceiver}
05-24 10:13:17.325 698 767 D CompatibilityChangeReporter: Compat change id reported: 168419799; UID 2000; state: DISABLED
05-24 10:13:17.325 698 767 D CompatibilityChangeReporter: Compat change id reported: 273564678; UID 2000; state: DISABLED
05-24 10:13:17.329 698 775 D CompatibilityChangeReporter: Compat change id reported: 265195908; UID 2000; state: ENABLED
05-24 10:13:17.399 0 0 W : [3 T1038 ..] >>> aml_rx_scanu_start_cfm()
05-24 10:13:17.428 698 971 D OomAdjuster: Not killing cached processes
05-24 10:13:17.435 698 730 D CompatibilityChangeReporter: Compat change id reported: 135634846; UID 10027; state: DISABLED
05-24 10:13:17.435 698 730 D CompatibilityChangeReporter: Compat change id reported: 177438394; UID 10027; state: DISABLED
05-24 10:13:17.435 698 730 D CompatibilityChangeReporter: Compat change id reported: 135772972; UID 10027; state: DISABLED
05-24 10:13:17.436 698 730 D CompatibilityChangeReporter: Compat change id reported: 135754954; UID 10027; state: DISABLED
05-24 10:13:17.437 698 731 D CompatibilityChangeReporter: Compat change id reported: 143937733; UID 10027; state: DISABLED
05-24 10:13:17.455 698 731 I ActivityManager: Start proc 1986:com.android.statementservice/u0a27 for broadcast {com.android.statementservice/com.android.statementservice.domain.BootCompletedReceiver}
05-24 10:13:17.499 0 0 E [2 T229 ..] SELinux: avc: denied { find } for pid=1982 uid=0 name=settings scontext=u:r:init:s0 tcontext=u:object_r:settings_service:s0 tclass=service_manager permissive=1
05-24 10:13:17.494 698 768 D CompatibilityChangeReporter: Compat change id reported: 168419799; UID 10027; state: DISABLED
05-24 10:13:17.495 698 768 D CompatibilityChangeReporter: Compat change id reported: 273564678; UID 10027; state: DISABLED
05-24 10:13:17.498 698 775 D CompatibilityChangeReporter: Compat change id reported: 265195908; UID 10027; state: ENABLED
05-24 10:13:17.500 698 698 I TransportConnection: LocalTransportService#0: Notifying [TransportManager.registerTransport()] transport = BackupTransportClient
05-24 10:13:17.515 698 1375 D BackupTransportManager: [UserID:0] Transport com.android.localtransport/.LocalTransportService registered
05-24 10:13:17.520 698 1375 D BackupManagerService: [UserID:0] Transport com.android.localtransport/.LocalTransport registered 3303ms after first request (delay = 3000ms)
05-24 10:13:17.521 698 768 D CompatibilityChangeReporter: Compat change id reported: 170503758; UID 10027; state: DISABLED
05-24 10:13:17.538 698 1375 I BackupManagerService: [UserID:0] Found 6 stale backup journal(s), scheduling.
05-24 10:13:17.544 698 1375 V BackupManagerConstants: getKeyValueBackupIntervalMilliseconds(...) returns 14400000
05-24 10:13:17.544 698 1375 V BackupManagerConstants: getKeyValueBackupFuzzMilliseconds(...) returns 600000
05-24 10:13:17.544 698 1375 V BackupManagerConstants: getKeyValueBackupRequiredNetworkType(...) returns 1
05-24 10:13:17.544 698 1375 V BackupManagerConstants: getKeyValueBackupRequireCharging(...) returns true
05-24 10:13:17.544 698 1375 V KeyValueBackupJob: Scheduling k/v pass in 249 minutes
05-24 10:13:17.545 698 1375 D CompatibilityChangeReporter: Compat change id reported: 271850009; UID 1000; state: ENABLED
05-24 10:13:17.546 698 1375 D CompatibilityChangeReporter: Compat change id reported: 271850009; UID 1000; state: DISABLED
05-24 10:13:17.547 698 1375 D CompatibilityChangeReporter: Compat change id reported: 253665015; UID 1000; state: ENABLED
05-24 10:13:17.547 698 1375 D CompatibilityChangeReporter: Compat change id reported: 253665015; UID 1000; state: DISABLED
05-24 10:13:17.548 698 1375 D CompatibilityChangeReporter: Compat change id reported: 194532703; UID 1000; state: ENABLED
05-24 10:13:17.549 698 1375 D CompatibilityChangeReporter: Compat change id reported: 194532703; UID 1000; state: DISABLED
05-24 10:13:17.571 698 1375 I BackupManagerService: [UserID:0] Stale backup journals: Scheduled 6 package(s) total
05-24 10:13:17.589 698 767 D CompatibilityChangeReporter: Compat change id reported: 271850009; UID 10073; state: ENABLED
05-24 10:13:17.589 698 767 D CompatibilityChangeReporter: Compat change id reported: 253665015; UID 10073; state: ENABLED
05-24 10:13:17.590 698 767 D CompatibilityChangeReporter: Compat change id reported: 194532703; UID 10073; state: ENABLED
05-24 10:13:17.633 698 730 D CompatibilityChangeReporter: Compat change id reported: 135634846; UID 10043; state: DISABLED
05-24 10:13:17.634 698 731 D CompatibilityChangeReporter: Compat change id reported: 143937733; UID 10043; state: DISABLED
05-24 10:13:17.661 698 731 I ActivityManager: Start proc 2017:com.dangbei.screencast/u0a43 for broadcast {com.dangbei.screencast/com.dangbei.screencast.startup.BootReceiver}
05-24 10:13:17.668 609 609 W wificond: Scan is not started. Ignore abort request
05-24 10:13:17.710 698 1099 D CompatibilityChangeReporter: Compat change id reported: 168419799; UID 10043; state: DISABLED
05-24 10:13:17.710 698 1099 D CompatibilityChangeReporter: Compat change id reported: 273564678; UID 10043; state: DISABLED
05-24 10:13:17.713 698 775 D CompatibilityChangeReporter: Compat change id reported: 265195908; UID 10043; state: ENABLED
05-24 10:13:17.729 0 0 W : [1 T1115 ..] [aml_cfg80211_connect 2096] vif:0 privacy=1, key=0000000000000000, key_len=0, key_idx=0 auth_type:0 wpa_versions:2
05-24 10:13:17.730 0 0 W : [1 T1115 ..] set_scan_hang, flag:1, [aml_cfg80211_connect 2137]
05-24 10:13:17.731 0 0 W : [1 T1115 ..] >>> aml_send_sm_connect_req()
05-24 10:13:17.732 0 0 W : [1 T1115 ..] >>> aml_send_msg()
05-24 10:13:17.727 698 833 W ContextImpl: Calling a method in the system process without a qualified user: android.app.ContextImpl.sendStickyBroadcast:1626 com.android.server.wifi.ClientModeImpl.sendNetworkChangeBroadcast:3008 com.android.server.wifi.ClientModeImpl.lambda$sendNetworkChangeBroadcastWithCurrentState$14:2985 com.android.server.wifi.ClientModeImpl.$r8$lambda$q-j88Pjw4gROgoJFr8wBlBVbuJI:0 com.android.server.wifi.ClientModeImpl$$ExternalSyntheticLambda4.send:0
05-24 10:13:17.734 0 0 W : [3 T1038 ..] ipc_sdio_host_msgack_handler 00000000223a771f
05-24 10:13:17.734 0 0 W : [3 T1038 ..] [aml_msgackind 2038] msg ack hostid=0xffffff8074fe9680
05-24 10:13:17.735 0 0 E [1 T229 ..] SELinux: avc: denied { find } for pid=2023 uid=0 name=activity scontext=u:r:init:s0 tcontext=u:object_r:activity_service:s0 tclass=service_manager permissive=1
05-24 10:13:17.735 0 0 W : [3 T1038 ..] [cmd_mgr_llind 329] cmd tkn[22] flags:001a result: -4 cmd:6144-SM_CONNECT_REQ - reqcfm(6145-SM_CONNECT_CFM)
05-24 10:13:17.739 0 0 W : [3 T1038 ..] [cmd_mgr_msgind 409] cmd tkn[22] flags:0012 result: -4 cmd:6144-SM_CONNECT_REQ - reqcfm(6145-SM_CONNECT_CFM)
05-24 10:13:17.740 0 0 W : [3 T1038 ..] [cmd_complete 65] cmd tkn[22] flags:0002 result: -4 cmd:6144-SM_CONNECT_REQ - reqcfm(6145-SM_CONNECT_CFM)
05-24 10:13:17.748 0 0 W : [3 T1115 ..] [aml_cfg80211_connect 2152] ssid=DZNB, center freq:5260
05-24 10:13:17.748 0 0 W : [3 T1115 ..] [recy_dbg][aml_recy_save_assoc_ 82] save assoc info
05-24 10:13:17.748 0 0 W : [3 T1115 ..] [recy_dbg][aml_recy_save_assoc_ 110] assoc info chan bw=1, center freq=5260
05-24 10:13:17.751 698 768 D CompatibilityChangeReporter: Compat change id reported: 170503758; UID 10043; state: DISABLED
05-24 10:13:17.830 698 1082 D CompatibilityChangeReporter: Compat change id reported: 271850009; UID 10027; state: DISABLED
05-24 10:13:17.831 698 1082 D CompatibilityChangeReporter: Compat change id reported: 253665015; UID 10027; state: DISABLED
05-24 10:13:17.832 698 1082 D CompatibilityChangeReporter: Compat change id reported: 194532703; UID 10027; state: DISABLED
05-24 10:13:17.749 0 0 W : [3 T1115 ..] [recy_dbg][aml_recy_flags_set 57] set flags(0x1), new flags(0x1)
05-24 10:13:17.845 0 0 W : [3 T1038 ..] fmac patch_rc_init: station_id=0 format_mod=5 pre_type=1 short_gi=1 max_bw=2
05-24 10:13:17.847 0 0 W : [3 T1038 ..] fmac patch_rc_init: nss_max=1 mcs_max=11 r_idx_min=4 r_idx_max=11 no_samples=10
05-24 10:13:17.846 698 1058 I BroadcastQueue: BOOT_COMPLETED_BROADCAST_COMPLETION_LATENCY_REPORTED action:android.intent.action.BOOT_COMPLETED dispatchLatency:-22447 completeLatency:3666 dispatchRealLatency:-22447 completeRealLatency:3666 receiversSize:39 userId:0 userType:android.os.usertype.full.SYSTEM
05-24 10:13:17.846 698 719 I ActivityManager: Finished processing BOOT_COMPLETED for u0
05-24 10:13:17.976 698 1082 W ActivityManager: Background start not allowed: service Intent { act=com.dangbei.screencast.STARTUP pkg=com.dangbei.screencast } to com.dangbei.screencast/.startup.StartupService from pid=2017 uid=10043 pkg=com.dangbei.screencast startFg?=false
05-24 10:13:17.988 698 1082 W ActivityManager: Background start not allowed: service Intent { act=com.dangbei.screencast.STARTUP pkg=com.dangbei.screencast } to com.dangbei.screencast/.startup.StartupService from pid=2017 uid=10043 pkg=com.dangbei.screencast startFg?=false
05-24 10:13:18.044 698 768 D CompatibilityChangeReporter: Compat change id reported: 149924527; UID 10043; state: ENABLED
05-24 10:13:18.045 698 1058 D CompatibilityChangeReporter: Compat change id reported: 132649864; UID 10043; state: DISABLED
05-24 10:13:18.076 698 1058 D CompatibilityChangeReporter: Compat change id reported: 161145287; UID 10043; state: DISABLED
05-24 10:13:18.109 0 0 I : [2 T63 ..] [TEE] E/TC:? 00 tee_rpmb_verify_key_sync_counter:1008 Verify key returning 0xffff0008
05-24 10:13:18.110 0 0 I : [2 T63 ..] [TEE] E/TC:? 00 tee_mkl_status:195 tee_mkl_status bad state, status = 0x0
05-24 10:13:18.111 0 0 I : [2 T63 ..] [TEE] E/TC:? 00 tee_provision_get_pfpk_enc:351 PFPK key table bad status, res = 0xffff0007
05-24 10:13:18.112 0 0 I : [2 T63 ..] [TEE] E/TA: read_pfid_from_property:765 [PROVISION-TA] PFID is not provisioned
05-24 10:13:18.113 0 0 I : [2 T63 ..] [TEE] E/TA: pfid_query:877 [PROVISION-TA] pfid_query read pfid property error, return 0xFFFF0008
05-24 10:13:18.115 0 0 I : [2 T63 ..] [TEE] E/TC:? 00 tee_rpmb_verify_key_sync_counter:1008 Verify key returning 0xffff0008
05-24 10:13:18.116 0 0 I : [2 T63 ..] [TEE] E/TC:? 00 tee_mkl_status:195 tee_mkl_status bad state, status = 0x0
05-24 10:13:18.117 0 0 I : [2 T63 ..] [TEE] E/TC:? 00 tee_provision_get_pfpk_enc:351 PFPK key table bad status, res = 0xffff0007
05-24 10:13:18.118 0 0 I : [2 T63 ..] [TEE] E/TC:? 00 tee_mkl_status:195 tee_mkl_status bad state, status = 0x0
05-24 10:13:18.120 0 0 I : [2 T63 ..] [TEE] E/TC:? 00 tee_provision_get_pfpk_enc:351 PFPK key table bad status, res = 0xffff0007
05-24 10:13:18.121 0 0 I : [2 T63 ..] [TEE] E/TA: get_pfpk_enc:786 [PROVISION-TA] TEE_Provision_Get_PFPK_ENC() failed, return 0xFFFF0007
05-24 10:13:18.125 0 0 I : [2 T63 ..] [TEE] E/TA: pfpk_query:851 [PROVISION-TA] get_pfpk_enc return 0xFFFF0007
05-24 10:13:18.165 698 730 D CompatibilityChangeReporter: Compat change id reported: 135634846; UID 10019; state: DISABLED
05-24 10:13:18.166 698 730 D CompatibilityChangeReporter: Compat change id reported: 177438394; UID 10019; state: DISABLED
05-24 10:13:18.166 698 730 D CompatibilityChangeReporter: Compat change id reported: 135772972; UID 10019; state: DISABLED
05-24 10:13:18.166 698 730 D CompatibilityChangeReporter: Compat change id reported: 135754954; UID 10019; state: ENABLED
05-24 10:13:18.167 698 731 D CompatibilityChangeReporter: Compat change id reported: 143937733; UID 10019; state: ENABLED
05-24 10:13:18.184 698 731 I ActivityManager: Start proc 2080:com.android.externalstorage/u0a19 for broadcast {com.android.externalstorage/com.android.externalstorage.MountReceiver}
05-24 10:13:18.224 698 1082 I ActivityManager: Background started FGS: Allowed [callingPackage: com.dangbei.screencast; callingUid: 10043; uidState: CEM ; uidBFSL: n/a; intent: Intent { act=com.dangbei.screencast.STARTUP pkg=com.dangbei.screencast }; code:SYSTEM_ALERT_WINDOW_PERMISSION; tempAllowListReason:; targetSdkVersion:28; callerTargetSdkVersion:28; startForegroundCount:0; bindFromPackage:null: isBindService:false]
05-24 10:13:18.242 0 0 W : [3 T1038 ..] [aml_rx_sm_connect_ind 1282] vif_idx:0, status_code:0, sta_idx:0,center_freq:5260, center_freq1:5290, roamed:0, mac:58:c7:ac:78:f0:02
05-24 10:13:18.242 0 0 W : [3 T1038 ..] set_scan_hang, flag:0, [aml_rx_sm_connect_ind 1283]
05-24 10:13:18.244 0 0 W : [3 T1038 ..] [aml_chanctx_link 658] vif index:0 ch idx:0
05-24 10:13:18.244 0 0 W : [3 T1038 ..] [aml_chanctx_link 668] band:1, bw:3 cfreq:5260, cfreq1:5290, cfreq2:0
05-24 10:13:18.244 0 0 W : [3 T1038 ..] [aml_rx_sm_connect_ind 1439] ssid:DZNB, bss_freq:5260
05-24 10:13:18.246 0 0 W : [3 T1038 ..] [aml_rx_sm_connect_ind_ex 1198] freq[5260 5290 0], bw:BW_80 max_mcs:11 format_mode:HE_SU no_ss:2ss short_gi:1
05-24 10:13:18.248 0 0 W [2 T1930 ..] audit: audit_lost=93 audit_rate_limit=5 audit_backlog_limit=64
05-24 10:13:18.248 0 0 W : [1 T1044 ..] [SP FRAME RX] eapol,vif_idx:0
05-24 10:13:18.249 0 0 E [2 T1930 ..] audit: rate limit exceeded
05-24 10:13:18.257 0 0 W [3 T1115 ..] aml_select_txq: set eap frame to vo
05-24 10:13:18.257 0 0 W : [3 T1115 ..] [SP FRAME TX] eapol,vif_idx:0
05-24 10:13:18.260 0 0 W : [1 T1044 ..] [SP FRAME RX] eapol,vif_idx:0
05-24 10:13:18.265 0 0 W [3 T1115 ..] aml_select_txq: set eap frame to vo
05-24 10:13:18.265 0 0 W : [3 T1115 ..] [SP FRAME TX] eapol,vif_idx:0
05-24 10:13:18.238 698 1058 D CompatibilityChangeReporter: Compat change id reported: 168419799; UID 10019; state: DISABLED
05-24 10:13:18.238 698 1058 D CompatibilityChangeReporter: Compat change id reported: 273564678; UID 10019; state: DISABLED
05-24 10:13:18.241 698 775 D CompatibilityChangeReporter: Compat change id reported: 265195908; UID 10019; state: ENABLED
05-24 10:13:18.266 0 0 W : [3 T1115 ..] [aml_cfg80211_add_key 1907] vif_idx:0 add PTK for index:0,sta_idx:0
05-24 10:13:18.266 0 0 W : [3 T1115 ..] >>> aml_send_key_add()
05-24 10:13:18.267 0 0 W [3 T1115 ..] aml_send_key_add: sta_idx:0 key_idx:0 inst_nbr:0 cipher:2 key_len:16
05-24 10:13:18.278 0 0 W : [3 T1115 ..] >>> aml_send_msg()
05-24 10:13:18.284 0 0 W : [3 T1038 ..] ipc_sdio_host_msgack_handler 00000000bdabaa3a
05-24 10:13:18.284 0 0 W : [3 T1038 ..] [aml_msgackind 2038] msg ack hostid=0xffffff807414d380
05-24 10:13:18.285 0 0 W : [3 T1038 ..] [cmd_mgr_llind 329] cmd tkn[23] flags:001a result: -4 cmd: 36-MM_KEY_ADD_REQ - reqcfm( 37-MM_KEY_ADD_CFM)
05-24 10:13:18.287 0 0 W : [3 T1038 ..] [cmd_mgr_msgind 409] cmd tkn[23] flags:0012 result: -4 cmd: 36-MM_KEY_ADD_REQ - reqcfm( 37-MM_KEY_ADD_CFM)
05-24 10:13:18.289 0 0 W : [3 T1038 ..] [cmd_complete 65] cmd tkn[23] flags:0002 result: -4 cmd: 36-MM_KEY_ADD_REQ - reqcfm( 37-MM_KEY_ADD_CFM)
05-24 10:13:18.291 0 0 W : [3 T1115 ..] [aml_cfg80211_add_key 1907] vif_idx:0 add GTK for index:1,sta_idx:255
05-24 10:13:18.291 0 0 W : [3 T1115 ..] >>> aml_send_key_add()
05-24 10:13:18.292 0 0 W [3 T1115 ..] aml_send_key_add: sta_idx:255 key_idx:1 inst_nbr:0 cipher:1 key_len:32
05-24 10:13:18.293 0 0 W : [3 T1115 ..] >>> aml_send_msg()
05-24 10:13:18.277 698 1099 D CompatibilityChangeReporter: Compat change id reported: 170668199; UID 10043; state: DISABLED
05-24 10:13:18.278 698 1099 W ActivityManager: Foreground service started from background can not have location/camera/microphone access: service com.dangbei.screencast/.startup.StartupService
05-24 10:13:18.278 698 1099 D CompatibilityChangeReporter: Compat change id reported: 255038118; UID 10043; state: DISABLED
05-24 10:13:18.279 698 1099 D CompatibilityChangeReporter: Compat change id reported: 255042465; UID 10043; state: DISABLED
05-24 10:13:18.280 698 1099 W ForegroundServiceTypeLoggerModule: Foreground service start for UID: 10043 does not have any types
05-24 10:13:18.282 698 730 I ActivityManager: Deferring FGS notification in legacy app com.dangbei.screencast/u0a43 : Notification(channel=channel_record shortcut=null contentView=null vibrate=null sound=null defaults=0x0 flags=0x60 color=0x00000000 category=transport vis=PUBLIC)
05-24 10:13:18.313 0 0 W : [3 T1038 ..] ipc_sdio_host_msgack_handler 00000000bdabaa3a
05-24 10:13:18.313 0 0 W : [3 T1038 ..] [aml_msgackind 2038] msg ack hostid=0xffffff807414d380
05-24 10:13:18.314 0 0 W : [3 T1038 ..] [cmd_mgr_llind 329] cmd tkn[24] flags:001a result: -4 cmd: 36-MM_KEY_ADD_REQ - reqcfm( 37-MM_KEY_ADD_CFM)
05-24 10:13:18.316 0 0 W : [3 T1038 ..] [cmd_mgr_msgind 409] cmd tkn[24] flags:0012 result: -4 cmd: 36-MM_KEY_ADD_REQ - reqcfm( 37-MM_KEY_ADD_CFM)
05-24 10:13:18.317 0 0 W : [3 T1038 ..] [cmd_complete 65] cmd tkn[24] flags:0002 result: -4 cmd: 36-MM_KEY_ADD_REQ - reqcfm( 37-MM_KEY_ADD_CFM)
05-24 10:13:18.320 0 0 W : [2 T1115 ..] >>> aml_send_me_set_control_port_req()
05-24 10:13:18.320 0 0 W : [2 T1115 ..] >>> aml_send_msg()
05-24 10:13:18.321 0 0 W : [3 T1038 ..] ipc_sdio_host_msgack_handler 000000002022f05a
05-24 10:13:18.317 698 976 D CompatibilityChangeReporter: Compat change id reported: 170503758; UID 10019; state: ENABLED
05-24 10:13:18.321 0 0 W : [3 T1038 ..] [aml_msgackind 2038] msg ack hostid=0xffffff8074f5dd80
05-24 10:13:18.322 0 0 W : [3 T1038 ..] [cmd_mgr_llind 329] cmd tkn[25] flags:001a result: -4 cmd:5124-ME_SET_CONTROL_PORT_REQ - reqcfm(5125-ME_SET_CONTROL_PORT_CFM)
05-24 10:13:18.324 0 0 W : [3 T1038 ..] [cmd_mgr_msgind 409] cmd tkn[25] flags:0012 result: -4 cmd:5124-ME_SET_CONTROL_PORT_REQ - reqcfm(5125-ME_SET_CONTROL_PORT_CFM)
05-24 10:13:18.326 0 0 W : [3 T1038 ..] [cmd_complete 65] cmd tkn[25] flags:0002 result: -4 cmd:5124-ME_SET_CONTROL_PORT_REQ - reqcfm(5125-ME_SET_CONTROL_PORT_CFM)
05-24 10:13:18.328 0 0 W : [1 T1115 ..] >>> aml_send_msg()
05-24 10:13:18.328 0 0 W : [3 T1038 ..] ipc_sdio_host_msgack_handler 00000000b7c59fdb
05-24 10:13:18.329 0 0 W : [3 T1038 ..] [aml_msgackind 2038] msg ack hostid=0xffffff8061c72b00
05-24 10:13:18.330 0 0 W : [3 T1038 ..] [cmd_mgr_llind 329] cmd tkn[26] flags:0008 result: -4 cmd: 105-MM_SUB_SET_REKEY_DATA - reqcfm( 0-none)
05-24 10:13:18.331 0 0 W : [3 T1038 ..] [cmd_complete 65] cmd tkn[26] flags:0000 result: -4 cmd: 105-MM_SUB_SET_REKEY_DATA - reqcfm( 0-none)
05-24 10:13:18.327 698 833 W ContextImpl: Calling a method in the system process without a qualified user: android.app.ContextImpl.sendStickyBroadcast:1626 com.android.server.wifi.ClientModeImpl.sendNetworkChangeBroadcast:3008 com.android.server.wifi.ClientModeImpl.lambda$sendNetworkChangeBroadcastWithCurrentState$14:2985 com.android.server.wifi.ClientModeImpl.$r8$lambda$q-j88Pjw4gROgoJFr8wBlBVbuJI:0 com.android.server.wifi.ClientModeImpl$$ExternalSyntheticLambda4.send:0
05-24 10:13:18.351 698 873 D HDMI : [S]: 40:46
05-24 10:13:18.361 698 833 W ContextImpl: Calling a method in the system process without a qualified user: android.app.ContextImpl.sendStickyBroadcast:1626 com.android.server.wifi.ClientModeImpl.sendNetworkChangeBroadcast:3008 com.android.server.wifi.ClientModeImpl.lambda$sendNetworkChangeBroadcastWithCurrentState$14:2985 com.android.server.wifi.ClientModeImpl.$r8$lambda$q-j88Pjw4gROgoJFr8wBlBVbuJI:0 com.android.server.wifi.ClientModeImpl$$ExternalSyntheticLambda4.send:0
05-24 10:13:18.404 698 730 I ActivityManager: com.oranth.usbopenft is exempt from freezer
05-24 10:13:18.405 698 730 D CompatibilityChangeReporter: Compat change id reported: 135634846; UID 1000; state: DISABLED
05-24 10:13:18.414 698 833 W ContextImpl: Calling a method in the system process without a qualified user: android.app.ContextImpl.sendStickyBroadcast:1626 com.android.server.wifi.ClientModeImpl.sendNetworkChangeBroadcast:3008 com.android.server.wifi.ClientModeImpl.lambda$sendNetworkChangeBroadcastWithCurrentState$14:2985 com.android.server.wifi.ClientModeImpl.$r8$lambda$q-j88Pjw4gROgoJFr8wBlBVbuJI:0 com.android.server.wifi.ClientModeImpl$$ExternalSyntheticLambda4.send:0
05-24 10:13:18.416 698 1099 I ActivityManager: Background started FGS: Allowed [callingPackage: com.dangbei.screencast; callingUid: 10043; uidState: FGS ; uidBFSL: [BFSL]; intent: Intent { cmp=com.dangbei.screencast/.huaweicast.service.HuaweiCastService }; code:PROC_STATE_FGS; tempAllowListReason:; targetSdkVersion:28; callerTargetSdkVersion:28; startForegroundCount:0; bindFromPackage:null: isBindService:false]
05-24 10:13:18.435 698 698 D HDMI : [R]: 04:83
05-24 10:13:18.444 698 731 I ActivityManager: Start proc 2121:com.oranth.usbopenft/1000 for broadcast {com.oranth.usbopenft/com.oranth.usbopenft.UsbReceiver}
05-24 10:13:18.446 698 711 D CompatibilityChangeReporter: Compat change id reported: 171306433; UID 1073; state: ENABLED
05-24 10:13:18.472 698 768 D CompatibilityChangeReporter: Compat change id reported: 261072174; UID 10043; state: DISABLED
05-24 10:13:18.476 698 711 W ActivityManager: Foreground service started from background can not have location/camera/microphone access: service com.dangbei.screencast/.huaweicast.service.HuaweiCastService
05-24 10:13:18.477 698 711 W ForegroundServiceTypeLoggerModule: Foreground service start for UID: 10043 does not have any types
05-24 10:13:18.532 698 711 D CompatibilityChangeReporter: Compat change id reported: 168419799; UID 1000; state: DISABLED
05-24 10:13:18.532 698 711 D CompatibilityChangeReporter: Compat change id reported: 273564678; UID 1000; state: DISABLED
05-24 10:13:18.556 0 0 I [0 T334 ..] apexd: Deleting unused dm device com.amlogic.mediaextractor
05-24 10:13:18.563 0 0 W : [0 T544 ..] [aml_inetaddr6_event 6186] dev wlan0 is up, comm:binder:470_3, pid:544 vif:0, ipv6:fe80:0000:0000:0000:8334:1544:4bf4:77ce
05-24 10:13:18.563 0 0 W : [3 T965 ..] >>> aml_send_msg()
05-24 10:13:18.565 0 0 W : [3 T1038 ..] ipc_sdio_host_msgack_handler 000000005024f26b
05-24 10:13:18.565 0 0 W : [3 T1038 ..] [aml_msgackind 2038] msg ack hostid=0xffffff8074befc00
05-24 10:13:18.566 0 0 W : [3 T1038 ..] [cmd_mgr_llind 329] cmd tkn[27] flags:0008 result: -4 cmd: 105-MM_SUB_NOTIFY_IP - reqcfm( 0-none)
05-24 10:13:18.568 0 0 W : [3 T1038 ..] [cmd_complete 65] cmd tkn[27] flags:0000 result: -4 cmd: 105-MM_SUB_NOTIFY_IP - reqcfm( 0-none)
05-24 10:13:18.556 698 698 D HDMI : [R]: 04:8C
05-24 10:13:18.576 0 0 E [2 T334 ..] apexd: Didn't generate uevent for [com.amlogic.mediaextractor] removal
05-24 10:13:18.576 0 0 W [2 T334 ..] apexd: Failed to delete dm-device com.amlogic.mediaextractor
05-24 10:13:18.579 0 0 I [2 T334 ..] apexd: Deleting unused dm device com.android.apex.cts.shim
05-24 10:13:18.585 0 0 E [1 T334 ..] apexd: Didn't generate uevent for [com.android.apex.cts.shim] removal
05-24 10:13:18.586 0 0 W [1 T334 ..] apexd: Failed to delete dm-device com.android.apex.cts.shim
05-24 10:13:18.587 0 0 I [1 T334 ..] apexd: Deleting unused dm device com.android.btservices
05-24 10:13:18.597 0 0 E [0 T334 ..] apexd: Didn't generate uevent for [com.android.btservices] removal
05-24 10:13:18.598 0 0 W [0 T334 ..] apexd: Failed to delete dm-device com.android.btservices
05-24 10:13:18.601 0 0 I [0 T334 ..] apexd: Deleting unused dm device com.android.devicelock
05-24 10:13:18.617 0 0 W : [2 T1115 ..] [aml_android_priv_ioctl 128] vif idx=0 cmd=SETSUSPENDMODE 0
05-24 10:13:18.617 0 0 W : [2 T1115 ..] [aml_android_set_suspend_mode 77] set google_cast 0
05-24 10:13:18.618 0 0 W : [2 T1115 ..] >>> aml_cfg80211_set_power_mgmt()
05-24 10:13:18.619 0 0 W : [2 T1115 ..] [aml_send_me_set_ps_mode 2111] set power save mode:0
05-24 10:13:18.619 0 0 W : [2 T1115 ..] >>> aml_send_msg()
05-24 10:13:18.620 0 0 W : [3 T1038 ..] ipc_sdio_host_msgack_handler 00000000ea71a3a1
05-24 10:13:18.621 0 0 W : [3 T1038 ..] [aml_msgackind 2038] msg ack hostid=0xffffff8079079280
05-24 10:13:18.622 0 0 W : [3 T1038 ..] [cmd_mgr_llind 329] cmd tkn[28] flags:001a result: -4 cmd:5139-ME_SET_PS_MODE_REQ - reqcfm(5140-ME_SET_PS_MODE_CFM)
05-24 10:13:18.624 0 0 W : [3 T1038 ..] [cmd_mgr_msgind 409] cmd tkn[28] flags:0012 result: -4 cmd:5139-ME_SET_PS_MODE_REQ - reqcfm(5140-ME_SET_PS_MODE_CFM)
05-24 10:13:18.625 0 0 W : [3 T1038 ..] [cmd_complete 65] cmd tkn[28] flags:0002 result: -4 cmd:5139-ME_SET_PS_MODE_REQ - reqcfm(5140-ME_SET_PS_MODE_CFM)
05-24 10:13:18.631 0 0 I [2 T229 ..] servicemanager: Unregistering apexservice
05-24 10:13:18.632 0 0 I [2 T229 ..] BpBinder: onLastStrongRef automatically unlinking death recipients:
05-24 10:13:18.637 0 0 W [0 T728 ..] printk: binder:334_4: 160 output lines suppressed due to ratelimiting
05-24 10:13:18.639 0 0 W : [2 T1165 ..] [SP FRAME TX] DHCP[1 0], vif_idx:0
05-24 10:13:18.685 698 698 D HDMI : [R]: 04:46
05-24 10:13:18.697 0 0 W : [1 T1044 ..] [SP FRAME RX] DHCP[1 0], vif_idx:0
05-24 10:13:18.706 0 0 W : [3 T1115 ..] >>> aml_cfg80211_set_power_mgmt()
05-24 10:13:18.706 0 0 W : [3 T1115 ..] [aml_send_me_set_ps_mode 2111] set power save mode:0
05-24 10:13:18.706 0 0 W : [3 T1115 ..] >>> aml_send_msg()
05-24 10:13:18.708 0 0 W : [3 T1038 ..] ipc_sdio_host_msgack_handler 00000000b73b9ce2
05-24 10:13:18.708 0 0 W : [3 T1038 ..] [aml_msgackind 2038] msg ack hostid=0xffffff8079033400
05-24 10:13:18.709 0 0 W : [3 T1038 ..] [cmd_mgr_llind 329] cmd tkn[29] flags:001a result: -4 cmd:5139-ME_SET_PS_MODE_REQ - reqcfm(5140-ME_SET_PS_MODE_CFM)
05-24 10:13:18.711 0 0 W : [3 T1038 ..] [cmd_mgr_msgind 409] cmd tkn[29] flags:0012 result: -4 cmd:5139-ME_SET_PS_MODE_REQ - reqcfm(5140-ME_SET_PS_MODE_CFM)
05-24 10:13:18.711 0 0 W : [1 T544 ..] >>> aml_send_msg()
05-24 10:13:18.712 0 0 W : [3 T1038 ..] [cmd_complete 65] cmd tkn[29] flags:0002 result: -4 cmd:5139-ME_SET_PS_MODE_REQ - reqcfm(5140-ME_SET_PS_MODE_CFM)
05-24 10:13:18.705 698 833 W ContextImpl: Calling a method in the system process without a qualified user: android.app.ContextImpl.sendStickyBroadcast:1626 com.android.server.wifi.ClientModeImpl.sendNetworkChangeBroadcast:3008 com.android.server.wifi.ClientModeImpl.lambda$sendNetworkChangeBroadcastWithCurrentState$14:2985 com.android.server.wifi.ClientModeImpl.$r8$lambda$q-j88Pjw4gROgoJFr8wBlBVbuJI:0 com.android.server.wifi.ClientModeImpl$$ExternalSyntheticLambda4.send:0
05-24 10:13:18.717 0 0 W : [3 T1038 ..] ipc_sdio_host_msgack_handler 00000000217ab042
05-24 10:13:18.717 0 0 W : [3 T1038 ..] [aml_msgackind 2038] msg ack hostid=0xffffff8079306a00
05-24 10:13:18.718 0 0 W : [3 T1038 ..] [cmd_mgr_llind 329] cmd tkn[30] flags:0008 result: -4 cmd: 105-MM_SUB_NOTIFY_IP - reqcfm( 0-none)
05-24 10:13:18.719 0 0 W : [3 T1038 ..] [cmd_complete 65] cmd tkn[30] flags:0000 result: -4 cmd: 105-MM_SUB_NOTIFY_IP - reqcfm( 0-none)
05-24 10:13:18.725 698 843 W BroadcastLoopers: Found previously unknown looper Thread[ConnectivityServiceThread,5,main]
05-24 10:13:18.725 698 833 W ContextImpl: Calling a method in the system process without a qualified user: android.app.ContextImpl.sendStickyBroadcast:1626 com.android.server.wifi.ClientModeImpl.sendNetworkChangeBroadcast:3008 com.android.server.wifi.ClientModeImpl.lambda$sendNetworkChangeBroadcastWithCurrentState$14:2985 com.android.server.wifi.ClientModeImpl.$r8$lambda$q-j88Pjw4gROgoJFr8wBlBVbuJI:0 com.android.server.wifi.ClientModeImpl$$ExternalSyntheticLambda4.send:0
05-24 10:13:18.748 698 873 D HDMI : [S]: 4F:84:30:00:04
05-24 10:13:18.721 0 0 W : [2 T544 ..] [aml_inetaddr_event 6139] dev wlan0 is up, comm:binder:470_3, pid:544, vif:0, ipv4:192.168.3.167
05-24 10:13:18.794 0 0 W : [1 T2157 ..] [SP FRAME TX] arp req,vif_idx:0 sender:[1c:79:2d:20:62:97 192.168.3.167]receiver:[00:00:00:00:00:00 192.168.3.1]
05-24 10:13:18.802 0 0 W : [1 T1044 ..] [SP FRAME RX] arp rsp,vif_idx:0 sender:[70:3a:a6:36:a8:d7 192.168.3.1]receiver:[1c:79:2d:20:62:97 192.168.3.167]
05-24 10:13:18.805 0 0 W : [3 T1038 ..] >>> aml_rx_me_tx_credits_update_ind()
05-24 10:13:18.802 470 535 E NetlinkEvent: NetlinkEvent::FindParam(): Parameter 'INTERFACE' not found
05-24 10:13:18.803 470 535 E NetlinkEvent: NetlinkEvent::FindParam(): Parameter 'STATE' not found
05-24 10:13:18.803 470 535 E NetlinkEvent: NetlinkEvent::FindParam(): Parameter 'TIME_NS' not found
05-24 10:13:18.803 470 535 E NetlinkEvent: NetlinkEvent::FindParam(): Parameter 'UID' not found
05-24 10:13:18.842 698 843 W ContextImpl: Calling a method in the system process without a qualified user: android.app.ContextImpl.sendStickyBroadcast:1626 android.net.connectivity.com.android.server.ConnectivityService.sendStickyBroadcast:3280 android.net.connectivity.com.android.server.ConnectivityService.sendGeneralBroadcast:3250 android.net.connectivity.com.android.server.ConnectivityService.sendConnectedBroadcast:3223 android.net.connectivity.com.android.server.ConnectivityService.sendLegacyNetworkBroadcast:10138
05-24 10:13:18.950 698 843 W ContextImpl: Calling a method in the system process without a qualified user: android.app.ContextImpl.sendStickyBroadcast:1626 android.net.connectivity.com.android.server.ConnectivityService.sendStickyBroadcast:3280 android.net.connectivity.com.android.server.ConnectivityService.sendGeneralBroadcast:3250 android.net.connectivity.com.android.server.ConnectivityService.sendInetConditionBroadcast:3227 android.net.connectivity.com.android.server.ConnectivityService.updateInetCondition:9819
05-24 10:13:18.954 698 775 D CompatibilityChangeReporter: Compat change id reported: 265195908; UID 10063; state: ENABLED
05-24 10:13:19.142 1324 1603 E TaskWorkerFactory: Cannot create worker: com.android.devicelockcontroller.provision.worker.DeviceCheckInWorker
05-24 10:13:19.142 1324 1603 E TaskWorkerFactory: java.lang.NoSuchMethodException: com.android.devicelockcontroller.provision.worker.DeviceCheckInWorker. [class android.content.Context, class androidx.work.WorkerParameters, interface com.google.common.util.concurrent.ListeningExecutorService]
05-24 10:13:19.142 1324 1603 E TaskWorkerFactory: at java.lang.Class.getConstructor0(Class.java:3325)
05-24 10:13:19.142 1324 1603 E TaskWorkerFactory: at java.lang.Class.getDeclaredConstructor(Class.java:3063)
05-24 10:13:19.142 1324 1603 E TaskWorkerFactory: at com.android.devicelockcontroller.policy.TaskWorkerFactory.createWorker(TaskWorkerFactory.java:53)
05-24 10:13:19.142 1324 1603 E TaskWorkerFactory: at androidx.work.DelegatingWorkerFactory.createWorker(DelegatingWorkerFactory.java:71)
05-24 10:13:19.142 1324 1603 E TaskWorkerFactory: at androidx.work.WorkerFactory.createWorkerWithDefaultFallback(WorkerFactory.java:82)
05-24 10:13:19.142 1324 1603 E TaskWorkerFactory: at androidx.work.impl.WorkerWrapper.runWorker(WorkerWrapper.java:240)
05-24 10:13:19.142 1324 1603 E TaskWorkerFactory: at androidx.work.impl.WorkerWrapper.run(WorkerWrapper.java:142)
05-24 10:13:19.142 1324 1603 E TaskWorkerFactory: at androidx.work.impl.utils.SerialExecutorImpl$Task.run(SerialExecutorImpl.java:96)
05-24 10:13:19.142 1324 1603 E TaskWorkerFactory: at java.util.concurrent.ThreadPoolExecutor.runWorker(ThreadPoolExecutor.java:1145)
05-24 10:13:19.142 1324 1603 E TaskWorkerFactory: at java.util.concurrent.ThreadPoolExecutor$Worker.run(ThreadPoolExecutor.java:644)
05-24 10:13:19.142 1324 1603 E TaskWorkerFactory: at java.lang.Thread.run(Thread.java:1012)
05-24 10:13:19.145 698 698 E HdmiCecController: Invalid message received: 04:47
05-24 10:13:19.145 698 698 D HDMI : [R]: 04:47
05-24 10:13:19.179 698 730 I ActivityManager: reportOnUserCompletedEvent(0): stored=10, eligible=111
05-24 10:13:19.180 698 730 D SystemServerTimingAsync: ssm.CompletedEventUser-0
05-24 10:13:19.180 698 730 I SystemServiceManager: Calling onCompletedEventUser 0
05-24 10:13:19.182 698 2210 D SystemServerTimingAsync: ssm.onCompletedEventUser-0_{|Unlocked|}_com.android.server.security.FileIntegrityService
05-24 10:13:19.182 698 2210 V SystemServerTimingAsync: ssm.onCompletedEventUser-0_{|Unlocked|}_com.android.server.security.FileIntegrityService took to complete: 0ms
05-24 10:13:19.182 698 2210 D SystemServerTimingAsync: ssm.onCompletedEventUser-0_{|Unlocked|}_com.android.server.flags.FeatureFlagsService
05-24 10:13:19.182 698 2210 V SystemServerTimingAsync: ssm.onCompletedEventUser-0_{|Unlocked|}_com.android.server.flags.FeatureFlagsService took to complete: 0ms
05-24 10:13:19.182 698 2210 D SystemServerTimingAsync: ssm.onCompletedEventUser-0_{|Unlocked|}_com.android.server.uri.UriGrantsManagerService$Lifecycle
05-24 10:13:19.182 698 2210 V SystemServerTimingAsync: ssm.onCompletedEventUser-0_{|Unlocked|}_com.android.server.uri.UriGrantsManagerService$Lifecycle took to complete: 0ms
05-24 10:13:19.182 698 2210 D SystemServerTimingAsync: ssm.onCompletedEventUser-0_{|Unlocked|}_com.android.server.powerstats.PowerStatsService
05-24 10:13:19.182 698 2210 V SystemServerTimingAsync: ssm.onCompletedEventUser-0_{|Unlocked|}_com.android.server.powerstats.PowerStatsService took to complete: 0ms
05-24 10:13:19.182 698 2210 D SystemServerTimingAsync: ssm.onCompletedEventUser-0_{|Unlocked|}_com.android.server.permission.access.AccessCheckingService
05-24 10:13:19.182 698 2210 V SystemServerTimingAsync: ssm.onCompletedEventUser-0_{|Unlocked|}_com.android.server.permission.access.AccessCheckingService took to complete: 0ms
05-24 10:13:19.182 698 2210 D SystemServerTimingAsync: ssm.onCompletedEventUser-0_{|Unlocked|}_com.android.server.wm.ActivityTaskManagerService$Lifecycle
05-24 10:13:19.182 698 2210 V SystemServerTimingAsync: ssm.onCompletedEventUser-0_{|Unlocked|}_com.android.server.wm.ActivityTaskManagerService$Lifecycle took to complete: 0ms
05-24 10:13:19.182 698 2210 D SystemServerTimingAsync: ssm.onCompletedEventUser-0_{|Unlocked|}_com.android.server.am.ActivityManagerService$Lifecycle
05-24 10:13:19.182 698 2210 V SystemServerTimingAsync: ssm.onCompletedEventUser-0_{|Unlocked|}_com.android.server.am.ActivityManagerService$Lifecycle took to complete: 0ms
05-24 10:13:19.183 698 2210 D SystemServerTimingAsync: ssm.onCompletedEventUser-0_{|Unlocked|}_com.android.server.pm.DataLoaderManagerService
05-24 10:13:19.183 698 2210 V SystemServerTimingAsync: ssm.onCompletedEventUser-0_{|Unlocked|}_com.android.server.pm.DataLoaderManagerService took to complete: 0ms
05-24 10:13:19.183 698 2210 D SystemServerTimingAsync: ssm.onCompletedEventUser-0_{|Unlocked|}_com.android.server.power.PowerManagerService
05-24 10:13:19.183 698 2210 V SystemServerTimingAsync: ssm.onCompletedEventUser-0_{|Unlocked|}_com.android.server.power.PowerManagerService took to complete: 0ms
05-24 10:13:19.183 698 2210 D SystemServerTimingAsync: ssm.onCompletedEventUser-0_{|Unlocked|}_com.android.server.power.ThermalManagerService
05-24 10:13:19.183 698 2210 V SystemServerTimingAsync: ssm.onCompletedEventUser-0_{|Unlocked|}_com.android.server.power.ThermalManagerService took to complete: 0ms
05-24 10:13:19.183 698 2210 D SystemServerTimingAsync: ssm.onCompletedEventUser-0_{|Unlocked|}_com.android.server.power.hint.HintManagerService
05-24 10:13:19.183 698 2210 V SystemServerTimingAsync: ssm.onCompletedEventUser-0_{|Unlocked|}_com.android.server.power.hint.HintManagerService took to complete: 0ms
05-24 10:13:19.183 698 2210 D SystemServerTimingAsync: ssm.onCompletedEventUser-0_{|Unlocked|}_com.android.server.recoverysystem.RecoverySystemService$Lifecycle
05-24 10:13:19.183 698 2210 V SystemServerTimingAsync: ssm.onCompletedEventUser-0_{|Unlocked|}_com.android.server.recoverysystem.RecoverySystemService$Lifecycle took to complete: 0ms
05-24 10:13:19.183 698 2210 D SystemServerTimingAsync: ssm.onCompletedEventUser-0_{|Unlocked|}_com.android.server.lights.LightsService
05-24 10:13:19.183 698 2210 V SystemServerTimingAsync: ssm.onCompletedEventUser-0_{|Unlocked|}_com.android.server.lights.LightsService took to complete: 0ms
05-24 10:13:19.183 698 2210 D SystemServerTimingAsync: ssm.onCompletedEventUser-0_{|Unlocked|}_com.android.server.display.DisplayManagerService
05-24 10:13:19.183 698 2210 V SystemServerTimingAsync: ssm.onCompletedEventUser-0_{|Unlocked|}_com.android.server.display.DisplayManagerService took to complete: 0ms
05-24 10:13:19.183 698 2210 D SystemServerTimingAsync: ssm.onCompletedEventUser-0_{|Unlocked|}_com.android.server.pm.verify.domain.DomainVerificationService
05-24 10:13:19.183 698 2210 V SystemServerTimingAsync: ssm.onCompletedEventUser-0_{|Unlocked|}_com.android.server.pm.verify.domain.DomainVerificationService took to complete: 0ms
05-24 10:13:19.183 698 2210 D SystemServerTimingAsync: ssm.onCompletedEventUser-0_{|Unlocked|}_com.android.server.pm.PackageInstallerService$Lifecycle
05-24 10:13:19.183 698 2210 V SystemServerTimingAsync: ssm.onCompletedEventUser-0_{|Unlocked|}_com.android.server.pm.PackageInstallerService$Lifecycle took to complete: 0ms
05-24 10:13:19.183 698 2210 D SystemServerTimingAsync: ssm.onCompletedEventUser-0_{|Unlocked|}_com.android.server.pm.UserManagerService$LifeCycle
05-24 10:13:19.183 698 2210 V SystemServerTimingAsync: ssm.onCompletedEventUser-0_{|Unlocked|}_com.android.server.pm.UserManagerService$LifeCycle took to complete: 0ms
05-24 10:13:19.183 698 2210 D SystemServerTimingAsync: ssm.onCompletedEventUser-0_{|Unlocked|}_com.android.server.om.OverlayManagerService
05-24 10:13:19.183 698 2210 V SystemServerTimingAsync: ssm.onCompletedEventUser-0_{|Unlocked|}_com.android.server.om.OverlayManagerService took to complete: 0ms
05-24 10:13:19.183 698 2210 D SystemServerTimingAsync: ssm.onCompletedEventUser-0_{|Unlocked|}_com.android.server.resources.ResourcesManagerService
05-24 10:13:19.183 698 2210 V SystemServerTimingAsync: ssm.onCompletedEventUser-0_{|Unlocked|}_com.android.server.resources.ResourcesManagerService took to complete: 0ms
05-24 10:13:19.183 698 2210 D SystemServerTimingAsync: ssm.onCompletedEventUser-0_{|Unlocked|}_com.android.server.sensorprivacy.SensorPrivacyService
05-24 10:13:19.183 698 2210 V SystemServerTimingAsync: ssm.onCompletedEventUser-0_{|Unlocked|}_com.android.server.sensorprivacy.SensorPrivacyService took to complete: 0ms
05-24 10:13:19.183 698 2210 D SystemServerTimingAsync: ssm.onCompletedEventUser-0_{|Unlocked|}_com.android.server.sensors.SensorService
05-24 10:13:19.183 698 2210 V SystemServerTimingAsync: ssm.onCompletedEventUser-0_{|Unlocked|}_com.android.server.sensors.SensorService took to complete: 0ms
05-24 10:13:19.183 698 2210 D SystemServerTimingAsync: ssm.onCompletedEventUser-0_{|Unlocked|}_com.android.server.SystemConfigService
05-24 10:13:19.183 698 2210 V SystemServerTimingAsync: ssm.onCompletedEventUser-0_{|Unlocked|}_com.android.server.SystemConfigService took to complete: 0ms
05-24 10:13:19.183 698 2210 D SystemServerTimingAsync: ssm.onCompletedEventUser-0_{|Unlocked|}_com.android.server.BatteryService
05-24 10:13:19.183 698 2210 V SystemServerTimingAsync: ssm.onCompletedEventUser-0_{|Unlocked|}_com.android.server.BatteryService took to complete: 0ms
05-24 10:13:19.183 698 2210 D SystemServerTimingAsync: ssm.onCompletedEventUser-0_{|Unlocked|}_com.android.server.usage.UsageStatsService
05-24 10:13:19.183 698 2210 V SystemServerTimingAsync: ssm.onCompletedEventUser-0_{|Unlocked|}_com.android.server.usage.UsageStatsService took to complete: 0ms
05-24 10:13:19.183 698 2210 D SystemServerTimingAsync: ssm.onCompletedEventUser-0_{|Unlocked|}_com.android.server.webkit.WebViewUpdateService
05-24 10:13:19.183 698 2210 V SystemServerTimingAsync: ssm.onCompletedEventUser-0_{|Unlocked|}_com.android.server.webkit.WebViewUpdateService took to complete: 0ms
05-24 10:13:19.183 698 2210 D SystemServerTimingAsync: ssm.onCompletedEventUser-0_{|Unlocked|}_com.android.server.CachedDeviceStateService
05-24 10:13:19.183 698 2210 V SystemServerTimingAsync: ssm.onCompletedEventUser-0_{|Unlocked|}_com.android.server.CachedDeviceStateService took to complete: 0ms
05-24 10:13:19.183 698 2210 D SystemServerTimingAsync: ssm.onCompletedEventUser-0_{|Unlocked|}_com.android.server.BinderCallsStatsService$LifeCycle
05-24 10:13:19.183 698 2210 V SystemServerTimingAsync: ssm.onCompletedEventUser-0_{|Unlocked|}_com.android.server.BinderCallsStatsService$LifeCycle took to complete: 0ms
05-24 10:13:19.183 698 2210 D SystemServerTimingAsync: ssm.onCompletedEventUser-0_{|Unlocked|}_com.android.server.LooperStatsService$Lifecycle
05-24 10:13:19.183 698 2210 V SystemServerTimingAsync: ssm.onCompletedEventUser-0_{|Unlocked|}_com.android.server.LooperStatsService$Lifecycle took to complete: 0ms
05-24 10:13:19.183 698 2210 D SystemServerTimingAsync: ssm.onCompletedEventUser-0_{|Unlocked|}_com.android.server.rollback.RollbackManagerService
05-24 10:13:19.183 698 2210 V SystemServerTimingAsync: ssm.onCompletedEventUser-0_{|Unlocked|}_com.android.server.rollback.RollbackManagerService took to complete: 0ms
05-24 10:13:19.183 1324 1602 D DeviceCheckInClient: Creating instance for com.android.devicelockcontroller.debug.DeviceCheckInClientDebug
05-24 10:13:19.183 698 2210 D SystemServerTimingAsync: ssm.onCompletedEventUser-0_{|Unlocked|}_com.android.server.os.NativeTombstoneManagerService
05-24 10:13:19.183 698 2210 V SystemServerTimingAsync: ssm.onCompletedEventUser-0_{|Unlocked|}_com.android.server.os.NativeTombstoneManagerService took to complete: 0ms
05-24 10:13:19.183 698 2210 D SystemServerTimingAsync: ssm.onCompletedEventUser-0_{|Unlocked|}_com.android.server.os.BugreportManagerService
05-24 10:13:19.184 698 2210 V SystemServerTimingAsync: ssm.onCompletedEventUser-0_{|Unlocked|}_com.android.server.os.BugreportManagerService took to complete: 0ms
05-24 10:13:19.184 698 2210 D SystemServerTimingAsync: ssm.onCompletedEventUser-0_{|Unlocked|}_com.android.server.gpu.GpuService
05-24 10:13:19.184 698 2210 V SystemServerTimingAsync: ssm.onCompletedEventUser-0_{|Unlocked|}_com.android.server.gpu.GpuService took to complete: 0ms
05-24 10:13:19.184 698 2210 D SystemServerTimingAsync: ssm.onCompletedEventUser-0_{|Unlocked|}_com.android.server.security.rkp.RemoteProvisioningService
05-24 10:13:19.184 698 2210 V SystemServerTimingAsync: ssm.onCompletedEventUser-0_{|Unlocked|}_com.android.server.security.rkp.RemoteProvisioningService took to complete: 0ms
05-24 10:13:19.184 698 2210 D SystemServerTimingAsync: ssm.onCompletedEventUser-0_{|Unlocked|}_com.android.server.cpu.CpuMonitorService
05-24 10:13:19.184 698 2210 V SystemServerTimingAsync: ssm.onCompletedEventUser-0_{|Unlocked|}_com.android.server.cpu.CpuMonitorService took to complete: 0ms
05-24 10:13:19.184 698 2210 D SystemServerTimingAsync: ssm.onCompletedEventUser-0_{|Unlocked|}_com.android.server.security.KeyChainSystemService
05-24 10:13:19.184 698 2210 V SystemServerTimingAsync: ssm.onCompletedEventUser-0_{|Unlocked|}_com.android.server.security.KeyChainSystemService took to complete: 0ms
05-24 10:13:19.184 698 2210 D SystemServerTimingAsync: ssm.onCompletedEventUser-0_{|Unlocked|}_com.android.server.BinaryTransparencyService
05-24 10:13:19.184 698 2210 V SystemServerTimingAsync: ssm.onCompletedEventUser-0_{|Unlocked|}_com.android.server.BinaryTransparencyService took to complete: 0ms
05-24 10:13:19.184 698 2210 D SystemServerTimingAsync: ssm.onCompletedEventUser-0_{|Unlocked|}_com.android.server.accounts.AccountManagerService$Lifecycle
05-24 10:13:19.184 698 2210 V SystemServerTimingAsync: ssm.onCompletedEventUser-0_{|Unlocked|}_com.android.server.accounts.AccountManagerService$Lifecycle took to complete: 0ms
05-24 10:13:19.184 698 2210 D SystemServerTimingAsync: ssm.onCompletedEventUser-0_{|Unlocked|}_com.android.server.content.ContentService$Lifecycle
05-24 10:13:19.184 698 2210 V SystemServerTimingAsync: ssm.onCompletedEventUser-0_{|Unlocked|}_com.android.server.content.ContentService$Lifecycle took to complete: 0ms
05-24 10:13:19.184 698 2210 D SystemServerTimingAsync: ssm.onCompletedEventUser-0_{|Unlocked|}_com.android.server.deviceconfig.DeviceConfigInit$Lifecycle
05-24 10:13:19.184 698 2210 V SystemServerTimingAsync: ssm.onCompletedEventUser-0_{|Unlocked|}_com.android.server.deviceconfig.DeviceConfigInit$Lifecycle took to complete: 0ms
05-24 10:13:19.184 698 2210 D SystemServerTimingAsync: ssm.onCompletedEventUser-0_{|Unlocked|}_com.android.server.DropBoxManagerService
05-24 10:13:19.184 698 2210 V SystemServerTimingAsync: ssm.onCompletedEventUser-0_{|Unlocked|}_com.android.server.DropBoxManagerService took to complete: 0ms
05-24 10:13:19.184 698 2210 D SystemServerTimingAsync: ssm.onCompletedEventUser-0_{|Unlocked|}_com.android.role.RoleService
05-24 10:13:19.184 698 2210 V SystemServerTimingAsync: ssm.onCompletedEventUser-0_{|Unlocked|}_com.android.role.RoleService took to complete: 0ms
05-24 10:13:19.184 698 2210 D SystemServerTimingAsync: ssm.onCompletedEventUser-0_{|Unlocked|}_com.android.server.vibrator.VibratorManagerService$Lifecycle
05-24 10:13:19.184 698 2210 V SystemServerTimingAsync: ssm.onCompletedEventUser-0_{|Unlocked|}_com.android.server.vibrator.VibratorManagerService$Lifecycle took to complete: 0ms
05-24 10:13:19.184 698 2210 D SystemServerTimingAsync: ssm.onCompletedEventUser-0_{|Unlocked|}_com.android.server.tare.InternalResourceService
05-24 10:13:19.184 698 2210 V SystemServerTimingAsync: ssm.onCompletedEventUser-0_{|Unlocked|}_com.android.server.tare.InternalResourceService took to complete: 0ms
05-24 10:13:19.184 698 2210 D SystemServerTimingAsync: ssm.onCompletedEventUser-0_{|Unlocked|}_com.android.server.alarm.AlarmManagerService
05-24 10:13:19.184 698 2210 V SystemServerTimingAsync: ssm.onCompletedEventUser-0_{|Unlocked|}_com.android.server.alarm.AlarmManagerService took to complete: 0ms
05-24 10:13:19.184 698 2210 D SystemServerTimingAsync: ssm.onCompletedEventUser-0_{|Unlocked|}_com.android.server.devicestate.DeviceStateManagerService
