06-25 14:28:12.727 479 479 W ThermalManagerService: No Thermal HAL service on this device
06-25 14:28:12.731 479 479 W ActivityManager: Unable to start service Intent { act=com.android.ITelecomService cmp=com.android.server.telecom/.components.TelecomService } U=0: not found
06-25 14:28:12.734 479 479 I SyncManager: No initial accounts
06-25 14:28:12.740 479 479 D BluetoothManagerService: Bluetooth boot completed
06-25 14:28:12.740 479 479 D BluetoothManagerService: Auto-enabling Bluetooth.
06-25 14:28:12.740 479 590 E NativeTombstoneManager: Tombstone's UID (1013) not an app, ignoring
06-25 14:28:12.742 479 590 I DropBoxManagerService: add tag=SYSTEM_TOMBSTONE_PROTO isTagEnabled=true flags=0x4
06-25 14:28:12.742 479 479 D BluetoothA2dp: Binding service...
06-25 14:28:12.747 479 479 I BluetoothAirplaneModeListener: start
06-25 14:28:12.748 479 524 D BluetoothManagerService: MESSAGE_ENABLE(0): mBluetooth = null
06-25 14:28:12.748 479 524 D BluetoothManagerService: binding Bluetooth service
06-25 14:28:12.753 479 524 D CompatibilityChangeReporter: Compat change id reported: 135634846; UID 1002; state: DISABLED
06-25 14:28:12.769 249 249 D Zygote : Forked child process 666
06-25 14:28:12.770 479 479 W InputMethodUtils: Found no fallback locale. imis=[InputMethodInfo{com.sohu.inputmethod.sogou.tv/.SogouIME, settings: com.sohu.inputmethod.sogou.SogouIMESettingsLauncher}]
06-25 14:28:12.771 479 479 W InputMethodUtils: No software keyboard is found. imis=[InputMethodInfo{com.sohu.inputmethod.sogou.tv/.SogouIME, settings: com.sohu.inputmethod.sogou.SogouIMESettingsLauncher}] systemLocale=zh_CN fallbackLocale=null
06-25 14:28:12.771 479 537 I ActivityManager: app.processName = com.android.bluetooth
06-25 14:28:12.771 479 537 I ActivityManager: Start proc 666:com.android.bluetooth/1002 for service {com.android.bluetooth/com.android.bluetooth.btservice.AdapterService}
06-25 14:28:12.777 666 666 I Zygote : seccomp disabled by setenforce 0
06-25 14:28:12.779 479 479 I RebootEscrowManager: No reboot escrow data found for users, skipping loading escrow data
06-25 14:28:12.783 479 479 I WallpaperManagerService: No static wallpaper imagery; defaults will be shown
06-25 14:28:12.783 479 479 V WallpaperManagerService: bindWallpaperComponentLocked: componentName=ComponentInfo{com.android.systemui/com.android.systemui.ImageWallpaper}
06-25 14:28:12.790 479 479 D CompatibilityChangeReporter: Compat change id reported: 135634846; UID 10067; state: DISABLED
06-25 14:28:12.791 479 479 D CompatibilityChangeReporter: Compat change id reported: 177438394; UID 10067; state: DISABLED
06-25 14:28:12.791 479 479 D CompatibilityChangeReporter: Compat change id reported: 135772972; UID 10067; state: DISABLED
06-25 14:28:12.791 479 479 D CompatibilityChangeReporter: Compat change id reported: 135754954; UID 10067; state: ENABLED
06-25 14:28:12.792 479 537 D CompatibilityChangeReporter: Compat change id reported: 143937733; UID 10067; state: ENABLED
06-25 14:28:12.804 249 249 D Zygote : Forked child process 680
06-25 14:28:12.806 479 537 I ActivityManager: app.processName = com.android.systemui
06-25 14:28:12.806 479 537 I ActivityManager: Start proc 680:com.android.systemui/u0a67 for service {com.android.systemui/com.android.systemui.ImageWallpaper}
06-25 14:28:12.808 386 398 I adbd : jdwp connection from 666
01-01 08:00:16.825 657 657 I sunxi-rfkill soc@3000000: rfkill: wlan power on success
01-01 08:00:16.825 657 657 I WCN : marlin chip en pull up
06-25 14:28:12.818 680 680 I Zygote : seccomp disabled by setenforce 0
06-25 14:28:12.819 479 479 E BitmapFactory: Unable to decode stream: java.io.FileNotFoundException: /data/system/users/0/wallpaper_orig: open failed: ENOENT (No such file or directory)
06-25 14:28:12.819 479 479 W WallpaperManagerService: Invalid wallpaper data
06-25 14:28:12.819 479 479 E WallpaperManagerService: Unable to apply new wallpaper
06-25 14:28:12.820 479 479 D AdbService: systemReady
06-25 14:28:12.822 254 254 V audio_hw_primary: adev_set_parameters, A2dpSuspended=false
06-25 14:28:12.822 479 580 I SystemServerTimingAsync: InitThreadPoolExec:UsbService$Lifecycle#onBootPhase
06-25 14:28:12.822 479 580 D SystemServerInitThreadPool: Started executing UsbService$Lifecycle#onBootPhase
06-25 14:28:12.822 479 479 D SoundTriggerService: onBootPhase: 550 : false
06-25 14:28:12.823 479 580 D SystemServerInitThreadPool: Finished executing UsbService$Lifecycle#onBootPhase
06-25 14:28:12.823 270 281 E android.hardware.usb@1.0-service: Failed to open /sys/class/typec
06-25 14:28:12.825 479 636 E UsbPortManager: port status enquiry failed
06-25 14:28:12.828 479 628 D BluetoothManagerService: Trying to bind to profile: 1, while Bluetooth was disabled
06-25 14:28:12.829 479 583 D CompatibilityChangeReporter: Compat change id reported: 168419799; UID 1002; state: DISABLED
01-01 08:00:16.851 657 657 I sdiohal : sdiohal_scan_card
01-01 08:00:16.851 657 657 I sunxi-rfkill soc@3000000: rfkill: bus_index: 1
01-01 08:00:16.851 0 0 E : [ C0] sunxi-mmc 4021000.sdmmc: smc 2 p1 err, cmd 52, RTO !!
06-25 14:28:12.842 321 323 D XM_HIDREAD: add@ add@/bus/sdio/drivers/sdiohal
01-01 08:00:16.859 657 657 W sdiohal : probe of mmc2:8800:1 failed with error -110
01-01 08:00:16.859 0 0 E : [ C0] sunxi-mmc 4021000.sdmmc: smc 2 p1 err, cmd 7, RTO !!
06-25 14:28:12.840 343 343 I xiriservice_All: type=1400 audit(0.0:360): avc: denied { read } for scontext=u:r:init:s0 tcontext=u:r:init:s0 tclass=netlink_kobject_uevent_socket permissive=1
06-25 14:28:12.845 479 628 D BluetoothA2dp: Binding service...
06-25 14:28:12.847 479 479 I AppBindingService: Updating constants with: null
06-25 14:28:12.848 254 254 V audio_hw_primary: adev_set_parameters, BT_SCO=off
06-25 14:28:12.850 479 629 I AS.AudioDeviceInventory: removePreferredDevicesForStrategySync, strategy: 14
06-25 14:28:12.853 386 398 I adbd : jdwp connection from 680
06-25 14:28:12.855 666 666 D CompatibilityChangeReporter: Compat change id reported: 171979766; UID 1002; state: ENABLED
01-01 08:00:16.867 0 0 E : [ C0] sunxi-mmc 4021000.sdmmc: smc 2 p1 err, cmd 7, RTO !!
01-01 08:00:16.874 0 0 E : [ C0] sunxi-mmc 4021000.sdmmc: smc 2 p1 err, cmd 7, RTO !!
06-25 14:28:12.857 254 254 D audio_hw_primary: Mic get_audio_devices_active:
06-25 14:28:12.857 254 254 D audio_hw_primary: get_audio_devices_active: AUDIO_HDMI
06-25 14:28:12.858 254 254 D xm_audio: adev_get_parameters
06-25 14:28:12.858 273 574 I hash_map_utils: system/bt/osi/src/hash_map_utils.cc:81 hash_map_utils_dump_string_keys_string_values: key: 'audio_devices_out_active' value: ''
06-25 14:28:12.859 254 254 V audio_hw_primary: adev_set_parameters, mediasw.sft.rawdata=HDMI_RAW
06-25 14:28:12.856 1 1 I /system/bin/init: type=1107 audit(0.0:361): uid=0 auid=4294967295 ses=4294967295 subj=u:r:init:s0 msg='avc: denied { set } for property=vendor.mediasw.sft.rawdata pid=254 uid=1041 gid=1005 scontext=u:r:hal_audio_default:s0 tcontext=u:object_r:vendor_audio_prop:s0 tclass=property_service permissive=1'
06-25 14:28:12.865 273 574 I AudioFlinger: systemReady
06-25 14:28:12.867 479 628 D AS.AudioService: No vibrator found
01-01 08:00:16.882 0 0 E : [ C0] sunxi-mmc 4021000.sdmmc: smc 2 p1 err, cmd 7, RTO !!
06-25 14:28:12.872 321 323 D XM_HIDREAD: remove@ remove@/devices/platform/soc@3000000/4021000.sdmmc/mmc_host/mmc2/mmc2:8800/mmc2:8800:1
06-25 14:28:12.873 321 323 D XM_HIDREAD: remove@ remove@/devices/platform/soc@3000000/4021000.sdmmc/mmc_host/mmc2/mmc2:8800
01-01 08:00:16.890 33 33 I mmc2 : card 8800 removed
01-01 08:00:16.890 33 33 I sunxi-mmc 4021000.sdmmc: sdc set ios:clk 0Hz bm PP pm OFF vdd 0 width 1 timing LEGACY(SDR12) dt B
01-01 08:00:16.892 33 33 I sunxi-mmc 4021000.sdmmc: sdc set ios:clk 0Hz bm PP pm UP vdd 23 width 1 timing LEGACY(SDR12) dt B
06-25 14:28:12.880 326 326 I rainbow_flow: type=1400 audit(0.0:362): avc: denied { ioctl } for path="/dev/spidev1.0" dev="tmpfs" ino=7243 ioctlcmd=0x6b00 scontext=u:r:init:s0 tcontext=u:object_r:device:s0 tclass=chr_file permissive=1
01-01 08:00:16.903 33 33 I sunxi-mmc 4021000.sdmmc: sdc set ios:clk 400000Hz bm PP pm ON vdd 23 width 1 timing LEGACY(SDR12) dt B
06-25 14:28:12.891 479 479 I PackageManager: Permission ownership changed. Updating all permissions.
01-01 08:00:16.916 0 0 E : [ C0] sunxi-mmc 4021000.sdmmc: smc 2 p1 err, cmd 52, RTO !!
01-01 08:00:16.924 0 0 E : [ C0] sunxi-mmc 4021000.sdmmc: smc 2 p1 err, cmd 52, RTO !!
01-01 08:00:16.932 33 33 I sunxi-mmc 4021000.sdmmc: sdc set ios:clk 400000Hz bm PP pm ON vdd 23 width 1 timing LEGACY(SDR12) dt B
01-01 08:00:16.935 33 33 I sunxi-mmc 4021000.sdmmc: sdc set ios:clk 400000Hz bm PP pm ON vdd 23 width 1 timing LEGACY(SDR12) dt B
06-25 14:28:12.922 358 472 D MediaCodecList: Allowing all OMX codecs
06-25 14:28:12.924 358 472 E cutils-trace: Error opening trace file: No such file or directory (2)
06-25 14:28:12.930 358 472 I OMXClient: IOmx service obtained
06-25 14:28:12.931 366 366 I OMXStore: makeComponentInstance(OMX.allwinner.video.decoder.avc) in android.hardwar process
01-01 08:00:16.950 33 33 I sunxi-mmc 4021000.sdmmc: sdc set ios:clk 400000Hz bm PP pm ON vdd 23 width 4 timing LEGACY(SDR12) dt B
01-01 08:00:16.952 33 33 I sunxi-mmc 4021000.sdmmc: sdc set ios:clk 400000Hz bm PP pm ON vdd 23 width 4 timing UHS-SDR104 dt B
01-01 08:00:16.952 33 33 I sunxi-mmc 4021000.sdmmc: sdc set ios:clk 150000000Hz bm PP pm ON vdd 23 width 4 timing UHS-SDR104 dt B
06-25 14:28:12.940 321 323 D XM_HIDREAD: add@ add@/devices/platform/soc@3000000/4021000.sdmmc/mmc_host/mmc2/mmc2:8800
06-25 14:28:12.941 321 323 D XM_HIDREAD: add@ add@/devices/platform/soc@3000000/4021000.sdmmc/mmc_host/mmc2/mmc2:8800/mmc2:8800:1
06-25 14:28:12.942 366 366 I omx_vdec_aw: : OmxDecoderCreate.
01-01 08:00:16.957 33 33 I mmc2 : new ultra high speed SDR104 SDIO card at address 8800
01-01 08:00:16.959 33 33 I sdiohal : sdiohal_probe: func->class=0, vendor=0x0000, device=0x0000, func_num=0x0001, clock=150000000, SDIOHAL_RX_RECVBUF_LEN:200,SDIOHAL_32_BIT_RX_RECVBUF_LEN:32.
01-01 08:00:16.959 33 33 I WCN : marlin_get_wcn_chipid: chipid: 0x56630001
01-01 08:00:16.959 33 33 I WCN : marlin_scan_finish!
01-01 08:00:16.959 33 33 I sdiohal : sdiohal_probe: sdio_dev_host, max_req_size=0x2000000, max_blk_count=0x2000, max_blk_size=0x1000
01-01 08:00:16.959 33 33 I sdiohal : probe ok
01-01 08:00:16.959 657 657 I sdiohal : scan end!
01-01 08:00:16.959 657 657 I WCN : then marlin start to download
01-01 08:00:16.959 180 180 I WCN : marlin_request_firmware from /vendor/etc/firmware/wcnmodem.bin start!
06-25 14:28:12.944 366 366 W omx_vdec: <__AwOmxVdecSetParameter:1561>: Set Parameter called in valid state
06-25 14:28:12.944 366 366 W omx_vdec: : pParamProfileLevel->nProfileIndex[0x3] error!
06-25 14:28:12.944 366 366 E OMXNodeInstance: getParameter(0xea6ab000:allwinner.decoder.avc, ParamVideoProfileLevelQuerySupported(0x600000f)) ERROR: BadParameter(0x80001005)
06-25 14:28:12.945 366 366 W omx_vdec: <__AwOmxVdecGetExtensionIndex:1737>: GetExtensionIndex OMX.google.android.index.describeColorFormat, err [0x80001001].
06-25 14:28:12.945 366 366 W omx_vdec: <__AwOmxVdecGetExtensionIndex:1737>: GetExtensionIndex OMX.google.android.index.describeColorFormat2, err [0x80001001].
06-25 14:28:12.945 366 366 E omx_vdec: : erro: pParamData->nIndex > m_sPortFormatType.nIndex
06-25 14:28:12.945 366 366 W omx_vdec: <__AwOmxVdecGetExtensionIndex:1737>: GetExtensionIndex OMX.google.android.index.describeColorFormat, err [0x80001001].
06-25 14:28:12.946 366 366 W omx_vdec: <__AwOmxVdecGetExtensionIndex:1737>: GetExtensionIndex OMX.google.android.index.describeColorFormat2, err [0x80001001].
06-25 14:28:12.948 366 366 E omx_vdec: : erro: pParamData->nIndex > m_sPortFormatType.nIndex
06-25 14:28:12.948 366 366 W omx_vdec: <__AwOmxVdecGetExtensionIndex:1737>: GetExtensionIndex OMX.google.android.index.describeColorFormat, err [0x80001001].
06-25 14:28:12.948 366 366 W omx_vdec: <__AwOmxVdecGetExtensionIndex:1737>: GetExtensionIndex OMX.google.android.index.describeColorFormat2, err [0x80001001].
06-25 14:28:12.949 366 366 E omx_vdec: : erro: pParamData->nIndex > m_sPortFormatType.nIndex
06-25 14:28:12.949 366 366 W omx_vdec: <__AwOmxVdecGetExtensionIndex:1737>: GetExtensionIndex OMX.google.android.index.describeColorFormat, err [0x80001001].
06-25 14:28:12.949 366 366 W omx_vdec: <__AwOmxVdecGetExtensionIndex:1737>: GetExtensionIndex OMX.google.android.index.describeColorFormat2, err [0x80001001].
01-01 08:00:16.965 180 180 I WCN : marlin_firmware_parse_image imagepack is WCNE type,need parse it
01-01 08:00:16.965 180 180 I WCN : marlin marlin_firmware_write imagepack is WCNE type,need parse it
01-01 08:00:16.965 0 0 E : [ C0] sunxi-mmc 4021000.sdmmc: smc 2 p1 err, cmd 53, WR DCE !!
06-25 14:28:12.949 366 366 E omx_vdec: : erro: pParamData->nIndex > m_sPortFormatType.nIndex
06-25 14:28:12.949 366 366 W omx_vdec: <__AwOmxVdecGetExtensionIndex:1737>: GetExtensionIndex OMX.google.android.index.describeColorFormat, err [0x80001001].
06-25 14:28:12.949 366 366 W omx_vdec: <__AwOmxVdecGetExtensionIndex:1737>: GetExtensionIndex OMX.google.android.index.describeColorFormat2, err [0x80001001].
06-25 14:28:12.949 366 366 E omx_vdec: : erro: pParamData->nIndex > m_sPortFormatType.nIndex
06-25 14:28:12.950 366 366 W omx_vdec: <__AwOmxVdecGetExtensionIndex:1737>: GetExtensionIndex OMX.google.android.index.describeColorFormat, err [0x80001001].
06-25 14:28:12.950 366 366 W omx_vdec: <__AwOmxVdecGetExtensionIndex:1737>: GetExtensionIndex OMX.google.android.index.describeColorFormat2, err [0x80001001].
06-25 14:28:12.950 366 366 E omx_vdec: : erro: pParamData->nIndex > m_sPortFormatType.nIndex
06-25 14:28:12.950 366 366 W omx_vdec: <__AwOmxVdecGetExtensionIndex:1737>: GetExtensionIndex OMX.google.android.index.describeColorFormat, err [0x80001001].
06-25 14:28:12.950 366 366 W omx_vdec: <__AwOmxVdecGetExtensionIndex:1737>: GetExtensionIndex OMX.google.android.index.describeColorFormat2, err [0x80001001].
06-25 14:28:12.950 366 366 E omx_vdec: : erro: pParamData->nIndex > m_sPortFormatType.nIndex
06-25 14:28:12.950 366 366 W omx_vdec: <__AwOmxVdecGetExtensionIndex:1737>: GetExtensionIndex OMX.google.android.index.describeColorFormat, err [0x80001001].
06-25 14:28:12.950 366 366 W omx_vdec: <__AwOmxVdecGetExtensionIndex:1737>: GetExtensionIndex OMX.google.android.index.describeColorFormat2, err [0x80001001].
06-25 14:28:12.951 366 366 E omx_vdec: : erro: pParamData->nIndex > m_sPortFormatType.nIndex
06-25 14:28:12.951 366 366 W omx_vdec: <__AwOmxVdecGetExtensionIndex:1737>: GetExtensionIndex OMX.google.android.index.describeColorFormat, err [0x80001001].
06-25 14:28:12.951 366 366 W omx_vdec: <__AwOmxVdecGetExtensionIndex:1737>: GetExtensionIndex OMX.google.android.index.describeColorFormat2, err [0x80001001].
06-25 14:28:12.951 366 366 E omx_vdec: : erro: pParamData->nIndex > m_sPortFormatType.nIndex
06-25 14:28:12.951 366 366 W omx_vdec: <__AwOmxVdecGetExtensionIndex:1737>: GetExtensionIndex OMX.google.android.index.describeColorFormat, err [0x80001001].
06-25 14:28:12.951 366 366 W omx_vdec: <__AwOmxVdecGetExtensionIndex:1737>: GetExtensionIndex OMX.google.android.index.describeColorFormat2, err [0x80001001].
06-25 14:28:12.951 366 366 E omx_vdec: : erro: pParamData->nIndex > m_sPortFormatType.nIndex
06-25 14:28:12.951 366 366 W omx_vdec: <__AwOmxVdecGetExtensionIndex:1737>: GetExtensionIndex OMX.google.android.index.describeColorFormat, err [0x80001001].
06-25 14:28:12.951 366 366 W omx_vdec: <__AwOmxVdecGetExtensionIndex:1737>: GetExtensionIndex OMX.google.android.index.describeColorFormat2, err [0x80001001].
06-25 14:28:12.951 366 366 E omx_vdec: : erro: pParamData->nIndex > m_sPortFormatType.nIndex
06-25 14:28:12.951 366 366 W omx_vdec: <__AwOmxVdecGetExtensionIndex:1737>: GetExtensionIndex OMX.google.android.index.describeColorFormat, err [0x80001001].
06-25 14:28:12.951 366 366 W omx_vdec: <__AwOmxVdecGetExtensionIndex:1737>: GetExtensionIndex OMX.google.android.index.describeColorFormat2, err [0x80001001].
06-25 14:28:12.952 366 366 E omx_vdec: : erro: pParamData->nIndex > m_sPortFormatType.nIndex
06-25 14:28:12.952 366 366 W omx_vdec: <__AwOmxVdecGetExtensionIndex:1737>: GetExtensionIndex OMX.google.android.index.describeColorFormat, err [0x80001001].
06-25 14:28:12.952 366 366 W omx_vdec: <__AwOmxVdecGetExtensionIndex:1737>: GetExtensionIndex OMX.google.android.index.describeColorFormat2, err [0x80001001].
06-25 14:28:12.952 366 366 E omx_vdec: : erro: pParamData->nIndex > m_sPortFormatType.nIndex
06-25 14:28:12.952 366 366 W omx_vdec: <__AwOmxVdecGetExtensionIndex:1737>: GetExtensionIndex OMX.google.android.index.describeColorFormat, err [0x80001001].
06-25 14:28:12.952 366 366 W omx_vdec: <__AwOmxVdecGetExtensionIndex:1737>: GetExtensionIndex OMX.google.android.index.describeColorFormat2, err [0x80001001].
06-25 14:28:12.952 366 366 E omx_vdec: : erro: pParamData->nIndex > m_sPortFormatType.nIndex
06-25 14:28:12.952 366 366 W omx_vdec: <__AwOmxVdecGetExtensionIndex:1737>: GetExtensionIndex OMX.google.android.index.describeColorFormat, err [0x80001001].
06-25 14:28:12.952 366 366 W omx_vdec: <__AwOmxVdecGetExtensionIndex:1737>: GetExtensionIndex OMX.google.android.index.describeColorFormat2, err [0x80001001].
06-25 14:28:12.952 366 366 E omx_vdec: : erro: pParamData->nIndex > m_sPortFormatType.nIndex
06-25 14:28:12.952 366 366 W omx_vdec: <__AwOmxVdecGetExtensionIndex:1737>: GetExtensionIndex OMX.google.android.index.describeColorFormat, err [0x80001001].
06-25 14:28:12.953 366 366 W omx_vdec: <__AwOmxVdecGetExtensionIndex:1737>: GetExtensionIndex OMX.google.android.index.describeColorFormat2, err [0x80001001].
06-25 14:28:12.953 366 366 E omx_vdec: : erro: pParamData->nIndex > m_sPortFormatType.nIndex
06-25 14:28:12.953 366 366 W omx_vdec: <__AwOmxVdecGetExtensionIndex:1737>: GetExtensionIndex OMX.google.android.index.describeColorFormat, err [0x80001001].
06-25 14:28:12.953 366 366 W omx_vdec: <__AwOmxVdecGetExtensionIndex:1737>: GetExtensionIndex OMX.google.android.index.describeColorFormat2, err [0x80001001].
06-25 14:28:12.953 366 366 E omx_vdec: : erro: pParamData->nIndex > m_sPortFormatType.nIndex
06-25 14:28:12.953 366 366 W omx_vdec: <__AwOmxVdecGetExtensionIndex:1737>: GetExtensionIndex OMX.google.android.index.describeColorFormat, err [0x80001001].
06-25 14:28:12.953 366 366 W omx_vdec: <__AwOmxVdecGetExtensionIndex:1737>: GetExtensionIndex OMX.google.android.index.describeColorFormat2, err [0x80001001].
06-25 14:28:12.953 366 366 E omx_vdec: : erro: pParamData->nIndex > m_sPortFormatType.nIndex
06-25 14:28:12.953 366 366 W omx_vdec: <__AwOmxVdecGetExtensionIndex:1737>: GetExtensionIndex OMX.google.android.index.describeColorFormat, err [0x80001001].
06-25 14:28:12.953 366 366 W omx_vdec: <__AwOmxVdecGetExtensionIndex:1737>: GetExtensionIndex OMX.google.android.index.describeColorFormat2, err [0x80001001].
06-25 14:28:12.954 366 366 E omx_vdec: : erro: pParamData->nIndex > m_sPortFormatType.nIndex
06-25 14:28:12.954 366 366 W omx_vdec: <__AwOmxVdecGetExtensionIndex:1737>: GetExtensionIndex OMX.google.android.index.describeColorFormat, err [0x80001001].
06-25 14:28:12.954 366 366 W omx_vdec: <__AwOmxVdecGetExtensionIndex:1737>: GetExtensionIndex OMX.google.android.index.describeColorFormat2, err [0x80001001].
06-25 14:28:12.954 366 366 E omx_vdec: : erro: pParamData->nIndex > m_sPortFormatType.nIndex
06-25 14:28:12.954 366 366 W omx_vdec: <__AwOmxVdecGetExtensionIndex:1737>: GetExtensionIndex OMX.google.android.index.describeColorFormat, err [0x80001001].
06-25 14:28:12.954 366 366 W omx_vdec: <__AwOmxVdecGetExtensionIndex:1737>: GetExtensionIndex OMX.google.android.index.describeColorFormat2, err [0x80001001].
06-25 14:28:12.954 366 366 E omx_vdec: : erro: pParamData->nIndex > m_sPortFormatType.nIndex
06-25 14:28:12.954 366 366 W omx_vdec: <__AwOmxVdecGetExtensionIndex:1737>: GetExtensionIndex OMX.google.android.index.describeColorFormat, err [0x80001001].
06-25 14:28:12.954 366 366 W omx_vdec: <__AwOmxVdecGetExtensionIndex:1737>: GetExtensionIndex OMX.google.android.index.describeColorFormat2, err [0x80001001].
06-25 14:28:12.954 366 366 E omx_vdec: : erro: pParamData->nIndex > m_sPortFormatType.nIndex
06-25 14:28:12.954 366 366 W omx_vdec: <__AwOmxVdecGetExtensionIndex:1737>: GetExtensionIndex OMX.google.android.index.describeColorFormat, err [0x80001001].
06-25 14:28:12.955 366 366 W omx_vdec: <__AwOmxVdecGetExtensionIndex:1737>: GetExtensionIndex OMX.google.android.index.describeColorFormat2, err [0x80001001].
06-25 14:28:12.955 366 366 E omx_vdec: : erro: pParamData->nIndex > m_sPortFormatType.nIndex
06-25 14:28:12.955 366 366 W omx_vdec: <__AwOmxVdecGetExtensionIndex:1737>: GetExtensionIndex OMX.google.android.index.describeColorFormat, err [0x80001001].
06-25 14:28:12.955 366 366 W omx_vdec: <__AwOmxVdecGetExtensionIndex:1737>: GetExtensionIndex OMX.google.android.index.describeColorFormat2, err [0x80001001].
06-25 14:28:12.955 366 366 E omx_vdec: : erro: pParamData->nIndex > m_sPortFormatType.nIndex
06-25 14:28:12.955 366 366 W omx_vdec: <__AwOmxVdecGetExtensionIndex:1737>: GetExtensionIndex OMX.google.android.index.describeColorFormat, err [0x80001001].
06-25 14:28:12.955 366 366 W omx_vdec: <__AwOmxVdecGetExtensionIndex:1737>: GetExtensionIndex OMX.google.android.index.describeColorFormat2, err [0x80001001].
06-25 14:28:12.955 366 366 E omx_vdec: : erro: pParamData->nIndex > m_sPortFormatType.nIndex
06-25 14:28:12.955 366 366 W omx_vdec: <__AwOmxVdecGetExtensionIndex:1737>: GetExtensionIndex OMX.google.android.index.describeColorFormat, err [0x80001001].
06-25 14:28:12.955 366 366 W omx_vdec: <__AwOmxVdecGetExtensionIndex:1737>: GetExtensionIndex OMX.google.android.index.describeColorFormat2, err [0x80001001].
06-25 14:28:12.955 366 366 E omx_vdec: : erro: pParamData->nIndex > m_sPortFormatType.nIndex
06-25 14:28:12.955 366 366 W omx_vdec: <__AwOmxVdecGetExtensionIndex:1737>: GetExtensionIndex OMX.google.android.index.describeColorFormat, err [0x80001001].
06-25 14:28:12.956 366 366 W omx_vdec: <__AwOmxVdecGetExtensionIndex:1737>: GetExtensionIndex OMX.google.android.index.describeColorFormat2, err [0x80001001].
06-25 14:28:12.956 366 366 E omx_vdec: : erro: pParamData->nIndex > m_sPortFormatType.nIndex
06-25 14:28:12.956 366 366 W omx_vdec: <__AwOmxVdecGetExtensionIndex:1737>: GetExtensionIndex OMX.google.android.index.describeColorFormat, err [0x80001001].
06-25 14:28:12.956 366 366 W omx_vdec: <__AwOmxVdecGetExtensionIndex:1737>: GetExtensionIndex OMX.google.android.index.describeColorFormat2, err [0x80001001].
06-25 14:28:12.956 366 366 E omx_vdec: : erro: pParamData->nIndex > m_sPortFormatType.nIndex
06-25 14:28:12.956 366 366 W omx_vdec: <__AwOmxVdecGetExtensionIndex:1737>: GetExtensionIndex OMX.google.android.index.describeColorFormat, err [0x80001001].
06-25 14:28:12.956 366 366 W omx_vdec: <__AwOmxVdecGetExtensionIndex:1737>: GetExtensionIndex OMX.google.android.index.describeColorFormat2, err [0x80001001].
06-25 14:28:12.956 366 366 E omx_vdec: : erro: pParamData->nIndex > m_sPortFormatType.nIndex
06-25 14:28:12.956 366 366 W omx_vdec: <__AwOmxVdecGetExtensionIndex:1737>: GetExtensionIndex OMX.google.android.index.describeColorFormat, err [0x80001001].
06-25 14:28:12.956 366 366 W omx_vdec: <__AwOmxVdecGetExtensionIndex:1737>: GetExtensionIndex OMX.google.android.index.describeColorFormat2, err [0x80001001].
06-25 14:28:12.957 366 366 E omx_vdec: : erro: pParamData->nIndex > m_sPortFormatType.nIndex
06-25 14:28:12.957 366 366 W omx_vdec: <__AwOmxVdecGetExtensionIndex:1737>: GetExtensionIndex OMX.google.android.index.describeColorFormat, err [0x80001001].
06-25 14:28:12.957 366 366 W omx_vdec: <__AwOmxVdecGetExtensionIndex:1737>: GetExtensionIndex OMX.google.android.index.describeColorFormat2, err [0x80001001].
06-25 14:28:12.957 366 366 E omx_vdec: : erro: pParamData->nIndex > m_sPortFormatType.nIndex
06-25 14:28:12.957 366 366 W omx_vdec: <__AwOmxVdecGetExtensionIndex:1737>: GetExtensionIndex OMX.google.android.index.describeColorFormat, err [0x80001001].
06-25 14:28:12.957 366 366 W omx_vdec: <__AwOmxVdecGetExtensionIndex:1737>: GetExtensionIndex OMX.google.android.index.describeColorFormat2, err [0x80001001].
06-25 14:28:12.957 366 366 E omx_vdec: : erro: pParamData->nIndex > m_sPortFormatType.nIndex
06-25 14:28:12.957 366 366 W omx_vdec: <__AwOmxVdecGetExtensionIndex:1737>: GetExtensionIndex OMX.google.android.index.describeColorFormat, err [0x80001001].
06-25 14:28:12.957 366 366 W omx_vdec: <__AwOmxVdecGetExtensionIndex:1737>: GetExtensionIndex OMX.google.android.index.describeColorFormat2, err [0x80001001].
06-25 14:28:12.958 358 472 W ACodec : [OMX.allwinner.video.decoder.avc] stopping checking formats after 32: COLOR_FormatYUV420Planar(13)
06-25 14:28:12.958 366 366 W omx_vdec: <__AwOmxVdecGetExtensionIndex:1737>: GetExtensionIndex OMX.google.android.index.configureVideoTunnelMode, err [0x80001001].
06-25 14:28:12.958 366 366 E OMXNodeInstance: getExtensionIndex(0xea6ab000:allwinner.decoder.avc, OMX.google.android.index.configureVideoTunnelMode) ERROR: Undefined(0x80001001)
06-25 14:28:12.958 358 472 D MediaCodecInfo: detail feature-tunneled-playback wasn't present to remove
06-25 14:28:12.958 366 366 W omx_vdec: <__AwOmxVdecGetExtensionIndex:1737>: GetExtensionIndex OMX.google.android.index.storeANWBufferInMetadata, err [0x80001001].
06-25 14:28:12.958 366 366 W omx_vdec_aw: <__anSetExtPara:3011>: Setparameter: unknown param 2131755011
06-25 14:28:12.958 366 366 W OMXNodeInstance: [0xea6ab000:allwinner.decoder.avc] component does not support metadata mode; using fallback
06-25 14:28:12.958 366 708 W libc : invalid pthread_t (0) passed to pthread_join
06-25 14:28:12.958 366 708 W libc : invalid pthread_t (0) passed to pthread_join
06-25 14:28:12.958 366 708 W libc : invalid pthread_t (0) passed to pthread_join
06-25 14:28:12.961 358 472 I OMXClient: IOmx service obtained
06-25 14:28:12.961 366 366 I OMXStore: makeComponentInstance(OMX.allwinner.video.decoder.avc.secure) in android.hardwar process
01-01 08:00:16.973 132 132 I sunxi-mmc 4021000.sdmmc: *****retry:start*****
01-01 08:00:16.973 132 132 I sunxi-mmc 4021000.sdmmc: REG_DRV_DL: 0x00010000
01-01 08:00:16.973 132 132 I sunxi-mmc 4021000.sdmmc: REG_SD_NTSR: 0x81710000
01-01 08:00:16.973 132 132 I sunxi-mmc 4021000.sdmmc: *****retry:re-send cmd*****
01-01 08:00:16.974 0 0 E : [ C0] sunxi-mmc 4021000.sdmmc: smc 2 p1 err, cmd 53, WR DCE !!
01-01 08:00:16.982 132 132 I sunxi-mmc 4021000.sdmmc: *****retry:start*****
01-01 08:00:16.982 132 132 I sunxi-mmc 4021000.sdmmc: REG_DRV_DL: 0x00010000
01-01 08:00:16.982 132 132 I sunxi-mmc 4021000.sdmmc: REG_SD_NTSR: 0x81710000
01-01 08:00:16.982 132 132 I sunxi-mmc 4021000.sdmmc: *****retry:re-send cmd*****
01-01 08:00:16.982 0 0 E : [ C0] sunxi-mmc 4021000.sdmmc: smc 2 p1 err, cmd 53, WR DCE !!
06-25 14:28:12.966 366 366 E omx_vdec: : This platform does not support secure video playback
06-25 14:28:12.966 366 366 E omx_sem : : handle is null
06-25 14:28:12.966 366 366 E omx_sem : : handle is null
06-25 14:28:12.966 366 366 E omx_sem : : handle is null
06-25 14:28:12.966 366 366 E omx_sem : : handle is null
06-25 14:28:12.966 366 366 E omx_sem : : handle is null
06-25 14:28:12.966 366 366 W omx_vdec_aw: : pdec is null
06-25 14:28:12.966 366 366 E android.hardware.media.omx@1.0-service: Failed to allocate omx component 'OMX.allwinner.video.decoder.avc.secure' err=InvalidComponentName(0x80001002)
06-25 14:28:12.967 358 472 W OmxInfoBuilder: Fail to add media type video/avc to codec OMX.allwinner.video.decoder.avc.secure
06-25 14:28:12.968 358 472 I OMXClient: IOmx service obtained
06-25 14:28:12.968 366 366 I OMXStore: makeComponentInstance(OMX.allwinner.video.decoder.hevc) in android.hardwar process
06-25 14:28:12.969 366 366 I omx_vdec_aw: : OmxDecoderCreate.
06-25 14:28:12.969 366 366 W omx_vdec: <__AwOmxVdecSetParameter:1561>: Set Parameter called in valid state
06-25 14:28:12.970 366 366 W omx_vdec: : pParamProfileLevel->nProfileIndex[0x1] error!
06-25 14:28:12.970 366 366 E OMXNodeInstance: getParameter(0xea6ab000:allwinner.decoder.hevc, ParamVideoProfileLevelQuerySupported(0x600000f)) ERROR: BadParameter(0x80001005)
06-25 14:28:12.970 366 366 W omx_vdec: <__AwOmxVdecGetExtensionIndex:1737>: GetExtensionIndex OMX.google.android.index.describeColorFormat, err [0x80001001].
06-25 14:28:12.970 366 366 W omx_vdec: <__AwOmxVdecGetExtensionIndex:1737>: GetExtensionIndex OMX.google.android.index.describeColorFormat2, err [0x80001001].
06-25 14:28:12.970 366 366 E omx_vdec: : erro: pParamData->nIndex > m_sPortFormatType.nIndex
06-25 14:28:12.970 366 366 W omx_vdec: <__AwOmxVdecGetExtensionIndex:1737>: GetExtensionIndex OMX.google.android.index.describeColorFormat, err [0x80001001].
06-25 14:28:12.970 366 366 W omx_vdec: <__AwOmxVdecGetExtensionIndex:1737>: GetExtensionIndex OMX.google.android.index.describeColorFormat2, err [0x80001001].
06-25 14:28:12.970 366 366 E omx_vdec: : erro: pParamData->nIndex > m_sPortFormatType.nIndex
06-25 14:28:12.971 366 366 W omx_vdec: <__AwOmxVdecGetExtensionIndex:1737>: GetExtensionIndex OMX.google.android.index.describeColorFormat, err [0x80001001].
06-25 14:28:12.971 366 366 W omx_vdec: <__AwOmxVdecGetExtensionIndex:1737>: GetExtensionIndex OMX.google.android.index.describeColorFormat2, err [0x80001001].
06-25 14:28:12.971 366 366 E omx_vdec: : erro: pParamData->nIndex > m_sPortFormatType.nIndex
06-25 14:28:12.971 366 366 W omx_vdec: <__AwOmxVdecGetExtensionIndex:1737>: GetExtensionIndex OMX.google.android.index.describeColorFormat, err [0x80001001].
06-25 14:28:12.971 366 366 W omx_vdec: <__AwOmxVdecGetExtensionIndex:1737>: GetExtensionIndex OMX.google.android.index.describeColorFormat2, err [0x80001001].
06-25 14:28:12.971 366 366 E omx_vdec: : erro: pParamData->nIndex > m_sPortFormatType.nIndex
06-25 14:28:12.971 366 366 W omx_vdec: <__AwOmxVdecGetExtensionIndex:1737>: GetExtensionIndex OMX.google.android.index.describeColorFormat, err [0x80001001].
06-25 14:28:12.971 366 366 W omx_vdec: <__AwOmxVdecGetExtensionIndex:1737>: GetExtensionIndex OMX.google.android.index.describeColorFormat2, err [0x80001001].
06-25 14:28:12.971 366 366 E omx_vdec: : erro: pParamData->nIndex > m_sPortFormatType.nIndex
06-25 14:28:12.971 366 366 W omx_vdec: <__AwOmxVdecGetExtensionIndex:1737>: GetExtensionIndex OMX.google.android.index.describeColorFormat, err [0x80001001].
06-25 14:28:12.972 366 366 W omx_vdec: <__AwOmxVdecGetExtensionIndex:1737>: GetExtensionIndex OMX.google.android.index.describeColorFormat2, err [0x80001001].
06-25 14:28:12.972 366 366 E omx_vdec: : erro: pParamData->nIndex > m_sPortFormatType.nIndex
06-25 14:28:12.972 366 366 W omx_vdec: <__AwOmxVdecGetExtensionIndex:1737>: GetExtensionIndex OMX.google.android.index.describeColorFormat, err [0x80001001].
06-25 14:28:12.972 366 366 W omx_vdec: <__AwOmxVdecGetExtensionIndex:1737>: GetExtensionIndex OMX.google.android.index.describeColorFormat2, err [0x80001001].
06-25 14:28:12.972 366 366 E omx_vdec: : erro: pParamData->nIndex > m_sPortFormatType.nIndex
06-25 14:28:12.972 366 407 W omx_vdec: <__AwOmxVdecGetExtensionIndex:1737>: GetExtensionIndex OMX.google.android.index.describeColorFormat, err [0x80001001].
06-25 14:28:12.972 366 407 W omx_vdec: <__AwOmxVdecGetExtensionIndex:1737>: GetExtensionIndex OMX.google.android.index.describeColorFormat2, err [0x80001001].
06-25 14:28:12.973 366 407 E omx_vdec: : erro: pParamData->nIndex > m_sPortFormatType.nIndex
06-25 14:28:12.973 366 407 W omx_vdec: <__AwOmxVdecGetExtensionIndex:1737>: GetExtensionIndex OMX.google.android.index.describeColorFormat, err [0x80001001].
06-25 14:28:12.973 366 407 W omx_vdec: <__AwOmxVdecGetExtensionIndex:1737>: GetExtensionIndex OMX.google.android.index.describeColorFormat2, err [0x80001001].
06-25 14:28:12.973 366 407 E omx_vdec: : erro: pParamData->nIndex > m_sPortFormatType.nIndex
06-25 14:28:12.973 366 407 W omx_vdec: <__AwOmxVdecGetExtensionIndex:1737>: GetExtensionIndex OMX.google.android.index.describeColorFormat, err [0x80001001].
06-25 14:28:12.973 366 407 W omx_vdec: <__AwOmxVdecGetExtensionIndex:1737>: GetExtensionIndex OMX.google.android.index.describeColorFormat2, err [0x80001001].
06-25 14:28:12.973 366 407 E omx_vdec: : erro: pParamData->nIndex > m_sPortFormatType.nIndex
06-25 14:28:12.973 366 407 W omx_vdec: <__AwOmxVdecGetExtensionIndex:1737>: GetExtensionIndex OMX.google.android.index.describeColorFormat, err [0x80001001].
06-25 14:28:12.974 366 407 W omx_vdec: <__AwOmxVdecGetExtensionIndex:1737>: GetExtensionIndex OMX.google.android.index.describeColorFormat2, err [0x80001001].
06-25 14:28:12.974 366 407 E omx_vdec: : erro: pParamData->nIndex > m_sPortFormatType.nIndex
06-25 14:28:12.974 366 407 W omx_vdec: <__AwOmxVdecGetExtensionIndex:1737>: GetExtensionIndex OMX.google.android.index.describeColorFormat, err [0x80001001].
06-25 14:28:12.974 366 407 W omx_vdec: <__AwOmxVdecGetExtensionIndex:1737>: GetExtensionIndex OMX.google.android.index.describeColorFormat2, err [0x80001001].
06-25 14:28:12.974 366 407 E omx_vdec: : erro: pParamData->nIndex > m_sPortFormatType.nIndex
06-25 14:28:12.974 366 407 W omx_vdec: <__AwOmxVdecGetExtensionIndex:1737>: GetExtensionIndex OMX.google.android.index.describeColorFormat, err [0x80001001].
06-25 14:28:12.974 366 407 W omx_vdec: <__AwOmxVdecGetExtensionIndex:1737>: GetExtensionIndex OMX.google.android.index.describeColorFormat2, err [0x80001001].
06-25 14:28:12.974 366 407 E omx_vdec: : erro: pParamData->nIndex > m_sPortFormatType.nIndex
06-25 14:28:12.974 366 407 W omx_vdec: <__AwOmxVdecGetExtensionIndex:1737>: GetExtensionIndex OMX.google.android.index.describeColorFormat, err [0x80001001].
06-25 14:28:12.975 366 407 W omx_vdec: <__AwOmxVdecGetExtensionIndex:1737>: GetExtensionIndex OMX.google.android.index.describeColorFormat2, err [0x80001001].
06-25 14:28:12.975 366 407 E omx_vdec: : erro: pParamData->nIndex > m_sPortFormatType.nIndex
06-25 14:28:12.975 366 407 W omx_vdec: <__AwOmxVdecGetExtensionIndex:1737>: GetExtensionIndex OMX.google.android.index.describeColorFormat, err [0x80001001].
06-25 14:28:12.975 366 407 W omx_vdec: <__AwOmxVdecGetExtensionIndex:1737>: GetExtensionIndex OMX.google.android.index.describeColorFormat2, err [0x80001001].
06-25 14:28:12.975 366 407 E omx_vdec: : erro: pParamData->nIndex > m_sPortFormatType.nIndex
06-25 14:28:12.975 366 407 W omx_vdec: <__AwOmxVdecGetExtensionIndex:1737>: GetExtensionIndex OMX.google.android.index.describeColorFormat, err [0x80001001].
06-25 14:28:12.975 366 407 W omx_vdec: <__AwOmxVdecGetExtensionIndex:1737>: GetExtensionIndex OMX.google.android.index.describeColorFormat2, err [0x80001001].
06-25 14:28:12.975 366 407 E omx_vdec: : erro: pParamData->nIndex > m_sPortFormatType.nIndex
06-25 14:28:12.975 366 407 W omx_vdec: <__AwOmxVdecGetExtensionIndex:1737>: GetExtensionIndex OMX.google.android.index.describeColorFormat, err [0x80001001].
06-25 14:28:12.976 366 407 W omx_vdec: <__AwOmxVdecGetExtensionIndex:1737>: GetExtensionIndex OMX.google.android.index.describeColorFormat2, err [0x80001001].
06-25 14:28:12.976 366 407 E omx_vdec: : erro: pParamData->nIndex > m_sPortFormatType.nIndex
06-25 14:28:12.976 366 407 W omx_vdec: <__AwOmxVdecGetExtensionIndex:1737>: GetExtensionIndex OMX.google.android.index.describeColorFormat, err [0x80001001].
06-25 14:28:12.976 366 407 W omx_vdec: <__AwOmxVdecGetExtensionIndex:1737>: GetExtensionIndex OMX.google.android.index.describeColorFormat2, err [0x80001001].
06-25 14:28:12.976 366 407 E omx_vdec: : erro: pParamData->nIndex > m_sPortFormatType.nIndex
06-25 14:28:12.976 366 407 W omx_vdec: <__AwOmxVdecGetExtensionIndex:1737>: GetExtensionIndex OMX.google.android.index.describeColorFormat, err [0x80001001].
06-25 14:28:12.976 366 407 W omx_vdec: <__AwOmxVdecGetExtensionIndex:1737>: GetExtensionIndex OMX.google.android.index.describeColorFormat2, err [0x80001001].
06-25 14:28:12.976 366 407 E omx_vdec: : erro: pParamData->nIndex > m_sPortFormatType.nIndex
06-25 14:28:12.976 366 407 W omx_vdec: <__AwOmxVdecGetExtensionIndex:1737>: GetExtensionIndex OMX.google.android.index.describeColorFormat, err [0x80001001].
06-25 14:28:12.977 366 407 W omx_vdec: <__AwOmxVdecGetExtensionIndex:1737>: GetExtensionIndex OMX.google.android.index.describeColorFormat2, err [0x80001001].
06-25 14:28:12.977 366 407 E omx_vdec: : erro: pParamData->nIndex > m_sPortFormatType.nIndex
06-25 14:28:12.977 366 407 W omx_vdec: <__AwOmxVdecGetExtensionIndex:1737>: GetExtensionIndex OMX.google.android.index.describeColorFormat, err [0x80001001].
06-25 14:28:12.977 366 407 W omx_vdec: <__AwOmxVdecGetExtensionIndex:1737>: GetExtensionIndex OMX.google.android.index.describeColorFormat2, err [0x80001001].
06-25 14:28:12.977 366 407 E omx_vdec: : erro: pParamData->nIndex > m_sPortFormatType.nIndex
06-25 14:28:12.977 366 407 W omx_vdec: <__AwOmxVdecGetExtensionIndex:1737>: GetExtensionIndex OMX.google.android.index.describeColorFormat, err [0x80001001].
06-25 14:28:12.977 366 407 W omx_vdec: <__AwOmxVdecGetExtensionIndex:1737>: GetExtensionIndex OMX.google.android.index.describeColorFormat2, err [0x80001001].
06-25 14:28:12.977 366 407 E omx_vdec: : erro: pParamData->nIndex > m_sPortFormatType.nIndex
06-25 14:28:12.978 366 407 W omx_vdec: <__AwOmxVdecGetExtensionIndex:1737>: GetExtensionIndex OMX.google.android.index.describeColorFormat, err [0x80001001].
06-25 14:28:12.978 366 407 W omx_vdec: <__AwOmxVdecGetExtensionIndex:1737>: GetExtensionIndex OMX.google.android.index.describeColorFormat2, err [0x80001001].
06-25 14:28:12.978 366 407 E omx_vdec: : erro: pParamData->nIndex > m_sPortFormatType.nIndex
06-25 14:28:12.978 366 407 W omx_vdec: <__AwOmxVdecGetExtensionIndex:1737>: GetExtensionIndex OMX.google.android.index.describeColorFormat, err [0x80001001].
06-25 14:28:12.978 366 407 W omx_vdec: <__AwOmxVdecGetExtensionIndex:1737>: GetExtensionIndex OMX.google.android.index.describeColorFormat2, err [0x80001001].
06-25 14:28:12.978 366 407 E omx_vdec: : erro: pParamData->nIndex > m_sPortFormatType.nIndex
06-25 14:28:12.978 366 407 W omx_vdec: <__AwOmxVdecGetExtensionIndex:1737>: GetExtensionIndex OMX.google.android.index.describeColorFormat, err [0x80001001].
06-25 14:28:12.979 366 407 W omx_vdec: <__AwOmxVdecGetExtensionIndex:1737>: GetExtensionIndex OMX.google.android.index.describeColorFormat2, err [0x80001001].
06-25 14:28:12.979 366 407 E omx_vdec: : erro: pParamData->nIndex > m_sPortFormatType.nIndex
06-25 14:28:12.979 366 407 W omx_vdec: <__AwOmxVdecGetExtensionIndex:1737>: GetExtensionIndex OMX.google.android.index.describeColorFormat, err [0x80001001].
06-25 14:28:12.979 366 407 W omx_vdec: <__AwOmxVdecGetExtensionIndex:1737>: GetExtensionIndex OMX.google.android.index.describeColorFormat2, err [0x80001001].
06-25 14:28:12.979 366 407 E omx_vdec: : erro: pParamData->nIndex > m_sPortFormatType.nIndex
06-25 14:28:12.979 366 407 W omx_vdec: <__AwOmxVdecGetExtensionIndex:1737>: GetExtensionIndex OMX.google.android.index.describeColorFormat, err [0x80001001].
06-25 14:28:12.979 366 407 W omx_vdec: <__AwOmxVdecGetExtensionIndex:1737>: GetExtensionIndex OMX.google.android.index.describeColorFormat2, err [0x80001001].
06-25 14:28:12.979 366 407 E omx_vdec: : erro: pParamData->nIndex > m_sPortFormatType.nIndex
06-25 14:28:12.979 366 407 W omx_vdec: <__AwOmxVdecGetExtensionIndex:1737>: GetExtensionIndex OMX.google.android.index.describeColorFormat, err [0x80001001].
06-25 14:28:12.980 366 407 W omx_vdec: <__AwOmxVdecGetExtensionIndex:1737>: GetExtensionIndex OMX.google.android.index.describeColorFormat2, err [0x80001001].
06-25 14:28:12.980 366 407 E omx_vdec: : erro: pParamData->nIndex > m_sPortFormatType.nIndex
06-25 14:28:12.980 366 407 W omx_vdec: <__AwOmxVdecGetExtensionIndex:1737>: GetExtensionIndex OMX.google.android.index.describeColorFormat, err [0x80001001].
06-25 14:28:12.980 366 407 W omx_vdec: <__AwOmxVdecGetExtensionIndex:1737>: GetExtensionIndex OMX.google.android.index.describeColorFormat2, err [0x80001001].
06-25 14:28:12.980 366 407 E omx_vdec: : erro: pParamData->nIndex > m_sPortFormatType.nIndex
06-25 14:28:12.980 366 407 W omx_vdec: <__AwOmxVdecGetExtensionIndex:1737>: GetExtensionIndex OMX.google.android.index.describeColorFormat, err [0x80001001].
06-25 14:28:12.980 366 407 W omx_vdec: <__AwOmxVdecGetExtensionIndex:1737>: GetExtensionIndex OMX.google.android.index.describeColorFormat2, err [0x80001001].
01-01 08:00:16.990 132 132 I sunxi-mmc 4021000.sdmmc: *****retry:start*****
06-25 14:28:12.980 366 407 E omx_vdec: : erro: pParamData->nIndex > m_sPortFormatType.nIndex
06-25 14:28:12.981 366 366 W omx_vdec: <__AwOmxVdecGetExtensionIndex:1737>: GetExtensionIndex OMX.google.android.index.describeColorFormat, err [0x80001001].
06-25 14:28:12.981 366 366 W omx_vdec: <__AwOmxVdecGetExtensionIndex:1737>: GetExtensionIndex OMX.google.android.index.describeColorFormat2, err [0x80001001].
01-01 08:00:16.990 132 132 I sunxi-mmc 4021000.sdmmc: REG_DRV_DL: 0x00010000
01-01 08:00:16.990 132 132 I sunxi-mmc 4021000.sdmmc: REG_SD_NTSR: 0x81710000
01-01 08:00:16.990 132 132 I sunxi-mmc 4021000.sdmmc: *****retry:re-send cmd*****
01-01 08:00:16.990 0 0 E : [ C0] sunxi-mmc 4021000.sdmmc: smc 2 p1 err, cmd 53, WR DCE !!
01-01 08:00:16.998 132 132 I sunxi-mmc 4021000.sdmmc: *****retry:start*****
01-01 08:00:16.998 132 132 I sunxi-mmc 4021000.sdmmc: REG_DRV_DL: 0x00030000
01-01 08:00:16.998 132 132 I sunxi-mmc 4021000.sdmmc: REG_SD_NTSR: 0x81710110
01-01 08:00:16.998 132 132 I sunxi-mmc 4021000.sdmmc: *****retry:re-send cmd*****
01-01 08:00:16.998 0 0 D : [ C0] 4,end
06-25 14:28:12.982 366 366 E omx_vdec: : erro: pParamData->nIndex > m_sPortFormatType.nIndex
06-25 14:28:12.982 366 366 W omx_vdec: <__AwOmxVdecGetExtensionIndex:1737>: GetExtensionIndex OMX.google.android.index.describeColorFormat, err [0x80001001].
06-25 14:28:12.983 366 366 W omx_vdec: <__AwOmxVdecGetExtensionIndex:1737>: GetExtensionIndex OMX.google.android.index.describeColorFormat2, err [0x80001001].
06-25 14:28:12.983 366 366 E omx_vdec: : erro: pParamData->nIndex > m_sPortFormatType.nIndex
06-25 14:28:12.983 366 366 W omx_vdec: <__AwOmxVdecGetExtensionIndex:1737>: GetExtensionIndex OMX.google.android.index.describeColorFormat, err [0x80001001].
06-25 14:28:12.983 366 366 W omx_vdec: <__AwOmxVdecGetExtensionIndex:1737>: GetExtensionIndex OMX.google.android.index.describeColorFormat2, err [0x80001001].
06-25 14:28:12.983 358 472 W ACodec : [OMX.allwinner.video.decoder.hevc] stopping checking formats after 32: COLOR_FormatYUV420Planar(13)
06-25 14:28:12.983 366 366 W omx_vdec: <__AwOmxVdecGetExtensionIndex:1737>: GetExtensionIndex OMX.google.android.index.configureVideoTunnelMode, err [0x80001001].
06-25 14:28:12.983 366 366 E OMXNodeInstance: getExtensionIndex(0xea6ab000:allwinner.decoder.hevc, OMX.google.android.index.configureVideoTunnelMode) ERROR: Undefined(0x80001001)
06-25 14:28:12.983 358 472 D MediaCodecInfo: detail feature-tunneled-playback wasn't present to remove
06-25 14:28:12.983 366 366 W omx_vdec: <__AwOmxVdecGetExtensionIndex:1737>: GetExtensionIndex OMX.google.android.index.storeANWBufferInMetadata, err [0x80001001].
06-25 14:28:12.983 366 366 W omx_vdec_aw: <__anSetExtPara:3011>: Setparameter: unknown param 2131755011
06-25 14:28:12.983 366 366 W OMXNodeInstance: [0xea6ab000:allwinner.decoder.hevc] component does not support metadata mode; using fallback
06-25 14:28:12.984 366 712 W libc : invalid pthread_t (0) passed to pthread_join
06-25 14:28:12.985 366 712 W libc : invalid pthread_t (0) passed to pthread_join
06-25 14:28:12.985 366 712 W libc : invalid pthread_t (0) passed to pthread_join
06-25 14:28:12.986 479 479 W SystemServiceManager: Service com.android.server.policy.PermissionPolicyService took 140 ms in onBootPhase
06-25 14:28:12.986 479 583 W ActivityManager: Slow operation: 129ms so far, now at attachApplicationLocked: before bindApplication
06-25 14:28:12.986 479 479 I SystemServerTiming: StartObservingNativeCrashes
06-25 14:28:12.987 479 479 I SystemServerTiming: RegisterAppOpsPolicy
06-25 14:28:12.988 479 583 D CompatibilityChangeReporter: Compat change id reported: 168419799; UID 10067; state: DISABLED
06-25 14:28:12.989 479 583 W ActivityManager: Slow operation: 131ms so far, now at attachApplicationLocked: immediately before bindApplication
06-25 14:28:12.990 358 472 I OMXClient: IOmx service obtained
06-25 14:28:12.992 366 366 I OMXStore: makeComponentInstance(OMX.allwinner.video.decoder.hevc.secure) in android.hardwar process
06-25 14:28:12.992 479 583 W ActivityManager: Slow operation: 135ms so far, now at attachApplicationLocked: immediately after bindApplication
06-25 14:28:12.992 479 583 W ActivityManager: Slow operation: 135ms so far, now at attachApplicationLocked: after updateLruProcessLocked
06-25 14:28:12.993 366 366 E omx_vdec: : This platform does not support secure video playback
06-25 14:28:12.993 366 366 E omx_sem : : handle is null
06-25 14:28:12.993 366 366 E omx_sem : : handle is null
06-25 14:28:12.993 366 366 E omx_sem : : handle is null
06-25 14:28:12.993 366 366 E omx_sem : : handle is null
06-25 14:28:12.993 366 366 E omx_sem : : handle is null
06-25 14:28:12.993 366 366 W omx_vdec_aw: : pdec is null
06-25 14:28:12.993 366 366 E android.hardware.media.omx@1.0-service: Failed to allocate omx component 'OMX.allwinner.video.decoder.hevc.secure' err=InvalidComponentName(0x80001002)
06-25 14:28:12.994 358 472 W OmxInfoBuilder: Fail to add media type video/hevc to codec OMX.allwinner.video.decoder.hevc.secure
06-25 14:28:12.996 358 472 I OMXClient: IOmx service obtained
06-25 14:28:12.997 366 366 I OMXStore: makeComponentInstance(OMX.allwinner.video.decoder.mpeg2) in android.hardwar process
06-25 14:28:12.999 366 366 I omx_vdec_aw: : OmxDecoderCreate.
06-25 14:28:13.000 479 583 W ActivityManager: Slow operation: 143ms so far, now at attachApplicationLocked: after mServices.attachApplicationLocked
06-25 14:28:13.001 366 366 W omx_vdec: <__AwOmxVdecSetParameter:1561>: Set Parameter called in valid state
06-25 14:28:13.002 680 680 D CompatibilityChangeReporter: Compat change id reported: 171979766; UID 10067; state: ENABLED
06-25 14:28:13.003 479 479 I SystemServerTiming: MakeNetworkManagementServiceReady
06-25 14:28:13.003 479 529 I SystemServerTimingAsync: InitThreadPoolExec:WebViewFactoryPreparation
06-25 14:28:13.003 479 529 D SystemServerInitThreadPool: Started executing WebViewFactoryPreparation
06-25 14:28:13.003 479 529 I SystemServer: WebViewFactoryPreparation
06-25 14:28:13.003 479 529 I SystemServerTimingAsync: WebViewFactoryPreparation
06-25 14:28:13.004 479 479 W NetworkManagement: setDataSaverMode(): already false
06-25 14:28:13.004 366 366 W omx_vdec: : pParamProfileLevel->nProfileIndex[0x2] error!
06-25 14:28:13.004 366 366 E OMXNodeInstance: getParameter(0xea6ab000:allwinner.decoder.mpeg2, ParamVideoProfileLevelQuerySupported(0x600000f)) ERROR: BadParameter(0x80001005)
06-25 14:28:13.005 366 366 W omx_vdec: <__AwOmxVdecGetExtensionIndex:1737>: GetExtensionIndex OMX.google.android.index.describeColorFormat, err [0x80001001].
06-25 14:28:13.006 366 366 W omx_vdec: <__AwOmxVdecGetExtensionIndex:1737>: GetExtensionIndex OMX.google.android.index.describeColorFormat2, err [0x80001001].
06-25 14:28:13.006 479 479 I SystemServerTiming: MakeIpSecServiceReady
06-25 14:28:13.006 366 366 E omx_vdec: : erro: pParamData->nIndex > m_sPortFormatType.nIndex
06-25 14:28:13.006 366 366 W omx_vdec: <__AwOmxVdecGetExtensionIndex:1737>: GetExtensionIndex OMX.google.android.index.describeColorFormat, err [0x80001001].
06-25 14:28:13.007 366 366 W omx_vdec: <__AwOmxVdecGetExtensionIndex:1737>: GetExtensionIndex OMX.google.android.index.describeColorFormat2, err [0x80001001].
06-25 14:28:13.007 366 366 E omx_vdec: : erro: pParamData->nIndex > m_sPortFormatType.nIndex
06-25 14:28:13.007 366 366 W omx_vdec: <__AwOmxVdecGetExtensionIndex:1737>: GetExtensionIndex OMX.google.android.index.describeColorFormat, err [0x80001001].
06-25 14:28:13.008 366 366 W omx_vdec: <__AwOmxVdecGetExtensionIndex:1737>: GetExtensionIndex OMX.google.android.index.describeColorFormat2, err [0x80001001].
06-25 14:28:13.008 366 366 E omx_vdec: : erro: pParamData->nIndex > m_sPortFormatType.nIndex
06-25 14:28:13.008 366 366 W omx_vdec: <__AwOmxVdecGetExtensionIndex:1737>: GetExtensionIndex OMX.google.android.index.describeColorFormat, err [0x80001001].
06-25 14:28:13.008 366 366 W omx_vdec: <__AwOmxVdecGetExtensionIndex:1737>: GetExtensionIndex OMX.google.android.index.describeColorFormat2, err [0x80001001].
06-25 14:28:13.009 366 366 E omx_vdec: : erro: pParamData->nIndex > m_sPortFormatType.nIndex
06-25 14:28:13.009 366 366 W omx_vdec: <__AwOmxVdecGetExtensionIndex:1737>: GetExtensionIndex OMX.google.android.index.describeColorFormat, err [0x80001001].
06-25 14:28:13.010 366 366 W omx_vdec: <__AwOmxVdecGetExtensionIndex:1737>: GetExtensionIndex OMX.google.android.index.describeColorFormat2, err [0x80001001].
06-25 14:28:13.010 366 366 E omx_vdec: : erro: pParamData->nIndex > m_sPortFormatType.nIndex
06-25 14:28:13.010 366 366 W omx_vdec: <__AwOmxVdecGetExtensionIndex:1737>: GetExtensionIndex OMX.google.android.index.describeColorFormat, err [0x80001001].
06-25 14:28:13.010 366 366 W omx_vdec: <__AwOmxVdecGetExtensionIndex:1737>: GetExtensionIndex OMX.google.android.index.describeColorFormat2, err [0x80001001].
06-25 14:28:13.010 479 529 D CompatibilityChangeReporter: Compat change id reported: 135634846; UID 1000; state: DISABLED
06-25 14:28:13.011 366 366 E omx_vdec: : erro: pParamData->nIndex > m_sPortFormatType.nIndex
06-25 14:28:13.011 366 366 W omx_vdec: <__AwOmxVdecGetExtensionIndex:1737>: GetExtensionIndex OMX.google.android.index.describeColorFormat, err [0x80001001].
06-25 14:28:13.011 366 366 W omx_vdec: <__AwOmxVdecGetExtensionIndex:1737>: GetExtensionIndex OMX.google.android.index.describeColorFormat2, err [0x80001001].
06-25 14:28:13.011 479 529 D CompatibilityChangeReporter: Compat change id reported: 177438394; UID 1000; state: DISABLED
