06-25 14:28:14.169 832 832 D wpa_supplicant: nl80211: Register frame type=0xd0 (WLAN_FC_STYPE_ACTION) nl_handle=0xea2aa848 match=06 multicast=0
06-25 14:28:14.169 832 832 D wpa_supplicant: nl80211: Register frame type=0xd0 (WLAN_FC_STYPE_ACTION) nl_handle=0xea2aa848 match=0a07 multicast=0
06-25 14:28:14.170 832 832 D wpa_supplicant: nl80211: Register frame type=0xd0 (WLAN_FC_STYPE_ACTION) nl_handle=0xea2aa848 match=0a11 multicast=0
06-25 14:28:14.170 832 832 D wpa_supplicant: nl80211: Register frame type=0xd0 (WLAN_FC_STYPE_ACTION) nl_handle=0xea2aa848 match=0a0b multicast=0
06-25 14:28:14.171 832 832 D wpa_supplicant: nl80211: Register frame type=0xd0 (WLAN_FC_STYPE_ACTION) nl_handle=0xea2aa848 match=0a1a multicast=0
06-25 14:28:14.171 832 832 D wpa_supplicant: nl80211: Register frame type=0xd0 (WLAN_FC_STYPE_ACTION) nl_handle=0xea2aa848 match=1101 multicast=0
06-25 14:28:14.171 832 832 D wpa_supplicant: nl80211: Register frame type=0xd0 (WLAN_FC_STYPE_ACTION) nl_handle=0xea2aa848 match=1102 multicast=0
06-25 14:28:14.171 832 832 D wpa_supplicant: nl80211: Register frame type=0xd0 (WLAN_FC_STYPE_ACTION) nl_handle=0xea2aa848 match=0505 multicast=0
06-25 14:28:14.172 832 832 D wpa_supplicant: nl80211: Register frame type=0xd0 (WLAN_FC_STYPE_ACTION) nl_handle=0xea2aa848 match=0500 multicast=0
06-25 14:28:14.172 832 832 D wpa_supplicant: nl80211: Register frame type=0xd0 (WLAN_FC_STYPE_ACTION) nl_handle=0xea2aa848 match=1305 multicast=0
06-25 14:28:14.172 479 705 I CCodec : Created component [c2.android.vorbis.decoder]
06-25 14:28:14.173 832 832 I wpa_supplicant: rfkill: Cannot get wiphy information
06-25 14:28:14.173 832 832 D wpa_supplicant: nl80211: RFKILL status not available
06-25 14:28:14.173 479 705 D CCodecConfig: read media type: audio/vorbis
06-25 14:28:14.174 479 704 I CCodec : Created component [c2.android.vorbis.decoder]
06-25 14:28:14.176 479 704 D CCodecConfig: read media type: audio/vorbis
06-25 14:28:14.178 832 832 D wpa_supplicant: nl80211: Start P2P Device p2p-dev-wlan0 (0x3): Success
06-25 14:28:14.178 479 755 D ConnectivityService: requestNetwork for uid/pid:1073/790 activeRequest: null callbackRequest: 18 [NetworkRequest [ REQUEST id=19, [ Capabilities: INTERNET&NOT_RESTRICTED&TRUSTED&NOT_VCN_MANAGED Uid: 1073 RequestorUid: 1073 RequestorPkg: com.android.networkstack] ]] callback flags: 0 priority: 2147483647
06-25 14:28:14.179 832 832 D wpa_supplicant: Add interface p2p-dev-wlan0 to existing radio phy0
06-25 14:28:14.179 479 704 D ReflectedParamUpdater: extent() != 1 for single value type: algo.buffers.max-count.values
06-25 14:28:14.180 479 704 D ReflectedParamUpdater: extent() != 1 for single value type: output.subscribed-indices.values
06-25 14:28:14.180 479 704 D ReflectedParamUpdater: extent() != 1 for single value type: input.buffers.allocator-ids.values
06-25 14:28:14.180 479 704 D ReflectedParamUpdater: extent() != 1 for single value type: output.buffers.allocator-ids.values
06-25 14:28:14.180 832 832 D wpa_supplicant: nl80211: No channel number found for frequency 5920 MHz
06-25 14:28:14.180 832 832 D wpa_supplicant: nl80211: No channel number found for frequency 5940 MHz
06-25 14:28:14.180 479 704 D ReflectedParamUpdater: extent() != 1 for single value type: algo.buffers.allocator-ids.values
06-25 14:28:14.180 479 704 D ReflectedParamUpdater: extent() != 1 for single value type: output.buffers.pool-ids.values
06-25 14:28:14.180 479 704 D ReflectedParamUpdater: extent() != 1 for single value type: algo.buffers.pool-ids.values
06-25 14:28:14.180 479 618 D ConnectivityService: NetReassign [no changes]
06-25 14:28:14.180 832 832 D wpa_supplicant: nl80211: Regulatory information - country=00
06-25 14:28:14.180 832 832 D wpa_supplicant: nl80211: 755-928 @ 2 MHz 20 mBm (no IR)
06-25 14:28:14.181 832 832 D wpa_supplicant: nl80211: 2402-2472 @ 40 MHz 20 mBm
06-25 14:28:14.181 832 832 D wpa_supplicant: nl80211: 2457-2482 @ 20 MHz 20 mBm (no IR)
06-25 14:28:14.181 832 832 D wpa_supplicant: nl80211: 2474-2494 @ 20 MHz 20 mBm (no OFDM) (no IR)
06-25 14:28:14.181 832 832 D wpa_supplicant: nl80211: 5170-5250 @ 80 MHz 20 mBm (no IR)
06-25 14:28:14.181 832 832 D wpa_supplicant: nl80211: 5250-5330 @ 80 MHz 20 mBm (DFS) (no IR)
06-25 14:28:14.181 832 832 D wpa_supplicant: nl80211: 5490-5730 @ 160 MHz 20 mBm (DFS) (no IR)
06-25 14:28:14.181 832 832 D wpa_supplicant: nl80211: 5735-5835 @ 80 MHz 20 mBm (no IR)
06-25 14:28:14.181 832 832 D wpa_supplicant: nl80211: 57240-63720 @ 2160 MHz 0 mBm
06-25 14:28:14.181 832 832 D wpa_supplicant: nl80211: Added 802.11b mode based on 802.11g information
06-25 14:28:14.181 479 654 D PPPOE : got request NetworkRequest [ REQUEST id=19, [ Capabilities: INTERNET&NOT_RESTRICTED&TRUSTED&NOT_VCN_MANAGED Uid: 1073 RequestorUid: 1073 RequestorPkg: com.android.networkstack] ]
06-25 14:28:14.182 832 832 D wpa_supplicant: nl80211: Mode IEEE 802.11g: 2412 2417 2422 2427 2432 2437 2442 2447 2452 2457 2462 2467 2472 2484
06-25 14:28:14.182 832 832 D wpa_supplicant: nl80211: Mode IEEE 802.11a: 5170[DISABLED] 5180 5200 5220 5240 5260[RADAR] 5280[RADAR] 5300[RADAR] 5320[RADAR] 5500[RADAR] 5520[RADAR] 5540[RADAR] 5560[RADAR] 5580[RADAR] 5600[RADAR] 5620[RADAR] 5640[RADAR] 5660[RADAR]
06-25 14:28:14.182 832 832 D wpa_supplicant: nl80211: Mode IEEE 802.11b: 2412 2417 2422 2427 2432 2437 2442 2447 2452 2457 2462 2467 2472 2484
06-25 14:28:14.182 479 653 D Ethernet: got request NetworkRequest [ REQUEST id=19, [ Capabilities: INTERNET&NOT_RESTRICTED&TRUSTED&NOT_VCN_MANAGED Uid: 1073 RequestorUid: 1073 RequestorPkg: com.android.networkstack] ]
06-25 14:28:14.182 832 832 D wpa_supplicant: p2p-dev-wlan0: Own MAC address: b6:2f:03:15:e8:b9
06-25 14:28:14.182 832 832 D wpa_supplicant: p2p-dev-wlan0: RSN: flushing PMKID list in the driver
06-25 14:28:14.182 832 832 D wpa_supplicant: nl80211: Flush PMKIDs
06-25 14:28:14.183 479 653 D EthernetNetworkFactory: acceptRequest, request: NetworkRequest [ REQUEST id=19, [ Capabilities: INTERNET&NOT_RESTRICTED&TRUSTED&NOT_VCN_MANAGED Uid: 1073 RequestorUid: 1073 RequestorPkg: com.android.networkstack] ]
06-25 14:28:14.183 479 653 I EthernetNetworkFactory: networkForRequest, request: NetworkRequest [ REQUEST id=19, [ Capabilities: INTERNET&NOT_RESTRICTED&TRUSTED&NOT_VCN_MANAGED Uid: 1073 RequestorUid: 1073 RequestorPkg: com.android.networkstack] ], network: null
06-25 14:28:14.183 832 832 D wpa_supplicant: p2p-dev-wlan0: State: DISCONNECTED -> INACTIVE
06-25 14:28:14.183 832 832 D wpa_supplicant: p2p-dev-wlan0: WPS: UUID from the first interface: 9c907f24-96c2-56f2-9fdd-752c11c3bef8
06-25 14:28:14.184 832 832 D wpa_supplicant: EAPOL: SUPP_PAE entering state DISCONNECTED
06-25 14:28:14.184 832 832 D wpa_supplicant: EAPOL: Supplicant port status: Unauthorized
06-25 14:28:14.184 479 704 I CCodecConfig: query failed after returning 7 values (BAD_INDEX)
06-25 14:28:14.184 832 832 D wpa_supplicant: nl80211: Skip set_supp_port(unauthorized) while not associated
06-25 14:28:14.184 832 832 D wpa_supplicant: EAPOL: KEY_RX entering state NO_KEY_RECEIVE
06-25 14:28:14.184 832 832 D wpa_supplicant: EAPOL: SUPP_BE entering state INITIALIZE
06-25 14:28:14.184 832 832 D wpa_supplicant: EAP: EAP entering state DISABLED
06-25 14:28:14.184 479 704 D CCodecConfig: c2 config diff is Dict {
06-25 14:28:14.184 479 704 D CCodecConfig: c2::u32 coded.bitrate.value = 64000
06-25 14:28:14.184 479 704 D CCodecConfig: c2::u32 input.buffers.max-size.value = 32768
06-25 14:28:14.184 479 704 D CCodecConfig: c2::u32 input.delay.value = 0
06-25 14:28:14.184 479 704 D CCodecConfig: string input.media-type.value = "audio/vorbis"
06-25 14:28:14.184 479 704 D CCodecConfig: string output.media-type.value = "audio/raw"
06-25 14:28:14.184 479 704 D CCodecConfig: c2::u32 raw.channel-count.value = 1
06-25 14:28:14.184 479 704 D CCodecConfig: c2::u32 raw.sample-rate.value = 48000
06-25 14:28:14.184 479 704 D CCodecConfig: }
06-25 14:28:14.184 832 832 D wpa_supplicant: Using existing control interface directory.
06-25 14:28:14.185 832 832 D wpa_supplicant: ctrl_iface bind(PF_UNIX) failed: Address already in use
06-25 14:28:14.185 832 832 D wpa_supplicant: ctrl_iface exists, but does not allow connections - assuming it was leftover from forced program termination
06-25 14:28:14.186 832 832 D wpa_supplicant: Successfully replaced leftover ctrl_iface socket '/data/vendor/wifi/wpa/sockets/p2p-dev-wlan0'
06-25 14:28:14.186 832 832 D wpa_supplicant: P2P: Add operating class 81
06-25 14:28:14.186 832 832 D wpa_supplicant: P2P: Channels - hexdump(len=13): 01 02 03 04 05 06 07 08 09 0a 0b 0c 0d
06-25 14:28:14.186 832 832 D wpa_supplicant: P2P: Add operating class 115
06-25 14:28:14.186 832 832 D wpa_supplicant: P2P: Channels - hexdump(len=4): 24 28 2c 30
06-25 14:28:14.186 832 832 D wpa_supplicant: P2P: Add operating class 116
06-25 14:28:14.186 832 832 D wpa_supplicant: P2P: Channels - hexdump(len=2): 24 2c
06-25 14:28:14.186 479 704 D CCodec : [c2.android.vorbis.decoder] buffers are bound to CCodec for this session
06-25 14:28:14.186 832 832 D wpa_supplicant: P2P: Add operating class 117
06-25 14:28:14.186 479 704 D CCodecConfig: no c2 equivalents for durationUs
06-25 14:28:14.186 479 704 D CCodecConfig: no c2 equivalents for track-id
06-25 14:28:14.186 479 704 D CCodecConfig: no c2 equivalents for csd-1
06-25 14:28:14.186 832 832 D wpa_supplicant: P2P: Channels - hexdump(len=2): 28 30
06-25 14:28:14.186 479 704 D CCodecConfig: no c2 equivalents for channel-mask
06-25 14:28:14.186 479 704 D CCodecConfig: no c2 equivalents for flags
06-25 14:28:14.186 832 832 D wpa_supplicant: P2P: Add operating class 124
06-25 14:28:14.186 832 832 D wpa_supplicant: P2P: Channels - hexdump(len=4): 95 99 9d a1
06-25 14:28:14.186 832 832 D wpa_supplicant: P2P: Add operating class 125
06-25 14:28:14.186 832 832 D wpa_supplicant: P2P: Channels - hexdump(len=5): 95 99 9d a1 a5
06-25 14:28:14.186 832 832 D wpa_supplicant: P2P: Add operating class 126
06-25 14:28:14.186 832 832 D wpa_supplicant: P2P: Channels - hexdump(len=2): 95 9d
06-25 14:28:14.187 832 832 D wpa_supplicant: P2P: Add operating class 127
06-25 14:28:14.187 832 832 D wpa_supplicant: P2P: Channels - hexdump(len=2): 99 a1
06-25 14:28:14.187 832 832 D wpa_supplicant: P2P: Add operating class 128
06-25 14:28:14.187 832 832 D wpa_supplicant: P2P: Channels - hexdump(len=8): 24 28 2c 30 95 99 9d a1
06-25 14:28:14.187 832 832 D wpa_supplicant: P2P: Add operating class 130
06-25 14:28:14.187 832 832 D wpa_supplicant: P2P: Channels - hexdump(len=9): 24 28 2c 30 95 99 9d a1 a5
06-25 14:28:14.187 479 704 D CCodecConfig: c2 config diff is c2::u32 raw.channel-count.value = 2
06-25 14:28:14.187 479 704 D CCodecConfig: c2::u32 raw.sample-rate.value = 44100
06-25 14:28:14.188 832 832 D wpa_supplicant: P2P: Own listen channel: 81:6
06-25 14:28:14.188 832 832 D wpa_supplicant: P2P: Random operating channel: 81:11
06-25 14:28:14.189 479 704 W Codec2Client: query -- param skipped: index = 1107298332.
06-25 14:28:14.189 479 704 D CCodec : setup formats input: AMessage(what = 0x00000000) = {
06-25 14:28:14.189 479 704 D CCodec : int32_t bitrate = 64000
06-25 14:28:14.189 479 704 D CCodec : int32_t channel-count = 2
06-25 14:28:14.189 479 704 D CCodec : int32_t max-input-size = 32768
06-25 14:28:14.189 479 704 D CCodec : string mime = "audio/vorbis"
06-25 14:28:14.189 479 704 D CCodec : int32_t sample-rate = 44100
06-25 14:28:14.189 479 704 D CCodec : }
06-25 14:28:14.189 479 704 D CCodec : setup formats output: AMessage(what = 0x00000000) = {
06-25 14:28:14.189 479 704 D CCodec : int32_t channel-count = 2
06-25 14:28:14.189 479 704 D CCodec : string mime = "audio/raw"
06-25 14:28:14.189 479 704 D CCodec : int32_t sample-rate = 44100
06-25 14:28:14.189 479 704 D CCodec : int32_t channel-mask = 3
06-25 14:28:14.189 479 704 D CCodec : }
06-25 14:28:14.189 479 704 I CCodecConfig: query failed after returning 7 values (BAD_INDEX)
06-25 14:28:14.190 832 832 D wpa_supplicant: P2P: initialized
06-25 14:28:14.190 832 832 D wpa_supplicant: P2P: channels: 81:1,2,3,4,5,6,7,8,9,10,11,12,13 115:36,40,44,48 116:36,44 117:40,48 124:149,153,157,161 125:149,153,157,161,165 126:149,157 127:153,161 128:36,40,44,48,149,153,157,161 130:36,40,44,48,149,153,157,161,165
06-25 14:28:14.190 479 704 W Codec2Client: query -- param skipped: index = 1342179345.
06-25 14:28:14.190 479 704 W Codec2Client: query -- param skipped: index = 2415921170.
06-25 14:28:14.190 832 832 D wpa_supplicant: P2P: cli_channels:
06-25 14:28:14.190 832 832 D wpa_supplicant: MBO: Update non-preferred channels, non_pref_chan=N/A
06-25 14:28:14.190 832 832 D wpa_supplicant: Registering interface to hidl control: p2p-dev-wlan0
06-25 14:28:14.190 832 832 D wpa_supplicant: p2p-dev-wlan0: Added interface p2p-dev-wlan0
06-25 14:28:14.190 832 832 D wpa_supplicant: p2p-dev-wlan0: State: INACTIVE -> DISCONNECTED
06-25 14:28:14.190 832 832 D wpa_supplicant: nl80211: Set p2p-dev-wlan0 operstate 0->0 (DORMANT)
06-25 14:28:14.191 479 705 D ReflectedParamUpdater: extent() != 1 for single value type: algo.buffers.max-count.values
06-25 14:28:14.191 479 618 D ConnectivityService: NetReassign [no changes]
06-25 14:28:14.191 479 705 D ReflectedParamUpdater: extent() != 1 for single value type: output.subscribed-indices.values
06-25 14:28:14.191 832 832 D wpa_supplicant: netlink: Operstate: ifindex=0 linkmode=-1 (no change), operstate=5 (IF_OPER_DORMANT)
06-25 14:28:14.191 479 705 D ReflectedParamUpdater: extent() != 1 for single value type: input.buffers.allocator-ids.values
06-25 14:28:14.192 479 705 D ReflectedParamUpdater: extent() != 1 for single value type: output.buffers.allocator-ids.values
06-25 14:28:14.192 479 705 D ReflectedParamUpdater: extent() != 1 for single value type: algo.buffers.allocator-ids.values
06-25 14:28:14.192 479 705 D ReflectedParamUpdater: extent() != 1 for single value type: output.buffers.pool-ids.values
06-25 14:28:14.192 479 705 D ReflectedParamUpdater: extent() != 1 for single value type: algo.buffers.pool-ids.values
06-25 14:28:14.192 479 704 D C2Store : Using ION
06-25 14:28:14.192 832 832 D wpa_supplicant: p2p-dev-wlan0: Determining shared radio frequencies (max len 2)
06-25 14:28:14.192 832 832 D wpa_supplicant: p2p-dev-wlan0: Shared frequencies (len=0): completed iteration
06-25 14:28:14.192 832 832 D wpa_supplicant: P2P: Add operating class 81
06-25 14:28:14.193 832 832 D wpa_supplicant: P2P: Channels - hexdump(len=13): 01 02 03 04 05 06 07 08 09 0a 0b 0c 0d
06-25 14:28:14.193 832 832 D wpa_supplicant: P2P: Add operating class 115
06-25 14:28:14.193 379 420 V C2Store : in ~ComponentModule
06-25 14:28:14.193 479 704 D CCodecBufferChannel: [c2.android.vorbis.decoder#42] Created input block pool with allocatorID 16 => poolID 17 - OK (0)
06-25 14:28:14.194 832 832 D wpa_supplicant: P2P: Channels - hexdump(len=4): 24 28 2c 30
06-25 14:28:14.195 832 832 D wpa_supplicant: P2P: Add operating class 116
06-25 14:28:14.195 832 832 D wpa_supplicant: P2P: Channels - hexdump(len=2): 24 2c
06-25 14:28:14.195 379 885 D C2Store : Using ION
06-25 14:28:14.195 479 705 I CCodecConfig: query failed after returning 7 values (BAD_INDEX)
06-25 14:28:14.195 479 705 D CCodecConfig: c2 config diff is Dict {
06-25 14:28:14.195 479 705 D CCodecConfig: c2::u32 coded.bitrate.value = 64000
06-25 14:28:14.195 479 705 D CCodecConfig: c2::u32 input.buffers.max-size.value = 32768
06-25 14:28:14.195 479 705 D CCodecConfig: c2::u32 input.delay.value = 0
06-25 14:28:14.195 479 705 D CCodecConfig: string input.media-type.value = "audio/vorbis"
06-25 14:28:14.195 479 705 D CCodecConfig: string output.media-type.value = "audio/raw"
06-25 14:28:14.195 479 705 D CCodecConfig: c2::u32 raw.channel-count.value = 1
06-25 14:28:14.195 479 705 D CCodecConfig: c2::u32 raw.sample-rate.value = 48000
06-25 14:28:14.195 479 705 D CCodecConfig: }
06-25 14:28:14.192 269 269 I EventThread: type=1400 audit(0.0:387): avc: denied { search } for name="extcon" dev="sysfs" ino=18109 scontext=u:r:hal_tv_cec_default:s0 tcontext=u:object_r:sysfs_extcon:s0 tclass=dir permissive=1
06-25 14:28:14.196 832 832 D wpa_supplicant: P2P: Add operating class 117
06-25 14:28:14.196 832 832 D wpa_supplicant: P2P: Channels - hexdump(len=2): 28 30
06-25 14:28:14.196 832 832 D wpa_supplicant: P2P: Add operating class 124
06-25 14:28:14.196 832 832 D wpa_supplicant: P2P: Channels - hexdump(len=4): 95 99 9d a1
06-25 14:28:14.196 832 832 D wpa_supplicant: P2P: Add operating class 125
06-25 14:28:14.196 832 832 D wpa_supplicant: P2P: Channels - hexdump(len=5): 95 99 9d a1 a5
06-25 14:28:14.196 832 832 D wpa_supplicant: P2P: Add operating class 126
06-25 14:28:14.196 832 832 D wpa_supplicant: P2P: Channels - hexdump(len=2): 95 9d
06-25 14:28:14.196 832 832 D wpa_supplicant: P2P: Add operating class 127
06-25 14:28:14.196 832 832 D wpa_supplicant: P2P: Channels - hexdump(len=2): 99 a1
06-25 14:28:14.196 832 832 D wpa_supplicant: P2P: Add operating class 128
06-25 14:28:14.196 832 832 D wpa_supplicant: P2P: Channels - hexdump(len=8): 24 28 2c 30 95 99 9d a1
06-25 14:28:14.196 832 832 D wpa_supplicant: P2P: Add operating class 130
06-25 14:28:14.196 832 832 D wpa_supplicant: P2P: Channels - hexdump(len=9): 24 28 2c 30 95 99 9d a1 a5
06-25 14:28:14.196 832 832 D wpa_supplicant: P2P: Update channel list
06-25 14:28:14.197 479 704 I CCodecBufferChannel: [c2.android.vorbis.decoder#42] Created output block pool with allocatorID 16 => poolID 17 - OK
06-25 14:28:14.197 832 832 D wpa_supplicant: P2P: channels: 81:1,2,3,4,5,6,7,8,9,10,11,12,13 115:36,40,44,48 116:36,44 117:40,48 124:149,153,157,161 125:149,153,157,161,165 126:149,157 127:153,161 128:36,40,44,48,149,153,157,161 130:36,40,44,48,149,153,157,161,165
06-25 14:28:14.197 479 704 D CCodecBufferChannel: [c2.android.vorbis.decoder#42] Configured output block pool ids 17 => OK
06-25 14:28:14.197 479 705 D CCodec : [c2.android.vorbis.decoder] buffers are bound to CCodec for this session
06-25 14:28:14.197 832 832 D wpa_supplicant: P2P: cli_channels:
06-25 14:28:14.197 479 705 D CCodecConfig: no c2 equivalents for durationUs
06-25 14:28:14.197 479 705 D CCodecConfig: no c2 equivalents for track-id
06-25 14:28:14.197 479 705 D CCodecConfig: no c2 equivalents for csd-1
06-25 14:28:14.197 479 705 D CCodecConfig: no c2 equivalents for channel-mask
06-25 14:28:14.197 479 705 D CCodecConfig: no c2 equivalents for flags
06-25 14:28:14.198 479 705 D CCodecConfig: c2 config diff is c2::u32 raw.channel-count.value = 2
06-25 14:28:14.198 479 705 D CCodecConfig: c2::u32 raw.sample-rate.value = 44100
06-25 14:28:14.198 479 704 E ion : ioctl c0044901 failed with code -1: Inappropriate ioctl for device
06-25 14:28:14.199 832 832 D wpa_supplicant: RTM_NEWLINK: ifi_index=14 ifname=wlan0 operstate=5 linkmode=0 ifi_family=0 ifi_flags=0x11003 ([UP][LOWER_UP])
06-25 14:28:14.199 832 832 D wpa_supplicant: RTM_NEWLINK: ifi_index=14 ifname=wlan0 operstate=5 linkmode=1 ifi_family=0 ifi_flags=0x11003 ([UP][LOWER_UP])
06-25 14:28:14.201 479 705 W Codec2Client: query -- param skipped: index = 1107298332.
06-25 14:28:14.202 479 705 D CCodec : setup formats input: AMessage(what = 0x00000000) = {
06-25 14:28:14.202 479 705 D CCodec : int32_t bitrate = 64000
06-25 14:28:14.202 479 705 D CCodec : int32_t channel-count = 2
06-25 14:28:14.202 479 705 D CCodec : int32_t max-input-size = 32768
06-25 14:28:14.202 479 705 D CCodec : string mime = "audio/vorbis"
06-25 14:28:14.202 479 705 D CCodec : int32_t sample-rate = 44100
06-25 14:28:14.202 479 705 D CCodec : }
06-25 14:28:14.202 479 705 D CCodec : setup formats output: AMessage(what = 0x00000000) = {
06-25 14:28:14.202 479 705 D CCodec : int32_t channel-count = 2
06-25 14:28:14.202 479 705 D CCodec : string mime = "audio/raw"
06-25 14:28:14.202 479 705 D CCodec : int32_t sample-rate = 44100
06-25 14:28:14.202 479 705 D CCodec : int32_t channel-mask = 3
06-25 14:28:14.202 479 705 D CCodec : }
06-25 14:28:14.202 479 705 I CCodecConfig: query failed after returning 7 values (BAD_INDEX)
06-25 14:28:14.202 379 895 D SimpleC2Component: Using output block pool with poolID 17 => got 17 - 0
06-25 14:28:14.203 479 705 W Codec2Client: query -- param skipped: index = 1342179345.
06-25 14:28:14.203 479 705 W Codec2Client: query -- param skipped: index = 2415921170.
06-25 14:28:14.204 479 705 D CCodecBufferChannel: [c2.android.vorbis.decoder#546] Created input block pool with allocatorID 16 => poolID 18 - OK (0)
06-25 14:28:14.208 819 819 V GraphicsEnvironment: ANGLE Developer option for 'com.android.se' set to: 'default'
06-25 14:28:14.209 479 705 I CCodecBufferChannel: [c2.android.vorbis.decoder#546] Created output block pool with allocatorID 16 => poolID 18 - OK
06-25 14:28:14.209 819 819 V GraphicsEnvironment: Neither updatable production driver nor prerelease driver is supported.
06-25 14:28:14.210 277 306 E cutils-trace: Error opening trace file: No such file or directory (2)
06-25 14:28:14.212 479 705 D CCodecBufferChannel: [c2.android.vorbis.decoder#546] Configured output block pool ids 18 => OK
06-25 14:28:14.213 379 420 V C2Store : unloading dll
06-25 14:28:14.214 379 417 E ion : ioctl c0044901 failed with code -1: Inappropriate ioctl for device
06-25 14:28:14.215 819 819 D NetworkSecurityConfig: No Network Security Config specified, using platform default
06-25 14:28:14.216 819 819 D NetworkSecurityConfig: No Network Security Config specified, using platform default
06-25 14:28:14.228 666 894 D BluetoothActiveDeviceManager: onAudioDevicesAdded
06-25 14:28:14.230 666 894 D BluetoothActiveDeviceManager: Audio device added: DBBOX-A2 type: 2
06-25 14:28:14.230 666 894 D BluetoothActiveDeviceManager: Audio device added: DBBOX-A2 type: 15
06-25 14:28:14.230 666 894 D BluetoothActiveDeviceManager: Audio device added: DBBOX-A2 type: 25
06-25 14:28:14.230 666 666 D BluetoothAdapterService: setAdapterService() - trying to set service to com.android.bluetooth.btservice.AdapterService@2a3a932
06-25 14:28:14.231 379 896 D SimpleC2Component: Using output block pool with poolID 18 => got 18 - 0
06-25 14:28:14.232 819 819 I SecureElementService: main onCreate
06-25 14:28:14.238 479 524 W IorapForwardingService: No service published for: iorapd
06-25 14:28:14.238 479 611 D SupplicantStaIfaceHal: Newer HAL is found, skip V1_3 remaining init flow.
06-25 14:28:14.238 479 611 D SupplicantStaIfaceHal: Newer HAL is found, skip V1_2 remaining init flow.
06-25 14:28:14.238 479 611 D SupplicantStaIfaceHal: Newer HAL is found, skip V1_1 remaining init flow.
06-25 14:28:14.238 479 611 D SupplicantStaIfaceHal: Newer HAL is found, skip V1_0 remaining init flow.
06-25 14:28:14.239 790 790 D ApplicationLoaders: Returning zygote-cached class loader: /system/framework/android.test.base.jar
06-25 14:28:14.241 819 819 I SecureElementService: Check if terminal eSE1 is available.
06-25 14:28:14.245 185 185 I hwservicemanager: getTransport: Cannot find entry android.hardware.secure_element@1.2::ISecureElement/eSE1 in either framework or device VINTF manifest.
06-25 14:28:14.245 819 819 D SecureElement-Terminal-eSE1: SE Hal V1.2 is not supported
06-25 14:28:14.246 185 185 I hwservicemanager: getTransport: Cannot find entry android.hardware.secure_element@1.1::ISecureElement/eSE1 in either framework or device VINTF manifest.
06-25 14:28:14.247 680 680 D CompatibilityChangeReporter: Compat change id reported: 160794467; UID 10067; state: ENABLED
06-25 14:28:14.248 819 819 D SecureElement-Terminal-eSE1: SE Hal V1.1 is not supported
06-25 14:28:14.250 185 185 I hwservicemanager: getTransport: Cannot find entry android.hardware.secure_element@1.0::ISecureElement/eSE1 in either framework or device VINTF manifest.
06-25 14:28:14.252 819 819 I SecureElementService: No HAL implementation for eSE1
06-25 14:28:14.252 666 666 D BluetoothAdapterService: onBind()
06-25 14:28:14.253 819 819 I SecureElementService: Check if terminal SIM1 is available.
06-25 14:28:14.254 185 185 I hwservicemanager: getTransport: Cannot find entry android.hardware.secure_element@1.2::ISecureElement/SIM1 in either framework or device VINTF manifest.
06-25 14:28:14.252 859 859 I id.ext.services: type=1400 audit(0.0:388): avc: denied { getattr } for path="/data/data/android.ext.services" dev="mmcblk0p25" ino=437 scontext=u:r:platform_app:s0:c512,c768 tcontext=u:object_r:app_data_file:s0:c512,c768 tclass=dir permissive=1 app=android.ext.services
06-25 14:28:14.255 819 819 D SecureElement-Terminal-SIM1: SE Hal V1.2 is not supported
06-25 14:28:14.256 657 657 E WifiHAL : wifi_get_logger_supported_feature_set: Error -5 happened.
01-01 08:00:18.274 657 657 I ieee80211 phy0: sprdwl_vendor_get_support_feature
06-25 14:28:14.260 657 657 E WifiHAL : wifi_get_logger_supported_feature_set: Error -5 happened.
06-25 14:28:14.261 185 185 I hwservicemanager: getTransport: Cannot find entry android.hardware.secure_element@1.1::ISecureElement/SIM1 in either framework or device VINTF manifest.
01-01 08:00:18.277 657 657 I ieee80211 phy0: sprdwl_vendor_get_support_feature
06-25 14:28:14.262 819 819 D SecureElement-Terminal-SIM1: SE Hal V1.1 is not supported
06-25 14:28:14.265 185 185 I hwservicemanager: getTransport: Cannot find entry android.hardware.secure_element@1.0::ISecureElement/SIM1 in either framework or device VINTF manifest.
06-25 14:28:14.266 819 819 I SecureElementService: No HAL implementation for SIM1
06-25 14:28:14.269 832 832 D wpa_supplicant: Driver capability mask: 0xd
06-25 14:28:14.269 680 680 D TvPipMenuController: onMediaActionsChanged()
06-25 14:28:14.276 479 611 I WifiNative: Successfully switched to connectivity mode on iface=Iface:{Name=wlan0,Id=0,Type=STA_CONNECTIVITY}
06-25 14:28:14.279 479 611 D WifiClientModeManager[wlan0]: entering ConnectModeState, starting ClientModeImpl
06-25 14:28:14.288 680 680 D TvPipNotification: setDelegate(), delegate=com.android.wm.shell.pip.tv.TvPipController@2a3a932
06-25 14:28:14.288 680 680 D TvPipMenuController: setDelegate(), delegate=com.android.wm.shell.pip.tv.TvPipController@2a3a932
06-25 14:28:14.295 680 680 W OneHandedController: Device doesn't support OneHanded feature
06-25 14:28:14.292 915 915 I Thread-2: type=1400 audit(0.0:389): avc: denied { execute } for name="am" dev="dm-1" ino=1160 scontext=u:r:system_app:s0 tcontext=u:object_r:vendor_file:s0 tclass=file permissive=1
06-25 14:28:14.296 915 915 I Thread-2: type=1400 audit(0.0:390): avc: denied { read open } for path="/vendor/xbin/am" dev="dm-1" ino=1160 scontext=u:r:system_app:s0 tcontext=u:object_r:vendor_file:s0 tclass=file permissive=1
06-25 14:28:14.296 915 915 I Thread-2: type=1400 audit(0.0:391): avc: denied { execute_no_trans } for path="/vendor/xbin/am" dev="dm-1" ino=1160 scontext=u:r:system_app:s0 tcontext=u:object_r:vendor_file:s0 tclass=file permissive=1
06-25 14:28:14.323 479 811 D CompatibilityChangeReporter: Compat change id reported: 171306433; UID 1000; state: ENABLED
06-25 14:28:14.352 479 479 I Binder:479_1: type=1400 audit(0.0:392): avc: denied { read } for name="u:object_r:vendor_default_prop:s0" dev="tmpfs" ino=3994 scontext=u:r:system_server:s0 tcontext=u:object_r:vendor_default_prop:s0 tclass=file permissive=1
06-25 14:28:14.352 479 479 I Binder:479_1: type=1400 audit(0.0:393): avc: denied { open } for path="/dev/__properties__/u:object_r:vendor_default_prop:s0" dev="tmpfs" ino=3994 scontext=u:r:system_server:s0 tcontext=u:object_r:vendor_default_prop:s0 tclass=file permissive=1
06-25 14:28:14.352 479 479 I Binder:479_1: type=1400 audit(0.0:394): avc: denied { getattr } for path="/dev/__properties__/u:object_r:vendor_default_prop:s0" dev="tmpfs" ino=3994 scontext=u:r:system_server:s0 tcontext=u:object_r:vendor_default_prop:s0 tclass=file permissive=1
06-25 14:28:14.352 479 479 I Binder:479_1: type=1400 audit(0.0:395): avc: denied { map } for path="/dev/__properties__/u:object_r:vendor_default_prop:s0" dev="tmpfs" ino=3994 scontext=u:r:system_server:s0 tcontext=u:object_r:vendor_default_prop:s0 tclass=file permissive=1
06-25 14:28:14.363 479 611 D WifiScoreReport: setShouldReduceNetworkScore=false mNetworkAgent is null? true
06-25 14:28:14.365 479 526 D CompatibilityChangeReporter: Compat change id reported: 158002302; UID 1000; state: ENABLED
06-25 14:28:14.369 353 353 D incidentd: WorkDirectory::getReports
06-25 14:28:14.374 479 479 D NetworkSecurityConfig: No Network Security Config specified, using platform default
06-25 14:28:14.378 185 185 I hwservicemanager: getTransport: Cannot find entry android.hardware.configstore@1.0::ISurfaceFlingerConfigs/default in either framework or device VINTF manifest.
06-25 14:28:14.392 666 883 D BluetoothDatabase: compactLastConnectionTime: Compacting metadata after load
06-25 14:28:14.375 479 611 V WifiClientModeManager[wlan0]: ClientModeManager started in role: Role: ROLE_CLIENT_PRIMARY, RequestorWs: WorkSource{1000 com.android.tv.settings}, ModeListener: com.android.server.wifi.ActiveModeWarden$ClientListener@7b31c24
06-25 14:28:14.395 479 479 D NetworkSecurityConfig: No Network Security Config specified, using platform default
06-25 14:28:14.396 479 811 W ActivityManager: Unable to start service Intent { cmp=com.oranth.ledstatus/.LedStatusService } U=0: not found
06-25 14:28:14.397 479 479 W Looper : Slow dispatch took 244ms main h=android.app.ActivityThread$H c=null m=114
06-25 14:28:14.401 666 883 I BluetoothDatabase: cacheMetadata
06-25 14:28:14.402 666 883 V BluetoothDatabase: cacheMetadata: found device LocalStorage
06-25 14:28:14.403 666 883 V BluetoothDatabase: cacheMetadata: found device E4:BB:D3:57:C0:18
06-25 14:28:14.403 666 883 I BluetoothDatabase: cacheMetadata: Database is ready
06-25 14:28:14.412 829 918 D MediaCodecList: codecHandlesFormat: no format, so no extra checks
06-25 14:28:14.416 479 611 D WifiScanRequestProxy: Sending scan available broadcast: true
06-25 14:28:14.417 479 522 I ServiceWatcher: [fused] connected to {com.android.location.fused/com.android.location.fused.FusedLocationService}
06-25 14:28:14.418 479 615 I WifiScanningService: Received a request to enable scanning, UID = 1000
06-25 14:28:14.420 479 479 E WiredAccessoryManager: No state change.
06-25 14:28:14.420 479 479 W WiredAccessoryManager: Both input event and extcon are used for audio jack, please just choose one.
06-25 14:28:14.425 479 611 I WifiScanRequestProxy: Scanning is enabled
06-25 14:28:14.425 479 611 I WifiScanRequestProxy: Scanning for hidden networks is enabled
06-25 14:28:14.426 280 534 E HWComposer: getSupportedContentTypes: getSupportedContentTypes failed for display 0: Unsupported (8)
06-25 14:28:14.427 829 925 D CCodec : allocate(c2.android.vorbis.decoder)
06-25 14:28:14.431 479 611 E WifiVendorHal: setMultiStaUseCase(l.3286) failed {.code = ERROR_NOT_SUPPORTED, .description = }
06-25 14:28:14.432 829 925 I Codec2Client: Available Codec2 services: "software"
06-25 14:28:14.434 185 185 I hwservicemanager: getTransport: Cannot find entry android.hardware.graphics.mapper@4.0::IMapper/default in either framework or device VINTF manifest.
06-25 14:28:14.435 829 939 I Gralloc4: mapper 4.x is not supported
06-25 14:28:14.437 185 185 I hwservicemanager: getTransport: Cannot find entry android.hardware.graphics.mapper@3.0::IMapper/default in either framework or device VINTF manifest.
06-25 14:28:14.437 829 939 W Gralloc3: mapper 3.x is not supported
06-25 14:28:14.436 859 859 I id.ext.services: type=1400 audit(0.0:396): avc: denied { search } for name="android.ext.services" dev="mmcblk0p25" ino=437 scontext=u:r:platform_app:s0:c512,c768 tcontext=u:object_r:app_data_file:s0:c512,c768 tclass=dir permissive=1 app=android.ext.services
06-25 14:28:14.445 829 939 E gralloc : Arm Module v1.0
06-25 14:28:14.447 185 185 I hwservicemanager: getTransport: Cannot find entry android.hardware.graphics.allocator@4.0::IAllocator/default in either framework or device VINTF manifest.
06-25 14:28:14.447 829 939 W Gralloc4: allocator 4.x is not supported
06-25 14:28:14.447 185 185 I hwservicemanager: getTransport: Cannot find entry android.hardware.graphics.allocator@3.0::IAllocator/default in either framework or device VINTF manifest.
06-25 14:28:14.448 829 939 W Gralloc3: allocator 3.x is not supported
06-25 14:28:14.448 859 859 V GraphicsEnvironment: ANGLE Developer option for 'android.ext.services' set to: 'default'
06-25 14:28:14.451 479 479 W TrustManagerService: EXTRA_USER_HANDLE missing or invalid, value=0
06-25 14:28:14.453 790 790 D NetworkSecurityConfig: No Network Security Config specified, using platform default
06-25 14:28:14.453 262 262 I gralloc : alloc buffer:W:1920 H:1080 S:1920 PL[1920 1080] SZ:8294400 fmt:1 if:0 af:1 usg:20000b00 fg:00000004
06-25 14:28:14.454 479 611 E WifiVendorHal: setMultiStaPrimaryConnection(l.3252) failed {.code = ERROR_NOT_SUPPORTED, .description = }
06-25 14:28:14.454 859 859 V GraphicsEnvironment: Neither updatable production driver nor prerelease driver is supported.
06-25 14:28:14.456 859 859 D NetworkSecurityConfig: No Network Security Config specified, using platform default
06-25 14:28:14.457 859 859 D NetworkSecurityConfig: No Network Security Config specified, using platform default
06-25 14:28:14.459 479 611 D WifiCountryCode: evaluateAllCmmStateAndApplyIfAllReady: {ConcreteClientModeManager{id=14453 iface=wlan0 role=ROLE_CLIENT_PRIMARY}=true}
06-25 14:28:14.459 829 925 I CCodec : Created component [c2.android.vorbis.decoder]
06-25 14:28:14.459 829 939 E ion : ioctl c0044901 failed with code -1: Inappropriate ioctl for device
06-25 14:28:14.467 829 925 D CCodecConfig: read media type: audio/vorbis
06-25 14:28:14.471 479 583 W ActivityManager: Unable to start service Intent { cmp=com.oranth.storage/.MainService } U=0: not found
06-25 14:28:14.479 829 925 D ReflectedParamUpdater: extent() != 1 for single value type: algo.buffers.max-count.values
06-25 14:28:14.480 829 925 D ReflectedParamUpdater: extent() != 1 for single value type: output.subscribed-indices.values
06-25 14:28:14.480 829 925 D ReflectedParamUpdater: extent() != 1 for single value type: input.buffers.allocator-ids.values
06-25 14:28:14.480 829 925 D ReflectedParamUpdater: extent() != 1 for single value type: output.buffers.allocator-ids.values
06-25 14:28:14.480 829 925 D ReflectedParamUpdater: extent() != 1 for single value type: algo.buffers.allocator-ids.values
06-25 14:28:14.481 829 925 D ReflectedParamUpdater: extent() != 1 for single value type: output.buffers.pool-ids.values
06-25 14:28:14.481 829 925 D ReflectedParamUpdater: extent() != 1 for single value type: algo.buffers.pool-ids.values
06-25 14:28:14.487 479 615 I WifiScanningService: Created a new impl for wlan0
06-25 14:28:14.487 829 925 I CCodecConfig: query failed after returning 7 values (BAD_INDEX)
06-25 14:28:14.487 829 925 D CCodecConfig: c2 config diff is Dict {
06-25 14:28:14.487 829 925 D CCodecConfig: c2::u32 coded.bitrate.value = 64000
06-25 14:28:14.487 829 925 D CCodecConfig: c2::u32 input.buffers.max-size.value = 32768
06-25 14:28:14.487 829 925 D CCodecConfig: c2::u32 input.delay.value = 0
06-25 14:28:14.487 829 925 D CCodecConfig: string input.media-type.value = "audio/vorbis"
06-25 14:28:14.487 829 925 D CCodecConfig: string output.media-type.value = "audio/raw"
06-25 14:28:14.487 829 925 D CCodecConfig: c2::u32 raw.channel-count.value = 1
06-25 14:28:14.487 829 925 D CCodecConfig: c2::u32 raw.sample-rate.value = 48000
06-25 14:28:14.487 829 925 D CCodecConfig: }
06-25 14:28:14.489 262 262 I gralloc : alloc buffer:W:1920 H:1080 S:1920 PL[1920 1080] SZ:8294400 fmt:1 if:0 af:1 usg:20000b00 fg:00000004
06-25 14:28:14.493 829 925 D CCodec : [c2.android.vorbis.decoder] buffers are bound to CCodec for this session
06-25 14:28:14.493 829 925 D CCodecConfig: no c2 equivalents for durationUs
06-25 14:28:14.493 829 925 D CCodecConfig: no c2 equivalents for track-id
06-25 14:28:14.493 829 925 D CCodecConfig: no c2 equivalents for csd-1
06-25 14:28:14.493 829 925 D CCodecConfig: no c2 equivalents for channel-mask
06-25 14:28:14.493 829 925 D CCodecConfig: no c2 equivalents for flags
06-25 14:28:14.494 829 925 D CCodecConfig: c2 config diff is c2::u32 coded.bitrate.value = 224000
06-25 14:28:14.494 829 925 D CCodecConfig: c2::u32 raw.channel-count.value = 2
06-25 14:28:14.494 262 262 I gralloc : alloc buffer:W:1920 H:1080 S:1920 PL[1920 1080] SZ:8294400 fmt:1 if:0 af:1 usg:20000b00 fg:00000004
06-25 14:28:14.497 479 611 D WifiCountryCode: Reading country code from telephony
06-25 14:28:14.497 829 920 D MediaCodecList: codecHandlesFormat: no format, so no extra checks
06-25 14:28:14.498 829 925 W Codec2Client: query -- param skipped: index = 1107298332.
06-25 14:28:14.498 829 925 D CCodec : setup formats input: AMessage(what = 0x00000000) = {
06-25 14:28:14.498 829 925 D CCodec : int32_t bitrate = 224000
06-25 14:28:14.498 829 925 D CCodec : int32_t channel-count = 2
06-25 14:28:14.498 829 925 D CCodec : int32_t max-input-size = 32768
06-25 14:28:14.498 829 925 D CCodec : string mime = "audio/vorbis"
06-25 14:28:14.498 829 925 D CCodec : int32_t sample-rate = 48000
06-25 14:28:14.498 829 925 D CCodec : }
06-25 14:28:14.498 829 925 D CCodec : setup formats output: AMessage(what = 0x00000000) = {
06-25 14:28:14.498 829 925 D CCodec : int32_t channel-count = 2
06-25 14:28:14.498 829 925 D CCodec : string mime = "audio/raw"
06-25 14:28:14.498 829 925 D CCodec : int32_t sample-rate = 48000
06-25 14:28:14.498 829 925 D CCodec : int32_t channel-mask = 3
06-25 14:28:14.498 829 925 D CCodec : }
06-25 14:28:14.498 829 925 I CCodecConfig: query failed after returning 7 values (BAD_INDEX)
06-25 14:28:14.508 829 925 W Codec2Client: query -- param skipped: index = 1342179345.
06-25 14:28:14.509 829 925 W Codec2Client: query -- param skipped: index = 2415921170.
06-25 14:28:14.509 829 925 D C2Store : Using ION
06-25 14:28:14.510 479 611 D WifiCountryCode: Set telephony country code to:
06-25 14:28:14.510 829 925 D CCodecBufferChannel: [c2.android.vorbis.decoder#749] Created input block pool with allocatorID 16 => poolID 17 - OK (0)
06-25 14:28:14.512 829 948 D CCodec : allocate(c2.android.vorbis.decoder)
06-25 14:28:14.513 829 925 I CCodecBufferChannel: [c2.android.vorbis.decoder#749] Created output block pool with allocatorID 16 => poolID 19 - OK
06-25 14:28:14.513 829 925 D CCodecBufferChannel: [c2.android.vorbis.decoder#749] Configured output block pool ids 19 => OK
06-25 14:28:14.514 479 611 D WifiCountryCode: updateCountryCode to CN
06-25 14:28:14.515 829 925 E ion : ioctl c0044901 failed with code -1: Inappropriate ioctl for device
06-25 14:28:14.515 479 615 E WifiBackgroundScanStateMachine: invalid max buckets in scan capabilities 0
06-25 14:28:14.517 268 268 I AW_PowerHAL: Power setMode: SUSTAINED_PERFORMANCE to: 0
06-25 14:28:14.517 268 268 I AW_PowerHAL: BootCompleted
06-25 14:28:14.518 479 525 I ActivityManagerTiming: FinishBooting
06-25 14:28:14.519 268 268 I AW_PowerHAL: cur-mode:SCHEDUTIL-Home
06-25 14:28:14.521 832 832 D WifiHWInfo: Start to load wireless module hardware info table...
06-25 14:28:14.522 832 832 D WifiHWInfo: Entry [01], BUS: SDIO, ID: 0x024C8179, Name: rtl8189es.
06-25 14:28:14.522 832 832 D WifiHWInfo: Entry [02], BUS: SDIO, ID: 0x024CB723, Name: rtl8723bs_vq0.
06-25 14:28:14.522 832 832 D WifiHWInfo: Entry [03], BUS: SDIO, ID: 0x024CB703, Name: rtl8723cs.
06-25 14:28:14.522 832 832 D WifiHWInfo: Entry [04], BUS: SDIO, ID: 0x024CD723, Name: rtl8723ds.
06-25 14:28:14.522 832 832 D WifiHWInfo: Entry [05], BUS: SDIO, ID: 0x024CF179, Name: rtl8189fs.
06-25 14:28:14.522 832 832 D WifiHWInfo: Entry [06], BUS: SDIO, ID: 0x024CB822, Name: rtl88x2bs.
06-25 14:28:14.522 832 832 D WifiHWInfo: Entry [07], BUS: USB, ID: 0x0BDAD723, Name: rtl8723du.
06-25 14:28:14.522 832 832 D WifiHWInfo: Entry [08], BUS: USB, ID: 0x0BDA8179, Name: rtl8188etv.
06-25 14:28:14.522 832 832 D WifiHWInfo: Entry [09], BUS: USB, ID: 0x0BDA0179, Name: rtl8188eu.
06-25 14:28:14.522 832 832 D WifiHWInfo: Entry [10], BUS: USB, ID: 0x0BDA818B, Name: rtl8192eu.
06-25 14:28:14.522 832 832 D WifiHWInfo: Entry [11], BUS: USB, ID: 0x0BDAB720, Name: rtl8723bu.
06-25 14:28:14.522 832 832 D WifiHWInfo: Entry [12], BUS: USB, ID: 0x0BDAC82C, Name: rtl8822cu.
06-25 14:28:14.522 832 832 D WifiHWInfo: Entry [13], BUS: USB, ID: 0x0BDAF179, Name: rtl8188fu.
06-25 14:28:14.522 832 832 D WifiHWInfo: Entry [14], BUS: SDIO, ID: 0x02D0A9A6, Name: ap6212.
06-25 14:28:14.522 832 832 D WifiHWInfo: Entry [15], BUS: SDIO, ID: 0x02D04330, Name: ap6330.
06-25 14:28:14.522 832 832 D WifiHWInfo: Entry [16], BUS: SDIO, ID: 0x02D04356, Name: ap6356s.
06-25 14:28:14.522 832 832 D WifiHWInfo: Entry [17], BUS: SDIO, ID: 0x02D0A9BF, Name: ap6255.
06-25 14:28:14.522 832 832 D WifiHWInfo: Entry [18], BUS: SDIO, ID: 0x02D04334, Name: bcm43342.
06-25 14:28:14.522 832 832 D WifiHWInfo: Entry [19], BUS: SDIO, ID: 0x00202281, Name: xr819.
06-25 14:28:14.522 832 832 D WifiHWInfo: Entry [20], BUS: SDIO, ID: 0x0A9E2282, Name: xr829.
06-25 14:28:14.522 832 832 D WifiHWInfo: Entry [21], BUS: SDIO, ID: 0x0271050A, Name: qca6174a.
06-25 14:28:14.522 832 832 D WifiHWInfo: Entry [22], BUS: SDIO, ID: 0x30303030, Name: ssv6x5x.
06-25 14:28:14.522 832 832 D WifiHWInfo: Entry [23], BUS: SDIO, ID: 0x00000000, Name: uwe5621.
06-25 14:28:14.522 832 832 D WifiHWInfo: Entry [24], BUS: SDIO, ID: 0x54490145, Name: aic8800.
06-25 14:28:14.522 832 832 D WifiHWInfo: Entry [25], BUS: SDIO, ID: 0xC8A1C08D, Name: aic8800.
06-25 14:28:14.522 832 832 D WifiHWInfo: Entry [26], BUS: USB, ID: 0xA69C8800, Name: aic8800.
06-25 14:28:14.522 832 832 D WifiHWInfo: Entry [27], BUS: USB, ID: 0x007A8888, Name: atbm6023is.
06-25 14:28:14.522 832 832 D WifiHWInfo: Entry [28], BUS: SDIO, ID: 0x02E79086, Name: 9012p.
06-25 14:28:14.522 832 832 D WifiHWInfo: Entry [29], BUS: SDIO, ID: 0x007A6011, Name: atbm613x_wifi_sdio.
06-25 14:28:14.522 832 832 D WifiHWInfo: Entry [30], BUS: SDIO, ID: 0x024CC822, Name: 88x2cs.
06-25 14:28:14.522 832 832 D WifiHWInfo: Entry [31], BUS: SDIO, ID: 0x000018F0, Name: dummy.
06-25 14:28:14.522 832 832 W wpa_supplicant: check_initialed for nl80211, use sprd wpa_supplicant_8_lib.
06-25 14:28:14.522 832 832 W wpa_supplicant: check_initialed found wpa_supplicant_8_lib vendor implement for sprd.
06-25 14:28:14.522 832 832 D wpa_supplicant: wlan0: Event CHANNEL_LIST_CHANGED (27) received
06-25 14:28:14.522 832 832 I wpa_supplicant: wlan0: CTRL-EVENT-REGDOM-CHANGE init=USER type=COUNTRY alpha2=CN
06-25 14:28:14.522 832 832 D wpa_supplicant: p2p-dev-wlan0: Updating hw mode
06-25 14:28:14.523 829 948 I CCodec : Created component [c2.android.vorbis.decoder]
06-25 14:28:14.523 829 948 D CCodecConfig: read media type: audio/vorbis
06-25 14:28:14.524 832 832 D wpa_supplicant: nl80211: No channel number found for frequency 5920 MHz
06-25 14:28:14.525 832 832 D wpa_supplicant: nl80211: No channel number found for frequency 5940 MHz
01-01 08:00:18.533 925 925 E cma : cma_alloc: alloc failed, req-size: 8 pages, ret: -16
01-01 08:00:18.545 895 895 E cma : cma_alloc: alloc failed, req-size: 8 pages, ret: -16
06-25 14:28:14.526 365 365 I wificond: Regulatory domain changed to country: CN on wiphy_index: 0
06-25 14:28:14.531 832 832 D wpa_supplicant: nl80211: Regulatory information - country=CN (DFS-FCC)
06-25 14:28:14.531 832 832 D wpa_supplicant: nl80211: 2400-2483 @ 40 MHz 20 mBm
06-25 14:28:14.531 832 832 D wpa_supplicant: nl80211: 5150-5350 @ 80 MHz 20 mBm (DFS)
06-25 14:28:14.531 832 832 D wpa_supplicant: nl80211: 5725-5850 @ 80 MHz 33 mBm
06-25 14:28:14.531 832 832 D wpa_supplicant: nl80211: 57240-59400 @ 2160 MHz 28 mBm
06-25 14:28:14.531 832 832 D wpa_supplicant: nl80211: 59400-63720 @ 2160 MHz 44 mBm
06-25 14:28:14.531 832 832 D wpa_supplicant: nl80211: 63720-65880 @ 2160 MHz 28 mBm
06-25 14:28:14.531 832 832 D wpa_supplicant: nl80211: Added 802.11b mode based on 802.11g information
06-25 14:28:14.531 832 832 D wpa_supplicant: nl80211: Mode IEEE 802.11g: 2412 2417 2422 2427 2432 2437 2442 2447 2452 2457 2462 2467 2472 2484
06-25 14:28:14.532 832 832 D wpa_supplicant: nl80211: Mode IEEE 802.11a: 5170[DISABLED] 5180 5200 5220 5240 5260[RADAR] 5280[RADAR] 5300[RADAR] 5320[RADAR] 5500[RADAR] 5520[RADAR] 5540[RADAR] 5560[RADAR] 5580[RADAR] 5600[RADAR] 5620[RADAR] 5640[RADAR] 5660[RADAR]
06-25 14:28:14.532 832 832 D wpa_supplicant: nl80211: Mode IEEE 802.11b: 2412 2417 2422 2427 2432 2437 2442 2447 2452 2457 2462 2467 2472 2484
06-25 14:28:14.532 832 832 D wpa_supplicant: wlan0: Updating hw mode
06-25 14:28:14.532 832 832 D wpa_supplicant: nl80211: No channel number found for frequency 5920 MHz
06-25 14:28:14.533 832 832 D wpa_supplicant: nl80211: No channel number found for frequency 5940 MHz
06-25 14:28:14.533 832 832 D wpa_supplicant: nl80211: Regulatory information - country=CN (DFS-FCC)
06-25 14:28:14.533 832 832 D wpa_supplicant: nl80211: 2400-2483 @ 40 MHz 20 mBm
06-25 14:28:14.533 832 832 D wpa_supplicant: nl80211: 5150-5350 @ 80 MHz 20 mBm (DFS)
06-25 14:28:14.533 832 832 D wpa_supplicant: nl80211: 5725-5850 @ 80 MHz 33 mBm
06-25 14:28:14.533 832 832 D wpa_supplicant: nl80211: 57240-59400 @ 2160 MHz 28 mBm
06-25 14:28:14.533 832 832 D wpa_supplicant: nl80211: 59400-63720 @ 2160 MHz 44 mBm
06-25 14:28:14.533 832 832 D wpa_supplicant: nl80211: 63720-65880 @ 2160 MHz 28 mBm
06-25 14:28:14.533 832 832 D wpa_supplicant: nl80211: Added 802.11b mode based on 802.11g information
06-25 14:28:14.533 832 832 D wpa_supplicant: nl80211: Mode IEEE 802.11g: 2412 2417 2422 2427 2432 2437 2442 2447 2452 2457 2462 2467 2472 2484[DISABLED]
06-25 14:28:14.533 832 832 D wpa_supplicant: nl80211: Mode IEEE 802.11a: 5170[DISABLED] 5180 5200 5220 5240 5260[RADAR] 5280[RADAR] 5300[RADAR] 5320[RADAR] 5500[DISABLED][RADAR] 5520[DISABLED][RADAR] 5540[DISABLED][RADAR] 5560[DISABLED][RADAR] 5580[DISABLED][RADAR]
06-25 14:28:14.533 832 832 D wpa_supplicant: nl80211: Mode IEEE 802.11b: 2412 2417 2422 2427 2432 2437 2442 2447 2452 2457 2462 2467 2472 2484[DISABLED]
06-25 14:28:14.533 832 832 D wpa_supplicant: wlan0: Determining shared radio frequencies (max len 2)
06-25 14:28:14.534 832 832 D wpa_supplicant: wlan0: Shared frequencies (len=0): completed iteration
06-25 14:28:14.534 832 832 D wpa_supplicant: P2P: Add operating class 81
06-25 14:28:14.534 832 832 D wpa_supplicant: P2P: Channels - hexdump(len=13): 01 02 03 04 05 06 07 08 09 0a 0b 0c 0d
06-25 14:28:14.534 832 832 D wpa_supplicant: P2P: Add operating class 115
06-25 14:28:14.534 832 832 D wpa_supplicant: P2P: Channels - hexdump(len=4): 24 28 2c 30
06-25 14:28:14.534 832 832 D wpa_supplicant: P2P: Add operating class 116
06-25 14:28:14.534 832 832 D wpa_supplicant: P2P: Channels - hexdump(len=2): 24 2c
06-25 14:28:14.534 832 832 D wpa_supplicant: P2P: Add operating class 117
06-25 14:28:14.534 832 832 D wpa_supplicant: P2P: Channels - hexdump(len=2): 28 30
06-25 14:28:14.534 832 832 D wpa_supplicant: P2P: Add operating class 124
06-25 14:28:14.534 832 832 D wpa_supplicant: P2P: Channels - hexdump(len=4): 95 99 9d a1
06-25 14:28:14.534 832 832 D wpa_supplicant: P2P: Add operating class 125
06-25 14:28:14.534 832 832 D wpa_supplicant: P2P: Channels - hexdump(len=5): 95 99 9d a1 a5
06-25 14:28:14.534 832 832 D wpa_supplicant: P2P: Add operating class 126
06-25 14:28:14.534 832 832 D wpa_supplicant: P2P: Channels - hexdump(len=2): 95 9d
06-25 14:28:14.534 832 832 D wpa_supplicant: P2P: Add operating class 127
06-25 14:28:14.534 832 832 D wpa_supplicant: P2P: Channels - hexdump(len=2): 99 a1
06-25 14:28:14.534 832 832 D wpa_supplicant: P2P: Add operating class 128
06-25 14:28:14.534 832 832 D wpa_supplicant: P2P: Channels - hexdump(len=8): 24 28 2c 30 95 99 9d a1
06-25 14:28:14.534 832 832 D wpa_supplicant: P2P: Add operating class 130
06-25 14:28:14.534 832 832 D wpa_supplicant: P2P: Channels - hexdump(len=9): 24 28 2c 30 95 99 9d a1 a5
06-25 14:28:14.534 832 832 D wpa_supplicant: P2P: Update channel list
06-25 14:28:14.534 832 832 D wpa_supplicant: P2P: channels: 81:1,2,3,4,5,6,7,8,9,10,11,12,13 115:36,40,44,48 116:36,44 117:40,48 124:149,153,157,161 125:149,153,157,161,165 126:149,157 127:153,161 128:36,40,44,48,149,153,157,161 130:36,40,44,48,149,153,157,161,165
06-25 14:28:14.534 479 479 I SystemServerTiming: ManagedServices.unbindOtherUserServices_current0
06-25 14:28:14.534 832 832 D wpa_supplicant: P2P: cli_channels:
06-25 14:28:14.534 832 832 D wpa_supplicant: sprd_wpa_driver_nl80211_driver_cmd COUNTRY CN len = 0, 10
06-25 14:28:14.534 479 479 I SystemServerTiming: ManagedServices.unbindOtherUserServices_current0
06-25 14:28:14.534 832 832 D wpa_supplicant: nl80211: Event message available
06-25 14:28:14.535 479 479 I SystemServerTiming: ManagedServices.unbindOtherUserServices_current0
06-25 14:28:14.535 479 479 V NotificationAssistants: enabling notification assistant for 0: ComponentInfo{android.ext.services/android.ext.services.notification.Assistant}
06-25 14:28:14.535 832 832 D wpa_supplicant: nl80211: Drv Event 36 (NL80211_CMD_REG_CHANGE) received for p2p-dev-wlan0
06-25 14:28:14.535 832 832 D wpa_supplicant: nl80211: Regulatory domain change
06-25 14:28:14.535 832 832 D wpa_supplicant: * initiator=2
06-25 14:28:14.535 832 832 D wpa_supplicant: * type=0
06-25 14:28:14.535 832 832 D wpa_supplicant: * alpha2=CN
06-25 14:28:14.535 832 832 D wpa_supplicant: p2p-dev-wlan0: Event CHANNEL_LIST_CHANGED (27) received
06-25 14:28:14.535 832 832 I wpa_supplicant: wlan0: CTRL-EVENT-REGDOM-CHANGE init=DRIVER type=COUNTRY alpha2=CN
06-25 14:28:14.535 832 832 D wpa_supplicant: p2p-dev-wlan0: Updating hw mode
06-25 14:28:14.535 479 479 V NotificationAssistants: binding: Intent { act=android.service.notification.NotificationAssistantService cmp=android.ext.services/.notification.Assistant (has extras) }
06-25 14:28:14.535 479 525 W KeyguardServiceDelegate: onScreenTurningOn(): no keyguard service!
06-25 14:28:14.536 479 611 D WifiNative: onSetCountryCodeSucceeded: CN
06-25 14:28:14.536 479 611 I WifiCountryCode: Receive onSetCountryCodeSucceeded CN
06-25 14:28:14.536 832 832 D wpa_supplicant: nl80211: No channel number found for frequency 5920 MHz
06-25 14:28:14.536 832 832 D wpa_supplicant: nl80211: No channel number found for frequency 5940 MHz
