06-26 17:30:07.836 367 367 D dom2reg : timezone change, new: Etc/GMT-8, pre:
06-26 17:30:07.836 367 367 W dom2reg : timezone [Etc/GMT-8] not in default tables, please check!
06-26 17:30:07.945 479 524 W IorapForwardingService: No service published for: iorapd
06-26 17:30:08.182 657 657 E WifiHAL : wifi_get_link_stats: requestResponse Error:-5
06-26 17:30:08.183 479 611 E WifiVendorHal: getWifiLinkLayerStats_1_5_Internal(l.1191) failed {.code = ERROR_INVALID_ARGS, .description = }
06-26 17:30:08.948 479 524 W IorapForwardingService: No service published for: iorapd
06-26 17:30:09.836 367 367 D dom2reg : timezone change, new: Etc/GMT-8, pre:
06-26 17:30:09.836 367 367 W dom2reg : timezone [Etc/GMT-8] not in default tables, please check!
06-26 17:30:09.949 479 524 W IorapForwardingService: No service published for: iorapd
06-26 17:30:10.951 479 524 W IorapForwardingService: No service published for: iorapd
06-26 17:30:11.194 657 657 E WifiHAL : wifi_get_link_stats: requestResponse Error:-5
06-26 17:30:11.195 479 611 E WifiVendorHal: getWifiLinkLayerStats_1_5_Internal(l.1191) failed {.code = ERROR_INVALID_ARGS, .description = }
06-26 17:30:11.278 2433 2536 D UtilLog : 日志批量上报 进行正常循环 !!!!!!本次有0次请求,共0条数据
06-26 17:30:11.836 367 367 D dom2reg : timezone change, new: Etc/GMT-8, pre:
06-26 17:30:11.837 367 367 W dom2reg : timezone [Etc/GMT-8] not in default tables, please check!
06-26 17:30:11.954 479 524 W IorapForwardingService: No service published for: iorapd
06-26 17:30:12.518 2621 2631 I gbei.screencas: Background concurrent copying GC freed 61687(6550KB) AllocSpace objects, 0(0B) LOS objects, 49% free, 6561KB/12MB, paused 123us total 126.792ms
06-26 17:30:12.956 479 524 W IorapForwardingService: No service published for: iorapd
06-26 17:30:13.579 1179 1179 D bbb : onStartCommand begin !!!!!!! data分区剩余 23361MB
06-26 17:30:13.582 1125 1125 D aaa : LedStatusService onStartCommand begin
06-26 17:30:13.583 1125 3643 D aaa : topPkg is -------------- :com.dangbei.haqusetting
06-26 17:30:13.837 367 367 D dom2reg : timezone change, new: Etc/GMT-8, pre:
06-26 17:30:13.837 367 367 W dom2reg : timezone [Etc/GMT-8] not in default tables, please check!
06-26 17:30:13.957 479 524 W IorapForwardingService: No service published for: iorapd
06-26 17:30:14.206 657 657 E WifiHAL : wifi_get_link_stats: requestResponse Error:-5
06-26 17:30:14.207 479 611 E WifiVendorHal: getWifiLinkLayerStats_1_5_Internal(l.1191) failed {.code = ERROR_INVALID_ARGS, .description = }
06-26 17:30:14.832 343 343 I xiriservice_All: type=1400 audit(0.0:1785): avc: denied { read } for scontext=u:r:init:s0 tcontext=u:r:init:s0 tclass=netlink_kobject_uevent_socket permissive=1
01-01 08:03:16.543 124 124 I : HDMI cable is disconnected
06-26 17:30:14.833 263 411 D displayd: hotplug change: name=6000000.hdmi, state=HDMI=0
06-26 17:30:14.833 263 411 D displayd: HotplugMonitor: 6000000.hdmi connected=0
06-26 17:30:14.833 263 411 D displayd: xxxxxxx: updateConnectState: type=-1 connected=0
06-26 17:30:14.833 479 598 D AW_CODE : rotation =0
06-26 17:30:14.833 263 411 D displayd: xxxxxxx: updated: type=2 connected=0
06-26 17:30:14.834 263 411 D displayd: xxxxxxx: updated: type=4 connected=0
06-26 17:30:14.834 263 411 E displayd: xxxxxxx: [cvbs] Saved attribute is not match, saved mode=11, actual mode=0
06-26 17:30:14.834 263 411 E displayd: xxxxxxx: hdmi connected state is 0
06-26 17:30:14.834 263 411 I sunxihwc: switchDevice: display[1]: type=2 mode=0 enable=0
06-26 17:30:14.834 263 411 I sunxihwc: switchDevice: display[0]: type=4 mode=10 enable=1
06-26 17:30:14.834 263 411 D sunxihwc: setHotplugState: mbHotplug = 1
06-26 17:30:14.834 263 411 I sunxihwc: updateConnectedDevices: display[0] connected=1 type=4 device=0xf5f3200c
06-26 17:30:14.834 263 411 I sunxihwc: updateConnectedDevices: display[1] connected=0 type=2 device=0x0
06-26 17:30:14.834 263 411 D sunxihwc: enqueueEvent: enqueueEvent: event 1
06-26 17:30:14.834 263 411 W displayd: xxxxxxx: reset layer mode: 2D-ORIGINAL
06-26 17:30:14.834 263 411 W displayd: xxxxxxx: Request layer mode: 2D-ORIGINAL
06-26 17:30:14.834 263 411 I sunxihwc: set3DMode: display[0]: mode=0
06-26 17:30:14.834 263 411 W displayd: xxxxxxx: Current device mapping:
06-26 17:30:14.834 263 411 W displayd: + display [1]: enable=0 type=2 mode=0
06-26 17:30:14.834 263 411 W displayd: + display [0]: enable=1 type=4 mode=10
06-26 17:30:14.836 263 403 D sunxihwc: setHotplugState: mbHotplug = 0
06-26 17:30:14.839 479 479 D AudioDeviceManagerObserver: name: AUDIO_HDMI, state: 0, type: 1
06-26 17:30:14.839 1116 1116 E xxxxxxxxxxxxxxx: onReceive:mIsHDMIPlugged = false
06-26 17:30:14.839 479 479 D AudioManagerPolicy: On Audio device plug in/out receive,name=AUDIO_HDMI type=1 state=0 extra=null
06-26 17:30:14.840 479 479 V AudioManagerPolicy: chengkan------------- hdmi inactive
06-26 17:30:14.841 479 479 D AudioManagerPolicy: get AUDIO_MANAGE_POLICY is 2
06-26 17:30:14.842 479 479 D AudioManagerPolicy: Policy2 HDMI Plug Out/In Switch! Booting
06-26 17:30:14.840 479 479 I system_server: type=1400 audit(0.0:1786): avc: denied { call } for scontext=u:r:system_server:s0 tcontext=u:r:hal_awdisplayoutput_default:s0 tclass=binder permissive=1
06-26 17:30:14.842 479 479 D AudioManagerEx: AudioManagerEx
06-26 17:30:14.843 479 479 D AudioManagerPolicy: save audio is AUDIO_HDMI
06-26 17:30:14.843 479 479 D AudioManagerPolicy: get AUDIO_MANAGE_POLICY is 2
06-26 17:30:14.843 479 479 D AudioManagerPolicy: POLICY_2 Remove USB Audio or No USB Audio Output Device Connected!
06-26 17:30:14.843 479 479 D AudioManagerPolicy: POLICY_2 add codec output!
06-26 17:30:14.844 479 479 D AudioManagerEx: state=audio_devices_out_active,dev=[AUDIO_CODEC, AUDIO_CODEC]
06-26 17:30:14.844 479 479 D AudioManagerEx: enablePassThrough = true
06-26 17:30:14.844 479 479 D AudioManagerEx: Hdmi status true,false,2
06-26 17:30:14.844 479 479 D AudioManagerEx: HDMI AUDIO_CODEC
06-26 17:30:14.844 479 479 D AudioManagerEx: AUDIO_NAME_CODEC
06-26 17:30:14.847 254 311 V audio_hw_primary: adev_set_parameters, mediasw.sft.rawdata=PCM
06-26 17:30:14.850 479 479 D AudioManagerEx: audio=AUDIO_CODEC
06-26 17:30:14.850 254 311 V audio_hw_primary: adev_set_parameters, audio_devices_out_active=AUDIO_CODEC
06-26 17:30:14.850 254 311 V audio_hw_primary: out AUDIO_PARAMETER_DEVICES_OUT_ACTIVE: AUDIO_CODEC
06-26 17:30:14.859 254 311 V audio_hw_primary: set property persist.vendor.audio.output.active: AUDIO_CODEC ok
06-26 17:30:14.859 254 311 V audio_hw_primary: AUDIO_CODEC output device will be active
06-26 17:30:14.861 479 479 D AudioManagerEx: Update Settings.System.AUDIO_OUTPUT_CHANNEL, now save audio is AUDIO_CODEC
06-26 17:30:14.959 479 524 W IorapForwardingService: No service published for: iorapd
06-26 17:30:15.188 269 289 D hdmi-cec: update hdmi connected: 0
06-26 17:30:15.837 367 367 D dom2reg : timezone change, new: Etc/GMT-8, pre:
06-26 17:30:15.837 367 367 W dom2reg : timezone [Etc/GMT-8] not in default tables, please check!
06-26 17:30:15.961 479 524 W IorapForwardingService: No service published for: iorapd
06-26 17:30:16.963 479 524 W IorapForwardingService: No service published for: iorapd
06-26 17:30:17.218 657 657 E WifiHAL : wifi_get_link_stats: requestResponse Error:-5
06-26 17:30:17.219 479 611 E WifiVendorHal: getWifiLinkLayerStats_1_5_Internal(l.1191) failed {.code = ERROR_INVALID_ARGS, .description = }
06-26 17:30:17.837 367 367 D dom2reg : timezone change, new: Etc/GMT-8, pre:
06-26 17:30:17.837 367 367 W dom2reg : timezone [Etc/GMT-8] not in default tables, please check!
06-26 17:30:17.965 479 524 W IorapForwardingService: No service published for: iorapd
06-26 17:30:18.127 479 1023 W ZramWriteback: Writeback device is not set
06-26 17:30:18.127 479 1023 D ZramWriteback: wait to flush
01-01 08:03:19.939 124 124 I : hdmi_hpd_sys_config_release
06-26 17:30:18.968 479 524 W IorapForwardingService: No service published for: iorapd
06-26 17:30:19.377 2879 2952 D nStackXCoAP: IsInSameNetwork:[276] :IsInSameNetwork exec
06-26 17:30:19.377 2879 2952 I nStackXDFinder: GetLocalInterfaceDetail:[461] :GetLocalInterfaceDetail in
06-26 17:30:19.377 2879 2952 E nStackXCoAP: IsInSameNetwork:[281] :IsInSameNetwork: not priority process
06-26 17:30:19.377 2879 2952 D nStackXCoAP: ParseServiceDiscover:[330] :new device join
06-26 17:30:19.377 2879 2952 I nStackXDFinder: NotifyDeviceListChanged:[540] :notify callback: device list changed callback is null
06-26 17:30:19.377 2879 2952 E nStackXDFinder: GetLocalIp:[401] :GetLocalIp exec
06-26 17:30:19.512 2879 2952 D nStackXCoAP: IsInSameNetwork:[276] :IsInSameNetwork exec
06-26 17:30:19.512 2879 2952 I nStackXDFinder: GetLocalInterfaceDetail:[461] :GetLocalInterfaceDetail in
06-26 17:30:19.512 2879 2952 E nStackXCoAP: IsInSameNetwork:[281] :IsInSameNetwork: not priority process
06-26 17:30:19.512 2879 2952 D nStackXCoAP: ParseServiceDiscover:[330] :new device join
06-26 17:30:19.512 2879 2952 E nStackXDFinder: GetLocalIp:[401] :GetLocalIp exec
06-26 17:30:19.683 2879 2952 D nStackXCoAP: IsInSameNetwork:[276] :IsInSameNetwork exec
06-26 17:30:19.685 2879 2952 I nStackXDFinder: GetLocalInterfaceDetail:[461] :GetLocalInterfaceDetail in
06-26 17:30:19.685 2879 2952 E nStackXCoAP: IsInSameNetwork:[281] :IsInSameNetwork: not priority process
06-26 17:30:19.685 2879 2952 D nStackXCoAP: ParseServiceDiscover:[330] :new device join
06-26 17:30:19.685 2879 2952 E nStackXDFinder: GetLocalIp:[401] :GetLocalIp exec
06-26 17:30:19.838 367 367 D dom2reg : timezone change, new: Etc/GMT-8, pre:
06-26 17:30:19.838 367 367 W dom2reg : timezone [Etc/GMT-8] not in default tables, please check!
06-26 17:30:19.895 2879 2952 D nStackXCoAP: IsInSameNetwork:[276] :IsInSameNetwork exec
06-26 17:30:19.895 2879 2952 I nStackXDFinder: GetLocalInterfaceDetail:[461] :GetLocalInterfaceDetail in
06-26 17:30:19.895 2879 2952 E nStackXCoAP: IsInSameNetwork:[281] :IsInSameNetwork: not priority process
06-26 17:30:19.895 2879 2952 D nStackXCoAP: ParseServiceDiscover:[330] :new device join
06-26 17:30:19.895 2879 2952 E nStackXDFinder: GetLocalIp:[401] :GetLocalIp exec
06-26 17:30:19.970 479 524 W IorapForwardingService: No service published for: iorapd
01-01 08:03:21.723 124 124 I : HDMI cable is connected
06-26 17:30:20.192 479 598 D AW_CODE : rotation =0
06-26 17:30:20.193 263 411 D displayd: hotplug change: name=6000000.hdmi, state=HDMI=1
06-26 17:30:20.193 263 411 D displayd: HotplugMonitor: 6000000.hdmi connected=1
06-26 17:30:20.193 263 411 D displayd: xxxxxxx: updateConnectState: type=-1 connected=1
06-26 17:30:20.194 263 411 D displayd: xxxxxxx: updated: type=2 connected=0
06-26 17:30:20.194 263 411 D displayd: xxxxxxx: updated: type=4 connected=1
06-26 17:30:20.194 263 411 E displayd: xxxxxxx: [cvbs] Saved attribute is not match, saved mode=11, actual mode=0
06-26 17:30:20.194 263 411 W edid : Parse block0:
06-26 17:30:20.194 263 411 W edid : Extension block count: 1
06-26 17:30:20.194 263 411 W edid : Parse CEA extension block (version: 3)
06-26 17:30:20.194 263 411 W edid : CEA data length: 64 bytes
06-26 17:30:20.194 263 411 E edid : parseCeaDataBlocks:unhandled EXTENDED_TAG code0
06-26 17:30:20.197 263 411 W displayd: xxxxxxx: performOptimalMode: hdmi mode user setting auto, try perfect modes
06-26 17:30:20.197 263 411 W displayd: xxxxxxx: performOptimalMode: use perfect hdmi mode(10)
06-26 17:30:20.197 263 411 W displayd: xxxxxxx: Device config: type[4] mode[10] pixelformat[1] bits[0] eotf[4] colorspace[257]
06-26 17:30:20.197 263 411 I sunxihwc: switchDevice: display[1]: type=2 mode=0 enable=0
06-26 17:30:20.197 263 411 I sunxihwc: switchDevice: display[0]: type=4 mode=10 enable=1
06-26 17:30:20.198 263 411 D sunxihwc: setHotplugState: mbHotplug = 1
06-26 17:30:20.198 269 289 D hdmi-cec: update hdmi connected: 1
06-26 17:30:20.198 263 411 I sunxihwc: updateConnectedDevices: display[0] connected=1 type=4 device=0xf5f3200c
06-26 17:30:20.198 263 411 I sunxihwc: updateConnectedDevices: display[1] connected=0 type=2 device=0x0
06-26 17:30:20.198 263 411 D sunxihwc: enqueueEvent: enqueueEvent: event 1
06-26 17:30:20.198 263 411 I sunxihwc: setMargin: display[0]: margin 84 84 84 84
06-26 17:30:20.198 263 411 W displayd: xxxxxxx: Turen on display(0), margin( 84, 84, 84, 84)
06-26 17:30:20.198 263 411 W displayd: xxxxxxx: reset layer mode: 2D-ORIGINAL
06-26 17:30:20.198 263 411 W displayd: xxxxxxx: Request layer mode: 2D-ORIGINAL
06-26 17:30:20.198 263 411 I sunxihwc: set3DMode: display[0]: mode=0
06-26 17:30:20.198 263 411 W displayd: xxxxxxx: Current device mapping:
06-26 17:30:20.198 263 411 W displayd: + display [1]: enable=0 type=2 mode=0
06-26 17:30:20.198 263 411 W displayd: + display [0]: enable=1 type=4 mode=10
06-26 17:30:20.198 263 403 D sunxihwc: setHotplugState: mbHotplug = 0
06-26 17:30:20.199 269 269 D hdmi-cec: reset logical address to broadcast
06-26 17:30:20.202 1116 1116 E xxxxxxxxxxxxxxx: onReceive:mIsHDMIPlugged = true
06-26 17:30:20.202 479 479 D AudioDeviceManagerObserver: name: AUDIO_HDMI, state: 1, type: 1
06-26 17:30:20.203 479 479 D AudioManagerPolicy: On Audio device plug in/out receive,name=AUDIO_HDMI type=1 state=1 extra=null
06-26 17:30:20.203 479 479 D AudioManagerPolicy: notifyHdmiAvailable hdmi is available
06-26 17:30:20.230 657 657 E WifiHAL : wifi_get_link_stats: requestResponse Error:-5
06-26 17:30:20.231 479 611 E WifiVendorHal: getWifiLinkLayerStats_1_5_Internal(l.1191) failed {.code = ERROR_INVALID_ARGS, .description = }
06-26 17:30:20.305 254 311 D audio_hw_primary: Mic get_audio_devices_active:
06-26 17:30:20.305 254 311 D audio_hw_primary: get_audio_devices_active: AUDIO_CODEC
06-26 17:30:20.305 254 254 D xm_audio: adev_get_parameters
06-26 17:30:20.306 273 444 I hash_map_utils: system/bt/osi/src/hash_map_utils.cc:81 hash_map_utils_dump_string_keys_string_values: key: 'audio_devices_out_active' value: ''
06-26 17:30:20.306 479 479 D AudioManagerEx: type audio_devices_out_active list AUDIO_CODEC=
06-26 17:30:20.306 479 479 V AudioManagerPolicy: chengkan------------- hdmi active
06-26 17:30:20.308 479 479 D AudioManagerPolicy: i come
06-26 17:30:20.308 479 479 D AudioManagerPolicy: list audio port success
06-26 17:30:20.309 479 479 D AudioManagerPolicy: get AUDIO_MANAGE_POLICY is 2
06-26 17:30:20.309 479 479 D AudioManagerPolicy: Policy2 HDMI Plug Out/In Switch! Booting
06-26 17:30:20.309 479 479 D AudioManagerEx: AudioManagerEx
06-26 17:30:20.309 479 479 D AudioManagerPolicy: save audio is AUDIO_CODEC
06-26 17:30:20.310 479 479 D AudioManagerPolicy: get AUDIO_MANAGE_POLICY is 2
06-26 17:30:20.310 479 479 D AudioManagerPolicy: POLICY_2 Remove USB Audio or No USB Audio Output Device Connected!
06-26 17:30:20.310 479 479 D AudioManagerEx: state=audio_devices_out_active,dev=[AUDIO_CODEC, AUDIO_HDMI]
06-26 17:30:20.310 479 479 D AudioManagerEx: enablePassThrough = true
06-26 17:30:20.311 479 479 D AudioManagerEx: Hdmi status true,true,2
06-26 17:30:20.311 479 479 D AudioManagerEx: HDMI AUDIO_CODEC
06-26 17:30:20.311 479 479 D AudioManagerEx: AUDIO_NAME_HDMI
06-26 17:30:20.312 254 254 V audio_hw_primary: adev_set_parameters, mediasw.sft.rawdata=HDMI_RAW
06-26 17:30:20.314 479 479 D AudioManagerEx: audio=AUDIO_HDMI
06-26 17:30:20.314 254 254 V audio_hw_primary: adev_set_parameters, audio_devices_out_active=AUDIO_HDMI
06-26 17:30:20.314 254 254 V audio_hw_primary: out AUDIO_PARAMETER_DEVICES_OUT_ACTIVE: AUDIO_HDMI
06-26 17:30:20.323 254 254 V audio_hw_primary: set property persist.vendor.audio.output.active: AUDIO_HDMI ok
06-26 17:30:20.323 254 254 V audio_hw_primary: AUDIO_HDMI output device will be active
06-26 17:30:20.325 479 479 D AudioManagerEx: Update Settings.System.AUDIO_OUTPUT_CHANNEL, now save audio is AUDIO_HDMI
06-26 17:30:20.325 479 479 W Looper : Slow dispatch took 122ms main h=android.app.ActivityThread$H c=android.app.LoadedApk$ReceiverDispatcher$Args$$ExternalSyntheticLambda0@b844f0c m=0
06-26 17:30:20.389 269 269 D hdmi-cec: cec physical address: 1.0.0.0
06-26 17:30:20.390 269 269 D hdmi-cec: cec physical address: 1.0.0.0
06-26 17:30:20.390 269 269 D hdmi-cec: cec physical address: 1.0.0.0
06-26 17:30:20.390 269 269 D hdmi-cec: addLogicalAddress (4)
06-26 17:30:20.390 269 269 D hdmi-cec: cec physical address: 1.0.0.0
06-26 17:30:20.399 2879 2952 D nStackXCoAP: IsInSameNetwork:[276] :IsInSameNetwork exec
06-26 17:30:20.399 2879 2952 I nStackXDFinder: GetLocalInterfaceDetail:[461] :GetLocalInterfaceDetail in
06-26 17:30:20.399 2879 2952 E nStackXCoAP: IsInSameNetwork:[281] :IsInSameNetwork: not priority process
06-26 17:30:20.399 2879 2952 D nStackXCoAP: ParseServiceDiscover:[330] :new device join
06-26 17:30:20.399 2879 2952 E nStackXDFinder: GetLocalIp:[401] :GetLocalIp exec
06-26 17:30:20.827 2879 2952 D nStackXCoAP: IsInSameNetwork:[276] :IsInSameNetwork exec
06-26 17:30:20.827 2879 2952 I nStackXDFinder: GetLocalInterfaceDetail:[461] :GetLocalInterfaceDetail in
06-26 17:30:20.827 2879 2952 E nStackXCoAP: IsInSameNetwork:[281] :IsInSameNetwork: not priority process
06-26 17:30:20.827 2879 2952 D nStackXCoAP: ParseServiceDiscover:[330] :new device join
06-26 17:30:20.827 2879 2952 E nStackXDFinder: GetLocalIp:[401] :GetLocalIp exec
06-26 17:30:20.877 263 411 D displayd: hotplug change: name=6000000.hdmi, state=HDMI=0
06-26 17:30:20.877 479 598 D AW_CODE : rotation =0
06-26 17:30:20.877 263 411 D displayd: HotplugMonitor: 6000000.hdmi connected=0
06-26 17:30:20.877 263 411 D displayd: xxxxxxx: updateConnectState: type=-1 connected=0
06-26 17:30:20.877 263 411 D displayd: xxxxxxx: updated: type=2 connected=0
06-26 17:30:20.877 263 411 D displayd: xxxxxxx: updated: type=4 connected=0
06-26 17:30:20.877 263 411 E displayd: xxxxxxx: [cvbs] Saved attribute is not match, saved mode=11, actual mode=0
06-26 17:30:20.877 263 411 E displayd: xxxxxxx: hdmi connected state is 0
06-26 17:30:20.877 263 411 I sunxihwc: switchDevice: display[1]: type=2 mode=0 enable=0
06-26 17:30:20.877 263 411 I sunxihwc: switchDevice: display[0]: type=4 mode=10 enable=1
06-26 17:30:20.877 263 411 D sunxihwc: setHotplugState: mbHotplug = 1
06-26 17:30:20.877 263 411 I sunxihwc: updateConnectedDevices: display[0] connected=1 type=4 device=0xf5f3200c
06-26 17:30:20.877 263 411 I sunxihwc: updateConnectedDevices: display[1] connected=0 type=2 device=0x0
06-26 17:30:20.877 263 411 D sunxihwc: enqueueEvent: enqueueEvent: event 1
06-26 17:30:20.877 263 411 W displayd: xxxxxxx: reset layer mode: 2D-ORIGINAL
06-26 17:30:20.877 263 411 W displayd: xxxxxxx: Request layer mode: 2D-ORIGINAL
06-26 17:30:20.877 263 411 I sunxihwc: set3DMode: display[0]: mode=0
06-26 17:30:20.877 263 411 W displayd: xxxxxxx: Current device mapping:
06-26 17:30:20.877 263 411 W displayd: + display [1]: enable=0 type=2 mode=0
06-26 17:30:20.877 263 411 W displayd: + display [0]: enable=1 type=4 mode=10
06-26 17:30:20.878 263 403 D sunxihwc: setHotplugState: mbHotplug = 0
01-01 08:03:22.587 124 124 I : HDMI cable is disconnected
06-26 17:30:20.882 479 479 D AudioDeviceManagerObserver: name: AUDIO_HDMI, state: 0, type: 1
06-26 17:30:20.882 1116 1116 E xxxxxxxxxxxxxxx: onReceive:mIsHDMIPlugged = false
06-26 17:30:20.883 479 479 D AudioManagerPolicy: On Audio device plug in/out receive,name=AUDIO_HDMI type=1 state=0 extra=null
06-26 17:30:20.883 479 479 V AudioManagerPolicy: chengkan------------- hdmi inactive
06-26 17:30:20.885 479 479 D AudioManagerPolicy: get AUDIO_MANAGE_POLICY is 2
06-26 17:30:20.885 479 479 D AudioManagerPolicy: Policy2 HDMI Plug Out/In Switch! Booting
06-26 17:30:20.885 479 479 D AudioManagerEx: AudioManagerEx
06-26 17:30:20.886 479 479 D AudioManagerPolicy: save audio is AUDIO_HDMI
06-26 17:30:20.886 479 479 D AudioManagerPolicy: get AUDIO_MANAGE_POLICY is 2
06-26 17:30:20.886 479 479 D AudioManagerPolicy: POLICY_2 Remove USB Audio or No USB Audio Output Device Connected!
06-26 17:30:20.887 479 479 D AudioManagerPolicy: POLICY_2 add codec output!
06-26 17:30:20.887 479 479 D AudioManagerEx: state=audio_devices_out_active,dev=[AUDIO_CODEC, AUDIO_CODEC]
06-26 17:30:20.887 479 479 D AudioManagerEx: enablePassThrough = true
06-26 17:30:20.887 479 479 D AudioManagerEx: Hdmi status true,false,2
06-26 17:30:20.887 479 479 D AudioManagerEx: HDMI AUDIO_CODEC
06-26 17:30:20.887 479 479 D AudioManagerEx: AUDIO_NAME_CODEC
06-26 17:30:20.889 254 254 V audio_hw_primary: adev_set_parameters, mediasw.sft.rawdata=PCM
06-26 17:30:20.890 479 479 D AudioManagerEx: audio=AUDIO_CODEC
06-26 17:30:20.891 254 254 V audio_hw_primary: adev_set_parameters, audio_devices_out_active=AUDIO_CODEC
06-26 17:30:20.891 254 254 V audio_hw_primary: out AUDIO_PARAMETER_DEVICES_OUT_ACTIVE: AUDIO_CODEC
06-26 17:30:20.900 254 254 V audio_hw_primary: set property persist.vendor.audio.output.active: AUDIO_CODEC ok
06-26 17:30:20.900 254 254 V audio_hw_primary: AUDIO_CODEC output device will be active
06-26 17:30:20.902 479 479 D AudioManagerEx: Update Settings.System.AUDIO_OUTPUT_CHANNEL, now save audio is AUDIO_CODEC
06-26 17:30:20.972 479 524 W IorapForwardingService: No service published for: iorapd
06-26 17:30:21.000 2433 2541 I TDLog : [APP] New data found, Submitting...
06-26 17:30:21.026 2433 2541 I TDLog : [APP] Failed to submit data!
06-26 17:30:21.065 479 647 W HdmiCecController: Failed to send 40:47 with errorCode=1
06-26 17:30:21.194 479 647 W HdmiCecController: Failed to send 45:7D with errorCode=1
06-26 17:30:21.230 269 289 D hdmi-cec: update hdmi connected: 0
06-26 17:30:21.309 2433 2536 D UtilLog : 日志批量上报 进行正常循环 !!!!!!本次有0次请求,共0条数据
06-26 17:30:21.315 1058 1308 E ccc : cccccc sendCycleCheckBroadcast
06-26 17:30:21.316 1058 1308 W ContextImpl: Calling a method in the system process without a qualified user: android.app.ContextImpl.sendBroadcast:1173 android.content.ContextWrapper.sendBroadcast:479 com.dangbei.etna.setting.core.SettingHelper.sendCycleToProjector:250 com.dangbei.etna.setting.core.SettingHelper.sendCycleCheckBroadcast:219 com.dangbei.etna.setting.core.SettingHelper.startLoop$lambda-0:177
06-26 17:30:21.320 1058 1308 W ContextImpl: Calling a method in the system process without a qualified user: android.app.ContextImpl.sendBroadcast:1173 android.content.ContextWrapper.sendBroadcast:479 com.dangbei.etna.setting.core.SettingHelper.sendCycleToVoice:235 com.dangbei.etna.setting.core.SettingHelper.sendCycleCheckBroadcast:220 com.dangbei.etna.setting.core.SettingHelper.startLoop$lambda-0:177
06-26 17:30:21.324 479 1378 E ActivityManager: Sending non-protected broadcast com.dangbei.etna.setting.action_cycle_check_broadcast from system 1058:com.dangbei.lerad.etna.haqu/1000 pkg com.dangbei.lerad.etna.haqu
06-26 17:30:21.324 479 1378 E ActivityManager: java.lang.Throwable
06-26 17:30:21.324 479 1378 E ActivityManager: at com.android.server.am.ActivityManagerService.checkBroadcastFromSystem(ActivityManagerService.java:12816)
06-26 17:30:21.324 479 1378 E ActivityManager: at com.android.server.am.ActivityManagerService.broadcastIntentLocked(ActivityManagerService.java:13513)
06-26 17:30:21.324 479 1378 E ActivityManager: at com.android.server.am.ActivityManagerService.broadcastIntentLocked(ActivityManagerService.java:12833)
06-26 17:30:21.324 479 1378 E ActivityManager: at com.android.server.am.ActivityManagerService.broadcastIntentWithFeature(ActivityManagerService.java:13670)
06-26 17:30:21.324 479 1378 E ActivityManager: at android.app.IActivityManager$Stub.onTransact(IActivityManager.java:2326)
06-26 17:30:21.324 479 1378 E ActivityManager: at com.android.server.am.ActivityManagerService.onTransact(ActivityManagerService.java:2509)
06-26 17:30:21.324 479 1378 E ActivityManager: at android.os.Binder.execTransactInternal(Binder.java:1184)
06-26 17:30:21.324 479 1378 E ActivityManager: at android.os.Binder.execTransact(Binder.java:1143)
06-26 17:30:21.325 2879 2952 D nStackXCoAP: IsInSameNetwork:[276] :IsInSameNetwork exec
06-26 17:30:21.325 2879 2952 I nStackXDFinder: GetLocalInterfaceDetail:[461] :GetLocalInterfaceDetail in
06-26 17:30:21.325 2879 2952 E nStackXCoAP: IsInSameNetwork:[281] :IsInSameNetwork: not priority process
06-26 17:30:21.325 2879 2952 D nStackXCoAP: ParseServiceDiscover:[330] :new device join
06-26 17:30:21.326 2879 2952 E nStackXDFinder: GetLocalIp:[401] :GetLocalIp exec
06-26 17:30:21.328 479 536 I DropBoxManagerService: add tag=system_server_wtf isTagEnabled=true flags=0x2
06-26 17:30:21.344 479 1378 D CompatibilityChangeReporter: Compat change id reported: 168419799; UID 1000; state: DISABLED
06-26 17:30:21.346 1312 1312 D RockyVoice: RestartReceiver onReceive
06-26 17:30:21.633 1179 1179 D bbb : onStartCommand begin !!!!!!! data分区剩余 23361MB
06-26 17:30:21.638 1125 1125 D aaa : LedStatusService onStartCommand begin
06-26 17:30:21.644 1125 3656 D aaa : topPkg is -------------- :com.dangbei.haqusetting
06-26 17:30:21.838 367 367 D dom2reg : timezone change, new: Etc/GMT-8, pre:
06-26 17:30:21.838 367 367 W dom2reg : timezone [Etc/GMT-8] not in default tables, please check!
06-26 17:30:21.867 2879 2952 D nStackXCoAP: IsInSameNetwork:[276] :IsInSameNetwork exec
06-26 17:30:21.867 2879 2952 I nStackXDFinder: GetLocalInterfaceDetail:[461] :GetLocalInterfaceDetail in
06-26 17:30:21.868 2879 2952 E nStackXCoAP: IsInSameNetwork:[281] :IsInSameNetwork: not priority process
06-26 17:30:21.868 2879 2952 D nStackXCoAP: ParseServiceDiscover:[330] :new device join
06-26 17:30:21.868 2879 2952 E nStackXDFinder: GetLocalIp:[401] :GetLocalIp exec
06-26 17:30:21.975 479 524 W IorapForwardingService: No service published for: iorapd
06-26 17:30:22.203 1116 1116 E xxxxxxxxxxxxxxx: onReceive: true , configuration = {1.0 ?mcc?mnc [zh_CN] ldltr sw720dp w1280dp h696dp 240dpi xlrg long land television -touch qwerty/v/v dpad/v winConfig={ mBounds=Rect(0, 0 - 1920, 1080) mAppBounds=Rect(0, 0 - 1920, 1080) mMaxBounds=Rect(0, 0 - 1920, 1080) mWindowingMode=fullscreen mDisplayWindowingMode=fullscreen mActivityType=undefined mAlwaysOnTop=undefined mRotation=ROTATION_0} s.6 fontWeightAdjustment=0}
06-26 17:30:22.204 1116 1116 E xxxxxxxxxxxxxxx: isScreenSizeChange=false app onConfigurationChanged={1.0 ?mcc?mnc [zh_CN] ldltr sw720dp w1280dp h696dp 240dpi xlrg long land television -touch qwerty/v/v dpad/v winConfig={ mBounds=Rect(0, 0 - 1920, 1080) mAppBounds=Rect(0, 0 - 1920, 1080) mMaxBounds=Rect(0, 0 - 1920, 1080) mWindowingMode=fullscreen mDisplayWindowingMode=fullscreen mActivityType=undefined mAlwaysOnTop=undefined mRotation=ROTATION_0} s.6 fontWeightAdjustment=0}
06-26 17:30:22.354 2879 2952 D nStackXCoAP: IsInSameNetwork:[276] :IsInSameNetwork exec
06-26 17:30:22.354 2879 2952 I nStackXDFinder: GetLocalInterfaceDetail:[461] :GetLocalInterfaceDetail in
06-26 17:30:22.354 2879 2952 E nStackXCoAP: IsInSameNetwork:[281] :IsInSameNetwork: not priority process
06-26 17:30:22.354 2879 2952 D nStackXCoAP: ParseServiceDiscover:[330] :new device join
06-26 17:30:22.354 2879 2952 E nStackXDFinder: GetLocalIp:[401] :GetLocalIp exec
06-26 17:30:22.858 2879 2952 D nStackXCoAP: IsInSameNetwork:[276] :IsInSameNetwork exec
06-26 17:30:22.858 2879 2952 I nStackXDFinder: GetLocalInterfaceDetail:[461] :GetLocalInterfaceDetail in
06-26 17:30:22.858 2879 2952 E nStackXCoAP: IsInSameNetwork:[281] :IsInSameNetwork: not priority process
06-26 17:30:22.858 2879 2952 D nStackXCoAP: ParseServiceDiscover:[330] :new device join
06-26 17:30:22.858 2879 2952 E nStackXDFinder: GetLocalIp:[401] :GetLocalIp exec
06-26 17:30:22.977 479 524 W IorapForwardingService: No service published for: iorapd
06-26 17:30:23.244 657 657 E WifiHAL : wifi_get_link_stats: requestResponse Error:-5
06-26 17:30:23.246 479 611 E WifiVendorHal: getWifiLinkLayerStats_1_5_Internal(l.1191) failed {.code = ERROR_INVALID_ARGS, .description = }
06-26 17:30:23.365 479 582 I WifiService: startScan uid=1000
06-26 17:30:23.373 2879 2952 D nStackXCoAP: IsInSameNetwork:[276] :IsInSameNetwork exec
06-26 17:30:23.374 2879 2952 I nStackXDFinder: GetLocalInterfaceDetail:[461] :GetLocalInterfaceDetail in
06-26 17:30:23.374 2879 2952 E nStackXCoAP: IsInSameNetwork:[281] :IsInSameNetwork: not priority process
06-26 17:30:23.374 2879 2952 D nStackXCoAP: ParseServiceDiscover:[330] :new device join
06-26 17:30:23.374 2879 2952 E nStackXDFinder: GetLocalIp:[401] :GetLocalIp exec
06-26 17:30:23.839 367 367 D dom2reg : timezone change, new: Etc/GMT-8, pre:
06-26 17:30:23.839 367 367 W dom2reg : timezone [Etc/GMT-8] not in default tables, please check!
06-26 17:30:23.979 479 524 W IorapForwardingService: No service published for: iorapd
01-01 08:03:25.955 124 124 I : hdmi_hpd_sys_config_release
06-26 17:30:24.981 479 524 W IorapForwardingService: No service published for: iorapd
06-26 17:30:25.177 479 582 D WifiNl80211Manager: Scan result ready event
06-26 17:30:25.177 479 582 D WifiNative: Scan result ready event
06-26 17:30:25.256 3280 3498 E ccc : cccccc SCAN_RESULTS_AVAILABLE_ACTION hhhh
06-26 17:30:25.256 1116 1116 E hq : NetWorkStateReceiver:::NetWorkStateReceiver onReceive: 网络变化广播 >>>> intent.action=android.net.wifi.SCAN_RESULTS
06-26 17:30:25.267 657 657 E WifiHAL : wifi_get_link_stats: requestResponse Error:-5
06-26 17:30:25.269 479 611 E WifiVendorHal: getWifiLinkLayerStats_1_5_Internal(l.1191) failed {.code = ERROR_INVALID_ARGS, .description = }
06-26 17:30:25.302 1116 1116 W eventbuscore: post Event:com.dangbei.leard.base.entity.event.NetWifiRssiEvent
06-26 17:30:25.839 367 367 D dom2reg : timezone change, new: Etc/GMT-8, pre:
06-26 17:30:25.839 367 367 W dom2reg : timezone [Etc/GMT-8] not in default tables, please check!
06-26 17:30:25.984 479 524 W IorapForwardingService: No service published for: iorapd
01-01 08:03:27.791 124 124 I : HDMI cable is connected
06-26 17:30:26.259 657 657 E WifiHAL : wifi_get_link_stats: requestResponse Error:-5
06-26 17:30:26.260 479 611 E WifiVendorHal: getWifiLinkLayerStats_1_5_Internal(l.1191) failed {.code = ERROR_INVALID_ARGS, .description = }
06-26 17:30:26.262 479 598 D AW_CODE : rotation =0
06-26 17:30:26.262 263 411 D displayd: hotplug change: name=6000000.hdmi, state=HDMI=1
06-26 17:30:26.262 263 411 D displayd: HotplugMonitor: 6000000.hdmi connected=1
06-26 17:30:26.263 263 411 D displayd: xxxxxxx: updateConnectState: type=-1 connected=1
06-26 17:30:26.263 263 411 D displayd: xxxxxxx: updated: type=2 connected=0
06-26 17:30:26.263 263 411 D displayd: xxxxxxx: updated: type=4 connected=1
06-26 17:30:26.263 263 411 E displayd: xxxxxxx: [cvbs] Saved attribute is not match, saved mode=11, actual mode=0
06-26 17:30:26.263 263 411 W edid : Parse block0:
06-26 17:30:26.263 263 411 W edid : Extension block count: 1
06-26 17:30:26.263 263 411 W edid : Parse CEA extension block (version: 3)
06-26 17:30:26.263 263 411 W edid : CEA data length: 89 bytes
06-26 17:30:26.260 343 343 I xiriservice_All: type=1400 audit(0.0:1787): avc: denied { read } for scontext=u:r:init:s0 tcontext=u:r:init:s0 tclass=netlink_kobject_uevent_socket permissive=1
06-26 17:30:26.267 263 411 W displayd: xxxxxxx: performOptimalMode: hdmi mode user setting auto, try perfect modes
06-26 17:30:26.267 263 411 W displayd: xxxxxxx: performOptimalMode: use perfect hdmi mode(34)
06-26 17:30:26.271 479 479 D AudioDeviceManagerObserver: name: AUDIO_HDMI, state: 1, type: 1
06-26 17:30:26.271 1116 1116 E xxxxxxxxxxxxxxx: onReceive:mIsHDMIPlugged = true
06-26 17:30:26.272 479 479 D AudioManagerPolicy: On Audio device plug in/out receive,name=AUDIO_HDMI type=1 state=1 extra=null
06-26 17:30:26.272 479 479 D AudioManagerPolicy: notifyHdmiAvailable hdmi is available
01-01 08:03:28.063 124 124 I : HDMI cable is disconnected
06-26 17:30:26.357 479 598 D AW_CODE : rotation =0
06-26 17:30:26.361 1116 1116 E xxxxxxxxxxxxxxx: onReceive:mIsHDMIPlugged = false
06-26 17:30:26.375 254 254 D audio_hw_primary: Mic get_audio_devices_active:
06-26 17:30:26.375 254 254 D audio_hw_primary: get_audio_devices_active: AUDIO_CODEC
06-26 17:30:26.375 254 254 D xm_audio: adev_get_parameters
06-26 17:30:26.376 273 444 I hash_map_utils: system/bt/osi/src/hash_map_utils.cc:81 hash_map_utils_dump_string_keys_string_values: key: 'audio_devices_out_active' value: ''
06-26 17:30:26.376 479 479 D AudioManagerEx: type audio_devices_out_active list AUDIO_CODEC=
06-26 17:30:26.377 479 479 V AudioManagerPolicy: chengkan------------- hdmi active
06-26 17:30:26.379 479 479 D AudioManagerPolicy: i come
06-26 17:30:26.379 479 479 D AudioManagerPolicy: list audio port success
06-26 17:30:26.380 479 479 D AudioManagerPolicy: get AUDIO_MANAGE_POLICY is 2
06-26 17:30:26.380 479 479 D AudioManagerPolicy: Policy2 HDMI Plug Out/In Switch! Booting
06-26 17:30:26.376 479 479 I system_server: type=1400 audit(0.0:1788): avc: denied { call } for scontext=u:r:system_server:s0 tcontext=u:r:hal_awdisplayoutput_default:s0 tclass=binder permissive=1
01-01 08:03:28.091 411 411 I [HDMI receive params]: tv mode: 0x22 format:0x3 data bits:0x0 eotf:0x4 cs:0x101 dvi_hdmi:2 range:2 scan:0 aspect_ratio:8
06-26 17:30:26.987 479 524 W IorapForwardingService: No service published for: iorapd
01-01 08:03:28.895 124 124 I : HDMI cable is connected
06-26 17:30:27.251 479 598 D AW_CODE : rotation =0
06-26 17:30:27.256 1116 1116 E xxxxxxxxxxxxxxx: onReceive:mIsHDMIPlugged = true
01-01 08:03:29.115 411 411 W [DISP] disp_register_irq,line: 496:
01-01 08:03:29.115 411 411 W : irq for 0 already registered
01-01 08:03:29.115 411 411 W [DISP] de_rtmx_mgr_apply,line: 464:
01-01 08:03:29.115 411 411 W : ctx->output.hdr_type=0
01-01 08:03:29.115 411 411 W [DISP] de_rtmx_mgr_apply,line: 482:
01-01 08:03:29.115 411 411 W : ctx->output.hdr_type=0
06-26 17:30:27.625 263 411 W displayd: xxxxxxx: Device config: type[4] mode[34] pixelformat[3] bits[0] eotf[4] colorspace[257]
06-26 17:30:27.627 263 411 D displayd: xxxxxxx: Update config to boot
01-01 08:03:29.336 411 411 I : HDMI Audio Enable Successfully
01-01 08:03:29.336 411 411 W [DISP] disp_device_attached_and_enable,line: 235:
01-01 08:03:29.336 411 411 W : attached ok, mgr0<-->dev0
01-01 08:03:29.336 411 411 W [DISP] disp_device_attached_and_enable,line: 248:
01-01 08:03:29.336 411 411 W type : 4,mode:34,fmt:yuv420,bits:8bits,eotf:4,cs:257 dvi_hdmi:2, range:2 scan:0 ratio:8
06-26 17:30:27.638 263 411 I sunxihwc: switchDevice: display[1]: type=2 mode=0 enable=0
06-26 17:30:27.639 263 411 I sunxihwc: switchDevice: display[0]: type=4 mode=34 enable=1
06-26 17:30:27.639 263 411 D sunxihwc: setHotplugState: mbHotplug = 1
06-26 17:30:27.639 263 411 I sunxihwc: updateConnectedDevices: display[0] connected=1 type=4 device=0xf5f3200c
06-26 17:30:27.639 263 411 I sunxihwc: updateConnectedDevices: display[1] connected=0 type=2 device=0x0
06-26 17:30:27.639 263 411 D sunxihwc: enqueueEvent: enqueueEvent: event 1
06-26 17:30:27.639 263 411 I sunxihwc: setMargin: display[0]: margin 84 84 84 84
06-26 17:30:27.639 263 403 D sunxihwc: setHotplugState: mbHotplug = 0
06-26 17:30:27.639 263 411 W displayd: xxxxxxx: Turen on display(0), margin( 84, 84, 84, 84)
06-26 17:30:27.639 263 411 W displayd: xxxxxxx: reset layer mode: 2D-ORIGINAL
06-26 17:30:27.639 263 411 W displayd: xxxxxxx: Request layer mode: 2D-ORIGINAL
06-26 17:30:27.639 263 411 I sunxihwc: set3DMode: display[0]: mode=0
06-26 17:30:27.639 263 411 W displayd: xxxxxxx: Current device mapping:
06-26 17:30:27.639 263 411 W displayd: + display [1]: enable=0 type=2 mode=0
06-26 17:30:27.639 263 411 W displayd: + display [0]: enable=1 type=4 mode=34
06-26 17:30:27.640 263 411 D displayd: hotplug change: name=6000000.hdmi, state=HDMI=0
06-26 17:30:27.640 263 411 D displayd: HotplugMonitor: 6000000.hdmi connected=0
06-26 17:30:27.640 263 411 D displayd: xxxxxxx: updateConnectState: type=-1 connected=0
06-26 17:30:27.640 263 411 D displayd: xxxxxxx: updated: type=2 connected=0
06-26 17:30:27.640 479 479 D AudioManagerEx: AudioManagerEx
06-26 17:30:27.640 263 411 D displayd: xxxxxxx: updated: type=4 connected=1
06-26 17:30:27.640 263 411 E displayd: xxxxxxx: [cvbs] Saved attribute is not match, saved mode=11, actual mode=0
06-26 17:30:27.640 263 411 E displayd: xxxxxxx: hdmi connected state is 1
06-26 17:30:27.640 263 411 I sunxihwc: switchDevice: display[1]: type=2 mode=0 enable=0
06-26 17:30:27.640 263 411 I sunxihwc: switchDevice: display[0]: type=4 mode=34 enable=1
06-26 17:30:27.640 263 411 D sunxihwc: setHotplugState: mbHotplug = 1
06-26 17:30:27.640 479 479 D AudioManagerPolicy: save audio is AUDIO_CODEC
06-26 17:30:27.641 263 411 I sunxihwc: updateConnectedDevices: display[0] connected=1 type=4 device=0xf5f3200c
06-26 17:30:27.641 263 411 I sunxihwc: updateConnectedDevices: display[1] connected=0 type=2 device=0x0
06-26 17:30:27.641 479 479 D AudioManagerPolicy: get AUDIO_MANAGE_POLICY is 2
06-26 17:30:27.641 263 411 D sunxihwc: enqueueEvent: enqueueEvent: event 1
06-26 17:30:27.641 263 411 I sunxihwc: setMargin: display[0]: margin 84 84 84 84
06-26 17:30:27.641 479 479 D AudioManagerPolicy: POLICY_2 Remove USB Audio or No USB Audio Output Device Connected!
06-26 17:30:27.641 263 411 W displayd: xxxxxxx: Turen on display(0), margin( 84, 84, 84, 84)
06-26 17:30:27.641 263 403 D sunxihwc: setHotplugState: mbHotplug = 0
06-26 17:30:27.641 263 411 W displayd: xxxxxxx: reset layer mode: 2D-ORIGINAL
06-26 17:30:27.641 263 411 W displayd: xxxxxxx: Request layer mode: 2D-ORIGINAL
06-26 17:30:27.641 263 411 I sunxihwc: set3DMode: display[0]: mode=0
06-26 17:30:27.641 263 411 W displayd: xxxxxxx: Current device mapping:
06-26 17:30:27.641 263 411 W displayd: + display [1]: enable=0 type=2 mode=0
06-26 17:30:27.641 263 411 W displayd: + display [0]: enable=1 type=4 mode=34
06-26 17:30:27.641 263 411 D displayd: hotplug change: name=6000000.hdmi, state=HDMI=1
06-26 17:30:27.641 263 411 D displayd: HotplugMonitor: 6000000.hdmi connected=1
06-26 17:30:27.641 263 411 D displayd: xxxxxxx: updateConnectState: type=-1 connected=1
06-26 17:30:27.641 263 411 D displayd: xxxxxxx: updated: type=2 connected=0
06-26 17:30:27.641 263 411 D displayd: xxxxxxx: updated: type=4 connected=1
06-26 17:30:27.641 263 411 E displayd: xxxxxxx: [cvbs] Saved attribute is not match, saved mode=11, actual mode=0
06-26 17:30:27.641 263 411 E displayd: xxxxxxx: hdmi connected state is 1
06-26 17:30:27.641 479 479 D AudioManagerEx: state=audio_devices_out_active,dev=[AUDIO_CODEC, AUDIO_HDMI]
06-26 17:30:27.641 263 411 I sunxihwc: switchDevice: display[1]: type=2 mode=0 enable=0
06-26 17:30:27.641 263 411 I sunxihwc: switchDevice: display[0]: type=4 mode=34 enable=1
06-26 17:30:27.641 479 479 D AudioManagerEx: enablePassThrough = true
06-26 17:30:27.641 263 411 D sunxihwc: setHotplugState: mbHotplug = 1
06-26 17:30:27.642 263 411 I sunxihwc: updateConnectedDevices: display[0] connected=1 type=4 device=0xf5f3200c
06-26 17:30:27.642 263 411 I sunxihwc: updateConnectedDevices: display[1] connected=0 type=2 device=0x0
06-26 17:30:27.642 263 411 D sunxihwc: enqueueEvent: enqueueEvent: event 1
06-26 17:30:27.642 263 411 I sunxihwc: setMargin: display[0]: margin 84 84 84 84
06-26 17:30:27.642 263 403 D sunxihwc: setHotplugState: mbHotplug = 0
06-26 17:30:27.642 263 411 W displayd: xxxxxxx: Turen on display(0), margin( 84, 84, 84, 84)
06-26 17:30:27.642 263 411 W displayd: xxxxxxx: reset layer mode: 2D-ORIGINAL
06-26 17:30:27.642 263 411 W displayd: xxxxxxx: Request layer mode: 2D-ORIGINAL
06-26 17:30:27.642 263 411 I sunxihwc: set3DMode: display[0]: mode=0
06-26 17:30:27.642 263 411 W displayd: xxxxxxx: Current device mapping:
06-26 17:30:27.642 263 411 W displayd: + display [1]: enable=0 type=2 mode=0
06-26 17:30:27.642 263 411 W displayd: + display [0]: enable=1 type=4 mode=34
06-26 17:30:27.642 479 479 D AudioManagerEx: Hdmi status true,true,2
06-26 17:30:27.642 479 479 D AudioManagerEx: HDMI AUDIO_CODEC
06-26 17:30:27.642 479 479 D AudioManagerEx: AUDIO_NAME_HDMI
06-26 17:30:27.644 254 254 V audio_hw_primary: adev_set_parameters, mediasw.sft.rawdata=HDMI_RAW
06-26 17:30:27.646 479 479 D AudioManagerEx: audio=AUDIO_HDMI
06-26 17:30:27.648 254 254 V audio_hw_primary: adev_set_parameters, audio_devices_out_active=AUDIO_HDMI
06-26 17:30:27.648 254 254 V audio_hw_primary: out AUDIO_PARAMETER_DEVICES_OUT_ACTIVE: AUDIO_HDMI
06-26 17:30:27.655 254 254 V audio_hw_primary: set property persist.vendor.audio.output.active: AUDIO_HDMI ok
06-26 17:30:27.656 254 254 V audio_hw_primary: AUDIO_HDMI output device will be active
06-26 17:30:27.658 479 479 D AudioManagerEx: Update Settings.System.AUDIO_OUTPUT_CHANNEL, now save audio is AUDIO_HDMI
06-26 17:30:27.659 479 479 W Looper : Slow dispatch took 1387ms main h=android.app.ActivityThread$H c=android.app.LoadedApk$ReceiverDispatcher$Args$$ExternalSyntheticLambda0@b63514b m=0
06-26 17:30:27.659 479 479 D AudioDeviceManagerObserver: name: AUDIO_HDMI, state: 0, type: 1
06-26 17:30:27.659 479 479 W Looper : Slow delivery took 1298ms main h=android.app.ActivityThread$H c=android.app.LoadedApk$ReceiverDispatcher$Args$$ExternalSyntheticLambda0@710a728 m=0
06-26 17:30:27.660 479 479 D AudioDeviceManagerObserver: name: AUDIO_HDMI, state: 1, type: 1
06-26 17:30:27.660 479 479 W Looper : Drained
06-26 17:30:27.661 479 479 D AudioManagerPolicy: On Audio device plug in/out receive,name=AUDIO_HDMI type=1 state=0 extra=null
06-26 17:30:27.661 479 479 V AudioManagerPolicy: chengkan------------- hdmi inactive
06-26 17:30:27.662 479 479 D AudioManagerPolicy: get AUDIO_MANAGE_POLICY is 2
06-26 17:30:27.663 479 479 D AudioManagerPolicy: Policy2 HDMI Plug Out/In Switch! Booting
06-26 17:30:27.663 479 479 D AudioManagerEx: AudioManagerEx
06-26 17:30:27.663 479 479 D AudioManagerPolicy: save audio is AUDIO_HDMI
06-26 17:30:27.663 479 479 D AudioManagerPolicy: get AUDIO_MANAGE_POLICY is 2
06-26 17:30:27.663 479 479 D AudioManagerPolicy: POLICY_2 Remove USB Audio or No USB Audio Output Device Connected!
06-26 17:30:27.664 479 479 D AudioManagerEx: state=audio_devices_out_active,dev=[AUDIO_HDMI]
06-26 17:30:27.664 479 479 D AudioManagerEx: enablePassThrough = true
06-26 17:30:27.665 479 479 D AudioManagerEx: Hdmi status true,true,1
06-26 17:30:27.665 479 479 D AudioManagerEx: HDMI AUDIO_HDMI
06-26 17:30:27.665 479 479 D AudioManagerEx: AUDIO_NAME_HDMI
06-26 17:30:27.666 254 311 V audio_hw_primary: adev_set_parameters, mediasw.sft.rawdata=HDMI_RAW
06-26 17:30:27.668 479 479 D AudioManagerEx: audio=AUDIO_HDMI
06-26 17:30:27.669 254 311 V audio_hw_primary: adev_set_parameters, audio_devices_out_active=AUDIO_HDMI
06-26 17:30:27.669 254 311 V audio_hw_primary: out AUDIO_PARAMETER_DEVICES_OUT_ACTIVE: AUDIO_HDMI
06-26 17:30:27.675 254 311 V audio_hw_primary: set property persist.vendor.audio.output.active: AUDIO_HDMI ok
06-26 17:30:27.675 254 311 V audio_hw_primary: AUDIO_HDMI output device will be active
06-26 17:30:27.677 479 479 D AudioManagerEx: Update Settings.System.AUDIO_OUTPUT_CHANNEL, now save audio is AUDIO_HDMI
06-26 17:30:27.678 479 479 D AudioManagerPolicy: On Audio device plug in/out receive,name=AUDIO_HDMI type=1 state=1 extra=null
06-26 17:30:27.678 479 479 D AudioManagerPolicy: notifyHdmiAvailable hdmi is available
06-26 17:30:27.742 269 289 D hdmi-cec: update hdmi connected: 1
06-26 17:30:27.780 254 311 D audio_hw_primary: Mic get_audio_devices_active:
06-26 17:30:27.780 254 311 D audio_hw_primary: get_audio_devices_active: AUDIO_HDMI
06-26 17:30:27.780 254 311 D xm_audio: adev_get_parameters
06-26 17:30:27.781 273 444 I hash_map_utils: system/bt/osi/src/hash_map_utils.cc:81 hash_map_utils_dump_string_keys_string_values: key: 'audio_devices_out_active' value: ''
06-26 17:30:27.783 479 479 D AudioManagerEx: type audio_devices_out_active list AUDIO_HDMI=
06-26 17:30:27.783 479 479 V AudioManagerPolicy: chengkan------------- hdmi active
06-26 17:30:27.787 479 479 D AudioManagerPolicy: i come
06-26 17:30:27.787 479 479 D AudioManagerPolicy: list audio port success
06-26 17:30:27.787 479 479 D AudioManagerPolicy: get AUDIO_MANAGE_POLICY is 2
06-26 17:30:27.787 479 479 D AudioManagerPolicy: Policy2 HDMI Plug Out/In Switch! Booting
06-26 17:30:27.789 479 479 D AudioManagerEx: AudioManagerEx
06-26 17:30:27.789 479 479 D AudioManagerPolicy: save audio is AUDIO_HDMI
06-26 17:30:27.789 479 479 D AudioManagerPolicy: get AUDIO_MANAGE_POLICY is 2
06-26 17:30:27.789 479 479 D AudioManagerPolicy: POLICY_2 Remove USB Audio or No USB Audio Output Device Connected!
06-26 17:30:27.793 479 479 D AudioManagerEx: state=audio_devices_out_active,dev=[AUDIO_HDMI]
06-26 17:30:27.794 479 479 D AudioManagerEx: enablePassThrough = true
06-26 17:30:27.794 479 479 D AudioManagerEx: Hdmi status true,true,1
06-26 17:30:27.794 479 479 D AudioManagerEx: HDMI AUDIO_HDMI
06-26 17:30:27.795 479 479 D AudioManagerEx: AUDIO_NAME_HDMI
06-26 17:30:27.796 254 311 V audio_hw_primary: adev_set_parameters, mediasw.sft.rawdata=HDMI_RAW
06-26 17:30:27.798 479 479 D AudioManagerEx: audio=AUDIO_HDMI
06-26 17:30:27.799 254 311 V audio_hw_primary: adev_set_parameters, audio_devices_out_active=AUDIO_HDMI
06-26 17:30:27.799 254 311 V audio_hw_primary: out AUDIO_PARAMETER_DEVICES_OUT_ACTIVE: AUDIO_HDMI
06-26 17:30:27.808 254 311 V audio_hw_primary: set property persist.vendor.audio.output.active: AUDIO_HDMI ok
06-26 17:30:27.808 254 311 V audio_hw_primary: AUDIO_HDMI output device will be active
06-26 17:30:27.809 479 479 D AudioManagerEx: Update Settings.System.AUDIO_OUTPUT_CHANNEL, now save audio is AUDIO_HDMI
06-26 17:30:27.810 479 479 W Looper : Slow dispatch took 132ms main h=android.app.ActivityThread$H c=android.app.LoadedApk$ReceiverDispatcher$Args$$ExternalSyntheticLambda0@f13b727 m=0
06-26 17:30:27.811 269 269 D hdmi-cec: reset logical address to broadcast
06-26 17:30:27.839 367 367 D dom2reg : timezone change, new: Etc/GMT-8, pre:
06-26 17:30:27.840 367 367 W dom2reg : timezone [Etc/GMT-8] not in default tables, please check!
06-26 17:30:27.986 269 269 D hdmi-cec: cec physical address: 2.0.0.0
06-26 17:30:27.987 269 269 D hdmi-cec: cec physical address: 2.0.0.0
06-26 17:30:27.987 269 269 D hdmi-cec: cec physical address: 2.0.0.0
06-26 17:30:27.988 269 269 D hdmi-cec: addLogicalAddress (4)
06-26 17:30:27.988 269 269 D hdmi-cec: cec physical address: 2.0.0.0
06-26 17:30:27.989 479 524 W IorapForwardingService: No service published for: iorapd
06-26 17:30:28.273 1116 1116 E xxxxxxxxxxxxxxx: onReceive: true , configuration = {1.0 ?mcc?mnc [zh_CN] ldltr sw720dp w1280dp h696dp 240dpi xlrg long land television -touch qwerty/v/v dpad/v winConfig={ mBounds=Rect(0, 0 - 1920, 1080) mAppBounds=Rect(0, 0 - 1920, 1080) mMaxBounds=Rect(0, 0 - 1920, 1080) mWindowingMode=fullscreen mDisplayWindowingMode=fullscreen mActivityType=undefined mAlwaysOnTop=undefined mRotation=ROTATION_0} s.6 fontWeightAdjustment=0}
06-26 17:30:28.273 1116 1116 E xxxxxxxxxxxxxxx: isScreenSizeChange=false app onConfigurationChanged={1.0 ?mcc?mnc [zh_CN] ldltr sw720dp w1280dp h696dp 240dpi xlrg long land television -touch qwerty/v/v dpad/v winConfig={ mBounds=Rect(0, 0 - 1920, 1080) mAppBounds=Rect(0, 0 - 1920, 1080) mMaxBounds=Rect(0, 0 - 1920, 1080) mWindowingMode=fullscreen mDisplayWindowingMode=fullscreen mActivityType=undefined mAlwaysOnTop=undefined mRotation=ROTATION_0} s.6 fontWeightAdjustment=0}
06-26 17:30:28.416 1116 1116 I pool-44-thread-: type=1400 audit(0.0:1789): avc: denied { read } for name="address" dev="sysfs" ino=26267 scontext=u:r:system_app:s0 tcontext=u:object_r:sysfs:s0 tclass=file permissive=1
06-26 17:30:28.416 1116 1116 I pool-44-thread-: type=1400 audit(0.0:1790): avc: denied { open } for path="/sys/devices/platform/unisoc_wifi/net/wlan1/address" dev="sysfs" ino=26267 scontext=u:r:system_app:s0 tcontext=u:object_r:sysfs:s0 tclass=file permissive=1
06-26 17:30:28.416 1116 1116 I pool-44-thread-: type=1400 audit(0.0:1791): avc: denied { getattr } for path="/sys/devices/platform/unisoc_wifi/net/wlan1/address" dev="sysfs" ino=26267 scontext=u:r:system_app:s0 tcontext=u:object_r:sysfs:s0 tclass=file permissive=1
06-26 17:30:28.418 1116 3660 I dangbei ad sdk: ad manager report data::cache data size=0
06-26 17:30:28.665 269 269 D hdmi-cec: cec physical address: 2.0.0.0
06-26 17:30:28.666 479 479 W Looper : Slow dispatch took 288ms main h=android.os.Handler c=com.android.server.hdmi.WorkSourceUidPreservingRunnable@3cdab7d m=0
06-26 17:30:28.861 479 647 W HdmiCecController: Failed to send 45:7D with errorCode=1
06-26 17:30:28.992 479 524 W IorapForwardingService: No service published for: iorapd
06-26 17:30:29.153 1116 3661 D dangbei ad sdk: HttpUtils.....::response={"msg":"no available advert","code":200}
06-26 17:30:29.257 1116 1116 E xxxxxxxxxxxxxxx: onReceive: true , configuration = {1.0 ?mcc?mnc [zh_CN] ldltr sw720dp w1280dp h696dp 240dpi xlrg long land television -touch qwerty/v/v dpad/v winConfig={ mBounds=Rect(0, 0 - 1920, 1080) mAppBounds=Rect(0, 0 - 1920, 1080) mMaxBounds=Rect(0, 0 - 1920, 1080) mWindowingMode=fullscreen mDisplayWindowingMode=fullscreen mActivityType=undefined mAlwaysOnTop=undefined mRotation=ROTATION_0} s.6 fontWeightAdjustment=0}
06-26 17:30:29.257 1116 1116 E xxxxxxxxxxxxxxx: isScreenSizeChange=false app onConfigurationChanged={1.0 ?mcc?mnc [zh_CN] ldltr sw720dp w1280dp h696dp 240dpi xlrg long land television -touch qwerty/v/v dpad/v winConfig={ mBounds=Rect(0, 0 - 1920, 1080) mAppBounds=Rect(0, 0 - 1920, 1080) mMaxBounds=Rect(0, 0 - 1920, 1080) mWindowingMode=fullscreen mDisplayWindowingMode=fullscreen mActivityType=undefined mAlwaysOnTop=undefined mRotation=ROTATION_0} s.6 fontWeightAdjustment=0}
06-26 17:30:29.274 657 657 E WifiHAL : wifi_get_link_stats: requestResponse Error:-5
06-26 17:30:29.275 479 611 E WifiVendorHal: getWifiLinkLayerStats_1_5_Internal(l.1191) failed {.code = ERROR_INVALID_ARGS, .description = }
06-26 17:30:29.647 1179 1179 D bbb : onStartCommand begin !!!!!!! data分区剩余 23361MB
06-26 17:30:29.649 1125 1125 D aaa : LedStatusService onStartCommand begin
06-26 17:30:29.651 1125 3673 D aaa : topPkg is -------------- :com.dangbei.haqusetting
06-26 17:30:29.840 367 367 D dom2reg : timezone change, new: Etc/GMT-8, pre:
06-26 17:30:29.840 367 367 W dom2reg : timezone [Etc/GMT-8] not in default tables, please check!
06-26 17:30:29.994 479 524 W IorapForwardingService: No service published for: iorapd
