06-25 14:28:17.157 386 398 I adbd : jdwp connection from 1106
06-25 14:28:17.173 249 249 D Zygote : Forked child process 1125
06-25 14:28:17.174 479 537 W ActivityManager: Slow operation: 140ms so far, now at startProcess: returned from zygote!
06-25 14:28:17.176 479 537 W ActivityManager: Slow operation: 143ms so far, now at startProcess: done updating battery stats
06-25 14:28:17.177 479 537 W ActivityManager: Slow operation: 143ms so far, now at startProcess: building log message
06-25 14:28:17.178 479 537 I ActivityManager: app.processName = com.oranth.ledstatus
06-25 14:28:17.178 479 537 I ActivityManager: Start proc 1125:com.oranth.ledstatus/1000 for service {com.oranth.ledstatus/com.oranth.ledstatus.LedStatusService}
06-25 14:28:17.178 479 537 W ActivityManager: Slow operation: 144ms so far, now at startProcess: starting to update pids map
06-25 14:28:17.178 479 537 W ActivityManager: Slow operation: 145ms so far, now at startProcess: done updating pids map
06-25 14:28:17.187 1125 1125 I Zygote : seccomp disabled by setenforce 0
06-25 14:28:17.196 1125 1125 I ranth.ledstatu: Late-enabling -Xcheck:jni
06-25 14:28:17.197 386 398 I adbd : jdwp connection from 1116
06-25 14:28:17.240 666 858 I bt_core_module: system/bt/btcore/src/module.cc:90 module_start_up: module_start_up Started module "controller_module"
06-25 14:28:17.241 666 858 I bt_btm_pm: system/bt/stack/acl/btm_pm.cc:392 btm_pm_reset: reset pm
06-25 14:28:17.242 666 858 I btm_acl : system/bt/stack/acl/btm_acl.cc:654 check_link_policy: hold not supported (settings: 0x000d)
06-25 14:28:17.242 666 858 I btm_acl : system/bt/stack/acl/btm_acl.cc:664 check_link_policy: park not supported (settings: 0x0005)
06-25 14:28:17.242 666 858 I bt_btm_sec: system/bt/stack/btm/btm_sec.cc:226 BTM_SecRegister: BTM_SecRegister p_cb_info->p_le_callback == 0x0xbf9796c1
06-25 14:28:17.243 666 858 I bt_btm_sec: system/bt/stack/btm/btm_sec.cc:241 BTM_SecRegister: BTM_SecRegister btm_cb.api.p_le_callback = 0x0xbf9796c1
06-25 14:28:17.244 666 987 I bluetooth: system/bt/stack/gatt/gatt_api.cc:1019 GATT_Register: Allocated name:GattClient uuid:9528af96-2d2a-9a2a-74f0-dd5941df1d22 gatt_if:3 eatt_support:0
06-25 14:28:17.248 479 524 W IorapForwardingService: No service published for: iorapd
06-25 14:28:17.253 479 479 I AccountManagerService: User 0 is unlocked - opening CE database
06-25 14:28:17.271 1113 1113 D VoHCI : VoHCI service version: v1.0.0
06-25 14:28:17.274 666 987 I bt_stack: [INFO:ble_advertiser_hci_interface.cc(767)] Extended advertising will be in use
06-25 14:28:17.278 666 987 E bt_btif_storage: system/bt/btif/src/btif_storage.cc:632 btif_storage_get_adapter_property: btif_storage_get_adapter_property: Controller ready!
06-25 14:28:17.278 666 987 I bt_btif_storage: system/bt/btif/src/btif_storage.cc:661 btif_storage_get_adapter_property: btif_storage_get_adapter_property service_mask:0x20000000
06-25 14:28:17.278 666 987 I bt_stack: [INFO:btif_bqr.cc(229)] EnableBtQualityReport: is_enable: true
06-25 14:28:17.278 666 987 W bt_stack: [WARNING:btif_bqr.cc(237)] EnableBtQualityReport: Bluetooth Quality Report is disabled. bqr_prop_evtmask: , bqr_prop_interval_ms:
06-25 14:28:17.279 666 1147 I bt_osi_thread: system/bt/osi/src/thread.cc:209 run_thread: run_thread: thread id 1147, thread name btif_sock started
06-25 14:28:17.280 666 987 I bt_bte_conf: system/bt/main/bte_conf.cc:84 bte_load_did_conf: Device ID record 1 : primary
06-25 14:28:17.280 666 987 I bt_bte_conf: system/bt/main/bte_conf.cc:85 bte_load_did_conf: vendorId = 00e0
06-25 14:28:17.280 666 987 I bt_bte_conf: system/bt/main/bte_conf.cc:86 bte_load_did_conf: vendorIdSource = 0001
06-25 14:28:17.280 666 987 I bt_bte_conf: system/bt/main/bte_conf.cc:87 bte_load_did_conf: product = 1200
06-25 14:28:17.280 666 987 I bt_bte_conf: system/bt/main/bte_conf.cc:88 bte_load_did_conf: version = 1436
06-25 14:28:17.280 666 987 I bt_bte_conf: system/bt/main/bte_conf.cc:89 bte_load_did_conf: clientExecutableURL =
06-25 14:28:17.280 666 987 I bt_bte_conf: system/bt/main/bte_conf.cc:90 bte_load_did_conf: serviceDescription =
06-25 14:28:17.280 666 987 I bt_bte_conf: system/bt/main/bte_conf.cc:91 bte_load_did_conf: documentationURL =
06-25 14:28:17.280 666 987 I bt_bta_dm: system/bt/bta/dm/bta_dm_act.cc:3191 bta_dm_eir_update_uuid: EIR Adding UUID=0x1200 into extended inquiry response
06-25 14:28:17.280 666 987 I bt_bta_dm: system/bt/bta/dm/bta_dm_act.cc:2890 bta_dm_set_eir: Generating extended inquiry response packet EIR
06-25 14:28:17.281 666 987 I bt_bte_conf: system/bt/main/bte_conf.cc:47 bte_load_did_conf: bte_load_did_conf no section named DID2.
06-25 14:28:17.281 666 987 I bt_btif_core: system/bt/btif/src/btif_core.cc:312 btif_enable_bluetooth_evt: Bluetooth enable event completed
06-25 14:28:17.281 666 987 I bt_bta_dm: system/bt/bta/dm/bta_dm_act.cc:2890 bta_dm_set_eir: Generating extended inquiry response packet EIR
06-25 14:28:17.281 666 858 I bt_stack_manager: system/bt/btif/src/stack_manager.cc:311 event_start_up_stack: event_start_up_stack finished
06-25 14:28:17.290 1113 1113 E VoHCI : Cannot get card id for name: VoHCILoopback
06-25 14:28:17.290 386 398 I adbd : jdwp connection from 1125
06-25 14:28:17.299 479 503 D AW_CODE : rotation =0
06-25 14:28:17.325 479 503 D CompatibilityChangeReporter: Compat change id reported: 174042980; UID 1000; state: DISABLED
06-25 14:28:17.341 1116 1116 D CompatibilityChangeReporter: Compat change id reported: 171979766; UID 1000; state: DISABLED
06-25 14:28:17.344 479 807 D CompatibilityChangeReporter: Compat change id reported: 168419799; UID 1000; state: DISABLED
06-25 14:28:17.356 1116 1116 D ApplicationLoaders: Returning zygote-cached class loader: /system/framework/android.test.base.jar
06-25 14:28:17.356 1116 1116 D ApplicationLoaders: Returning zygote-cached class loader: /system/framework/android.hidl.manager-V1.0-java.jar
06-25 14:28:17.356 1116 1116 D ApplicationLoaders: Returning zygote-cached class loader: /system/framework/android.hidl.base-V1.0-java.jar
06-25 14:28:17.360 666 864 D AdapterProperties: BT_PROPERTY_LOCAL_LE_FEATURES: update from BT controller mNumOfAdvertisementInstancesSupported = 0 mRpaOffloadSupported = false mNumOfOffloadedIrkSupported = 0 mNumOfOffloadedScanFilterSupported = 0 mOffloadedScanResultStorageBytes= 0 mIsActivityAndEnergyReporting = false mVersSupported = 0 mTotNumOfTrackableAdv = 0 mIsExtendedScanSupported = false mIsDebugLogSupported = false mIsLe2MPhySupported = true mIsLeCodedPhySupported = true mIsLeExtendedAdvertisingSupported = true mIsLePeriodicAdvertisingSupported = true mLeMaximumAdvertisingDataLength = 1650 mDynamicAudioBufferSizeSupportedCodecsGroup1 = 0 mDynamicAudioBufferSizeSupportedCodecsGroup2 = 0
06-25 14:28:17.371 1106 1106 D CompatibilityChangeReporter: Compat change id reported: 171979766; UID 1000; state: ENABLED
06-25 14:28:17.372 479 503 D CompatibilityChangeReporter: Compat change id reported: 168419799; UID 1000; state: DISABLED
06-25 14:28:17.394 1088 1088 V GraphicsEnvironment: ANGLE Developer option for 'com.android.traceur' set to: 'default'
06-25 14:28:17.395 1088 1088 V GraphicsEnvironment: Neither updatable production driver nor prerelease driver is supported.
06-25 14:28:17.401 1088 1088 D NetworkSecurityConfig: No Network Security Config specified, using platform default
06-25 14:28:17.402 1088 1088 D NetworkSecurityConfig: No Network Security Config specified, using platform default
06-25 14:28:17.411 666 864 D AdapterProperties: Name is: DBBOX-A2
06-25 14:28:17.415 666 864 D AdapterProperties: Scan Mode:20
06-25 14:28:17.415 666 864 D AdapterProperties: Discoverable Timeout:120
06-25 14:28:17.416 666 864 D AdapterProperties: Adding bonded device:E4:BB:D3:57:C0:18
06-25 14:28:17.442 1058 1058 V GraphicsEnvironment: ANGLE Developer option for 'com.dangbei.lerad.etna.haqu' set to: 'default'
06-25 14:28:17.442 1058 1058 V GraphicsEnvironment: Neither updatable production driver nor prerelease driver is supported.
06-25 14:28:17.446 1058 1058 D NetworkSecurityConfig: Using Network Security Config from resource network_security_config debugBuild: false
06-25 14:28:17.453 1058 1058 D NetworkSecurityConfig: Using Network Security Config from resource network_security_config debugBuild: false
06-25 14:28:17.478 1088 1088 I Traceur : Received BOOT_COMPLETE
06-25 14:28:17.481 479 479 W Looper : Slow dispatch took 393ms main h=android.app.ActivityThread$H c=android.app.LoadedApk$ReceiverDispatcher$Args$$ExternalSyntheticLambda0@4652d3d m=0
06-25 14:28:17.486 479 1045 V BackupManagerConstants: getKeyValueBackupIntervalMilliseconds(...) returns 14400000
06-25 14:28:17.486 479 1045 V BackupManagerConstants: getKeyValueBackupFuzzMilliseconds(...) returns 600000
06-25 14:28:17.486 479 1045 V BackupManagerConstants: getKeyValueBackupRequiredNetworkType(...) returns 1
06-25 14:28:17.486 479 1045 V BackupManagerConstants: getKeyValueBackupRequireCharging(...) returns true
06-25 14:28:17.486 479 1045 V KeyValueBackupJob: Scheduling k/v pass in 246 minutes
06-25 14:28:17.488 479 523 D AW_CODE : rotation =0
06-25 14:28:17.490 479 665 I SyncManager: Loaded persisted syncs: 0 periodic syncs, 0 oneshot syncs, 17 total system server jobs, JobStats: FirstLoad: 6/3/0 LastSave: -1/-1/-1
06-25 14:28:17.491 479 523 D AW_CODE : rotation =0
06-25 14:28:17.493 367 367 D dom2reg : timezone change, new: Etc/GMT-8, pre:
06-25 14:28:17.493 367 367 W dom2reg : timezone [Etc/GMT-8] not in default tables, please check!
06-25 14:28:17.512 1125 1125 D CompatibilityChangeReporter: Compat change id reported: 171979766; UID 1000; state: DISABLED
06-25 14:28:17.521 666 831 I AdapterState: BLE_ON : entered
06-25 14:28:17.521 666 831 D AdapterProperties: Setting state to BLE_ON
06-25 14:28:17.524 666 831 D BluetoothAdapterService: updateAdapterState() - Broadcasting state BLE_ON to 1 receivers.
06-25 14:28:17.525 479 524 D BluetoothManagerService: MESSAGE_BLUETOOTH_STATE_CHANGE: BLE_TURNING_ON > BLE_ON
06-25 14:28:17.525 479 524 D BluetoothManagerService: Bluetooth is in LE only mode
06-25 14:28:17.525 479 524 D BluetoothManagerService: Binding Bluetooth GATT service
06-25 14:28:17.526 1058 1058 I MultiDex: VM with version 2.1.0 has multidex support
06-25 14:28:17.526 1058 1058 I MultiDex: Installing application
06-25 14:28:17.526 1058 1058 I MultiDex: VM has multidex support, MultiDex support library is disabled.
06-25 14:28:17.531 479 524 D BluetoothManagerService: Sending BLE State Change: BLE_TURNING_ON > BLE_ON
06-25 14:28:17.543 1050 1050 V GraphicsEnvironment: ANGLE Developer option for 'com.android.providers.media.module' set to: 'default'
06-25 14:28:17.544 1050 1050 V GraphicsEnvironment: Neither updatable production driver nor prerelease driver is supported.
06-25 14:28:17.546 1050 1050 D NetworkSecurityConfig: No Network Security Config specified, using platform default
06-25 14:28:17.559 1050 1050 D NetworkSecurityConfig: No Network Security Config specified, using platform default
06-25 14:28:17.563 479 807 W StorageManagerService: Reporting emulated;0 unmounted due to system locked
06-25 14:28:17.566 1125 1125 D ApplicationLoaders: Returning zygote-cached class loader: /system/framework/android.test.base.jar
06-25 14:28:17.567 1125 1125 D ApplicationLoaders: Returning zygote-cached class loader: /system/framework/android.hidl.manager-V1.0-java.jar
06-25 14:28:17.567 1125 1125 D ApplicationLoaders: Returning zygote-cached class loader: /system/framework/android.hidl.base-V1.0-java.jar
06-25 14:28:17.576 1116 1116 V GraphicsEnvironment: ANGLE Developer option for 'com.dangbei.leard.leradlauncher' set to: 'default'
06-25 14:28:17.576 1116 1116 V GraphicsEnvironment: Neither updatable production driver nor prerelease driver is supported.
06-25 14:28:17.579 1116 1116 D NetworkSecurityConfig: Using Network Security Config from resource network_permission_config debugBuild: false
06-25 14:28:17.586 1116 1116 D NetworkSecurityConfig: Using Network Security Config from resource network_permission_config debugBuild: false
06-25 14:28:17.599 1106 1106 V GraphicsEnvironment: ANGLE Developer option for 'com.android.keychain' set to: 'default'
06-25 14:28:17.599 1106 1106 V GraphicsEnvironment: Neither updatable production driver nor prerelease driver is supported.
06-25 14:28:17.601 1106 1106 D NetworkSecurityConfig: No Network Security Config specified, using platform default
06-25 14:28:17.602 1106 1106 D NetworkSecurityConfig: No Network Security Config specified, using platform default
06-25 14:28:17.610 479 479 W Looper : Slow dispatch took 124ms main h=android.os.Handler c=com.android.server.hdmi.WorkSourceUidPreservingRunnable@808b4c4 m=0
06-25 14:28:17.620 1125 1125 W ranth.ledstatu: ClassLoaderContext shared library size mismatch. Expected=0, found=4 (PCL[] | PCL[]{PCL[/system/framework/android.test.base.jar*3790657674]#PCL[/system/framework/android.hidl.manager-V1.0-java.jar*1809561547]#PCL[/system/framework/android.hidl.base-V1.0-java.jar*2233032481]#PCL[/system/framework/org.apache.http.legacy.jar*2058259660]})
06-25 14:28:17.625 1050 1050 V MediaProvider: Attached media from com.android.providers.media.module
06-25 14:28:17.630 1116 1116 I MultiDex: VM with version 2.1.0 has multidex support
06-25 14:28:17.632 1116 1116 I MultiDex: Installing application
06-25 14:28:17.632 1116 1116 I MultiDex: VM has multidex support, MultiDex support library is disabled.
06-25 14:28:17.653 479 479 W NotificationHistory: Attempted to add notif for locked/gone/disabled user 0
06-25 14:28:17.654 479 479 V NotificationAssistants: 0 notification assistant service connected: ComponentInfo{android.ext.services/android.ext.services.notification.Assistant}
06-25 14:28:17.655 479 479 D BluetoothManagerService: Bluetooth Adapter address changed to B4:2F:03:15:73:2F
06-25 14:28:17.656 479 479 D BluetoothManagerService: Stored Bluetoothaddress: B4:2F:03:15:73:2F
06-25 14:28:17.656 479 479 D BluetoothManagerService: Bluetooth Adapter name changed to DBBOX-A2 by android
06-25 14:28:17.657 479 479 D BluetoothManagerService: Stored Bluetooth name: DBBOX-A2
06-25 14:28:17.674 479 807 W StorageManagerService: Reporting emulated;0 unmounted due to system locked
06-25 14:28:17.687 1125 1125 V GraphicsEnvironment: ANGLE Developer option for 'com.oranth.ledstatus' set to: 'default'
06-25 14:28:17.687 1125 1125 V GraphicsEnvironment: Neither updatable production driver nor prerelease driver is supported.
06-25 14:28:17.695 1125 1125 D NetworkSecurityConfig: No Network Security Config specified, using platform default
06-25 14:28:17.697 1050 1050 I TranscodeHelper: Empty transcode compat stale
06-25 14:28:17.698 1125 1125 D NetworkSecurityConfig: No Network Security Config specified, using platform default
06-25 14:28:17.699 1050 1050 I TranscodeHelper: Parsed 0 packages from resource
06-25 14:28:17.699 1050 1050 I TranscodeHelper: Empty device config transcode compat manifest
06-25 14:28:17.708 1125 1125 D aaa : onCreate()
06-25 14:28:17.709 184 184 E SELinux : avc: denied { find } for pid=1125 uid=1000 name=MyLedService scontext=u:r:system_app:s0 tcontext=u:object_r:default_android_service:s0 tclass=service_manager permissive=1
06-25 14:28:17.711 184 184 E SELinux : avc: denied { add } for pid=1125 uid=1000 name=MyLedService scontext=u:r:system_app:s0 tcontext=u:object_r:default_android_service:s0 tclass=service_manager permissive=1
06-25 14:28:17.724 1050 1050 V MediaStore: Examining volume emulated;0 with name external_primary and state checking
06-25 14:28:17.729 1125 1125 D aaa : LedStatusService onStartCommand begin
06-25 14:28:17.730 1050 1050 D CompatibilityChangeReporter: Compat change id reported: 148180766; UID 10074; state: ENABLED
06-25 14:28:17.731 1125 1173 D aaa : topPkg is -------------- :com.android.tv.settings
06-25 14:28:17.734 1125 1125 I aaa : BootCompleteService is start !!!
06-25 14:28:17.735 1125 1125 W ContextImpl: Calling a method in the system process without a qualified user: android.app.ContextImpl.startService:1816 android.content.ContextWrapper.startService:774 android.content.ContextWrapper.startService:774 com.oranth.ledstatus.BootCompletedReceiver.onReceive:15 android.app.ActivityThread.handleReceiver:4308
06-25 14:28:17.736 1050 1050 D PulledMetrics: Registering callback with StatsManager
06-25 14:28:17.743 1125 1125 D aaa : LedStatusService onStartCommand begin
06-25 14:28:17.745 479 583 I ActivityManager: com.oranth.storage is exempt from freezer
06-25 14:28:17.745 1125 1175 D aaa : topPkg is -------------- :com.android.tv.settings
06-25 14:28:17.746 479 583 D CompatibilityChangeReporter: Compat change id reported: 135634846; UID 1000; state: DISABLED
06-25 14:28:17.764 479 1043 I StorageUserConnection: Service: [ComponentInfo{com.android.providers.media.module/com.android.providers.media.fuse.ExternalStorageServiceImpl}] connected. User [0]
06-25 14:28:17.766 1050 1176 I ExternalStorageServiceImpl: Starting session for id: emulated;0
06-25 14:28:17.767 1050 1176 V FuseDaemonThread: Waiting 1000ms for FUSE start. Count 4
06-25 14:28:17.770 1050 1177 I FuseDaemonThread: Starting thread for emulated;0 ...
06-25 14:28:17.771 1050 1177 I FuseDaemon: Starting fuse...
06-25 14:28:17.771 249 249 D Zygote : Forked child process 1179
06-25 14:28:17.773 479 537 I ActivityManager: app.processName = com.oranth.storage
06-25 14:28:17.773 479 537 I ActivityManager: Start proc 1179:com.oranth.storage/1000 for broadcast {com.oranth.storage/com.oranth.storage.BootCompletedReceiver}
06-25 14:28:17.773 1050 1172 V MediaProvider: onConfigure() for external.db
06-25 14:28:17.779 479 503 W StorageManagerService: Reporting emulated;0 unmounted due to system locked
06-25 14:28:17.781 1179 1179 I Zygote : seccomp disabled by setenforce 0
06-25 14:28:17.785 479 583 W StorageManagerService: Reporting emulated;0 unmounted due to system locked
06-25 14:28:17.786 666 666 D GattService: Unlocked userId 0
06-25 14:28:17.795 1050 1172 V MediaProvider: onOpen() for external.db
06-25 14:28:17.797 1050 1172 V MediaProvider: onOpen() finished for external.db
06-25 14:28:17.803 1179 1179 I .oranth.storag: Late-enabling -Xcheck:jni
06-25 14:28:17.811 479 807 W StorageManagerService: Reporting emulated;0 unmounted due to system locked
06-25 14:28:17.812 479 583 D CompatibilityChangeReporter: Compat change id reported: 149924527; UID 1000; state: ENABLED
06-25 14:28:17.815 479 807 W StorageManagerService: Reporting emulated;0 unmounted due to system locked
06-25 14:28:17.815 479 583 D CompatibilityChangeReporter: Compat change id reported: 132649864; UID 1000; state: DISABLED
06-25 14:28:17.822 269 269 D hdmi-cec: cec physical address: 2.0.0.0
06-25 14:28:17.824 269 269 D hdmi-cec: cec physical address: 2.0.0.0
06-25 14:28:17.826 269 269 D hdmi-cec: cec physical address: 2.0.0.0
06-25 14:28:17.827 269 269 D hdmi-cec: cec physical address: 2.0.0.0
06-25 14:28:17.827 269 269 D hdmi-cec: cec physical address: 2.0.0.0
06-25 14:28:17.828 479 479 W Looper : Slow dispatch took 171ms main h=android.os.Handler c=com.android.server.hdmi.WorkSourceUidPreservingRunnable@bd060a8 m=0
06-25 14:28:17.831 479 479 D BluetoothManagerService: BluetoothServiceConnection: com.android.bluetooth.gatt.GattService
06-25 14:28:17.831 479 524 D BluetoothManagerService: MESSAGE_BLUETOOTH_SERVICE_CONNECTED: 2
06-25 14:28:17.831 479 524 D BluetoothManagerService: continueFromBleOnState()
06-25 14:28:17.835 479 479 W Looper : Drained
06-25 14:28:17.836 666 831 I AdapterState: TURNING_ON : entered
06-25 14:28:17.836 666 831 D AdapterProperties: Setting state to TURNING_ON
06-25 14:28:17.840 666 831 D BluetoothAdapterService: updateAdapterState() - Broadcasting state TURNING_ON to 1 receivers.
06-25 14:28:17.842 479 524 D BluetoothManagerService: Persisting Bluetooth Setting: 1
06-25 14:28:17.843 666 831 D BluetoothAdapterService: startCoreServices()
06-25 14:28:17.844 479 524 D BluetoothManagerService: MESSAGE_BLUETOOTH_STATE_CHANGE: BLE_ON > TURNING_ON
06-25 14:28:17.844 479 524 D BluetoothManagerService: Sending BLE State Change: BLE_ON > TURNING_ON
06-25 14:28:17.847 479 524 D BluetoothManagerService: Sending State Change: OFF > TURNING_ON
06-25 14:28:17.850 479 583 W StorageManagerService: Reporting emulated;0 unmounted due to system locked
06-25 14:28:17.854 479 583 W StorageManagerService: Reporting emulated;0 unmounted due to system locked
06-25 14:28:17.859 666 666 I HeadsetService: create()
06-25 14:28:17.876 666 666 I HeadsetService: start()
06-25 14:28:17.891 479 583 W StorageManagerService: Reporting emulated;0 unmounted due to system locked
06-25 14:28:17.897 479 503 W StorageManagerService: Reporting emulated;0 unmounted due to system locked
06-25 14:28:17.918 666 666 I BluetoothHeadsetServiceJni: classInitNative: succeeds
06-25 14:28:17.922 666 666 I bt_btif : system/bt/btif/src/bluetooth.cc:417 get_profile_interface: get_profile_interface: id = handsfree
06-25 14:28:17.924 666 666 I bt_stack: [INFO:btif_hf.cc(1491)] GetInterface
06-25 14:28:17.925 666 666 I bt_btif_storage: system/bt/btif/src/btif_storage.cc:661 btif_storage_get_adapter_property: btif_storage_get_adapter_property service_mask:0x20000040
06-25 14:28:17.925 666 987 I bt_bta_dm: system/bt/bta/dm/bta_dm_act.cc:3191 bta_dm_eir_update_uuid: EIR Adding UUID=0x1112 into extended inquiry response
06-25 14:28:17.925 666 987 I bt_bta_dm: system/bt/bta/dm/bta_dm_act.cc:2890 bta_dm_set_eir: Generating extended inquiry response packet EIR
06-25 14:28:17.925 666 987 I bt_bta_dm: system/bt/bta/dm/bta_dm_act.cc:3191 bta_dm_eir_update_uuid: EIR Adding UUID=0x111F into extended inquiry response
06-25 14:28:17.925 666 987 I bt_bta_dm: system/bt/bta/dm/bta_dm_act.cc:2890 bta_dm_set_eir: Generating extended inquiry response packet EIR
06-25 14:28:17.926 666 987 I bt_stack: [INFO:port_api.cc(234)] RFCOMM_CreateConnection: bd_addr=ff:ff:ff:ff:ff:ff, scn=2, is_server=1, mtu=256, uuid=0x1112, dlci=4, signal_state=0x0b, p_port=0xbfe83524
06-25 14:28:17.926 666 987 I bt_stack: [INFO:port_api.cc(234)] RFCOMM_CreateConnection: bd_addr=ff:ff:ff:ff:ff:ff, scn=3, is_server=1, mtu=256, uuid=0x111f, dlci=6, signal_state=0x0b, p_port=0xbfe835ac
06-25 14:28:17.926 666 987 I bt_stack: [INFO:port_api.cc(234)] RFCOMM_CreateConnection: bd_addr=ff:ff:ff:ff:ff:ff, scn=2, is_server=1, mtu=256, uuid=0x1112, dlci=4, signal_state=0x0b, p_port=0xbfe83634
06-25 14:28:17.926 666 987 I bt_stack: [INFO:port_api.cc(234)] RFCOMM_CreateConnection: bd_addr=ff:ff:ff:ff:ff:ff, scn=3, is_server=1, mtu=256, uuid=0x111f, dlci=6, signal_state=0x0b, p_port=0xbfe836bc
06-25 14:28:17.926 386 398 I adbd : jdwp connection from 1179
06-25 14:28:17.926 666 864 I bt_stack: [INFO:btif_hf.cc(289)] btif_hf_upstreams_evt: AG enable/disable event 0
06-25 14:28:17.942 666 894 D BluetoothActiveDeviceManager: handleMessage(MESSAGE_ADAPTER_ACTION_STATE_CHANGED): newState=11
06-25 14:28:17.953 479 535 I system_server: Using smaps_rollup for pss collection
06-25 14:28:17.956 666 666 I A2dpService: create()
06-25 14:28:17.960 479 479 D BluetoothA2dp: Proxy object connected
06-25 14:28:17.960 479 479 D BluetoothA2dp: Proxy object connected
06-25 14:28:17.960 680 680 D BluetoothA2dp: Proxy object connected
06-25 14:28:17.962 479 479 D BluetoothA2dp: Proxy object connected
06-25 14:28:17.969 666 666 I A2dpService: start()
06-25 14:28:17.969 666 666 I BluetoothA2dpServiceJni: classInitNative: succeeds
06-25 14:28:17.969 666 666 I A2dpService: Max connected audio devices set to 5
06-25 14:28:17.970 666 987 I bt_stack: [INFO:port_api.cc(234)] RFCOMM_CreateConnection: bd_addr=ff:ff:ff:ff:ff:ff, scn=2, is_server=1, mtu=256, uuid=0x1112, dlci=4, signal_state=0x0b, p_port=0xbfe83744
06-25 14:28:17.970 666 987 I bt_stack: [INFO:port_api.cc(234)] RFCOMM_CreateConnection: bd_addr=ff:ff:ff:ff:ff:ff, scn=3, is_server=1, mtu=256, uuid=0x111f, dlci=6, signal_state=0x0b, p_port=0xbfe837cc
06-25 14:28:17.970 666 987 I bt_stack: [INFO:port_api.cc(234)] RFCOMM_CreateConnection: bd_addr=ff:ff:ff:ff:ff:ff, scn=2, is_server=1, mtu=256, uuid=0x1112, dlci=4, signal_state=0x0b, p_port=0xbfe83854
06-25 14:28:17.970 666 987 I bt_stack: [INFO:port_api.cc(234)] RFCOMM_CreateConnection: bd_addr=ff:ff:ff:ff:ff:ff, scn=3, is_server=1, mtu=256, uuid=0x111f, dlci=6, signal_state=0x0b, p_port=0xbfe838dc
06-25 14:28:17.970 666 987 I bt_stack: [INFO:port_api.cc(234)] RFCOMM_CreateConnection: bd_addr=ff:ff:ff:ff:ff:ff, scn=2, is_server=1, mtu=256, uuid=0x1112, dlci=4, signal_state=0x0b, p_port=0xbfe83964
06-25 14:28:17.970 666 987 I bt_stack: [INFO:port_api.cc(234)] RFCOMM_CreateConnection: bd_addr=ff:ff:ff:ff:ff:ff, scn=3, is_server=1, mtu=256, uuid=0x111f, dlci=6, signal_state=0x0b, p_port=0xbfe839ec
06-25 14:28:17.970 666 987 I bt_stack: [INFO:port_api.cc(234)] RFCOMM_CreateConnection: bd_addr=ff:ff:ff:ff:ff:ff, scn=2, is_server=1, mtu=256, uuid=0x1112, dlci=4, signal_state=0x0b, p_port=0xbfe83a74
06-25 14:28:17.970 666 987 I bt_stack: [INFO:port_api.cc(234)] RFCOMM_CreateConnection: bd_addr=ff:ff:ff:ff:ff:ff, scn=3, is_server=1, mtu=256, uuid=0x111f, dlci=6, signal_state=0x0b, p_port=0xbfe83afc
06-25 14:28:17.972 666 666 I bt_btif : system/bt/btif/src/bluetooth.cc:417 get_profile_interface: get_profile_interface: id = a2dp
06-25 14:28:17.974 666 666 I btif_av : system/bt/btif/src/btif_av.cc:965 Init: bt_status_t BtifAvSource::Init(btav_source_callbacks_t *, int, const std::vector &, const std::vector &): max_connected_audio_devices=5
06-25 14:28:17.974 666 666 I a2dp_codec: system/bt/stack/a2dp/a2dp_codec_config.cc:569 init: init
06-25 14:28:17.976 666 666 I a2dp_codec: system/bt/stack/a2dp/a2dp_codec_config.cc:113 createCodec: createCodec: codec SBC
06-25 14:28:17.976 666 666 I a2dp_codec: system/bt/stack/a2dp/a2dp_codec_config.cc:633 init: init: updated SBC codec priority to 1001
06-25 14:28:17.976 666 666 I a2dp_codec: system/bt/stack/a2dp/a2dp_codec_config.cc:113 createCodec: createCodec: codec AAC
06-25 14:28:17.976 666 666 I a2dp_codec: system/bt/stack/a2dp/a2dp_codec_config.cc:633 init: init: updated AAC codec priority to 2001
06-25 14:28:17.976 666 666 I a2dp_codec: system/bt/stack/a2dp/a2dp_codec_config.cc:113 createCodec: createCodec: codec aptX
06-25 14:28:17.986 666 666 E a2dp_vendor_aptx_encoder: system/bt/stack/a2dp/a2dp_vendor_aptx_encoder.cc:123 A2DP_VendorLoadEncoderAptx: A2DP_VendorLoadEncoderAptx: cannot open aptX encoder library libaptX_encoder.so: dlopen failed: library "libaptX_encoder.so" not found
06-25 14:28:17.987 666 666 E a2dp_vendor_aptx: system/bt/stack/a2dp/a2dp_vendor_aptx.cc:465 init: init: cannot load the encoder
06-25 14:28:17.987 666 666 I a2dp_codec: system/bt/stack/a2dp/a2dp_codec_config.cc:113 createCodec: createCodec: codec aptX-HD
06-25 14:28:17.988 479 809 W StorageManagerService: Reporting emulated;0 unmounted due to system locked
06-25 14:28:17.990 1058 1058 E ccc : cccccc etna EtnaApplication init com.dangbei.lerad.etna.haqu.EtnaApplication@65a4bfc
06-25 14:28:17.991 666 666 E a2dp_vendor_aptx_hd_encoder: system/bt/stack/a2dp/a2dp_vendor_aptx_hd_encoder.cc:123 A2DP_VendorLoadEncoderAptxHd: A2DP_VendorLoadEncoderAptxHd: cannot open aptX-HD encoder library libaptXHD_encoder.so: dlopen failed: library "libaptXHD_encoder.so" not found
06-25 14:28:17.992 666 666 E a2dp_vendor_aptx_hd: system/bt/stack/a2dp/a2dp_vendor_aptx_hd.cc:483 init: init: cannot load the encoder
06-25 14:28:17.992 666 666 I a2dp_codec: system/bt/stack/a2dp/a2dp_codec_config.cc:113 createCodec: createCodec: codec LDAC
06-25 14:28:17.993 479 809 W StorageManagerService: Reporting emulated;0 unmounted due to system locked
06-25 14:28:17.994 1058 1058 I MMKV : Disable checkProcessMode()
06-25 14:28:18.004 479 811 W StorageManagerService: Reporting emulated;0 unmounted due to system locked
06-25 14:28:18.009 479 755 D CompatibilityChangeReporter: Compat change id reported: 168419799; UID 1000; state: DISABLED
06-25 14:28:18.015 1058 1058 I MMKV : current API level = 31
06-25 14:28:18.015 666 666 I a2dp_codec: system/bt/stack/a2dp/a2dp_codec_config.cc:633 init: init: updated LDAC codec priority to 5001
06-25 14:28:18.016 666 666 I a2dp_codec: system/bt/stack/a2dp/a2dp_codec_config.cc:113 createCodec: createCodec: codec SBC SINK
06-25 14:28:18.016 666 666 I a2dp_codec: system/bt/stack/a2dp/a2dp_codec_config.cc:113 createCodec: createCodec: codec AAC SINK
06-25 14:28:18.016 666 666 I a2dp_codec: system/bt/stack/a2dp/a2dp_codec_config.cc:113 createCodec: createCodec: codec LDAC SINK
06-25 14:28:18.016 1058 1058 I MMKV : version v1.2.8 page size:4096
06-25 14:28:18.018 666 666 E a2dp_vendor_ldac_decoder: system/bt/stack/a2dp/a2dp_vendor_ldac_decoder.cc:134 A2DP_VendorLoadDecoderLdac: A2DP_VendorLoadDecoderLdac: cannot open LDAC decoder library libldacBT_bco.so: dlopen failed: library "libldacBT_bco.so" not found
06-25 14:28:18.018 666 666 E a2dp_vendor_ldac: system/bt/stack/a2dp/a2dp_vendor_ldac.cc:1418 init: init: cannot load the decoder
06-25 14:28:18.018 666 666 I a2dp_codec: system/bt/stack/a2dp/a2dp_codec_config.cc:658 init: init: initialized Source codec LDAC
06-25 14:28:18.018 666 666 I a2dp_codec: system/bt/stack/a2dp/a2dp_codec_config.cc:658 init: init: initialized Source codec AAC
06-25 14:28:18.018 666 666 I a2dp_codec: system/bt/stack/a2dp/a2dp_codec_config.cc:658 init: init: initialized Source codec SBC
06-25 14:28:18.018 666 666 I a2dp_codec: system/bt/stack/a2dp/a2dp_codec_config.cc:665 init: init: initialized Sink codec AAC SINK
06-25 14:28:18.018 666 666 I a2dp_codec: system/bt/stack/a2dp/a2dp_codec_config.cc:665 init: init: initialized Sink codec SBC SINK
06-25 14:28:18.018 666 666 I a2dp_codec: system/bt/stack/a2dp/a2dp_codec_config.cc:569 init: init
06-25 14:28:18.018 666 666 I a2dp_codec: system/bt/stack/a2dp/a2dp_codec_config.cc:113 createCodec: createCodec: codec SBC
06-25 14:28:18.018 666 666 I a2dp_codec: system/bt/stack/a2dp/a2dp_codec_config.cc:633 init: init: updated SBC codec priority to 1001
06-25 14:28:18.019 666 666 I a2dp_codec: system/bt/stack/a2dp/a2dp_codec_config.cc:113 createCodec: createCodec: codec AAC
06-25 14:28:18.019 666 666 I a2dp_codec: system/bt/stack/a2dp/a2dp_codec_config.cc:633 init: init: updated AAC codec priority to 2001
06-25 14:28:18.019 666 666 I a2dp_codec: system/bt/stack/a2dp/a2dp_codec_config.cc:113 createCodec: createCodec: codec aptX
06-25 14:28:18.020 479 811 W StorageManagerService: Reporting emulated;0 unmounted due to system locked
06-25 14:28:18.021 1058 1058 I MMKV : root dir: /data/user/0/com.dangbei.lerad.etna.haqu/files/mmkv
06-25 14:28:18.025 666 666 E a2dp_vendor_aptx_encoder: system/bt/stack/a2dp/a2dp_vendor_aptx_encoder.cc:123 A2DP_VendorLoadEncoderAptx: A2DP_VendorLoadEncoderAptx: cannot open aptX encoder library libaptX_encoder.so: dlopen failed: library "libaptX_encoder.so" not found
06-25 14:28:18.026 666 666 E a2dp_vendor_aptx: system/bt/stack/a2dp/a2dp_vendor_aptx.cc:465 init: init: cannot load the encoder
06-25 14:28:18.026 666 666 I a2dp_codec: system/bt/stack/a2dp/a2dp_codec_config.cc:113 createCodec: createCodec: codec aptX-HD
06-25 14:28:18.029 666 666 E a2dp_vendor_aptx_hd_encoder: system/bt/stack/a2dp/a2dp_vendor_aptx_hd_encoder.cc:123 A2DP_VendorLoadEncoderAptxHd: A2DP_VendorLoadEncoderAptxHd: cannot open aptX-HD encoder library libaptXHD_encoder.so: dlopen failed: library "libaptXHD_encoder.so" not found
06-25 14:28:18.029 666 666 E a2dp_vendor_aptx_hd: system/bt/stack/a2dp/a2dp_vendor_aptx_hd.cc:483 init: init: cannot load the encoder
06-25 14:28:18.029 666 666 I a2dp_codec: system/bt/stack/a2dp/a2dp_codec_config.cc:113 createCodec: createCodec: codec LDAC
06-25 14:28:18.029 666 666 I a2dp_codec: system/bt/stack/a2dp/a2dp_codec_config.cc:633 init: init: updated LDAC codec priority to 5001
06-25 14:28:18.029 666 666 I a2dp_codec: system/bt/stack/a2dp/a2dp_codec_config.cc:113 createCodec: createCodec: codec SBC SINK
06-25 14:28:18.029 666 666 I a2dp_codec: system/bt/stack/a2dp/a2dp_codec_config.cc:113 createCodec: createCodec: codec AAC SINK
06-25 14:28:18.029 666 666 I a2dp_codec: system/bt/stack/a2dp/a2dp_codec_config.cc:113 createCodec: createCodec: codec LDAC SINK
06-25 14:28:18.033 666 666 E a2dp_vendor_ldac_decoder: system/bt/stack/a2dp/a2dp_vendor_ldac_decoder.cc:134 A2DP_VendorLoadDecoderLdac: A2DP_VendorLoadDecoderLdac: cannot open LDAC decoder library libldacBT_bco.so: dlopen failed: library "libldacBT_bco.so" not found
06-25 14:28:18.033 666 666 E a2dp_vendor_ldac: system/bt/stack/a2dp/a2dp_vendor_ldac.cc:1418 init: init: cannot load the decoder
06-25 14:28:18.033 666 666 I a2dp_codec: system/bt/stack/a2dp/a2dp_codec_config.cc:658 init: init: initialized Source codec LDAC
06-25 14:28:18.033 666 666 I a2dp_codec: system/bt/stack/a2dp/a2dp_codec_config.cc:658 init: init: initialized Source codec AAC
06-25 14:28:18.033 666 666 I a2dp_codec: system/bt/stack/a2dp/a2dp_codec_config.cc:658 init: init: initialized Source codec SBC
06-25 14:28:18.033 666 666 I a2dp_codec: system/bt/stack/a2dp/a2dp_codec_config.cc:665 init: init: initialized Sink codec AAC SINK
06-25 14:28:18.033 666 666 I a2dp_codec: system/bt/stack/a2dp/a2dp_codec_config.cc:665 init: init: initialized Sink codec SBC SINK
06-25 14:28:18.034 666 666 I a2dp_codec: system/bt/stack/a2dp/a2dp_codec_config.cc:569 init: init
06-25 14:28:18.034 666 666 I a2dp_codec: system/bt/stack/a2dp/a2dp_codec_config.cc:113 createCodec: createCodec: codec SBC
06-25 14:28:18.034 666 666 I a2dp_codec: system/bt/stack/a2dp/a2dp_codec_config.cc:633 init: init: updated SBC codec priority to 1001
06-25 14:28:18.034 666 666 I a2dp_codec: system/bt/stack/a2dp/a2dp_codec_config.cc:113 createCodec: createCodec: codec AAC
06-25 14:28:18.034 666 666 I a2dp_codec: system/bt/stack/a2dp/a2dp_codec_config.cc:633 init: init: updated AAC codec priority to 2001
06-25 14:28:18.034 666 666 I a2dp_codec: system/bt/stack/a2dp/a2dp_codec_config.cc:113 createCodec: createCodec: codec aptX
06-25 14:28:18.039 666 666 E a2dp_vendor_aptx_encoder: system/bt/stack/a2dp/a2dp_vendor_aptx_encoder.cc:123 A2DP_VendorLoadEncoderAptx: A2DP_VendorLoadEncoderAptx: cannot open aptX encoder library libaptX_encoder.so: dlopen failed: library "libaptX_encoder.so" not found
06-25 14:28:18.039 666 666 E a2dp_vendor_aptx: system/bt/stack/a2dp/a2dp_vendor_aptx.cc:465 init: init: cannot load the encoder
06-25 14:28:18.039 666 666 I a2dp_codec: system/bt/stack/a2dp/a2dp_codec_config.cc:113 createCodec: createCodec: codec aptX-HD
06-25 14:28:18.041 666 666 E a2dp_vendor_aptx_hd_encoder: system/bt/stack/a2dp/a2dp_vendor_aptx_hd_encoder.cc:123 A2DP_VendorLoadEncoderAptxHd: A2DP_VendorLoadEncoderAptxHd: cannot open aptX-HD encoder library libaptXHD_encoder.so: dlopen failed: library "libaptXHD_encoder.so" not found
06-25 14:28:18.042 666 666 E a2dp_vendor_aptx_hd: system/bt/stack/a2dp/a2dp_vendor_aptx_hd.cc:483 init: init: cannot load the encoder
06-25 14:28:18.042 666 666 I a2dp_codec: system/bt/stack/a2dp/a2dp_codec_config.cc:113 createCodec: createCodec: codec LDAC
06-25 14:28:18.042 666 666 I a2dp_codec: system/bt/stack/a2dp/a2dp_codec_config.cc:633 init: init: updated LDAC codec priority to 5001
06-25 14:28:18.042 666 666 I a2dp_codec: system/bt/stack/a2dp/a2dp_codec_config.cc:113 createCodec: createCodec: codec SBC SINK
06-25 14:28:18.042 666 666 I a2dp_codec: system/bt/stack/a2dp/a2dp_codec_config.cc:113 createCodec: createCodec: codec AAC SINK
06-25 14:28:18.042 666 666 I a2dp_codec: system/bt/stack/a2dp/a2dp_codec_config.cc:113 createCodec: createCodec: codec LDAC SINK
06-25 14:28:18.044 666 666 E a2dp_vendor_ldac_decoder: system/bt/stack/a2dp/a2dp_vendor_ldac_decoder.cc:134 A2DP_VendorLoadDecoderLdac: A2DP_VendorLoadDecoderLdac: cannot open LDAC decoder library libldacBT_bco.so: dlopen failed: library "libldacBT_bco.so" not found
06-25 14:28:18.044 666 666 E a2dp_vendor_ldac: system/bt/stack/a2dp/a2dp_vendor_ldac.cc:1418 init: init: cannot load the decoder
06-25 14:28:18.044 666 666 I a2dp_codec: system/bt/stack/a2dp/a2dp_codec_config.cc:658 init: init: initialized Source codec LDAC
06-25 14:28:18.044 666 666 I a2dp_codec: system/bt/stack/a2dp/a2dp_codec_config.cc:658 init: init: initialized Source codec AAC
06-25 14:28:18.044 666 666 I a2dp_codec: system/bt/stack/a2dp/a2dp_codec_config.cc:658 init: init: initialized Source codec SBC
06-25 14:28:18.044 666 666 I a2dp_codec: system/bt/stack/a2dp/a2dp_codec_config.cc:665 init: init: initialized Sink codec AAC SINK
06-25 14:28:18.044 666 666 I a2dp_codec: system/bt/stack/a2dp/a2dp_codec_config.cc:665 init: init: initialized Sink codec SBC SINK
06-25 14:28:18.044 666 666 I a2dp_codec: system/bt/stack/a2dp/a2dp_codec_config.cc:569 init: init
06-25 14:28:18.044 666 666 I a2dp_codec: system/bt/stack/a2dp/a2dp_codec_config.cc:113 createCodec: createCodec: codec SBC
06-25 14:28:18.044 666 666 I a2dp_codec: system/bt/stack/a2dp/a2dp_codec_config.cc:633 init: init: updated SBC codec priority to 1001
06-25 14:28:18.044 666 666 I a2dp_codec: system/bt/stack/a2dp/a2dp_codec_config.cc:113 createCodec: createCodec: codec AAC
06-25 14:28:18.044 666 666 I a2dp_codec: system/bt/stack/a2dp/a2dp_codec_config.cc:633 init: init: updated AAC codec priority to 2001
06-25 14:28:18.044 666 666 I a2dp_codec: system/bt/stack/a2dp/a2dp_codec_config.cc:113 createCodec: createCodec: codec aptX
06-25 14:28:18.046 666 666 E a2dp_vendor_aptx_encoder: system/bt/stack/a2dp/a2dp_vendor_aptx_encoder.cc:123 A2DP_VendorLoadEncoderAptx: A2DP_VendorLoadEncoderAptx: cannot open aptX encoder library libaptX_encoder.so: dlopen failed: library "libaptX_encoder.so" not found
06-25 14:28:18.046 666 666 E a2dp_vendor_aptx: system/bt/stack/a2dp/a2dp_vendor_aptx.cc:465 init: init: cannot load the encoder
06-25 14:28:18.046 666 666 I a2dp_codec: system/bt/stack/a2dp/a2dp_codec_config.cc:113 createCodec: createCodec: codec aptX-HD
06-25 14:28:18.049 666 666 E a2dp_vendor_aptx_hd_encoder: system/bt/stack/a2dp/a2dp_vendor_aptx_hd_encoder.cc:123 A2DP_VendorLoadEncoderAptxHd: A2DP_VendorLoadEncoderAptxHd: cannot open aptX-HD encoder library libaptXHD_encoder.so: dlopen failed: library "libaptXHD_encoder.so" not found
06-25 14:28:18.049 666 666 E a2dp_vendor_aptx_hd: system/bt/stack/a2dp/a2dp_vendor_aptx_hd.cc:483 init: init: cannot load the encoder
06-25 14:28:18.049 666 666 I a2dp_codec: system/bt/stack/a2dp/a2dp_codec_config.cc:113 createCodec: createCodec: codec LDAC
06-25 14:28:18.049 666 666 I a2dp_codec: system/bt/stack/a2dp/a2dp_codec_config.cc:633 init: init: updated LDAC codec priority to 5001
06-25 14:28:18.050 666 666 I a2dp_codec: system/bt/stack/a2dp/a2dp_codec_config.cc:113 createCodec: createCodec: codec SBC SINK
06-25 14:28:18.050 666 666 I a2dp_codec: system/bt/stack/a2dp/a2dp_codec_config.cc:113 createCodec: createCodec: codec AAC SINK
06-25 14:28:18.050 666 666 I a2dp_codec: system/bt/stack/a2dp/a2dp_codec_config.cc:113 createCodec: createCodec: codec LDAC SINK
06-25 14:28:18.051 666 666 E a2dp_vendor_ldac_decoder: system/bt/stack/a2dp/a2dp_vendor_ldac_decoder.cc:134 A2DP_VendorLoadDecoderLdac: A2DP_VendorLoadDecoderLdac: cannot open LDAC decoder library libldacBT_bco.so: dlopen failed: library "libldacBT_bco.so" not found
06-25 14:28:18.051 666 666 E a2dp_vendor_ldac: system/bt/stack/a2dp/a2dp_vendor_ldac.cc:1418 init: init: cannot load the decoder
06-25 14:28:18.051 666 666 I a2dp_codec: system/bt/stack/a2dp/a2dp_codec_config.cc:658 init: init: initialized Source codec LDAC
06-25 14:28:18.051 666 666 I a2dp_codec: system/bt/stack/a2dp/a2dp_codec_config.cc:658 init: init: initialized Source codec AAC
06-25 14:28:18.051 666 666 I a2dp_codec: system/bt/stack/a2dp/a2dp_codec_config.cc:658 init: init: initialized Source codec SBC
06-25 14:28:18.051 666 666 I a2dp_codec: system/bt/stack/a2dp/a2dp_codec_config.cc:665 init: init: initialized Sink codec AAC SINK
06-25 14:28:18.051 666 666 I a2dp_codec: system/bt/stack/a2dp/a2dp_codec_config.cc:665 init: init: initialized Sink codec SBC SINK
06-25 14:28:18.051 666 666 I a2dp_codec: system/bt/stack/a2dp/a2dp_codec_config.cc:569 init: init
06-25 14:28:18.051 666 666 I a2dp_codec: system/bt/stack/a2dp/a2dp_codec_config.cc:113 createCodec: createCodec: codec SBC
06-25 14:28:18.051 666 666 I a2dp_codec: system/bt/stack/a2dp/a2dp_codec_config.cc:633 init: init: updated SBC codec priority to 1001
06-25 14:28:18.051 666 666 I a2dp_codec: system/bt/stack/a2dp/a2dp_codec_config.cc:113 createCodec: createCodec: codec AAC
06-25 14:28:18.051 666 666 I a2dp_codec: system/bt/stack/a2dp/a2dp_codec_config.cc:633 init: init: updated AAC codec priority to 2001
06-25 14:28:18.051 666 666 I a2dp_codec: system/bt/stack/a2dp/a2dp_codec_config.cc:113 createCodec: createCodec: codec aptX
06-25 14:28:18.053 666 666 E a2dp_vendor_aptx_encoder: system/bt/stack/a2dp/a2dp_vendor_aptx_encoder.cc:123 A2DP_VendorLoadEncoderAptx: A2DP_VendorLoadEncoderAptx: cannot open aptX encoder library libaptX_encoder.so: dlopen failed: library "libaptX_encoder.so" not found
06-25 14:28:18.053 666 666 E a2dp_vendor_aptx: system/bt/stack/a2dp/a2dp_vendor_aptx.cc:465 init: init: cannot load the encoder
06-25 14:28:18.053 666 666 I a2dp_codec: system/bt/stack/a2dp/a2dp_codec_config.cc:113 createCodec: createCodec: codec aptX-HD
06-25 14:28:18.055 666 666 E a2dp_vendor_aptx_hd_encoder: system/bt/stack/a2dp/a2dp_vendor_aptx_hd_encoder.cc:123 A2DP_VendorLoadEncoderAptxHd: A2DP_VendorLoadEncoderAptxHd: cannot open aptX-HD encoder library libaptXHD_encoder.so: dlopen failed: library "libaptXHD_encoder.so" not found
06-25 14:28:18.055 666 666 E a2dp_vendor_aptx_hd: system/bt/stack/a2dp/a2dp_vendor_aptx_hd.cc:483 init: init: cannot load the encoder
06-25 14:28:18.055 666 666 I a2dp_codec: system/bt/stack/a2dp/a2dp_codec_config.cc:113 createCodec: createCodec: codec LDAC
06-25 14:28:18.055 666 666 I a2dp_codec: system/bt/stack/a2dp/a2dp_codec_config.cc:633 init: init: updated LDAC codec priority to 5001
06-25 14:28:18.055 666 666 I a2dp_codec: system/bt/stack/a2dp/a2dp_codec_config.cc:113 createCodec: createCodec: codec SBC SINK
06-25 14:28:18.055 666 666 I a2dp_codec: system/bt/stack/a2dp/a2dp_codec_config.cc:113 createCodec: createCodec: codec AAC SINK
06-25 14:28:18.055 666 666 I a2dp_codec: system/bt/stack/a2dp/a2dp_codec_config.cc:113 createCodec: createCodec: codec LDAC SINK
06-25 14:28:18.056 666 666 E a2dp_vendor_ldac_decoder: system/bt/stack/a2dp/a2dp_vendor_ldac_decoder.cc:134 A2DP_VendorLoadDecoderLdac: A2DP_VendorLoadDecoderLdac: cannot open LDAC decoder library libldacBT_bco.so: dlopen failed: library "libldacBT_bco.so" not found
06-25 14:28:18.056 666 666 E a2dp_vendor_ldac: system/bt/stack/a2dp/a2dp_vendor_ldac.cc:1418 init: init: cannot load the decoder
06-25 14:28:18.056 666 666 I a2dp_codec: system/bt/stack/a2dp/a2dp_codec_config.cc:658 init: init: initialized Source codec LDAC
06-25 14:28:18.056 666 666 I a2dp_codec: system/bt/stack/a2dp/a2dp_codec_config.cc:658 init: init: initialized Source codec AAC
06-25 14:28:18.056 666 666 I a2dp_codec: system/bt/stack/a2dp/a2dp_codec_config.cc:658 init: init: initialized Source codec SBC
06-25 14:28:18.056 666 666 I a2dp_codec: system/bt/stack/a2dp/a2dp_codec_config.cc:665 init: init: initialized Sink codec AAC SINK
06-25 14:28:18.056 666 666 I a2dp_codec: system/bt/stack/a2dp/a2dp_codec_config.cc:665 init: init: initialized Sink codec SBC SINK
06-25 14:28:18.056 666 666 I a2dp_codec: system/bt/stack/a2dp/a2dp_codec_config.cc:569 init: init
06-25 14:28:18.056 666 666 I a2dp_codec: system/bt/stack/a2dp/a2dp_codec_config.cc:113 createCodec: createCodec: codec SBC
06-25 14:28:18.056 666 666 I a2dp_codec: system/bt/stack/a2dp/a2dp_codec_config.cc:633 init: init: updated SBC codec priority to 1001
06-25 14:28:18.056 666 666 I a2dp_codec: system/bt/stack/a2dp/a2dp_codec_config.cc:113 createCodec: createCodec: codec AAC
06-25 14:28:18.056 666 666 I a2dp_codec: system/bt/stack/a2dp/a2dp_codec_config.cc:633 init: init: updated AAC codec priority to 2001
06-25 14:28:18.056 666 666 I a2dp_codec: system/bt/stack/a2dp/a2dp_codec_config.cc:113 createCodec: createCodec: codec aptX
06-25 14:28:18.057 666 666 E a2dp_vendor_aptx_encoder: system/bt/stack/a2dp/a2dp_vendor_aptx_encoder.cc:123 A2DP_VendorLoadEncoderAptx: A2DP_VendorLoadEncoderAptx: cannot open aptX encoder library libaptX_encoder.so: dlopen failed: library "libaptX_encoder.so" not found
06-25 14:28:18.057 666 666 E a2dp_vendor_aptx: system/bt/stack/a2dp/a2dp_vendor_aptx.cc:465 init: init: cannot load the encoder
06-25 14:28:18.057 666 666 I a2dp_codec: system/bt/stack/a2dp/a2dp_codec_config.cc:113 createCodec: createCodec: codec aptX-HD
06-25 14:28:18.058 666 666 E a2dp_vendor_aptx_hd_encoder: system/bt/stack/a2dp/a2dp_vendor_aptx_hd_encoder.cc:123 A2DP_VendorLoadEncoderAptxHd: A2DP_VendorLoadEncoderAptxHd: cannot open aptX-HD encoder library libaptXHD_encoder.so: dlopen failed: library "libaptXHD_encoder.so" not found
06-25 14:28:18.058 666 666 E a2dp_vendor_aptx_hd: system/bt/stack/a2dp/a2dp_vendor_aptx_hd.cc:483 init: init: cannot load the encoder
06-25 14:28:18.058 666 666 I a2dp_codec: system/bt/stack/a2dp/a2dp_codec_config.cc:113 createCodec: createCodec: codec LDAC
06-25 14:28:18.058 666 666 I a2dp_codec: system/bt/stack/a2dp/a2dp_codec_config.cc:633 init: init: updated LDAC codec priority to 5001
06-25 14:28:18.058 666 666 I a2dp_codec: system/bt/stack/a2dp/a2dp_codec_config.cc:113 createCodec: createCodec: codec SBC SINK
06-25 14:28:18.058 666 666 I a2dp_codec: system/bt/stack/a2dp/a2dp_codec_config.cc:113 createCodec: createCodec: codec AAC SINK
06-25 14:28:18.058 666 666 I a2dp_codec: system/bt/stack/a2dp/a2dp_codec_config.cc:113 createCodec: createCodec: codec LDAC SINK
06-25 14:28:18.059 666 666 E a2dp_vendor_ldac_decoder: system/bt/stack/a2dp/a2dp_vendor_ldac_decoder.cc:134 A2DP_VendorLoadDecoderLdac: A2DP_VendorLoadDecoderLdac: cannot open LDAC decoder library libldacBT_bco.so: dlopen failed: library "libldacBT_bco.so" not found
06-25 14:28:18.059 666 666 E a2dp_vendor_ldac: system/bt/stack/a2dp/a2dp_vendor_ldac.cc:1418 init: init: cannot load the decoder
06-25 14:28:18.059 666 666 I a2dp_codec: system/bt/stack/a2dp/a2dp_codec_config.cc:658 init: init: initialized Source codec LDAC
06-25 14:28:18.059 666 666 I a2dp_codec: system/bt/stack/a2dp/a2dp_codec_config.cc:658 init: init: initialized Source codec AAC
06-25 14:28:18.059 666 666 I a2dp_codec: system/bt/stack/a2dp/a2dp_codec_config.cc:658 init: init: initialized Source codec SBC
06-25 14:28:18.059 666 666 I a2dp_codec: system/bt/stack/a2dp/a2dp_codec_config.cc:665 init: init: initialized Sink codec AAC SINK
06-25 14:28:18.059 666 666 I a2dp_codec: system/bt/stack/a2dp/a2dp_codec_config.cc:665 init: init: initialized Sink codec SBC SINK
06-25 14:28:18.059 666 666 I bt_btif_a2dp_source: system/bt/btif/src/btif_a2dp_source.cc:325 btif_a2dp_source_init: btif_a2dp_source_init
06-25 14:28:18.061 666 1208 I bt_stack: [INFO:message_loop_thread.cc(224)] Run: message loop starting for thread bt_a2dp_source_worker_thread
06-25 14:28:18.062 666 1208 I bt_btif_a2dp_source: system/bt/btif/src/btif_a2dp_source.cc:335 btif_a2dp_source_init_delayed: btif_a2dp_source_init_delayed
06-25 14:28:18.062 666 666 I bt_btif_storage: system/bt/btif/src/btif_storage.cc:661 btif_storage_get_adapter_property: btif_storage_get_adapter_property service_mask:0x20000048
06-25 14:28:18.062 666 987 I bt_bta_av: system/bt/bta/av/bta_av_main.cc:418 bta_av_api_register: bta_av_api_register: AVRCP version used for sdp: "avrcp15"
06-25 14:28:18.062 666 987 I bt_l2cap: system/bt/stack/l2cap/l2c_api.cc:134 L2CA_Register: L2CAP Registered service classic PSM: 0x0019
06-25 14:28:18.062 666 987 I bt_l2cap: system/bt/stack/l2cap/l2c_api.cc:134 L2CA_Register: L2CAP Registered service classic PSM: 0x0017
06-25 14:28:18.062 666 987 I bt_l2cap: system/bt/stack/l2cap/l2c_api.cc:134 L2CA_Register: L2CAP Registered service classic PSM: 0x001b
06-25 14:28:18.062 666 987 I bt_bta_dm: system/bt/bta/dm/bta_dm_act.cc:3191 bta_dm_eir_update_uuid: EIR Adding UUID=0x110A into extended inquiry response
06-25 14:28:18.062 666 987 I bt_bta_dm: system/bt/bta/dm/bta_dm_act.cc:2890 bta_dm_set_eir: Generating extended inquiry response packet EIR
06-25 14:28:18.062 666 987 I bt_bta_av: system/bt/bta/av/bta_av_act.cc:304 bta_av_rc_create: Skipping RC creation for the old AVRCP profile
06-25 14:28:18.062 666 987 I bt_bta_dm: system/bt/bta/dm/bta_dm_act.cc:3191 bta_dm_eir_update_uuid: EIR Adding UUID=0x110E into extended inquiry response
06-25 14:28:18.062 666 987 I bt_bta_dm: system/bt/bta/dm/bta_dm_act.cc:2890 bta_dm_set_eir: Generating extended inquiry response packet EIR
06-25 14:28:18.062 666 987 I bt_bta_av: system/bt/bta/av/bta_av_main.cc:418 bta_av_api_register: bta_av_api_register: AVRCP version used for sdp: "avrcp15"
06-25 14:28:18.068 326 326 I rainbow_flow: type=1400 audit(0.0:455): avc: denied { ioctl } for path="/dev/spidev1.0" dev="tmpfs" ino=7243 ioctlcmd=0x6b00 scontext=u:r:init:s0 tcontext=u:object_r:device:s0 tclass=chr_file permissive=1
06-25 14:28:18.062 666 987 I bt_bta_av: system/bt/bta/av/bta_av_main.cc:418 bta_av_api_register: bta_av_api_register: AVRCP version used for sdp: "avrcp15"
06-25 14:28:18.062 666 666 D A2dpService: A2DP offload flag set to false
06-25 14:28:18.062 666 987 I bt_bta_av: system/bt/bta/av/bta_av_main.cc:418 bta_av_api_register: bta_av_api_register: AVRCP version used for sdp: "avrcp15"
06-25 14:28:18.063 666 987 I bt_bta_av: system/bt/bta/av/bta_av_main.cc:418 bta_av_api_register: bta_av_api_register: AVRCP version used for sdp: "avrcp15"
06-25 14:28:18.063 666 987 I bt_bta_av: system/bt/bta/av/bta_av_main.cc:418 bta_av_api_register: bta_av_api_register: AVRCP version used for sdp: "avrcp15"
06-25 14:28:18.083 666 666 D A2dpService: setA2dpService(): set to: com.android.bluetooth.a2dp.A2dpService@f3e7f54
06-25 14:28:18.086 666 666 I BluetoothHidHostServiceJni: classInitNative: succeeds
06-25 14:28:18.093 680 680 D BluetoothHidHost: Proxy object connected
06-25 14:28:18.096 666 666 I bt_btif : system/bt/btif/src/bluetooth.cc:417 get_profile_interface: get_profile_interface: id = hidhost
