06-25 14:28:13.537 479 522 I EthernetTracker: interfaceLinkStateChanged, iface: eth0, up: false
06-25 14:28:13.538 479 522 W PppoeNetworkFactory: interfaceLinkStateChanged
06-25 14:28:13.538 479 522 D PppoeNetworkFactory: updateInterface: mIface: mPhyIface:eth0 iface:eth0 link:down
06-25 14:28:13.538 479 522 I EthernetTracker: interfaceLinkStateChanged, iface: eth0, up: false
06-25 14:28:13.541 321 323 D XM_HIDREAD: add@ add@/devices/platform/unisoc_wifi/ieee80211/phy0/rfkill2
06-25 14:28:13.546 780 780 D nativeloader: classloader namespace configured for unbundled product apk. library_path=/product/app/webview/lib/arm:/product/app/webview/webview.apk!/lib/armeabi-v7a:/product/lib:/system/product/lib
06-25 14:28:13.548 379 379 V C2Store : in ~ComponentModule
06-25 14:28:13.548 379 379 V C2Store : unloading dll
06-25 14:28:13.548 379 379 V C2Store : in init
06-25 14:28:13.548 379 379 V C2Store : loading dll
06-25 14:28:13.549 479 535 W BestClock: java.time.DateTimeException: Missing NTP fix
01-01 08:00:17.559 657 657 E sprdwl : __sprdwl_cmd_getbuf cant't get vif, ctx_id: 0
06-25 14:28:13.555 479 479 D CompatibilityChangeReporter: Compat change id reported: 174042980; UID 1000; state: DISABLED
06-25 14:28:13.559 379 379 V C2Store : in ~ComponentModule
06-25 14:28:13.559 379 379 V C2Store : unloading dll
06-25 14:28:13.559 379 379 V C2Store : in init
06-25 14:28:13.559 379 379 V C2Store : loading dll
06-25 14:28:13.566 321 323 D XM_HIDREAD: add@ add@/devices/platform/unisoc_wifi/net/wlan0
01-01 08:00:17.583 657 657 W unisoc_wifi wlan0: mixed HW and IP checksum settings.
01-01 08:00:17.585 409 409 I : DVI mode selected: packets not configured
01-01 08:00:17.585 409 409 I : Error: set vsif failed
06-25 14:28:13.569 479 522 W PppoeNetworkFactory: interfaceAdded
06-25 14:28:13.570 479 522 W PppoeNetworkFactory: interfaceLinkStateChanged
06-25 14:28:13.570 479 522 D PppoeNetworkFactory: updateInterface: mIface: mPhyIface:eth0 iface:wlan0 link:down
06-25 14:28:13.570 479 522 D PppoeNetworkFactory: not tracker interface
06-25 14:28:13.570 479 522 I EthernetTracker: interfaceLinkStateChanged, iface: wlan0, up: false
06-25 14:28:13.571 479 479 D libcheckfile: checkfile_init
06-25 14:28:13.573 479 479 D ActivityTaskManager: isHomeLauncher info= ActivityInfo{d02d354 com.android.tv.settings.system.FallbackHome}
06-25 14:28:13.574 321 323 D XM_HIDREAD: add@ add@/devices/platform/unisoc_wifi/net/wlan0/queues/rx-0
06-25 14:28:13.574 321 323 D XM_HIDREAD: add@ add@/devices/platform/unisoc_wifi/net/wlan0/queues/tx-0
06-25 14:28:13.574 321 323 D XM_HIDREAD: add@ add@/devices/platform/unisoc_wifi/net/wlan1
06-25 14:28:13.574 321 323 D XM_HIDREAD: add@ add@/devices/platform/unisoc_wifi/net/wlan1/queues/rx-0
06-25 14:28:13.574 321 323 D XM_HIDREAD: add@ add@/devices/platform/unisoc_wifi/net/wlan1/queues/tx-0
06-25 14:28:13.580 479 653 D EthernetTracker: Tracking interface in client mode: eth0
06-25 14:28:13.581 479 653 D EthernetNetworkFactory: addInterface, iface: eth0, capabilities: [ Transports: ETHERNET Capabilities: NOT_METERED&INTERNET&NOT_RESTRICTED&TRUSTED&NOT_VPN&NOT_ROAMING&NOT_CONGESTED&NOT_SUSPENDED&NOT_VCN_MANAGED LinkUpBandwidth>=100000Kbps LinkDnBandwidth>=100000Kbps]
01-01 08:00:17.590 657 657 W unisoc_wifi wlan1: mixed HW and IP checksum settings.
01-01 08:00:17.590 657 657 E unisoc_wifi wlan1: netif_napi_add() called with weight 128
06-25 14:28:13.581 379 379 V C2Store : in ~ComponentModule
06-25 14:28:13.581 379 379 V C2Store : unloading dll
06-25 14:28:13.582 379 379 V C2Store : in init
06-25 14:28:13.582 379 379 V C2Store : loading dll
06-25 14:28:13.583 479 522 W PppoeNetworkFactory: interfaceLinkStateChanged
06-25 14:28:13.583 479 522 D PppoeNetworkFactory: updateInterface: mIface: mPhyIface:eth0 iface:wlan1 link:down
06-25 14:28:13.583 479 522 D PppoeNetworkFactory: not tracker interface
06-25 14:28:13.583 479 522 I EthernetTracker: interfaceLinkStateChanged, iface: wlan1, up: false
06-25 14:28:13.584 479 522 W PppoeNetworkFactory: interfaceAdded
06-25 14:28:13.584 808 808 I system_server: type=1400 audit(0.0:371): avc: denied { execute } for name="am" dev="dm-1" ino=1160 scontext=u:r:system_server:s0 tcontext=u:object_r:vendor_file:s0 tclass=file permissive=1
06-25 14:28:13.588 657 657 D wifi_hal-auto-detect: libwifi hal name: libwifi-hal-sprd.so
06-25 14:28:13.588 479 535 W BestClock: java.time.DateTimeException: Missing NTP fix
06-25 14:28:13.592 321 323 D XM_HIDREAD: add@ add@/module/sprdwl_ng
06-25 14:28:13.593 479 535 W BestClock: java.time.DateTimeException: Missing NTP fix
06-25 14:28:13.593 479 653 D EthernetNetworkFactory: updateCapabilityFilter: [ Transports: ETHERNET Capabilities: NOT_METERED&INTERNET&NOT_RESTRICTED&TRUSTED&NOT_VPN&NOT_ROAMING&NOT_CONGESTED&NOT_SUSPENDED&NOT_VCN_MANAGED]
06-25 14:28:13.588 808 808 I system_server: type=1400 audit(0.0:372): avc: denied { read open } for path="/vendor/xbin/am" dev="dm-1" ino=1160 scontext=u:r:system_server:s0 tcontext=u:object_r:vendor_file:s0 tclass=file permissive=1
06-25 14:28:13.592 808 808 I system_server: type=1400 audit(0.0:373): avc: denied { execute_no_trans } for path="/vendor/xbin/am" dev="dm-1" ino=1160 scontext=u:r:system_server:s0 tcontext=u:object_r:vendor_file:s0 tclass=file permissive=1
06-25 14:28:13.594 479 653 D EthernetNetworkFactory: updateInterfaceLinkState, iface: eth0, up: false
06-25 14:28:13.594 479 653 D EthernetNetworkFactory: updateInterfaceLinkState, iface: eth0, up: false
06-25 14:28:13.595 379 379 V C2Store : in ~ComponentModule
06-25 14:28:13.595 379 379 V C2Store : unloading dll
06-25 14:28:13.592 808 808 I system_server: type=1400 audit(0.0:374): avc: denied { execute } for name="sh" dev="dm-0" ino=1201 scontext=u:r:system_server:s0 tcontext=u:object_r:shell_exec:s0 tclass=file permissive=1
06-25 14:28:13.592 808 808 I system_server: type=1400 audit(0.0:375): avc: denied { read open } for path="/system/bin/sh" dev="dm-0" ino=1201 scontext=u:r:system_server:s0 tcontext=u:object_r:shell_exec:s0 tclass=file permissive=1
06-25 14:28:13.596 479 653 D Ethernet: got request NetworkRequest [ REQUEST id=1, [ Capabilities: INTERNET&NOT_RESTRICTED&TRUSTED&NOT_VPN&NOT_VCN_MANAGED RequestorUid: 1000 RequestorPkg: android] ]
06-25 14:28:13.597 479 653 D EthernetNetworkFactory: acceptRequest, request: NetworkRequest [ REQUEST id=1, [ Capabilities: INTERNET&NOT_RESTRICTED&TRUSTED&NOT_VPN&NOT_VCN_MANAGED RequestorUid: 1000 RequestorPkg: android] ]
06-25 14:28:13.597 479 653 I EthernetNetworkFactory: networkForRequest, request: NetworkRequest [ REQUEST id=1, [ Capabilities: INTERNET&NOT_RESTRICTED&TRUSTED&NOT_VPN&NOT_VCN_MANAGED RequestorUid: 1000 RequestorPkg: android] ], network: null
06-25 14:28:13.597 479 653 D Ethernet: got request NetworkRequest [ REQUEST id=4, [ Transports: ETHERNET Capabilities: INTERNET&NOT_RESTRICTED&TRUSTED&NOT_VPN&NOT_VCN_MANAGED RequestorUid: 1000 RequestorPkg: android] ]
06-25 14:28:13.597 479 653 D EthernetNetworkFactory: acceptRequest, request: NetworkRequest [ REQUEST id=4, [ Transports: ETHERNET Capabilities: INTERNET&NOT_RESTRICTED&TRUSTED&NOT_VPN&NOT_VCN_MANAGED RequestorUid: 1000 RequestorPkg: android] ]
06-25 14:28:13.597 479 653 I EthernetNetworkFactory: networkForRequest, request: NetworkRequest [ REQUEST id=4, [ Transports: ETHERNET Capabilities: INTERNET&NOT_RESTRICTED&TRUSTED&NOT_VPN&NOT_VCN_MANAGED RequestorUid: 1000 RequestorPkg: android] ], network: null
06-25 14:28:13.596 808 808 I am : type=1400 audit(0.0:376): avc: denied { map } for path="/system/bin/sh" dev="dm-0" ino=1201 scontext=u:r:system_server:s0 tcontext=u:object_r:shell_exec:s0 tclass=file permissive=1
06-25 14:28:13.598 268 268 I AW_PowerHAL: Power setMode: SUSTAINED_PERFORMANCE to: 1
06-25 14:28:13.596 808 808 I am : type=1400 audit(0.0:378): avc: denied { getattr } for path="/system/bin/sh" dev="dm-0" ino=1201 scontext=u:r:system_server:s0 tcontext=u:object_r:shell_exec:s0 tclass=file permissive=1
06-25 14:28:13.600 268 268 W AW_PowerHAL: Could not open nsi-bw: No such file or directory
06-25 14:28:13.600 268 268 I AW_PowerHAL: cur-mode:PERFORMANCE
06-25 14:28:13.601 479 653 D Ethernet: got request NetworkRequest [ REQUEST id=10, [ Capabilities: INTERNET&NOT_RESTRICTED&TRUSTED&NOT_VCN_MANAGED Uid: 1000 RequestorUid: 1000 RequestorPkg: android] ]
06-25 14:28:13.601 479 653 D EthernetNetworkFactory: acceptRequest, request: NetworkRequest [ REQUEST id=10, [ Capabilities: INTERNET&NOT_RESTRICTED&TRUSTED&NOT_VCN_MANAGED Uid: 1000 RequestorUid: 1000 RequestorPkg: android] ]
06-25 14:28:13.601 479 653 I EthernetNetworkFactory: networkForRequest, request: NetworkRequest [ REQUEST id=10, [ Capabilities: INTERNET&NOT_RESTRICTED&TRUSTED&NOT_VCN_MANAGED Uid: 1000 RequestorUid: 1000 RequestorPkg: android] ], network: null
06-25 14:28:13.596 657 657 I wifi@1.0-servic: type=1400 audit(0.0:377): avc: denied { read } for name="u:object_r:persist_vendor_debug_wifi_prop:s0" dev="tmpfs" ino=3933 scontext=u:r:hal_wifi_default:s0 tcontext=u:object_r:persist_vendor_debug_wifi_prop:s0 tclass=file permissive=1
01-01 08:00:17.617 409 409 I : DVI mode selected: packets not configured
01-01 08:00:17.617 409 409 I : Error: set vsif failed
06-25 14:28:13.596 657 657 I wifi@1.0-servic: type=1400 audit(0.0:379): avc: denied { open } for path="/dev/__properties__/u:object_r:persist_vendor_debug_wifi_prop:s0" dev="tmpfs" ino=3933 scontext=u:r:hal_wifi_default:s0 tcontext=u:object_r:persist_vendor_debug_wifi_prop:s0 tclass=file permissive=1
06-25 14:28:13.596 657 657 I wifi@1.0-servic: type=1400 audit(0.0:380): avc: denied { getattr } for path="/dev/__properties__/u:object_r:persist_vendor_debug_wifi_prop:s0" dev="tmpfs" ino=3933 scontext=u:r:hal_wifi_default:s0 tcontext=u:object_r:persist_vendor_debug_wifi_prop:s0 tclass=file permissive=1
06-25 14:28:13.596 657 657 I wifi@1.0-servic: type=1400 audit(0.0:381): avc: denied { map } for path="/dev/__properties__/u:object_r:persist_vendor_debug_wifi_prop:s0" dev="tmpfs" ino=3933 scontext=u:r:hal_wifi_default:s0 tcontext=u:object_r:persist_vendor_debug_wifi_prop:s0 tclass=file permissive=1
06-25 14:28:13.602 657 657 I android.hardware.wifi@1.0-service-lazy: Wifi HAL started
06-25 14:28:13.602 479 653 D Ethernet: got request NetworkRequest [ REQUEST id=17, [ Capabilities: INTERNET&NOT_RESTRICTED&TRUSTED&NOT_VCN_MANAGED Uid: 1000 RequestorUid: 1000 RequestorPkg: android] ]
06-25 14:28:13.602 479 653 D EthernetNetworkFactory: acceptRequest, request: NetworkRequest [ REQUEST id=17, [ Capabilities: INTERNET&NOT_RESTRICTED&TRUSTED&NOT_VCN_MANAGED Uid: 1000 RequestorUid: 1000 RequestorPkg: android] ]
06-25 14:28:13.602 479 653 I EthernetNetworkFactory: networkForRequest, request: NetworkRequest [ REQUEST id=17, [ Capabilities: INTERNET&NOT_RESTRICTED&TRUSTED&NOT_VCN_MANAGED Uid: 1000 RequestorUid: 1000 RequestorPkg: android] ], network: null
06-25 14:28:13.602 379 379 V C2Store : in init
06-25 14:28:13.602 379 379 V C2Store : loading dll
06-25 14:28:13.603 479 611 I WifiVendorHal: Vendor Hal started successfully
06-25 14:28:13.609 479 479 I SystemServerTiming: showSystemReadyErrorDialogs
06-25 14:28:13.610 479 479 I system_server: getFrameworkHalManifest: Reading VINTF information.
06-25 14:28:13.612 657 657 W android.hardware.wifi@1.0-service-lazy: No active wlan interfaces in use! Using default
06-25 14:28:13.612 657 657 E android.hardware.wifi@1.0-service-lazy: Unknown iface name: wlan0
06-25 14:28:13.612 657 657 E android.hardware.wifi@1.0-service-lazy: Unknown iface name: wlan0
06-25 14:28:13.613 379 379 I mediaswcodec: missing struct descriptor #Param::CoreIndex(--004) for field values of struct #Param::CoreIndex(F-12004)
06-25 14:28:13.615 479 479 I system_server: getDeviceHalManifest: Reading VINTF information.
06-25 14:28:13.615 379 379 D C2SoftHevcEnc: Given level 6000 does not cover current configuration: adjusting to 6001
01-01 08:00:17.634 409 409 I : DVI mode selected: packets not configured
01-01 08:00:17.634 409 409 I : Error: set vsif failed
06-25 14:28:13.618 379 379 V C2Store : in ~ComponentModule
06-25 14:28:13.618 379 379 V C2Store : unloading dll
06-25 14:28:13.618 379 379 V C2Store : in init
06-25 14:28:13.618 379 379 V C2Store : loading dll
06-25 14:28:13.622 657 657 I WifiHAL : Initializing wifi
06-25 14:28:13.625 479 522 W PppoeNetworkFactory: interfaceLinkStateChanged
06-25 14:28:13.625 479 522 D PppoeNetworkFactory: updateInterface: mIface: mPhyIface:eth0 iface:wlan0 link:up
06-25 14:28:13.625 479 522 D PppoeNetworkFactory: not tracker interface
06-25 14:28:13.626 479 522 I EthernetTracker: interfaceLinkStateChanged, iface: wlan0, up: true
06-25 14:28:13.627 657 657 E WifiHAL : wifi_get_logger_supported_feature_set: Error -5 happened.
06-25 14:28:13.627 657 657 E WifiHAL : Failed to get supported logger feature set: -5
06-25 14:28:13.627 657 657 E WifiHAL : wifi_get_firmware_version: Error -5 happened.
06-25 14:28:13.627 657 657 E WifiHAL : Failed to get supported logger feature set: -5
06-25 14:28:13.628 657 657 E WifiHAL : get_firmware_bus_max_size_supported: requestResponse Error:-3
06-25 14:28:13.628 657 657 E WifiHAL : Failed to get supported bus size, error : -3
06-25 14:28:13.628 657 657 E WifiHAL : wifi_logger_ring_buffers_init: Ring buffer logging feature not supported 0
06-25 14:28:13.628 657 657 E WifiHAL : Wifi Logger Ring Initialization Failed
06-25 14:28:13.628 657 657 E WifiHAL : wifiGetCapabilities: Failed to send request, Error:-5
06-25 14:28:13.628 657 657 E WifiHAL : Failed to get wifi Capabilities, error: -5
06-25 14:28:13.629 657 657 I android.hardware.wifi@1.0-service-lazy: Adding interface handle for wlan1
06-25 14:28:13.629 657 657 I android.hardware.wifi@1.0-service-lazy: Adding interface handle for wlan0
06-25 14:28:13.629 479 535 W BestClock: java.time.DateTimeException: Missing NTP fix
01-01 08:00:17.644 657 657 I ieee80211 phy0: sprdwl_vendor_get_support_feature
06-25 14:28:13.629 657 657 W android.hardware.wifi@1.0-service-lazy: No active wlan interfaces in use! Using default
06-25 14:28:13.629 479 479 I system_server: getDeviceHalManifest: Successfully processed VINTF information
06-25 14:28:13.629 479 479 I system_server: getFrameworkHalManifest: Successfully processed VINTF information
06-25 14:28:13.629 479 479 I system_server: getFrameworkCompatibilityMatrix: Reading VINTF information.
06-25 14:28:13.630 657 657 W android.hardware.wifi@1.0-service-lazy: No active wlan interfaces in use! Using default
06-25 14:28:13.631 657 657 E WifiHAL : wifi_get_driver_version: Error -5 happened.
06-25 14:28:13.631 657 657 E android.hardware.wifi@1.0-service-lazy: Failed to get driver version: INVALID_ARGS
06-25 14:28:13.631 657 657 I android.hardware.wifi@1.0-service-lazy: Configured chip in mode 3
06-25 14:28:13.631 657 657 W android.hardware.wifi@1.0-service-lazy: No active wlan interfaces in use! Using default
06-25 14:28:13.635 479 611 D HalDevMgr: updateRttController: no one is interested in RTT controllers
06-25 14:28:13.635 479 535 W BestClock: java.time.DateTimeException: Missing NTP fix
06-25 14:28:13.636 657 657 D WifiHAL : wifi_virtual_interface_create: ifname=wlan0 create
06-25 14:28:13.636 657 657 I android.hardware.wifi@1.0-service-lazy: Adding interface handle for wlan1
06-25 14:28:13.637 657 657 I android.hardware.wifi@1.0-service-lazy: Adding interface handle for wlan0
06-25 14:28:13.637 657 657 E android.hardware.wifi@1.0-service-lazy: Failed to set DFS flag; DFS channels may be unavailable.
06-25 14:28:13.639 379 379 V C2Store : in ~ComponentModule
06-25 14:28:13.639 379 379 V C2Store : unloading dll
06-25 14:28:13.639 379 379 V C2Store : in init
06-25 14:28:13.639 379 379 V C2Store : loading dll
06-25 14:28:13.636 813 813 I am : type=1400 audit(0.0:382): avc: denied { execute_no_trans } for path="/system/bin/cmd" dev="dm-0" ino=937 scontext=u:r:system_server:s0 tcontext=u:object_r:system_file:s0 tclass=file permissive=1
06-25 14:28:13.644 657 657 I WifiHAL : mpdu_size_threshold : 128, aggressive_statistics_gathering : 0
06-25 14:28:13.645 657 657 E WifiHAL : wifi_set_link_stats: requestResponse Error:-5
06-25 14:28:13.650 479 611 E WifiVendorHal: enableLinkLayerStats(l.1461) failed {.code = ERROR_INVALID_ARGS, .description = }
06-25 14:28:13.651 479 611 E WifiVendorHal: unable to enable link layer stats collection
06-25 14:28:13.651 479 611 D WifiNl80211Manager: Setting up interface for client mode: wlan0
06-25 14:28:13.652 365 365 I wificond: createClientInterface: wiphy_index 0 iface_name wlan0
01-01 08:00:17.668 409 409 I : DVI mode selected: packets not configured
01-01 08:00:17.668 409 409 I : Error: set vsif failed
06-25 14:28:13.656 379 379 V C2Store : in ~ComponentModule
06-25 14:28:13.656 365 365 I wificond: create scanner for interface with index: 14
06-25 14:28:13.656 365 365 I wificond: subscribe scan result for interface with index: 14
06-25 14:28:13.656 479 535 W BestClock: java.time.DateTimeException: Missing NTP fix
06-25 14:28:13.659 479 535 W BestClock: java.time.DateTimeException: Missing NTP fix
06-25 14:28:13.661 365 365 I wificond: add channel type 0 support at wiphy index: 0
06-25 14:28:13.661 365 365 I wificond: add channel type 1 support at wiphy index: 0
06-25 14:28:13.659 379 379 V C2Store : unloading dll
06-25 14:28:13.662 379 379 V C2Store : in init
06-25 14:28:13.662 379 379 V C2Store : loading dll
06-25 14:28:13.666 479 611 I WifiNative: Interface state changed on Iface:{Name=wlan0,Id=0,Type=STA_SCAN}, isUp=true
06-25 14:28:13.667 479 611 I WifiNative: Successfully setup Iface:{Name=wlan0,Id=0,Type=STA_SCAN}
06-25 14:28:13.667 479 611 E SupplicantStaIfaceHal: checkHalVersionByInterfaceName: called but mServiceManager is null
06-25 14:28:13.667 479 611 E SupplicantStaIfaceHal: checkHalVersionByInterfaceName: called but mServiceManager is null
06-25 14:28:13.667 479 611 E SupplicantStaIfaceHal: Method getKeyMgmtCapabilities is not supported in existing HAL
06-25 14:28:13.667 479 611 E SupplicantStaIfaceHal: checkHalVersionByInterfaceName: called but mServiceManager is null
06-25 14:28:13.668 379 379 V C2Store : in ~ComponentModule
06-25 14:28:13.668 379 379 V C2Store : unloading dll
06-25 14:28:13.668 379 379 V C2Store : in init
06-25 14:28:13.669 379 379 V C2Store : loading dll
06-25 14:28:13.672 657 657 E WifiHAL : wifi_get_logger_supported_feature_set: Error -5 happened.
01-01 08:00:17.689 657 657 I ieee80211 phy0: sprdwl_vendor_get_support_feature
06-25 14:28:13.674 657 657 E WifiHAL : wifi_get_logger_supported_feature_set: Error -5 happened.
06-25 14:28:13.676 379 379 V C2Store : in ~ComponentModule
06-25 14:28:13.676 379 379 V C2Store : unloading dll
06-25 14:28:13.676 379 379 V C2Store : in init
06-25 14:28:13.676 379 379 V C2Store : loading dll
01-01 08:00:17.691 657 657 I ieee80211 phy0: sprdwl_vendor_get_support_feature
06-25 14:28:13.679 657 657 E WifiHAL : wifi_get_logger_supported_feature_set: Error -5 happened.
01-01 08:00:17.696 657 657 I ieee80211 phy0: sprdwl_vendor_get_support_feature
06-25 14:28:13.684 479 611 E SupplicantStaIfaceHal: checkHalVersionByInterfaceName: called but mServiceManager is null
06-25 14:28:13.684 479 611 E SupplicantStaIfaceHal: checkHalVersionByInterfaceName: called but mServiceManager is null
06-25 14:28:13.684 479 611 I SupplicantStaIfaceHal: Method getWpaDriverFeatureSet is not supported in existing HAL
06-25 14:28:13.685 479 611 D WifiClientModeManager[wlan0]: entering StartedState
01-01 08:00:17.701 409 409 I : DVI mode selected: packets not configured
01-01 08:00:17.701 409 409 I : Error: set vsif failed
06-25 14:28:13.689 379 379 V C2Store : in ~ComponentModule
06-25 14:28:13.689 379 379 V C2Store : unloading dll
06-25 14:28:13.688 269 269 I EventThread: type=1400 audit(0.0:383): avc: denied { search } for name="extcon" dev="sysfs" ino=18109 scontext=u:r:hal_tv_cec_default:s0 tcontext=u:object_r:sysfs_extcon:s0 tclass=dir permissive=1
06-25 14:28:13.689 379 379 V C2Store : in init
06-25 14:28:13.689 379 379 V C2Store : loading dll
06-25 14:28:13.689 479 535 W BestClock: java.time.DateTimeException: Missing NTP fix
06-25 14:28:13.692 479 535 W BestClock: java.time.DateTimeException: Missing NTP fix
06-25 14:28:13.696 379 379 V C2Store : in ~ComponentModule
06-25 14:28:13.696 379 379 V C2Store : unloading dll
06-25 14:28:13.696 379 379 V C2Store : in init
06-25 14:28:13.696 379 379 V C2Store : loading dll
06-25 14:28:13.700 379 379 V C2Store : in ~ComponentModule
06-25 14:28:13.700 379 379 V C2Store : unloading dll
06-25 14:28:13.700 379 379 V C2Store : in init
06-25 14:28:13.700 379 379 V C2Store : loading dll
06-25 14:28:13.705 379 379 V C2Store : in ~ComponentModule
06-25 14:28:13.705 379 379 V C2Store : unloading dll
06-25 14:28:13.705 379 379 V C2Store : in init
06-25 14:28:13.705 379 379 V C2Store : loading dll
06-25 14:28:13.708 780 780 I WebViewZygoteInit: Application preload done
06-25 14:28:13.715 379 379 V C2Store : in ~ComponentModule
06-25 14:28:13.716 379 379 V C2Store : unloading dll
06-25 14:28:13.716 379 379 V C2Store : in init
06-25 14:28:13.716 379 379 V C2Store : loading dll
01-01 08:00:17.734 409 409 I : DVI mode selected: packets not configured
01-01 08:00:17.735 409 409 I : Error: set vsif failed
06-25 14:28:13.718 479 535 W BestClock: java.time.DateTimeException: Missing NTP fix
06-25 14:28:13.721 479 535 W BestClock: java.time.DateTimeException: Missing NTP fix
06-25 14:28:13.721 379 379 I C2SoftVp8Enc: setting temporal layering 0 + 0
06-25 14:28:13.723 379 379 V C2Store : in ~ComponentModule
06-25 14:28:13.723 379 379 V C2Store : unloading dll
06-25 14:28:13.723 379 379 V C2Store : in init
06-25 14:28:13.723 379 379 V C2Store : loading dll
06-25 14:28:13.728 379 379 V C2Store : in ~ComponentModule
06-25 14:28:13.728 379 379 V C2Store : unloading dll
06-25 14:28:13.728 379 379 V C2Store : in init
06-25 14:28:13.728 379 379 V C2Store : loading dll
06-25 14:28:13.732 379 379 I C2SoftVp9Enc: setting temporal layering 0 + 0
06-25 14:28:13.734 379 379 V C2Store : in ~ComponentModule
06-25 14:28:13.734 379 379 V C2Store : unloading dll
06-25 14:28:13.735 358 472 D MediaCodecsXmlParser: parsing /apex/com.android.media.swcodec/etc/media_codecs.xml...
06-25 14:28:13.737 358 472 D MediaCodecsXmlParser: disabling c2.android.gsm.decoder
06-25 14:28:13.738 358 472 D MediaCodecsXmlParser: disabling c2.android.mpeg2.decoder
06-25 14:28:13.739 358 472 I MediaCodecsXmlParser: Did not find media_codecs_performance.xml in search path
06-25 14:28:13.739 358 472 I MediaCodecsXmlParser: Did not find media_codecs_c2.xml in search path
06-25 14:28:13.739 358 472 I MediaCodecsXmlParser: Did not find media_codecs_performance_c2.xml in search path
06-25 14:28:13.740 358 472 D MediaCodecsXmlParser: parsing /vendor/etc/media_codecs.xml...
06-25 14:28:13.740 358 472 D MediaCodecsXmlParser: parsing /vendor/etc/media_codecs_google_audio.xml...
06-25 14:28:13.740 358 472 D MediaCodecsXmlParser: unable to open media codecs configuration xml file: /vendor/etc/media_codecs_google_audio.xml
06-25 14:28:13.740 358 472 D MediaCodecsXmlParser: Setting: updating existing setting at line 97 of /vendor/etc/media_codecs.xml
06-25 14:28:13.741 479 479 I system_server: getFrameworkCompatibilityMatrix: Successfully processed VINTF information
06-25 14:28:13.741 479 479 I system_server: getDeviceCompatibilityMatrix: Reading VINTF information.
06-25 14:28:13.742 479 479 I system_server: getDeviceCompatibilityMatrix: Successfully processed VINTF information
06-25 14:28:13.743 358 472 D MediaCodecsXmlParser: parsing /vendor/etc/media_codecs_google_video.xml...
06-25 14:28:13.743 358 472 D MediaCodecsXmlParser: unable to open media codecs configuration xml file: /vendor/etc/media_codecs_google_video.xml
06-25 14:28:13.743 358 472 D MediaCodecsXmlParser: parsing /vendor/etc/media_codecs_performance.xml...
06-25 14:28:13.743 358 472 D MediaCodecsXmlParser: MediaCodec: cannot update non-existing codec: OMX.google.h264.encoder at line 25 of /vendor/etc/media_codecs_performance.xml
06-25 14:28:13.743 358 472 D MediaCodecsXmlParser: MediaCodec: cannot update non-existing codec: OMX.google.h263.encoder at line 31 of /vendor/etc/media_codecs_performance.xml
06-25 14:28:13.743 358 472 D MediaCodecsXmlParser: MediaCodec: cannot update non-existing codec: OMX.google.mpeg4.encoder at line 34 of /vendor/etc/media_codecs_performance.xml
06-25 14:28:13.743 358 472 D MediaCodecsXmlParser: MediaCodec: cannot update non-existing codec: OMX.google.vp8.encoder at line 37 of /vendor/etc/media_codecs_performance.xml
06-25 14:28:13.743 358 472 D MediaCodecsXmlParser: MediaCodec: cannot update non-existing codec: OMX.allwinner.video.decoder.h263 at line 59 of /vendor/etc/media_codecs_performance.xml
06-25 14:28:13.744 358 472 D MediaCodecsXmlParser: MediaCodec: cannot update non-existing codec: OMX.google.mpeg4.decoder at line 80 of /vendor/etc/media_codecs_performance.xml
06-25 14:28:13.744 358 472 D MediaCodecsXmlParser: MediaCodec: cannot update non-existing codec: OMX.google.h264.decoder at line 83 of /vendor/etc/media_codecs_performance.xml
06-25 14:28:13.744 358 472 D MediaCodecsXmlParser: MediaCodec: cannot update non-existing codec: OMX.google.h263.decoder at line 89 of /vendor/etc/media_codecs_performance.xml
06-25 14:28:13.744 358 472 D MediaCodecsXmlParser: MediaCodec: cannot update non-existing codec: OMX.google.hevc.decoder at line 93 of /vendor/etc/media_codecs_performance.xml
06-25 14:28:13.744 358 472 D MediaCodecsXmlParser: MediaCodec: cannot update non-existing codec: OMX.google.vp8.decoder at line 101 of /vendor/etc/media_codecs_performance.xml
06-25 14:28:13.744 358 472 D MediaCodecsXmlParser: MediaCodec: cannot update non-existing codec: OMX.google.vp9.decoder at line 107 of /vendor/etc/media_codecs_performance.xml
06-25 14:28:13.744 358 472 I MediaCodecsXmlParser: Did not find media_codecs_shaping.xml in search path
06-25 14:28:13.744 358 472 I MediaCodecsXmlParser: Did not find media_codecs_shaping.xml in search path
06-25 14:28:13.745 379 379 V C2Store : in init
06-25 14:28:13.745 379 379 V C2Store : loading dll
06-25 14:28:13.747 479 535 W BestClock: java.time.DateTimeException: Missing NTP fix
06-25 14:28:13.751 479 535 W BestClock: java.time.DateTimeException: Missing NTP fix
06-25 14:28:13.752 358 472 I Codec2InfoBuilder: adding type 'audio/mp4a-latm'
06-25 14:28:13.754 479 479 I SystemServerTiming: sendUserStartBroadcast
06-25 14:28:13.755 479 479 I SystemServerTiming: resumeTopActivities
06-25 14:28:13.756 379 417 V C2Store : in init
06-25 14:28:13.757 379 417 V C2Store : loading dll
06-25 14:28:13.757 479 479 I SystemServerTiming: sendUserSwitchBroadcasts
06-25 14:28:13.757 379 420 V C2Store : in ~ComponentModule
06-25 14:28:13.757 379 420 V C2Store : unloading dll
06-25 14:28:13.757 479 479 I SystemServerTiming: setBinderProxies
06-25 14:28:13.758 479 479 I SystemServerTiming: StartSystemUI
06-25 14:28:13.759 479 755 I ActivityManager: Process WebViewLoader-armeabi-v7a (pid 719) has died: psvc PER
06-25 14:28:13.759 479 538 I libprocessgroup: Successfully killed process cgroup uid 1037 pid 719 in 0ms
06-25 14:28:13.764 479 582 W ActivityManager: No pending application record for pid 757 (IApplicationThread android.app.IApplicationThread$Stub$Proxy@9f79ea1); dropping process
06-25 14:28:13.765 479 537 W ActivityManager: Slow operation: 341ms so far, now at startProcess: done updating battery stats
06-25 14:28:13.765 479 537 W ActivityManager: Slow operation: 341ms so far, now at startProcess: building log message
06-25 14:28:13.765 479 537 I ActivityManager: app.processName = com.android.networkstack.process
06-25 14:28:13.765 479 537 I ActivityManager: Start proc 790:com.android.networkstack.process/1073 for added application com.android.networkstack.process
06-25 14:28:13.765 479 537 W ActivityManager: Slow operation: 342ms so far, now at startProcess: starting to update pids map
06-25 14:28:13.766 358 472 I Codec2InfoBuilder: adding type 'audio/mp4a-latm'
06-25 14:28:13.766 479 537 W ActivityManager: Slow operation: 342ms so far, now at startProcess: done updating pids map
06-25 14:28:13.766 479 537 W ActivityManager: Slow operation: 339ms so far, now at startProcess: asking zygote to start proc
06-25 14:28:13.768 479 583 D CompatibilityChangeReporter: Compat change id reported: 168419799; UID 1073; state: DISABLED
01-01 08:00:17.784 409 409 I : DVI mode selected: packets not configured
01-01 08:00:17.784 409 409 I : Error: set vsif failed
06-25 14:28:13.772 379 420 V C2Store : in init
06-25 14:28:13.772 379 420 V C2Store : loading dll
06-25 14:28:13.774 379 417 V C2Store : in ~ComponentModule
06-25 14:28:13.774 379 417 V C2Store : unloading dll
06-25 14:28:13.776 358 472 I Codec2InfoBuilder: adding type 'audio/3gpp'
06-25 14:28:13.777 379 420 V C2Store : in init
06-25 14:28:13.777 379 420 V C2Store : loading dll
06-25 14:28:13.778 379 817 V C2Store : in ~ComponentModule
06-25 14:28:13.778 379 817 V C2Store : unloading dll
06-25 14:28:13.783 479 583 D CompatibilityChangeReporter: Compat change id reported: 168419799; UID 1073; state: DISABLED
01-01 08:00:17.801 409 409 I : DVI mode selected: packets not configured
01-01 08:00:17.801 409 409 I : Error: set vsif failed
06-25 14:28:13.786 358 472 I Codec2InfoBuilder: adding type 'audio/3gpp'
06-25 14:28:13.786 479 525 I ActivityManager: com.android.tv.settings is exempt from freezer
06-25 14:28:13.786 379 379 V C2Store : in init
06-25 14:28:13.786 379 379 V C2Store : loading dll
06-25 14:28:13.787 479 525 D CompatibilityChangeReporter: Compat change id reported: 135634846; UID 1000; state: DISABLED
06-25 14:28:13.789 790 790 D CompatibilityChangeReporter: Compat change id reported: 171979766; UID 1073; state: ENABLED
06-25 14:28:13.789 479 535 W BestClock: java.time.DateTimeException: Missing NTP fix
06-25 14:28:13.793 479 535 W BestClock: java.time.DateTimeException: Missing NTP fix
06-25 14:28:13.794 249 249 D Zygote : Forked child process 819
06-25 14:28:13.795 479 537 W ActivityManager: Slow operation: 367ms so far, now at startProcess: returned from zygote!
06-25 14:28:13.797 479 609 W BestClock: java.time.DateTimeException: Missing NTP fix
06-25 14:28:13.800 479 618 D ConnectivityService: Got NetworkProvider Messenger for VpnNetworkProvider:0
06-25 14:28:13.800 479 609 W BestClock: java.time.DateTimeException: Missing NTP fix
06-25 14:28:13.802 358 472 I Codec2InfoBuilder: adding type 'audio/amr-wb'
06-25 14:28:13.802 379 816 V C2Store : in init
06-25 14:28:13.802 379 816 V C2Store : loading dll
06-25 14:28:13.804 819 819 I Zygote : seccomp disabled by setenforce 0
06-25 14:28:13.806 379 420 V C2Store : in ~ComponentModule
06-25 14:28:13.806 379 420 V C2Store : unloading dll
06-25 14:28:13.806 379 379 V C2Store : in ~ComponentModule
06-25 14:28:13.806 379 379 V C2Store : unloading dll
06-25 14:28:13.808 358 472 I Codec2InfoBuilder: adding type 'audio/amr-wb'
06-25 14:28:13.809 379 420 V C2Store : in init
06-25 14:28:13.809 379 420 V C2Store : loading dll
01-01 08:00:17.830 127 127 I binder : undelivered TRANSACTION_COMPLETE
01-01 08:00:17.830 127 127 I binder : undelivered transaction 11210, process died.
06-25 14:28:13.813 249 249 I Zygote : Process 757 exited due to signal 9 (Killed)
06-25 14:28:13.814 379 820 V C2Store : in ~ComponentModule
06-25 14:28:13.814 379 820 V C2Store : unloading dll
06-25 14:28:13.816 358 472 D Codec2InfoBuilder: component 'c2.android.av1.decoder' not found in xml
06-25 14:28:13.816 379 820 V C2Store : in init
06-25 14:28:13.816 379 820 V C2Store : loading dll
06-25 14:28:13.817 379 816 V C2Store : in ~ComponentModule
06-25 14:28:13.817 379 816 V C2Store : unloading dll
06-25 14:28:13.819 479 611 I android_os_HwBinder: HwBinder: Starting thread pool for getting: android.hidl.manager@1.0::IServiceManager/default
06-25 14:28:13.821 479 479 D CompatibilityChangeReporter: Compat change id reported: 168419799; UID 10067; state: DISABLED
06-25 14:28:13.823 479 811 W ActivityManager: Unable to start service Intent { cmp=com.oranth.ledstatus/.LedStatusService } U=0: not found
06-25 14:28:13.823 479 537 W ActivityManager: Slow operation: 396ms so far, now at startProcess: done updating battery stats
06-25 14:28:13.824 479 537 W ActivityManager: Slow operation: 396ms so far, now at startProcess: building log message
06-25 14:28:13.824 479 537 I ActivityManager: app.processName = com.android.se
06-25 14:28:13.824 479 537 I ActivityManager: Start proc 819:com.android.se/1068 for added application com.android.se
06-25 14:28:13.824 479 537 W ActivityManager: Slow operation: 396ms so far, now at startProcess: starting to update pids map
06-25 14:28:13.824 479 537 W ActivityManager: Slow operation: 396ms so far, now at startProcess: done updating pids map
06-25 14:28:13.832 479 611 I SupplicantStaIfaceHal: Starting supplicant using HIDL
06-25 14:28:13.833 479 535 W BestClock: java.time.DateTimeException: Missing NTP fix
06-25 14:28:13.837 479 525 I InputManager: Enabling motion classifier because user switched: feature enabled, long press timeout = 400
06-25 14:28:13.837 479 525 I InputClassifier: Enabling motion classifier
06-25 14:28:13.841 249 249 D Zygote : Forked child process 829
06-25 14:28:13.842 479 609 W BestClock: java.time.DateTimeException: Missing NTP fix
06-25 14:28:13.842 185 185 I hwservicemanager: getTransport: Cannot find entry android.hardware.input.classifier@1.0::IInputClassifier/default in either framework or device VINTF manifest.
06-25 14:28:13.842 479 828 I InputClassifier: Could not obtain InputClassifier HAL
06-25 14:28:13.843 479 537 W ActivityManager: Slow operation: 58ms so far, now at startProcess: returned from zygote!
06-25 14:28:13.843 479 535 W BestClock: java.time.DateTimeException: Missing NTP fix
06-25 14:28:13.844 185 185 I hwservicemanager: Since android.hardware.wifi.supplicant@1.0::ISupplicant/default is not registered, trying to start it as a lazy HAL.
06-25 14:28:13.844 479 609 W BestClock: java.time.DateTimeException: Missing NTP fix
06-25 14:28:13.844 479 611 D SupplicantStaIfaceHal: Successfully triggered start of supplicant using HIDL
06-25 14:28:13.845 479 609 W BestClock: java.time.DateTimeException: Missing NTP fix
01-01 08:00:17.865 1 1 I init : starting service 'wpa_supplicant'...
06-25 14:28:13.848 479 609 W BestClock: java.time.DateTimeException: Missing NTP fix
06-25 14:28:13.850 666 666 D AdapterState: make() - Creating AdapterState
06-25 14:28:13.851 358 472 I Codec2InfoBuilder: adding type 'video/avc'
06-25 14:28:13.851 829 829 I Zygote : seccomp disabled by setenforce 0
06-25 14:28:13.852 479 609 W BestClock: java.time.DateTimeException: Missing NTP fix
01-01 08:00:17.868 1 1 I init : Created socket '/dev/socket/wpa_wlan0', mode 660, user 1010, group 1010
06-25 14:28:13.854 479 609 W BestClock: java.time.DateTimeException: Missing NTP fix
06-25 14:28:13.855 379 420 V C2Store : in init
06-25 14:28:13.855 379 420 V C2Store : loading dll
06-25 14:28:13.857 479 609 W BestClock: java.time.DateTimeException: Missing NTP fix
06-25 14:28:13.858 379 379 V C2Store : in ~ComponentModule
06-25 14:28:13.858 379 379 V C2Store : unloading dll
06-25 14:28:13.859 479 609 W BestClock: java.time.DateTimeException: Missing NTP fix
06-25 14:28:13.859 379 420 I mediaswcodec: missing struct descriptor #Param::CoreIndex(--004) for field values of struct #Param::CoreIndex(F-12004)
06-25 14:28:13.859 379 420 I mediaswcodec: missing struct descriptor #Param::CoreIndex(--1812) for field values of struct #Param::CoreIndex(F-11812)
01-01 08:00:17.876 1 1 I init : Control message: Processed ctl.interface_start for 'android.hardware.wifi.supplicant@1.0::ISupplicant/default' from pid: 185 (/system/bin/hwservicemanager)
06-25 14:28:13.860 326 326 I rainbow_flow: type=1400 audit(0.0:384): avc: denied { ioctl } for path="/dev/spidev1.0" dev="tmpfs" ino=7243 ioctlcmd=0x6b00 scontext=u:r:init:s0 tcontext=u:object_r:device:s0 tclass=chr_file permissive=1
06-25 14:28:13.862 479 609 W BestClock: java.time.DateTimeException: Missing NTP fix
06-25 14:28:13.863 379 420 I mediaswcodec: missing struct descriptor #Param::CoreIndex(--004) for field values of struct #Param::CoreIndex(F-12004)
06-25 14:28:13.863 379 420 I mediaswcodec: missing struct descriptor #Param::CoreIndex(--1812) for field values of struct #Param::CoreIndex(F-11812)
06-25 14:28:13.866 479 537 W ActivityManager: Slow operation: 81ms so far, now at startProcess: done updating battery stats
06-25 14:28:13.866 479 537 W ActivityManager: Slow operation: 82ms so far, now at startProcess: building log message
06-25 14:28:13.866 479 537 I ActivityManager: app.processName = com.android.tv.settings
06-25 14:28:13.866 479 537 I ActivityManager: Start proc 829:com.android.tv.settings/1000 for top-activity {com.android.tv.settings/com.android.tv.settings.system.FallbackHome}
06-25 14:28:13.866 479 537 W ActivityManager: Slow operation: 82ms so far, now at startProcess: starting to update pids map
06-25 14:28:13.867 479 537 W ActivityManager: Slow operation: 82ms so far, now at startProcess: done updating pids map
06-25 14:28:13.868 358 472 I Codec2InfoBuilder: adding type 'video/avc'
06-25 14:28:13.870 386 398 I adbd : jdwp connection from 829
06-25 14:28:13.872 379 379 V C2Store : in init
06-25 14:28:13.872 379 379 V C2Store : loading dll
06-25 14:28:13.878 479 535 W BestClock: java.time.DateTimeException: Missing NTP fix
06-25 14:28:13.882 479 535 W BestClock: java.time.DateTimeException: Missing NTP fix
06-25 14:28:13.886 379 420 V C2Store : in ~ComponentModule
06-25 14:28:13.886 379 420 V C2Store : unloading dll
06-25 14:28:13.889 479 609 W BestClock: java.time.DateTimeException: Missing NTP fix
06-25 14:28:13.891 358 472 I Codec2InfoBuilder: adding type 'audio/flac'
06-25 14:28:13.892 666 831 I AdapterState: OFF : entered
06-25 14:28:13.894 666 831 D AdapterProperties: Setting state to OFF
06-25 14:28:13.894 386 398 I adbd : jdwp connection from 819
06-25 14:28:13.895 379 816 V C2Store : in init
06-25 14:28:13.895 379 816 V C2Store : loading dll
06-25 14:28:13.895 379 820 V C2Store : in ~ComponentModule
06-25 14:28:13.895 379 820 V C2Store : unloading dll
06-25 14:28:13.898 666 666 D BluetoothKeystoreService: new BluetoothKeystoreService isCommonCriteriaMode: false
06-25 14:28:13.899 666 666 D BluetoothKeystoreService: start
06-25 14:28:13.901 479 502 D CompatibilityChangeReporter: Compat change id reported: 181136395; UID 1000; state: DISABLED
06-25 14:28:13.902 358 472 I Codec2InfoBuilder: adding type 'audio/flac'
06-25 14:28:13.903 379 420 V C2Store : in init
06-25 14:28:13.903 379 420 V C2Store : loading dll
06-25 14:28:13.904 379 816 V C2Store : in ~ComponentModule
06-25 14:28:13.904 379 816 V C2Store : unloading dll
06-25 14:28:13.904 666 666 I droid.bluetoot: [0625/142813.904752:INFO:com_android_bluetooth_btservice_BluetoothKeystore.cpp(97)] classInitNative: succeeds
06-25 14:28:13.905 666 666 D BluetoothKeystoreService: setBluetoothKeystoreService(): set to: com.android.bluetooth.btservice.bluetoothkeystore.BluetoothKeystoreService@f19fd71
06-25 14:28:13.906 479 502 D CompatibilityChangeReporter: Compat change id reported: 174042936; UID 1000; state: DISABLED
06-25 14:28:13.909 479 479 D JNIMultiir: Multiir JNI_OnLoad()
06-25 14:28:13.909 479 479 D JNIMultiir: init
06-25 14:28:13.910 358 472 I Codec2InfoBuilder: adding type 'audio/g711-alaw'
06-25 14:28:13.911 379 816 V C2Store : in init
06-25 14:28:13.912 379 820 V C2Store : in ~ComponentModule
06-25 14:28:13.912 379 820 V C2Store : unloading dll
06-25 14:28:13.912 479 535 W BestClock: java.time.DateTimeException: Missing NTP fix
06-25 14:28:13.913 379 816 V C2Store : loading dll
06-25 14:28:13.921 479 535 D CountryDetector: Using custom country detector class: com.android.server.location.ComprehensiveCountryDetector
06-25 14:28:13.921 479 535 E CountryDetector: Could not instantiate the custom country detector class
06-25 14:28:13.921 479 535 D CountryDetector: Using default country detector
06-25 14:28:13.922 790 790 V GraphicsEnvironment: ANGLE Developer option for 'com.android.networkstack' set to: 'default'
06-25 14:28:13.923 790 790 V GraphicsEnvironment: Neither updatable production driver nor prerelease driver is supported.
06-25 14:28:13.925 358 472 I Codec2InfoBuilder: adding type 'audio/g711-mlaw'
06-25 14:28:13.926 790 790 D NetworkSecurityConfig: No Network Security Config specified, using platform default
06-25 14:28:13.926 479 609 W BestClock: java.time.DateTimeException: Missing NTP fix
06-25 14:28:13.927 379 420 V C2Store : in init
06-25 14:28:13.927 379 420 V C2Store : loading dll
06-25 14:28:13.927 379 379 V C2Store : in ~ComponentModule
06-25 14:28:13.927 379 379 V C2Store : unloading dll
06-25 14:28:13.929 479 609 W BestClock: java.time.DateTimeException: Missing NTP fix
06-25 14:28:13.930 479 609 W BestClock: java.time.DateTimeException: Missing NTP fix
06-25 14:28:13.932 479 609 W BestClock: java.time.DateTimeException: Missing NTP fix
06-25 14:28:13.933 479 609 W BestClock: java.time.DateTimeException: Missing NTP fix
06-25 14:28:13.932 680 680 I ndroid.systemui: type=1400 audit(0.0:385): avc: denied { search } for name="com.android.systemui" dev="mmcblk0p25" ino=484 scontext=u:r:platform_app:s0:c512,c768 tcontext=u:object_r:app_data_file:s0:c512,c768 tclass=dir permissive=1 app=com.softwinner.screenshot
06-25 14:28:13.936 479 609 W BestClock: java.time.DateTimeException: Missing NTP fix
06-25 14:28:13.938 479 609 W BestClock: java.time.DateTimeException: Missing NTP fix
06-25 14:28:13.940 479 609 W BestClock: java.time.DateTimeException: Missing NTP fix
06-25 14:28:13.940 358 472 D Codec2InfoBuilder: codec entry for 'c2.android.gsm.decoder' is disabled
06-25 14:28:13.940 666 666 D BluetoothKeystoreService: loadConfigData
06-25 14:28:13.940 379 820 V C2Store : in init
06-25 14:28:13.940 379 820 V C2Store : loading dll
06-25 14:28:13.942 479 609 W BestClock: java.time.DateTimeException: Missing NTP fix
06-25 14:28:13.943 479 609 W BestClock: java.time.DateTimeException: Missing NTP fix
06-25 14:28:13.943 479 609 W BestClock: java.time.DateTimeException: Missing NTP fix
06-25 14:28:13.945 479 609 W BestClock: java.time.DateTimeException: Missing NTP fix
06-25 14:28:13.946 379 420 V C2Store : in ~ComponentModule
06-25 14:28:13.946 379 420 V C2Store : unloading dll
06-25 14:28:13.947 790 790 D NetworkSecurityConfig: No Network Security Config specified, using platform default
06-25 14:28:13.947 479 479 D SystemServer: VMRuntime.setVerifierEnabled(true)
06-25 14:28:13.950 479 479 W Looper : Slow delivery took 5094ms main h=android.app.PropertyInvalidatedCache$AutoCorker$1 c=null m=0
06-25 14:28:13.950 358 472 I Codec2InfoBuilder: adding type 'video/3gpp'
06-25 14:28:13.951 479 609 W BestClock: java.time.DateTimeException: Missing NTP fix
06-25 14:28:13.949 829 829 D CompatibilityChangeReporter: Compat change id reported: 171979766; UID 1000; state: ENABLED
06-25 14:28:13.952 479 609 W BestClock: java.time.DateTimeException: Missing NTP fix
06-25 14:28:13.954 379 379 V C2Store : in ~ComponentModule
06-25 14:28:13.954 379 379 V C2Store : unloading dll
06-25 14:28:13.955 379 420 V C2Store : in init
06-25 14:28:13.955 379 420 V C2Store : loading dll
06-25 14:28:13.961 358 472 I Codec2InfoBuilder: adding type 'video/3gpp'
06-25 14:28:13.964 379 820 V C2Store : in init
06-25 14:28:13.964 379 820 V C2Store : loading dll
06-25 14:28:13.964 379 420 V C2Store : in ~ComponentModule
06-25 14:28:13.964 379 420 V C2Store : unloading dll
06-25 14:28:13.969 479 479 D ConditionProviders.SCP: onConnected
06-25 14:28:13.972 479 479 D ConditionProviders: Subscribing to condition://android/event?userId=-10000&calendar=&reply=1 with ComponentInfo{android/com.android.server.notification.EventConditionProvider}
06-25 14:28:13.972 479 479 D ConditionProviders: Subscribing to condition://android/schedule?days=1.2.3.4.5.6.7&start=22.0&end=7.0&exitAtAlarm=true with ComponentInfo{android/com.android.server.notification.ScheduleConditionProvider}
06-25 14:28:13.976 269 269 D hdmi-cec: reset logical address to broadcast
06-25 14:28:13.978 666 666 I droid.bluetoot: [0625/142813.978545:INFO:com_android_bluetooth_btservice_ActivityAttribution.cpp(96)] classInitNative: succeeds
06-25 14:28:13.978 666 666 D BluetoothKeystoreService: getCompareResult: 0
06-25 14:28:13.982 358 472 I Codec2InfoBuilder: adding type 'video/hevc'
06-25 14:28:13.989 379 379 V C2Store : in init
06-25 14:28:13.989 379 379 V C2Store : loading dll
06-25 14:28:13.990 379 820 V C2Store : in ~ComponentModule
06-25 14:28:13.990 379 820 V C2Store : unloading dll
06-25 14:28:13.990 479 811 D CompatibilityChangeReporter: Compat change id reported: 168419799; UID 1068; state: DISABLED
06-25 14:28:13.991 379 379 I mediaswcodec: missing struct descriptor #Param::CoreIndex(--004) for field values of struct #Param::CoreIndex(F-12004)
06-25 14:28:13.993 379 379 D C2SoftHevcEnc: Given level 6000 does not cover current configuration: adjusting to 6001
06-25 14:28:13.995 379 379 I mediaswcodec: missing struct descriptor #Param::CoreIndex(--004) for field values of struct #Param::CoreIndex(F-12004)
06-25 14:28:13.997 379 379 D C2SoftHevcEnc: Given level 6000 does not cover current configuration: adjusting to 6001
06-25 14:28:13.997 666 666 I bt_btif : system/bt/btif/src/bluetooth.cc:162 init: init: start restricted = 0 ; common criteria mode = 0, config compare result = 0
06-25 14:28:13.999 358 472 D Codec2InfoBuilder: codec entry for 'c2.android.hevc.encoder' is disabled
06-25 14:28:13.999 379 816 V C2Store : in init
06-25 14:28:14.000 379 816 V C2Store : loading dll
06-25 14:28:14.000 379 379 V C2Store : in ~ComponentModule
06-25 14:28:14.000 379 379 V C2Store : unloading dll
06-25 14:28:14.003 819 819 D CompatibilityChangeReporter: Compat change id reported: 171979766; UID 1068; state: ENABLED
06-25 14:28:14.007 479 479 D CompatibilityChangeReporter: Compat change id reported: 135634846; UID 10075; state: DISABLED
06-25 14:28:14.008 358 472 I Codec2InfoBuilder: adding type 'audio/mpeg'
06-25 14:28:14.008 479 537 D CompatibilityChangeReporter: Compat change id reported: 143937733; UID 10075; state: ENABLED
06-25 14:28:14.009 379 420 V C2Store : in init
06-25 14:28:14.009 379 420 V C2Store : loading dll
01-01 08:00:18.023 832 832 I capability: warning: `wpa_supplicant' uses 32-bit capabilities (legacy support in use)
06-25 14:28:14.013 832 832 D wpa_supplicant: wpa_supplicant v2.10-devel-12
06-25 14:28:14.011 379 816 V C2Store : in ~ComponentModule
06-25 14:28:14.015 379 816 V C2Store : unloading dll
06-25 14:28:14.015 832 832 D wpa_supplicant: Global control interface '@android:wpa_wlan0'
06-25 14:28:14.015 832 832 D wpa_supplicant: Using Android control socket 'wpa_wlan0'
06-25 14:28:14.015 832 832 D wpa_supplicant: Initing hidl control
06-25 14:28:14.016 832 832 I wpa_supplicant: Processing hidl events on FD 4
06-25 14:28:14.017 832 832 E cutils-trace: Error opening trace file: No such file or directory (2)
06-25 14:28:14.018 666 666 I bt : bt_common::init_flags: Flags loaded: gd_core=false gd_advertising=false gd_scanning=false gd_security=false gd_acl=false gd_l2cap=false gd_hci=false gd_controller=false gatt_robust_caching=false btaa_hci=false gd_rust=false gd_link_policy=false
06-25 14:28:14.021 832 832 I HidlServiceManagement: Registered android.hardware.wifi.supplicant@1.4::ISupplicant/default
06-25 14:28:14.021 832 832 I wpa_supplicant: Successfully initialized wpa_supplicant
06-25 14:28:14.023 479 639 I android_os_HwBinder: HwBinder: Starting thread pool for getting: android.hardware.wifi.supplicant@1.0::ISupplicant/default
06-25 14:28:14.023 666 858 I droid.bluetoot: [0625/142814.023602:INFO:message_loop_thread.cc(224)] Run: message loop starting for thread bt_stack_manager_thread
06-25 14:28:14.024 666 858 I bt_stack_manager: system/bt/btif/src/stack_manager.cc:200 event_init_stack: is initializing the stack
06-25 14:28:14.025 479 639 I SupplicantStaIfaceHal: Completed initialization of ISupplicant.
06-25 14:28:14.026 358 472 D Codec2InfoBuilder: codec entry for 'c2.android.mpeg2.decoder' is disabled
06-25 14:28:14.026 379 820 V C2Store : in init
06-25 14:28:14.026 379 820 V C2Store : loading dll
06-25 14:28:14.029 249 249 D Zygote : Forked child process 859
06-25 14:28:14.032 479 537 I ActivityManager: app.processName = android.ext.services
06-25 14:28:14.032 479 537 I ActivityManager: Start proc 859:android.ext.services/u0a75 for service {android.ext.services/android.ext.services.autofill.InlineSuggestionRenderServiceImpl}
06-25 14:28:14.037 379 816 V C2Store : in ~ComponentModule
06-25 14:28:14.038 379 816 V C2Store : unloading dll
06-25 14:28:14.041 666 862 I bt_osi_thread: system/bt/osi/src/thread.cc:209 run_thread: run_thread: thread id 862, thread name alarm_default_ca started
06-25 14:28:14.045 666 863 I bt_osi_thread: system/bt/osi/src/thread.cc:209 run_thread: run_thread: thread id 863, thread name alarm_dispatcher started
06-25 14:28:14.045 859 859 I Zygote : seccomp disabled by setenforce 0
06-25 14:28:14.046 666 858 I bt_btif_core: system/bt/btif/src/btif_core.cc:235 btif_init_bluetooth: btif_init_bluetooth entered
06-25 14:28:14.047 358 472 I Codec2InfoBuilder: adding type 'video/mp4v-es'
06-25 14:28:14.047 479 611 E SupplicantStaIfaceHal: Can't call setupIface, ISupplicantStaIface is null for iface=wlan0
06-25 14:28:14.049 379 379 V C2Store : in init
06-25 14:28:14.049 379 379 V C2Store : loading dll
06-25 14:28:14.049 379 420 V C2Store : in ~ComponentModule
06-25 14:28:14.050 379 420 V C2Store : unloading dll
06-25 14:28:14.051 479 611 I android_os_HwBinder: HwBinder: Starting thread pool for getting: android.hardware.wifi.supplicant@1.0::ISupplicant/default
06-25 14:28:14.055 358 472 I Codec2InfoBuilder: adding type 'video/mp4v-es'
06-25 14:28:14.058 832 832 D wpa_supplicant: Override interface parameter: ctrl_interface ('(null)' -> '/data/vendor/wifi/wpa/sockets')
