01-01 08:00:08.864 317 317 I pgrep : type=1400 audit(0.0:189): avc: denied { getattr } for path="/proc/270" dev="proc" ino=7699 scontext=u:r:toolbox:s0 tcontext=u:r:hal_usb_impl:s0 tclass=dir permissive=1
01-01 08:00:08.864 317 317 I pgrep : type=1400 audit(0.0:190): avc: denied { search } for name="270" dev="proc" ino=7699 scontext=u:r:toolbox:s0 tcontext=u:r:hal_usb_impl:s0 tclass=dir permissive=1
01-01 08:00:08.864 317 317 I pgrep : type=1400 audit(0.0:191): avc: denied { open } for path="/proc/270/stat" dev="proc" ino=8699 scontext=u:r:toolbox:s0 tcontext=u:r:hal_usb_impl:s0 tclass=file permissive=1
01-01 08:00:08.864 317 317 I pgrep : type=1400 audit(0.0:192): avc: denied { getattr } for path="/proc/271" dev="proc" ino=2898 scontext=u:r:toolbox:s0 tcontext=u:r:hal_awdisplayoutput_default:s0 tclass=dir permissive=1
01-01 08:00:08.864 317 317 I pgrep : type=1400 audit(0.0:193): avc: denied { search } for name="271" dev="proc" ino=2898 scontext=u:r:toolbox:s0 tcontext=u:r:hal_awdisplayoutput_default:s0 tclass=dir permissive=1
01-01 08:00:08.864 317 317 I pgrep : type=1400 audit(0.0:194): avc: denied { open } for path="/proc/271/stat" dev="proc" ino=8700 scontext=u:r:toolbox:s0 tcontext=u:r:hal_awdisplayoutput_default:s0 tclass=file permissive=1
01-01 08:00:08.864 317 317 I pgrep : type=1400 audit(0.0:195): avc: denied { getattr } for path="/proc/272" dev="proc" ino=7124 scontext=u:r:toolbox:s0 tcontext=u:r:hal_rebootescrow_default:s0 tclass=dir permissive=1
01-01 08:00:08.864 317 317 I pgrep : type=1400 audit(0.0:196): avc: denied { search } for name="272" dev="proc" ino=7124 scontext=u:r:toolbox:s0 tcontext=u:r:hal_rebootescrow_default:s0 tclass=dir permissive=1
01-01 08:00:08.864 317 317 I pgrep : type=1400 audit(0.0:197): avc: denied { open } for path="/proc/272/stat" dev="proc" ino=8701 scontext=u:r:toolbox:s0 tcontext=u:r:hal_rebootescrow_default:s0 tclass=file permissive=1
01-01 08:00:08.864 317 317 I pgrep : type=1400 audit(0.0:198): avc: denied { getattr } for path="/proc/273" dev="proc" ino=7761 scontext=u:r:toolbox:s0 tcontext=u:r:audioserver:s0 tclass=dir permissive=1
01-01 08:00:08.864 317 317 I pgrep : type=1400 audit(0.0:199): avc: denied { search } for name="273" dev="proc" ino=7761 scontext=u:r:toolbox:s0 tcontext=u:r:audioserver:s0 tclass=dir permissive=1
01-01 08:00:08.864 317 317 I pgrep : type=1400 audit(0.0:200): avc: denied { open } for path="/proc/273/stat" dev="proc" ino=8702 scontext=u:r:toolbox:s0 tcontext=u:r:audioserver:s0 tclass=file permissive=1
01-01 08:00:08.864 317 317 I pgrep : type=1400 audit(0.0:201): avc: denied { getattr } for path="/proc/274" dev="proc" ino=7147 scontext=u:r:toolbox:s0 tcontext=u:r:credstore:s0 tclass=dir permissive=1
01-01 08:00:08.864 317 317 I pgrep : type=1400 audit(0.0:202): avc: denied { read } for scontext=u:r:toolbox:s0 tcontext=u:r:credstore:s0 tclass=file permissive=1
01-01 08:00:08.864 317 317 I pgrep : type=1400 audit(0.0:203): avc: denied { search } for name="274" dev="proc" ino=7147 scontext=u:r:toolbox:s0 tcontext=u:r:credstore:s0 tclass=dir permissive=1
01-01 08:00:08.864 317 317 I pgrep : type=1400 audit(0.0:204): avc: denied { open } for path="/proc/274/stat" dev="proc" ino=8703 scontext=u:r:toolbox:s0 tcontext=u:r:credstore:s0 tclass=file permissive=1
01-01 08:00:08.864 317 317 I pgrep : type=1400 audit(0.0:205): avc: denied { getattr } for path="/proc/277" dev="proc" ino=8257 scontext=u:r:toolbox:s0 tcontext=u:r:gpuservice:s0 tclass=dir permissive=1
01-01 08:00:08.868 317 317 I pgrep : type=1400 audit(0.0:206): avc: denied { search } for name="277" dev="proc" ino=8257 scontext=u:r:toolbox:s0 tcontext=u:r:gpuservice:s0 tclass=dir permissive=1
01-01 08:00:08.868 317 317 I pgrep : type=1400 audit(0.0:207): avc: denied { open } for path="/proc/277/stat" dev="proc" ino=8704 scontext=u:r:toolbox:s0 tcontext=u:r:gpuservice:s0 tclass=file permissive=1
01-01 08:00:08.868 317 317 I pgrep : type=1400 audit(0.0:208): avc: denied { getattr } for path="/proc/280" dev="proc" ino=8372 scontext=u:r:toolbox:s0 tcontext=u:r:surfaceflinger:s0 tclass=dir permissive=1
01-01 08:00:08.868 317 317 I pgrep : type=1400 audit(0.0:209): avc: denied { search } for name="280" dev="proc" ino=8372 scontext=u:r:toolbox:s0 tcontext=u:r:surfaceflinger:s0 tclass=dir permissive=1
01-01 08:00:08.868 317 317 I pgrep : type=1400 audit(0.0:210): avc: denied { open } for path="/proc/280/stat" dev="proc" ino=8705 scontext=u:r:toolbox:s0 tcontext=u:r:surfaceflinger:s0 tclass=file permissive=1
01-01 08:00:08.868 317 317 I pgrep : type=1400 audit(0.0:211): avc: denied { getattr } for path="/proc/282" dev="proc" ino=766 scontext=u:r:toolbox:s0 tcontext=u:r:pqd:s0 tclass=dir permissive=1
01-01 08:00:08.868 317 317 I pgrep : type=1400 audit(0.0:212): avc: denied { read } for scontext=u:r:toolbox:s0 tcontext=u:r:pqd:s0 tclass=file permissive=1
01-01 08:00:08.868 317 317 I pgrep : type=1400 audit(0.0:213): avc: denied { search } for name="282" dev="proc" ino=766 scontext=u:r:toolbox:s0 tcontext=u:r:pqd:s0 tclass=dir permissive=1
01-01 08:00:08.868 317 317 I pgrep : type=1400 audit(0.0:214): avc: denied { open } for path="/proc/282/stat" dev="proc" ino=8706 scontext=u:r:toolbox:s0 tcontext=u:r:pqd:s0 tclass=file permissive=1
01-01 08:00:08.868 317 317 I pgrep : type=1400 audit(0.0:215): avc: denied { read } for scontext=u:r:toolbox:s0 tcontext=u:r:init:s0 tclass=file permissive=1
01-01 08:00:08.868 317 317 I pgrep : type=1400 audit(0.0:216): avc: denied { open } for path="/proc/298/stat" dev="proc" ino=8707 scontext=u:r:toolbox:s0 tcontext=u:r:init:s0 tclass=file permissive=1
01-01 08:00:08.876 321 321 I check_xm_hidraw: type=1400 audit(0.0:217): avc: denied { execute_no_trans } for path="/system/bin/xm_hidread" dev="dm-0" ino=1298 scontext=u:r:init:s0 tcontext=u:object_r:system_file:s0 tclass=file permissive=1
01-01 08:00:08.876 316 316 I xiriservice_All: type=1400 audit(0.0:218): avc: denied { search } for name="com.android.internal.systemui.navbar.gestural_extra_wide_back" dev="mmcblk0p25" ino=911 scontext=u:r:init:s0 tcontext=u:object_r:app_data_file:s0:c3,c256,c512,c768 tclass=dir permissive=1
01-01 08:00:08.876 316 316 I xiriservice_All: type=1400 audit(0.0:219): avc: denied { search } for name="com.android.printspooler" dev="mmcblk0p25" ino=935 scontext=u:r:init:s0 tcontext=u:object_r:app_data_file:s0:c41,c256,c512,c768 tclass=dir permissive=1
01-01 08:00:08.876 316 316 I xiriservice_All: type=1400 audit(0.0:220): avc: denied { read } for name="lib" dev="mmcblk0p25" ino=37519 scontext=u:r:init:s0 tcontext=u:object_r:app_data_file:s0:c41,c256,c512,c768 tclass=lnk_file permissive=1
01-01 08:00:08.884 320 320 I led_switch.sh: type=1400 audit(0.0:221): avc: denied { add_name } for name="led_swith.txt" scontext=u:r:init:s0 tcontext=u:object_r:shell_data_file:s0 tclass=dir permissive=1 bug=b/77873135
01-01 08:00:08.884 320 320 I led_switch.sh: type=1400 audit(0.0:222): avc: denied { create } for name="led_swith.txt" scontext=u:r:init:s0 tcontext=u:object_r:shell_data_file:s0 tclass=file permissive=1 bug=b/77873135
01-01 08:00:08.888 316 316 I xiriservice_All: type=1400 audit(0.0:223): avc: denied { search } for name="com.android.dreams.basic" dev="mmcblk0p25" ino=943 scontext=u:r:init:s0 tcontext=u:object_r:app_data_file:s0:c42,c256,c512,c768 tclass=dir permissive=1
01-01 08:00:08.888 316 316 I xiriservice_All: type=1400 audit(0.0:224): avc: denied { search } for name="com.android.webview" dev="mmcblk0p25" ino=951 scontext=u:r:init:s0 tcontext=u:object_r:app_data_file:s0:c60,c256,c512,c768 tclass=dir permissive=1
01-01 08:00:08.892 320 320 I led_switch.sh: type=1400 audit(0.0:225): avc: denied { write } for name="led_swith.txt" dev="mmcblk0p25" ino=221 scontext=u:r:init:s0 tcontext=u:object_r:shell_data_file:s0 tclass=file permissive=1 bug=b/77873135
01-01 08:00:08.892 320 320 I led_switch.sh: type=1400 audit(0.0:226): avc: denied { open } for path="/data/local/tmp/led_swith.txt" dev="mmcblk0p25" ino=221 scontext=u:r:init:s0 tcontext=u:object_r:shell_data_file:s0 tclass=file permissive=1 bug=b/77873135
01-01 08:00:08.896 321 321 D XM_HIDREAD: hidread running 0429 d06.
01-01 08:00:08.896 321 321 D XM_HIDREAD: addr_len_t:26,addr_len:26
01-01 08:00:08.896 321 321 D XM_HIDREAD: server_socket:4
01-01 08:00:08.896 321 321 D XM_HIDREAD: pthread_join listen_thread before
01-01 08:00:08.897 321 324 D XM_HIDREAD: listener_thread has start 4.
01-01 08:00:08.892 321 321 I xm_hidread: type=1400 audit(0.0:227): avc: denied { create } for scontext=u:r:init:s0 tcontext=u:r:init:s0 tclass=netlink_kobject_uevent_socket permissive=1
01-01 08:00:08.897 321 324 D XM_HIDREAD: accept before.
01-01 08:00:08.892 321 321 I xm_hidread: type=1400 audit(0.0:228): avc: denied { setopt } for scontext=u:r:init:s0 tcontext=u:r:init:s0 tclass=netlink_kobject_uevent_socket permissive=1
01-01 08:00:08.892 321 321 I xm_hidread: type=1400 audit(0.0:229): avc: denied { bind } for scontext=u:r:init:s0 tcontext=u:r:init:s0 tclass=netlink_kobject_uevent_socket permissive=1
01-01 08:00:08.897 321 323 D XM_HIDREAD: >> start monitor uevent ...
01-01 08:00:08.896 322 322 I led_switch.sh: type=1400 audit(0.0:230): avc: denied { execute_no_trans } for path="/vendor/bin/toolbox" dev="dm-1" ino=229 scontext=u:r:init:s0 tcontext=u:object_r:vendor_toolbox_exec:s0 tclass=file permissive=1
01-01 08:00:08.896 321 321 I xm_hidread: type=1400 audit(0.0:231): avc: denied { read } for scontext=u:r:init:s0 tcontext=u:r:init:s0 tclass=netlink_kobject_uevent_socket permissive=1
01-01 08:00:08.896 316 316 I xiriservice_All: type=1400 audit(0.0:232): avc: denied { read } for name="lib" dev="mmcblk0p25" ino=37521 scontext=u:r:init:s0 tcontext=u:object_r:app_data_file:s0:c60,c256,c512,c768 tclass=lnk_file permissive=1
01-01 08:00:08.904 316 316 I xiriservice_All: type=1400 audit(0.0:233): avc: denied { search } for name="com.android.tv" dev="mmcblk0p25" ino=967 scontext=u:r:init:s0 tcontext=u:object_r:privapp_data_file:s0:c512,c768 tclass=dir permissive=1
01-01 08:00:08.920 316 316 I xiriservice_All: type=1400 audit(0.0:234): avc: denied { search } for name="com.oranth.inputmacsn" dev="mmcblk0p25" ino=983 scontext=u:r:init:s0 tcontext=u:object_r:system_app_data_file:s0 tclass=dir permissive=1
01-01 08:00:08.924 316 316 I xiriservice_All: type=1400 audit(0.0:235): avc: denied { search } for name="com.android.printservice.recommendation" dev="mmcblk0p25" ino=1023 scontext=u:r:init:s0 tcontext=u:object_r:app_data_file:s0:c33,c256,c512,c768 tclass=dir permissive=1
01-01 08:00:08.924 316 316 I xiriservice_All: type=1400 audit(0.0:236): avc: denied { search } for name="com.google.android.networkstack.tetheringconfig" dev="mmcblk0p25" ino=1031 scontext=u:r:init:s0 tcontext=u:object_r:app_data_file:s0:c0,c256,c512,c768 tclass=dir permissive=1
01-01 08:00:08.932 316 316 I xiriservice_All: type=1400 audit(0.0:237): avc: denied { search } for name="com.android.theme.font.notoserifsource" dev="mmcblk0p25" ino=1060 scontext=u:r:init:s0 tcontext=u:object_r:app_data_file:s0:c9,c256,c512,c768 tclass=dir permissive=1
01-01 08:00:08.932 316 316 I xiriservice_All: type=1400 audit(0.0:238): avc: denied { search } for name="com.android.managedprovisioning" dev="mmcblk0p25" ino=1068 scontext=u:r:init:s0 tcontext=u:object_r:app_data_file:s0:c512,c768 tclass=dir permissive=1
01-01 08:00:08.940 316 316 I xiriservice_All: type=1400 audit(0.0:239): avc: denied { search } for name="com.android.smspush" dev="mmcblk0p25" ino=1121 scontext=u:r:init:s0 tcontext=u:object_r:app_data_file:s0:c69,c256,c512,c768 tclass=dir permissive=1
01-01 08:00:08.952 316 316 I xiriservice_All: type=1400 audit(0.0:240): avc: denied { search } for name="com.tv.filemanager.os" dev="mmcblk0p25" ino=1137 scontext=u:r:init:s0 tcontext=u:object_r:app_data_file:s0:c49,c256,c512,c768 tclass=dir permissive=1
01-01 08:00:08.952 316 316 I xiriservice_All: type=1400 audit(0.0:241): avc: denied { search } for name="com.android.bookmarkprovider" dev="mmcblk0p25" ino=1161 scontext=u:r:init:s0 tcontext=u:object_r:app_data_file:s0:c45,c256,c512,c768 tclass=dir permissive=1
01-01 08:00:08.956 316 316 I xiriservice_All: type=1400 audit(0.0:242): avc: denied { search } for name="com.android.cts.ctsshim" dev="mmcblk0p25" ino=1177 scontext=u:r:init:s0 tcontext=u:object_r:app_data_file:s0:c43,c256,c512,c768 tclass=dir permissive=1
01-01 08:00:08.956 316 316 I xiriservice_All: type=1400 audit(0.0:243): avc: denied { search } for name="com.dangbei.lerad.screensaver" dev="mmcblk0p25" ino=1185 scontext=u:r:init:s0 tcontext=u:object_r:app_data_file:s0:c51,c256,c512,c768 tclass=dir permissive=1
01-01 08:00:08.956 316 316 I xiriservice_All: type=1400 audit(0.0:244): avc: denied { read } for name="lib" dev="mmcblk0p25" ino=37537 scontext=u:r:init:s0 tcontext=u:object_r:app_data_file:s0:c51,c256,c512,c768 tclass=lnk_file permissive=1
01-01 08:00:08.956 316 316 I xiriservice_All: type=1400 audit(0.0:245): avc: denied { search } for name="com.android.remoteprovisioner" dev="mmcblk0p25" ino=1193 scontext=u:r:init:s0 tcontext=u:object_r:app_data_file:s0:c61,c256,c512,c768 tclass=dir permissive=1
01-01 08:00:08.960 316 316 I xiriservice_All: type=1400 audit(0.0:246): avc: denied { search } for name="com.softwinner.theme.icon" dev="mmcblk0p25" ino=1201 scontext=u:r:init:s0 tcontext=u:object_r:app_data_file:s0:c10,c256,c512,c768 tclass=dir permissive=1
01-01 08:00:08.960 316 316 I xiriservice_All: type=1400 audit(0.0:247): avc: denied { search } for name="com.android.music" dev="mmcblk0p25" ino=1225 scontext=u:r:init:s0 tcontext=u:object_r:app_data_file:s0:c52,c256,c512,c768 tclass=dir permissive=1
01-01 08:00:08.960 316 316 I xiriservice_All: type=1400 audit(0.0:248): avc: denied { search } for name="com.android.providers.media.module" dev="mmcblk0p25" ino=1257 scontext=u:r:init:s0 tcontext=u:object_r:privapp_data_file:s0:c74,c256,c512,c768 tclass=dir permissive=1
01-01 08:00:08.960 316 316 I xiriservice_All: type=1400 audit(0.0:249): avc: denied { read } for name="lib" dev="mmcblk0p25" ino=37539 scontext=u:r:init:s0 tcontext=u:object_r:privapp_data_file:s0:c74,c256,c512,c768 tclass=lnk_file permissive=1
01-01 08:00:08.964 316 316 I xiriservice_All: type=1400 audit(0.0:250): avc: denied { search } for name="com.softwinner.theme.color" dev="mmcblk0p25" ino=1265 scontext=u:r:init:s0 tcontext=u:object_r:app_data_file:s0:c11,c256,c512,c768 tclass=dir permissive=1
01-01 08:00:08.964 316 316 I xiriservice_All: type=1400 audit(0.0:251): avc: denied { search } for name="com.android.hotspot2.osulogin" dev="mmcblk0p25" ino=1281 scontext=u:r:init:s0 tcontext=u:object_r:app_data_file:s0:c71,c256,c512,c768 tclass=dir permissive=1
01-01 08:00:08.964 316 316 I xiriservice_All: type=1400 audit(0.0:252): avc: denied { search } for name="com.android.internal.systemui.navbar.gestural" dev="mmcblk0p25" ino=1289 scontext=u:r:init:s0 tcontext=u:object_r:app_data_file:s0:c1,c256,c512,c768 tclass=dir permissive=1
01-01 08:00:08.964 316 316 I xiriservice_All: type=1400 audit(0.0:253): avc: denied { read } for name="lib" dev="mmcblk0p25" ino=37543 scontext=u:r:init:s0 tcontext=u:object_r:system_app_data_file:s0 tclass=lnk_file permissive=1
01-01 08:00:08.968 249 249 D AndroidRuntime: >>>>>> START com.android.internal.os.ZygoteInit uid 0 <<<<<<
01-01 08:00:08.968 316 316 I xiriservice_All: type=1400 audit(0.0:254): avc: denied { search } for name="com.android.bluetoothmidiservice" dev="mmcblk0p25" ino=1305 scontext=u:r:init:s0 tcontext=u:object_r:app_data_file:s0:c44,c256,c512,c768 tclass=dir permissive=1
01-01 08:00:08.968 326 326 I rainbow_flow: type=1400 audit(0.0:255): avc: denied { write } for name="spidev1.0" dev="tmpfs" ino=7243 scontext=u:r:init:s0 tcontext=u:object_r:device:s0 tclass=chr_file permissive=1
01-01 08:00:08.968 326 326 I rainbow_flow: type=1400 audit(0.0:256): avc: denied { open } for path="/dev/spidev1.0" dev="tmpfs" ino=7243 scontext=u:r:init:s0 tcontext=u:object_r:device:s0 tclass=chr_file permissive=1
01-01 08:00:08.968 326 326 I rainbow_flow: type=1400 audit(0.0:257): avc: denied { ioctl } for path="/dev/spidev1.0" dev="tmpfs" ino=7243 ioctlcmd=0x6b01 scontext=u:r:init:s0 tcontext=u:object_r:device:s0 tclass=chr_file permissive=1
01-01 08:00:08.968 316 316 I xiriservice_All: type=1400 audit(0.0:258): avc: denied { search } for name="com.android.traceur" dev="mmcblk0p25" ino=1329 scontext=u:r:init:s0 tcontext=u:object_r:app_data_file:s0:c31,c256,c512,c768 tclass=dir permissive=1
01-01 08:00:08.968 316 316 I xiriservice_All: type=1400 audit(0.0:259): avc: denied { read } for name="lib" dev="mmcblk0p25" ino=37546 scontext=u:r:init:s0 tcontext=u:object_r:bluetooth_data_file:s0 tclass=lnk_file permissive=1
01-01 08:00:08.976 316 316 I xiriservice_All: type=1400 audit(0.0:260): avc: denied { search } for name="com.android.captiveportallogin" dev="mmcblk0p25" ino=1353 scontext=u:r:init:s0 tcontext=u:object_r:app_data_file:s0:c54,c256,c512,c768 tclass=dir permissive=1
01-01 08:00:08.976 316 316 I xiriservice_All: type=1400 audit(0.0:261): avc: denied { search } for name="com.android.internal.systemui.navbar.gestural_narrow_back" dev="mmcblk0p25" ino=1361 scontext=u:r:init:s0 tcontext=u:object_r:app_data_file:s0:c2,c256,c512,c768 tclass=dir permissive=1
01-01 08:00:08.980 316 316 I xiriservice_All: type=1400 audit(0.0:262): avc: denied { read } for name="lib" dev="mmcblk0p25" ino=37512 scontext=u:r:init:s0 tcontext=u:object_r:app_data_file:s0:c512,c768 tclass=lnk_file permissive=1
01-01 08:00:09.000 280 280 E cutils-trace: Error opening trace file: No such file or directory (2)
01-01 08:00:09.000 316 316 I xiriservice_All: type=1400 audit(0.0:263): avc: denied { search } for name="com.tencent.start.tv" dev="mmcblk0p25" ino=34196 scontext=u:r:init:s0 tcontext=u:object_r:app_data_file:s0:c84,c256,c512,c768 tclass=dir permissive=1
01-01 08:00:09.004 185 185 I hwservicemanager: getTransport: Cannot find entry android.hardware.configstore@1.0::ISurfaceFlingerConfigs/default in either framework or device VINTF manifest.
01-01 08:00:09.004 316 316 I xiriservice_All: type=1400 audit(0.0:264): avc: denied { read } for name="lib" dev="mmcblk0p25" ino=37505 scontext=u:r:init:s0 tcontext=u:object_r:app_data_file:s0:c84,c256,c512,c768 tclass=lnk_file permissive=1
01-01 08:00:09.012 316 316 I xiriservice_All: type=1400 audit(0.0:265): avc: denied { search } for name="android.auto_generated_rro_vendor__" dev="mmcblk0p25" ino=1369 scontext=u:r:init:s0 tcontext=u:object_r:app_data_file:s0:c12,c256,c512,c768 tclass=dir permissive=1
01-01 08:00:09.012 316 316 I xiriservice_All: type=1400 audit(0.0:266): avc: denied { search } for name="com.dangbei.hqmedia" dev="mmcblk0p25" ino=3095 scontext=u:r:init:s0 tcontext=u:object_r:app_data_file:s0:c76,c256,c512,c768 tclass=dir permissive=1
01-01 08:00:09.016 316 316 I xiriservice_All: type=1400 audit(0.0:267): avc: denied { read } for name="lib" dev="mmcblk0p25" ino=37526 scontext=u:r:init:s0 tcontext=u:object_r:app_data_file:s0:c76,c256,c512,c768 tclass=lnk_file permissive=1
01-01 08:00:09.018 280 280 I SurfaceFlinger: Using HWComposer service: default
01-01 08:00:09.018 280 280 I SurfaceFlinger: SurfaceFlinger is starting
01-01 08:00:09.019 327 327 I bootstat: Service started: /system/bin/bootstat --set_system_boot_reason
01-01 08:00:09.019 185 185 I hwservicemanager: getTransport: Cannot find entry android.hardware.configstore@1.1::ISurfaceFlingerConfigs/default in either framework or device VINTF manifest.
01-01 08:00:09.022 280 280 I SurfaceFlinger: Disabling blur effects, they are not supported.
01-01 08:00:09.025 327 327 I bootstat: Canonical boot reason: reboot
01-01 08:00:09.025 327 327 I bootstat: Canonical boot reason: reboot
01-01 08:00:09.026 256 256 I ExtCamUtils@3.4: loadFromCfg: load external camera config succeed!
01-01 08:00:09.026 256 256 I ExtCamUtils@3.4: loadFromCfg: no internal ignored device specified
01-01 08:00:09.027 256 256 V CamPrvdr@2.4-external: Preferred HAL 3 minor version is 4
01-01 08:00:09.029 256 256 I HidlServiceManagement: Registered android.hardware.camera.provider@2.4::ICameraProvider/external/0
01-01 08:00:09.029 256 256 I HidlServiceManagement: Removing namespace from process name android.hardware.camera.provider@2.4-external-service to provider@2.4-external-service.
01-01 08:00:09.030 256 256 I LegacySupport: Registration complete for android.hardware.camera.provider@2.4::ICameraProvider/external/0.
01-01 08:00:09.031 280 280 I SurfaceFlinger: SurfaceFlinger's main thread ready to run. Initializing graphics H/W...
01-01 08:00:09.031 280 280 D RenderEngine: RenderEngine with GLES Backend
01-01 08:00:09.033 256 331 I CamPrvdr@2.4-external: threadLoop start monitoring new V4L2 devices
01-01 08:00:09.036 316 316 I xiriservice_All: type=1400 audit(0.0:268): avc: denied { search } for name="com.dangbeimarket" dev="mmcblk0p25" ino=32681 scontext=u:r:init:s0 tcontext=u:object_r:app_data_file:s0:c77,c256,c512,c768 tclass=dir permissive=1
01-01 08:00:09.036 316 316 I xiriservice_All: type=1400 audit(0.0:269): avc: denied { read } for name="lib" dev="mmcblk0p25" ino=37541 scontext=u:r:init:s0 tcontext=u:object_r:app_data_file:s0:c77,c256,c512,c768 tclass=lnk_file permissive=1
01-01 08:00:09.048 316 316 I xiriservice_All: type=1400 audit(0.0:270): avc: denied { search } for name="com.starcor.mango" dev="mmcblk0p25" ino=33241 scontext=u:r:init:s0 tcontext=u:object_r:app_data_file:s0:c78,c256,c512,c768 tclass=dir permissive=1
01-01 08:00:09.048 316 316 I xiriservice_All: type=1400 audit(0.0:271): avc: denied { read } for name="lib" dev="mmcblk0p25" ino=37520 scontext=u:r:init:s0 tcontext=u:object_r:app_data_file:s0:c78,c256,c512,c768 tclass=lnk_file permissive=1
01-01 08:00:09.057 249 249 I AndroidRuntime: Using default boot image
01-01 08:00:09.057 249 249 I AndroidRuntime: Leaving lock profiling enabled
01-01 08:00:09.064 1 1 W FAT-fs (mmcblk0p24): Volume was not properly unmounted. Some data may be corrupt. Please run fsck.
01-01 08:00:09.063 327 327 E bootstat: Failed to read /metadata/bootstat/persist.sys.boot.reason: No such file or directory
01-01 08:00:09.063 327 327 I bootstat: Value of persist.sys.boot.reason :
01-01 08:00:09.063 327 327 I bootstat: Normalized last reboot reason : reboot
01-01 08:00:09.065 273 273 I FastMixerState: sMaxFastTracks = 8
01-01 08:00:09.070 249 249 E cutils-trace: Error opening trace file: No such file or directory (2)
01-01 08:00:09.072 316 316 I xiriservice_All: type=1400 audit(0.0:272): avc: denied { search } for name="com.tencent.karaoketv" dev="mmcblk0p25" ino=34033 scontext=u:r:init:s0 tcontext=u:object_r:app_data_file:s0:c83,c256,c512,c768 tclass=dir permissive=1
01-01 08:00:09.072 316 316 I xiriservice_All: type=1400 audit(0.0:273): avc: denied { read } for name="lib" dev="mmcblk0p25" ino=37525 scontext=u:r:init:s0 tcontext=u:object_r:app_data_file:s0:c83,c256,c512,c768 tclass=lnk_file permissive=1
01-01 08:00:09.075 249 249 I zygote : option[0]=-Xzygote
01-01 08:00:09.076 249 249 I zygote : option[1]=-Xdeny-art-apex-data-files
01-01 08:00:09.076 249 249 I zygote : option[2]=exit
01-01 08:00:09.076 249 249 I zygote : option[3]=vfprintf
01-01 08:00:09.076 249 249 I zygote : option[4]=sensitiveThread
01-01 08:00:09.076 249 249 I zygote : option[5]=-verbose:gc
01-01 08:00:09.076 249 249 I zygote : option[6]=-XX:PerfettoHprof=true
01-01 08:00:09.076 249 249 I zygote : option[7]=-XX:PerfettoJavaHeapStackProf=true
01-01 08:00:09.076 249 249 I zygote : option[8]=-Xprimaryzygote
01-01 08:00:09.076 249 249 I zygote : option[9]=-Xms5m
01-01 08:00:09.076 249 249 I zygote : option[10]=-Xmx512m
01-01 08:00:09.076 249 249 I zygote : option[11]=-XX:HeapGrowthLimit=256m
01-01 08:00:09.076 249 249 I zygote : option[12]=-XX:HeapMinFree=512k
01-01 08:00:09.076 249 249 I zygote : option[13]=-XX:HeapMaxFree=8m
01-01 08:00:09.076 249 249 I zygote : option[14]=-XX:HeapTargetUtilization=0.75
01-01 08:00:09.076 249 249 I zygote : option[15]=-Xusejit:true
01-01 08:00:09.076 249 249 I zygote : option[16]=-Xjitsaveprofilinginfo
01-01 08:00:09.076 249 249 I zygote : option[17]=-XMadviseWillNeedVdexFileSize:104857600
01-01 08:00:09.076 249 249 I zygote : option[18]=-XMadviseWillNeedOdexFileSize:104857600
01-01 08:00:09.076 249 249 I zygote : option[19]=-XMadviseWillNeedArtFileSize:4294967295
01-01 08:00:09.076 249 249 I zygote : option[20]=-XjdwpOptions:suspend=n,server=y
01-01 08:00:09.076 249 249 I zygote : option[21]=-XjdwpProvider:default
01-01 08:00:09.076 249 249 I zygote : option[22]=-Xopaque-jni-ids:swapable
01-01 08:00:09.076 249 249 I zygote : option[23]=-Xcompiler-option
01-01 08:00:09.076 249 249 I zygote : option[24]=--instruction-set-variant=cortex-a7
01-01 08:00:09.076 249 249 I zygote : option[25]=-Xcompiler-option
01-01 08:00:09.076 249 249 I zygote : option[26]=--instruction-set-features=default
01-01 08:00:09.076 249 249 I zygote : option[27]=-Xcompiler-option
01-01 08:00:09.076 249 249 I zygote : option[28]=--generate-mini-debug-info
01-01 08:00:09.076 249 249 I zygote : option[29]=-Ximage-compiler-option
01-01 08:00:09.076 249 249 I zygote : option[30]=--runtime-arg
01-01 08:00:09.076 249 249 I zygote : option[31]=-Ximage-compiler-option
01-01 08:00:09.076 249 249 I zygote : option[32]=-Xms64m
01-01 08:00:09.076 249 249 I zygote : option[33]=-Ximage-compiler-option
01-01 08:00:09.076 249 249 I zygote : option[34]=--runtime-arg
01-01 08:00:09.076 249 249 I zygote : option[35]=-Ximage-compiler-option
01-01 08:00:09.076 249 249 I zygote : option[36]=-Xmx64m
01-01 08:00:09.076 249 249 I zygote : option[37]=-Ximage-compiler-option
01-01 08:00:09.076 249 249 I zygote : option[38]=--dirty-image-objects=/system/etc/dirty-image-objects
01-01 08:00:09.076 249 249 I zygote : option[39]=-Ximage-compiler-option
01-01 08:00:09.076 249 249 I zygote : option[40]=--instruction-set-variant=cortex-a7
01-01 08:00:09.076 249 249 I zygote : option[41]=-Ximage-compiler-option
01-01 08:00:09.076 249 249 I zygote : option[42]=--instruction-set-features=default
01-01 08:00:09.076 249 249 I zygote : option[43]=-Ximage-compiler-option
01-01 08:00:09.076 249 249 I zygote : option[44]=--generate-mini-debug-info
01-01 08:00:09.076 249 249 I zygote : option[45]=-Duser.locale=zh-CN
01-01 08:00:09.077 249 249 I zygote : option[46]=--cpu-abilist=armeabi-v7a,armeabi
01-01 08:00:09.077 249 249 I zygote : option[47]=-Xfingerprint:Dangbei/raven/raven:12/SP1A.211105.004/20250625.113549:user/release-keys
01-01 08:00:09.079 273 273 V MediaUtils: physMem: 2055442432
01-01 08:00:09.079 273 273 V MediaUtils: requested limit: 411088480
01-01 08:00:09.079 273 273 I libc : malloc_limit: Allocation limit enabled, max size 411088480 bytes
01-01 08:00:09.080 273 273 I audioserver: ServiceManager: 0xefdf0420
01-01 08:00:09.081 273 273 W BatteryNotifier: batterystats service unavailable!
01-01 08:00:09.081 273 273 E cutils-trace: Error opening trace file: No such file or directory (2)
01-01 08:00:09.094 327 327 E bootstat: Failed to unlink /metadata/bootstat/persist.sys.boot.reason: No such file or directory
01-01 08:00:09.096 316 316 I xiriservice_All: type=1400 audit(0.0:274): avc: denied { search } for name="com.hongen.app.word.ott" dev="mmcblk0p25" ino=34509 scontext=u:r:init:s0 tcontext=u:object_r:app_data_file:s0:c86,c256,c512,c768 tclass=dir permissive=1
01-01 08:00:09.096 316 316 I xiriservice_All: type=1400 audit(0.0:275): avc: denied { read } for name="lib" dev="mmcblk0p25" ino=37533 scontext=u:r:init:s0 tcontext=u:object_r:app_data_file:s0:c86,c256,c512,c768 tclass=lnk_file permissive=1
01-01 08:00:09.104 249 249 W zygote : ART APEX data files are untrusted.
01-01 08:00:09.105 249 249 W zygote : Could not reserve sentinel fault page
01-01 08:00:09.108 326 326 I rainbow_flow: type=1400 audit(0.0:276): avc: denied { ioctl } for path="/dev/spidev1.0" dev="tmpfs" ino=7243 ioctlcmd=0x6b00 scontext=u:r:init:s0 tcontext=u:object_r:device:s0 tclass=chr_file permissive=1
01-01 08:00:09.144 339 339 I preloaddata: type=1400 audit(0.0:277): avc: denied { write search } for name="tmp" dev="mmcblk0p25" ino=85 scontext=u:r:toolbox:s0 tcontext=u:object_r:shell_data_file:s0 tclass=dir permissive=1
01-01 08:00:09.144 339 339 I preloaddata: type=1400 audit(0.0:278): avc: denied { getattr } for path="/data/local/tmp" dev="mmcblk0p25" ino=85 scontext=u:r:toolbox:s0 tcontext=u:object_r:shell_data_file:s0 tclass=dir permissive=1
01-01 08:00:09.151 337 337 I perfetto: probes.cc:84 Starting /system/bin/traced_probes service
01-01 08:00:09.153 338 338 W perfetto: service.cc:207 Started traced, listening on /dev/socket/traced_producer /dev/socket/traced_consumer
01-01 08:00:09.154 337 341 I perfetto: _activity_trigger.cc:71 mm_events ftrace instance not found. Triggering of traces on memory pressure will not be available on this device.
01-01 08:00:09.158 337 337 I perfetto: probes_producer.cc:112 Connected to the service
01-01 08:00:09.168 316 316 D XiriService: read SYSTEM APP lib
01-01 08:00:09.169 343 343 D DONGLE_SERVICE: ble_rc_service version is 2.0.26601
01-01 08:00:09.170 343 343 D DONGLE_SERVICE: init command center ...
01-01 08:00:09.170 343 343 D DONGLE_SERVICE: trying to scan for smart ctrl hidraw...
01-01 08:00:09.170 343 343 D DONGLE_SERVICE: command center, start working...
01-01 08:00:09.171 343 344 D DONGLE_SERVICE: >> start monitor uevent ...
01-01 08:00:09.168 343 343 I xiriservice_All: type=1400 audit(0.0:279): avc: denied { create } for scontext=u:r:init:s0 tcontext=u:r:init:s0 tclass=netlink_kobject_uevent_socket permissive=1
01-01 08:00:09.168 343 343 I xiriservice_All: type=1400 audit(0.0:280): avc: denied { setopt } for scontext=u:r:init:s0 tcontext=u:r:init:s0 tclass=netlink_kobject_uevent_socket permissive=1
01-01 08:00:09.168 343 343 I xiriservice_All: type=1400 audit(0.0:281): avc: denied { bind } for scontext=u:r:init:s0 tcontext=u:r:init:s0 tclass=netlink_kobject_uevent_socket permissive=1
01-01 08:00:09.168 343 343 I xiriservice_All: type=1400 audit(0.0:282): avc: denied { read } for scontext=u:r:init:s0 tcontext=u:r:init:s0 tclass=netlink_kobject_uevent_socket permissive=1
01-01 08:00:09.186 321 323 D XM_HIDREAD: add@ add@/devices/platform/uwe_bsp.0
01-01 08:00:09.184 269 269 I EventThread: type=1400 audit(0.0:283): avc: denied { search } for name="extcon" dev="sysfs" ino=18109 scontext=u:r:hal_tv_cec_default:s0 tcontext=u:object_r:sysfs_extcon:s0 tclass=dir permissive=1
01-01 08:00:09.184 269 269 I EventThread: type=1400 audit(0.0:284): avc: denied { read } for name="u:object_r:default_prop:s0" dev="tmpfs" ino=3842 scontext=u:r:hal_tv_cec_default:s0 tcontext=u:object_r:default_prop:s0 tclass=file permissive=1
01-01 08:00:09.184 269 269 I EventThread: type=1400 audit(0.0:285): avc: denied { open } for path="/dev/__properties__/u:object_r:default_prop:s0" dev="tmpfs" ino=3842 scontext=u:r:hal_tv_cec_default:s0 tcontext=u:object_r:default_prop:s0 tclass=file permissive=1
01-01 08:00:09.187 321 323 D XM_HIDREAD: add@ add@/devices/platform/uwe_bsp.0/wakeup/wakeup8
01-01 08:00:09.184 269 269 I EventThread: type=1400 audit(0.0:286): avc: denied { getattr } for path="/dev/__properties__/u:object_r:default_prop:s0" dev="tmpfs" ino=3842 scontext=u:r:hal_tv_cec_default:s0 tcontext=u:object_r:default_prop:s0 tclass=file permissive=1
01-01 08:00:09.184 269 269 I EventThread: type=1400 audit(0.0:287): avc: denied { map } for path="/dev/__properties__/u:object_r:default_prop:s0" dev="tmpfs" ino=3842 scontext=u:r:hal_tv_cec_default:s0 tcontext=u:object_r:default_prop:s0 tclass=file permissive=1
01-01 08:00:09.192 168 168 I WCN : marlin_init entry!
01-01 08:00:09.192 168 168 I WCN : unisoc wcn driver version: W25.26.3, build time: Jun 25 2025 10:19:59 (UTC)
01-01 08:00:09.193 168 168 I WCN : wcn config keep power on
01-01 08:00:09.193 168 168 I WCN : wcn config bt wake host
01-01 08:00:09.193 168 168 I WCN : marlin_registsr_bt_wake bt_hostwake gpio=208 intnum=237
01-01 08:00:09.193 168 168 I sdiohal : sdiohal_parse_dt adma_tx:1, adma_rx:1, pwrseq:0, irq type:data, gpio_num:0, blksize:840
01-01 08:00:09.199 321 323 D XM_HIDREAD: add@ add@/class/slog_wcn
01-01 08:00:09.199 321 323 D XM_HIDREAD: add@ add@/devices/virtual/slog_wcn/slog_wcn0
01-01 08:00:09.200 321 323 D XM_HIDREAD: add@ add@/devices/virtual/slog_wcn/slog_wcn1
01-01 08:00:09.200 321 323 D XM_HIDREAD: add@ add@/devices/virtual/misc/wcn_op
01-01 08:00:09.200 321 323 D XM_HIDREAD: add@ add@/bus/platform/drivers/uwe_bsp
01-01 08:00:09.201 321 323 D XM_HIDREAD: add@ add@/module/uwe5621_bsp_sdio
01-01 08:00:09.196 168 168 E sdiohal err: sdio, BITS =64, PageSize =4096, order=6, 3
01-01 08:00:09.205 168 168 I sdiohal : sdiohal_init ok
01-01 08:00:09.206 168 168 I WCN : marlin_probe ok!
01-01 08:00:09.218 273 273 I ServiceManager: Waiting for service 'media.metrics' on '/dev/binder'...
01-01 08:00:09.226 321 323 D XM_HIDREAD: add@ add@/devices/platform/mtty.0
01-01 08:00:09.228 321 323 D XM_HIDREAD: add@ add@/devices/virtual/tty/ttyBT0
01-01 08:00:09.227 168 168 E : uwe5621_bt_tty_init
01-01 08:00:09.234 168 168 E : mtty_probe unisoc soc, continue
01-01 08:00:09.234 168 168 I : mtty_probe init device addr: 0x00000000c468ab4a
01-01 08:00:09.224 316 316 I xiriservice_All: type=1400 audit(0.0:288): avc: denied { watch } for path="/data/data" dev="mmcblk0p25" ino=87 scontext=u:r:init:s0 tcontext=u:object_r:system_data_file:s0:c512,c768 tclass=dir permissive=1
01-01 08:00:09.240 168 168 E : rfkill_bluetooth_init
01-01 08:00:09.238 321 323 D XM_HIDREAD: add@ add@/devices/platform/mtty.0/rfkill/rfkill1
01-01 08:00:09.245 168 168 E : rfkill_bluetooth_init end
01-01 08:00:09.249 168 168 E : marlin_sdio_init
01-01 08:00:09.248 321 323 D XM_HIDREAD: add@ add@/bus/platform/drivers/mtty
01-01 08:00:09.248 321 323 D XM_HIDREAD: add@ add@/module/sprdbt_tty
01-01 08:00:09.282 280 280 D libEGL : loaded /vendor/lib/egl/libGLES_mali.so
01-01 08:00:09.356 1 1 I init : type=1400 audit(0.0:289): avc: denied { read } for name="ext_csd" dev="debugfs" ino=6108 scontext=u:r:init:s0 tcontext=u:object_r:debugfs_mmc:s0 tclass=file permissive=1
01-01 08:00:09.360 1 1 I init : type=1400 audit(0.0:290): avc: denied { open } for path="/sys/kernel/debug/mmc0/mmc0:0001/ext_csd" dev="debugfs" ino=6108 scontext=u:r:init:s0 tcontext=u:object_r:debugfs_mmc:s0 tclass=file permissive=1
01-01 08:00:09.384 354 354 I installd: installd firing up
01-01 08:00:09.440 326 326 I rainbow_flow: type=1400 audit(0.0:291): avc: denied { ioctl } for path="/dev/spidev1.0" dev="tmpfs" ino=7243 ioctlcmd=0x6b00 scontext=u:r:init:s0 tcontext=u:object_r:device:s0 tclass=chr_file permissive=1
01-01 08:00:09.496 361 361 I storaged: type=1400 audit(0.0:292): avc: denied { read } for path="/sys/kernel/debug/mmc0/mmc0:0001/ext_csd" dev="debugfs" ino=6108 scontext=u:r:storaged:s0 tcontext=u:object_r:debugfs_mmc:s0 tclass=file permissive=1
01-01 08:00:09.498 367 367 D dom2reg : timezone change, new: Etc/GMT-8, pre:
01-01 08:00:09.500 367 367 W dom2reg : timezone [Etc/GMT-8] not in default tables, please check!
01-01 08:00:09.529 280 280 I RenderEngine: Realtime priority unsupported, degrading gracefully to high priority
01-01 08:00:09.586 365 365 I wificond: wificond is starting up...
01-01 08:00:09.598 365 365 E cutils-trace: Error opening trace file: No such file or directory (2)
01-01 08:00:09.603 376 376 D WifiHWInfo: Start to load wireless module hardware info table...
01-01 08:00:09.611 376 376 D WifiHWInfo: Entry [01], BUS: SDIO, ID: 0x024C8179, Name: rtl8189es.
01-01 08:00:09.611 365 365 I HidlServiceManagement: Registered android.system.wifi.keystore@1.0::IKeystore/default
01-01 08:00:09.611 376 376 D WifiHWInfo: Entry [02], BUS: SDIO, ID: 0x024CB723, Name: rtl8723bs_vq0.
01-01 08:00:09.611 376 376 D WifiHWInfo: Entry [03], BUS: SDIO, ID: 0x024CB703, Name: rtl8723cs.
01-01 08:00:09.611 376 376 D WifiHWInfo: Entry [04], BUS: SDIO, ID: 0x024CD723, Name: rtl8723ds.
01-01 08:00:09.611 376 376 D WifiHWInfo: Entry [05], BUS: SDIO, ID: 0x024CF179, Name: rtl8189fs.
01-01 08:00:09.611 376 376 D WifiHWInfo: Entry [06], BUS: SDIO, ID: 0x024CB822, Name: rtl88x2bs.
01-01 08:00:09.611 376 376 D WifiHWInfo: Entry [07], BUS: USB, ID: 0x0BDAD723, Name: rtl8723du.
01-01 08:00:09.611 376 376 D WifiHWInfo: Entry [08], BUS: USB, ID: 0x0BDA8179, Name: rtl8188etv.
01-01 08:00:09.611 376 376 D WifiHWInfo: Entry [09], BUS: USB, ID: 0x0BDA0179, Name: rtl8188eu.
01-01 08:00:09.611 376 376 D WifiHWInfo: Entry [10], BUS: USB, ID: 0x0BDA818B, Name: rtl8192eu.
01-01 08:00:09.611 376 376 D WifiHWInfo: Entry [11], BUS: USB, ID: 0x0BDAB720, Name: rtl8723bu.
01-01 08:00:09.611 376 376 D WifiHWInfo: Entry [12], BUS: USB, ID: 0x0BDAC82C, Name: rtl8822cu.
01-01 08:00:09.611 376 376 D WifiHWInfo: Entry [13], BUS: USB, ID: 0x0BDAF179, Name: rtl8188fu.
01-01 08:00:09.611 376 376 D WifiHWInfo: Entry [14], BUS: SDIO, ID: 0x02D0A9A6, Name: ap6212.
01-01 08:00:09.611 376 376 D WifiHWInfo: Entry [15], BUS: SDIO, ID: 0x02D04330, Name: ap6330.
01-01 08:00:09.611 376 376 D WifiHWInfo: Entry [16], BUS: SDIO, ID: 0x02D04356, Name: ap6356s.
01-01 08:00:09.611 376 376 D WifiHWInfo: Entry [17], BUS: SDIO, ID: 0x02D0A9BF, Name: ap6255.
01-01 08:00:09.612 376 376 D WifiHWInfo: Entry [18], BUS: SDIO, ID: 0x02D04334, Name: bcm43342.
01-01 08:00:09.612 376 376 D WifiHWInfo: Entry [19], BUS: SDIO, ID: 0x00202281, Name: xr819.
01-01 08:00:09.612 376 376 D WifiHWInfo: Entry [20], BUS: SDIO, ID: 0x0A9E2282, Name: xr829.
01-01 08:00:09.612 376 376 D WifiHWInfo: Entry [21], BUS: SDIO, ID: 0x0271050A, Name: qca6174a.
01-01 08:00:09.612 376 376 D WifiHWInfo: Entry [22], BUS: SDIO, ID: 0x30303030, Name: ssv6x5x.
01-01 08:00:09.612 376 376 D WifiHWInfo: Entry [23], BUS: SDIO, ID: 0x00000000, Name: uwe5621.
01-01 08:00:09.612 376 376 D WifiHWInfo: Entry [24], BUS: SDIO, ID: 0x54490145, Name: aic8800.
01-01 08:00:09.612 376 376 D WifiHWInfo: Entry [25], BUS: SDIO, ID: 0xC8A1C08D, Name: aic8800.
01-01 08:00:09.612 376 376 D WifiHWInfo: Entry [26], BUS: USB, ID: 0xA69C8800, Name: aic8800.
01-01 08:00:09.612 376 376 D WifiHWInfo: Entry [27], BUS: USB, ID: 0x007A8888, Name: atbm6023is.
01-01 08:00:09.612 376 376 D WifiHWInfo: Entry [28], BUS: SDIO, ID: 0x02E79086, Name: 9012p.
01-01 08:00:09.612 376 376 D WifiHWInfo: Entry [29], BUS: SDIO, ID: 0x007A6011, Name: atbm613x_wifi_sdio.
01-01 08:00:09.612 376 376 D WifiHWInfo: Entry [30], BUS: SDIO, ID: 0x024CC822, Name: 88x2cs.
01-01 08:00:09.612 376 376 D WifiHWInfo: Entry [31], BUS: SDIO, ID: 0x000018F0, Name: dummy.
01-01 08:00:09.612 376 376 D HWINFO : ********** Wireless information **********
01-01 08:00:09.612 376 376 D HWINFO : module vendor: sprd
01-01 08:00:09.612 376 376 D HWINFO : module name : uwe5621
01-01 08:00:09.612 376 376 D HWINFO : wifi hal name: libwifi-hal-sprd.so
01-01 08:00:09.612 376 376 D HWINFO : libbt-vendor : libbt-sprd.so
01-01 08:00:09.612 376 376 D HWINFO : is bt support: 1
01-01 08:00:09.612 376 376 D HWINFO : ******************************************
01-01 08:00:09.628 185 185 I hwservicemanager: getTransport: Cannot find entry android.hardware.graphics.mapper@4.0::IMapper/default in either framework or device VINTF manifest.
01-01 08:00:09.628 280 280 I Gralloc4: mapper 4.x is not supported
01-01 08:00:09.631 185 185 I hwservicemanager: getTransport: Cannot find entry android.hardware.graphics.mapper@3.0::IMapper/default in either framework or device VINTF manifest.
01-01 08:00:09.639 280 280 W Gralloc3: mapper 3.x is not supported
01-01 08:00:09.644 1 1 I init : type=1400 audit(0.0:293): avc: denied { add_name } for name="panic" scontext=u:r:init:s0 tcontext=u:object_r:sysfs:s0 tclass=dir permissive=1
01-01 08:00:09.694 168 168 I sunxi-rfkill soc@3000000: rfkill: set block: 1
01-01 08:00:09.694 168 168 I sunxi-rfkill soc@3000000: rfkill: bt power off success
01-01 08:00:09.684 269 269 I EventThread: type=1400 audit(0.0:294): avc: denied { search } for name="extcon" dev="sysfs" ino=18109 scontext=u:r:hal_tv_cec_default:s0 tcontext=u:object_r:sysfs_extcon:s0 tclass=dir permissive=1
01-01 08:00:09.684 343 343 I xiriservice_All: type=1400 audit(0.0:295): avc: denied { read } for scontext=u:r:init:s0 tcontext=u:r:init:s0 tclass=netlink_kobject_uevent_socket permissive=1
01-01 08:00:09.721 385 385 E cutils-trace: Error opening trace file: No such file or directory (2)
01-01 08:00:09.734 385 385 I usbd : Usb HAL found.
01-01 08:00:09.734 385 385 I usbd : peristent prop is adb
01-01 08:00:09.738 271 271 W HidlServiceManagement: Waited one second for vendor.display.config@1.0::IDisplayConfig/default
01-01 08:00:09.747 185 185 I hwservicemanager: Since vendor.display.config@1.0::IDisplayConfig/default is not registered, trying to start it as a lazy HAL.
01-01 08:00:09.751 270 281 I android.hardware.usb.gadget@1.1-service.aw: setCurrentUsbFunctions None
01-01 08:00:09.751 270 281 I android.hardware.usb.gadget@1.1-service.aw: Gadget cannot be pulled down
01-01 08:00:09.752 270 281 I android.hardware.usb.gadget@1.1-service.aw: mMonitor not running
01-01 08:00:09.752 270 281 I android.hardware.usb.gadget@1.1-service.aw: Returned from tearDown gadget
01-01 08:00:09.756 280 280 E gralloc : Arm Module v1.0
01-01 08:00:09.765 271 271 I HidlServiceManagement: getService: Trying again for vendor.display.config@1.0::IDisplayConfig/default...
01-01 08:00:09.790 185 387 W libc : Unable to set property "ctl.interface_start" to "vendor.display.config@1.0::IDisplayConfig/default": error code: 0x20
01-01 08:00:09.809 185 387 I hwservicemanager: Tried to start vendor.display.config@1.0::IDisplayConfig/default as a lazy service, but was unable to. Usually this happens when a service is not installed, but if the service is intended to be used as a lazy service, then it may be configured incorrectly.
01-01 08:00:09.820 380 380 I gatekeeperd: Starting gatekeeperd...
01-01 08:00:09.831 356 356 I main_extractorservice: enable media.extractor memory limits
01-01 08:00:09.832 356 356 V MediaUtils: physMem: 2055442432
01-01 08:00:09.832 356 356 V MediaUtils: requested limit: 411088480
01-01 08:00:09.832 356 356 I libc : malloc_limit: Allocation limit enabled, max size 411088480 bytes
01-01 08:00:09.839 380 380 E cutils-trace: Error opening trace file: No such file or directory (2)
01-01 08:00:09.845 185 185 I hwservicemanager: getTransport: Cannot find entry android.hardware.graphics.allocator@4.0::IAllocator/default in either framework or device VINTF manifest.
01-01 08:00:09.845 356 356 W mediaextractor: Could not read additional policy file '/vendor/etc/seccomp_policy/mediaextractor.policy'
01-01 08:00:09.846 356 356 W mediaextractor: libminijail[356]: failed to get path of fd 4: No such file or directory
01-01 08:00:09.846 356 356 W mediaextractor: libminijail[356]: allowing syscall: clock_gettime
01-01 08:00:09.846 356 356 W mediaextractor: libminijail[356]: allowing syscall: connect
01-01 08:00:09.846 356 356 W mediaextractor: libminijail[356]: allowing syscall: fcntl64
01-01 08:00:09.846 356 356 W mediaextractor: libminijail[356]: allowing syscall: socket
01-01 08:00:09.847 356 356 W mediaextractor: libminijail[356]: allowing syscall: writev
01-01 08:00:09.849 366 366 I android.hardware.media.omx@1.0-service: mediacodecservice starting
01-01 08:00:09.850 356 356 W mediaextractor: libminijail[356]: compile_file: /apex/com.android.media/etc/seccomp_policy/crash_dump.arm.policy(1): syscall read redefined here
01-01 08:00:09.851 356 356 W mediaextractor: libminijail[356]: compile_file: (19): previous definition here
01-01 08:00:09.851 356 356 W mediaextractor: libminijail[356]: compile_file: /apex/com.android.media/etc/seccomp_policy/crash_dump.arm.policy(2): syscall write redefined here
01-01 08:00:09.851 356 356 W mediaextractor: libminijail[356]: compile_file: (6): previous definition here
01-01 08:00:09.851 356 356 W mediaextractor: libminijail[356]: compile_file: /apex/com.android.media/etc/seccomp_policy/crash_dump.arm.policy(3): syscall exit redefined here
01-01 08:00:09.851 356 356 W mediaextractor: libminijail[356]: compile_file: (27): previous definition here
01-01 08:00:09.851 356 356 W mediaextractor: libminijail[356]: compile_file: /apex/com.android.media/etc/seccomp_policy/crash_dump.arm.policy(4): syscall rt_sigreturn redefined here
01-01 08:00:09.851 356 356 W mediaextractor: libminijail[356]: compile_file: (29): previous definition here
01-01 08:00:09.851 356 356 W mediaextractor: libminijail[356]: compile_file: /apex/com.android.media/etc/seccomp_policy/crash_dump.arm.policy(6): syscall exit_group redefined here
01-01 08:00:09.851 356 356 W mediaextractor: libminijail[356]: compile_file: (28): previous definition here
01-01 08:00:09.851 356 356 W mediaextractor: libminijail[356]: compile_file: /apex/com.android.media/etc/seccomp_policy/crash_dump.arm.policy(7): syscall clock_gettime redefined here
01-01 08:00:09.852 356 356 W mediaextractor: libminijail[356]: compile_file: (20): previous definition here
01-01 08:00:09.852 356 356 W mediaextractor: libminijail[356]: compile_file: /apex/com.android.media/etc/seccomp_policy/crash_dump.arm.policy(9): syscall futex redefined here
01-01 08:00:09.852 356 356 W mediaextractor: libminijail[356]: compile_file: (4): previous definition here
01-01 08:00:09.852 356 356 W mediaextractor: libminijail[356]: compile_file: /apex/com.android.media/etc/seccomp_policy/crash_dump.arm.policy(10): syscall getrandom redefined here
01-01 08:00:09.852 356 356 W mediaextractor: libminijail[356]: compile_file: (43): previous definition here
01-01 08:00:09.852 356 356 W mediaextractor: libminijail[356]: compile_file: /apex/com.android.media/etc/seccomp_policy/crash_dump.arm.policy(12): syscall gettid redefined here
01-01 08:00:09.852 270 281 I android.hardware.usb.gadget@1.1-service.aw: setCurrentUsbFunctions Adb
01-01 08:00:09.852 356 356 W mediaextractor: libminijail[356]: compile_file: (34): previous definition here
01-01 08:00:09.852 356 356 W mediaextractor: libminijail[356]: compile_file: /apex/com.android.media/etc/seccomp_policy/crash_dump.arm.policy(15): syscall openat redefined here
01-01 08:00:09.852 270 281 I android.hardware.usb.gadget@1.1-service.aw: Service started
01-01 08:00:09.852 270 281 I android.hardware.usb.gadget@1.1-service.aw: enable usbradio debug functions
01-01 08:00:09.852 356 356 W mediaextractor: libminijail[356]: compile_file: (16): previous definition here
01-01 08:00:09.853 356 356 W mediaextractor: libminijail[356]: compile_file: /apex/com.android.media/etc/seccomp_policy/crash_dump.arm.policy(16): syscall dup redefined here
01-01 08:00:09.853 270 281 I android.hardware.usb.gadget@1.1-service.aw: Usb Gadget setcurrent functions called successfully
01-01 08:00:09.853 356 356 W mediaextractor: libminijail[356]: compile_file: (11): previous definition here
01-01 08:00:09.853 356 356 W mediaextractor: libminijail[356]: compile_file: /apex/com.android.media/etc/seccomp_policy/crash_dump.arm.policy(17): syscall close redefined here
01-01 08:00:09.853 356 356 W mediaextractor: libminijail[356]: compile_file: (9): previous definition here
01-01 08:00:09.854 280 280 W Gralloc4: allocator 4.x is not supported
01-01 08:00:09.854 356 356 W mediaextractor: libminijail[356]: compile_file: /apex/com.android.media/etc/seccomp_policy/crash_dump.arm.policy(18): syscall lseek redefined here
01-01 08:00:09.854 356 356 W mediaextractor: libminijail[356]: compile_file: (21): previous definition here
01-01 08:00:09.855 356 356 W mediaextractor: libminijail[356]: compile_file: /apex/com.android.media/etc/seccomp_policy/crash_dump.arm.policy(20): syscall faccessat redefined here
01-01 08:00:09.855 356 356 W mediaextractor: libminijail[356]: compile_file: (30): previous definition here
01-01 08:00:09.852 326 326 I rainbow_flow: type=1400 audit(0.0:296): avc: denied { ioctl } for path="/dev/spidev1.0" dev="tmpfs" ino=7243 ioctlcmd=0x6b00 scontext=u:r:init:s0 tcontext=u:object_r:device:s0 tclass=chr_file permissive=1
01-01 08:00:09.855 366 366 W android.hardware.media.omx@1.0-service: Could not read additional policy file '/vendor/etc/seccomp_policy/mediacodec.policy'
01-01 08:00:09.857 366 366 W android.hardware.media.omx@1.0-service: libminijail[366]: failed to get path of fd 4: No such file or directory
01-01 08:00:09.856 356 356 W mediaextractor: libminijail[356]: compile_file: /apex/com.android.media/etc/seccomp_policy/crash_dump.arm.policy(25): syscall rt_sigprocmask redefined here
01-01 08:00:09.858 356 356 W mediaextractor: libminijail[356]: compile_file: (35): previous definition here
01-01 08:00:09.858 356 356 W mediaextractor: libminijail[356]: compile_file: /apex/com.android.media/etc/seccomp_policy/crash_dump.arm.policy(28): syscall prctl redefined here
01-01 08:00:09.858 356 356 W mediaextractor: libminijail[356]: compile_file: (5): previous definition here
01-01 08:00:09.858 366 366 W android.hardware.media.omx@1.0-service: libminijail[366]: allowing syscall: clock_gettime
01-01 08:00:09.858 356 356 W mediaextractor: libminijail[356]: compile_file: /apex/com.android.media/etc/seccomp_policy/crash_dump.arm.policy(29): syscall madvise redefined here
01-01 08:00:09.858 366 366 W android.hardware.media.omx@1.0-service: libminijail[366]: allowing syscall: connect
01-01 08:00:09.859 366 366 W android.hardware.media.omx@1.0-service: libminijail[366]: allowing syscall: fcntl64
01-01 08:00:09.859 366 366 W android.hardware.media.omx@1.0-service: libminijail[366]: allowing syscall: socket
01-01 08:00:09.859 356 356 W mediaextractor: libminijail[356]: compile_file: (31): previous definition here
01-01 08:00:09.859 366 366 W android.hardware.media.omx@1.0-service: libminijail[366]: allowing syscall: writev
01-01 08:00:09.859 356 356 W mediaextractor: libminijail[356]: compile_file: /apex/com.android.media/etc/seccomp_policy/crash_dump.arm.policy(30): syscall mprotect redefined here
01-01 08:00:09.860 366 366 W android.hardware.media.omx@1.0-service: libminijail[366]: compile_file: (59): syscall getrandom redefined here
