01-01 08:00:09.860 356 356 W mediaextractor: libminijail[356]: compile_file: (12): previous definition here
01-01 08:00:09.860 356 356 W mediaextractor: libminijail[356]: compile_file: /apex/com.android.media/etc/seccomp_policy/crash_dump.arm.policy(31): syscall munmap redefined here
01-01 08:00:09.862 185 185 I hwservicemanager: getTransport: Cannot find entry android.hardware.graphics.allocator@3.0::IAllocator/default in either framework or device VINTF manifest.
01-01 08:00:09.862 280 280 W Gralloc3: allocator 3.x is not supported
01-01 08:00:09.862 356 356 W mediaextractor: libminijail[356]: compile_file: (10): previous definition here
01-01 08:00:09.862 356 356 W mediaextractor: libminijail[356]: compile_file: /apex/com.android.media/etc/seccomp_policy/crash_dump.arm.policy(32): syscall getuid32 redefined here
01-01 08:00:09.862 366 366 W android.hardware.media.omx@1.0-service: libminijail[366]: compile_file: (15): previous definition here
01-01 08:00:09.863 356 356 W mediaextractor: libminijail[356]: compile_file: (13): previous definition here
01-01 08:00:09.863 356 356 W mediaextractor: libminijail[356]: compile_file: /apex/com.android.media/etc/seccomp_policy/crash_dump.arm.policy(33): syscall fstat64 redefined here
01-01 08:00:09.863 356 356 W mediaextractor: libminijail[356]: compile_file: (25): previous definition here
01-01 08:00:09.863 356 356 W mediaextractor: libminijail[356]: compile_file: /apex/com.android.media/etc/seccomp_policy/crash_dump.arm.policy(34): syscall mmap2 redefined here
01-01 08:00:09.863 356 356 W mediaextractor: libminijail[356]: compile_file: (8): previous definition here
01-01 08:00:09.864 356 356 W mediaextractor: libminijail[356]: compile_file: /apex/com.android.media/etc/seccomp_policy/crash_dump.arm.policy(35): syscall geteuid32 redefined here
01-01 08:00:09.864 356 356 W mediaextractor: libminijail[356]: compile_file: (38): previous definition here
01-01 08:00:09.864 366 366 W android.hardware.media.omx@1.0-service: libminijail[366]: compile_file: /system/etc/seccomp_policy/crash_dump.arm.policy(1): syscall read redefined here
01-01 08:00:09.864 366 366 W android.hardware.media.omx@1.0-service: libminijail[366]: compile_file: (9): previous definition here
01-01 08:00:09.864 366 366 W android.hardware.media.omx@1.0-service: libminijail[366]: compile_file: /system/etc/seccomp_policy/crash_dump.arm.policy(2): syscall write redefined here
01-01 08:00:09.864 366 366 W android.hardware.media.omx@1.0-service: libminijail[366]: compile_file: (5): previous definition here
01-01 08:00:09.864 366 366 W android.hardware.media.omx@1.0-service: libminijail[366]: compile_file: /system/etc/seccomp_policy/crash_dump.arm.policy(3): syscall exit redefined here
01-01 08:00:09.865 356 356 W mediaextractor: libminijail[356]: compile_file: /apex/com.android.media/etc/seccomp_policy/crash_dump.arm.policy(36): syscall getgid32 redefined here
01-01 08:00:09.869 366 366 W android.hardware.media.omx@1.0-service: libminijail[366]: compile_file: (40): previous definition here
01-01 08:00:09.869 356 356 W mediaextractor: libminijail[356]: compile_file: (39): previous definition here
01-01 08:00:09.870 356 356 W mediaextractor: libminijail[356]: compile_file: /apex/com.android.media/etc/seccomp_policy/crash_dump.arm.policy(37): syscall getegid32 redefined here
01-01 08:00:09.870 366 366 W android.hardware.media.omx@1.0-service: libminijail[366]: compile_file: /system/etc/seccomp_policy/crash_dump.arm.policy(4): syscall rt_sigreturn redefined here
01-01 08:00:09.870 356 356 W mediaextractor: libminijail[356]: compile_file: (40): previous definition here
01-01 08:00:09.870 356 356 W mediaextractor: libminijail[356]: compile_file: /apex/com.android.media/etc/seccomp_policy/crash_dump.arm.policy(38): syscall getgroups32 redefined here
01-01 08:00:09.870 366 366 W android.hardware.media.omx@1.0-service: libminijail[366]: compile_file: (45): previous definition here
01-01 08:00:09.870 356 356 W mediaextractor: libminijail[356]: compile_file: (41): previous definition here
01-01 08:00:09.870 366 366 W android.hardware.media.omx@1.0-service: libminijail[366]: compile_file: /system/etc/seccomp_policy/crash_dump.arm.policy(6): syscall exit_group redefined here
01-01 08:00:09.871 366 366 W android.hardware.media.omx@1.0-service: libminijail[366]: compile_file: (44): previous definition here
01-01 08:00:09.871 366 366 W android.hardware.media.omx@1.0-service: libminijail[366]: compile_file: /system/etc/seccomp_policy/crash_dump.arm.policy(7): syscall clock_gettime redefined here
01-01 08:00:09.871 366 366 W android.hardware.media.omx@1.0-service: libminijail[366]: compile_file: (7): previous definition here
01-01 08:00:09.871 366 366 W android.hardware.media.omx@1.0-service: libminijail[366]: compile_file: /system/etc/seccomp_policy/crash_dump.arm.policy(8): syscall gettimeofday redefined here
01-01 08:00:09.871 366 366 W android.hardware.media.omx@1.0-service: libminijail[366]: compile_file: (47): previous definition here
01-01 08:00:09.872 366 366 W android.hardware.media.omx@1.0-service: libminijail[366]: compile_file: /system/etc/seccomp_policy/crash_dump.arm.policy(9): syscall futex redefined here
01-01 08:00:09.872 356 356 W mediaextractor: libminijail[356]: logging seccomp filter failures
01-01 08:00:09.873 366 366 W android.hardware.media.omx@1.0-service: libminijail[366]: compile_file: (3): previous definition here
01-01 08:00:09.873 366 366 W android.hardware.media.omx@1.0-service: libminijail[366]: compile_file: /system/etc/seccomp_policy/crash_dump.arm.policy(10): syscall getrandom redefined here
01-01 08:00:09.873 366 366 W android.hardware.media.omx@1.0-service: libminijail[366]: compile_file: (15): previous definition here
01-01 08:00:09.873 366 366 W android.hardware.media.omx@1.0-service: libminijail[366]: compile_file: /system/etc/seccomp_policy/crash_dump.arm.policy(13): syscall ppoll redefined here
01-01 08:00:09.873 366 366 W android.hardware.media.omx@1.0-service: libminijail[366]: compile_file: (13): previous definition here
01-01 08:00:09.873 366 366 W android.hardware.media.omx@1.0-service: libminijail[366]: compile_file: /system/etc/seccomp_policy/crash_dump.arm.policy(14): syscall pipe2 redefined here
01-01 08:00:09.876 366 366 W android.hardware.media.omx@1.0-service: libminijail[366]: compile_file: (46): previous definition here
01-01 08:00:09.876 366 366 W android.hardware.media.omx@1.0-service: libminijail[366]: compile_file: /system/etc/seccomp_policy/crash_dump.arm.policy(15): syscall openat redefined here
01-01 08:00:09.876 366 366 W android.hardware.media.omx@1.0-service: libminijail[366]: compile_file: (30): previous definition here
01-01 08:00:09.876 366 366 W android.hardware.media.omx@1.0-service: libminijail[366]: compile_file: /system/etc/seccomp_policy/crash_dump.arm.policy(16): syscall dup redefined here
01-01 08:00:09.876 366 366 W android.hardware.media.omx@1.0-service: libminijail[366]: compile_file: (12): previous definition here
01-01 08:00:09.876 366 366 W android.hardware.media.omx@1.0-service: libminijail[366]: compile_file: /system/etc/seccomp_policy/crash_dump.arm.policy(17): syscall close redefined here
01-01 08:00:09.877 366 366 W android.hardware.media.omx@1.0-service: libminijail[366]: compile_file: (10): previous definition here
01-01 08:00:09.877 366 366 W android.hardware.media.omx@1.0-service: libminijail[366]: compile_file: /system/etc/seccomp_policy/crash_dump.arm.policy(18): syscall lseek redefined here
01-01 08:00:09.877 366 366 W android.hardware.media.omx@1.0-service: libminijail[366]: compile_file: (50): previous definition here
01-01 08:00:09.877 366 366 W android.hardware.media.omx@1.0-service: libminijail[366]: compile_file: /system/etc/seccomp_policy/crash_dump.arm.policy(19): syscall getdents64 redefined here
01-01 08:00:09.877 366 366 W android.hardware.media.omx@1.0-service: libminijail[366]: compile_file: (58): previous definition here
01-01 08:00:09.877 366 366 W android.hardware.media.omx@1.0-service: libminijail[366]: compile_file: /system/etc/seccomp_policy/crash_dump.arm.policy(20): syscall faccessat redefined here
01-01 08:00:09.877 366 366 W android.hardware.media.omx@1.0-service: libminijail[366]: compile_file: (38): previous definition here
01-01 08:00:09.877 366 366 W android.hardware.media.omx@1.0-service: libminijail[366]: compile_file: /system/etc/seccomp_policy/crash_dump.arm.policy(25): syscall rt_sigprocmask redefined here
01-01 08:00:09.877 366 366 W android.hardware.media.omx@1.0-service: libminijail[366]: compile_file: (41): previous definition here
01-01 08:00:09.877 366 366 W android.hardware.media.omx@1.0-service: libminijail[366]: compile_file: /system/etc/seccomp_policy/crash_dump.arm.policy(28): syscall prctl redefined here
01-01 08:00:09.878 366 366 W android.hardware.media.omx@1.0-service: libminijail[366]: compile_file: (6): previous definition here
01-01 08:00:09.878 366 366 W android.hardware.media.omx@1.0-service: libminijail[366]: compile_file: /system/etc/seccomp_policy/crash_dump.arm.policy(29): syscall madvise redefined here
01-01 08:00:09.878 366 366 W android.hardware.media.omx@1.0-service: libminijail[366]: compile_file: (29): previous definition here
01-01 08:00:09.878 366 366 W android.hardware.media.omx@1.0-service: libminijail[366]: compile_file: /system/etc/seccomp_policy/crash_dump.arm.policy(30): syscall mprotect redefined here
01-01 08:00:09.878 366 366 W android.hardware.media.omx@1.0-service: libminijail[366]: compile_file: (28): previous definition here
01-01 08:00:09.878 366 366 W android.hardware.media.omx@1.0-service: libminijail[366]: compile_file: /system/etc/seccomp_policy/crash_dump.arm.policy(31): syscall munmap redefined here
01-01 08:00:09.879 366 366 W android.hardware.media.omx@1.0-service: libminijail[366]: compile_file: (27): previous definition here
01-01 08:00:09.879 366 366 W android.hardware.media.omx@1.0-service: libminijail[366]: compile_file: /system/etc/seccomp_policy/crash_dump.arm.policy(32): syscall getuid32 redefined here
01-01 08:00:09.879 366 366 W android.hardware.media.omx@1.0-service: libminijail[366]: compile_file: (34): previous definition here
01-01 08:00:09.879 366 366 W android.hardware.media.omx@1.0-service: libminijail[366]: compile_file: /system/etc/seccomp_policy/crash_dump.arm.policy(33): syscall fstat64 redefined here
01-01 08:00:09.881 366 366 W android.hardware.media.omx@1.0-service: libminijail[366]: compile_file: (35): previous definition here
01-01 08:00:09.881 366 366 W android.hardware.media.omx@1.0-service: libminijail[366]: compile_file: /system/etc/seccomp_policy/crash_dump.arm.policy(34): syscall mmap2 redefined here
01-01 08:00:09.881 366 366 W android.hardware.media.omx@1.0-service: libminijail[366]: compile_file: (14): previous definition here
01-01 08:00:09.891 366 366 W android.hardware.media.omx@1.0-service: libminijail[366]: logging seccomp filter failures
01-01 08:00:09.892 262 262 E ion : ioctl c0044901 failed with code -1: Inappropriate ioctl for device
01-01 08:00:09.893 262 262 I gralloc : alloc buffer:W:1 H:1 S:16 PL[1 1] SZ:64 fmt:1 if:0 af:1 usg:300 fg:00000004
01-01 08:00:09.893 280 280 E ion : ioctl c0044901 failed with code -1: Inappropriate ioctl for device
01-01 08:00:09.895 280 280 I RenderEngine: OpenGL ES informations:
01-01 08:00:09.895 280 280 I RenderEngine: vendor : ARM
01-01 08:00:09.895 280 280 I RenderEngine: renderer : Mali-G31
01-01 08:00:09.895 280 280 I RenderEngine: version : OpenGL ES 3.2 v1.r20p0-01rel0.9f6475d0baffb05079096179e1278b1d
01-01 08:00:09.895 280 280 I RenderEngine: extensions: GL_EXT_debug_marker GL_ARM_rgba8 GL_ARM_mali_shader_binary GL_OES_depth24 GL_OES_depth_texture GL_OES_depth_texture_cube_map GL_OES_packed_depth_stencil GL_OES_rgb8_rgba8 GL_EXT_read_format_bgra GL_OES_compressed_paletted_texture GL_OES_compressed_ETC1_RGB8_texture GL_OES_standard_derivatives GL_OES_EGL_image GL_OES_EGL_image_external GL_OES_EGL_image_external_essl3 GL_OES_EGL_sync GL_OES_texture_npot GL_OES_vertex_half_float GL_OES_required_internalformat GL_OES_vertex_array_object GL_OES_mapbuffer GL_EXT_texture_format_BGRA8888 GL_EXT_texture_rg GL_EXT_texture_type_2_10_10_10_REV GL_OES_fbo_render_mipmap GL_OES_element_index_uint GL_EXT_shadow_samplers GL_OES_texture_compression_astc GL_KHR_texture_compression_astc_ldr GL_KHR_texture_compression_astc_hdr GL_KHR_texture_compression_astc_sliced_3d GL_EXT_texture_compression_astc_decode_mode GL_EXT_texture_compression_astc_decode_mode_rgb9e5 GL_KHR_debug GL_EXT_occlusion_query_boolean GL_EXT_disjoint_timer_query GL_EXT_blend_minmax GL_EXT_discard_
01-01 08:00:09.895 280 280 I RenderEngine: GL_MAX_TEXTURE_SIZE = 8192
01-01 08:00:09.895 280 280 I RenderEngine: GL_MAX_VIEWPORT_DIMS = 8192
01-01 08:00:09.895 280 280 W libprocessgroup: Failed to open /dev/cpuset/system-background/tasks: Permission denied: Permission denied
01-01 08:00:09.895 280 280 W libprocessgroup: Failed to apply SFMainPolicy task profile: Permission denied
01-01 08:00:09.912 366 366 I cedarc : : register h265 decoder success!
01-01 08:00:09.914 381 381 I update_engine: [INFO:main.cc(55)] A/B Update Engine starting
01-01 08:00:09.916 249 249 D zygote : Time zone APEX ICU file found: /apex/com.android.tzdata/etc/icu/icu_tzdata.dat
01-01 08:00:09.917 249 249 D zygote : I18n APEX ICU file found: /apex/com.android.i18n/etc/icu/icudt68l.dat
01-01 08:00:09.919 386 386 I adbd : persist.adb.watchdog set to ''
01-01 08:00:09.921 386 386 I adbd : persist.sys.test_harness set to ''
01-01 08:00:09.922 386 386 I adbd : adb watchdog timeout set to 600 seconds
01-01 08:00:09.924 381 381 E cutils-trace: Error opening trace file: No such file or directory (2)
01-01 08:00:09.926 386 386 I adbd : Setup mdns on port= 5555
01-01 08:00:09.926 366 366 E cedarc : : dlopen 'libawh265soft.so' fail: dlopen failed: library "libawh265soft.so" not found
01-01 08:00:09.927 386 386 I adbd : adbd listening on tcp:5555
01-01 08:00:09.927 366 366 I cedarc : : register h264 decoder success!
01-01 08:00:09.928 366 366 I cedarc : : register mjpeg decoder success!
01-01 08:00:09.929 366 366 I cedarc : : register mjpegplus decoder success!
01-01 08:00:09.929 386 386 I adbd : adbd listening on vsock:5555
01-01 08:00:09.929 386 386 I adbd : adbd started
01-01 08:00:09.929 366 366 I cedarc : : register mpeg2 decoder success!
01-01 08:00:09.930 366 366 W cedarc : : Invalid plugin, CedarPluginVDInit not found, lib:libawmpeg4base.so.
01-01 08:00:09.931 366 366 I cedarc : : register mpeg4Normal decoder success!
01-01 08:00:09.932 366 366 I cedarc : : register Mpeg4Vp6 decoder success!
01-01 08:00:09.932 386 394 I adbd : opening control endpoint /dev/usb-ffs/adb/ep0
01-01 08:00:09.938 394 394 I : read descriptors
01-01 08:00:09.938 394 394 I : read strings
01-01 08:00:09.932 343 343 I xiriservice_All: type=1400 audit(0.0:297): avc: denied { read } for scontext=u:r:init:s0 tcontext=u:r:init:s0 tclass=netlink_kobject_uevent_socket permissive=1
01-01 08:00:09.933 270 388 I android.hardware.usb.gadget@1.1-service.aw: GADGET pulled up
01-01 08:00:09.934 386 392 I adbd : Waiting for persist.adb.tls_server.enable=1
01-01 08:00:09.934 386 394 I adbd : UsbFfsConnection constructed
01-01 08:00:09.935 386 392 I adbd : persist.adb.tls_server.enable changed to 1
01-01 08:00:09.943 386 399 I adbd : UsbFfs-monitor thread spawned
01-01 08:00:09.944 386 399 I adbd : USB event: FUNCTIONFS_BIND
01-01 08:00:09.950 386 392 I adbd : adbwifi started on port 40093
01-01 08:00:09.950 386 392 I adbd : TlsServer running on port 40093
01-01 08:00:09.951 386 392 I adbd : adb wifi started on port 40093
01-01 08:00:09.952 185 185 I hwservicemanager: getTransport: Cannot find entry android.hardware.graphics.mapper@4.0::IMapper/default in either framework or device VINTF manifest.
01-01 08:00:09.952 263 285 I ComposerResources: failed to get mapper 4.0 service, falling back to mapper 3.0
01-01 08:00:09.953 366 366 I cedarc : : register mpeg4dx decoder success!
01-01 08:00:09.954 366 366 I cedarc : : register mpeg4H263 decoder success!
01-01 08:00:09.954 366 366 I cedarc : : register vp8 decoder success!
01-01 08:00:09.955 366 366 I cedarc : : register vc1 decoder success!
01-01 08:00:09.956 381 381 I update_engine: [INFO:boot_control_android.cc(69)] Loaded boot control hidl hal.
01-01 08:00:09.957 386 392 I adbd : Waiting for persist.adb.tls_server.enable=0
01-01 08:00:09.957 185 185 I hwservicemanager: getTransport: Cannot find entry android.hardware.graphics.mapper@3.0::IMapper/default in either framework or device VINTF manifest.
01-01 08:00:09.958 263 285 I ComposerResources: failed to get mapper 3.0 service, falling back to mapper 2.0
01-01 08:00:09.961 386 401 I adbd : Registering secure_connect service (adb-DZOH58251975972-BGYj1f)
01-01 08:00:09.967 263 285 E gralloc : Arm Module v1.0
01-01 08:00:09.974 263 403 I sunxihwc: threadLoop: EventThread start
01-01 08:00:09.974 263 285 I sunxihwc: createDeviceFactory: IDeviceFactory from hardware/aw/display/hwc-hal/disp2/HomletDeviceFactory.cpp
01-01 08:00:09.974 263 285 I sunxihwc: Device name: raven
01-01 08:00:09.983 366 366 I SoftOMXPlugin: createOMXPlugin
01-01 08:00:09.984 366 366 D MediaCodecsXmlParser: parsing /vendor/etc/media_codecs.xml...
01-01 08:00:09.987 263 285 D sunxihwc: Device config file: /vendor/etc/dispconfigs/homlet-default.json
01-01 08:00:09.987 366 366 D MediaCodecsXmlParser: parsing /vendor/etc/media_codecs_google_audio.xml...
01-01 08:00:09.988 366 366 D MediaCodecsXmlParser: unable to open media codecs configuration xml file: /vendor/etc/media_codecs_google_audio.xml
01-01 08:00:09.995 366 366 D MediaCodecsXmlParser: parsing /vendor/etc/media_codecs_google_video.xml...
01-01 08:00:09.995 366 366 D MediaCodecsXmlParser: unable to open media codecs configuration xml file: /vendor/etc/media_codecs_google_video.xml
01-01 08:00:09.995 366 366 D MediaCodecsXmlParser: parsing /vendor/etc/media_codecs_performance.xml...
01-01 08:00:09.996 263 285 D sunxihwc: Parse 'Display0' config
01-01 08:00:09.996 263 285 D sunxihwc: Parse 'Display1' config
01-01 08:00:09.999 366 366 D MediaCodecsXmlParser: MediaCodec: cannot update non-existing codec: OMX.google.h264.encoder at line 25 of /vendor/etc/media_codecs_performance.xml
01-01 08:00:09.999 366 366 D MediaCodecsXmlParser: MediaCodec: cannot update non-existing codec: OMX.google.h263.encoder at line 31 of /vendor/etc/media_codecs_performance.xml
01-01 08:00:09.999 263 285 I HidlServiceManagement: Registered vendor.display.config@1.0::IDisplayConfig/default
01-01 08:00:09.999 366 366 D MediaCodecsXmlParser: MediaCodec: cannot update non-existing codec: OMX.google.mpeg4.encoder at line 34 of /vendor/etc/media_codecs_performance.xml
01-01 08:00:10.000 366 366 D MediaCodecsXmlParser: MediaCodec: cannot update non-existing codec: OMX.google.vp8.encoder at line 37 of /vendor/etc/media_codecs_performance.xml
01-01 08:00:10.000 263 404 W displayd: xxxxxxx: threadedStartup begin
01-01 08:00:10.000 263 404 I sunxihwc: Device name: raven
01-01 08:00:10.000 263 285 D android.hardware.graphics.composer@2.2-service: IDisplayConfig register: ok
01-01 08:00:10.000 366 366 D MediaCodecsXmlParser: MediaCodec: cannot update non-existing codec: OMX.allwinner.video.decoder.h263 at line 59 of /vendor/etc/media_codecs_performance.xml
01-01 08:00:10.000 263 285 I sunxihwc: initialize: DisplayConfigService init: ok
01-01 08:00:10.000 263 285 D sunxihwc: setHotplugState: mbHotplug = 1
01-01 08:00:10.000 263 285 E sunxihwc: notifyDeviceChanged: DeviceChangedListener not register yet!
01-01 08:00:10.000 263 285 I sunxihwc: setVendorInterface: register IVendorInterface: 0xf5f97310
01-01 08:00:10.000 263 285 D sunxihwc: HAL device config file: /vendor/etc/dispconfigs/homlet-default.json
01-01 08:00:10.000 263 285 D sunxihwc: Displays (2 entries)
01-01 08:00:10.000 263 285 D sunxihwc: + Display{id=0, framebuffer=1920x1080(override=1), dpi=160x160}
01-01 08:00:10.000 263 285 D sunxihwc: DisplayEnginePortId=0
01-01 08:00:10.000 263 285 D sunxihwc: InterfaceType=HDMI
01-01 08:00:10.000 263 285 D sunxihwc: DefaultOutputMode=0
01-01 08:00:10.000 263 285 D sunxihwc: HotplugSupported=0
01-01 08:00:10.000 263 285 D sunxihwc: AfbcSupported=0
01-01 08:00:10.000 263 285 D sunxihwc: HardwareRotateSupported=0
01-01 08:00:10.000 263 285 D sunxihwc: BandwidthLimited=338800 Bytes per frame
01-01 08:00:10.000 263 285 D sunxihwc: + Display{id=1, framebuffer=1920x1080(override=1), dpi=160x160}
01-01 08:00:10.000 263 285 D sunxihwc: DisplayEnginePortId=1
01-01 08:00:10.000 263 285 D sunxihwc: InterfaceType=CVBS
01-01 08:00:10.000 263 285 D sunxihwc: DefaultOutputMode=0
01-01 08:00:10.000 263 285 D sunxihwc: HotplugSupported=0
01-01 08:00:10.000 263 285 D sunxihwc: AfbcSupported=0
01-01 08:00:10.000 263 285 D sunxihwc: HardwareRotateSupported=0
01-01 08:00:10.000 263 285 D sunxihwc: BandwidthLimited=338800 Bytes per frame
01-01 08:00:10.000 263 404 D sunxihwc: Device config file: /vendor/etc/dispconfigs/homlet-default.json
01-01 08:00:10.000 366 366 D MediaCodecsXmlParser: MediaCodec: cannot update non-existing codec: OMX.google.mpeg4.decoder at line 80 of /vendor/etc/media_codecs_performance.xml
01-01 08:00:10.000 366 366 D MediaCodecsXmlParser: MediaCodec: cannot update non-existing codec: OMX.google.h264.decoder at line 83 of /vendor/etc/media_codecs_performance.xml
01-01 08:00:10.000 263 285 W sunxihwc: bringupDevices: display.1 was off, request type 2, try to bringup it!
01-01 08:00:10.000 263 285 I sunxihwc: scanConnectedDevice: wait for device connect
01-01 08:00:10.000 366 366 D MediaCodecsXmlParser: MediaCodec: cannot update non-existing codec: OMX.google.h263.decoder at line 89 of /vendor/etc/media_codecs_performance.xml
01-01 08:00:10.000 366 366 D MediaCodecsXmlParser: MediaCodec: cannot update non-existing codec: OMX.google.hevc.decoder at line 93 of /vendor/etc/media_codecs_performance.xml
01-01 08:00:10.000 366 366 D MediaCodecsXmlParser: MediaCodec: cannot update non-existing codec: OMX.google.vp8.decoder at line 101 of /vendor/etc/media_codecs_performance.xml
01-01 08:00:10.000 366 366 D MediaCodecsXmlParser: MediaCodec: cannot update non-existing codec: OMX.google.vp9.decoder at line 107 of /vendor/etc/media_codecs_performance.xml
01-01 08:00:10.001 366 366 I MediaCodecsXmlParser: Did not find media_codecs_shaping.xml in search path
01-01 08:00:10.001 263 404 D sunxihwc: Parse 'Display0' config
01-01 08:00:10.001 263 404 D sunxihwc: Parse 'Display1' config
01-01 08:00:10.001 263 404 W displayd: xxxxxxx: HAL device config file: /vendor/etc/dispconfigs/homlet-default.json
01-01 08:00:10.001 263 404 W displayd: Displays (2 entries)
01-01 08:00:10.001 263 404 W displayd: + Display{id=0, framebuffer=1920x1080(override=1), dpi=160x160}
01-01 08:00:10.001 263 404 W displayd: DisplayEnginePortId=0
01-01 08:00:10.001 263 404 W displayd: InterfaceType=HDMI
01-01 08:00:10.001 263 404 W displayd: DefaultOutputMode=0
01-01 08:00:10.001 263 404 W displayd: HotplugSupported=0
01-01 08:00:10.001 263 404 W displayd: AfbcSupported=0
01-01 08:00:10.001 263 404 W displayd: HardwareRotateSupported=0
01-01 08:00:10.001 263 404 W displayd: BandwidthLimited=338800 Bytes per frame
01-01 08:00:10.001 263 404 W displayd: + Display{id=1, framebuffer=1920x1080(override=1), dpi=160x160}
01-01 08:00:10.001 263 404 W displayd: DisplayEnginePortId=1
01-01 08:00:10.001 263 404 W displayd: InterfaceType=CVBS
01-01 08:00:10.001 263 404 W displayd: DefaultOutputMode=0
01-01 08:00:10.001 263 404 W displayd: HotplugSupported=0
01-01 08:00:10.001 263 404 W displayd: AfbcSupported=0
01-01 08:00:10.001 263 404 W displayd: HardwareRotateSupported=0
01-01 08:00:10.001 263 404 W displayd: BandwidthLimited=338800 Bytes per frame
01-01 08:00:10.001 366 366 E cutils-trace: Error opening trace file: No such file or directory (2)
01-01 08:00:10.000 263 263 I MQ-Thread: type=1400 audit(0.0:298): avc: denied { read } for name="u:object_r:system_prop:s0" dev="tmpfs" ino=3969 scontext=u:r:hal_graphics_composer_default:s0 tcontext=u:object_r:system_prop:s0 tclass=file permissive=1
01-01 08:00:10.005 271 271 I display.output-service: platform is homlet
01-01 08:00:10.006 379 379 I mediaswcodec: media swcodec service starting
01-01 08:00:10.007 184 184 I servicemanager: Found vendor.display.output.IDisplayOutputManager/default in device VINTF manifest.
01-01 08:00:10.004 263 263 I MQ-Thread: type=1400 audit(0.0:299): avc: denied { open } for path="/dev/__properties__/u:object_r:system_prop:s0" dev="tmpfs" ino=3969 scontext=u:r:hal_graphics_composer_default:s0 tcontext=u:object_r:system_prop:s0 tclass=file permissive=1
01-01 08:00:10.004 263 263 I MQ-Thread: type=1400 audit(0.0:300): avc: denied { getattr } for path="/dev/__properties__/u:object_r:system_prop:s0" dev="tmpfs" ino=3969 scontext=u:r:hal_graphics_composer_default:s0 tcontext=u:object_r:system_prop:s0 tclass=file permissive=1
01-01 08:00:10.004 263 263 I MQ-Thread: type=1400 audit(0.0:301): avc: denied { map } for path="/dev/__properties__/u:object_r:system_prop:s0" dev="tmpfs" ino=3969 scontext=u:r:hal_graphics_composer_default:s0 tcontext=u:object_r:system_prop:s0 tclass=file permissive=1
01-01 08:00:10.007 185 185 I hw-BpHwBinder: onLastStrongRef automatically unlinking death recipients
01-01 08:00:10.007 381 381 I update_engine: [INFO:daemon_state_android.cc(44)] Booted in dev mode.
01-01 08:00:10.007 263 404 W displayd: xxxxxxx: display output policy: dual
01-01 08:00:10.007 263 404 W displayd: xxxxxxx: Display.0 output type: 4
01-01 08:00:10.007 263 404 W displayd: xxxxxxx: Display.1 output type: 2
01-01 08:00:10.008 263 404 W displayd: xxxxxxx: createDevice: type=4 on port 0
01-01 08:00:10.004 263 263 I MQ-Thread: type=1400 audit(0.0:302): avc: denied { read } for name="u:object_r:default_prop:s0" dev="tmpfs" ino=3842 scontext=u:r:hal_graphics_composer_default:s0 tcontext=u:object_r:default_prop:s0 tclass=file permissive=1
01-01 08:00:10.008 263 263 I MQ-Thread: type=1400 audit(0.0:303): avc: denied { open } for path="/dev/__properties__/u:object_r:default_prop:s0" dev="tmpfs" ino=3842 scontext=u:r:hal_graphics_composer_default:s0 tcontext=u:object_r:default_prop:s0 tclass=file permissive=1
01-01 08:00:10.008 263 263 I MQ-Thread: type=1400 audit(0.0:304): avc: denied { getattr } for path="/dev/__properties__/u:object_r:default_prop:s0" dev="tmpfs" ino=3842 scontext=u:r:hal_graphics_composer_default:s0 tcontext=u:object_r:default_prop:s0 tclass=file permissive=1
01-01 08:00:10.008 263 263 I MQ-Thread: type=1400 audit(0.0:305): avc: denied { map } for path="/dev/__properties__/u:object_r:default_prop:s0" dev="tmpfs" ino=3842 scontext=u:r:hal_graphics_composer_default:s0 tcontext=u:object_r:default_prop:s0 tclass=file permissive=1
01-01 08:00:10.011 263 404 W displayd: xxxxxxx: Device hdmi init
01-01 08:00:10.011 263 404 W displayd: xxxxxxx: createDevice: type=2 on port 1
01-01 08:00:10.011 263 404 W displayd: xxxxxxx: Device cvbs init
01-01 08:00:10.011 263 404 W displayd: xxxxxxx: Initizlize display device mapping
01-01 08:00:10.011 263 404 D displayd: xxxxxxx: updateConnectState: type=-1 connected=-1
01-01 08:00:10.008 263 263 I MQ-Thread: type=1400 audit(0.0:306): avc: denied { getattr } for path="/sys/devices/platform/soc@3000000/6520000.tv0/extcon/extcon1/state" dev="sysfs" ino=19386 scontext=u:r:hal_graphics_composer_default:s0 tcontext=u:object_r:sysfs:s0 tclass=file permissive=1
01-01 08:00:10.012 379 379 W mediaswcodec: Could not read additional policy file '/vendor/etc/seccomp_policy/mediaswcodec.policy'
01-01 08:00:10.013 379 379 W mediaswcodec: libminijail[379]: failed to get path of fd 4: No such file or directory
01-01 08:00:10.013 379 379 W mediaswcodec: libminijail[379]: allowing syscall: clock_gettime
01-01 08:00:10.013 379 379 W mediaswcodec: libminijail[379]: allowing syscall: connect
01-01 08:00:10.013 379 379 W mediaswcodec: libminijail[379]: allowing syscall: fcntl64
01-01 08:00:10.013 379 379 W mediaswcodec: libminijail[379]: allowing syscall: socket
01-01 08:00:10.013 379 379 W mediaswcodec: libminijail[379]: allowing syscall: writev
01-01 08:00:10.014 379 379 W mediaswcodec: libminijail[379]: compile_file: (71): syscall futex redefined here
01-01 08:00:10.014 379 379 W mediaswcodec: libminijail[379]: compile_file: (15): previous definition here
01-01 08:00:10.015 378 378 E cutils-trace: Error opening trace file: No such file or directory (2)
01-01 08:00:10.015 263 404 W displayd: xxxxxxx: platformGetDeviceConnectStatePath:
01-01 08:00:10.015 263 404 W displayd: hdmi: /sys/class/extcon/extcon0/state
01-01 08:00:10.015 263 404 W displayd: cvbs: /sys/class/extcon/extcon1/state
01-01 08:00:10.015 263 404 D displayd: xxxxxxx: updated: type=2 connected=0
01-01 08:00:10.015 263 404 D displayd: xxxxxxx: updated: type=4 connected=1
01-01 08:00:10.015 263 404 E displayd: xxxxxxx: [cvbs] Saved attribute is not match, saved mode=11, actual mode=0
01-01 08:00:10.015 263 404 W displayd: xxxxxxx: setupDefaultOutput: hdmi user strategy: 255
01-01 08:00:10.016 366 366 I HidlServiceManagement: Registered android.hardware.media.omx@1.0::IOmx/default
01-01 08:00:10.016 366 366 I HidlServiceManagement: Removing namespace from process name android.hardware.media.omx@1.0-service to omx@1.0-service.
01-01 08:00:10.017 366 366 I android.hardware.media.omx@1.0-service: IOmx HAL service created.
01-01 08:00:10.018 366 366 I OmxStore: omx common prefix: 'OMX.'
01-01 08:00:10.019 366 366 D MediaCodecsXmlParser: parsing /vendor/etc/media_codecs.xml...
01-01 08:00:10.019 366 366 D MediaCodecsXmlParser: parsing /vendor/etc/media_codecs_google_audio.xml...
01-01 08:00:10.019 366 366 D MediaCodecsXmlParser: unable to open media codecs configuration xml file: /vendor/etc/media_codecs_google_audio.xml
01-01 08:00:10.021 263 404 W edid : Parse block0:
01-01 08:00:10.021 263 404 W edid : Extension block count: 1
01-01 08:00:10.021 263 404 W edid : Parse CEA extension block (version: 3)
01-01 08:00:10.021 263 404 W edid : CEA data length: 114 bytes
01-01 08:00:10.021 263 404 E edid : parseCeaDataBlocks:unhandled EXTENDED_TAG code34
01-01 08:00:10.021 263 404 E edid : parseCeaDataBlocks:unhandled EXTENDED_TAG code34
01-01 08:00:10.021 263 404 E edid : parseCeaDataBlocks:unhandled EXTENDED_TAG code42
01-01 08:00:10.021 263 404 E edid : unknow cea vic 118
01-01 08:00:10.021 263 404 E edid : unknow cea vic 218
01-01 08:00:10.021 263 404 E edid : unknow cea vic 219
01-01 08:00:10.021 263 404 E edid : parseCeaDataBlocks:unhandled EXTENDED_TAG code0
01-01 08:00:10.022 263 404 E edid : Unknow IEEE Registration Identifier (0x0000001A)
01-01 08:00:10.023 379 379 W mediaswcodec: libminijail[379]: logging seccomp filter failures
01-01 08:00:10.023 366 366 D MediaCodecsXmlParser: parsing /vendor/etc/media_codecs_google_video.xml...
01-01 08:00:10.023 366 366 D MediaCodecsXmlParser: unable to open media codecs configuration xml file: /vendor/etc/media_codecs_google_video.xml
01-01 08:00:10.023 366 366 D MediaCodecsXmlParser: parsing /vendor/etc/media_codecs_performance.xml...
01-01 08:00:10.024 366 366 D MediaCodecsXmlParser: MediaCodec: cannot update non-existing codec: OMX.google.h264.encoder at line 25 of /vendor/etc/media_codecs_performance.xml
01-01 08:00:10.024 366 366 D MediaCodecsXmlParser: MediaCodec: cannot update non-existing codec: OMX.google.h263.encoder at line 31 of /vendor/etc/media_codecs_performance.xml
01-01 08:00:10.024 366 366 D MediaCodecsXmlParser: MediaCodec: cannot update non-existing codec: OMX.google.mpeg4.encoder at line 34 of /vendor/etc/media_codecs_performance.xml
01-01 08:00:10.024 366 366 D MediaCodecsXmlParser: MediaCodec: cannot update non-existing codec: OMX.google.vp8.encoder at line 37 of /vendor/etc/media_codecs_performance.xml
01-01 08:00:10.024 366 366 D MediaCodecsXmlParser: MediaCodec: cannot update non-existing codec: OMX.allwinner.video.decoder.h263 at line 59 of /vendor/etc/media_codecs_performance.xml
01-01 08:00:10.024 379 379 I CodecServiceRegistrant: Creating software Codec2 service...
01-01 08:00:10.024 366 366 D MediaCodecsXmlParser: MediaCodec: cannot update non-existing codec: OMX.google.mpeg4.decoder at line 80 of /vendor/etc/media_codecs_performance.xml
01-01 08:00:10.024 366 366 D MediaCodecsXmlParser: MediaCodec: cannot update non-existing codec: OMX.google.h264.decoder at line 83 of /vendor/etc/media_codecs_performance.xml
01-01 08:00:10.024 1 1 I /system/bin/init: type=1107 audit(0.0:307): uid=0 auid=4294967295 ses=4294967295 subj=u:r:init:s0 msg='avc: denied { set } for property=vendor.sys.tv_vdid_fex pid=263 uid=1000 gid=1003 scontext=u:r:hal_graphics_composer_default:s0 tcontext=u:object_r:vendor_default_prop:s0 tclass=property_service permissive=1'
01-01 08:00:10.026 263 404 W displayd: xxxxxxx: performDefaultConfig dirty=0
01-01 08:00:10.026 263 404 W displayd: xxxxxxx: Old config: type[4] mode[34] pixelformat[1] bits[0] eotf[4] colorspace[257]
01-01 08:00:10.026 263 404 W displayd: xxxxxxx: New config: type[4] mode[34] pixelformat[1] bits[0] eotf[4] colorspace[257]
01-01 08:00:10.026 263 404 I sunxihwc: switchDevice: display[1]: type=2 mode=0 enable=0
01-01 08:00:10.026 263 404 I sunxihwc: switchDevice: display[0]: type=4 mode=34 enable=1
01-01 08:00:10.026 263 404 D sunxihwc: setHotplugState: mbHotplug = 1
01-01 08:00:10.026 263 404 I sunxihwc: createSyncTimeline: DisplayEngine Frequency: 696000000 Hz
01-01 08:00:10.026 263 404 I sunxihwc: setup: timeline0 create
01-01 08:00:10.027 263 404 E sunxihwc: readFromFile: Could not open '/sys/firmware/devicetree/base/dram/dram_clk', No such file or directory(2)
01-01 08:00:10.027 263 404 E sunxihwc: readFromFile: Could not open '/sys/firmware/devicetree/base/dram/dram_mr1', No such file or directory(2)
01-01 08:00:10.027 263 404 E sunxihwc: readFromFile: Could not open '/sys/firmware/devicetree/base/dram/dram_type', No such file or directory(2)
01-01 08:00:10.027 263 404 I sunxihwc: getDramInfoFromDeviceTree: draminfo: freq 0 MHz, bus width 32 bits, type 0
01-01 08:00:10.027 263 404 I sunxihwc: computeEffectiveBandwidth: dram effective bandwidth: 0 MBytes
01-01 08:00:10.027 263 404 E sunxihwc: calculateBandwidthLimitation: getDramFrequency return error(0), fallback to default bandwidth config
01-01 08:00:10.027 263 404 I sunxihwc: setup: Bandwidth limitation: 49152000 Bytes per frame
01-01 08:00:10.027 366 366 D MediaCodecsXmlParser: MediaCodec: cannot update non-existing codec: OMX.google.h263.decoder at line 89 of /vendor/etc/media_codecs_performance.xml
01-01 08:00:10.027 366 366 D MediaCodecsXmlParser: MediaCodec: cannot update non-existing codec: OMX.google.hevc.decoder at line 93 of /vendor/etc/media_codecs_performance.xml
01-01 08:00:10.027 366 366 D MediaCodecsXmlParser: MediaCodec: cannot update non-existing codec: OMX.google.vp8.decoder at line 101 of /vendor/etc/media_codecs_performance.xml
01-01 08:00:10.027 366 366 D MediaCodecsXmlParser: MediaCodec: cannot update non-existing codec: OMX.google.vp9.decoder at line 107 of /vendor/etc/media_codecs_performance.xml
01-01 08:00:10.027 366 366 I MediaCodecsXmlParser: Did not find media_codecs_shaping.xml in search path
01-01 08:00:10.027 263 404 I sunxihwc: setDisplaydCb: get mDisplaydCb =0x0x696c4372
01-01 08:00:10.027 263 404 I sunxihwc: updateConnectedDevices: display[0] connected=1 type=4 device=0xf5f3200c
01-01 08:00:10.027 263 404 I sunxihwc: updateConnectedDevices: display[1] connected=0 type=2 device=0x0
01-01 08:00:10.028 366 366 E MediaCodecsXmlParser: Cannot find the role for a decoder of type video/divx
01-01 08:00:10.028 263 404 D sunxihwc: enqueueEvent: enqueueEvent: event 1
01-01 08:00:10.028 263 404 I sunxihwc: setMargin: display[0]: margin 84 84 84 84
01-01 08:00:10.028 263 285 D sunxihwc: enqueueEvent: enqueueEvent: event 1
01-01 08:00:10.028 366 366 E MediaCodecsXmlParser: Cannot find the role for a decoder of type video/jpeg
01-01 08:00:10.028 366 366 E MediaCodecsXmlParser: Cannot find the role for a decoder of type video/mpeg1
01-01 08:00:10.028 263 285 I sunxihwc: waitForHotplugIssued: Wait for display connect
01-01 08:00:10.028 263 403 W sunxihwc: deviceChangedEventProcess: Display.0 (hdmi0) connect
01-01 08:00:10.028 263 403 I sunxihwc: onHotplugReceived: display(0) connect state[1]
01-01 08:00:10.028 366 366 E MediaCodecsXmlParser: Cannot find the role for a decoder of type video/x-ms-mpeg4v1
01-01 08:00:10.028 263 403 I sunxihwc: onHotplugReceived: display size: 0 display.0 0 display.1 0 display.0 0
01-01 08:00:10.028 366 366 E MediaCodecsXmlParser: Cannot find the role for a decoder of type video/x-ms-mpeg4v2
01-01 08:00:10.028 366 366 E MediaCodecsXmlParser: Cannot find the role for a decoder of type video/rvg2
01-01 08:00:10.028 366 366 E MediaCodecsXmlParser: Cannot find the role for a decoder of type video/flv1
01-01 08:00:10.028 366 366 E MediaCodecsXmlParser: Cannot find the role for a decoder of type video/wvc1
01-01 08:00:10.028 263 403 W sunxihwc: onHotplugReceived: display(0) is 0xf5ea5010
01-01 08:00:10.028 366 366 E MediaCodecsXmlParser: Cannot find the role for a decoder of type video/x-vnd.on2.vp6
01-01 08:00:10.028 263 403 D sunxihwc: setDisplays: display =0xf5ea5010
01-01 08:00:10.028 263 403 D sunxihwc: setDisplays: display size=1
01-01 08:00:10.028 263 403 D sunxihwc: setHotplugState: mbHotplug = 0
01-01 08:00:10.028 366 366 E MediaCodecsXmlParser: Cannot find the role for a decoder of type video/wmv1
01-01 08:00:10.028 263 403 D sunxihwc: setHotplugState: mbHotplug = 0
01-01 08:00:10.028 366 366 E MediaCodecsXmlParser: Cannot find the role for a decoder of type video/wmv2
01-01 08:00:10.028 366 366 E MediaCodecsXmlParser: Cannot find the role for a decoder of type video/xvid
01-01 08:00:10.028 280 280 I SurfaceFlinger: onComposerHalHotplug(0, connected)
01-01 08:00:10.028 280 280 I HWComposer: Switching to legacy multi-display mode
01-01 08:00:10.029 280 280 E HWComposer: getAttribute: getDisplayAttribute failed for display 0: BadConfig (1)
01-01 08:00:10.029 263 404 W displayd: xxxxxxx: Turen on display(0), margin( 84, 84, 84, 84)
01-01 08:00:10.029 280 280 E HWComposer: getDisplayConnectionType: getDisplayConnectionType failed for display 0: Unsupported (8)
01-01 08:00:10.029 263 404 W displayd: xxxxxxx: Current device mapping:
01-01 08:00:10.029 263 404 W displayd: + display [1]: enable=0 type=2 mode=0
01-01 08:00:10.029 263 404 W displayd: + display [0]: enable=1 type=4 mode=34
01-01 08:00:10.029 263 404 I sunxihwc: registerCallback: registerCallback mEventCallback =0x0
01-01 08:00:10.029 263 404 I sunxihwc: setDisplaydCb: get mDisplaydCb =0x0xf5fd03f0
01-01 08:00:10.029 379 379 E cutils-trace: Error opening trace file: No such file or directory (2)
01-01 08:00:10.030 263 404 W displayd: xxxxxxx: threadedStartup end
01-01 08:00:10.030 280 413 W EventThread: Ignoring VSYNC request while display is disconnected
01-01 08:00:10.031 280 413 W EventThread: Ignoring VSYNC request while display is disconnected
01-01 08:00:10.031 280 414 W EventThread: Ignoring VSYNC request while display is disconnected
01-01 08:00:10.031 280 414 W EventThread: Ignoring VSYNC request while display is disconnected
01-01 08:00:10.032 280 413 W EventThread: Ignoring VSYNC request while display is disconnected
01-01 08:00:10.032 280 413 W EventThread: Ignoring VSYNC request while display is disconnected
01-01 08:00:10.032 263 285 D sunxihwc: getHdrCapabilities: getHdrCapabilities: support hdr10 and hlg
01-01 08:00:10.032 280 280 W HwcComposer: getPerFrameMetadataKeys failed with 8
01-01 08:00:10.035 381 381 I update_engine: [INFO:update_attempter_android.cc(1082)] Scheduling CleanupPreviousUpdateAction.
01-01 08:00:10.036 378 378 I HidlServiceManagement: Registered android.hardware.radio@1.6::IRadio/slot1
01-01 08:00:10.039 262 262 I gralloc : alloc buffer:W:1920 H:1080 S:1920 PL[1920 1080] SZ:8294400 fmt:1 if:0 af:1 usg:1b00 fg:00000004
01-01 08:00:10.043 262 262 I gralloc : alloc buffer:W:1920 H:1080 S:1920 PL[1920 1080] SZ:8294400 fmt:1 if:0 af:1 usg:1b00 fg:00000004
01-01 08:00:10.044 280 280 I SurfaceFlinger: Dispatching display hotplug event displayId=0, connected=1
01-01 08:00:10.044 263 410 I sunxihwc: pollThreadLoop: polling VsyncThread start
01-01 08:00:10.046 249 249 I zygote : Using memfd for future sealing
01-01 08:00:10.049 263 409 I sunxihwc: threadLoop: set CommitThread priority as HAL_PRIORITY_URGENT_DISPLAY
01-01 08:00:10.052 381 381 I update_engine: [INFO:action_processor.cc(51)] ActionProcessor: starting CleanupPreviousUpdateAction
01-01 08:00:10.057 381 381 I update_engine: [INFO:cleanup_previous_update_action.cc(149)] Starting/resuming CleanupPreviousUpdateAction
01-01 08:00:10.061 381 381 I update_engine: [INFO:cleanup_previous_update_action.cc(124)] CleanupPreviousUpdateAction scheduled task ID 1 for WaitBootCompleted
01-01 08:00:10.061 280 419 W SurfaceFlinger: Failed to set thread name on dispatch thread
01-01 08:00:10.072 356 356 I MediaExtractorFactory: plugin directory not present (/system/lib/extractors)
01-01 08:00:10.072 356 356 I MediaExtractorFactory: plugin directory not present (/system_ext/lib/extractors)
01-01 08:00:10.075 357 357 V MediaUtils: physMem: 2055442432
01-01 08:00:10.075 357 357 V MediaUtils: requested limit: 134217728
01-01 08:00:10.075 357 357 I libc : malloc_limit: Allocation limit enabled, max size 134217728 bytes
01-01 08:00:10.079 379 379 I HidlServiceManagement: Registered android.hardware.media.c2@1.2::IComponentStore/software
01-01 08:00:10.084 351 351 D gpioservice: main gpio service is running.
01-01 08:00:10.086 351 351 I gpioservice: ServiceManager: 0xeee6dcc0
01-01 08:00:10.086 351 351 D GpioService: GpioService created
01-01 08:00:10.087 184 184 E SELinux : avc: denied { add } for pid=351 uid=0 name=softwinner.gpio scontext=u:r:gpioservice:s0 tcontext=u:object_r:default_android_service:s0 tclass=service_manager permissive=1
01-01 08:00:10.089 357 357 D AudioPowerUsage: AudioPowerUsage
01-01 08:00:10.090 357 357 D AudioAnalytics: AudioAnalytics
01-01 08:00:10.090 357 357 D MediaMetricsService: MediaMetricsService
01-01 08:00:10.131 378 378 I HidlServiceManagement: Registered android.hardware.radio.config@1.3::IRadioConfig/default
01-01 08:00:10.131 185 185 I hwservicemanager: getTransport: Cannot find entry android.hardware.media.c2@1.0::IComponentStore/default in either framework or device VINTF manifest.
01-01 08:00:10.132 366 366 I HidlServiceManagement: Registered android.hardware.media.omx@1.0::IOmxStore/default
01-01 08:00:10.132 366 366 I HidlServiceManagement: Removing namespace from process name android.hardware.media.omx@1.0-service to omx@1.0-service.
01-01 08:00:10.133 379 379 I CodecServiceRegistrant: Preferred Codec2 store is defaulted to "software".
01-01 08:00:10.134 379 379 I CodecServiceRegistrant: Software Codec2 service created and registered.
01-01 08:00:10.148 355 355 D isomountservice: main isomount service is running.
01-01 08:00:10.150 355 355 I isomountservice: ServiceManager: 0xee2f1cc0
01-01 08:00:10.151 378 378 I HidlServiceManagement: Registered android.hardware.radio@1.2::ISap/slot1
01-01 08:00:10.159 361 361 E cutils-trace: Error opening trace file: No such file or directory (2)
01-01 08:00:10.163 350 350 I cameraserver: ServiceManager: 0xf4135960
01-01 08:00:10.163 350 350 I CameraService: CameraService started (pid=350)
01-01 08:00:10.163 350 350 I CameraService: CameraService process starting
01-01 08:00:10.164 350 350 W BatteryNotifier: batterystats service unavailable!
01-01 08:00:10.164 350 350 W BatteryNotifier: batterystats service unavailable!
01-01 08:00:10.165 350 350 E cutils-trace: Error opening trace file: No such file or directory (2)
01-01 08:00:10.169 361 361 W storaged: health: invalid battery status
01-01 08:00:10.172 350 350 I CameraProviderManager: Connecting to new camera provider: external/0, isRemote? 1
01-01 08:00:10.174 350 350 I CameraProviderManager: Camera provider external/0 ready with 0 camera devices
01-01 08:00:10.174 350 432 W CameraProviderManager: addProviderLocked: Camera provider HAL with name 'external/0' already registered
01-01 08:00:10.175 350 350 I cameraserver: Waiting for activity service
01-01 08:00:10.176 273 273 I ServiceManager: Waiting for service 'media.metrics' on '/dev/binder' successful after waiting 957ms
01-01 08:00:10.176 273 273 I AudioFlinger: Using default 3000 mSec as standby time.
01-01 08:00:10.180 361 361 I ServiceManager: Waiting for service 'package_native' on '/dev/binder'...
01-01 08:00:10.182 357 429 I ServiceManager: Waiting for service 'package_native' on '/dev/binder'...
01-01 08:00:10.182 359 359 D multiir : multi_ir open uinput dev
01-01 08:00:10.183 364 364 D systemmixservice: main SystemMix service is running.
01-01 08:00:10.180 343 343 I xiriservice_All: type=1400 audit(0.0:308): avc: denied { read } for scontext=u:r:init:s0 tcontext=u:r:init:s0 tclass=netlink_kobject_uevent_socket permissive=1
01-01 08:00:10.184 321 323 D XM_HIDREAD: add@ add@/devices/virtual/input/input1
01-01 08:00:10.184 364 364 I systemmixservice: ServiceManager: 0xef181cb0
01-01 08:00:10.184 364 364 D SystemMixService: SystemMixService created
01-01 08:00:10.191 359 359 I input : sunxi-ir-uinput as /devices/virtual/input/input1
01-01 08:00:10.185 184 184 E SELinux : avc: denied { add } for pid=364 uid=0 name=softwinner.systemmix scontext=u:r:systemmix:s0 tcontext=u:object_r:default_android_service:s0 tclass=service_manager permissive=1
01-01 08:00:10.184 326 326 I rainbow_flow: type=1400 audit(0.0:309): avc: denied { ioctl } for path="/dev/spidev1.0" dev="tmpfs" ino=7243 ioctlcmd=0x6b00 scontext=u:r:init:s0 tcontext=u:object_r:device:s0 tclass=chr_file permissive=1
01-01 08:00:10.186 321 323 D XM_HIDREAD: add@ add@/devices/virtual/input/input1/event1
01-01 08:00:10.187 359 359 D multiir : uinputfd=4
01-01 08:00:10.184 269 269 I EventThread: type=1400 audit(0.0:310): avc: denied { search } for name="extcon" dev="sysfs" ino=18109 scontext=u:r:hal_tv_cec_default:s0 tcontext=u:object_r:sysfs_extcon:s0 tclass=dir permissive=1
01-01 08:00:10.221 273 273 E APM::HwModule: refreshSupportedDevices: invalid source devices for primary input
01-01 08:00:10.222 273 273 E APM::HwModule: refreshSupportedDevices: invalid source devices for fast input
01-01 08:00:10.230 359 359 D multiir : uevent listen start
01-01 08:00:10.231 273 273 D APM_EngineLoader: Loaded engine from libaudiopolicyenginedefault.so
01-01 08:00:10.232 273 273 D APM::AudioPolicyEngine/Base: loadAudioPolicyEngineConfig: No configuration found, using default matching phone experience.
01-01 08:00:10.265 273 273 W APM::AudioPolicyEngine/Base: loadAudioPolicyEngineConfig: No configuration of AUDIO_STREAM_ASSISTANT found, using default volume configuration
01-01 08:00:10.275 273 273 W APM::AudioPolicyEngine/Base: loadAudioPolicyEngineConfig: No configuration of AUDIO_STREAM_CALL_ASSISTANT found, using default volume configuration
01-01 08:00:10.298 254 254 V audio_hw_primary: init_audio_devices, line: 611
01-01 08:00:10.298 254 254 D audio_hw_primary: read card /sys/class/sound/card0/id
01-01 08:00:10.299 254 254 D audio_hw_primary: /sys/class/sound/card0/id, audiocodec, len: 11
01-01 08:00:10.299 254 254 D audio_hw_primary: linux name = audiocodec, android name = AUDIO_CODEC
01-01 08:00:10.299 254 254 D audio_hw_primary: find name map, card_id = audiocodec, card_name = AUDIO_CODEC
01-01 08:00:10.299 254 254 V audio_hw_primary: card: 0, name: AUDIO_CODEC, capture: 0, playback: 1
01-01 08:00:10.299 254 254 D audio_hw_primary: read card /sys/class/sound/card1/id
01-01 08:00:10.299 254 254 D audio_hw_primary: /sys/class/sound/card1/id, sndspdif, len: 9
01-01 08:00:10.299 254 254 D audio_hw_primary: linux name = sndspdif, android name = AUDIO_SPDIF
01-01 08:00:10.299 254 254 D audio_hw_primary: find name map, card_id = sndspdif, card_name = AUDIO_SPDIF
01-01 08:00:10.299 254 254 V audio_hw_primary: card: 1, name: AUDIO_SPDIF, capture: 1, playback: 1
01-01 08:00:10.299 254 254 D audio_hw_primary: read card /sys/class/sound/card2/id
01-01 08:00:10.300 254 254 D audio_hw_primary: /sys/class/sound/card2/id, ahubdam, len: 8
01-01 08:00:10.300 254 254 D audio_hw_primary: linux name = ahubdam, android name = AUDIO_DAM
01-01 08:00:10.300 254 254 D audio_hw_primary: find name map, card_id = ahubdam, card_name = AUDIO_DAM
01-01 08:00:10.300 254 254 V audio_hw_primary: card: 2, name: AUDIO_DAM, capture: 0, playback: 0
01-01 08:00:10.300 254 254 D audio_hw_primary: read card /sys/class/sound/card3/id
01-01 08:00:10.300 254 254 D audio_hw_primary: /sys/class/sound/card3/id, ahubhdmi, len: 9
01-01 08:00:10.300 254 254 D audio_hw_primary: linux name = ahubhdmi, android name = AUDIO_HDMI
01-01 08:00:10.300 254 254 D audio_hw_primary: find name map, card_id = ahubhdmi, card_name = AUDIO_HDMI
01-01 08:00:10.300 254 254 V audio_hw_primary: card: 3, name: AUDIO_HDMI, capture: 1, playback: 1
01-01 08:00:10.300 254 254 D audio_hw_primary: read card /sys/class/sound/card4/id
01-01 08:00:10.300 254 254 D audio_hw_primary: /sys/class/sound/card4/id, ahubi2s2, len: 9
01-01 08:00:10.300 254 254 D audio_hw_primary: linux name = ahubi2s2, android name = AUDIO_I2S2
01-01 08:00:10.300 254 254 D audio_hw_primary: find name map, card_id = ahubi2s2, card_name = AUDIO_I2S2
01-01 08:00:10.301 254 254 V audio_hw_primary: card: 4, name: AUDIO_I2S2, capture: 1, playback: 1
01-01 08:00:10.301 254 254 D audio_hw_primary: getCardNumbyName: name = AUDIO_CODEC , card = 0
01-01 08:00:10.301 254 254 D audio_hw_primary: getCardNumbyName: name = AUDIO_DAM , card = 2
01-01 08:00:10.301 254 254 D audio_hw_primary: getCardNumbyName: name = AUDIO_HDMI , card = 3
01-01 08:00:10.301 254 254 D audio_hw_primary: getCardNumbyName: name = AUDIO_I2S2 , card = 4
01-01 08:00:10.301 254 254 D audio_hw_primary: getCardNumbyName: name = AUDIO_SPDIF , card = 1
01-01 08:00:10.301 254 254 E audio_hw_primary: AUDIO_BT card does not exist
01-01 08:00:10.301 254 254 E audio_hw_primary: AUDIO_MIX card does not exist
