06-25 14:28:14.537 832 832 D wpa_supplicant: nl80211: Regulatory information - country=CN (DFS-FCC)
06-25 14:28:14.537 832 832 D wpa_supplicant: nl80211: 2400-2483 @ 40 MHz 20 mBm
06-25 14:28:14.537 832 832 D wpa_supplicant: nl80211: 5150-5350 @ 80 MHz 20 mBm (DFS)
06-25 14:28:14.537 832 832 D wpa_supplicant: nl80211: 5725-5850 @ 80 MHz 33 mBm
06-25 14:28:14.537 832 832 D wpa_supplicant: nl80211: 57240-59400 @ 2160 MHz 28 mBm
06-25 14:28:14.537 832 832 D wpa_supplicant: nl80211: 59400-63720 @ 2160 MHz 44 mBm
06-25 14:28:14.537 832 832 D wpa_supplicant: nl80211: 63720-65880 @ 2160 MHz 28 mBm
06-25 14:28:14.537 832 832 D wpa_supplicant: nl80211: Added 802.11b mode based on 802.11g information
06-25 14:28:14.537 832 832 D wpa_supplicant: nl80211: Mode IEEE 802.11g: 2412 2417 2422 2427 2432 2437 2442 2447 2452 2457 2462 2467 2472 2484[DISABLED]
06-25 14:28:14.537 832 832 D wpa_supplicant: nl80211: Mode IEEE 802.11a: 5170[DISABLED] 5180 5200 5220 5240 5260[RADAR] 5280[RADAR] 5300[RADAR] 5320[RADAR] 5500[DISABLED][RADAR] 5520[DISABLED][RADAR] 5540[DISABLED][RADAR] 5560[DISABLED][RADAR] 5580[DISABLED][RADAR]
06-25 14:28:14.537 832 832 D wpa_supplicant: nl80211: Mode IEEE 802.11b: 2412 2417 2422 2427 2432 2437 2442 2447 2452 2457 2462 2467 2472 2484[DISABLED]
06-25 14:28:14.537 832 832 D wpa_supplicant: wlan0: Updating hw mode
06-25 14:28:14.538 832 832 D wpa_supplicant: nl80211: No channel number found for frequency 5920 MHz
06-25 14:28:14.539 832 832 D wpa_supplicant: nl80211: No channel number found for frequency 5940 MHz
06-25 14:28:14.539 832 832 D wpa_supplicant: nl80211: Regulatory information - country=CN (DFS-FCC)
06-25 14:28:14.539 832 832 D wpa_supplicant: nl80211: 2400-2483 @ 40 MHz 20 mBm
06-25 14:28:14.539 832 832 D wpa_supplicant: nl80211: 5150-5350 @ 80 MHz 20 mBm (DFS)
06-25 14:28:14.540 832 832 D wpa_supplicant: nl80211: 5725-5850 @ 80 MHz 33 mBm
06-25 14:28:14.540 832 832 D wpa_supplicant: nl80211: 57240-59400 @ 2160 MHz 28 mBm
06-25 14:28:14.540 832 832 D wpa_supplicant: nl80211: 59400-63720 @ 2160 MHz 44 mBm
06-25 14:28:14.540 832 832 D wpa_supplicant: nl80211: 63720-65880 @ 2160 MHz 28 mBm
06-25 14:28:14.540 832 832 D wpa_supplicant: nl80211: Added 802.11b mode based on 802.11g information
06-25 14:28:14.540 832 832 D wpa_supplicant: nl80211: Mode IEEE 802.11g: 2412 2417 2422 2427 2432 2437 2442 2447 2452 2457 2462 2467 2472 2484[DISABLED]
06-25 14:28:14.540 832 832 D wpa_supplicant: nl80211: Mode IEEE 802.11a: 5170[DISABLED] 5180 5200 5220 5240 5260[RADAR] 5280[RADAR] 5300[RADAR] 5320[RADAR] 5500[DISABLED][RADAR] 5520[DISABLED][RADAR] 5540[DISABLED][RADAR] 5560[DISABLED][RADAR] 5580[DISABLED][RADAR]
06-25 14:28:14.540 832 832 D wpa_supplicant: nl80211: Mode IEEE 802.11b: 2412 2417 2422 2427 2432 2437 2442 2447 2452 2457 2462 2467 2472 2484[DISABLED]
06-25 14:28:14.540 832 832 D wpa_supplicant: p2p-dev-wlan0: Determining shared radio frequencies (max len 2)
06-25 14:28:14.540 379 947 D SimpleC2Component: Using output block pool with poolID 19 => got 19 - 0
06-25 14:28:14.540 832 832 D wpa_supplicant: p2p-dev-wlan0: Shared frequencies (len=0): completed iteration
06-25 14:28:14.540 832 832 D wpa_supplicant: P2P: Add operating class 81
06-25 14:28:14.540 832 832 D wpa_supplicant: P2P: Channels - hexdump(len=13): 01 02 03 04 05 06 07 08 09 0a 0b 0c 0d
06-25 14:28:14.540 832 832 D wpa_supplicant: P2P: Add operating class 115
06-25 14:28:14.540 832 832 D wpa_supplicant: P2P: Channels - hexdump(len=4): 24 28 2c 30
06-25 14:28:14.540 832 832 D wpa_supplicant: P2P: Add operating class 116
06-25 14:28:14.540 832 832 D wpa_supplicant: P2P: Channels - hexdump(len=2): 24 2c
06-25 14:28:14.540 832 832 D wpa_supplicant: P2P: Add operating class 117
06-25 14:28:14.540 832 832 D wpa_supplicant: P2P: Channels - hexdump(len=2): 28 30
06-25 14:28:14.540 832 832 D wpa_supplicant: P2P: Add operating class 124
06-25 14:28:14.540 832 832 D wpa_supplicant: P2P: Channels - hexdump(len=4): 95 99 9d a1
06-25 14:28:14.540 832 832 D wpa_supplicant: P2P: Add operating class 125
06-25 14:28:14.540 832 832 D wpa_supplicant: P2P: Channels - hexdump(len=5): 95 99 9d a1 a5
06-25 14:28:14.540 832 832 D wpa_supplicant: P2P: Add operating class 126
06-25 14:28:14.540 832 832 D wpa_supplicant: P2P: Channels - hexdump(len=2): 95 9d
06-25 14:28:14.540 832 832 D wpa_supplicant: P2P: Add operating class 127
06-25 14:28:14.540 832 832 D wpa_supplicant: P2P: Channels - hexdump(len=2): 99 a1
06-25 14:28:14.540 832 832 D wpa_supplicant: P2P: Add operating class 128
06-25 14:28:14.540 832 832 D wpa_supplicant: P2P: Channels - hexdump(len=8): 24 28 2c 30 95 99 9d a1
06-25 14:28:14.540 832 832 D wpa_supplicant: P2P: Add operating class 130
06-25 14:28:14.540 832 832 D wpa_supplicant: P2P: Channels - hexdump(len=9): 24 28 2c 30 95 99 9d a1 a5
06-25 14:28:14.540 832 832 D wpa_supplicant: P2P: Update channel list
06-25 14:28:14.541 832 832 D wpa_supplicant: P2P: channels: 81:1,2,3,4,5,6,7,8,9,10,11,12,13 115:36,40,44,48 116:36,44 117:40,48 124:149,153,157,161 125:149,153,157,161,165 126:149,157 127:153,161 128:36,40,44,48,149,153,157,161 130:36,40,44,48,149,153,157,161,165
06-25 14:28:14.541 832 832 D wpa_supplicant: P2P: cli_channels:
06-25 14:28:14.544 365 365 I wificond: 2.4Ghz frequencies: 2412 2417 2422 2427 2432 2437 2442 2447 2452 2457 2462 2467 2472
06-25 14:28:14.544 365 365 I wificond: 5Ghz non-DFS frequencies: 5180 5200 5220 5240 5745 5765 5785 5805 5825
06-25 14:28:14.544 365 365 I wificond: 5Ghz DFS frequencies: 5260 5280 5300 5320
06-25 14:28:14.544 365 365 I wificond: 6Ghz frequencies:
06-25 14:28:14.544 365 365 I wificond: 60Ghz frequencies:
06-25 14:28:14.544 479 755 D WifiNl80211Manager: OnRegDomainChanged CN
06-25 14:28:14.546 479 755 D WifiNative: onCountryCodeChanged: CN
06-25 14:28:14.546 829 948 D ReflectedParamUpdater: extent() != 1 for single value type: algo.buffers.max-count.values
06-25 14:28:14.547 479 755 I WifiCountryCode: Receive onDriverCountryCodeChanged CN
06-25 14:28:14.553 829 948 D ReflectedParamUpdater: extent() != 1 for single value type: output.subscribed-indices.values
06-25 14:28:14.553 829 948 D ReflectedParamUpdater: extent() != 1 for single value type: input.buffers.allocator-ids.values
06-25 14:28:14.554 479 611 D WakeupController: onWifiEnabled()
06-25 14:28:14.556 829 948 D ReflectedParamUpdater: extent() != 1 for single value type: output.buffers.allocator-ids.values
06-25 14:28:14.561 829 948 D ReflectedParamUpdater: extent() != 1 for single value type: algo.buffers.allocator-ids.values
06-25 14:28:14.564 829 948 D ReflectedParamUpdater: extent() != 1 for single value type: output.buffers.pool-ids.values
06-25 14:28:14.565 829 948 D ReflectedParamUpdater: extent() != 1 for single value type: algo.buffers.pool-ids.values
06-25 14:28:14.566 479 611 W WifiClientModeImpl: No cached packet filter to apply
06-25 14:28:14.567 479 611 D WifiClientModeImpl[wlan0]: entering ConnectableState: ifaceName = wlan0
06-25 14:28:14.568 829 948 I CCodecConfig: query failed after returning 7 values (BAD_INDEX)
06-25 14:28:14.569 829 948 D CCodecConfig: c2 config diff is Dict {
06-25 14:28:14.569 829 948 D CCodecConfig: c2::u32 coded.bitrate.value = 64000
06-25 14:28:14.569 829 948 D CCodecConfig: c2::u32 input.buffers.max-size.value = 32768
06-25 14:28:14.569 829 948 D CCodecConfig: c2::u32 input.delay.value = 0
06-25 14:28:14.569 829 948 D CCodecConfig: string input.media-type.value = "audio/vorbis"
06-25 14:28:14.569 829 948 D CCodecConfig: string output.media-type.value = "audio/raw"
06-25 14:28:14.569 829 948 D CCodecConfig: c2::u32 raw.channel-count.value = 1
06-25 14:28:14.569 829 948 D CCodecConfig: c2::u32 raw.sample-rate.value = 48000
06-25 14:28:14.569 829 948 D CCodecConfig: }
06-25 14:28:14.570 832 832 D wpa_supplicant: sprd_wpa_driver_nl80211_driver_cmd SETSUSPENDMODE 1 len = 0, 16
06-25 14:28:14.573 829 948 D CCodec : [c2.android.vorbis.decoder] buffers are bound to CCodec for this session
06-25 14:28:14.573 829 948 D CCodecConfig: no c2 equivalents for durationUs
06-25 14:28:14.573 829 948 D CCodecConfig: no c2 equivalents for track-id
06-25 14:28:14.573 829 948 D CCodecConfig: no c2 equivalents for csd-1
06-25 14:28:14.573 829 948 D CCodecConfig: no c2 equivalents for channel-mask
06-25 14:28:14.573 829 948 D CCodecConfig: no c2 equivalents for flags
06-25 14:28:14.575 829 948 D CCodecConfig: c2 config diff is c2::u32 coded.bitrate.value = 224000
06-25 14:28:14.575 829 948 D CCodecConfig: c2::u32 raw.channel-count.value = 2
06-25 14:28:14.579 829 948 W Codec2Client: query -- param skipped: index = 1107298332.
06-25 14:28:14.579 829 948 D CCodec : setup formats input: AMessage(what = 0x00000000) = {
06-25 14:28:14.579 829 948 D CCodec : int32_t bitrate = 224000
06-25 14:28:14.579 829 948 D CCodec : int32_t channel-count = 2
06-25 14:28:14.579 829 948 D CCodec : int32_t max-input-size = 32768
06-25 14:28:14.579 829 948 D CCodec : string mime = "audio/vorbis"
06-25 14:28:14.579 829 948 D CCodec : int32_t sample-rate = 48000
06-25 14:28:14.579 829 948 D CCodec : }
06-25 14:28:14.580 829 948 D CCodec : setup formats output: AMessage(what = 0x00000000) = {
06-25 14:28:14.580 829 948 D CCodec : int32_t channel-count = 2
06-25 14:28:14.580 829 948 D CCodec : string mime = "audio/raw"
06-25 14:28:14.580 829 948 D CCodec : int32_t sample-rate = 48000
06-25 14:28:14.580 829 948 D CCodec : int32_t channel-mask = 3
06-25 14:28:14.580 829 948 D CCodec : }
06-25 14:28:14.580 829 948 I CCodecConfig: query failed after returning 7 values (BAD_INDEX)
06-25 14:28:14.580 829 948 W Codec2Client: query -- param skipped: index = 1342179345.
06-25 14:28:14.580 829 948 W Codec2Client: query -- param skipped: index = 2415921170.
06-25 14:28:14.581 479 611 D WifiClientModeImpl[wlan0]: Start makeIpClient ifaceName = wlan0
06-25 14:28:14.602 829 948 D CCodecBufferChannel: [c2.android.vorbis.decoder#312] Created input block pool with allocatorID 16 => poolID 18 - OK (0)
06-25 14:28:14.605 829 948 I CCodecBufferChannel: [c2.android.vorbis.decoder#312] Created output block pool with allocatorID 16 => poolID 20 - OK
06-25 14:28:14.605 829 948 D CCodecBufferChannel: [c2.android.vorbis.decoder#312] Configured output block pool ids 20 => OK
06-25 14:28:14.613 479 755 D NetworkStats: registerNetworkStatsProvider from OffloadController uid/pid=1073/790
06-25 14:28:14.619 379 950 D SimpleC2Component: Using output block pool with poolID 20 => got 20 - 0
01-01 08:00:18.626 895 895 E cma : cma_alloc: alloc failed, req-size: 8 pages, ret: -16
01-01 08:00:18.650 895 895 E cma : cma_alloc: alloc failed, req-size: 8 pages, ret: -16
06-25 14:28:14.746 479 755 D NetworkStats: registerNetworkStatsProvider from BpfCoordinator uid/pid=1073/790
06-25 14:28:14.754 829 925 D CCodecBufferChannel: [c2.android.vorbis.decoder#749] MediaCodec discarded an unknown buffer
06-25 14:28:14.759 829 925 I hw-BpHwBinder: onLastStrongRef automatically unlinking death recipients
06-25 14:28:14.778 829 948 I hw-BpHwBinder: onLastStrongRef automatically unlinking death recipients
06-25 14:28:14.779 790 790 D CompatibilityChangeReporter: Compat change id reported: 147600208; UID 1073; state: ENABLED
06-25 14:28:14.779 379 820 I hw-BpHwBinder: onLastStrongRef automatically unlinking death recipients
06-25 14:28:14.785 479 583 D CompatibilityChangeReporter: Compat change id reported: 182478738; UID 1073; state: DISABLED
06-25 14:28:14.816 790 790 V WifiManager: registerSoftApCallback: callback=com.android.networkstack.tethering.Tethering$TetheringSoftApCallback@e3785c, executor=com.android.networkstack.tethering.Tethering$TetheringThreadExecutor@2ae7765
06-25 14:28:14.822 680 680 W SystemServiceRegistry: No service published for: fingerprint
06-25 14:28:14.829 479 583 D ConnectivityService: requestNetwork for uid/pid:1073/790 activeRequest: null callbackRequest: 21 [NetworkRequest [ TRACK_SYSTEM_DEFAULT id=21, [ Capabilities: INTERNET&NOT_RESTRICTED&TRUSTED&NOT_VPN&NOT_VCN_MANAGED RequestorUid: 1073 RequestorPkg: com.android.networkstack.tethering] ]] callback flags: 0 priority: 2147483647
06-25 14:28:14.829 680 680 W SystemServiceRegistry: No service published for: face
06-25 14:28:14.830 479 618 D ConnectivityService: NetReassign [no changes]
06-25 14:28:14.852 479 479 W Looper : Slow dispatch took 293ms main h=android.app.ActivityThread$H c=android.app.LoadedApk$ReceiverDispatcher$Args$$ExternalSyntheticLambda0@6a2abd6 m=0
06-25 14:28:14.857 479 479 D WifiP2pService: Wifi enabled=false
06-25 14:28:14.884 479 479 D ConditionProviders.SCP: onSubscribe condition://android/schedule?days=1.2.3.4.5.6.7&start=22.0&end=7.0&exitAtAlarm=true
06-25 14:28:14.886 479 479 D ConditionProviders.SCP: setRegistered true
06-25 14:28:14.905 479 479 D ConditionProviders.SCP: evaluateSubscriptionLocked cal=ScheduleCalendar[mDays={1, 2, 3, 4, 5, 6, 7}, mSchedule=ScheduleInfo{days=[1, 2, 3, 4, 5, 6, 7], startHour=22, startMinute=0, endHour=7, endMinute=0, exitAtAlarm=true, nextAlarm=Thu Jan 01 08:00:00 GMT+08:00 1970 (0)}], now=Wed Jun 25 14:28:14 GMT+08:00 2025 (1750832894886), nextUserAlarmTime=Thu Jan 01 08:00:00 GMT+08:00 1970 (0)
06-25 14:28:14.909 479 479 D ConditionProviders.SCP: notifyCondition condition://android/schedule?days=1.2.3.4.5.6.7&start=22.0&end=7.0&exitAtAlarm=true STATE_FALSE reason=!meetsSchedule
06-25 14:28:14.915 479 624 W ActivityThread: Failed to find provider info for com.android.calendar (user not unlocked)
06-25 14:28:14.919 479 479 D ConditionProviders.SCP: Scheduling evaluate for Wed Jun 25 22:00:00 GMT+08:00 2025 (1750860000000), in +7h31m45s114ms, now=Wed Jun 25 14:28:14 GMT+08:00 2025 (1750832894886)
06-25 14:28:14.923 479 624 W ActivityThread: Failed to find provider info for com.android.calendar (user not unlocked)
06-25 14:28:14.923 479 755 D CompatibilityChangeReporter: Compat change id reported: 157233955; UID 10067; state: ENABLED
06-25 14:28:14.928 269 269 D hdmi-cec: cec physical address: 2.0.0.0
06-25 14:28:14.928 269 269 D hdmi-cec: cec physical address: 2.0.0.0
06-25 14:28:14.928 269 269 D hdmi-cec: cec physical address: 2.0.0.0
06-25 14:28:14.930 269 269 D hdmi-cec: addLogicalAddress (4)
06-25 14:28:14.930 269 269 D hdmi-cec: cec physical address: 2.0.0.0
06-25 14:28:14.945 479 704 D CCodecBufferChannel: [c2.android.vorbis.decoder#42] MediaCodec discarded an unknown buffer
06-25 14:28:14.945 479 704 D CCodecBufferChannel: [c2.android.vorbis.decoder#42] MediaCodec discarded an unknown buffer
06-25 14:28:14.945 479 704 D CCodecBufferChannel: [c2.android.vorbis.decoder#42] MediaCodec discarded an unknown buffer
06-25 14:28:14.949 479 704 I hw-BpHwBinder: onLastStrongRef automatically unlinking death recipients
06-25 14:28:14.956 479 479 I ConnectivityModuleConnector: Networking module service connected
06-25 14:28:14.956 479 479 I ConnectivityModuleConnector: Networking module service connected
06-25 14:28:14.956 479 479 I NetworkStackClient: Network stack service connected
06-25 14:28:14.971 479 705 D CCodecBufferChannel: [c2.android.vorbis.decoder#546] MediaCodec discarded an unknown buffer
06-25 14:28:14.971 479 705 D CCodecBufferChannel: [c2.android.vorbis.decoder#546] MediaCodec discarded an unknown buffer
06-25 14:28:14.971 479 705 D CCodecBufferChannel: [c2.android.vorbis.decoder#546] MediaCodec discarded an unknown buffer
06-25 14:28:14.974 479 479 D BluetoothManagerService: BluetoothServiceConnection: com.android.bluetooth.btservice.AdapterService
06-25 14:28:14.975 479 524 D BluetoothManagerService: MESSAGE_BLUETOOTH_SERVICE_CONNECTED: 1
06-25 14:28:14.977 479 479 D AutofillManagerService: Restriction did not change for user 0
06-25 14:28:14.978 479 479 I ExplicitHealthCheckController: Explicit health check service is connected ComponentInfo{android.ext.services/android.ext.services.watchdog.ExplicitHealthCheckServiceImpl}
06-25 14:28:14.978 479 705 I hw-BpHwBinder: onLastStrongRef automatically unlinking death recipients
06-25 14:28:14.979 379 959 I hw-BpHwBinder: onLastStrongRef automatically unlinking death recipients
06-25 14:28:14.980 379 959 V C2Store : in ~ComponentModule
06-25 14:28:14.980 379 959 V C2Store : unloading dll
06-25 14:28:14.985 479 479 I ExplicitHealthCheckController: Service initialized, syncing requests
06-25 14:28:14.985 479 700 D MediaCodecList: codecHandlesFormat: no format, so no extra checks
06-25 14:28:14.988 479 524 D BluetoothManagerService: Broadcasting onBluetoothServiceUp() to 2 receivers.
06-25 14:28:14.989 479 524 D BluetoothAdapter: onBluetoothServiceUp: android.bluetooth.IBluetooth$Stub$Proxy@945de04
06-25 14:28:14.989 479 967 D CCodec : allocate(c2.android.vorbis.decoder)
06-25 14:28:14.990 666 681 D BluetoothAdapter: onBluetoothServiceUp: com.android.bluetooth.btservice.AdapterService$AdapterServiceBinder@4938f19
06-25 14:28:14.991 379 959 V C2Store : in init
06-25 14:28:14.991 379 959 V C2Store : loading dll
06-25 14:28:14.993 666 681 D BluetoothAdapterService: enable() - Enable called with quiet mode status = false
06-25 14:28:14.993 666 831 I AdapterState: BLE_TURNING_ON : entered
06-25 14:28:14.994 666 831 D AdapterProperties: Setting state to BLE_TURNING_ON
06-25 14:28:14.995 666 831 D BluetoothAdapterService: updateAdapterState() - Broadcasting state BLE_TURNING_ON to 1 receivers.
06-25 14:28:14.995 479 479 D WifiP2pService: Wifi enabled=true
06-25 14:28:14.996 479 524 D BluetoothManagerService: MESSAGE_BLUETOOTH_STATE_CHANGE: OFF > BLE_TURNING_ON
06-25 14:28:14.996 479 479 V NotificationAssistants: 0 notification assistant service connected: ComponentInfo{android.ext.services/android.ext.services.notification.Assistant}
06-25 14:28:14.996 479 524 D BluetoothManagerService: Sending BLE State Change: OFF > BLE_TURNING_ON
06-25 14:28:14.997 479 479 I ConnectivityModuleConnector: Networking module service connected
06-25 14:28:14.997 479 479 I ConnectivityModuleConnector: Networking module service connected
06-25 14:28:14.999 479 967 I CCodec : Created component [c2.android.vorbis.decoder]
06-25 14:28:15.001 479 967 D CCodecConfig: read media type: audio/vorbis
06-25 14:28:15.006 666 831 D BluetoothAdapterService: bleOnProcessStart()
06-25 14:28:15.007 479 967 D ReflectedParamUpdater: extent() != 1 for single value type: algo.buffers.max-count.values
06-25 14:28:15.007 666 831 I AdapterProperties: init(), maxConnectedAudioDevices, default=5, propertyOverlayed=5, finalValue=5
06-25 14:28:15.008 479 479 I PackageWatchdog: Syncing health check requests for packages: {}
06-25 14:28:15.008 479 479 D ExplicitHealthCheckController: Getting health check supported packages
06-25 14:28:15.009 479 479 W Looper : Drained
06-25 14:28:15.011 479 967 D ReflectedParamUpdater: extent() != 1 for single value type: output.subscribed-indices.values
06-25 14:28:15.012 479 582 I ExplicitHealthCheckController: Explicit health check supported packages [PackageConfig{com.android.networkstack, 86400000}]
06-25 14:28:15.012 479 582 D PackageWatchdog: Received supported packages [PackageConfig{com.android.networkstack, 86400000}]
06-25 14:28:15.012 479 582 D ExplicitHealthCheckController: Getting health check requested packages
06-25 14:28:15.013 479 967 D ReflectedParamUpdater: extent() != 1 for single value type: input.buffers.allocator-ids.values
06-25 14:28:15.013 479 967 D ReflectedParamUpdater: extent() != 1 for single value type: output.buffers.allocator-ids.values
06-25 14:28:15.013 479 967 D ReflectedParamUpdater: extent() != 1 for single value type: algo.buffers.allocator-ids.values
06-25 14:28:15.014 479 967 D ReflectedParamUpdater: extent() != 1 for single value type: output.buffers.pool-ids.values
06-25 14:28:15.014 479 967 D ReflectedParamUpdater: extent() != 1 for single value type: algo.buffers.pool-ids.values
06-25 14:28:15.015 666 831 D BluetoothAdapterService: bleOnProcessStart() - Make Bond State Machine
06-25 14:28:15.015 666 831 D BluetoothBondStateMachine: make
06-25 14:28:15.015 479 502 I ExplicitHealthCheckController: Explicit health check requested packages []
06-25 14:28:15.016 479 502 I ExplicitHealthCheckController: No more health check requests, unbinding...
06-25 14:28:15.018 479 967 I CCodecConfig: query failed after returning 7 values (BAD_INDEX)
06-25 14:28:15.018 479 967 D CCodecConfig: c2 config diff is Dict {
06-25 14:28:15.018 479 967 D CCodecConfig: c2::u32 coded.bitrate.value = 64000
06-25 14:28:15.018 479 967 D CCodecConfig: c2::u32 input.buffers.max-size.value = 32768
06-25 14:28:15.018 479 967 D CCodecConfig: c2::u32 input.delay.value = 0
06-25 14:28:15.018 479 967 D CCodecConfig: string input.media-type.value = "audio/vorbis"
06-25 14:28:15.018 479 967 D CCodecConfig: string output.media-type.value = "audio/raw"
06-25 14:28:15.018 479 967 D CCodecConfig: c2::u32 raw.channel-count.value = 1
06-25 14:28:15.018 479 967 D CCodecConfig: c2::u32 raw.sample-rate.value = 48000
06-25 14:28:15.018 479 967 D CCodecConfig: }
06-25 14:28:15.021 479 502 I ExplicitHealthCheckController: Explicit health check service is unbound
06-25 14:28:15.022 479 967 D CCodec : [c2.android.vorbis.decoder] buffers are bound to CCodec for this session
06-25 14:28:15.022 479 967 D CCodecConfig: no c2 equivalents for durationUs
06-25 14:28:15.022 479 967 D CCodecConfig: no c2 equivalents for track-id
06-25 14:28:15.022 479 967 D CCodecConfig: no c2 equivalents for csd-1
06-25 14:28:15.022 479 967 D CCodecConfig: no c2 equivalents for channel-mask
06-25 14:28:15.022 479 967 D CCodecConfig: no c2 equivalents for flags
06-25 14:28:15.023 479 967 D CCodecConfig: c2 config diff is c2::u32 coded.bitrate.value = 499821
06-25 14:28:15.023 479 967 D CCodecConfig: c2::u32 raw.channel-count.value = 2
06-25 14:28:15.023 479 967 D CCodecConfig: c2::u32 raw.sample-rate.value = 44100
06-25 14:28:15.023 666 970 I BluetoothBondStateMachine: StableState(): Entering Off State
06-25 14:28:15.026 479 967 W Codec2Client: query -- param skipped: index = 1107298332.
06-25 14:28:15.026 666 675 I droid.bluetoot: Background young concurrent copying GC freed 7790(633KB) AllocSpace objects, 6(120KB) LOS objects, 88% free, 3087KB/27MB, paused 154us total 239.087ms
06-25 14:28:15.026 680 693 I ndroid.systemu: Background young concurrent copying GC freed 7599(542KB) AllocSpace objects, 0(0B) LOS objects, 88% free, 3235KB/27MB, paused 152us total 194.952ms
06-25 14:28:15.027 479 967 D CCodec : setup formats input: AMessage(what = 0x00000000) = {
06-25 14:28:15.027 479 967 D CCodec : int32_t bitrate = 499821
06-25 14:28:15.027 479 967 D CCodec : int32_t channel-count = 2
06-25 14:28:15.027 479 967 D CCodec : int32_t max-input-size = 32768
06-25 14:28:15.027 479 967 D CCodec : string mime = "audio/vorbis"
06-25 14:28:15.027 479 967 D CCodec : int32_t sample-rate = 44100
06-25 14:28:15.027 479 967 D CCodec : }
06-25 14:28:15.027 479 967 D CCodec : setup formats output: AMessage(what = 0x00000000) = {
06-25 14:28:15.027 479 967 D CCodec : int32_t channel-count = 2
06-25 14:28:15.027 479 967 D CCodec : string mime = "audio/raw"
06-25 14:28:15.027 479 967 D CCodec : int32_t sample-rate = 44100
06-25 14:28:15.027 479 967 D CCodec : int32_t channel-mask = 3
06-25 14:28:15.027 479 967 D CCodec : }
06-25 14:28:15.029 479 967 I CCodecConfig: query failed after returning 7 values (BAD_INDEX)
06-25 14:28:15.031 479 807 D CompatibilityChangeReporter: Compat change id reported: 168419799; UID 1002; state: DISABLED
06-25 14:28:15.033 479 967 W Codec2Client: query -- param skipped: index = 1342179345.
06-25 14:28:15.033 479 967 W Codec2Client: query -- param skipped: index = 2415921170.
06-25 14:28:15.034 479 701 D MediaCodecList: codecHandlesFormat: no format, so no extra checks
06-25 14:28:15.034 479 967 D CCodecBufferChannel: [c2.android.vorbis.decoder#815] Created input block pool with allocatorID 16 => poolID 19 - OK (0)
06-25 14:28:15.036 479 967 I CCodecBufferChannel: [c2.android.vorbis.decoder#815] Created output block pool with allocatorID 16 => poolID 21 - OK
06-25 14:28:15.036 479 967 D CCodecBufferChannel: [c2.android.vorbis.decoder#815] Configured output block pool ids 21 => OK
06-25 14:28:15.036 666 666 I BtGatt.JNI: classInitNative(L1073): classInitNative: Success!
06-25 14:28:15.038 479 969 D CCodec : allocate(c2.android.vorbis.decoder)
06-25 14:28:15.038 666 666 D BtGatt.DebugUtils: handleDebugAction() action=null
06-25 14:28:15.038 680 680 D MediaResumeListener: loaded resume components []
06-25 14:28:15.041 379 968 D SimpleC2Component: Using output block pool with poolID 21 => got 21 - 0
06-25 14:28:15.042 479 969 I CCodec : Created component [c2.android.vorbis.decoder]
06-25 14:28:15.043 479 969 D CCodecConfig: read media type: audio/vorbis
06-25 14:28:15.047 666 666 I bt_btif : system/bt/btif/src/bluetooth.cc:417 get_profile_interface: get_profile_interface: id = gatt
06-25 14:28:15.052 479 969 D ReflectedParamUpdater: extent() != 1 for single value type: algo.buffers.max-count.values
06-25 14:28:15.053 479 969 D ReflectedParamUpdater: extent() != 1 for single value type: output.subscribed-indices.values
06-25 14:28:15.053 479 969 D ReflectedParamUpdater: extent() != 1 for single value type: input.buffers.allocator-ids.values
06-25 14:28:15.053 479 969 D ReflectedParamUpdater: extent() != 1 for single value type: output.buffers.allocator-ids.values
06-25 14:28:15.053 680 680 D LocalBluetoothProfileManager: LocalBluetoothProfileManager construction complete
06-25 14:28:15.053 479 969 D ReflectedParamUpdater: extent() != 1 for single value type: algo.buffers.allocator-ids.values
06-25 14:28:15.053 479 969 D ReflectedParamUpdater: extent() != 1 for single value type: output.buffers.pool-ids.values
06-25 14:28:15.053 479 969 D ReflectedParamUpdater: extent() != 1 for single value type: algo.buffers.pool-ids.values
06-25 14:28:15.054 680 680 D LocalBluetoothProfileManager: Adding local A2DP profile
06-25 14:28:15.056 680 680 D BluetoothA2dp: Binding service...
06-25 14:28:15.058 479 969 I CCodecConfig: query failed after returning 7 values (BAD_INDEX)
06-25 14:28:15.058 479 969 D CCodecConfig: c2 config diff is Dict {
06-25 14:28:15.058 479 969 D CCodecConfig: c2::u32 coded.bitrate.value = 64000
06-25 14:28:15.058 479 969 D CCodecConfig: c2::u32 input.buffers.max-size.value = 32768
06-25 14:28:15.058 479 969 D CCodecConfig: c2::u32 input.delay.value = 0
06-25 14:28:15.058 479 969 D CCodecConfig: string input.media-type.value = "audio/vorbis"
06-25 14:28:15.058 479 969 D CCodecConfig: string output.media-type.value = "audio/raw"
06-25 14:28:15.058 479 969 D CCodecConfig: c2::u32 raw.channel-count.value = 1
06-25 14:28:15.058 479 969 D CCodecConfig: c2::u32 raw.sample-rate.value = 48000
06-25 14:28:15.058 479 969 D CCodecConfig: }
06-25 14:28:15.060 479 969 D CCodec : [c2.android.vorbis.decoder] buffers are bound to CCodec for this session
06-25 14:28:15.060 479 969 D CCodecConfig: no c2 equivalents for durationUs
06-25 14:28:15.060 479 969 D CCodecConfig: no c2 equivalents for track-id
06-25 14:28:15.060 479 969 D CCodecConfig: no c2 equivalents for csd-1
06-25 14:28:15.060 479 969 D CCodecConfig: no c2 equivalents for channel-mask
06-25 14:28:15.060 479 969 D CCodecConfig: no c2 equivalents for flags
06-25 14:28:15.061 680 680 D LocalBluetoothProfileManager: Adding local HEADSET profile
06-25 14:28:15.062 479 969 D CCodecConfig: c2 config diff is c2::u32 coded.bitrate.value = 499821
06-25 14:28:15.062 479 969 D CCodecConfig: c2::u32 raw.channel-count.value = 2
06-25 14:28:15.062 479 969 D CCodecConfig: c2::u32 raw.sample-rate.value = 44100
06-25 14:28:15.065 479 969 W Codec2Client: query -- param skipped: index = 1107298332.
06-25 14:28:15.065 479 969 D CCodec : setup formats input: AMessage(what = 0x00000000) = {
06-25 14:28:15.065 479 969 D CCodec : int32_t bitrate = 499821
06-25 14:28:15.065 479 969 D CCodec : int32_t channel-count = 2
06-25 14:28:15.065 479 969 D CCodec : int32_t max-input-size = 32768
06-25 14:28:15.065 479 969 D CCodec : string mime = "audio/vorbis"
06-25 14:28:15.065 479 969 D CCodec : int32_t sample-rate = 44100
06-25 14:28:15.065 479 969 D CCodec : }
06-25 14:28:15.065 479 969 D CCodec : setup formats output: AMessage(what = 0x00000000) = {
06-25 14:28:15.065 479 969 D CCodec : int32_t channel-count = 2
06-25 14:28:15.065 479 969 D CCodec : string mime = "audio/raw"
06-25 14:28:15.065 479 969 D CCodec : int32_t sample-rate = 44100
06-25 14:28:15.065 479 969 D CCodec : int32_t channel-mask = 3
06-25 14:28:15.065 479 969 D CCodec : }
06-25 14:28:15.066 479 969 I CCodecConfig: query failed after returning 7 values (BAD_INDEX)
06-25 14:28:15.066 666 666 D CompatibilityChangeReporter: Compat change id reported: 160794467; UID 1002; state: ENABLED
06-25 14:28:15.067 479 969 W Codec2Client: query -- param skipped: index = 1342179345.
06-25 14:28:15.067 479 969 W Codec2Client: query -- param skipped: index = 2415921170.
06-25 14:28:15.069 479 969 D CCodecBufferChannel: [c2.android.vorbis.decoder#725] Created input block pool with allocatorID 16 => poolID 20 - OK (0)
06-25 14:28:15.072 479 969 I CCodecBufferChannel: [c2.android.vorbis.decoder#725] Created output block pool with allocatorID 16 => poolID 22 - OK
06-25 14:28:15.072 479 969 D CCodecBufferChannel: [c2.android.vorbis.decoder#725] Configured output block pool ids 22 => OK
06-25 14:28:15.076 379 973 D SimpleC2Component: Using output block pool with poolID 22 => got 22 - 0
06-25 14:28:15.085 479 811 D BluetoothManagerService: Trying to bind to profile: 1, while Bluetooth was disabled
06-25 14:28:15.085 680 680 D LocalBluetoothProfileManager: Adding local MAP profile
06-25 14:28:15.086 680 680 D BluetoothMap: Create BluetoothMap proxy object
06-25 14:28:15.089 680 680 D BluetoothMap: Binding service...
06-25 14:28:15.096 680 680 D LocalBluetoothProfileManager: Adding local OPP profile
06-25 14:28:15.096 680 680 D LocalBluetoothProfileManager: Adding local HID_HOST profile
06-25 14:28:15.098 790 975 E IpClient.wlan0: Failed to set accept_ra to 2
06-25 14:28:15.098 680 680 D BluetoothHidHost: Binding service...
06-25 14:28:15.101 479 611 I WifiClientModeImpl[wlan0]: disconnectedstate enter
06-25 14:28:15.104 479 611 D WifiClientModeImpl[wlan0]: setupClientMode() ifacename = wlan0
06-25 14:28:15.113 680 680 D LocalBluetoothProfileManager: Adding local HID_DEVICE profile
06-25 14:28:15.117 680 680 D BluetoothHidDevice: Binding service...
06-25 14:28:15.123 680 680 D LocalBluetoothProfileManager: Adding local PAN profile
06-25 14:28:15.124 657 657 E WifiHAL : wifi_start_pkt_fate_monitoring: packet fate logging feature not supported 0
06-25 14:28:15.126 479 611 E WifiVendorHal: startPktFateMonitoring(l.2352) failed {.code = ERROR_NOT_SUPPORTED, .description = }
06-25 14:28:15.126 479 611 W WifiDiags: Failed to start packet fate monitoring
06-25 14:28:15.127 657 657 E WifiHAL : wifi_get_driver_version: Error -5 happened.
06-25 14:28:15.127 657 657 E android.hardware.wifi@1.0-service-lazy: Failed to get driver version: INVALID_ARGS
06-25 14:28:15.128 680 680 D BluetoothPan: Binding service...
06-25 14:28:15.129 666 858 I bt_stack_manager: system/bt/btif/src/stack_manager.cc:246 event_start_up_stack: event_start_up_stack is bringing up the stack
06-25 14:28:15.129 666 858 I bt_core_module: system/bt/btcore/src/module.cc:85 module_start_up: module_start_up Starting module "btif_config_module"
06-25 14:28:15.130 666 858 I bt_core_module: system/bt/btcore/src/module.cc:90 module_start_up: module_start_up Started module "btif_config_module"
06-25 14:28:15.130 666 858 I bt_core_module: system/bt/btcore/src/module.cc:85 module_start_up: module_start_up Starting module "btsnoop_module"
06-25 14:28:15.130 666 858 I droid.bluetoot: [0625/142815.130257:INFO:btsnoop.cc(204)] start_up: Snoop Logs fully enabled
06-25 14:28:15.130 666 858 I droid.bluetoot: [0625/142815.130578:INFO:btsnoop.cc(356)] delete_btsnoop_files: Deleting snoop logs if they exist. filtered = 1
06-25 14:28:15.132 479 611 E WifiVendorHal: requestChipDebugInfo(l.2167) failed {.code = ERROR_INVALID_ARGS, .description = failed to get driver version}
06-25 14:28:15.132 479 611 I WifiVendorHal: Driver: null Firmware: null
06-25 14:28:15.133 657 657 E WifiHAL : wifi_get_driver_version: Error -5 happened.
06-25 14:28:15.133 657 657 E android.hardware.wifi@1.0-service-lazy: Failed to get driver version: INVALID_ARGS
06-25 14:28:15.133 666 858 I bt_core_module: system/bt/btcore/src/module.cc:90 module_start_up: module_start_up Started module "btsnoop_module"
06-25 14:28:15.134 479 967 D CCodecBufferChannel: [c2.android.vorbis.decoder#815] MediaCodec discarded an unknown buffer
06-25 14:28:15.134 479 967 D CCodecBufferChannel: [c2.android.vorbis.decoder#815] MediaCodec discarded an unknown buffer
06-25 14:28:15.134 666 858 I bt_core_module: system/bt/btcore/src/module.cc:85 module_start_up: module_start_up Starting module "hci_module"
06-25 14:28:15.135 666 858 I bt_hci : system/bt/hci/src/hci_layer.cc:200 hci_module_start_up: hci_module_start_up
06-25 14:28:15.136 479 611 E WifiVendorHal: requestChipDebugInfo(l.2167) failed {.code = ERROR_INVALID_ARGS, .description = failed to get driver version}
06-25 14:28:15.136 479 611 I WifiVendorHal: Driver: null Firmware: null
06-25 14:28:15.136 680 680 D LocalBluetoothProfileManager: Adding local PBAP profile
06-25 14:28:15.137 479 967 I hw-BpHwBinder: onLastStrongRef automatically unlinking death recipients
06-25 14:28:15.138 666 979 I droid.bluetoot: [0625/142815.137122:INFO:message_loop_thread.cc(224)] Run: message loop starting for thread bt_hci_thread
06-25 14:28:15.142 657 657 E WifiHAL : wifi_get_ring_buffers_status: Ring buffer logging feature not supported 0
06-25 14:28:15.143 479 611 E WifiVendorHal: getRingBufferStatus(l.2244) failed {.code = ERROR_NOT_SUPPORTED, .description = }
06-25 14:28:15.144 479 611 W WifiDiags: no ring buffers found
06-25 14:28:15.144 479 611 D WifiDiags: startLogging() iface list is {wlan0} after adding wlan0
06-25 14:28:15.147 666 979 I bt_hci : system/bt/hci/src/hci_layer_android.cc:159 hci_initialize: hci_initialize
06-25 14:28:15.147 666 858 I bt_hci : system/bt/hci/src/hci_layer.cc:257 hci_module_start_up: hci_module_start_up starting async portion
06-25 14:28:15.148 185 185 I hwservicemanager: getTransport: Cannot find entry android.hardware.bluetooth@1.1::IBluetoothHci/default in either framework or device VINTF manifest.
06-25 14:28:15.150 666 979 I bt_hci : system/bt/hci/src/hci_layer_android.cc:178 hci_initialize: hci_initialize: IBluetoothHci::getService() returned 0xead353e0 (remote)
06-25 14:28:15.151 666 979 E cutils-trace: Error opening trace file: No such file or directory (2)
06-25 14:28:15.151 255 319 I android.hardware.bluetooth@1.0-impl: BluetoothHci::initialize()
06-25 14:28:15.154 255 319 D android.hardware.bluetooth@1.0-service: get_local_address: Trying /sys/class/addr_mgt/addr_bt
06-25 14:28:15.154 255 319 D android.hardware.bluetooth@1.0-service: get_local_address: Got Factory BDA 8B:66:39:99:6E:AE
06-25 14:28:15.154 255 319 D WifiHWInfo: Start to load wireless module hardware info table...
06-25 14:28:15.155 255 319 D WifiHWInfo: Entry [01], BUS: SDIO, ID: 0x024C8179, Name: rtl8189es.
06-25 14:28:15.155 255 319 D WifiHWInfo: Entry [02], BUS: SDIO, ID: 0x024CB723, Name: rtl8723bs_vq0.
06-25 14:28:15.155 255 319 D WifiHWInfo: Entry [03], BUS: SDIO, ID: 0x024CB703, Name: rtl8723cs.
06-25 14:28:15.155 255 319 D WifiHWInfo: Entry [04], BUS: SDIO, ID: 0x024CD723, Name: rtl8723ds.
06-25 14:28:15.155 255 319 D WifiHWInfo: Entry [05], BUS: SDIO, ID: 0x024CF179, Name: rtl8189fs.
06-25 14:28:15.155 255 319 D WifiHWInfo: Entry [06], BUS: SDIO, ID: 0x024CB822, Name: rtl88x2bs.
06-25 14:28:15.155 255 319 D WifiHWInfo: Entry [07], BUS: USB, ID: 0x0BDAD723, Name: rtl8723du.
06-25 14:28:15.155 255 319 D WifiHWInfo: Entry [08], BUS: USB, ID: 0x0BDA8179, Name: rtl8188etv.
06-25 14:28:15.155 255 319 D WifiHWInfo: Entry [09], BUS: USB, ID: 0x0BDA0179, Name: rtl8188eu.
06-25 14:28:15.155 255 319 D WifiHWInfo: Entry [10], BUS: USB, ID: 0x0BDA818B, Name: rtl8192eu.
06-25 14:28:15.155 255 319 D WifiHWInfo: Entry [11], BUS: USB, ID: 0x0BDAB720, Name: rtl8723bu.
06-25 14:28:15.155 255 319 D WifiHWInfo: Entry [12], BUS: USB, ID: 0x0BDAC82C, Name: rtl8822cu.
06-25 14:28:15.155 255 319 D WifiHWInfo: Entry [13], BUS: USB, ID: 0x0BDAF179, Name: rtl8188fu.
06-25 14:28:15.155 255 319 D WifiHWInfo: Entry [14], BUS: SDIO, ID: 0x02D0A9A6, Name: ap6212.
06-25 14:28:15.155 255 319 D WifiHWInfo: Entry [15], BUS: SDIO, ID: 0x02D04330, Name: ap6330.
06-25 14:28:15.155 255 319 D WifiHWInfo: Entry [16], BUS: SDIO, ID: 0x02D04356, Name: ap6356s.
06-25 14:28:15.155 255 319 D WifiHWInfo: Entry [17], BUS: SDIO, ID: 0x02D0A9BF, Name: ap6255.
06-25 14:28:15.155 255 319 D WifiHWInfo: Entry [18], BUS: SDIO, ID: 0x02D04334, Name: bcm43342.
06-25 14:28:15.155 255 319 D WifiHWInfo: Entry [19], BUS: SDIO, ID: 0x00202281, Name: xr819.
06-25 14:28:15.155 255 319 D WifiHWInfo: Entry [20], BUS: SDIO, ID: 0x0A9E2282, Name: xr829.
06-25 14:28:15.155 255 319 D WifiHWInfo: Entry [21], BUS: SDIO, ID: 0x0271050A, Name: qca6174a.
06-25 14:28:15.155 255 319 D WifiHWInfo: Entry [22], BUS: SDIO, ID: 0x30303030, Name: ssv6x5x.
06-25 14:28:15.155 255 319 D WifiHWInfo: Entry [23], BUS: SDIO, ID: 0x00000000, Name: uwe5621.
06-25 14:28:15.155 255 319 D WifiHWInfo: Entry [24], BUS: SDIO, ID: 0x54490145, Name: aic8800.
06-25 14:28:15.155 255 319 D WifiHWInfo: Entry [25], BUS: SDIO, ID: 0xC8A1C08D, Name: aic8800.
06-25 14:28:15.155 255 319 D WifiHWInfo: Entry [26], BUS: USB, ID: 0xA69C8800, Name: aic8800.
06-25 14:28:15.155 255 319 D WifiHWInfo: Entry [27], BUS: USB, ID: 0x007A8888, Name: atbm6023is.
06-25 14:28:15.155 255 319 D WifiHWInfo: Entry [28], BUS: SDIO, ID: 0x02E79086, Name: 9012p.
06-25 14:28:15.155 255 319 D WifiHWInfo: Entry [29], BUS: SDIO, ID: 0x007A6011, Name: atbm613x_wifi_sdio.
06-25 14:28:15.155 255 319 D WifiHWInfo: Entry [30], BUS: SDIO, ID: 0x024CC822, Name: 88x2cs.
06-25 14:28:15.155 255 319 D WifiHWInfo: Entry [31], BUS: SDIO, ID: 0x000018F0, Name: dummy.
06-25 14:28:15.155 255 319 D libbt-auto-detect: init, get libbt name: libbt-sprd.so.
06-25 14:28:15.158 255 319 I bt_vendor: init
06-25 14:28:15.160 255 319 D bt_vnd_hci: sprd_vendor_hci_init
06-25 14:28:15.160 255 319 I bt_chip_vendor: marlin3_init
06-25 14:28:15.160 255 319 I bt_vnd_conf: Attempt to load conf from /vendor/etc/bt_configure_pskey.ini
06-25 14:28:15.161 479 700 D MediaCodecList: codecHandlesFormat: no format, so no extra checks
01-01 08:00:19.179 1 1 I init : processing action (vendor.driver.lpm.load=1) from (/vendor/etc/init/init.bluetooth.common.rc:68)
06-25 14:28:15.162 255 319 D bt_vnd_conf: device_class -> 0x001F00
01-01 08:00:19.182 319 319 I : mtty_open probe is success!
06-25 14:28:15.162 255 319 D bt_vnd_conf: feature_set -> 0xBF, 0xFE, 0x8D, 0xFE, 0xDB, 0x3D, 0x7B, 0x87, 0xFF, 0xA7, 0xFF, 0x7F, 0x00, 0xE0, 0xF7, 0x3E
06-25 14:28:15.156 1 1 I /system/bin/init: type=1107 audit(0.0:397): uid=0 auid=4294967295 ses=4294967295 subj=u:r:init:s0 msg='avc: denied { set } for property=vendor.driver.lpm.load pid=255 uid=1002 gid=1002 scontext=u:r:hal_bluetooth_default:s0 tcontext=u:object_r:vendor_wireless_prop:s0 tclass=property_service permissive=1'
06-25 14:28:15.162 255 319 D bt_vnd_conf: device_addr -> 0x6D, 0x6D, 0x8E, 0x8E, 0x8F, 0x8F
06-25 14:28:15.162 255 319 D bt_vnd_conf: comp_id -> 0x01EC
06-25 14:28:15.162 255 319 D bt_vnd_conf: g_sys_uart0_communication_supported -> 1
06-25 14:28:15.162 255 319 D bt_vnd_conf: cp2_log_mode -> 1
06-25 14:28:15.162 255 319 D bt_vnd_conf: LogLevel -> 0xFF
06-25 14:28:15.162 255 319 D bt_vnd_conf: g_central_or_perpheral -> 0
06-25 14:28:15.162 255 319 D bt_vnd_conf: Log_BitMask -> 0xFFFF
06-25 14:28:15.162 255 319 D bt_vnd_conf: super_ssp_enable -> 0
06-25 14:28:15.162 255 319 D bt_vnd_conf: common_rfu_b3 -> 2
06-25 14:28:15.162 255 319 D bt_vnd_conf: common_rfu_w -> 0x00000000, 0x00000000
06-25 14:28:15.162 255 319 D bt_vnd_conf: le_rfu_w -> 0x00000000, 0x000000000
06-25 14:28:15.162 255 319 D bt_vnd_conf: lmp_rfu_w -> 0x00000000, 0x000000000
06-25 14:28:15.162 255 319 D bt_vnd_conf: lc_rfu_w -> 0x00000000, 0x000000000
06-25 14:28:15.162 255 319 D bt_vnd_conf: g_wbs_nv_117 -> 0x004D
06-25 14:28:15.162 255 319 D bt_vnd_conf: g_wbs_nv_118 -> 0x0066
06-25 14:28:15.162 255 319 D bt_vnd_conf: g_nbv_nv_117 -> 0x009B
06-25 14:28:15.162 255 319 D bt_vnd_conf: g_nbv_nv_118 -> 0x0066
06-25 14:28:15.162 255 319 D bt_vnd_conf: g_sys_sco_transmit_mode -> 0
06-25 14:28:15.162 255 319 D bt_vnd_conf: audio_rfu_b1 -> 0
06-25 14:28:15.162 255 319 D bt_vnd_conf: audio_rfu_b2 -> 0
06-25 14:28:15.162 255 319 D bt_vnd_conf: audio_rfu_b3 -> 0
06-25 14:28:15.162 255 319 D bt_vnd_conf: audio_rfu_w -> 0x00000000, 0x00000000
06-25 14:28:15.162 255 319 D bt_vnd_conf: g_sys_sleep_in_standby_supported -> 1
06-25 14:28:15.162 255 319 D bt_vnd_conf: g_sys_sleep_master_supported -> 1
06-25 14:28:15.162 255 319 D bt_vnd_conf: g_sys_sleep_slave_supported -> 1
06-25 14:28:15.162 255 319 D bt_vnd_conf: power_rfu_b1 -> 0
06-25 14:28:15.162 255 319 D bt_vnd_conf: power_rfu_w -> 0x00000000, 0x00000000
06-25 14:28:15.162 255 319 D bt_vnd_conf: win_ext -> 40
06-25 14:28:15.162 255 319 D bt_vnd_conf: edr_tx_edr_delay -> 6
06-25 14:28:15.162 255 319 D bt_vnd_conf: edr_rx_edr_delay -> 8
06-25 14:28:15.162 255 319 D bt_vnd_conf: tx_delay -> 12
06-25 14:28:15.162 255 319 D bt_vnd_conf: rx_delay -> 34
06-25 14:28:15.162 255 319 D bt_vnd_conf: bb_rfu_w -> 0x00000000, 0x00000000
06-25 14:28:15.162 255 319 D bt_vnd_conf: agc_mode -> 0
06-25 14:28:15.162 255 319 D bt_vnd_conf: diff_or_eq -> 0xFF
06-25 14:28:15.162 255 319 D bt_vnd_conf: ramp_mode -> 0
06-25 14:28:15.162 255 319 D bt_vnd_conf: modem_rfu_b1 -> 0
06-25 14:28:15.162 255 319 D bt_vnd_conf: modem_rfu_w -> 0x00000000, 0x00000000
06-25 14:28:15.162 255 319 D bt_vnd_conf: BQB_BitMask_1 -> 0x00000000
06-25 14:28:15.162 255 319 D bt_vnd_conf: BQB_BitMask_2 -> 0x00000000
06-25 14:28:15.162 255 319 D bt_vnd_conf: bt_coex_threshold -> 0x04E2, 0x1F40, 0x0020, 0x00C8, 0x000A, 0x0000, 0x0000, 0x0000
06-25 14:28:15.162 255 319 D bt_vnd_conf: other_rfu_w -> 0x00000000, 0x00000000
06-25 14:28:15.163 255 319 I bt_vnd_conf: Attempt to load conf from /vendor/etc/bt_configure_rf.ini
06-25 14:28:15.163 255 983 D bt_vnd_hci: hci_server_thread
06-25 14:28:15.163 255 319 D bt_vnd_conf: g_GainValue_A -> 0xE000, 0xE000, 0xE000, 0xE000, 0xE000, 0xE000
06-25 14:28:15.163 255 319 D bt_vnd_conf: g_ClassicPowerValue_A -> 0x4115, 0x3A15, 0x3415, 0x2E15, 0x2715, 0x2115, 0x1A15, 0x1315, 0x0D15, 0x0715
06-25 14:28:15.163 255 319 D bt_vnd_conf: g_LEPowerValue_A -> 0x3B15, 0x3715, 0x3315, 0x2F15, 0x2B15, 0x2715, 0x2315, 0x1F15, 0x1B15, 0x1715, 0x1315, 0x0F15, 0x0B15, 0x0815, 0x0415, 0x0015
06-25 14:28:15.163 255 319 D bt_vnd_conf: g_BRChannelpwrvalue_A -> 0x0915, 0x0915, 0x0815, 0x0815, 0x0815, 0x0815, 0x0715, 0x0715
06-25 14:28:15.163 255 319 D bt_vnd_conf: g_EDRChannelpwrvalue_A -> 0x0D15, 0x0D15, 0x0C15, 0x0C15, 0x0B15, 0x0B15, 0x0B15, 0x0B15
06-25 14:28:15.163 255 319 D bt_vnd_conf: g_LEChannelpwrvalue_A -> 0x1015,0x1015,0x0F15,0x0F15,0x0F15,0x0F15,0x0F15,0x0F15
06-25 14:28:15.163 255 319 D bt_vnd_conf: g_GainValue_B -> 0xE000, 0xE000, 0xE000, 0xE000, 0xE000, 0xE000
06-25 14:28:15.163 255 319 D bt_vnd_conf: g_ClassicPowerValue_B -> 0x4D15, 0x4615, 0x3D15, 0x3615, 0x2D15, 0x2615, 0x1F15, 0x1815, 0x0F15, 0x0815
06-25 14:28:15.163 255 319 D bt_vnd_conf: g_LEPowerValue_B -> 0x4B15, 0x4B15, 0x4B15, 0x4B15, 0x4B15, 0x4615, 0x4015, 0x3B15, 0x3615, 0x3015, 0x2B15, 0x2615, 0x2015, 0x1A15, 0x1415, 0x0E15
06-25 14:28:15.163 255 319 D bt_vnd_conf: g_BRChannelpwrvalue_B -> 0x0915, 0x0915, 0x0815, 0x0815, 0x0815, 0x0815, 0x0715, 0x0715
06-25 14:28:15.163 255 319 D bt_vnd_conf: g_EDRChannelpwrvalue_B -> 0x0D15, 0x0D15, 0x0C15, 0x0C15, 0x0B15, 0x0B15, 0x0B15, 0x0B15
06-25 14:28:15.163 255 319 D bt_vnd_conf: g_LEChannelpwrvalue_B -> 0x1015,0x1015,0x0F15,0x0F15,0x0F15,0x0F15,0x0F15,0x0F15
06-25 14:28:15.163 255 319 D bt_vnd_conf: LE_fix_powerword -> 0x00
06-25 14:28:15.163 255 319 D bt_vnd_conf: Classic_pc_by_channel -> 0xFF
06-25 14:28:15.163 255 319 D bt_vnd_conf: LE_pc_by_channel -> 0xFF
06-25 14:28:15.164 255 319 D bt_vnd_conf: RF_switch_mode -> 0x01
06-25 14:28:15.164 255 319 D bt_vnd_conf: Data_Capture_Mode -> 0x00
06-25 14:28:15.164 255 319 D bt_vnd_conf: Analog_IQ_Debug_Mode -> 0x00
06-25 14:28:15.164 255 319 D bt_vnd_conf: RF_common_rfu_b3 -> 0x55
06-25 14:28:15.164 255 319 D bt_vnd_conf: RF_common_rfu_w -> 0x555F4344, 0x5555C855, 0x55555555, 0x55555555, 0x55555555
06-25 14:28:15.164 255 319 I bt_vnd_conf: set_mac_address
06-25 14:28:15.164 255 319 D bt_vendor: marlin3 start up
06-25 14:28:15.164 255 319 D android.hardware.bluetooth@1.0-impl: Open vendor library loaded
06-25 14:28:15.164 255 319 E bt_upio : init_rfkill: No rfkill control node found
06-25 14:28:15.164 255 319 I bt_userial_vendor: userial vendor open: opening /dev/ttyBT0, baud 14
06-25 14:28:15.164 255 319 D bt_vendor: check_access, /dev/ttyBT0 R/W access OK after wait 0ms
06-25 14:28:15.164 255 983 D bt_vnd_hci: name: bt_vendor_sprd_hci
06-25 14:28:15.164 255 983 D bt_vnd_hci: listen socket: bt_vendor_sprd_hci, fd: 6
06-25 14:28:15.164 255 983 D bt_vnd_hci: hci_server_thread wati for btools
06-25 14:28:15.166 479 982 D CCodec : allocate(c2.android.vorbis.decoder)
06-25 14:28:15.169 479 982 I CCodec : Created component [c2.android.vorbis.decoder]
06-25 14:28:15.170 479 982 D CCodecConfig: read media type: audio/vorbis
06-25 14:28:15.173 479 982 D ReflectedParamUpdater: extent() != 1 for single value type: algo.buffers.max-count.values
06-25 14:28:15.174 479 982 D ReflectedParamUpdater: extent() != 1 for single value type: output.subscribed-indices.values
06-25 14:28:15.174 479 982 D ReflectedParamUpdater: extent() != 1 for single value type: input.buffers.allocator-ids.values
06-25 14:28:15.174 479 982 D ReflectedParamUpdater: extent() != 1 for single value type: output.buffers.allocator-ids.values
01-01 08:00:19.182 319 319 E bluetooth_set_power: start_block=0
01-01 08:00:19.188 319 319 I WCN : start_marlin [MARLIN_BLUETOOTH]
01-01 08:00:19.188 319 319 D : CPU: 1 PID: 319 Comm: HwBinder:255_1 Tainted: G O 5.4.125+ #22
01-01 08:00:19.188 319 319 D Hardware name: sun50iw9 (DT)
01-01 08:00:19.188 319 319 D Call trace:
01-01 08:00:19.188 319 319 D : dump_backtrace.cfi_jt+0x0/0x4
01-01 08:00:19.188 319 319 D : dump_stack+0xbc/0x104
01-01 08:00:19.188 319 319 D : marlin_set_power+0x2c/0x78c [uwe5621_bsp_sdio]
01-01 08:00:19.188 319 319 D : start_marlin+0xbc/0x14c [uwe5621_bsp_sdio]
01-01 08:00:19.188 319 319 D : bluetooth_set_power+0x44/0x70 [sprdbt_tty]
01-01 08:00:19.188 319 319 D : mtty_open+0xb0/0x150 [sprdbt_tty]
01-01 08:00:19.188 319 319 D : tty_open+0x350/0x550
01-01 08:00:19.188 319 319 D : chrdev_open+0x1d8/0x254
01-01 08:00:19.188 319 319 D : do_dentry_open+0x270/0x3ac
01-01 08:00:19.188 319 319 D : vfs_open+0x2c/0x38
01-01 08:00:19.188 319 319 D : path_openat+0x6a8/0xf78
01-01 08:00:19.188 319 319 D : do_filp_open+0x78/0x124
01-01 08:00:19.188 319 319 D : do_sys_open+0x13c/0x290
01-01 08:00:19.188 319 319 D : __arm64_compat_sys_openat+0x24/0x30
01-01 08:00:19.188 319 319 D : el0_svc_common+0xb8/0x1cc
01-01 08:00:19.188 319 319 D : el0_svc_compat_handler+0x1c/0x28
01-01 08:00:19.188 319 319 D : el0_svc_compat+0x8/0x24
01-01 08:00:19.188 319 319 I WCN : marlin power state:4, subsys: [MARLIN_BLUETOOTH] power 1
01-01 08:00:19.188 319 319 I WCN : marlin have open, GNSS is closed
01-01 08:00:19.188 319 319 E bluetooth_set_power: end_block=0
01-01 08:00:19.190 1 1 I init : processing action (vendor.init.lpm.load=1) from (/vendor/etc/init/init.bluetooth.common.rc:71)
06-25 14:28:15.174 479 982 D ReflectedParamUpdater: extent() != 1 for single value type: algo.buffers.allocator-ids.values
06-25 14:28:15.174 479 982 D ReflectedParamUpdater: extent() != 1 for single value type: output.buffers.pool-ids.values
06-25 14:28:15.175 479 982 D ReflectedParamUpdater: extent() != 1 for single value type: algo.buffers.pool-ids.values
06-25 14:28:15.176 255 319 I bt_userial_vendor: device fd = 5 open
06-25 14:28:15.177 255 319 I bt_chip_vendor: marlin3_pskey_preload
06-25 14:28:15.177 255 319 D bt_vnd_hci: sprd_vnd_send_hci_vsc a0 fc b0 00 1f 00 00 bf fe 8d fe db 3d 7b 87 ff a7 ff 7f 00 e0 f7 3e ae 6e 99 39 66 8b ec 01 01 01 ff 00 ff ff 00 02 00 00 00 00 00 00 00 00 00 00 00 00 00 00 00 00 00 00 00 00 00 00 00 00 00 00 00 00 00 00 00 00 4d 00 66 00 9b 00 66 00 00 00 00 00 00 00 00 00 00 00 00 00 01 01 01 00 00 00 00 00 00 00 00 00 28 00 00 00 06 08 0c 22 00 00 00 00 00 00 00 00 00 ff 00 00 00 00 00 00 00 00 00 00 00 00 00 00 00 00 00 00 e2 04 40 1f 20 00 c8 00 0a 00 00 00 00 00 00 00 00 00 00 00 00 00 00 00 00 00 00 00 00 00 00 00 00 00 00 00 00 00 00 00
06-25 14:28:15.177 255 319 E bt_upio : upio_set : /proc/bluetooth/sleep/btwrite(-1) incorrent
06-25 14:28:15.177 479 982 I CCodecConfig: query failed after returning 7 values (BAD_INDEX)
06-25 14:28:15.178 479 982 D CCodecConfig: c2 config diff is Dict {
06-25 14:28:15.178 479 982 D CCodecConfig: c2::u32 coded.bitrate.value = 64000
06-25 14:28:15.178 479 982 D CCodecConfig: c2::u32 input.buffers.max-size.value = 32768
06-25 14:28:15.178 479 982 D CCodecConfig: c2::u32 input.delay.value = 0
06-25 14:28:15.178 479 982 D CCodecConfig: string input.media-type.value = "audio/vorbis"
06-25 14:28:15.178 479 982 D CCodecConfig: string output.media-type.value = "audio/raw"
06-25 14:28:15.178 479 982 D CCodecConfig: c2::u32 raw.channel-count.value = 1
06-25 14:28:15.178 479 982 D CCodecConfig: c2::u32 raw.sample-rate.value = 48000
06-25 14:28:15.178 479 982 D CCodecConfig: }
06-25 14:28:15.180 255 985 I bt_chip_vendor: Bluetooth Firmware Node: 4069 Date: 2015-04-08
06-25 14:28:15.180 255 985 I bt_chip_vendor: yujian.qin marlin3_rf_preload
