06-26 17:28:45.995 2293 2293 I SogouIME: onKeyUp: keyoCode=21
06-26 17:28:45.995 2293 2293 I DefaultIMS: onKeyUp: keyoCode=21
06-26 17:28:46.193 829 945 D BufferPoolAccessor2.0: evictor expired: 2, evicted: 0
06-26 17:28:46.350 321 3214 D XM_HIDREAD: poll ret=1, event=1
06-26 17:28:46.350 321 3214 D XM_HIDREAD: [9 bytes]:01 00 00 4F 00 00 00 00 00
06-26 17:28:46.350 479 600 D TvWindowManager: key event key = KEYCODE_DPAD_RIGHT down = true
06-26 17:28:46.351 479 599 D GpioService: mFlickerEnable = true
06-26 17:28:46.353 2293 2293 I SogouIME: onKeyDown: keyoCode=22
06-26 17:28:46.353 2293 2293 I DefaultIMS: onKeyDown: keyoCode=22
06-26 17:28:46.359 2293 2293 I DefaultIMS: onStartInput attribute=android.view.inputmethod.EditorInfo@49ef308 restarting=false inputType: 0
06-26 17:28:46.463 321 3214 D XM_HIDREAD: poll ret=1, event=1
06-26 17:28:46.463 321 3214 D XM_HIDREAD: [9 bytes]:01 00 00 00 00 00 00 00 00
06-26 17:28:46.463 479 600 D TvWindowManager: key event key = KEYCODE_DPAD_RIGHT down = false
06-26 17:28:46.466 2293 2293 I SogouIME: onKeyUp: keyoCode=22
06-26 17:28:46.466 2293 2293 I DefaultIMS: onKeyUp: keyoCode=22
06-26 17:28:46.746 657 657 E WifiHAL : wifi_get_link_stats: requestResponse Error:-5
06-26 17:28:46.748 479 611 E WifiVendorHal: getWifiLinkLayerStats_1_5_Internal(l.1191) failed {.code = ERROR_INVALID_ARGS, .description = }
06-26 17:28:46.757 479 524 W IorapForwardingService: No service published for: iorapd
06-26 17:28:46.989 479 893 D BufferPoolAccessor2.0: bufferpool2 0xea2f4358 : 0(0 size) total buffers - 0(0 size) used buffers - 2/7 (recycle/alloc) - 5/50 (fetch/transfer)
06-26 17:28:46.989 479 893 D BufferPoolAccessor2.0: bufferpool2 0xead36698 : 0(0 size) total buffers - 0(0 size) used buffers - 2/7 (recycle/alloc) - 5/60 (fetch/transfer)
06-26 17:28:46.989 479 893 D BufferPoolAccessor2.0: evictor expired: 8, evicted: 2
06-26 17:28:46.992 379 747 D BufferPoolAccessor2.0: bufferpool2 0xee5002d8 : 0(0 size) total buffers - 0(0 size) used buffers - 26/28 (recycle/alloc) - 2/27 (fetch/transfer)
06-26 17:28:46.992 379 747 D BufferPoolAccessor2.0: bufferpool2 0xee500418 : 0(0 size) total buffers - 0(0 size) used buffers - 20/23 (recycle/alloc) - 3/22 (fetch/transfer)
06-26 17:28:46.992 379 747 D BufferPoolAccessor2.0: evictor expired: 2, evicted: 2
06-26 17:28:47.126 321 3214 D XM_HIDREAD: poll ret=1, event=1
06-26 17:28:47.127 321 3214 D XM_HIDREAD: [9 bytes]:01 00 00 51 00 00 00 00 00
06-26 17:28:47.127 479 600 D TvWindowManager: key event key = KEYCODE_DPAD_DOWN down = true
06-26 17:28:47.128 479 599 D GpioService: mFlickerEnable = true
06-26 17:28:47.211 479 1084 E TaskPersister: File error accessing recents directory (directory doesn't exist?).
06-26 17:28:47.250 321 3214 D XM_HIDREAD: poll ret=1, event=1
06-26 17:28:47.250 321 3214 D XM_HIDREAD: [9 bytes]:01 00 00 00 00 00 00 00 00
06-26 17:28:47.250 479 600 D TvWindowManager: key event key = KEYCODE_DPAD_DOWN down = false
06-26 17:28:47.278 479 599 D GpioService: mFlickerEnable = true
06-26 17:28:47.279 2293 2293 I SogouIME: onKeyDown: keyoCode=20
06-26 17:28:47.279 2293 2293 I DefaultIMS: onKeyDown: keyoCode=20
06-26 17:28:47.282 2293 2293 I SogouIME: onKeyUp: keyoCode=20
06-26 17:28:47.282 2293 2293 I DefaultIMS: onKeyUp: keyoCode=20
06-26 17:28:47.300 2293 2293 I DefaultIMS: onStartInput attribute=android.view.inputmethod.EditorInfo@68d0d95 restarting=false inputType: 0
06-26 17:28:47.499 479 1378 I WifiService: startScan uid=1000
06-26 17:28:47.502 479 1378 I WifiService: startScan uid=1000
06-26 17:28:47.533 479 1378 I WifiService: startScan uid=1000
06-26 17:28:47.595 3280 3500 D skia : --- Failed to create image decoder with message 'unimplemented'
06-26 17:28:47.597 3280 3500 D skia : --- Failed to create image decoder with message 'unimplemented'
06-26 17:28:47.598 3280 3500 D skia : --- Failed to create image decoder with message 'unimplemented'
06-26 17:28:47.599 3280 3500 D skia : --- Failed to create image decoder with message 'unimplemented'
06-26 17:28:47.599 3280 3500 D skia : --- Failed to create image decoder with message 'unimplemented'
06-26 17:28:47.599 3280 3500 D skia : --- Failed to create image decoder with message 'unimplemented'
06-26 17:28:47.601 3280 3499 D skia : --- Failed to create image decoder with message 'unimplemented'
06-26 17:28:47.601 3280 3499 D skia : --- Failed to create image decoder with message 'unimplemented'
06-26 17:28:47.602 3280 3499 D skia : --- Failed to create image decoder with message 'unimplemented'
06-26 17:28:47.602 3280 3499 D skia : --- Failed to create image decoder with message 'unimplemented'
06-26 17:28:47.603 3280 3499 D skia : --- Failed to create image decoder with message 'unimplemented'
06-26 17:28:47.603 3280 3499 D skia : --- Failed to create image decoder with message 'unimplemented'
06-26 17:28:47.626 3280 3501 D skia : --- Failed to create image decoder with message 'unimplemented'
06-26 17:28:47.627 3280 3501 D skia : --- Failed to create image decoder with message 'unimplemented'
06-26 17:28:47.628 3280 3501 D skia : --- Failed to create image decoder with message 'unimplemented'
06-26 17:28:47.628 3280 3501 D skia : --- Failed to create image decoder with message 'unimplemented'
06-26 17:28:47.629 3280 3501 D skia : --- Failed to create image decoder with message 'unimplemented'
06-26 17:28:47.630 3280 3501 D skia : --- Failed to create image decoder with message 'unimplemented'
06-26 17:28:47.759 479 524 W IorapForwardingService: No service published for: iorapd
06-26 17:28:47.819 367 367 D dom2reg : timezone change, new: Etc/GMT-8, pre:
06-26 17:28:47.819 367 367 W dom2reg : timezone [Etc/GMT-8] not in default tables, please check!
06-26 17:28:48.121 479 1023 W ZramWriteback: Writeback device is not set
06-26 17:28:48.122 479 1023 D ZramWriteback: wait to flush
06-26 17:28:48.761 479 524 W IorapForwardingService: No service published for: iorapd
06-26 17:28:49.095 321 3214 D XM_HIDREAD: poll ret=1, event=1
06-26 17:28:49.095 321 3214 D XM_HIDREAD: [9 bytes]:01 00 00 50 00 00 00 00 00
06-26 17:28:49.095 479 600 D TvWindowManager: key event key = KEYCODE_DPAD_LEFT down = true
06-26 17:28:49.096 479 599 D GpioService: mFlickerEnable = true
06-26 17:28:49.097 2293 2293 I SogouIME: onKeyDown: keyoCode=21
06-26 17:28:49.097 2293 2293 I DefaultIMS: onKeyDown: keyoCode=21
06-26 17:28:49.104 2293 2293 I DefaultIMS: onStartInput attribute=android.view.inputmethod.EditorInfo@1aef5e4 restarting=false inputType: 0
06-26 17:28:49.253 321 3214 D XM_HIDREAD: poll ret=1, event=1
06-26 17:28:49.253 321 3214 D XM_HIDREAD: [9 bytes]:01 00 00 00 00 00 00 00 00
06-26 17:28:49.253 479 600 D TvWindowManager: key event key = KEYCODE_DPAD_LEFT down = false
06-26 17:28:49.255 2293 2293 I SogouIME: onKeyUp: keyoCode=21
06-26 17:28:49.255 2293 2293 I DefaultIMS: onKeyUp: keyoCode=21
06-26 17:28:49.310 479 806 D WifiNl80211Manager: Scan result ready event
06-26 17:28:49.310 479 806 D WifiNative: Scan result ready event
06-26 17:28:49.355 479 615 D WificondScannerImpl: Filtering out 10 scan results.
06-26 17:28:49.377 3280 3498 E ccc : cccccc SCAN_RESULTS_AVAILABLE_ACTION hhhh
06-26 17:28:49.378 1116 1116 E hq : NetWorkStateReceiver:::NetWorkStateReceiver onReceive: 网络变化广播 >>>> intent.action=android.net.wifi.SCAN_RESULTS
06-26 17:28:49.384 657 657 E WifiHAL : wifi_get_link_stats: requestResponse Error:-5
06-26 17:28:49.386 479 611 E WifiVendorHal: getWifiLinkLayerStats_1_5_Internal(l.1191) failed {.code = ERROR_INVALID_ARGS, .description = }
06-26 17:28:49.388 2879 2879 I pool-4-thread-1: type=1400 audit(0.0:1765): avc: denied { getattr } for path="/data/user/0/com.dangbei.screencast/files/__database_reborn_January_one__/td_database2SaaS" dev="mmcblk0p25" ino=2046 scontext=u:r:platform_app:s0:c512,c768 tcontext=u:object_r:app_data_file:s0:c512,c768 tclass=dir permissive=1 app=com.dangbei.screencast
06-26 17:28:49.388 2879 2879 I pool-4-thread-1: type=1400 audit(0.0:1766): avc: denied { write } for name="td_database2SaaS" dev="mmcblk0p25" ino=2046 scontext=u:r:platform_app:s0:c512,c768 tcontext=u:object_r:app_data_file:s0:c512,c768 tclass=dir permissive=1 app=com.dangbei.screencast
06-26 17:28:49.388 2879 2879 I pool-4-thread-1: type=1400 audit(0.0:1767): avc: denied { add_name } for name="1750930129390_2879" scontext=u:r:platform_app:s0:c512,c768 tcontext=u:object_r:app_data_file:s0:c512,c768 tclass=dir permissive=1 app=com.dangbei.screencast
06-26 17:28:49.388 2879 2879 I pool-4-thread-1: type=1400 audit(0.0:1768): avc: denied { create } for name="1750930129390_2879" scontext=u:r:platform_app:s0:c512,c768 tcontext=u:object_r:app_data_file:s0:c512,c768 tclass=file permissive=1 app=com.dangbei.screencast
06-26 17:28:49.411 1116 1116 W eventbuscore: post Event:com.dangbei.leard.base.entity.event.NetWifiRssiEvent
06-26 17:28:49.523 321 3214 D XM_HIDREAD: poll ret=1, event=1
06-26 17:28:49.523 321 3214 D XM_HIDREAD: [9 bytes]:01 00 00 51 00 00 00 00 00
06-26 17:28:49.523 479 600 D TvWindowManager: key event key = KEYCODE_DPAD_DOWN down = true
06-26 17:28:49.524 479 599 D GpioService: mFlickerEnable = true
06-26 17:28:49.622 2621 2631 I gbei.screencas: Background concurrent copying GC freed 76361(6542KB) AllocSpace objects, 0(0B) LOS objects, 49% free, 6801KB/13MB, paused 174us total 138.418ms
06-26 17:28:49.658 321 3214 D XM_HIDREAD: poll ret=1, event=1
06-26 17:28:49.658 479 600 D TvWindowManager: key event key = KEYCODE_DPAD_DOWN down = false
06-26 17:28:49.658 321 3214 D XM_HIDREAD: [9 bytes]:01 00 00 00 00 00 00 00 00
06-26 17:28:49.674 479 599 D GpioService: mFlickerEnable = true
06-26 17:28:49.676 2293 2293 I SogouIME: onKeyDown: keyoCode=20
06-26 17:28:49.676 2293 2293 I DefaultIMS: onKeyDown: keyoCode=20
06-26 17:28:49.681 2293 2293 I SogouIME: onKeyUp: keyoCode=20
06-26 17:28:49.681 2293 2293 I DefaultIMS: onKeyUp: keyoCode=20
06-26 17:28:49.701 2293 2293 I DefaultIMS: onStartInput attribute=android.view.inputmethod.EditorInfo@a578c50 restarting=false inputType: 0
06-26 17:28:49.757 657 657 E WifiHAL : wifi_get_link_stats: requestResponse Error:-5
06-26 17:28:49.758 479 611 E WifiVendorHal: getWifiLinkLayerStats_1_5_Internal(l.1191) failed {.code = ERROR_INVALID_ARGS, .description = }
06-26 17:28:49.763 479 524 W IorapForwardingService: No service published for: iorapd
06-26 17:28:49.770 321 3214 D XM_HIDREAD: poll ret=1, event=1
06-26 17:28:49.770 321 3214 D XM_HIDREAD: [9 bytes]:01 00 00 51 00 00 00 00 00
06-26 17:28:49.770 479 600 D TvWindowManager: key event key = KEYCODE_DPAD_DOWN down = true
06-26 17:28:49.771 479 599 D GpioService: mFlickerEnable = true
06-26 17:28:49.819 367 367 D dom2reg : timezone change, new: Etc/GMT-8, pre:
06-26 17:28:49.820 367 367 W dom2reg : timezone [Etc/GMT-8] not in default tables, please check!
06-26 17:28:49.882 321 3214 D XM_HIDREAD: poll ret=1, event=1
06-26 17:28:49.883 321 3214 D XM_HIDREAD: [9 bytes]:01 00 00 00 00 00 00 00 00
06-26 17:28:49.883 479 600 D TvWindowManager: key event key = KEYCODE_DPAD_DOWN down = false
06-26 17:28:49.922 479 599 D GpioService: mFlickerEnable = true
06-26 17:28:49.923 2293 2293 I SogouIME: onKeyDown: keyoCode=20
06-26 17:28:49.923 2293 2293 I DefaultIMS: onKeyDown: keyoCode=20
06-26 17:28:49.926 2293 2293 I SogouIME: onKeyUp: keyoCode=20
06-26 17:28:49.926 2293 2293 I DefaultIMS: onKeyUp: keyoCode=20
06-26 17:28:49.933 2293 2293 I DefaultIMS: onStartInput attribute=android.view.inputmethod.EditorInfo@eb11d7c restarting=false inputType: 0
06-26 17:28:50.726 321 3214 D XM_HIDREAD: poll ret=1, event=1
06-26 17:28:50.726 321 3214 D XM_HIDREAD: [9 bytes]:01 00 00 52 00 00 00 00 00
06-26 17:28:50.727 479 600 D TvWindowManager: key event key = KEYCODE_DPAD_UP down = true
06-26 17:28:50.727 479 599 D GpioService: mFlickerEnable = true
06-26 17:28:50.728 2293 2293 I SogouIME: onKeyDown: keyoCode=19
06-26 17:28:50.728 2293 2293 I DefaultIMS: onKeyDown: keyoCode=19
06-26 17:28:50.751 2293 2293 I DefaultIMS: onStartInput attribute=android.view.inputmethod.EditorInfo@ea35bb9 restarting=false inputType: 0
06-26 17:28:50.765 479 524 W IorapForwardingService: No service published for: iorapd
06-26 17:28:50.850 321 3214 D XM_HIDREAD: poll ret=1, event=1
06-26 17:28:50.850 321 3214 D XM_HIDREAD: [9 bytes]:01 00 00 00 00 00 00 00 00
06-26 17:28:50.851 479 600 D TvWindowManager: key event key = KEYCODE_DPAD_UP down = false
06-26 17:28:50.853 2293 2293 I SogouIME: onKeyUp: keyoCode=19
06-26 17:28:50.853 2293 2293 I DefaultIMS: onKeyUp: keyoCode=19
06-26 17:28:51.267 321 3214 D XM_HIDREAD: poll ret=1, event=1
06-26 17:28:51.267 321 3214 D XM_HIDREAD: [9 bytes]:01 00 00 28 00 00 00 00 00
06-26 17:28:51.267 479 600 D TvWindowManager: key event key = KEYCODE_DPAD_CENTER down = true
06-26 17:28:51.269 479 599 D GpioService: mFlickerEnable = true
06-26 17:28:51.309 2433 2536 D UtilLog : 日志批量上报 进行正常循环 !!!!!!本次有0次请求,共0条数据
06-26 17:28:51.345 321 3214 D XM_HIDREAD: poll ret=1, event=1
06-26 17:28:51.345 321 3214 D XM_HIDREAD: [9 bytes]:01 00 00 00 00 00 00 00 00
06-26 17:28:51.345 479 600 D TvWindowManager: key event key = KEYCODE_DPAD_CENTER down = false
06-26 17:28:51.418 479 599 D GpioService: mFlickerEnable = true
06-26 17:28:51.420 2293 2293 I SogouIME: onKeyDown: keyoCode=23
06-26 17:28:51.420 2293 2293 I DefaultIMS: onKeyDown: keyoCode=23
06-26 17:28:51.423 2293 2293 I SogouIME: onKeyUp: keyoCode=23
06-26 17:28:51.423 2293 2293 I DefaultIMS: onKeyUp: keyoCode=23
06-26 17:28:51.436 479 618 D ConnectivityService: NetReassign [no changes]
06-26 17:28:51.450 2293 2293 I DefaultIMS: onStartInput attribute=android.view.inputmethod.EditorInfo@ee82898 restarting=false inputType: 0
06-26 17:28:51.500 2293 2293 I DefaultIMS: onStartInput attribute=android.view.inputmethod.EditorInfo@2c7c8f1 restarting=false inputType: 0
06-26 17:28:51.767 479 524 W IorapForwardingService: No service published for: iorapd
06-26 17:28:51.820 367 367 D dom2reg : timezone change, new: Etc/GMT-8, pre:
06-26 17:28:51.820 367 367 W dom2reg : timezone [Etc/GMT-8] not in default tables, please check!
06-26 17:28:52.766 657 657 E WifiHAL : wifi_get_link_stats: requestResponse Error:-5
06-26 17:28:52.767 479 611 E WifiVendorHal: getWifiLinkLayerStats_1_5_Internal(l.1191) failed {.code = ERROR_INVALID_ARGS, .description = }
06-26 17:28:52.769 479 524 W IorapForwardingService: No service published for: iorapd
06-26 17:28:52.845 255 985 E bt_upio : upio_set : /proc/bluetooth/sleep/btwrite(-1) incorrent
06-26 17:28:53.144 3524 3524 I Thread-2: type=1400 audit(0.0:1769): avc: denied { execute } for name="am" dev="dm-1" ino=1160 scontext=u:r:system_app:s0 tcontext=u:object_r:vendor_file:s0 tclass=file permissive=1
06-26 17:28:53.144 3524 3524 I Thread-2: type=1400 audit(0.0:1770): avc: denied { read open } for path="/vendor/xbin/am" dev="dm-1" ino=1160 scontext=u:r:system_app:s0 tcontext=u:object_r:vendor_file:s0 tclass=file permissive=1
06-26 17:28:53.144 3524 3524 I Thread-2: type=1400 audit(0.0:1771): avc: denied { execute_no_trans } for path="/vendor/xbin/am" dev="dm-1" ino=1160 scontext=u:r:system_app:s0 tcontext=u:object_r:vendor_file:s0 tclass=file permissive=1
06-26 17:28:53.192 1125 1125 D aaa : LedStatusService onStartCommand begin
06-26 17:28:53.195 1125 3532 D aaa : topPkg is -------------- :com.dangbei.haqusetting
06-26 17:28:53.195 1179 1179 D bbb : onStartCommand begin !!!!!!! data分区剩余 23361MB
06-26 17:28:53.537 2433 2541 I TDLog : [APP] New data found, Submitting...
06-26 17:28:53.563 2433 2541 I TDLog : [APP] Failed to submit data!
06-26 17:28:53.771 479 524 W IorapForwardingService: No service published for: iorapd
06-26 17:28:53.820 367 367 D dom2reg : timezone change, new: Etc/GMT-8, pre:
06-26 17:28:53.820 367 367 W dom2reg : timezone [Etc/GMT-8] not in default tables, please check!
06-26 17:28:54.773 479 524 W IorapForwardingService: No service published for: iorapd
06-26 17:28:55.776 479 524 W IorapForwardingService: No service published for: iorapd
06-26 17:28:55.778 657 657 E WifiHAL : wifi_get_link_stats: requestResponse Error:-5
06-26 17:28:55.781 479 611 E WifiVendorHal: getWifiLinkLayerStats_1_5_Internal(l.1191) failed {.code = ERROR_INVALID_ARGS, .description = }
06-26 17:28:55.820 367 367 D dom2reg : timezone change, new: Etc/GMT-8, pre:
06-26 17:28:55.821 367 367 W dom2reg : timezone [Etc/GMT-8] not in default tables, please check!
06-26 17:28:56.779 479 524 W IorapForwardingService: No service published for: iorapd
06-26 17:28:57.781 479 524 W IorapForwardingService: No service published for: iorapd
06-26 17:28:57.821 367 367 D dom2reg : timezone change, new: Etc/GMT-8, pre:
06-26 17:28:57.821 367 367 W dom2reg : timezone [Etc/GMT-8] not in default tables, please check!
06-26 17:28:58.783 479 524 W IorapForwardingService: No service published for: iorapd
06-26 17:28:58.798 657 657 E WifiHAL : wifi_get_link_stats: requestResponse Error:-5
06-26 17:28:58.800 479 611 E WifiVendorHal: getWifiLinkLayerStats_1_5_Internal(l.1191) failed {.code = ERROR_INVALID_ARGS, .description = }
06-26 17:28:59.786 479 524 W IorapForwardingService: No service published for: iorapd
06-26 17:28:59.821 367 367 D dom2reg : timezone change, new: Etc/GMT-8, pre:
06-26 17:28:59.821 367 367 W dom2reg : timezone [Etc/GMT-8] not in default tables, please check!
06-26 17:29:00.789 479 524 W IorapForwardingService: No service published for: iorapd
06-26 17:29:01.257 1179 1179 D bbb : onStartCommand begin !!!!!!! data分区剩余 23361MB
06-26 17:29:01.261 1125 1125 D aaa : LedStatusService onStartCommand begin
06-26 17:29:01.263 1125 3545 D aaa : topPkg is -------------- :com.dangbei.haqusetting
06-26 17:29:01.309 2433 2536 D UtilLog : 日志批量上报 进行正常循环 !!!!!!本次有0次请求,共0条数据
06-26 17:29:01.791 479 524 W IorapForwardingService: No service published for: iorapd
06-26 17:29:01.810 657 657 E WifiHAL : wifi_get_link_stats: requestResponse Error:-5
06-26 17:29:01.811 479 611 E WifiVendorHal: getWifiLinkLayerStats_1_5_Internal(l.1191) failed {.code = ERROR_INVALID_ARGS, .description = }
06-26 17:29:01.822 367 367 D dom2reg : timezone change, new: Etc/GMT-8, pre:
06-26 17:29:01.822 367 367 W dom2reg : timezone [Etc/GMT-8] not in default tables, please check!
06-26 17:29:02.794 479 524 W IorapForwardingService: No service published for: iorapd
06-26 17:29:03.795 479 524 W IorapForwardingService: No service published for: iorapd
06-26 17:29:03.822 367 367 D dom2reg : timezone change, new: Etc/GMT-8, pre:
06-26 17:29:03.822 367 367 W dom2reg : timezone [Etc/GMT-8] not in default tables, please check!
06-26 17:29:04.103 386 3546 I adbd : host-19: read thread spawning
06-26 17:29:04.103 386 3547 I adbd : host-19: write thread spawning
06-26 17:29:04.105 386 386 I adbd : host-19: already offline
06-26 17:29:04.106 386 386 I adbd : Calling send_auth_request...
06-26 17:29:04.155 386 386 I adbd : adbd_auth: loading keys from /data/misc/adb/adb_keys
06-26 17:29:04.156 386 386 I adbd : adb client authorized
01-01 08:02:06.042 191 191 I logd : logdr: UID=2000 GID=2000 PID=3548 b tail=0 logMask=99 pid=0 start=0ns deadline=0ns
06-26 17:29:04.680 2621 2621 I cling--ap-27: type=1400 audit(0.0:1772): avc: denied { search } for name="net" dev="sysfs" ino=10442 scontext=u:r:platform_app:s0:c512,c768 tcontext=u:object_r:sysfs_net:s0 tclass=dir permissive=1 app=com.dangbei.screencast
06-26 17:29:04.798 479 524 W IorapForwardingService: No service published for: iorapd
06-26 17:29:04.822 657 657 E WifiHAL : wifi_get_link_stats: requestResponse Error:-5
06-26 17:29:04.823 479 611 E WifiVendorHal: getWifiLinkLayerStats_1_5_Internal(l.1191) failed {.code = ERROR_INVALID_ARGS, .description = }
06-26 17:29:05.501 2621 2631 I gbei.screencas: Background concurrent copying GC freed 56995(6985KB) AllocSpace objects, 12(240KB) LOS objects, 49% free, 6574KB/12MB, paused 128us total 173.742ms
06-26 17:29:05.800 479 524 W IorapForwardingService: No service published for: iorapd
06-26 17:29:05.822 367 367 D dom2reg : timezone change, new: Etc/GMT-8, pre:
06-26 17:29:05.822 367 367 W dom2reg : timezone [Etc/GMT-8] not in default tables, please check!
06-26 17:29:06.803 479 524 W IorapForwardingService: No service published for: iorapd
06-26 17:29:07.806 479 524 W IorapForwardingService: No service published for: iorapd
06-26 17:29:07.823 367 367 D dom2reg : timezone change, new: Etc/GMT-8, pre:
06-26 17:29:07.823 367 367 W dom2reg : timezone [Etc/GMT-8] not in default tables, please check!
06-26 17:29:07.837 657 657 E WifiHAL : wifi_get_link_stats: requestResponse Error:-5
06-26 17:29:07.840 479 611 E WifiVendorHal: getWifiLinkLayerStats_1_5_Internal(l.1191) failed {.code = ERROR_INVALID_ARGS, .description = }
06-26 17:29:08.660 2879 2879 I CrashSDKBkgdHan: type=1400 audit(0.0:1773): avc: denied { search } for name="com.dangbei.screencast" dev="mmcblk0p25" ino=891 scontext=u:r:platform_app:s0:c512,c768 tcontext=u:object_r:app_data_file:s0:c512,c768 tclass=dir permissive=1 app=com.dangbei.screencast
06-26 17:29:08.808 479 524 W IorapForwardingService: No service published for: iorapd
06-26 17:29:09.304 1179 1179 D bbb : onStartCommand begin !!!!!!! data分区剩余 23361MB
06-26 17:29:09.305 1125 1125 D aaa : LedStatusService onStartCommand begin
06-26 17:29:09.308 1125 3559 D aaa : topPkg is -------------- :com.dangbei.haqusetting
06-26 17:29:09.810 479 524 W IorapForwardingService: No service published for: iorapd
06-26 17:29:09.823 367 367 D dom2reg : timezone change, new: Etc/GMT-8, pre:
06-26 17:29:09.823 367 367 W dom2reg : timezone [Etc/GMT-8] not in default tables, please check!
06-26 17:29:09.932 2621 2621 I ModuleDataForwa: type=1400 audit(0.0:1774): avc: denied { read } for name="td_database2SaaS" dev="mmcblk0p25" ino=2046 scontext=u:r:platform_app:s0:c512,c768 tcontext=u:object_r:app_data_file:s0:c512,c768 tclass=dir permissive=1 app=com.dangbei.screencast
06-26 17:29:09.932 2621 2621 I ModuleDataForwa: type=1400 audit(0.0:1775): avc: denied { open } for path="/data/user/0/com.dangbei.screencast/files/__database_reborn_January_one__/td_database2SaaS" dev="mmcblk0p25" ino=2046 scontext=u:r:platform_app:s0:c512,c768 tcontext=u:object_r:app_data_file:s0:c512,c768 tclass=dir permissive=1 app=com.dangbei.screencast
06-26 17:29:10.044 2621 2621 I ModuleDataForwa: type=1400 audit(0.0:1776): avc: denied { write } for name="td_database2SaaS" dev="mmcblk0p25" ino=2046 scontext=u:r:platform_app:s0:c512,c768 tcontext=u:object_r:app_data_file:s0:c512,c768 tclass=dir permissive=1 app=com.dangbei.screencast
06-26 17:29:10.044 2621 2621 I ModuleDataForwa: type=1400 audit(0.0:1777): avc: denied { remove_name } for name="1750930129390_2879" dev="mmcblk0p25" ino=37891 scontext=u:r:platform_app:s0:c512,c768 tcontext=u:object_r:app_data_file:s0:c512,c768 tclass=dir permissive=1 app=com.dangbei.screencast
06-26 17:29:10.044 2621 2621 I ModuleDataForwa: type=1400 audit(0.0:1778): avc: denied { unlink } for name="1750930129390_2879" dev="mmcblk0p25" ino=37891 scontext=u:r:platform_app:s0:c512,c768 tcontext=u:object_r:app_data_file:s0:c512,c768 tclass=file permissive=1 app=com.dangbei.screencast
06-26 17:29:10.252 2621 2621 I efs-base: type=1400 audit(0.0:1779): avc: denied { getattr } for path="/data/user/0/com.dangbei.screencast/app_UApm/5fc60c21094d637f3130af19/ready" dev="mmcblk0p25" ino=1948 scontext=u:r:platform_app:s0:c512,c768 tcontext=u:object_r:app_data_file:s0:c512,c768 tclass=dir permissive=1 app=com.dangbei.screencast
06-26 17:29:10.813 479 524 W IorapForwardingService: No service published for: iorapd
06-26 17:29:10.856 657 657 E WifiHAL : wifi_get_link_stats: requestResponse Error:-5
06-26 17:29:10.859 479 611 E WifiVendorHal: getWifiLinkLayerStats_1_5_Internal(l.1191) failed {.code = ERROR_INVALID_ARGS, .description = }
06-26 17:29:11.309 2433 2536 D UtilLog : 日志批量上报 进行正常循环 !!!!!!本次有0次请求,共0条数据
06-26 17:29:11.816 479 524 W IorapForwardingService: No service published for: iorapd
06-26 17:29:11.823 367 367 D dom2reg : timezone change, new: Etc/GMT-8, pre:
06-26 17:29:11.823 367 367 W dom2reg : timezone [Etc/GMT-8] not in default tables, please check!
06-26 17:29:12.818 479 524 W IorapForwardingService: No service published for: iorapd
06-26 17:29:13.820 479 524 W IorapForwardingService: No service published for: iorapd
06-26 17:29:13.824 367 367 D dom2reg : timezone change, new: Etc/GMT-8, pre:
06-26 17:29:13.824 367 367 W dom2reg : timezone [Etc/GMT-8] not in default tables, please check!
06-26 17:29:13.875 657 657 E WifiHAL : wifi_get_link_stats: requestResponse Error:-5
06-26 17:29:13.878 479 611 E WifiVendorHal: getWifiLinkLayerStats_1_5_Internal(l.1191) failed {.code = ERROR_INVALID_ARGS, .description = }
06-26 17:29:14.823 479 524 W IorapForwardingService: No service published for: iorapd
06-26 17:29:15.824 367 367 D dom2reg : timezone change, new: Etc/GMT-8, pre:
06-26 17:29:15.824 367 367 W dom2reg : timezone [Etc/GMT-8] not in default tables, please check!
06-26 17:29:15.825 479 524 W IorapForwardingService: No service published for: iorapd
06-26 17:29:16.827 479 524 W IorapForwardingService: No service published for: iorapd
06-26 17:29:16.895 657 657 E WifiHAL : wifi_get_link_stats: requestResponse Error:-5
06-26 17:29:16.897 479 611 E WifiVendorHal: getWifiLinkLayerStats_1_5_Internal(l.1191) failed {.code = ERROR_INVALID_ARGS, .description = }
06-26 17:29:17.334 1179 1179 D bbb : onStartCommand begin !!!!!!! data分区剩余 23361MB
06-26 17:29:17.336 1125 1125 D aaa : LedStatusService onStartCommand begin
06-26 17:29:17.341 1125 3570 D aaa : topPkg is -------------- :com.dangbei.haqusetting
06-26 17:29:17.825 367 367 D dom2reg : timezone change, new: Etc/GMT-8, pre:
06-26 17:29:17.825 367 367 W dom2reg : timezone [Etc/GMT-8] not in default tables, please check!
06-26 17:29:17.829 479 524 W IorapForwardingService: No service published for: iorapd
06-26 17:29:18.123 479 1023 W ZramWriteback: Writeback device is not set
06-26 17:29:18.124 479 1023 D ZramWriteback: wait to flush
06-26 17:29:18.831 479 524 W IorapForwardingService: No service published for: iorapd
06-26 17:29:19.460 479 806 I WifiService: startScan uid=1000
06-26 17:29:19.825 367 367 D dom2reg : timezone change, new: Etc/GMT-8, pre:
06-26 17:29:19.825 367 367 W dom2reg : timezone [Etc/GMT-8] not in default tables, please check!
06-26 17:29:19.833 479 524 W IorapForwardingService: No service published for: iorapd
06-26 17:29:19.912 657 657 E WifiHAL : wifi_get_link_stats: requestResponse Error:-5
06-26 17:29:19.916 479 611 E WifiVendorHal: getWifiLinkLayerStats_1_5_Internal(l.1191) failed {.code = ERROR_INVALID_ARGS, .description = }
06-26 17:29:20.836 479 524 W IorapForwardingService: No service published for: iorapd
06-26 17:29:21.257 479 806 D WifiNl80211Manager: Scan result ready event
06-26 17:29:21.257 479 806 D WifiNative: Scan result ready event
06-26 17:29:21.309 2433 2536 D UtilLog : 日志批量上报 进行正常循环 !!!!!!本次有0次请求,共0条数据
06-26 17:29:21.308 2621 2621 I cling--ap-7: type=1400 audit(0.0:1780): avc: denied { read } for name="address" dev="sysfs" ino=16906 scontext=u:r:platform_app:s0:c512,c768 tcontext=u:object_r:sysfs_net:s0 tclass=file permissive=1 app=com.dangbei.screencast
06-26 17:29:21.308 2621 2621 I cling--ap-7: type=1400 audit(0.0:1781): avc: denied { open } for path="/sys/devices/virtual/net/dummy0/address" dev="sysfs" ino=16906 scontext=u:r:platform_app:s0:c512,c768 tcontext=u:object_r:sysfs_net:s0 tclass=file permissive=1 app=com.dangbei.screencast
06-26 17:29:21.308 2621 2621 I cling--ap-7: type=1400 audit(0.0:1782): avc: denied { getattr } for path="/sys/devices/virtual/net/dummy0/address" dev="sysfs" ino=16906 scontext=u:r:platform_app:s0:c512,c768 tcontext=u:object_r:sysfs_net:s0 tclass=file permissive=1 app=com.dangbei.screencast
06-26 17:29:21.318 3280 3498 E ccc : cccccc SCAN_RESULTS_AVAILABLE_ACTION hhhh
06-26 17:29:21.321 1116 1116 E hq : NetWorkStateReceiver:::NetWorkStateReceiver onReceive: 网络变化广播 >>>> intent.action=android.net.wifi.SCAN_RESULTS
06-26 17:29:21.335 657 657 E WifiHAL : wifi_get_link_stats: requestResponse Error:-5
06-26 17:29:21.338 479 611 E WifiVendorHal: getWifiLinkLayerStats_1_5_Internal(l.1191) failed {.code = ERROR_INVALID_ARGS, .description = }
06-26 17:29:21.371 1116 1116 W eventbuscore: post Event:com.dangbei.leard.base.entity.event.NetWifiRssiEvent
06-26 17:29:21.826 367 367 D dom2reg : timezone change, new: Etc/GMT-8, pre:
06-26 17:29:21.826 367 367 W dom2reg : timezone [Etc/GMT-8] not in default tables, please check!
06-26 17:29:21.839 479 524 W IorapForwardingService: No service published for: iorapd
06-26 17:29:22.841 479 524 W IorapForwardingService: No service published for: iorapd
06-26 17:29:22.930 657 657 E WifiHAL : wifi_get_link_stats: requestResponse Error:-5
06-26 17:29:22.932 479 611 E WifiVendorHal: getWifiLinkLayerStats_1_5_Internal(l.1191) failed {.code = ERROR_INVALID_ARGS, .description = }
06-26 17:29:23.826 367 367 D dom2reg : timezone change, new: Etc/GMT-8, pre:
06-26 17:29:23.827 367 367 W dom2reg : timezone [Etc/GMT-8] not in default tables, please check!
06-26 17:29:23.843 479 524 W IorapForwardingService: No service published for: iorapd
06-26 17:29:24.845 479 524 W IorapForwardingService: No service published for: iorapd
06-26 17:29:25.352 1179 1179 D bbb : onStartCommand begin !!!!!!! data分区剩余 23361MB
06-26 17:29:25.355 1125 1125 D aaa : LedStatusService onStartCommand begin
06-26 17:29:25.356 1125 3579 D aaa : topPkg is -------------- :com.dangbei.haqusetting
06-26 17:29:25.827 367 367 D dom2reg : timezone change, new: Etc/GMT-8, pre:
06-26 17:29:25.827 367 367 W dom2reg : timezone [Etc/GMT-8] not in default tables, please check!
06-26 17:29:25.847 479 524 W IorapForwardingService: No service published for: iorapd
06-26 17:29:25.942 657 657 E WifiHAL : wifi_get_link_stats: requestResponse Error:-5
06-26 17:29:25.943 479 611 E WifiVendorHal: getWifiLinkLayerStats_1_5_Internal(l.1191) failed {.code = ERROR_INVALID_ARGS, .description = }
06-26 17:29:26.849 479 524 W IorapForwardingService: No service published for: iorapd
06-26 17:29:27.827 367 367 D dom2reg : timezone change, new: Etc/GMT-8, pre:
06-26 17:29:27.827 367 367 W dom2reg : timezone [Etc/GMT-8] not in default tables, please check!
06-26 17:29:27.851 479 524 W IorapForwardingService: No service published for: iorapd
06-26 17:29:28.853 479 524 W IorapForwardingService: No service published for: iorapd
06-26 17:29:28.954 657 657 E WifiHAL : wifi_get_link_stats: requestResponse Error:-5
06-26 17:29:28.957 479 611 E WifiVendorHal: getWifiLinkLayerStats_1_5_Internal(l.1191) failed {.code = ERROR_INVALID_ARGS, .description = }
06-26 17:29:29.827 367 367 D dom2reg : timezone change, new: Etc/GMT-8, pre:
06-26 17:29:29.827 367 367 W dom2reg : timezone [Etc/GMT-8] not in default tables, please check!
06-26 17:29:29.855 479 524 W IorapForwardingService: No service published for: iorapd
06-26 17:29:30.857 479 524 W IorapForwardingService: No service published for: iorapd
06-26 17:29:31.276 2433 2536 D UtilLog : 日志批量上报 进行正常循环 !!!!!!本次有0次请求,共0条数据
06-26 17:29:31.827 367 367 D dom2reg : timezone change, new: Etc/GMT-8, pre:
06-26 17:29:31.828 367 367 W dom2reg : timezone [Etc/GMT-8] not in default tables, please check!
06-26 17:29:31.859 479 524 W IorapForwardingService: No service published for: iorapd
06-26 17:29:31.968 657 657 E WifiHAL : wifi_get_link_stats: requestResponse Error:-5
06-26 17:29:31.969 479 611 E WifiVendorHal: getWifiLinkLayerStats_1_5_Internal(l.1191) failed {.code = ERROR_INVALID_ARGS, .description = }
06-26 17:29:32.861 479 524 W IorapForwardingService: No service published for: iorapd
06-26 17:29:33.104 248 1930 W resolv : SSL_connect write error 0, mark 0xf0064: Try again
06-26 17:29:33.104 248 1929 W resolv : SSL_connect write error 0, mark 0xf0064: Try again
06-26 17:29:33.105 248 1929 W resolv : TLS Handshake failed
06-26 17:29:33.105 248 1930 W resolv : TLS Handshake failed
06-26 17:29:33.105 248 1929 W resolv : query failed
06-26 17:29:33.105 248 1930 W resolv : query failed
06-26 17:29:33.105 248 1929 W resolv : validateDnsTlsServer returned 0 for 202.96.128.166
06-26 17:29:33.105 248 1930 W resolv : validateDnsTlsServer returned 0 for 202.96.134.133
06-26 17:29:33.105 248 1929 W resolv : Validation failed
06-26 17:29:33.106 248 1930 W resolv : Validation failed
06-26 17:29:33.395 1179 1179 D bbb : onStartCommand begin !!!!!!! data分区剩余 23361MB
06-26 17:29:33.400 1125 1125 D aaa : LedStatusService onStartCommand begin
06-26 17:29:33.402 1125 3589 D aaa : topPkg is -------------- :com.dangbei.haqusetting
06-26 17:29:33.828 367 367 D dom2reg : timezone change, new: Etc/GMT-8, pre:
06-26 17:29:33.828 367 367 W dom2reg : timezone [Etc/GMT-8] not in default tables, please check!
06-26 17:29:33.863 479 524 W IorapForwardingService: No service published for: iorapd
06-26 17:29:34.206 479 582 D WifiNl80211Manager: Scan result ready event
06-26 17:29:34.206 479 582 D WifiNative: Scan result ready event
06-26 17:29:34.236 479 615 D WificondScannerImpl: Filtering out 24 scan results.
06-26 17:29:34.244 657 657 E WifiHAL : wifi_get_link_stats: requestResponse Error:-5
06-26 17:29:34.245 479 611 E WifiVendorHal: getWifiLinkLayerStats_1_5_Internal(l.1191) failed {.code = ERROR_INVALID_ARGS, .description = }
06-26 17:29:34.865 479 524 W IorapForwardingService: No service published for: iorapd
06-26 17:29:34.978 657 657 E WifiHAL : wifi_get_link_stats: requestResponse Error:-5
06-26 17:29:34.980 479 611 E WifiVendorHal: getWifiLinkLayerStats_1_5_Internal(l.1191) failed {.code = ERROR_INVALID_ARGS, .description = }
06-26 17:29:35.457 2621 2631 I gbei.screencas: Background concurrent copying GC freed 60765(6857KB) AllocSpace objects, 0(0B) LOS objects, 49% free, 6565KB/12MB, paused 110us total 128.257ms
06-26 17:29:35.828 367 367 D dom2reg : timezone change, new: Etc/GMT-8, pre:
06-26 17:29:35.828 367 367 W dom2reg : timezone [Etc/GMT-8] not in default tables, please check!
06-26 17:29:35.866 479 524 W IorapForwardingService: No service published for: iorapd
06-26 17:29:36.028 2621 2621 I Thread-4: type=1400 audit(0.0:1783): avc: denied { open } for path="/data/user/0/com.dangbei.screencast/crashsdk/tags/pv.wa" dev="mmcblk0p25" ino=3389 scontext=u:r:platform_app:s0:c512,c768 tcontext=u:object_r:app_data_file:s0:c512,c768 tclass=file permissive=1 app=com.dangbei.screencast
06-26 17:29:36.868 479 524 W IorapForwardingService: No service published for: iorapd
06-26 17:29:37.580 2433 2541 I TDLog : [APP] New data found, Submitting...
06-26 17:29:37.606 2433 2541 I TDLog : [APP] Failed to submit data!
06-26 17:29:37.828 367 367 D dom2reg : timezone change, new: Etc/GMT-8, pre:
06-26 17:29:37.829 367 367 W dom2reg : timezone [Etc/GMT-8] not in default tables, please check!
06-26 17:29:37.871 479 524 W IorapForwardingService: No service published for: iorapd
06-26 17:29:37.994 657 657 E WifiHAL : wifi_get_link_stats: requestResponse Error:-5
06-26 17:29:37.998 479 611 E WifiVendorHal: getWifiLinkLayerStats_1_5_Internal(l.1191) failed {.code = ERROR_INVALID_ARGS, .description = }
06-26 17:29:38.874 479 524 W IorapForwardingService: No service published for: iorapd
06-26 17:29:39.829 367 367 D dom2reg : timezone change, new: Etc/GMT-8, pre:
06-26 17:29:39.829 367 367 W dom2reg : timezone [Etc/GMT-8] not in default tables, please check!
06-26 17:29:39.876 479 524 W IorapForwardingService: No service published for: iorapd
06-26 17:29:40.152 2621 2621 I ModuleDataForwa: type=1400 audit(0.0:1784): avc: denied { lock } for path="/data/user/0/com.dangbei.screencast/files/TD__Env_Synchronous_Lock__" dev="mmcblk0p25" ino=2612 scontext=u:r:platform_app:s0:c512,c768 tcontext=u:object_r:app_data_file:s0:c512,c768 tclass=file permissive=1 app=com.dangbei.screencast
06-26 17:29:40.879 479 524 W IorapForwardingService: No service published for: iorapd
06-26 17:29:41.015 657 657 E WifiHAL : wifi_get_link_stats: requestResponse Error:-5
06-26 17:29:41.019 479 611 E WifiVendorHal: getWifiLinkLayerStats_1_5_Internal(l.1191) failed {.code = ERROR_INVALID_ARGS, .description = }
06-26 17:29:41.280 2433 2536 D UtilLog : 日志批量上报 进行正常循环 !!!!!!本次有0次请求,共0条数据
06-26 17:29:41.426 1125 1125 D aaa : LedStatusService onStartCommand begin
06-26 17:29:41.427 1125 3602 D aaa : topPkg is -------------- :com.dangbei.haqusetting
06-26 17:29:41.428 1179 1179 D bbb : onStartCommand begin !!!!!!! data分区剩余 23361MB
06-26 17:29:41.830 367 367 D dom2reg : timezone change, new: Etc/GMT-8, pre:
06-26 17:29:41.830 367 367 W dom2reg : timezone [Etc/GMT-8] not in default tables, please check!
06-26 17:29:41.881 479 524 W IorapForwardingService: No service published for: iorapd
06-26 17:29:42.884 479 524 W IorapForwardingService: No service published for: iorapd
06-26 17:29:43.830 367 367 D dom2reg : timezone change, new: Etc/GMT-8, pre:
06-26 17:29:43.830 367 367 W dom2reg : timezone [Etc/GMT-8] not in default tables, please check!
06-26 17:29:43.886 479 524 W IorapForwardingService: No service published for: iorapd
06-26 17:29:44.035 657 657 E WifiHAL : wifi_get_link_stats: requestResponse Error:-5
06-26 17:29:44.037 479 611 E WifiVendorHal: getWifiLinkLayerStats_1_5_Internal(l.1191) failed {.code = ERROR_INVALID_ARGS, .description = }
06-26 17:29:44.888 479 524 W IorapForwardingService: No service published for: iorapd
06-26 17:29:45.831 367 367 D dom2reg : timezone change, new: Etc/GMT-8, pre:
06-26 17:29:45.831 367 367 W dom2reg : timezone [Etc/GMT-8] not in default tables, please check!
06-26 17:29:45.892 479 524 W IorapForwardingService: No service published for: iorapd
06-26 17:29:46.893 479 524 W IorapForwardingService: No service published for: iorapd
06-26 17:29:47.052 657 657 E WifiHAL : wifi_get_link_stats: requestResponse Error:-5
06-26 17:29:47.056 479 611 E WifiVendorHal: getWifiLinkLayerStats_1_5_Internal(l.1191) failed {.code = ERROR_INVALID_ARGS, .description = }
06-26 17:29:47.831 367 367 D dom2reg : timezone change, new: Etc/GMT-8, pre:
06-26 17:29:47.831 367 367 W dom2reg : timezone [Etc/GMT-8] not in default tables, please check!
06-26 17:29:47.896 479 524 W IorapForwardingService: No service published for: iorapd
06-26 17:29:48.126 479 1023 W ZramWriteback: Writeback device is not set
06-26 17:29:48.126 479 1023 D ZramWriteback: wait to flush
06-26 17:29:48.574 2879 2952 D nStackXCoAP: IsInSameNetwork:[276] :IsInSameNetwork exec
06-26 17:29:48.574 2879 2952 I nStackXDFinder: GetLocalInterfaceDetail:[461] :GetLocalInterfaceDetail in
06-26 17:29:48.574 2879 2952 E nStackXCoAP: IsInSameNetwork:[281] :IsInSameNetwork: not priority process
06-26 17:29:48.574 2879 2952 D nStackXCoAP: ParseServiceDiscover:[330] :new device join
06-26 17:29:48.574 2879 2952 I nStackXDFinder: NotifyDeviceListChanged:[540] :notify callback: device list changed callback is null
06-26 17:29:48.574 2879 2952 E nStackXDFinder: GetLocalIp:[401] :GetLocalIp exec
06-26 17:29:48.634 2879 2952 D nStackXCoAP: CoapMessageHandler:[133] :2.01
06-26 17:29:48.658 2879 2952 D nStackXCoAP: IsInSameNetwork:[276] :IsInSameNetwork exec
06-26 17:29:48.658 2879 2952 I nStackXDFinder: GetLocalInterfaceDetail:[461] :GetLocalInterfaceDetail in
06-26 17:29:48.658 2879 2952 E nStackXCoAP: IsInSameNetwork:[281] :IsInSameNetwork: not priority process
06-26 17:29:48.658 2879 2952 D nStackXCoAP: ParseServiceDiscover:[330] :new device join
06-26 17:29:48.658 2879 2952 E nStackXDFinder: GetLocalIp:[401] :GetLocalIp exec
06-26 17:29:48.669 2879 2952 D nStackXCoAP: CoapMessageHandler:[133] :2.01
06-26 17:29:48.867 2879 2952 D nStackXCoAP: IsInSameNetwork:[276] :IsInSameNetwork exec
06-26 17:29:48.867 2879 2952 I nStackXDFinder: GetLocalInterfaceDetail:[461] :GetLocalInterfaceDetail in
06-26 17:29:48.867 2879 2952 E nStackXCoAP: IsInSameNetwork:[281] :IsInSameNetwork: not priority process
06-26 17:29:48.867 2879 2952 D nStackXCoAP: ParseServiceDiscover:[330] :new device join
06-26 17:29:48.868 2879 2952 E nStackXDFinder: GetLocalIp:[401] :GetLocalIp exec
06-26 17:29:48.899 479 524 W IorapForwardingService: No service published for: iorapd
06-26 17:29:48.947 2879 2952 D nStackXCoAP: CoapMessageHandler:[133] :2.01
06-26 17:29:49.209 2879 2952 D nStackXCoAP: IsInSameNetwork:[276] :IsInSameNetwork exec
06-26 17:29:49.209 2879 2952 I nStackXDFinder: GetLocalInterfaceDetail:[461] :GetLocalInterfaceDetail in
06-26 17:29:49.209 2879 2952 E nStackXCoAP: IsInSameNetwork:[281] :IsInSameNetwork: not priority process
06-26 17:29:49.209 2879 2952 D nStackXCoAP: ParseServiceDiscover:[330] :new device join
06-26 17:29:49.209 2879 2952 E nStackXDFinder: GetLocalIp:[401] :GetLocalIp exec
06-26 17:29:49.232 2879 2952 D nStackXCoAP: CoapMessageHandler:[133] :2.01
06-26 17:29:49.481 1179 1179 D bbb : onStartCommand begin !!!!!!! data分区剩余 23361MB
06-26 17:29:49.486 1125 1125 D aaa : LedStatusService onStartCommand begin
06-26 17:29:49.488 1125 3611 D aaa : topPkg is -------------- :com.dangbei.haqusetting
06-26 17:29:49.582 2879 2952 D nStackXCoAP: IsInSameNetwork:[276] :IsInSameNetwork exec
06-26 17:29:49.582 2879 2952 I nStackXDFinder: GetLocalInterfaceDetail:[461] :GetLocalInterfaceDetail in
06-26 17:29:49.582 2879 2952 E nStackXCoAP: IsInSameNetwork:[281] :IsInSameNetwork: not priority process
06-26 17:29:49.582 2879 2952 D nStackXCoAP: ParseServiceDiscover:[330] :new device join
06-26 17:29:49.582 2879 2952 E nStackXDFinder: GetLocalIp:[401] :GetLocalIp exec
06-26 17:29:49.596 2879 2952 D nStackXCoAP: CoapMessageHandler:[133] :2.01
06-26 17:29:49.832 367 367 D dom2reg : timezone change, new: Etc/GMT-8, pre:
06-26 17:29:49.832 367 367 W dom2reg : timezone [Etc/GMT-8] not in default tables, please check!
06-26 17:29:49.902 479 524 W IorapForwardingService: No service published for: iorapd
06-26 17:29:50.072 657 657 E WifiHAL : wifi_get_link_stats: requestResponse Error:-5
06-26 17:29:50.076 479 611 E WifiVendorHal: getWifiLinkLayerStats_1_5_Internal(l.1191) failed {.code = ERROR_INVALID_ARGS, .description = }
06-26 17:29:50.089 2879 2952 D nStackXCoAP: IsInSameNetwork:[276] :IsInSameNetwork exec
06-26 17:29:50.090 2879 2952 I nStackXDFinder: GetLocalInterfaceDetail:[461] :GetLocalInterfaceDetail in
06-26 17:29:50.090 2879 2952 E nStackXCoAP: IsInSameNetwork:[281] :IsInSameNetwork: not priority process
06-26 17:29:50.090 2879 2952 D nStackXCoAP: ParseServiceDiscover:[330] :new device join
06-26 17:29:50.090 2879 2952 E nStackXDFinder: GetLocalIp:[401] :GetLocalIp exec
06-26 17:29:50.098 2879 2952 D nStackXCoAP: CoapMessageHandler:[133] :2.01
06-26 17:29:50.616 2879 2952 D nStackXCoAP: IsInSameNetwork:[276] :IsInSameNetwork exec
06-26 17:29:50.617 2879 2952 I nStackXDFinder: GetLocalInterfaceDetail:[461] :GetLocalInterfaceDetail in
06-26 17:29:50.617 2879 2952 E nStackXCoAP: IsInSameNetwork:[281] :IsInSameNetwork: not priority process
06-26 17:29:50.617 2879 2952 D nStackXCoAP: ParseServiceDiscover:[330] :new device join
06-26 17:29:50.617 2879 2952 E nStackXDFinder: GetLocalIp:[401] :GetLocalIp exec
06-26 17:29:50.648 2879 2952 D nStackXCoAP: CoapMessageHandler:[133] :2.01
06-26 17:29:50.904 479 524 W IorapForwardingService: No service published for: iorapd
06-26 17:29:51.118 2879 2952 D nStackXCoAP: IsInSameNetwork:[276] :IsInSameNetwork exec
06-26 17:29:51.118 2879 2952 I nStackXDFinder: GetLocalInterfaceDetail:[461] :GetLocalInterfaceDetail in
06-26 17:29:51.118 2879 2952 E nStackXCoAP: IsInSameNetwork:[281] :IsInSameNetwork: not priority process
06-26 17:29:51.118 2879 2952 D nStackXCoAP: ParseServiceDiscover:[330] :new device join
06-26 17:29:51.119 2879 2952 E nStackXDFinder: GetLocalIp:[401] :GetLocalIp exec
06-26 17:29:51.133 2879 2952 D nStackXCoAP: CoapMessageHandler:[133] :2.01
06-26 17:29:51.291 2433 2536 D UtilLog : 日志批量上报 进行正常循环 !!!!!!本次有0次请求,共0条数据
06-26 17:29:51.417 479 1378 I WifiService: startScan uid=1000
06-26 17:29:51.626 2879 2952 D nStackXCoAP: IsInSameNetwork:[276] :IsInSameNetwork exec
06-26 17:29:51.626 2879 2952 I nStackXDFinder: GetLocalInterfaceDetail:[461] :GetLocalInterfaceDetail in
06-26 17:29:51.626 2879 2952 E nStackXCoAP: IsInSameNetwork:[281] :IsInSameNetwork: not priority process
06-26 17:29:51.626 2879 2952 D nStackXCoAP: ParseServiceDiscover:[330] :new device join
06-26 17:29:51.626 2879 2952 E nStackXDFinder: GetLocalIp:[401] :GetLocalIp exec
06-26 17:29:51.633 2879 2952 D nStackXCoAP: CoapMessageHandler:[133] :2.01
06-26 17:29:51.832 367 367 D dom2reg : timezone change, new: Etc/GMT-8, pre:
06-26 17:29:51.832 367 367 W dom2reg : timezone [Etc/GMT-8] not in default tables, please check!
06-26 17:29:51.907 479 524 W IorapForwardingService: No service published for: iorapd
06-26 17:29:52.652 2879 2952 D nStackXCoAP: IsInSameNetwork:[276] :IsInSameNetwork exec
06-26 17:29:52.652 2879 2952 I nStackXDFinder: GetLocalInterfaceDetail:[461] :GetLocalInterfaceDetail in
06-26 17:29:52.652 2879 2952 E nStackXCoAP: IsInSameNetwork:[281] :IsInSameNetwork: not priority process
06-26 17:29:52.652 2879 2952 D nStackXCoAP: ParseServiceDiscover:[330] :new device join
06-26 17:29:52.652 2879 2952 E nStackXDFinder: GetLocalIp:[401] :GetLocalIp exec
06-26 17:29:52.747 2879 2952 D nStackXCoAP: CoapMessageHandler:[133] :2.01
06-26 17:29:52.908 479 524 W IorapForwardingService: No service published for: iorapd
06-26 17:29:53.091 657 657 E WifiHAL : wifi_get_link_stats: requestResponse Error:-5
06-26 17:29:53.094 479 611 E WifiVendorHal: getWifiLinkLayerStats_1_5_Internal(l.1191) failed {.code = ERROR_INVALID_ARGS, .description = }
06-26 17:29:53.205 479 1378 D WifiNl80211Manager: Scan result ready event
06-26 17:29:53.205 479 1378 D WifiNative: Scan result ready event
06-26 17:29:53.275 479 615 D WificondScannerImpl: Filtering out 7 scan results.
06-26 17:29:53.294 3280 3498 E ccc : cccccc SCAN_RESULTS_AVAILABLE_ACTION hhhh
06-26 17:29:53.295 1116 1116 E hq : NetWorkStateReceiver:::NetWorkStateReceiver onReceive: 网络变化广播 >>>> intent.action=android.net.wifi.SCAN_RESULTS
06-26 17:29:53.307 657 657 E WifiHAL : wifi_get_link_stats: requestResponse Error:-5
06-26 17:29:53.309 479 611 E WifiVendorHal: getWifiLinkLayerStats_1_5_Internal(l.1191) failed {.code = ERROR_INVALID_ARGS, .description = }
06-26 17:29:53.333 1116 1116 W eventbuscore: post Event:com.dangbei.leard.base.entity.event.NetWifiRssiEvent
06-26 17:29:53.833 367 367 D dom2reg : timezone change, new: Etc/GMT-8, pre:
06-26 17:29:53.833 367 367 W dom2reg : timezone [Etc/GMT-8] not in default tables, please check!
06-26 17:29:53.911 479 524 W IorapForwardingService: No service published for: iorapd
06-26 17:29:54.913 479 524 W IorapForwardingService: No service published for: iorapd
06-26 17:29:55.833 367 367 D dom2reg : timezone change, new: Etc/GMT-8, pre:
06-26 17:29:55.833 367 367 W dom2reg : timezone [Etc/GMT-8] not in default tables, please check!
06-26 17:29:55.915 479 524 W IorapForwardingService: No service published for: iorapd
06-26 17:29:56.108 657 657 E WifiHAL : wifi_get_link_stats: requestResponse Error:-5
06-26 17:29:56.110 479 611 E WifiVendorHal: getWifiLinkLayerStats_1_5_Internal(l.1191) failed {.code = ERROR_INVALID_ARGS, .description = }
06-26 17:29:56.918 479 524 W IorapForwardingService: No service published for: iorapd
06-26 17:29:57.520 1179 1179 D bbb : onStartCommand begin !!!!!!! data分区剩余 23361MB
06-26 17:29:57.524 1125 1125 D aaa : LedStatusService onStartCommand begin
06-26 17:29:57.526 1125 3620 D aaa : topPkg is -------------- :com.dangbei.haqusetting
06-26 17:29:57.833 367 367 D dom2reg : timezone change, new: Etc/GMT-8, pre:
06-26 17:29:57.834 367 367 W dom2reg : timezone [Etc/GMT-8] not in default tables, please check!
06-26 17:29:57.920 479 524 W IorapForwardingService: No service published for: iorapd
06-26 17:29:58.923 479 524 W IorapForwardingService: No service published for: iorapd
06-26 17:29:59.126 657 657 E WifiHAL : wifi_get_link_stats: requestResponse Error:-5
06-26 17:29:59.128 479 611 E WifiVendorHal: getWifiLinkLayerStats_1_5_Internal(l.1191) failed {.code = ERROR_INVALID_ARGS, .description = }
06-26 17:29:59.834 367 367 D dom2reg : timezone change, new: Etc/GMT-8, pre:
06-26 17:29:59.834 367 367 W dom2reg : timezone [Etc/GMT-8] not in default tables, please check!
06-26 17:29:59.925 479 524 W IorapForwardingService: No service published for: iorapd
06-26 17:30:00.928 479 524 W IorapForwardingService: No service published for: iorapd
06-26 17:30:01.301 2433 2536 D UtilLog : 日志批量上报 进行正常循环 !!!!!!本次有0次请求,共0条数据
06-26 17:30:01.834 367 367 D dom2reg : timezone change, new: Etc/GMT-8, pre:
06-26 17:30:01.835 367 367 W dom2reg : timezone [Etc/GMT-8] not in default tables, please check!
06-26 17:30:01.931 479 524 W IorapForwardingService: No service published for: iorapd
06-26 17:30:02.144 657 657 E WifiHAL : wifi_get_link_stats: requestResponse Error:-5
06-26 17:30:02.147 479 611 E WifiVendorHal: getWifiLinkLayerStats_1_5_Internal(l.1191) failed {.code = ERROR_INVALID_ARGS, .description = }
06-26 17:30:02.934 479 524 W IorapForwardingService: No service published for: iorapd
06-26 17:30:03.835 367 367 D dom2reg : timezone change, new: Etc/GMT-8, pre:
06-26 17:30:03.835 367 367 W dom2reg : timezone [Etc/GMT-8] not in default tables, please check!
06-26 17:30:03.936 479 524 W IorapForwardingService: No service published for: iorapd
06-26 17:30:04.939 479 524 W IorapForwardingService: No service published for: iorapd
06-26 17:30:05.163 657 657 E WifiHAL : wifi_get_link_stats: requestResponse Error:-5
06-26 17:30:05.166 479 611 E WifiVendorHal: getWifiLinkLayerStats_1_5_Internal(l.1191) failed {.code = ERROR_INVALID_ARGS, .description = }
06-26 17:30:05.556 1125 1125 D aaa : LedStatusService onStartCommand begin
06-26 17:30:05.558 1125 3629 D aaa : topPkg is -------------- :com.dangbei.haqusetting
06-26 17:30:05.561 1179 1179 D bbb : onStartCommand begin !!!!!!! data分区剩余 23361MB
06-26 17:30:05.835 367 367 D dom2reg : timezone change, new: Etc/GMT-8, pre:
06-26 17:30:05.835 367 367 W dom2reg : timezone [Etc/GMT-8] not in default tables, please check!
06-26 17:30:05.941 479 524 W IorapForwardingService: No service published for: iorapd
06-26 17:30:06.943 479 524 W IorapForwardingService: No service published for: iorapd
