06-26 17:31:09.151 2879 2952 D nStackXCoAP: IsInSameNetwork:[276] :IsInSameNetwork exec
06-26 17:31:09.151 2879 2952 I nStackXDFinder: GetLocalInterfaceDetail:[461] :GetLocalInterfaceDetail in
06-26 17:31:09.151 2879 2952 E nStackXCoAP: IsInSameNetwork:[281] :IsInSameNetwork: not priority process
06-26 17:31:09.151 2879 2952 D nStackXCoAP: ParseServiceDiscover:[330] :new device join
06-26 17:31:09.151 2879 2952 E nStackXDFinder: GetLocalIp:[401] :GetLocalIp exec
06-26 17:31:09.154 2879 2952 D nStackXCoAP: IsInSameNetwork:[276] :IsInSameNetwork exec
06-26 17:31:09.154 2879 2952 I nStackXDFinder: GetLocalInterfaceDetail:[461] :GetLocalInterfaceDetail in
06-26 17:31:09.154 2879 2952 E nStackXCoAP: IsInSameNetwork:[281] :IsInSameNetwork: not priority process
06-26 17:31:09.154 2879 2952 D nStackXCoAP: ParseServiceDiscover:[330] :new device join
06-26 17:31:09.154 2879 2952 E nStackXDFinder: GetLocalIp:[401] :GetLocalIp exec
06-26 17:31:09.201 2879 2952 D nStackXCoAP: CoapMessageHandler:[133] :2.01
06-26 17:31:09.203 2879 2952 D nStackXCoAP: CoapMessageHandler:[133] :2.01
06-26 17:31:09.348 2879 2952 D nStackXCoAP: IsInSameNetwork:[276] :IsInSameNetwork exec
06-26 17:31:09.348 2879 2952 I nStackXDFinder: GetLocalInterfaceDetail:[461] :GetLocalInterfaceDetail in
06-26 17:31:09.348 2879 2952 E nStackXCoAP: IsInSameNetwork:[281] :IsInSameNetwork: not priority process
06-26 17:31:09.348 2879 2952 D nStackXCoAP: ParseServiceDiscover:[330] :new device join
06-26 17:31:09.348 2879 2952 E nStackXDFinder: GetLocalIp:[401] :GetLocalIp exec
06-26 17:31:09.392 2879 2952 D nStackXCoAP: CoapMessageHandler:[133] :2.01
06-26 17:31:09.450 2879 2952 D nStackXCoAP: IsInSameNetwork:[276] :IsInSameNetwork exec
06-26 17:31:09.450 2879 2952 I nStackXDFinder: GetLocalInterfaceDetail:[461] :GetLocalInterfaceDetail in
06-26 17:31:09.450 2879 2952 E nStackXCoAP: IsInSameNetwork:[281] :IsInSameNetwork: not priority process
06-26 17:31:09.450 2879 2952 D nStackXCoAP: ParseServiceDiscover:[330] :new device join
06-26 17:31:09.450 2879 2952 E nStackXDFinder: GetLocalIp:[401] :GetLocalIp exec
06-26 17:31:09.461 2879 2952 D nStackXCoAP: CoapMessageHandler:[133] :2.01
06-26 17:31:09.589 2879 2952 D nStackXCoAP: IsInSameNetwork:[276] :IsInSameNetwork exec
06-26 17:31:09.589 2879 2952 I nStackXDFinder: GetLocalInterfaceDetail:[461] :GetLocalInterfaceDetail in
06-26 17:31:09.589 2879 2952 E nStackXCoAP: IsInSameNetwork:[281] :IsInSameNetwork: not priority process
06-26 17:31:09.589 2879 2952 D nStackXCoAP: ParseServiceDiscover:[330] :new device join
06-26 17:31:09.589 2879 2952 E nStackXDFinder: GetLocalIp:[401] :GetLocalIp exec
06-26 17:31:09.623 2879 2952 D nStackXCoAP: CoapMessageHandler:[133] :2.01
06-26 17:31:09.761 2879 2952 D nStackXCoAP: IsInSameNetwork:[276] :IsInSameNetwork exec
06-26 17:31:09.761 2879 2952 I nStackXDFinder: GetLocalInterfaceDetail:[461] :GetLocalInterfaceDetail in
06-26 17:31:09.761 2879 2952 E nStackXCoAP: IsInSameNetwork:[281] :IsInSameNetwork: not priority process
06-26 17:31:09.761 2879 2952 D nStackXCoAP: ParseServiceDiscover:[330] :new device join
06-26 17:31:09.761 2879 2952 E nStackXDFinder: GetLocalIp:[401] :GetLocalIp exec
06-26 17:31:09.773 2879 2952 D nStackXCoAP: CoapMessageHandler:[133] :2.01
06-26 17:31:09.823 1179 1179 D bbb : onStartCommand begin !!!!!!! data分区剩余 23361MB
06-26 17:31:09.825 1125 1125 D aaa : LedStatusService onStartCommand begin
06-26 17:31:09.827 1125 3722 D aaa : topPkg is -------------- :com.dangbei.haqusetting
06-26 17:31:09.848 367 367 D dom2reg : timezone change, new: Etc/GMT-8, pre:
06-26 17:31:09.848 367 367 W dom2reg : timezone [Etc/GMT-8] not in default tables, please check!
06-26 17:31:09.877 2879 2952 D nStackXCoAP: IsInSameNetwork:[276] :IsInSameNetwork exec
06-26 17:31:09.877 2879 2952 I nStackXDFinder: GetLocalInterfaceDetail:[461] :GetLocalInterfaceDetail in
06-26 17:31:09.877 2879 2952 E nStackXCoAP: IsInSameNetwork:[281] :IsInSameNetwork: not priority process
06-26 17:31:09.877 2879 2952 D nStackXCoAP: ParseServiceDiscover:[330] :new device join
06-26 17:31:09.877 2879 2952 E nStackXDFinder: GetLocalIp:[401] :GetLocalIp exec
06-26 17:31:09.914 2879 2952 D nStackXCoAP: CoapMessageHandler:[133] :2.01
06-26 17:31:10.006 479 497 I system_server: Background young concurrent copying GC freed 383728(13MB) AllocSpace objects, 142(3016KB) LOS objects, 55% free, 13MB/30MB, paused 505us total 190.131ms
06-26 17:31:10.087 479 524 W IorapForwardingService: No service published for: iorapd
06-26 17:31:10.110 269 289 D hdmi-cec: receive invalid cec message!
06-26 17:31:10.110 269 289 D hdmi-cec: receive poll message [04], skip!
06-26 17:31:10.206 2879 2952 D nStackXCoAP: IsInSameNetwork:[276] :IsInSameNetwork exec
06-26 17:31:10.206 2879 2952 I nStackXDFinder: GetLocalInterfaceDetail:[461] :GetLocalInterfaceDetail in
06-26 17:31:10.206 2879 2952 E nStackXCoAP: IsInSameNetwork:[281] :IsInSameNetwork: not priority process
06-26 17:31:10.206 2879 2952 D nStackXCoAP: ParseServiceDiscover:[330] :new device join
06-26 17:31:10.207 2879 2952 E nStackXDFinder: GetLocalIp:[401] :GetLocalIp exec
06-26 17:31:10.251 2879 2952 D nStackXCoAP: CoapMessageHandler:[133] :2.01
06-26 17:31:10.298 2879 2952 D nStackXCoAP: IsInSameNetwork:[276] :IsInSameNetwork exec
06-26 17:31:10.298 2879 2952 I nStackXDFinder: GetLocalInterfaceDetail:[461] :GetLocalInterfaceDetail in
06-26 17:31:10.298 2879 2952 E nStackXCoAP: IsInSameNetwork:[281] :IsInSameNetwork: not priority process
06-26 17:31:10.298 2879 2952 D nStackXCoAP: ParseServiceDiscover:[330] :new device join
06-26 17:31:10.299 2879 2952 E nStackXDFinder: GetLocalIp:[401] :GetLocalIp exec
06-26 17:31:10.577 2879 2952 D nStackXCoAP: IsInSameNetwork:[276] :IsInSameNetwork exec
06-26 17:31:10.577 2879 2952 I nStackXDFinder: GetLocalInterfaceDetail:[461] :GetLocalInterfaceDetail in
06-26 17:31:10.577 2879 2952 E nStackXCoAP: IsInSameNetwork:[281] :IsInSameNetwork: not priority process
06-26 17:31:10.577 2879 2952 D nStackXCoAP: ParseServiceDiscover:[330] :new device join
06-26 17:31:10.577 2879 2952 E nStackXDFinder: GetLocalIp:[401] :GetLocalIp exec
06-26 17:31:10.579 2879 2952 D nStackXCoAP: IsInSameNetwork:[276] :IsInSameNetwork exec
06-26 17:31:10.579 2879 2952 I nStackXDFinder: GetLocalInterfaceDetail:[461] :GetLocalInterfaceDetail in
06-26 17:31:10.580 2879 2952 E nStackXCoAP: IsInSameNetwork:[281] :IsInSameNetwork: not priority process
06-26 17:31:10.580 2879 2952 D nStackXCoAP: ParseServiceDiscover:[330] :new device join
06-26 17:31:10.580 2879 2952 E nStackXDFinder: GetLocalIp:[401] :GetLocalIp exec
06-26 17:31:10.583 2879 2952 D nStackXCoAP: CoapMessageHandler:[133] :2.01
06-26 17:31:10.606 2879 2952 D nStackXCoAP: CoapMessageHandler:[133] :2.01
06-26 17:31:10.607 2879 2952 D nStackXCoAP: CoapMessageHandler:[133] :2.01
06-26 17:31:10.685 2879 2952 D nStackXCoAP: IsInSameNetwork:[276] :IsInSameNetwork exec
06-26 17:31:10.685 2879 2952 I nStackXDFinder: GetLocalInterfaceDetail:[461] :GetLocalInterfaceDetail in
06-26 17:31:10.685 2879 2952 E nStackXCoAP: IsInSameNetwork:[281] :IsInSameNetwork: not priority process
06-26 17:31:10.685 2879 2952 D nStackXCoAP: ParseServiceDiscover:[330] :new device join
06-26 17:31:10.686 2879 2952 E nStackXDFinder: GetLocalIp:[401] :GetLocalIp exec
06-26 17:31:10.944 2879 2952 D nStackXCoAP: CoapMessageHandler:[133] :2.01
06-26 17:31:10.985 2879 2952 D nStackXCoAP: IsInSameNetwork:[276] :IsInSameNetwork exec
06-26 17:31:10.985 2879 2952 I nStackXDFinder: GetLocalInterfaceDetail:[461] :GetLocalInterfaceDetail in
06-26 17:31:10.985 2879 2952 E nStackXCoAP: IsInSameNetwork:[281] :IsInSameNetwork: not priority process
06-26 17:31:10.986 2879 2952 D nStackXCoAP: ParseServiceDiscover:[330] :new device join
06-26 17:31:10.986 2879 2952 E nStackXDFinder: GetLocalIp:[401] :GetLocalIp exec
06-26 17:31:10.989 2879 2952 D nStackXCoAP: IsInSameNetwork:[276] :IsInSameNetwork exec
06-26 17:31:10.989 2879 2952 I nStackXDFinder: GetLocalInterfaceDetail:[461] :GetLocalInterfaceDetail in
06-26 17:31:10.989 2879 2952 E nStackXCoAP: IsInSameNetwork:[281] :IsInSameNetwork: not priority process
06-26 17:31:10.989 2879 2952 D nStackXCoAP: ParseServiceDiscover:[330] :new device join
06-26 17:31:10.989 2879 2952 E nStackXDFinder: GetLocalIp:[401] :GetLocalIp exec
06-26 17:31:10.997 2879 2952 D nStackXCoAP: CoapMessageHandler:[133] :2.01
06-26 17:31:11.005 2879 2952 D nStackXCoAP: CoapMessageHandler:[133] :2.01
06-26 17:31:11.090 479 524 W IorapForwardingService: No service published for: iorapd
06-26 17:31:11.191 2879 2952 D nStackXCoAP: IsInSameNetwork:[276] :IsInSameNetwork exec
06-26 17:31:11.192 2879 2952 I nStackXDFinder: GetLocalInterfaceDetail:[461] :GetLocalInterfaceDetail in
06-26 17:31:11.192 2879 2952 E nStackXCoAP: IsInSameNetwork:[281] :IsInSameNetwork: not priority process
06-26 17:31:11.192 2879 2952 D nStackXCoAP: ParseServiceDiscover:[330] :new device join
06-26 17:31:11.192 2879 2952 E nStackXDFinder: GetLocalIp:[401] :GetLocalIp exec
06-26 17:31:11.224 2879 2952 D nStackXCoAP: CoapMessageHandler:[133] :2.01
06-26 17:31:11.300 2433 2536 D UtilLog : 日志批量上报 进行正常循环 !!!!!!本次有0次请求,共0条数据
06-26 17:31:11.405 2879 2952 D nStackXCoAP: IsInSameNetwork:[276] :IsInSameNetwork exec
06-26 17:31:11.406 2879 2952 I nStackXDFinder: GetLocalInterfaceDetail:[461] :GetLocalInterfaceDetail in
06-26 17:31:11.406 2879 2952 E nStackXCoAP: IsInSameNetwork:[281] :IsInSameNetwork: not priority process
06-26 17:31:11.406 2879 2952 D nStackXCoAP: ParseServiceDiscover:[330] :new device join
06-26 17:31:11.406 2879 2952 E nStackXDFinder: GetLocalIp:[401] :GetLocalIp exec
06-26 17:31:11.442 2879 2952 D nStackXCoAP: IsInSameNetwork:[276] :IsInSameNetwork exec
06-26 17:31:11.442 2879 2952 I nStackXDFinder: GetLocalInterfaceDetail:[461] :GetLocalInterfaceDetail in
06-26 17:31:11.442 2879 2952 E nStackXCoAP: IsInSameNetwork:[281] :IsInSameNetwork: not priority process
06-26 17:31:11.442 2879 2952 D nStackXCoAP: ParseServiceDiscover:[330] :new device join
06-26 17:31:11.442 2879 2952 E nStackXDFinder: GetLocalIp:[401] :GetLocalIp exec
06-26 17:31:11.506 2879 2952 D nStackXCoAP: CoapMessageHandler:[133] :2.01
06-26 17:31:11.507 657 657 E WifiHAL : wifi_get_link_stats: requestResponse Error:-5
06-26 17:31:11.510 479 611 E WifiVendorHal: getWifiLinkLayerStats_1_5_Internal(l.1191) failed {.code = ERROR_INVALID_ARGS, .description = }
06-26 17:31:11.530 2879 2952 D nStackXCoAP: CoapMessageHandler:[133] :2.01
06-26 17:31:11.605 2879 2952 D nStackXCoAP: IsInSameNetwork:[276] :IsInSameNetwork exec
06-26 17:31:11.605 2879 2952 I nStackXDFinder: GetLocalInterfaceDetail:[461] :GetLocalInterfaceDetail in
06-26 17:31:11.605 2879 2952 E nStackXCoAP: IsInSameNetwork:[281] :IsInSameNetwork: not priority process
06-26 17:31:11.605 2879 2952 D nStackXCoAP: ParseServiceDiscover:[330] :new device join
06-26 17:31:11.605 2879 2952 E nStackXDFinder: GetLocalIp:[401] :GetLocalIp exec
06-26 17:31:11.621 2879 2952 D nStackXCoAP: CoapMessageHandler:[133] :2.01
06-26 17:31:11.848 367 367 D dom2reg : timezone change, new: Etc/GMT-8, pre:
06-26 17:31:11.849 367 367 W dom2reg : timezone [Etc/GMT-8] not in default tables, please check!
06-26 17:31:11.908 2879 2952 D nStackXCoAP: IsInSameNetwork:[276] :IsInSameNetwork exec
06-26 17:31:11.908 2879 2952 I nStackXDFinder: GetLocalInterfaceDetail:[461] :GetLocalInterfaceDetail in
06-26 17:31:11.908 2879 2952 E nStackXCoAP: IsInSameNetwork:[281] :IsInSameNetwork: not priority process
06-26 17:31:11.908 2879 2952 D nStackXCoAP: ParseServiceDiscover:[330] :new device join
06-26 17:31:11.908 2879 2952 E nStackXDFinder: GetLocalIp:[401] :GetLocalIp exec
06-26 17:31:11.965 2879 2952 D nStackXCoAP: CoapMessageHandler:[133] :2.01
06-26 17:31:12.027 2879 2952 D nStackXCoAP: IsInSameNetwork:[276] :IsInSameNetwork exec
06-26 17:31:12.027 2879 2952 I nStackXDFinder: GetLocalInterfaceDetail:[461] :GetLocalInterfaceDetail in
06-26 17:31:12.027 2879 2952 E nStackXCoAP: IsInSameNetwork:[281] :IsInSameNetwork: not priority process
06-26 17:31:12.027 2879 2952 D nStackXCoAP: ParseServiceDiscover:[330] :new device join
06-26 17:31:12.027 2879 2952 E nStackXDFinder: GetLocalIp:[401] :GetLocalIp exec
06-26 17:31:12.093 479 524 W IorapForwardingService: No service published for: iorapd
06-26 17:31:12.141 2879 2952 D nStackXCoAP: IsInSameNetwork:[276] :IsInSameNetwork exec
06-26 17:31:12.141 2879 2952 I nStackXDFinder: GetLocalInterfaceDetail:[461] :GetLocalInterfaceDetail in
06-26 17:31:12.141 2879 2952 E nStackXCoAP: IsInSameNetwork:[281] :IsInSameNetwork: not priority process
06-26 17:31:12.141 2879 2952 D nStackXCoAP: ParseServiceDiscover:[330] :new device join
06-26 17:31:12.141 2879 2952 E nStackXDFinder: GetLocalIp:[401] :GetLocalIp exec
06-26 17:31:12.259 2879 2952 D nStackXCoAP: CoapMessageHandler:[133] :2.01
06-26 17:31:12.280 2879 2952 D nStackXCoAP: CoapMessageHandler:[133] :2.01
06-26 17:31:12.320 2879 2952 D nStackXCoAP: IsInSameNetwork:[276] :IsInSameNetwork exec
06-26 17:31:12.320 2879 2952 I nStackXDFinder: GetLocalInterfaceDetail:[461] :GetLocalInterfaceDetail in
06-26 17:31:12.320 2879 2952 E nStackXCoAP: IsInSameNetwork:[281] :IsInSameNetwork: not priority process
06-26 17:31:12.320 2879 2952 D nStackXCoAP: ParseServiceDiscover:[330] :new device join
06-26 17:31:12.320 2879 2952 E nStackXDFinder: GetLocalIp:[401] :GetLocalIp exec
06-26 17:31:12.331 2879 2952 D nStackXCoAP: CoapMessageHandler:[133] :2.01
06-26 17:31:12.430 2879 2952 D nStackXCoAP: IsInSameNetwork:[276] :IsInSameNetwork exec
06-26 17:31:12.430 2879 2952 I nStackXDFinder: GetLocalInterfaceDetail:[461] :GetLocalInterfaceDetail in
06-26 17:31:12.430 2879 2952 E nStackXCoAP: IsInSameNetwork:[281] :IsInSameNetwork: not priority process
06-26 17:31:12.430 2879 2952 D nStackXCoAP: ParseServiceDiscover:[330] :new device join
06-26 17:31:12.430 2879 2952 E nStackXDFinder: GetLocalIp:[401] :GetLocalIp exec
06-26 17:31:12.477 2879 2952 D nStackXCoAP: CoapMessageHandler:[133] :2.01
06-26 17:31:12.537 2879 2952 D nStackXCoAP: IsInSameNetwork:[276] :IsInSameNetwork exec
06-26 17:31:12.537 2879 2952 I nStackXDFinder: GetLocalInterfaceDetail:[461] :GetLocalInterfaceDetail in
06-26 17:31:12.537 2879 2952 E nStackXCoAP: IsInSameNetwork:[281] :IsInSameNetwork: not priority process
06-26 17:31:12.537 2879 2952 D nStackXCoAP: ParseServiceDiscover:[330] :new device join
06-26 17:31:12.537 2879 2952 E nStackXDFinder: GetLocalIp:[401] :GetLocalIp exec
06-26 17:31:12.576 2879 2952 D nStackXCoAP: CoapMessageHandler:[133] :2.01
06-26 17:31:13.095 479 524 W IorapForwardingService: No service published for: iorapd
06-26 17:31:13.849 367 367 D dom2reg : timezone change, new: Etc/GMT-8, pre:
06-26 17:31:13.849 367 367 W dom2reg : timezone [Etc/GMT-8] not in default tables, please check!
06-26 17:31:14.096 479 524 W IorapForwardingService: No service published for: iorapd
06-26 17:31:14.522 657 657 E WifiHAL : wifi_get_link_stats: requestResponse Error:-5
06-26 17:31:14.527 479 611 E WifiVendorHal: getWifiLinkLayerStats_1_5_Internal(l.1191) failed {.code = ERROR_INVALID_ARGS, .description = }
06-26 17:31:15.097 479 524 W IorapForwardingService: No service published for: iorapd
06-26 17:31:15.850 367 367 D dom2reg : timezone change, new: Etc/GMT-8, pre:
06-26 17:31:15.850 367 367 W dom2reg : timezone [Etc/GMT-8] not in default tables, please check!
06-26 17:31:16.100 479 524 W IorapForwardingService: No service published for: iorapd
06-26 17:31:17.103 479 524 W IorapForwardingService: No service published for: iorapd
06-26 17:31:17.543 657 657 E WifiHAL : wifi_get_link_stats: requestResponse Error:-5
06-26 17:31:17.545 479 611 E WifiVendorHal: getWifiLinkLayerStats_1_5_Internal(l.1191) failed {.code = ERROR_INVALID_ARGS, .description = }
06-26 17:31:17.850 367 367 D dom2reg : timezone change, new: Etc/GMT-8, pre:
06-26 17:31:17.850 367 367 W dom2reg : timezone [Etc/GMT-8] not in default tables, please check!
06-26 17:31:17.853 1179 1179 D bbb : onStartCommand begin !!!!!!! data分区剩余 23361MB
06-26 17:31:17.853 1125 1125 D aaa : LedStatusService onStartCommand begin
06-26 17:31:17.856 1125 3731 D aaa : topPkg is -------------- :com.dangbei.haqusetting
06-26 17:31:18.106 479 524 W IorapForwardingService: No service published for: iorapd
06-26 17:31:18.130 479 1023 W ZramWriteback: Writeback device is not set
06-26 17:31:18.130 479 1023 D ZramWriteback: wait to flush
06-26 17:31:19.109 479 524 W IorapForwardingService: No service published for: iorapd
06-26 17:31:19.628 269 269 D hdmi-cec: cec physical address: 3.0.0.0
06-26 17:31:19.850 367 367 D dom2reg : timezone change, new: Etc/GMT-8, pre:
06-26 17:31:19.851 367 367 W dom2reg : timezone [Etc/GMT-8] not in default tables, please check!
06-26 17:31:20.111 479 524 W IorapForwardingService: No service published for: iorapd