06-25 14:28:43.912 1058 2997 D BluetoothGatt: registerApp()
06-25 14:28:43.912 1058 2997 D BluetoothGatt: registerApp() - UUID=d243c63e-5ed6-4775-8962-8041eb26bd65
06-25 14:28:43.913 666 987 I bluetooth: system/bt/stack/gatt/gatt_api.cc:1019 GATT_Register: Allocated name:GattClient uuid:b0b307c9-01c6-1988-6a0f-ef69f88b4482 gatt_if:5 eatt_support:0
06-25 14:28:43.913 1058 2997 E dangbei111 : cccccc 开启检查任务
06-25 14:28:43.913 1058 1092 D BluetoothGatt: onClientRegistered() - status=0 clientIf=5
06-25 14:28:43.914 666 864 I bt_btif_config: system/bt/btif/src/btif_config.cc:137 btif_get_device_type: Device [e4:bb:d3:57:c0:18] device type 2
06-25 14:28:43.915 1058 2997 E dangbei111: cccccc 开始扫描
06-25 14:28:43.915 1058 2997 D BluetoothAdapter: isLeEnabled(): ON
06-25 14:28:44.115 657 657 E WifiHAL : wifi_get_link_stats: requestResponse Error:-5
06-25 14:28:44.117 479 611 E WifiVendorHal: getWifiLinkLayerStats_1_5_Internal(l.1191) failed {.code = ERROR_INVALID_ARGS, .description = }
06-25 14:28:44.183 479 756 D SntpClient: request time failed: java.net.SocketTimeoutException: Poll timed out
06-25 14:28:44.183 479 756 D SntpClient: request time failed
06-25 14:28:44.206 2621 3014 W ServiceDescriptorBinder: UPnP specification violation: Not producing element to be compatible with WMP12: (ActionArgument, OUT) ConnectionIDs
06-25 14:28:44.229 479 756 D SntpClient: round trip: 30ms, clock offset: 97142307ms
06-25 14:28:44.232 479 522 D AlarmManagerService: Setting time of day to sec=1750930066
06-26 17:27:46.592 479 595 E LazyAlarmStore: Removed TIME_TICK alarm
06-26 17:27:46.594 479 536 I DropBoxManagerService: add tag=system_server_wtf isTagEnabled=true flags=0x2
06-26 17:27:46.600 479 479 I JobScheduler: RTC now valid; recalculating persisted job windows
06-26 17:27:46.614 479 536 D CompatibilityChangeReporter: Compat change id reported: 168419799; UID 10030; state: DISABLED
06-26 17:27:46.617 479 524 W IorapForwardingService: No service published for: iorapd
06-26 17:27:46.619 1179 1179 D bbb : onStartCommand begin !!!!!!! data分区剩余 23360MB
06-26 17:27:46.620 479 479 W SyncManager: Clock is valid now.
06-26 17:27:46.620 479 479 D ConditionProviders.SCP: onReceive android.intent.action.TIME_SET
06-26 17:27:46.627 2621 3014 W ServiceDescriptorBinder: UPnP specification violation: Not producing element to be compatible with WMP12: (ActionArgument, OUT) CurrentMute
06-26 17:27:46.627 479 642 D CompatibilityChangeReporter: Compat change id reported: 171306433; UID 1000; state: ENABLED
06-26 17:27:46.627 2621 3014 W ServiceDescriptorBinder: UPnP specification violation: Not producing element to be compatible with WMP12: (ActionArgument, OUT) CurrentVolume
06-26 17:27:46.627 2621 3014 W ServiceDescriptorBinder: UPnP specification violation: Not producing element to be compatible with WMP12: (ActionArgument, OUT) CurrentPresetNameList
06-26 17:27:46.627 2621 3014 W ServiceDescriptorBinder: UPnP specification violation: Not producing element to be compatible with WMP12: (ActionArgument, OUT) CurrentLoudness
06-26 17:27:46.627 2621 3014 W ServiceDescriptorBinder: UPnP specification violation: Not producing element to be compatible with WMP12: (ActionArgument, OUT) CurrentVolume
06-26 17:27:46.629 479 479 D ConditionProviders.SCP: evaluateSubscriptionLocked cal=ScheduleCalendar[mDays={1, 2, 3, 4, 5, 6, 7}, mSchedule=ScheduleInfo{days=[1, 2, 3, 4, 5, 6, 7], startHour=22, startMinute=0, endHour=7, endMinute=0, exitAtAlarm=true, nextAlarm=Thu Jan 01 08:00:00 GMT+08:00 1970 (0)}], now=Thu Jun 26 17:27:46 GMT+08:00 2025 (1750930066620), nextUserAlarmTime=Thu Jan 01 08:00:00 GMT+08:00 1970 (0)
06-26 17:27:46.630 479 479 D ConditionProviders.SCP: notifyCondition condition://android/schedule?days=1.2.3.4.5.6.7&start=22.0&end=7.0&exitAtAlarm=true STATE_FALSE reason=!meetsSchedule
06-26 17:27:46.638 479 479 D ConditionProviders.SCP: Scheduling evaluate for Thu Jun 26 22:00:00 GMT+08:00 2025 (1750946400000), in +4h32m13s380ms, now=Thu Jun 26 17:27:46 GMT+08:00 2025 (1750930066620)
06-26 17:27:46.662 479 624 D CompatibilityChangeReporter: Compat change id reported: 143231523; UID 1000; state: DISABLED
06-26 17:27:46.751 2621 3014 W ServiceDescriptorBinder: UPnP specification violation: Not producing element to be compatible with WMP12: (ActionArgument, OUT) Actions
06-26 17:27:46.808 479 535 I UsageStatsService: User[0] Time changed in by 97142 seconds
06-26 17:27:46.808 479 535 I UsageStatsService: User[0] Flushing usage stats to disk
06-26 17:27:46.828 479 535 I UsageStatsDatabase: Time changed by +1d2h59m2s307ms. files deleted: 0 files moved: 4
06-26 17:27:46.835 479 535 I UsageStatsService: User[0] Rollover scheduled @ 2025-06-27 17:27:18(1751016438860)
06-26 17:27:46.885 2433 2541 I TDLog : [APP] New data found, Submitting...
06-26 17:27:46.922 2433 2541 I TDLog : [APP] Failed to submit data!
06-26 17:27:47.619 479 524 W IorapForwardingService: No service published for: iorapd
06-26 17:27:47.805 367 367 D dom2reg : timezone change, new: Etc/GMT-8, pre:
06-26 17:27:47.805 367 367 W dom2reg : timezone [Etc/GMT-8] not in default tables, please check!
06-26 17:27:47.961 2356 2585 D config.Worker: config,ver: null
06-26 17:27:47.962 2356 2585 D ab.Worker: ab,ver: null
06-26 17:27:48.021 2621 2687 I crashsdk: crashsdk uploading logs
06-26 17:27:48.118 479 1023 W ZramWriteback: Writeback device is not set
06-26 17:27:48.118 479 1023 D ZramWriteback: wait to flush
06-26 17:27:48.400 3047 3047 I getprop : type=1400 audit(0.0:1227): avc: denied { open } for path="/dev/__properties__/u:object_r:aac_drc_prop:s0" dev="tmpfs" ino=3771 scontext=u:r:untrusted_app_27:s0:c512,c768 tcontext=u:object_r:aac_drc_prop:s0 tclass=file permissive=1 app=com.xiaodianshi.tv.yst
01-01 08:00:50.114 3047 3047 W audit : audit_lost=690 audit_rate_limit=5 audit_backlog_limit=64
01-01 08:00:50.114 3047 3047 E audit : rate limit exceeded
06-26 17:27:48.400 3047 3047 I getprop : type=1400 audit(0.0:1228): avc: denied { getattr } for path="/dev/__properties__/u:object_r:aac_drc_prop:s0" dev="tmpfs" ino=3771 scontext=u:r:untrusted_app_27:s0:c512,c768 tcontext=u:object_r:aac_drc_prop:s0 tclass=file permissive=1 app=com.xiaodianshi.tv.yst
06-26 17:27:48.400 3047 3047 I getprop : type=1400 audit(0.0:1229): avc: denied { map } for path="/dev/__properties__/u:object_r:aac_drc_prop:s0" dev="tmpfs" ino=3771 scontext=u:r:untrusted_app_27:s0:c512,c768 tcontext=u:object_r:aac_drc_prop:s0 tclass=file permissive=1 app=com.xiaodianshi.tv.yst
06-26 17:27:48.400 3047 3047 I getprop : type=1400 audit(0.0:1230): avc: denied { open } for path="/dev/__properties__/u:object_r:ab_update_gki_prop:s0" dev="tmpfs" ino=3773 scontext=u:r:untrusted_app_27:s0:c512,c768 tcontext=u:object_r:ab_update_gki_prop:s0 tclass=file permissive=1 app=com.xiaodianshi.tv.yst
06-26 17:27:48.400 3047 3047 I getprop : type=1400 audit(0.0:1231): avc: denied { getattr } for path="/dev/__properties__/u:object_r:ab_update_gki_prop:s0" dev="tmpfs" ino=3773 scontext=u:r:untrusted_app_27:s0:c512,c768 tcontext=u:object_r:ab_update_gki_prop:s0 tclass=file permissive=1 app=com.xiaodianshi.tv.yst
06-26 17:27:48.400 3047 3047 I getprop : type=1400 audit(0.0:1232): avc: denied { map } for path="/dev/__properties__/u:object_r:ab_update_gki_prop:s0" dev="tmpfs" ino=3773 scontext=u:r:untrusted_app_27:s0:c512,c768 tcontext=u:object_r:ab_update_gki_prop:s0 tclass=file permissive=1 app=com.xiaodianshi.tv.yst
06-26 17:27:48.400 3047 3047 I getprop : type=1400 audit(0.0:1233): avc: denied { open } for path="/dev/__properties__/u:object_r:adbd_prop:s0" dev="tmpfs" ino=3775 scontext=u:r:untrusted_app_27:s0:c512,c768 tcontext=u:object_r:adbd_prop:s0 tclass=file permissive=1 app=com.xiaodianshi.tv.yst
06-26 17:27:48.400 3047 3047 I getprop : type=1400 audit(0.0:1234): avc: denied { getattr } for path="/dev/__properties__/u:object_r:adbd_prop:s0" dev="tmpfs" ino=3775 scontext=u:r:untrusted_app_27:s0:c512,c768 tcontext=u:object_r:adbd_prop:s0 tclass=file permissive=1 app=com.xiaodianshi.tv.yst
06-26 17:27:48.400 3047 3047 I getprop : type=1400 audit(0.0:1235): avc: denied { map } for path="/dev/__properties__/u:object_r:adbd_prop:s0" dev="tmpfs" ino=3775 scontext=u:r:untrusted_app_27:s0:c512,c768 tcontext=u:object_r:adbd_prop:s0 tclass=file permissive=1 app=com.xiaodianshi.tv.yst
06-26 17:27:48.552 2621 2631 I gbei.screencas: Background concurrent copying GC freed 257944(17MB) AllocSpace objects, 60(2588KB) LOS objects, 49% free, 7590KB/14MB, paused 177us total 248.643ms
06-26 17:27:48.621 479 524 W IorapForwardingService: No service published for: iorapd
06-26 17:27:48.670 2621 2707 I efs.base: wa upload succ, HttpResponse {succ=true, code=200, data='暂不支持该服务', extra={req_url=https://errlog.umeng.com/api/crashsdk/logcollect}}
06-26 17:27:48.786 479 595 D CompatibilityChangeReporter: Compat change id reported: 168419799; UID 10017; state: DISABLED
06-26 17:27:48.790 479 611 E WifiHealthMonitor: Hit PackageManager exception
06-26 17:27:48.790 479 611 E WifiHealthMonitor: android.content.pm.PackageManager$NameNotFoundException: No module info for package: com.android.wifi
06-26 17:27:48.790 479 611 E WifiHealthMonitor: at android.app.ApplicationPackageManager.getModuleInfo(ApplicationPackageManager.java:1079)
06-26 17:27:48.790 479 611 E WifiHealthMonitor: at com.android.server.wifi.WifiHealthMonitor.getWifiStackVersion(WifiHealthMonitor.java:366)
06-26 17:27:48.790 479 611 E WifiHealthMonitor: at com.android.server.wifi.WifiHealthMonitor.extractCurrentSoftwareBuildInfo(WifiHealthMonitor.java:587)
06-26 17:27:48.790 479 611 E WifiHealthMonitor: at com.android.server.wifi.WifiHealthMonitor.postBootSwBuildCheck(WifiHealthMonitor.java:522)
06-26 17:27:48.790 479 611 E WifiHealthMonitor: at com.android.server.wifi.WifiHealthMonitor.postBootDetectionHandler(WifiHealthMonitor.java:513)
06-26 17:27:48.790 479 611 E WifiHealthMonitor: at com.android.server.wifi.WifiHealthMonitor.access$500(WifiHealthMonitor.java:71)
06-26 17:27:48.790 479 611 E WifiHealthMonitor: at com.android.server.wifi.WifiHealthMonitor$2.onAlarm(WifiHealthMonitor.java:190)
06-26 17:27:48.790 479 611 E WifiHealthMonitor: at android.app.AlarmManager$ListenerWrapper.run(AlarmManager.java:323)
06-26 17:27:48.790 479 611 E WifiHealthMonitor: at android.os.Handler.handleCallback(Handler.java:938)
06-26 17:27:48.790 479 611 E WifiHealthMonitor: at android.os.Handler.dispatchMessage(Handler.java:99)
06-26 17:27:48.790 479 611 E WifiHealthMonitor: at android.os.Looper.loopOnce(Looper.java:201)
06-26 17:27:48.790 479 611 E WifiHealthMonitor: at android.os.Looper.loop(Looper.java:288)
06-26 17:27:48.790 479 611 E WifiHealthMonitor: at android.os.HandlerThread.run(HandlerThread.java:67)
06-26 17:27:48.791 657 657 E WifiHAL : wifi_get_driver_version: Error -5 happened.
06-26 17:27:48.791 657 657 E android.hardware.wifi@1.0-service-lazy: Failed to get driver version: INVALID_ARGS
06-26 17:27:48.798 479 611 E WifiVendorHal: requestChipDebugInfo(l.2167) failed {.code = ERROR_INVALID_ARGS, .description = failed to get driver version}
06-26 17:27:48.798 479 611 I WifiVendorHal: Driver: null Firmware: null
06-26 17:27:48.799 2094 3053 D EpgDataCleanupService: Received intent: Intent { act=com.android.providers.tv.intent.CLEAN_UP_EPG_DATA cmp=com.android.providers.tv/.EpgDataCleanupService }
06-26 17:27:48.799 657 657 E WifiHAL : wifi_get_driver_version: Error -5 happened.
06-26 17:27:48.799 657 657 E android.hardware.wifi@1.0-service-lazy: Failed to get driver version: INVALID_ARGS
06-26 17:27:48.805 479 611 E WifiVendorHal: requestChipDebugInfo(l.2167) failed {.code = ERROR_INVALID_ARGS, .description = failed to get driver version}
06-26 17:27:48.805 479 611 I WifiVendorHal: Driver: null Firmware: null
06-26 17:27:48.859 1125 1125 D aaa : LedStatusService onStartCommand begin
06-26 17:27:48.861 1125 3059 D aaa : topPkg is -------------- :com.dangbei.leard.leradlauncher
06-26 17:27:48.865 1125 3059 D aaa : WiFi is connect
06-26 17:27:48.869 1179 1179 D bbb : onStartCommand begin !!!!!!! data分区剩余 23360MB
06-26 17:27:49.244 479 582 D WifiNl80211Manager: Scan result ready event
06-26 17:27:49.244 479 582 D WifiNative: Scan result ready event
06-26 17:27:49.305 479 615 D WificondScannerImpl: Filtering out 29 scan results.
06-26 17:27:49.317 657 657 E WifiHAL : wifi_get_link_stats: requestResponse Error:-5
06-26 17:27:49.319 479 611 E WifiVendorHal: getWifiLinkLayerStats_1_5_Internal(l.1191) failed {.code = ERROR_INVALID_ARGS, .description = }
06-26 17:27:49.327 210 227 I keystore2: keystore2::watchdog: Watchdog thread idle -> terminating. Have a great day.
06-26 17:27:49.434 657 657 E WifiHAL : wifi_get_link_stats: requestResponse Error:-5
06-26 17:27:49.436 479 611 E WifiVendorHal: getWifiLinkLayerStats_1_5_Internal(l.1191) failed {.code = ERROR_INVALID_ARGS, .description = }
06-26 17:27:49.624 479 524 W IorapForwardingService: No service published for: iorapd
06-26 17:27:49.806 367 367 D dom2reg : timezone change, new: Etc/GMT-8, pre:
06-26 17:27:49.806 367 367 W dom2reg : timezone [Etc/GMT-8] not in default tables, please check!
06-26 17:27:50.627 479 524 W IorapForwardingService: No service published for: iorapd
06-26 17:27:51.226 1058 3034 E dangbei111: cccccc 检查遥控器是否连接: Dangbei E4:BB:D3:57:C0:18
06-26 17:27:51.229 1058 3034 E dangbei111: cccccc 检查遥控器是否连接: 蓝牙的结果 Dangbei E4:BB:D3:57:C0:18 false
06-26 17:27:51.229 1058 3034 E dangbei111: cccccc input中没有遥控器存在
06-26 17:27:51.230 1058 3034 E dangbei111: cccccc 蓝牙状态连接 不是连接状态 啥都不干
06-26 17:27:51.231 1058 3034 E dangbei111: cccccc 蓝牙状态连接 配对状态 尝试connect
06-26 17:27:51.232 1058 3034 D BluetoothGatt: cancelOpen() - device: E4:BB:D3:57:C0:18
06-26 17:27:51.233 1058 3034 D BluetoothGatt: close()
06-26 17:27:51.233 1058 3034 D BluetoothGatt: unregisterApp() - mClientIf=5
06-26 17:27:51.233 666 987 E bt_stack: [ERROR:bta_gattc_act.cc(298)] No such connection need to be cancelled
06-26 17:27:51.233 666 987 I bt_stack: [INFO:gatt_api.cc(1231)] GATT_CancelConnect: gatt_if:5, address: e4:bb:d3:57:c0:18, direct:0
06-26 17:27:51.234 666 987 I bt_stack: [INFO:gatt_api.cc(1042)] GATT_Deregister gatt_if=5
06-26 17:27:51.234 1058 3034 D BluetoothGatt: connect() - device: E4:BB:D3:57:C0:18, auto: true
06-26 17:27:51.234 1058 3034 D BluetoothGatt: registerApp()
06-26 17:27:51.234 1058 3034 D BluetoothGatt: registerApp() - UUID=08486c50-c0b0-4523-8d43-73776e57806b
06-26 17:27:51.236 1058 3034 E dangbei111 : cccccc 开启检查任务
06-26 17:27:51.236 666 987 I bluetooth: system/bt/stack/gatt/gatt_api.cc:1019 GATT_Register: Allocated name:GattClient uuid:71b9810c-21d4-b7ec-776a-ed2ef76d672c gatt_if:5 eatt_support:0
06-26 17:27:51.236 1058 1092 D BluetoothGatt: onClientRegistered() - status=0 clientIf=5
06-26 17:27:51.237 666 864 I bt_btif_config: system/bt/btif/src/btif_config.cc:137 btif_get_device_type: Device [e4:bb:d3:57:c0:18] device type 2
06-26 17:27:51.237 1058 3034 E dangbei111: cccccc 开始扫描
06-26 17:27:51.237 1058 3034 D BluetoothAdapter: isLeEnabled(): ON
06-26 17:27:51.248 2621 2621 I cling--ap-1: type=1400 audit(0.0:1680): avc: denied { search } for name="net" dev="sysfs" ino=10442 scontext=u:r:platform_app:s0:c512,c768 tcontext=u:object_r:sysfs_net:s0 tclass=dir permissive=1 app=com.dangbei.screencast
06-26 17:27:51.248 2621 2621 I cling--ap-1: type=1400 audit(0.0:1681): avc: denied { read } for name="address" dev="sysfs" ino=16906 scontext=u:r:platform_app:s0:c512,c768 tcontext=u:object_r:sysfs_net:s0 tclass=file permissive=1 app=com.dangbei.screencast
06-26 17:27:51.248 2621 2621 I cling--ap-1: type=1400 audit(0.0:1682): avc: denied { open } for path="/sys/devices/virtual/net/dummy0/address" dev="sysfs" ino=16906 scontext=u:r:platform_app:s0:c512,c768 tcontext=u:object_r:sysfs_net:s0 tclass=file permissive=1 app=com.dangbei.screencast
06-26 17:27:51.248 2621 2621 I cling--ap-1: type=1400 audit(0.0:1683): avc: denied { getattr } for path="/sys/devices/virtual/net/dummy0/address" dev="sysfs" ino=16906 scontext=u:r:platform_app:s0:c512,c768 tcontext=u:object_r:sysfs_net:s0 tclass=file permissive=1 app=com.dangbei.screencast
06-26 17:27:51.269 2433 2536 D UtilLog : 日志批量上报 进行正常循环 !!!!!!本次有0次请求,共0条数据
06-26 17:27:51.629 479 524 W IorapForwardingService: No service published for: iorapd
06-26 17:27:51.806 367 367 D dom2reg : timezone change, new: Etc/GMT-8, pre:
06-26 17:27:51.806 367 367 W dom2reg : timezone [Etc/GMT-8] not in default tables, please check!
06-26 17:27:52.450 657 657 E WifiHAL : wifi_get_link_stats: requestResponse Error:-5
06-26 17:27:52.451 479 611 E WifiVendorHal: getWifiLinkLayerStats_1_5_Internal(l.1191) failed {.code = ERROR_INVALID_ARGS, .description = }
06-26 17:27:52.632 479 524 W IorapForwardingService: No service published for: iorapd
06-26 17:27:53.634 479 524 W IorapForwardingService: No service published for: iorapd
06-26 17:27:53.807 367 367 D dom2reg : timezone change, new: Etc/GMT-8, pre:
06-26 17:27:53.807 367 367 W dom2reg : timezone [Etc/GMT-8] not in default tables, please check!
06-26 17:27:53.832 269 269 I EventThread: type=1400 audit(0.0:1684): avc: denied { search } for name="extcon" dev="sysfs" ino=18109 scontext=u:r:hal_tv_cec_default:s0 tcontext=u:object_r:sysfs_extcon:s0 tclass=dir permissive=1
06-26 17:27:53.840 2089 2089 I rainbow_flow: type=1400 audit(0.0:1685): avc: denied { ioctl } for path="/dev/spidev1.0" dev="tmpfs" ino=7243 ioctlcmd=0x6b00 scontext=u:r:init:s0 tcontext=u:object_r:device:s0 tclass=chr_file permissive=1
06-26 17:27:54.637 479 524 W IorapForwardingService: No service published for: iorapd
01-01 08:00:56.606 0 0 I [ C0] nf_conntrack: default automatic helper assignment has been turned off for security reasons and CT-based firewall rule not found. Use the iptables CT target to attach helpers instead.
06-26 17:27:55.466 657 657 E WifiHAL : wifi_get_link_stats: requestResponse Error:-5
06-26 17:27:55.469 479 611 E WifiVendorHal: getWifiLinkLayerStats_1_5_Internal(l.1191) failed {.code = ERROR_INVALID_ARGS, .description = }
06-26 17:27:55.639 479 524 W IorapForwardingService: No service published for: iorapd
06-26 17:27:55.807 367 367 D dom2reg : timezone change, new: Etc/GMT-8, pre:
06-26 17:27:55.807 367 367 W dom2reg : timezone [Etc/GMT-8] not in default tables, please check!
06-26 17:27:56.244 1058 3062 E dangbei111: cccccc 检查遥控器是否连接: Dangbei E4:BB:D3:57:C0:18
06-26 17:27:56.248 1058 3062 E dangbei111: cccccc 检查遥控器是否连接: 蓝牙的结果 Dangbei E4:BB:D3:57:C0:18 false
06-26 17:27:56.248 1058 3062 E dangbei111: cccccc input中没有遥控器存在
06-26 17:27:56.248 1058 3062 E dangbei111: cccccc 蓝牙状态连接 不是连接状态 啥都不干
06-26 17:27:56.249 1058 3062 E dangbei111: cccccc 蓝牙状态连接 配对状态 尝试connect
06-26 17:27:56.251 1058 3062 D BluetoothGatt: cancelOpen() - device: E4:BB:D3:57:C0:18
06-26 17:27:56.252 1058 3062 D BluetoothGatt: close()
06-26 17:27:56.252 1058 3062 D BluetoothGatt: unregisterApp() - mClientIf=5
06-26 17:27:56.252 666 987 E bt_stack: [ERROR:bta_gattc_act.cc(298)] No such connection need to be cancelled
06-26 17:27:56.252 666 987 I bt_stack: [INFO:gatt_api.cc(1231)] GATT_CancelConnect: gatt_if:5, address: e4:bb:d3:57:c0:18, direct:0
06-26 17:27:56.253 666 987 I bt_stack: [INFO:gatt_api.cc(1042)] GATT_Deregister gatt_if=5
06-26 17:27:56.254 1058 3062 D BluetoothGatt: connect() - device: E4:BB:D3:57:C0:18, auto: true
06-26 17:27:56.254 1058 3062 D BluetoothGatt: registerApp()
06-26 17:27:56.254 1058 3062 D BluetoothGatt: registerApp() - UUID=e06e1b4f-bfc4-4d49-80e4-9980355f7de3
06-26 17:27:56.256 666 987 I bluetooth: system/bt/stack/gatt/gatt_api.cc:1019 GATT_Register: Allocated name:GattClient uuid:957158a2-35dc-d93e-df44-356e8a145ce9 gatt_if:5 eatt_support:0
06-26 17:27:56.257 1058 3062 E dangbei111 : cccccc 开启检查任务
06-26 17:27:56.258 1058 1092 D BluetoothGatt: onClientRegistered() - status=0 clientIf=5
06-26 17:27:56.260 666 864 I bt_btif_config: system/bt/btif/src/btif_config.cc:137 btif_get_device_type: Device [e4:bb:d3:57:c0:18] device type 2
06-26 17:27:56.261 1058 3062 E dangbei111: cccccc 开始扫描
06-26 17:27:56.261 1058 3062 D BluetoothAdapter: isLeEnabled(): ON
06-26 17:27:56.641 479 524 W IorapForwardingService: No service published for: iorapd
06-26 17:27:56.900 1125 1125 D aaa : LedStatusService onStartCommand begin
06-26 17:27:56.902 1179 1179 D bbb : onStartCommand begin !!!!!!! data分区剩余 23360MB
06-26 17:27:56.902 1125 3078 D aaa : topPkg is -------------- :com.dangbei.leard.leradlauncher
06-26 17:27:56.907 1125 3078 D aaa : WiFi is connect
06-26 17:27:57.644 479 524 W IorapForwardingService: No service published for: iorapd
06-26 17:27:57.807 367 367 D dom2reg : timezone change, new: Etc/GMT-8, pre:
06-26 17:27:57.808 367 367 W dom2reg : timezone [Etc/GMT-8] not in default tables, please check!
06-26 17:27:58.486 657 657 E WifiHAL : wifi_get_link_stats: requestResponse Error:-5
06-26 17:27:58.488 479 611 E WifiVendorHal: getWifiLinkLayerStats_1_5_Internal(l.1191) failed {.code = ERROR_INVALID_ARGS, .description = }
06-26 17:27:58.647 479 524 W IorapForwardingService: No service published for: iorapd
06-26 17:27:59.649 479 524 W IorapForwardingService: No service published for: iorapd
06-26 17:27:59.808 367 367 D dom2reg : timezone change, new: Etc/GMT-8, pre:
06-26 17:27:59.808 367 367 W dom2reg : timezone [Etc/GMT-8] not in default tables, please check!
06-26 17:28:00.651 479 524 W IorapForwardingService: No service published for: iorapd
06-26 17:28:01.263 1058 3069 E dangbei111: cccccc 检查遥控器是否连接: Dangbei E4:BB:D3:57:C0:18
06-26 17:28:01.266 1058 3069 E dangbei111: cccccc 检查遥控器是否连接: 蓝牙的结果 Dangbei E4:BB:D3:57:C0:18 false
06-26 17:28:01.267 1058 3069 E dangbei111: cccccc input中没有遥控器存在
06-26 17:28:01.267 1058 3069 E dangbei111: cccccc 蓝牙状态连接 不是连接状态 啥都不干
06-26 17:28:01.268 1058 3069 E dangbei111: cccccc 蓝牙状态连接 配对状态 尝试connect
06-26 17:28:01.269 1058 3069 D BluetoothGatt: cancelOpen() - device: E4:BB:D3:57:C0:18
06-26 17:28:01.270 1058 3069 D BluetoothGatt: close()
06-26 17:28:01.270 1058 3069 D BluetoothGatt: unregisterApp() - mClientIf=5
06-26 17:28:01.270 666 987 E bt_stack: [ERROR:bta_gattc_act.cc(298)] No such connection need to be cancelled
06-26 17:28:01.271 666 987 I bt_stack: [INFO:gatt_api.cc(1231)] GATT_CancelConnect: gatt_if:5, address: e4:bb:d3:57:c0:18, direct:0
06-26 17:28:01.271 666 987 I bt_stack: [INFO:gatt_api.cc(1042)] GATT_Deregister gatt_if=5
06-26 17:28:01.272 1058 3069 D BluetoothGatt: connect() - device: E4:BB:D3:57:C0:18, auto: true
06-26 17:28:01.272 1058 3069 D BluetoothGatt: registerApp()
06-26 17:28:01.273 1058 3069 D BluetoothGatt: registerApp() - UUID=3bd4673b-846a-4696-b595-2735b951f036
06-26 17:28:01.274 1058 3069 E dangbei111 : cccccc 开启检查任务
06-26 17:28:01.274 666 987 I bluetooth: system/bt/stack/gatt/gatt_api.cc:1019 GATT_Register: Allocated name:GattClient uuid:3de34644-6e03-0c23-98bf-92cb1203488c gatt_if:5 eatt_support:0
06-26 17:28:01.274 1058 1092 D BluetoothGatt: onClientRegistered() - status=0 clientIf=5
06-26 17:28:01.275 666 864 I bt_btif_config: system/bt/btif/src/btif_config.cc:137 btif_get_device_type: Device [e4:bb:d3:57:c0:18] device type 2
06-26 17:28:01.276 1058 3069 E dangbei111: cccccc 开始扫描
06-26 17:28:01.276 1058 3069 D BluetoothAdapter: isLeEnabled(): ON
06-26 17:28:01.309 2433 2536 D UtilLog : 日志批量上报 进行正常循环 !!!!!!本次有0次请求,共0条数据
06-26 17:28:01.501 657 657 E WifiHAL : wifi_get_link_stats: requestResponse Error:-5
06-26 17:28:01.504 479 611 E WifiVendorHal: getWifiLinkLayerStats_1_5_Internal(l.1191) failed {.code = ERROR_INVALID_ARGS, .description = }
06-26 17:28:01.654 479 524 W IorapForwardingService: No service published for: iorapd
06-26 17:28:01.809 367 367 D dom2reg : timezone change, new: Etc/GMT-8, pre:
06-26 17:28:01.809 367 367 W dom2reg : timezone [Etc/GMT-8] not in default tables, please check!
06-26 17:28:02.656 479 524 W IorapForwardingService: No service published for: iorapd
06-26 17:28:03.658 479 524 W IorapForwardingService: No service published for: iorapd
06-26 17:28:03.776 2621 2631 I gbei.screencas: Background concurrent copying GC freed 62053(7891KB) AllocSpace objects, 19(524KB) LOS objects, 49% free, 6582KB/12MB, paused 132us total 145.099ms
06-26 17:28:03.809 367 367 D dom2reg : timezone change, new: Etc/GMT-8, pre:
06-26 17:28:03.809 367 367 W dom2reg : timezone [Etc/GMT-8] not in default tables, please check!
06-26 17:28:04.518 657 657 E WifiHAL : wifi_get_link_stats: requestResponse Error:-5
06-26 17:28:04.519 479 611 E WifiVendorHal: getWifiLinkLayerStats_1_5_Internal(l.1191) failed {.code = ERROR_INVALID_ARGS, .description = }
06-26 17:28:04.660 479 524 W IorapForwardingService: No service published for: iorapd
06-26 17:28:04.945 1179 1179 D bbb : onStartCommand begin !!!!!!! data分区剩余 23361MB
06-26 17:28:04.946 1125 1125 D aaa : LedStatusService onStartCommand begin
06-26 17:28:04.949 1125 3102 D aaa : topPkg is -------------- :com.dangbei.leard.leradlauncher
06-26 17:28:04.952 1125 3102 D aaa : WiFi is connect
06-26 17:28:05.663 479 524 W IorapForwardingService: No service published for: iorapd
06-26 17:28:05.810 367 367 D dom2reg : timezone change, new: Etc/GMT-8, pre:
06-26 17:28:05.810 367 367 W dom2reg : timezone [Etc/GMT-8] not in default tables, please check!
06-26 17:28:06.277 1058 3091 E dangbei111: cccccc 检查遥控器是否连接: Dangbei E4:BB:D3:57:C0:18
06-26 17:28:06.280 1058 3091 E dangbei111: cccccc 检查遥控器是否连接: 蓝牙的结果 Dangbei E4:BB:D3:57:C0:18 false
06-26 17:28:06.280 1058 3091 E dangbei111: cccccc input中没有遥控器存在
06-26 17:28:06.280 1058 3091 E dangbei111: cccccc 蓝牙状态连接 不是连接状态 啥都不干
06-26 17:28:06.281 1058 3091 E dangbei111: cccccc 蓝牙状态连接 配对状态 尝试connect
06-26 17:28:06.282 1058 3091 D BluetoothGatt: cancelOpen() - device: E4:BB:D3:57:C0:18
06-26 17:28:06.284 1058 3091 D BluetoothGatt: close()
06-26 17:28:06.284 666 987 E bt_stack: [ERROR:bta_gattc_act.cc(298)] No such connection need to be cancelled
06-26 17:28:06.284 1058 3091 D BluetoothGatt: unregisterApp() - mClientIf=5
06-26 17:28:06.284 666 987 I bt_stack: [INFO:gatt_api.cc(1231)] GATT_CancelConnect: gatt_if:5, address: e4:bb:d3:57:c0:18, direct:0
06-26 17:28:06.285 666 987 I bt_stack: [INFO:gatt_api.cc(1042)] GATT_Deregister gatt_if=5
06-26 17:28:06.286 1058 3091 D BluetoothGatt: connect() - device: E4:BB:D3:57:C0:18, auto: true
06-26 17:28:06.286 1058 3091 D BluetoothGatt: registerApp()
06-26 17:28:06.287 1058 3091 D BluetoothGatt: registerApp() - UUID=d3935bcd-42ed-4281-b9ba-47f2c2d13b72
06-26 17:28:06.288 666 987 I bluetooth: system/bt/stack/gatt/gatt_api.cc:1019 GATT_Register: Allocated name:GattClient uuid:8d95c1fe-59ca-81db-d2e3-94e57eb7dbfc gatt_if:5 eatt_support:0
06-26 17:28:06.288 1058 3091 E dangbei111 : cccccc 开启检查任务
06-26 17:28:06.289 1058 1092 D BluetoothGatt: onClientRegistered() - status=0 clientIf=5
06-26 17:28:06.290 666 864 I bt_btif_config: system/bt/btif/src/btif_config.cc:137 btif_get_device_type: Device [e4:bb:d3:57:c0:18] device type 2
06-26 17:28:06.291 1058 3091 E dangbei111: cccccc 开始扫描
06-26 17:28:06.291 1058 3091 D BluetoothAdapter: isLeEnabled(): ON
06-26 17:28:06.667 479 524 W IorapForwardingService: No service published for: iorapd
06-26 17:28:06.705 479 584 I ActivityManager: Killing 1398:com.android.localtransport/1000 (adj 985): empty #17
06-26 17:28:06.706 479 584 I ActivityManager: Killing 1260:com.android.music/u0a52 (adj 995): empty #18
06-26 17:28:06.708 479 584 I ActivityManager: Killing 1243:android.process.acore/u0a28 (adj 995): empty #19
06-26 17:28:06.755 479 538 I libprocessgroup: Successfully killed process cgroup uid 1000 pid 1398 in 49ms
06-26 17:28:06.764 249 249 I Zygote : Process 1398 exited due to signal 9 (Killed)
06-26 17:28:06.802 249 249 I Zygote : Process 1260 exited due to signal 9 (Killed)
06-26 17:28:06.805 479 538 I libprocessgroup: Successfully killed process cgroup uid 10052 pid 1260 in 0ms
06-26 17:28:06.806 479 538 I libprocessgroup: Successfully killed process cgroup uid 10028 pid 1243 in 0ms
06-26 17:28:06.809 479 2423 D CountryDetector: No listener is left
06-26 17:28:06.811 249 249 I Zygote : Process 1243 exited due to signal 9 (Killed)
01-01 08:01:09.095 124 124 I : HDMI cable is connected
01-01 08:01:09.161 124 124 E [HDMI2 error]: sink do not support this mode:97
01-01 08:01:09.183 124 124 I HDMI20 WARN: This sink do NOT support scdc, can NOT scremble
01-01 08:01:09.183 124 124 I HDMI20 WARN: Please set this video format to ycbcr420 so that tmds clock is lower than 340MHz
06-26 17:28:07.527 657 657 E WifiHAL : wifi_get_link_stats: requestResponse Error:-5
06-26 17:28:07.528 479 611 E WifiVendorHal: getWifiLinkLayerStats_1_5_Internal(l.1191) failed {.code = ERROR_INVALID_ARGS, .description = }
06-26 17:28:07.574 263 411 D displayd: hotplug change: name=6000000.hdmi, state=HDMI=1
06-26 17:28:07.574 263 411 D displayd: HotplugMonitor: 6000000.hdmi connected=1
06-26 17:28:07.574 263 411 D displayd: xxxxxxx: updateConnectState: type=-1 connected=1
06-26 17:28:07.575 479 598 D AW_CODE : rotation =0
06-26 17:28:07.575 263 411 D displayd: xxxxxxx: updated: type=2 connected=0
06-26 17:28:07.575 263 411 D displayd: xxxxxxx: updated: type=4 connected=1
06-26 17:28:07.575 263 411 E displayd: xxxxxxx: [cvbs] Saved attribute is not match, saved mode=11, actual mode=0
06-26 17:28:07.575 263 411 W edid : Parse block0:
06-26 17:28:07.576 263 411 W edid : Extension block count: 1
06-26 17:28:07.576 263 411 W edid : Parse CEA extension block (version: 3)
06-26 17:28:07.576 263 411 W edid : CEA data length: 64 bytes
06-26 17:28:07.576 263 411 E edid : parseCeaDataBlocks:unhandled EXTENDED_TAG code0
06-26 17:28:07.572 321 321 I xm_hidread: type=1400 audit(0.0:1686): avc: denied { read } for scontext=u:r:init:s0 tcontext=u:r:init:s0 tclass=netlink_kobject_uevent_socket permissive=1
06-26 17:28:07.577 263 411 W displayd: xxxxxxx: performOptimalMode: hdmi mode user setting auto, try perfect modes
06-26 17:28:07.577 263 411 W displayd: xxxxxxx: performOptimalMode: use perfect hdmi mode(10)
06-26 17:28:07.581 479 479 D AudioDeviceManagerObserver: name: AUDIO_HDMI, state: 1, type: 1
06-26 17:28:07.581 1116 1116 E xxxxxxxxxxxxxxx: onReceive:mIsHDMIPlugged = true
06-26 17:28:07.581 479 479 D AudioManagerPolicy: On Audio device plug in/out receive,name=AUDIO_HDMI type=1 state=1 extra=null
06-26 17:28:07.582 479 479 D AudioManagerPolicy: notifyHdmiAvailable hdmi is available
06-26 17:28:07.583 479 526 D CompatibilityChangeReporter: Compat change id reported: 158002302; UID 1000; state: ENABLED
06-26 17:28:07.669 479 524 W IorapForwardingService: No service published for: iorapd
06-26 17:28:07.684 254 311 D audio_hw_primary: Mic get_audio_devices_active:
06-26 17:28:07.684 254 311 D audio_hw_primary: get_audio_devices_active: AUDIO_HDMI
06-26 17:28:07.685 254 311 D xm_audio: adev_get_parameters
06-26 17:28:07.685 273 955 I hash_map_utils: system/bt/osi/src/hash_map_utils.cc:81 hash_map_utils_dump_string_keys_string_values: key: 'audio_devices_out_active' value: ''
06-26 17:28:07.686 479 479 D AudioManagerEx: type audio_devices_out_active list AUDIO_HDMI=
06-26 17:28:07.686 479 479 V AudioManagerPolicy: chengkan------------- hdmi active
06-26 17:28:07.689 479 479 D AudioManagerPolicy: i come
06-26 17:28:07.689 479 479 D AudioManagerPolicy: list audio port success
06-26 17:28:07.690 479 479 D AudioManagerPolicy: get AUDIO_MANAGE_POLICY is 2
06-26 17:28:07.690 479 479 D AudioManagerPolicy: Policy2 HDMI Plug Out/In Switch! Booting
06-26 17:28:07.688 479 479 I system_server: type=1400 audit(0.0:1687): avc: denied { call } for scontext=u:r:system_server:s0 tcontext=u:r:hal_awdisplayoutput_default:s0 tclass=binder permissive=1
01-01 08:01:09.403 411 411 I [HDMI receive params]: tv mode: 0xa format:0x1 data bits:0x0 eotf:0x4 cs:0x101 dvi_hdmi:2 range:2 scan:0 aspect_ratio:8
06-26 17:28:07.810 367 367 D dom2reg : timezone change, new: Etc/GMT-8, pre:
06-26 17:28:07.810 367 367 W dom2reg : timezone [Etc/GMT-8] not in default tables, please check!
06-26 17:28:07.858 269 289 D hdmi-cec: update hdmi connected: 1
06-26 17:28:08.670 2146 2202 E ServerInterface: Server timed out
06-26 17:28:08.670 2146 2202 E ServerInterface: java.net.SocketTimeoutException: failed to connect to remoteprovisioning.googleapis.com/142.250.217.106 (port 443) from /192.168.3.161 (port 36450) after 5000ms
06-26 17:28:08.670 2146 2202 E ServerInterface: at libcore.io.IoBridge.connectErrno(IoBridge.java:236)
06-26 17:28:08.670 2146 2202 E ServerInterface: at libcore.io.IoBridge.connect(IoBridge.java:180)
06-26 17:28:08.670 2146 2202 E ServerInterface: at java.net.PlainSocketImpl.socketConnect(PlainSocketImpl.java:142)
06-26 17:28:08.670 2146 2202 E ServerInterface: at java.net.AbstractPlainSocketImpl.doConnect(AbstractPlainSocketImpl.java:390)
06-26 17:28:08.670 2146 2202 E ServerInterface: at java.net.AbstractPlainSocketImpl.connectToAddress(AbstractPlainSocketImpl.java:230)
06-26 17:28:08.670 2146 2202 E ServerInterface: at java.net.AbstractPlainSocketImpl.connect(AbstractPlainSocketImpl.java:212)
06-26 17:28:08.670 2146 2202 E ServerInterface: at java.net.SocksSocketImpl.connect(SocksSocketImpl.java:436)
06-26 17:28:08.670 2146 2202 E ServerInterface: at java.net.Socket.connect(Socket.java:621)
06-26 17:28:08.670 2146 2202 E ServerInterface: at com.android.okhttp.internal.Platform.connectSocket(Platform.java:182)
06-26 17:28:08.670 2146 2202 E ServerInterface: at com.android.okhttp.internal.io.RealConnection.connectSocket(RealConnection.java:145)
06-26 17:28:08.670 2146 2202 E ServerInterface: at com.android.okhttp.internal.io.RealConnection.connect(RealConnection.java:116)
06-26 17:28:08.670 2146 2202 E ServerInterface: at com.android.okhttp.internal.http.StreamAllocation.findConnection(StreamAllocation.java:186)
06-26 17:28:08.670 2146 2202 E ServerInterface: at com.android.okhttp.internal.http.StreamAllocation.findHealthyConnection(StreamAllocation.java:128)
06-26 17:28:08.670 2146 2202 E ServerInterface: at com.android.okhttp.internal.http.StreamAllocation.newStream(StreamAllocation.java:97)
06-26 17:28:08.670 2146 2202 E ServerInterface: at com.android.okhttp.internal.http.HttpEngine.connect(HttpEngine.java:289)
06-26 17:28:08.670 2146 2202 E ServerInterface: at com.android.okhttp.internal.http.HttpEngine.sendRequest(HttpEngine.java:232)
06-26 17:28:08.670 2146 2202 E ServerInterface: at com.android.okhttp.internal.huc.HttpURLConnectionImpl.execute(HttpURLConnectionImpl.java:465)
06-26 17:28:08.670 2146 2202 E ServerInterface: at com.android.okhttp.internal.huc.HttpURLConnectionImpl.connect(HttpURLConnectionImpl.java:131)
06-26 17:28:08.670 2146 2202 E ServerInterface: at com.android.okhttp.internal.huc.HttpURLConnectionImpl.getOutputStream(HttpURLConnectionImpl.java:262)
06-26 17:28:08.670 2146 2202 E ServerInterface: at com.android.okhttp.internal.huc.DelegatingHttpsURLConnection.getOutputStream(DelegatingHttpsURLConnection.java:219)
06-26 17:28:08.670 2146 2202 E ServerInterface: at com.android.okhttp.internal.huc.HttpsURLConnectionImpl.getOutputStream(HttpsURLConnectionImpl.java:30)
06-26 17:28:08.670 2146 2202 E ServerInterface: at com.android.remoteprovisioner.ServerInterface.fetchGeek(ServerInterface.java:120)
06-26 17:28:08.670 2146 2202 E ServerInterface: at com.android.remoteprovisioner.PeriodicProvisioner$ProvisionerThread.run(PeriodicProvisioner.java:135)
06-26 17:28:08.671 2146 2202 E RemoteProvisioningService: Failed to get a response from the server.
06-26 17:28:08.671 2146 2202 E RemoteProvisioningService: Too many failures, resetting defaults.
06-26 17:28:08.672 479 524 W IorapForwardingService: No service published for: iorapd
01-01 08:01:10.431 411 411 W [DISP] disp_register_irq,line: 496:
01-01 08:01:10.431 411 411 W : irq for 0 already registered
01-01 08:01:10.431 411 411 W [DISP] de_rtmx_mgr_apply,line: 464:
01-01 08:01:10.431 411 411 W : ctx->output.hdr_type=0
01-01 08:01:10.431 411 411 W [DISP] de_rtmx_mgr_apply,line: 482:
01-01 08:01:10.431 411 411 W : ctx->output.hdr_type=0
06-26 17:28:08.844 263 409 D sunxihwc: checkPerformance: PerfMonitor total[w]: 1120 acquire: 6 submit: 53 release: 1061
06-26 17:28:08.865 1116 1116 I Choreographer: Skipped 65 frames! The application may be doing too much work on its main thread.
06-26 17:28:08.941 263 411 W displayd: xxxxxxx: Device config: type[4] mode[10] pixelformat[1] bits[0] eotf[4] colorspace[257]
06-26 17:28:08.942 263 411 D displayd: xxxxxxx: Update config to boot
01-01 08:01:10.652 411 411 I : HDMI Audio Enable Successfully
01-01 08:01:10.652 411 411 W [DISP] disp_device_attached_and_enable,line: 235:
01-01 08:01:10.652 411 411 W : attached ok, mgr0<-->dev0
01-01 08:01:10.652 411 411 W [DISP] disp_device_attached_and_enable,line: 248:
01-01 08:01:10.652 411 411 W type : 4,mode:10,fmt:yuv444,bits:8bits,eotf:4,cs:257 dvi_hdmi:2, range:2 scan:0 ratio:8
06-26 17:28:08.944 1 1 I /system/bin/init: type=1107 audit(0.0:1688): uid=0 auid=4294967295 ses=4294967295 subj=u:r:init:s0 msg='avc: denied { set } for property=persist.disp.device_config.hdmi pid=263 uid=1000 gid=1003 scontext=u:r:hal_graphics_composer_default:s0 tcontext=u:object_r:default_prop:s0 tclass=property_service permissive=1'
06-26 17:28:08.952 263 411 I sunxihwc: switchDevice: display[1]: type=2 mode=0 enable=0
06-26 17:28:08.952 263 411 I sunxihwc: switchDevice: display[0]: type=4 mode=10 enable=1
06-26 17:28:08.952 263 411 D sunxihwc: setHotplugState: mbHotplug = 1
06-26 17:28:08.952 263 411 I sunxihwc: updateConnectedDevices: display[0] connected=1 type=4 device=0xf5f3200c
06-26 17:28:08.952 263 411 I sunxihwc: updateConnectedDevices: display[1] connected=0 type=2 device=0x0
06-26 17:28:08.952 263 411 D sunxihwc: enqueueEvent: enqueueEvent: event 1
06-26 17:28:08.952 263 403 D sunxihwc: setHotplugState: mbHotplug = 0
06-26 17:28:08.952 263 411 I sunxihwc: setMargin: display[0]: margin 84 84 84 84
06-26 17:28:08.952 263 411 W displayd: xxxxxxx: Turen on display(0), margin( 84, 84, 84, 84)
06-26 17:28:08.952 263 411 W displayd: xxxxxxx: reset layer mode: 2D-ORIGINAL
06-26 17:28:08.952 263 411 W displayd: xxxxxxx: Request layer mode: 2D-ORIGINAL
06-26 17:28:08.952 263 411 I sunxihwc: set3DMode: display[0]: mode=0
06-26 17:28:08.952 263 411 W displayd: xxxxxxx: Current device mapping:
06-26 17:28:08.952 263 411 W displayd: + display [1]: enable=0 type=2 mode=0
06-26 17:28:08.952 263 411 W displayd: + display [0]: enable=1 type=4 mode=10
06-26 17:28:08.953 479 479 D AudioManagerEx: AudioManagerEx
06-26 17:28:08.953 479 479 D AudioManagerPolicy: save audio is AUDIO_HDMI
06-26 17:28:08.953 479 479 D AudioManagerPolicy: get AUDIO_MANAGE_POLICY is 2
06-26 17:28:08.953 479 479 D AudioManagerPolicy: POLICY_2 Remove USB Audio or No USB Audio Output Device Connected!
06-26 17:28:08.954 479 479 D AudioManagerEx: state=audio_devices_out_active,dev=[AUDIO_HDMI]
06-26 17:28:08.954 479 479 D AudioManagerEx: enablePassThrough = true
06-26 17:28:08.955 479 479 D AudioManagerEx: Hdmi status true,true,1
06-26 17:28:08.955 479 479 D AudioManagerEx: HDMI AUDIO_HDMI
06-26 17:28:08.955 479 479 D AudioManagerEx: AUDIO_NAME_HDMI
06-26 17:28:08.956 254 311 V audio_hw_primary: adev_set_parameters, mediasw.sft.rawdata=HDMI_RAW
06-26 17:28:08.957 479 479 D AudioManagerEx: audio=AUDIO_HDMI
06-26 17:28:08.957 254 311 V audio_hw_primary: adev_set_parameters, audio_devices_out_active=AUDIO_HDMI
06-26 17:28:08.957 254 311 V audio_hw_primary: out AUDIO_PARAMETER_DEVICES_OUT_ACTIVE: AUDIO_HDMI
06-26 17:28:08.960 254 311 V audio_hw_primary: set property persist.vendor.audio.output.active: AUDIO_HDMI ok
06-26 17:28:08.960 254 311 V audio_hw_primary: AUDIO_HDMI output device will be active
06-26 17:28:08.961 479 479 D AudioManagerEx: Update Settings.System.AUDIO_OUTPUT_CHANNEL, now save audio is AUDIO_HDMI
06-26 17:28:08.962 479 479 W Looper : Slow dispatch took 1380ms main h=android.app.ActivityThread$H c=android.app.LoadedApk$ReceiverDispatcher$Args$$ExternalSyntheticLambda0@54b0128 m=0
06-26 17:28:08.963 269 269 D hdmi-cec: reset logical address to broadcast
06-26 17:28:08.963 479 479 W Looper : Slow delivery took 1103ms main h=android.os.Handler c=com.android.server.hdmi.WorkSourceUidPreservingRunnable@839de41 m=0
06-26 17:28:09.146 269 269 D hdmi-cec: cec physical address: 1.0.0.0
06-26 17:28:09.146 269 269 D hdmi-cec: cec physical address: 1.0.0.0
06-26 17:28:09.146 269 269 D hdmi-cec: cec physical address: 1.0.0.0
06-26 17:28:09.147 269 269 D hdmi-cec: addLogicalAddress (4)
06-26 17:28:09.147 269 269 D hdmi-cec: cec physical address: 1.0.0.0
06-26 17:28:09.159 479 479 W Looper : Drained
06-26 17:28:09.472 2621 2621 I ModuleDataForwa: type=1400 audit(0.0:1689): avc: denied { add_name } for name="TD__Env_Synchronous_Lock__" scontext=u:r:platform_app:s0:c512,c768 tcontext=u:object_r:app_data_file:s0:c512,c768 tclass=dir permissive=1 app=com.dangbei.screencast
06-26 17:28:09.472 2621 2621 I ModuleDataForwa: type=1400 audit(0.0:1690): avc: denied { create } for name="TD__Env_Synchronous_Lock__" scontext=u:r:platform_app:s0:c512,c768 tcontext=u:object_r:app_data_file:s0:c512,c768 tclass=file permissive=1 app=com.dangbei.screencast
06-26 17:28:09.480 2621 2621 I ModuleDataForwa: type=1400 audit(0.0:1691): avc: denied { open } for path="/data/user/0/com.dangbei.screencast/files/TD__Env_Synchronous_Lock__" dev="mmcblk0p25" ino=2612 scontext=u:r:platform_app:s0:c512,c768 tcontext=u:object_r:app_data_file:s0:c512,c768 tclass=file permissive=1 app=com.dangbei.screencast
06-26 17:28:09.480 2621 2621 I ModuleDataForwa: type=1400 audit(0.0:1692): avc: denied { lock } for path="/data/user/0/com.dangbei.screencast/files/TD__Env_Synchronous_Lock__" dev="mmcblk0p25" ino=2612 scontext=u:r:platform_app:s0:c512,c768 tcontext=u:object_r:app_data_file:s0:c512,c768 tclass=file permissive=1 app=com.dangbei.screencast
06-26 17:28:09.581 1116 1116 E xxxxxxxxxxxxxxx: onReceive: true , configuration = {1.0 ?mcc?mnc [zh_CN] ldltr sw720dp w1280dp h696dp 240dpi xlrg long land television -touch qwerty/v/v dpad/v winConfig={ mBounds=Rect(0, 0 - 1920, 1080) mAppBounds=Rect(0, 0 - 1920, 1080) mMaxBounds=Rect(0, 0 - 1920, 1080) mWindowingMode=fullscreen mDisplayWindowingMode=fullscreen mActivityType=undefined mAlwaysOnTop=undefined mRotation=ROTATION_0} s.6 fontWeightAdjustment=0}
06-26 17:28:09.582 1116 1116 D TheRouter::RouterInject: interception::===interface com.dangbei.leard.protocol.MainManagerInterface===MainManagerInterfaceImpl213095517
06-26 17:28:09.583 1116 1116 E xxxxxxxxxxxxxxx: isScreenSizeChange=false app onConfigurationChanged={1.0 ?mcc?mnc [zh_CN] ldltr sw720dp w1280dp h696dp 240dpi xlrg long land television -touch qwerty/v/v dpad/v winConfig={ mBounds=Rect(0, 0 - 1920, 1080) mAppBounds=Rect(0, 0 - 1920, 1080) mMaxBounds=Rect(0, 0 - 1920, 1080) mWindowingMode=fullscreen mDisplayWindowingMode=fullscreen mActivityType=undefined mAlwaysOnTop=undefined mRotation=ROTATION_0} s.6 fontWeightAdjustment=0}
06-26 17:28:09.673 479 524 W IorapForwardingService: No service published for: iorapd
06-26 17:28:09.724 2621 2621 I ModuleDataForwa: type=1400 audit(0.0:1693): avc: denied { rename } for name="TD_IP_CACHE.xml" dev="mmcblk0p25" ino=37848 scontext=u:r:platform_app:s0:c512,c768 tcontext=u:object_r:app_data_file:s0:c512,c768 tclass=file permissive=1 app=com.dangbei.screencast
06-26 17:28:09.732 2621 2621 I ModuleDataForwa: type=1400 audit(0.0:1694): avc: denied { setattr } for name="TD_IP_CACHE.xml" dev="mmcblk0p25" ino=37881 scontext=u:r:platform_app:s0:c512,c768 tcontext=u:object_r:app_data_file:s0:c512,c768 tclass=file permissive=1 app=com.dangbei.screencast
06-26 17:28:09.810 367 367 D dom2reg : timezone change, new: Etc/GMT-8, pre:
06-26 17:28:09.811 367 367 W dom2reg : timezone [Etc/GMT-8] not in default tables, please check!
06-26 17:28:09.889 479 647 W HdmiCecController: Failed to send 45:7D with errorCode=1
06-26 17:28:10.540 657 657 E WifiHAL : wifi_get_link_stats: requestResponse Error:-5
06-26 17:28:10.542 479 611 E WifiVendorHal: getWifiLinkLayerStats_1_5_Internal(l.1191) failed {.code = ERROR_INVALID_ARGS, .description = }
06-26 17:28:10.676 479 524 W IorapForwardingService: No service published for: iorapd
06-26 17:28:11.294 1058 3103 E dangbei111: cccccc 检查遥控器是否连接: Dangbei E4:BB:D3:57:C0:18
06-26 17:28:11.296 1058 3103 E dangbei111: cccccc 检查遥控器是否连接: 蓝牙的结果 Dangbei E4:BB:D3:57:C0:18 false
06-26 17:28:11.296 1058 3103 E dangbei111: cccccc input中没有遥控器存在
06-26 17:28:11.296 1058 3103 E dangbei111: cccccc 蓝牙状态连接 不是连接状态 啥都不干
06-26 17:28:11.298 1058 3103 E dangbei111: cccccc 蓝牙状态连接 配对状态 尝试connect
06-26 17:28:11.300 1058 3103 D BluetoothGatt: cancelOpen() - device: E4:BB:D3:57:C0:18
06-26 17:28:11.302 1058 3103 D BluetoothGatt: close()
06-26 17:28:11.302 1058 3103 D BluetoothGatt: unregisterApp() - mClientIf=5
06-26 17:28:11.302 666 987 E bt_stack: [ERROR:bta_gattc_act.cc(298)] No such connection need to be cancelled
06-26 17:28:11.302 666 987 I bt_stack: [INFO:gatt_api.cc(1231)] GATT_CancelConnect: gatt_if:5, address: e4:bb:d3:57:c0:18, direct:0
06-26 17:28:11.303 666 987 I bt_stack: [INFO:gatt_api.cc(1042)] GATT_Deregister gatt_if=5
06-26 17:28:11.304 1058 3103 D BluetoothGatt: connect() - device: E4:BB:D3:57:C0:18, auto: true
06-26 17:28:11.304 1058 3103 D BluetoothGatt: registerApp()
06-26 17:28:11.304 1058 3103 D BluetoothGatt: registerApp() - UUID=3e05b72f-be13-4067-85b6-753caca559c7
06-26 17:28:11.306 666 987 I bluetooth: system/bt/stack/gatt/gatt_api.cc:1019 GATT_Register: Allocated name:GattClient uuid:0f646d20-e1e7-abdf-d991-7dbdaf1e3691 gatt_if:5 eatt_support:0
06-26 17:28:11.307 1058 3103 E dangbei111 : cccccc 开启检查任务
06-26 17:28:11.307 1058 1092 D BluetoothGatt: onClientRegistered() - status=0 clientIf=5
06-26 17:28:11.309 2433 2536 D UtilLog : 日志批量上报 进行正常循环 !!!!!!本次有0次请求,共0条数据
06-26 17:28:11.309 666 864 I bt_btif_config: system/bt/btif/src/btif_config.cc:137 btif_get_device_type: Device [e4:bb:d3:57:c0:18] device type 2
06-26 17:28:11.310 1058 3103 E dangbei111: cccccc 开始扫描
06-26 17:28:11.310 1058 3103 D BluetoothAdapter: isLeEnabled(): ON
06-26 17:28:11.677 479 524 W IorapForwardingService: No service published for: iorapd
06-26 17:28:11.811 367 367 D dom2reg : timezone change, new: Etc/GMT-8, pre:
06-26 17:28:11.811 367 367 W dom2reg : timezone [Etc/GMT-8] not in default tables, please check!
06-26 17:28:12.680 479 524 W IorapForwardingService: No service published for: iorapd
06-26 17:28:12.916 3119 3119 I Thread-2: type=1400 audit(0.0:1695): avc: denied { execute } for name="am" dev="dm-1" ino=1160 scontext=u:r:system_app:s0 tcontext=u:object_r:vendor_file:s0 tclass=file permissive=1
06-26 17:28:12.916 3119 3119 I Thread-2: type=1400 audit(0.0:1696): avc: denied { read open } for path="/vendor/xbin/am" dev="dm-1" ino=1160 scontext=u:r:system_app:s0 tcontext=u:object_r:vendor_file:s0 tclass=file permissive=1
06-26 17:28:12.916 3119 3119 I Thread-2: type=1400 audit(0.0:1697): avc: denied { execute_no_trans } for path="/vendor/xbin/am" dev="dm-1" ino=1160 scontext=u:r:system_app:s0 tcontext=u:object_r:vendor_file:s0 tclass=file permissive=1
06-26 17:28:12.980 479 805 I ActivityManager: Killing 1566:com.android.dynsystem/1000 (adj 985): empty #17
06-26 17:28:12.984 1179 1179 D bbb : onStartCommand begin !!!!!!! data分区剩余 23361MB
06-26 17:28:12.985 479 538 I libprocessgroup: Successfully killed process cgroup uid 1000 pid 1566 in 0ms
06-26 17:28:12.989 1125 1125 D aaa : LedStatusService onStartCommand begin
06-26 17:28:12.991 1125 3127 D aaa : topPkg is -------------- :com.dangbei.leard.leradlauncher
06-26 17:28:12.995 1125 3127 D aaa : WiFi is connect
06-26 17:28:13.017 249 249 I Zygote : Process 1566 exited due to signal 9 (Killed)
06-26 17:28:13.028 479 1378 I ActivityManager: Killing 1633:com.android.managedprovisioning/u0a19 (adj 985): empty #17
06-26 17:28:13.036 479 538 I libprocessgroup: Successfully killed process cgroup uid 10019 pid 1633 in 6ms
06-26 17:28:13.065 249 249 I Zygote : Process 1633 exited due to signal 9 (Killed)
06-26 17:28:13.557 657 657 E WifiHAL : wifi_get_link_stats: requestResponse Error:-5
06-26 17:28:13.561 479 611 E WifiVendorHal: getWifiLinkLayerStats_1_5_Internal(l.1191) failed {.code = ERROR_INVALID_ARGS, .description = }
06-26 17:28:13.681 479 524 W IorapForwardingService: No service published for: iorapd
06-26 17:28:13.804 2621 2621 I cling--ap-12: type=1400 audit(0.0:1698): avc: denied { search } for name="net" dev="sysfs" ino=10442 scontext=u:r:platform_app:s0:c512,c768 tcontext=u:object_r:sysfs_net:s0 tclass=dir permissive=1 app=com.dangbei.screencast
06-26 17:28:13.811 367 367 D dom2reg : timezone change, new: Etc/GMT-8, pre:
06-26 17:28:13.811 367 367 W dom2reg : timezone [Etc/GMT-8] not in default tables, please check!
06-26 17:28:14.683 479 524 W IorapForwardingService: No service published for: iorapd
06-26 17:28:14.881 479 535 I UsageStatsService: Time changed in by 97142 seconds
06-26 17:28:14.884 479 522 D CompatibilityChangeReporter: Compat change id reported: 168419799; UID 10073; state: DISABLED
06-26 17:28:14.898 1899 3129 I PermissionControllerServiceImpl: Updating user sensitive for user 0
06-26 17:28:14.896 2879 2879 I ModuleDataForwa: type=1400 audit(0.0:1699): avc: denied { search } for name="com.dangbei.screencast" dev="mmcblk0p25" ino=891 scontext=u:r:platform_app:s0:c512,c768 tcontext=u:object_r:app_data_file:s0:c512,c768 tclass=dir permissive=1 app=com.dangbei.screencast
06-26 17:28:14.900 2879 2879 I ModuleDataForwa: type=1400 audit(0.0:1700): avc: denied { read } for name="td_database2SaaS" dev="mmcblk0p25" ino=2046 scontext=u:r:platform_app:s0:c512,c768 tcontext=u:object_r:app_data_file:s0:c512,c768 tclass=dir permissive=1 app=com.dangbei.screencast
06-26 17:28:14.900 2879 2879 I ModuleDataForwa: type=1400 audit(0.0:1701): avc: denied { open } for path="/data/user/0/com.dangbei.screencast/files/__database_reborn_January_one__/td_database2SaaS" dev="mmcblk0p25" ino=2046 scontext=u:r:platform_app:s0:c512,c768 tcontext=u:object_r:app_data_file:s0:c512,c768 tclass=dir permissive=1 app=com.dangbei.screencast
06-26 17:28:15.685 479 524 W IorapForwardingService: No service published for: iorapd
