06-25 14:28:33.876 1058 2528 E dangbei111: cccccc 检查遥控器是否连接: Dangbei E4:BB:D3:57:C0:18
06-25 14:28:33.877 1058 2528 E dangbei111: cccccc 检查遥控器是否连接: 蓝牙的结果 Dangbei E4:BB:D3:57:C0:18 false
06-25 14:28:33.877 1058 2528 E dangbei111: cccccc input中没有遥控器存在
06-25 14:28:33.877 1058 2528 E dangbei111: cccccc 蓝牙状态连接 不是连接状态 啥都不干
06-25 14:28:33.878 1058 2528 E dangbei111: cccccc 蓝牙状态连接 配对状态 尝试connect
06-25 14:28:33.878 1058 2528 D BluetoothGatt: cancelOpen() - device: E4:BB:D3:57:C0:18
06-25 14:28:33.879 1058 2528 D BluetoothGatt: close()
06-25 14:28:33.879 1058 2528 D BluetoothGatt: unregisterApp() - mClientIf=5
06-25 14:28:33.879 666 987 E bt_stack: [ERROR:bta_gattc_act.cc(298)] No such connection need to be cancelled
06-25 14:28:33.879 666 987 I bt_stack: [INFO:gatt_api.cc(1231)] GATT_CancelConnect: gatt_if:5, address: e4:bb:d3:57:c0:18, direct:0
06-25 14:28:33.880 666 987 I bt_stack: [INFO:gatt_api.cc(1042)] GATT_Deregister gatt_if=5
06-25 14:28:33.880 1058 2528 D BluetoothGatt: connect() - device: E4:BB:D3:57:C0:18, auto: true
06-25 14:28:33.880 1058 2528 D BluetoothGatt: registerApp()
06-25 14:28:33.880 1058 2528 D BluetoothGatt: registerApp() - UUID=e3e5fe7b-92c9-489b-bb3c-b875fd860ed0
06-25 14:28:33.883 666 987 I bluetooth: system/bt/stack/gatt/gatt_api.cc:1019 GATT_Register: Allocated name:GattClient uuid:82275c68-f788-3cbf-0767-544d06a42d5d gatt_if:5 eatt_support:0
06-25 14:28:33.883 1058 2528 E dangbei111 : cccccc 开启检查任务
06-25 14:28:33.883 1058 1092 D BluetoothGatt: onClientRegistered() - status=0 clientIf=5
06-25 14:28:33.884 666 864 I bt_btif_config: system/bt/btif/src/btif_config.cc:137 btif_get_device_type: Device [e4:bb:d3:57:c0:18] device type 2
06-25 14:28:33.885 1058 2528 E dangbei111: cccccc 开始扫描
06-25 14:28:33.885 1058 2528 D BluetoothAdapter: isLeEnabled(): ON
06-25 14:28:34.171 479 756 D SntpClient: request time failed: java.net.SocketTimeoutException: Poll timed out
06-25 14:28:34.291 479 524 W IorapForwardingService: No service published for: iorapd
06-25 14:28:34.536 1058 1058 I DefaultDispatch: type=1400 audit(0.0:1192): avc: denied { read } for name="devices" dev="proc" ino=4026532014 scontext=u:r:system_app:s0 tcontext=u:object_r:proc:s0 tclass=file permissive=1
06-25 14:28:34.539 1058 2045 E RCInfo : vid:
06-25 14:28:34.536 1058 1058 I DefaultDispatch: type=1400 audit(0.0:1193): avc: denied { open } for path="/proc/bus/input/devices" dev="proc" ino=4026532014 scontext=u:r:system_app:s0 tcontext=u:object_r:proc:s0 tclass=file permissive=1
06-25 14:28:34.539 1058 2045 E RCInfo : pid:
06-25 14:28:34.536 1058 1058 I DefaultDispatch: type=1400 audit(0.0:1194): avc: denied { getattr } for path="/proc/bus/input/devices" dev="proc" ino=4026532014 scontext=u:r:system_app:s0 tcontext=u:object_r:proc:s0 tclass=file permissive=1
06-25 14:28:34.540 1058 2045 E RCInfo : vid:
06-25 14:28:34.540 1058 2045 E RCInfo : pid:
06-25 14:28:34.656 2621 2621 I CrashSDKNormalH: type=1400 audit(0.0:1195): avc: denied { getattr } for path="/data/user/0/com.dangbei.screencast/crashsdk/tags" dev="mmcblk0p25" ino=1896 scontext=u:r:platform_app:s0:c512,c768 tcontext=u:object_r:app_data_file:s0:c512,c768 tclass=dir permissive=1 app=com.dangbei.screencast
06-25 14:28:35.082 657 657 E WifiHAL : wifi_get_link_stats: requestResponse Error:-5
06-25 14:28:35.084 479 611 E WifiVendorHal: getWifiLinkLayerStats_1_5_Internal(l.1191) failed {.code = ERROR_INVALID_ARGS, .description = }
06-25 14:28:35.272 1273 2134 E KOOM : [koom] koom start failed, check result: OS_VERSION_NO_COMPATIBILITY
06-25 14:28:35.292 479 524 W IorapForwardingService: No service published for: iorapd
01-01 08:00:39.409 409 409 W hdr10p_Configure: 52 callbacks suppressed
01-01 08:00:39.409 409 409 I : DVI mode selected: packets not configured
01-01 08:00:39.409 409 409 W set_vsif_config: 52 callbacks suppressed
01-01 08:00:39.409 409 409 I : Error: set vsif failed
01-01 08:00:39.434 409 409 I : DVI mode selected: packets not configured
01-01 08:00:39.434 409 409 I : Error: set vsif failed
01-01 08:00:39.451 409 409 I : DVI mode selected: packets not configured
01-01 08:00:39.451 409 409 I : Error: set vsif failed
01-01 08:00:39.467 409 409 I : DVI mode selected: packets not configured
01-01 08:00:39.467 409 409 I : Error: set vsif failed
01-01 08:00:39.484 409 409 I : DVI mode selected: packets not configured
01-01 08:00:39.484 409 409 I : Error: set vsif failed
01-01 08:00:39.502 409 409 I : DVI mode selected: packets not configured
01-01 08:00:39.502 409 409 I : Error: set vsif failed
06-25 14:28:35.497 367 367 D dom2reg : timezone change, new: Etc/GMT-8, pre:
06-25 14:28:35.497 367 367 W dom2reg : timezone [Etc/GMT-8] not in default tables, please check!
01-01 08:00:39.518 409 409 I : DVI mode selected: packets not configured
01-01 08:00:39.518 409 409 I : Error: set vsif failed
01-01 08:00:39.535 409 409 I : DVI mode selected: packets not configured
01-01 08:00:39.535 409 409 I : Error: set vsif failed
01-01 08:00:39.551 409 409 I : DVI mode selected: packets not configured
01-01 08:00:39.551 409 409 I : Error: set vsif failed
01-01 08:00:39.567 409 409 I : DVI mode selected: packets not configured
01-01 08:00:39.567 409 409 I : Error: set vsif failed
06-25 14:28:35.674 263 411 D displayd: hotplug change: name=6000000.hdmi, state=HDMI=0
06-25 14:28:35.674 263 411 D displayd: HotplugMonitor: 6000000.hdmi connected=0
06-25 14:28:35.674 263 411 D displayd: xxxxxxx: updateConnectState: type=-1 connected=0
06-25 14:28:35.674 263 411 D displayd: xxxxxxx: updated: type=2 connected=0
06-25 14:28:35.674 263 411 D displayd: xxxxxxx: updated: type=4 connected=0
06-25 14:28:35.674 263 411 E displayd: xxxxxxx: [cvbs] Saved attribute is not match, saved mode=11, actual mode=0
06-25 14:28:35.672 343 343 I xiriservice_All: type=1400 audit(0.0:1196): avc: denied { read } for scontext=u:r:init:s0 tcontext=u:r:init:s0 tclass=netlink_kobject_uevent_socket permissive=1
06-25 14:28:35.674 263 411 E displayd: xxxxxxx: hdmi connected state is 0
06-25 14:28:35.674 263 411 I sunxihwc: switchDevice: display[1]: type=2 mode=0 enable=0
06-25 14:28:35.675 263 411 I sunxihwc: switchDevice: display[0]: type=4 mode=34 enable=1
06-25 14:28:35.675 263 411 D sunxihwc: setHotplugState: mbHotplug = 1
06-25 14:28:35.675 263 411 I sunxihwc: updateConnectedDevices: display[0] connected=1 type=4 device=0xf5f3200c
06-25 14:28:35.675 263 411 I sunxihwc: updateConnectedDevices: display[1] connected=0 type=2 device=0x0
06-25 14:28:35.675 263 411 D sunxihwc: enqueueEvent: enqueueEvent: event 1
06-25 14:28:35.675 263 411 W displayd: xxxxxxx: reset layer mode: 2D-ORIGINAL
06-25 14:28:35.675 263 411 W displayd: xxxxxxx: Request layer mode: 2D-ORIGINAL
06-25 14:28:35.675 263 411 I sunxihwc: set3DMode: display[0]: mode=0
06-25 14:28:35.675 263 411 W displayd: xxxxxxx: Current device mapping:
06-25 14:28:35.675 263 411 W displayd: + display [1]: enable=0 type=2 mode=0
06-25 14:28:35.675 263 411 W displayd: + display [0]: enable=1 type=4 mode=34
06-25 14:28:35.675 263 403 D sunxihwc: setHotplugState: mbHotplug = 0
01-01 08:00:39.691 124 124 I : HDMI cable is disconnected
06-25 14:28:35.704 2621 2621 I Timer-1 : type=1400 audit(0.0:1197): avc: denied { search } for name="net" dev="sysfs" ino=10442 scontext=u:r:platform_app:s0:c512,c768 tcontext=u:object_r:sysfs_net:s0 tclass=dir permissive=1 app=com.dangbei.screencast
06-25 14:28:35.704 2621 2621 I Timer-1 : type=1400 audit(0.0:1198): avc: denied { read } for name="address" dev="sysfs" ino=16906 scontext=u:r:platform_app:s0:c512,c768 tcontext=u:object_r:sysfs_net:s0 tclass=file permissive=1 app=com.dangbei.screencast
06-25 14:28:35.704 2621 2621 I Timer-1 : type=1400 audit(0.0:1199): avc: denied { open } for path="/sys/devices/virtual/net/dummy0/address" dev="sysfs" ino=16906 scontext=u:r:platform_app:s0:c512,c768 tcontext=u:object_r:sysfs_net:s0 tclass=file permissive=1 app=com.dangbei.screencast
06-25 14:28:35.704 2621 2621 I Timer-1 : type=1400 audit(0.0:1200): avc: denied { getattr } for path="/sys/devices/virtual/net/dummy0/address" dev="sysfs" ino=16906 scontext=u:r:platform_app:s0:c512,c768 tcontext=u:object_r:sysfs_net:s0 tclass=file permissive=1 app=com.dangbei.screencast
06-25 14:28:35.708 2621 2621 I Timer-1 : type=1400 audit(0.0:1201): avc: denied { read } for name="address" dev="sysfs" ino=26267 scontext=u:r:platform_app:s0:c512,c768 tcontext=u:object_r:sysfs:s0 tclass=file permissive=1 app=com.dangbei.screencast
06-25 14:28:35.708 2621 2621 I Timer-1 : type=1400 audit(0.0:1202): avc: denied { open } for path="/sys/devices/platform/unisoc_wifi/net/wlan1/address" dev="sysfs" ino=26267 scontext=u:r:platform_app:s0:c512,c768 tcontext=u:object_r:sysfs:s0 tclass=file permissive=1 app=com.dangbei.screencast
06-25 14:28:35.708 2621 2621 I Timer-1 : type=1400 audit(0.0:1203): avc: denied { getattr } for path="/sys/devices/platform/unisoc_wifi/net/wlan1/address" dev="sysfs" ino=26267 scontext=u:r:platform_app:s0:c512,c768 tcontext=u:object_r:sysfs:s0 tclass=file permissive=1 app=com.dangbei.screencast
06-25 14:28:35.742 2621 2695 I efs.config: No update is required, less than 8h since the last update
06-25 14:28:35.761 479 1378 W TelephonyPermissions: reportAccessDeniedToReadIdentifiers:com.dangbei.screencast:getSerial:-1
01-01 08:00:39.825 1 1 I init : processing action (debug.launcher3.exit=1) from (/vendor/etc/init/init.scheduler.rc:1)
06-25 14:28:35.822 2621 2704 V NFC : this device does not have NFC support
06-25 14:28:35.875 479 1378 I WifiService: releaseMulticastLock uid=10013
06-25 14:28:35.877 479 582 I WifiService: releaseMulticastLock uid=10013
06-25 14:28:35.902 1116 1216 D wenhc : getScreenInfo uri = content://com.dangbei.screencast.parts.info/screen_cast
06-25 14:28:35.902 2621 2621 D HiSight-SinkService: setDiscoverable true
06-25 14:28:35.906 2621 2621 D NearFieldManager: init.
06-25 14:28:35.906 2621 2621 D NearFieldManager: try check dmsdp
06-25 14:28:35.929 2621 2621 D NearFieldManager: package not exist
06-25 14:28:35.937 479 582 D CompatibilityChangeReporter: Compat change id reported: 135634846; UID 10013; state: DISABLED
06-25 14:28:35.938 479 537 D CompatibilityChangeReporter: Compat change id reported: 143937733; UID 10013; state: DISABLED
06-25 14:28:35.938 2621 2621 D NearFieldManager: bind nearfield service true
06-25 14:28:35.939 2621 2621 D NearFieldManager: registerCallback true
06-25 14:28:35.940 2621 2621 D HiSight-Discovery: set deviceInfo type:46
06-25 14:28:35.940 2621 2621 D HiSight-Discovery: startAdvertise 1
06-25 14:28:35.956 249 249 D Zygote : Forked child process 2879
06-25 14:28:35.958 479 537 I ActivityManager: app.processName = com.huawei.connection
06-25 14:28:35.958 479 537 I ActivityManager: Start proc 2879:com.huawei.connection/u0a13 for service {com.dangbei.screencast/com.huawei.connection.service.NearFieldManagerService}
06-25 14:28:35.964 2879 2879 I Zygote : seccomp disabled by setenforce 0
06-25 14:28:35.993 386 398 I adbd : jdwp connection from 2879
06-25 14:28:36.004 269 289 D hdmi-cec: update hdmi connected: 0
06-25 14:28:36.005 269 269 D hdmi-cec: cec physical address: 2.0.0.0
06-25 14:28:36.018 2879 2879 D CompatibilityChangeReporter: Compat change id reported: 171979766; UID 10013; state: DISABLED
06-25 14:28:36.028 479 479 W NotificationHistory: Attempted to add notif for locked/gone/disabled user 0
06-25 14:28:36.031 680 680 V TvNotificationHandler: Notification not added because it isn't relevant for tv
06-25 14:28:36.037 2879 2879 D ApplicationLoaders: Returning zygote-cached class loader: /system/framework/android.test.base.jar
06-25 14:28:36.037 2879 2879 D ApplicationLoaders: Returning zygote-cached class loader: /system/framework/android.hidl.manager-V1.0-java.jar
06-25 14:28:36.037 2879 2879 D ApplicationLoaders: Returning zygote-cached class loader: /system/framework/android.hidl.base-V1.0-java.jar
06-25 14:28:36.104 2879 2879 V GraphicsEnvironment: ANGLE Developer option for 'com.dangbei.screencast' set to: 'default'
06-25 14:28:36.104 2879 2879 V GraphicsEnvironment: Neither updatable production driver nor prerelease driver is supported.
06-25 14:28:36.108 2879 2879 D NetworkSecurityConfig: Using Network Security Config from resource network_security_config debugBuild: false
06-25 14:28:36.110 2879 2879 D NetworkSecurityConfig: Using Network Security Config from resource network_security_config debugBuild: false
06-25 14:28:36.111 2879 2879 I MultiDex: VM with version 2.1.0 has multidex support
06-25 14:28:36.111 2879 2879 I MultiDex: Installing application
06-25 14:28:36.111 2879 2879 I MultiDex: VM has multidex support, MultiDex support library is disabled.
06-25 14:28:36.136 2879 2879 I SharedPreferenc: type=1400 audit(0.0:1204): avc: denied { open } for path="/data/user/0/com.dangbei.screencast/shared_prefs/DEVICE_ID.xml" dev="mmcblk0p25" ino=2368 scontext=u:r:platform_app:s0:c512,c768 tcontext=u:object_r:app_data_file:s0:c512,c768 tclass=file permissive=1 app=com.dangbei.screencast
01-01 08:00:40.187 2901 2901 W audit : audit_lost=679 audit_rate_limit=5 audit_backlog_limit=64
01-01 08:00:40.187 2901 2901 E audit : rate limit exceeded
06-25 14:28:36.260 2879 2919 I crashsdk: version unique build id: 6230cced
06-25 14:28:36.267 2879 2921 D crashsdk: Native log stat thread 2921 setup, waiting
06-25 14:28:36.269 2879 2901 I crashsdk: begin hack android.os.Process
06-25 14:28:36.269 2879 2901 I crashsdk: end hack android.os.Process
06-25 14:28:36.286 2879 2879 I TDLog : setReportUncaughtExceptions: true
06-25 14:28:36.286 2879 2879 E Application: onCreate:Version:v2.8.3/20830/883432e
06-25 14:28:36.290 2879 2901 I Matrix.AnrTracer: anrTrace, final mAnrBeatTime:400, mAnrBeatRate:400
06-25 14:28:36.292 2879 2901 E LaunchManager: Non main process !
06-25 14:28:36.292 2879 2901 W System.err: java.lang.NullPointerException: Attempt to invoke virtual method 'boolean com.efs.sdk.launch.LaunchConfigManager.enableTracer()' on a null object reference
06-25 14:28:36.292 2879 2901 W System.err: at com.umeng.umcrash.UMCrash.init(Unknown Source:403)
06-25 14:28:36.292 2879 2901 W System.err: at java.lang.reflect.Method.invoke(Native Method)
06-25 14:28:36.292 2879 2901 W System.err: at com.umeng.commonsdk.UMConfigure.init(Unknown Source:811)
06-25 14:28:36.292 2879 2901 W System.err: at b.f.f.b.a(:4)
06-25 14:28:36.292 2879 2901 W System.err: at h.o.a.run(Unknown Source:2)
06-25 14:28:36.294 479 524 W IorapForwardingService: No service published for: iorapd
06-25 14:28:36.295 2879 2879 D NearFieldManagerService: NearFieldManagerService.
06-25 14:28:36.295 2879 2879 D NearFieldManagerService: onCreate, enter.
06-25 14:28:36.295 2879 2879 I NearFieldManagerService: onBind, enter.
06-25 14:28:36.295 2879 2879 D NearFieldManagerService: initService
06-25 14:28:36.295 2879 2879 D NearFieldManagerService: NearField starting...
06-25 14:28:36.296 2879 2879 D NearFieldUtils: checkSystemProperty in
06-25 14:28:36.296 2879 2879 D NearFieldUtils: checkSystemProperty: systemProperties:
06-25 14:28:36.296 2879 2879 E NearFieldUtils: validProperty: priority is null
06-25 14:28:36.303 2621 2621 D NearFieldManager: service connected.
06-25 14:28:36.304 2621 2621 D HiSight-Discovery: eventId: 4001
06-25 14:28:36.305 2621 2878 D HiSight-Discovery: msg 4001
06-25 14:28:36.305 2621 2878 D HiSight-Discovery: bind success, status Ready
06-25 14:28:36.305 2621 2878 D HiSight-Discovery: startAdvertise 2
06-25 14:28:36.305 2621 2878 D HiSight-Discovery: stopAdvertise.
06-25 14:28:36.305 2621 2878 D HiSight-Discovery: nearFieldStartListen deviceType 46
06-25 14:28:36.306 2879 2893 I NearFieldManagerImpl: setDeviceInfo, sDeviceId changes
06-25 14:28:36.307 2879 2893 I NearFieldManagerImpl: setDeviceInfo, sDeviceName changes
06-25 14:28:36.307 2879 2893 D NearFieldManagerImpl: setServiceData, sServiceData=[], serviceData=[32]
06-25 14:28:36.307 2621 2878 E NearFieldManager: setIdnNetworkPriority: networkPortPriority is empty
06-25 14:28:36.308 2621 2878 D NearFieldManager: StartListen moduleId: CastPlusDiscoveryModule
06-25 14:28:36.308 2879 2893 D NearFieldManagerImpl: startListen: moduleId: CastPlusDiscoveryModule
06-25 14:28:36.308 2879 2893 D NearFieldUtils: getPreferredIpAddress exec
06-25 14:28:36.308 2879 2893 D NearFieldUtils: getPreferredIpAddress by custom priority
06-25 14:28:36.308 2879 2893 D NearFieldUtils: getIpByInterfaceSetting customIdnNetworkPriority:[]
06-25 14:28:36.308 2879 2893 D NearFieldUtils: getPreferredIpAddress by default priority
06-25 14:28:36.310 2879 2879 I crashsdk: Catcher mask: 5000, 20480
06-25 14:28:36.311 2879 2879 I crashsdk: Catcher thread 2884
06-25 14:28:36.311 2879 2879 D crashsdk: Register ANR handler ...
06-25 14:28:36.312 2879 2879 D NearFieldManagerImpl: onReceive action get:android.net.conn.CONNECTIVITY_CHANGE
06-25 14:28:36.313 2879 2879 D NearFieldUtils: getPreferredIpAddress exec
06-25 14:28:36.313 2879 2879 D NearFieldUtils: getPreferredIpAddress by custom priority
06-25 14:28:36.313 2879 2879 D NearFieldUtils: getIpByInterfaceSetting customIdnNetworkPriority:[]
06-25 14:28:36.313 2879 2879 D NearFieldUtils: getPreferredIpAddress by default priority
06-25 14:28:36.314 2879 2926 W efs.send_log: tryFileLock start!
06-25 14:28:36.317 479 1378 W ServiceManager: Permission failure: android.permission.HIGH_SAMPLING_RATE_SENSORS from uid=10013 pid=2879
06-25 14:28:36.321 2879 2926 I efs.config: --->>> 删除旧的配置文件 false
06-25 14:28:36.323 2879 2902 I TDLog : TalkingData SDK init...
06-25 14:28:36.323 2879 2902 I TDLog : SDK_VERSION is: Android+TD+V5.0.7 gp Type:Native Build_Num:2141
06-25 14:28:36.323 2879 2902 I TDLog : App ID is: B9D7815EC975466AB1332111FCE62DF5
06-25 14:28:36.323 2879 2902 I TDLog : App Channel is: os
06-25 14:28:36.323 2879 2902 I TDLog : App Custom is:
06-25 14:28:36.323 2879 2902 I TDLog : SDK_OVC is: TDOVC+a3bb7754719798526508b6caad480dd7+SaaS
06-25 14:28:36.325 2879 2944 I efs.base: lt=event`ev_ct=efs_core`ev_ac=pvuv`tm=2025-06-25 14:28:31`dn=884562d0-54da-4cce-9d74-00e5c75509d9`ps=com.huawei.connection`um_os=android`stime=1750832916061`pid=2879`fr=android`pkg=com.dangbei.screencast`vcode=20830`dsp_w=1920`uid=884562d0-54da-4cce-9d74-00e5c75509d9`rom=12`wid=884562d0-54da-4cce-9d74-00e5c75509d9`um_app_carrier=`um_access=wifi`um_app_channel=os`um_crash_sdk_version=1.4.0`ctime=1750832916`model=dbbox-a2`lang=zh`net=wifi`brand=dangbei`dsp_h=1080`um_network_type=0`ver=v2.8.3`build_model=DBBOX-A2`w_tm=1750832916`appid=5fc60c21094d637f3130af19`um_umid_header=ai1cc720f47734fc58e671cdbea6807313`sdk=31`tzone=Etc/GMT-8`sdk_ver=1.3.6.umeng
06-25 14:28:36.327 2879 2926 I efs.config: current config version (-1) is older than another (1735614866)
06-25 14:28:36.328 2879 2926 I efs.config: load config from storage and notify observer
01-01 08:00:40.366 750 750 E sprdwl : sprdwl_rx_rsp_process ctx_id 0 recv rsp[WIFI_CMD_TX_DATA] status[SPRDWL_CMD_STATUS_ERROR]
01-01 08:00:40.384 750 750 E sprdwl : sprdwl_rx_rsp_process ctx_id 0 recv rsp[WIFI_CMD_TX_DATA] status[SPRDWL_CMD_STATUS_ERROR]
01-01 08:00:40.400 750 750 E sprdwl : sprdwl_rx_rsp_process ctx_id 0 recv rsp[WIFI_CMD_TX_DATA] status[SPRDWL_CMD_STATUS_ERROR]
06-25 14:28:36.407 2879 2879 D NearFieldUtils: to get wlan0 ip address
06-25 14:28:36.407 2879 2879 D NearFieldUtils: get wlan0 IP succeed.
06-25 14:28:36.407 2879 2879 E NearFieldManagerImpl: notifyByPriority: interfaceNameInUse is null
06-25 14:28:36.407 2879 2879 D NearFieldManagerImpl: handleConnectivityAction: notified by default
01-01 08:00:40.417 750 750 E sprdwl : sprdwl_rx_rsp_process ctx_id 0 recv rsp[WIFI_CMD_TX_DATA] status[SPRDWL_CMD_STATUS_ERROR]
01-01 08:00:40.433 750 750 E sprdwl : sprdwl_rx_rsp_process ctx_id 0 recv rsp[WIFI_CMD_TX_DATA] status[SPRDWL_CMD_STATUS_ERROR]
01-01 08:00:40.448 750 750 E sprdwl : sprdwl_rx_rsp_process ctx_id 0 recv rsp[WIFI_CMD_TX_DATA] status[SPRDWL_CMD_STATUS_ERROR]
06-25 14:28:36.446 2879 2893 D NearFieldUtils: to get wlan0 ip address
06-25 14:28:36.446 2879 2893 D NearFieldUtils: get wlan0 IP succeed.
06-25 14:28:36.447 2879 2893 D NearFieldManagerImpl: sDeviceType: 46
06-25 14:28:36.447 2879 2893 D NearFieldManagerImpl: registerDevice() is called.
06-25 14:28:36.447 2879 2893 E NearFieldManagerUtilsNative: Begin System.loadLibrary()
01-01 08:00:40.463 750 750 E sprdwl : sprdwl_rx_rsp_process ctx_id 0 recv rsp[WIFI_CMD_TX_DATA] status[SPRDWL_CMD_STATUS_ERROR]
01-01 08:00:40.479 750 750 E sprdwl : sprdwl_rx_rsp_process ctx_id 0 recv rsp[WIFI_CMD_TX_DATA] status[SPRDWL_CMD_STATUS_ERROR]
06-25 14:28:36.475 2879 2893 I HicomNfTimerManager: epoll fd:125 create success
06-25 14:28:36.476 2879 2893 I HicomNfTimerManager: epoll add fd:126--->125 success
06-25 14:28:36.476 2879 2893 I HicomNfTimerManager: time fd:126 add to epoll success
06-25 14:28:36.492 2879 2893 D nStackXDFinder: NSTACKX_Init:[146] :nstack ctrl creat epollfd 128
01-01 08:00:40.495 750 750 E sprdwl : sprdwl_rx_rsp_process ctx_id 0 recv rsp[WIFI_CMD_TX_DATA] status[SPRDWL_CMD_STATUS_ERROR]
06-25 14:28:36.493 2879 2893 I nStackXDFinder: InitDefaultInterfaceName:[779] :InitDefaultInterfaceName exec
06-25 14:28:36.494 2879 2893 D nStackXCoAP: CoapServerInit:[174] :CoapServerInit is called
06-25 14:28:36.495 2879 2893 E nStackXDFinder: GetLocalIp:[401] :GetLocalIp exec
06-25 14:28:36.495 2879 2893 E nStackXDFinder: GetLocalIp:[407] :GetLocalIp, ifInfo is null
06-25 14:28:36.495 2879 2879 D NearFieldUtils: to get wlan0 ip address
06-25 14:28:36.495 2879 2879 D NearFieldUtils: get wlan0 IP succeed.
06-25 14:28:36.495 2879 2879 I NearFieldManagerImpl: wlan Connected
06-25 14:28:36.496 2879 2893 I HicomNfMainCtrlManager: NSTACKX_RegisterDevice is called
06-25 14:28:36.496 2879 2893 D NearFieldManagerImpl: Register device success.
06-25 14:28:36.496 2879 2952 I nStackXDFinder: UpdateLocalNetworkInterface:[472] :UpdateLocalNetworkInterface exec,initerfaceName:wlan0
06-25 14:28:36.496 2879 2952 E nStackXDFinder: GetLocalIp:[401] :GetLocalIp exec
06-25 14:28:36.496 2879 2952 E nStackXDFinder: GetLocalIp:[407] :GetLocalIp, ifInfo is null
06-25 14:28:36.496 2879 2952 I nStackXDFinder: UpdateLocalNetworkInterface:[498] :UpdateLocalNetworkInterface copy ip value in default process
06-25 14:28:36.496 2879 2952 E nStackXDFinder: GetLocalIp:[401] :GetLocalIp exec
06-25 14:28:36.496 2879 2952 D nStackXCoAP: CoapServerInit:[174] :CoapServerInit is called
06-25 14:28:36.496 2879 2952 E nStackXDFinder: GetLocalIp:[401] :GetLocalIp exec
06-25 14:28:36.496 2879 2893 I NearFieldManagerImpl: serviceName is castPlus
06-25 14:28:36.496 2879 2893 D NearFieldManagerImpl: registerCapability() called with: capabilityBitmapNum = 1, capabilityBitmap = [8]
06-25 14:28:36.496 2879 2952 I nStackXUtil: BindToDevice:[352] :BindToDevice exec
06-25 14:28:36.497 2879 2952 I nStackXUtil: GetInterfaceByPriority:[279] :GetInterfaceByPriority exec
06-25 14:28:36.497 2879 2952 I nStackXUtil: GetInterfaceByDefault:[309] :GetInterfaceByDefault exec
06-25 14:28:36.497 2879 2952 I nStackXUtil: GetInterfaceByDefault:[316] :GetInterfaceByDefault, ndevice name: lo
06-25 14:28:36.497 2879 2952 I nStackXUtil: GetInterfaceByDefault:[316] :GetInterfaceByDefault, ndevice name: wlan0
06-25 14:28:36.497 2879 2893 I HicomNf_java_to_c: registerCapability, capabilityBitmapNum: 1
06-25 14:28:36.497 2879 2893 I HicomNfMainCtrlManager: RegisterCapability: 1, 8
06-25 14:28:36.497 2879 2893 D NearFieldManagerImpl: Register capability succeed with capabilityBitmapNum = 1, capabilityBitmap = [8]
06-25 14:28:36.497 2879 2893 D NearFieldManagerImpl: registerServiceData() called with: serviceData = 32
06-25 14:28:36.498 2879 2893 D NearFieldManagerImpl: registerModule() called with: packageModuleName = com.huawei.connection+CastPlusDiscoveryModule
06-25 14:28:36.498 2879 2893 I HicomNf_java_to_c: registerModule, moduleName: com.huawei.connection+CastPlusDiscoveryModule
06-25 14:28:36.498 2879 2893 I HicomNfMainCtrlManager: Enter RegisterModule
06-25 14:28:36.498 2879 2893 I HicomNfRegManager: RegisterModule OK, add module name com.huawei.connection+CastPlusDiscoveryModule
06-25 14:28:36.500 2621 2878 I Hisight-DeviceListManager: init DeviceListManager.
06-25 14:28:36.500 2879 2879 I HicomNf_java_to_c: notifyNetworkStateChanged with maskStr, networkType: 0, networkState: 0, mask:
06-25 14:28:36.500 2879 2879 I HicomNfMainCtrlManager: NotifyNetworkStateChanged is called with networkState: 0
06-25 14:28:36.501 2879 2879 I HicomNfMainCtrlManager: P2P and USB are both disconnected
06-25 14:28:36.501 2879 2879 I HicomNfSecureManager: stop listening
06-25 14:28:36.501 2879 2879 I HicomNfSecureManager: StopListening, m_sessionInfoLock out, before calling NSTACKX_DMsgClose 2
06-25 14:28:36.501 2879 2879 I HicomNfSecureManager: StopListening, after calling NSTACKX_DMsgClose 2
06-25 14:28:36.502 2879 2952 I nStackXUtil: BindToDevice:[374] :BindToDevice, Bind localAddr name: wlan0
06-25 14:28:36.502 2879 2952 E nStackXUtil: BindToDeviceInner:[188] :setsockopt fail, errno = 1
06-25 14:28:36.502 2879 2952 E nStackXCoAP: CoapGetContext:[250] :bind to device fail
06-25 14:28:36.502 2879 2952 D nStackXCoAP: CoapInitResources:[744] :CoapInitResources g_wlanOrEthContext update
06-25 14:28:36.502 2879 2952 I nStackXDFinder: RegisterServiceData:[728] :RegisterServiceData, serviceData=[32]
06-25 14:28:36.511 2621 2878 D Hisight-DeviceListManager: get old secret key
01-01 08:00:40.523 750 750 E sprdwl : sprdwl_rx_rsp_process ctx_id 0 recv rsp[WIFI_CMD_TX_DATA] status[SPRDWL_CMD_STATUS_ERROR]
06-25 14:28:36.528 2621 2878 E Hisight-ConnectAuthCallBack: readSecureFile failed, no such file
06-25 14:28:36.528 2621 2878 W Hisight-DeviceListManager: deviceRecords is empty
06-25 14:28:36.528 2621 2878 W Hisight-DeviceListManager: occur error, clear all the list
06-25 14:28:36.529 2621 2878 D Hisight-HiChainAuthControl: start HiChainAuthControl
01-01 08:00:40.551 750 750 E sprdwl : sprdwl_rx_rsp_process ctx_id 0 recv rsp[WIFI_CMD_TX_DATA] status[SPRDWL_CMD_STATUS_ERROR]
06-25 14:28:36.563 2621 2878 I ConnectAuthJNI: JNI_OnLoad begin load
06-25 14:28:36.564 2621 2878 I ConnectAuthJNI: RegisterNativeMethod begin
06-25 14:28:36.564 2621 2878 I ConnectAuthJNI: RegisterNativeMethod end
06-25 14:28:36.564 2621 2878 I ConnectAuthJNI: RegisterNativeMethod 1004 methodLen=10
06-25 14:28:36.564 2621 2878 I ConnectAuthJNI: RegisterNativeMethod 1007 RegisterNatives=0
06-25 14:28:36.564 2621 2878 I ConnectAuthJNI: InitArraylist 1013
06-25 14:28:36.564 2621 2878 I ConnectAuthJNI: InitConnectAuthStaticJNIMethod 1114 methodRet=0
06-25 14:28:36.564 2621 2878 E ConnectAuthJNI: JNI_OnLoad finish....1138
06-25 14:28:36.564 2621 2878 D Hisight-HiChainAuthControl: setupAuthIfNeeded, HiChainInstance hasn't been initialized
06-25 14:28:36.564 2621 2878 I ConnectAuthJNI: Java_com_huawei_hisight_security_ConnectAuthNative_nativeSetup 795 call HiChainNativeSetup
06-25 14:28:36.579 2621 2878 I ConnectAuthJNI: HiChainNativeSetup 565 registe_log
06-25 14:28:36.579 2621 2878 I ConnectAuthJNI: HksStorageRegisterFileCallbacks 245 register hks file callback status =0
06-25 14:28:36.579 2621 2878 I ConnectAuthJNI: HksRegisterGetDeviceIdCallback 268 register hks get hardware udid callback status =0
06-25 14:28:36.579 2621 2878 D ConnectAuthJNI: [HiChain] get_instance Begin get instance
06-25 14:28:36.579 2621 2878 I ConnectAuthJNI: [HKS] hks_service_key_info_init hks init : begin
06-25 14:28:36.580 2621 2878 I ConnectAuthJNI: FileRead 113 FileRead
06-25 14:28:36.580 2621 2878 I ConnectAuthJNI: FileRead 122 FileRead call readSecureFile begin
06-25 14:28:36.580 2621 2878 E Hisight-ConnectAuthCallBack: readSecureFile failed, no such file
06-25 14:28:36.580 2621 2878 W ConnectAuthJNI: FileRead 132 FileRead call readSecureFile byteArray is null
06-25 14:28:36.594 2621 2878 I ConnectAuthJNI: [HKS] hks_rkc_init RKC init:begin, is_key_info_exist=0
06-25 14:28:36.594 2621 2878 I ConnectAuthJNI: [HKS] hks_rkc_init_entropy the entropy is empty
06-25 14:28:36.594 2621 2878 I ConnectAuthJNI: FileSize 214 FileSize
06-25 14:28:36.599 2621 2878 I ConnectAuthJNI: FileSize 230 fileSize=258
06-25 14:28:36.599 2621 2878 I ConnectAuthJNI: FileRead 113 FileRead
06-25 14:28:36.599 2621 2878 I ConnectAuthJNI: FileRead 122 FileRead call readSecureFile begin
06-25 14:28:36.606 2621 2878 I ConnectAuthJNI: FileRead 135 FileRead call readSecureFile end
06-25 14:28:36.606 2621 2878 I ConnectAuthJNI: FileRead 150 fileBuff size 258, buf len 258
06-25 14:28:36.606 2621 2878 I ConnectAuthJNI: FileSize 214 FileSize
06-25 14:28:36.606 2621 2878 I ConnectAuthJNI: FileSize 230 fileSize=258
06-25 14:28:36.606 2621 2878 I ConnectAuthJNI: FileRead 113 FileRead
06-25 14:28:36.606 2621 2878 I ConnectAuthJNI: FileRead 122 FileRead call readSecureFile begin
06-25 14:28:36.607 2621 2878 I ConnectAuthJNI: FileRead 135 FileRead call readSecureFile end
06-25 14:28:36.607 2621 2878 I ConnectAuthJNI: FileRead 150 fileBuff size 258, buf len 258
06-25 14:28:36.607 2621 2878 I ConnectAuthJNI: [HKS] hks_rkc_load_ksf load ksf success
06-25 14:28:36.607 2621 2878 I ConnectAuthJNI: [HKS] hks_rkc_init root key component init success
06-25 14:28:36.607 2621 2878 I ConnectAuthJNI: [HKS] hks_rkc_init RKC init:end,rc=0
06-25 14:28:36.607 2621 2878 I ConnectAuthJNI: [HKS] hks_service_key_info_init hks init : end
06-25 14:28:36.607 2621 2878 I ConnectAuthJNI: GetHiChainProtocolParamsCallback 371 GetHiChainProtocolParamsCallback operation_code= 99
06-25 14:28:36.607 2621 2878 I ConnectAuthJNI: paramLen is ,=0
06-25 14:28:36.607 2621 2878 I ConnectAuthJNI: paramLen is ,=0
06-25 14:28:36.607 2621 2878 I ConnectAuthJNI: GetHiChainProtocolParamsCallback 402 GetHiChainProtocolParamsCallback end
06-25 14:28:36.607 2621 2878 I ConnectAuthJNI: [HiChain] get_instance Get instance success
06-25 14:28:36.607 2621 2878 I ConnectAuthJNI: Java_com_huawei_hisight_security_ConnectAuthNative_nativeGetHiChainInstance 598 get instance success
06-25 14:28:36.607 2621 2878 D Hisight-HiChainAuthControl: destroyAuth
06-25 14:28:36.607 2621 2878 I ConnectAuthJNI: Java_com_huawei_hisight_security_ConnectAuthNative_nativeDestroy 603 destroy
06-25 14:28:36.607 2621 2878 D Hisight-HiChainAuthControl: setupAuthIfNeeded, HiChainInstance hasn't been initialized
06-25 14:28:36.607 2621 2878 I ConnectAuthJNI: Java_com_huawei_hisight_security_ConnectAuthNative_nativeSetup 795 call HiChainNativeSetup
06-25 14:28:36.607 2621 2878 I ConnectAuthJNI: HiChainNativeSetup 565 registe_log
06-25 14:28:36.608 2621 2878 I ConnectAuthJNI: HksStorageRegisterFileCallbacks 245 register hks file callback status =0
06-25 14:28:36.608 2621 2878 I ConnectAuthJNI: HksRegisterGetDeviceIdCallback 268 register hks get hardware udid callback status =0
06-25 14:28:36.608 2621 2878 D ConnectAuthJNI: [HiChain] get_instance Begin get instance
06-25 14:28:36.608 2621 2878 I ConnectAuthJNI: [HKS] hks_service_key_info_init hks init : begin
06-25 14:28:36.608 2621 2878 I ConnectAuthJNI: [HKS] hks_service_key_info_init hks init : end
06-25 14:28:36.608 2621 2878 I ConnectAuthJNI: GetHiChainProtocolParamsCallback 371 GetHiChainProtocolParamsCallback operation_code= 99
06-25 14:28:36.608 2621 2878 I ConnectAuthJNI: paramLen is ,=0
06-25 14:28:36.608 2621 2878 I ConnectAuthJNI: paramLen is ,=0
06-25 14:28:36.608 2621 2878 I ConnectAuthJNI: GetHiChainProtocolParamsCallback 402 GetHiChainProtocolParamsCallback end
06-25 14:28:36.608 2621 2878 I ConnectAuthJNI: [HiChain] get_instance Get instance success
06-25 14:28:36.608 2621 2878 I ConnectAuthJNI: Java_com_huawei_hisight_security_ConnectAuthNative_nativeGetHiChainInstance 598 get instance success
06-25 14:28:36.608 2621 2878 W ConnectAuthJNI: GetListTrustPeers 899 trustPeerSize=0
06-25 14:28:36.608 2621 2878 D Hisight-HiChainAuthControl: destroyAuth
06-25 14:28:36.608 2621 2878 I ConnectAuthJNI: Java_com_huawei_hisight_security_ConnectAuthNative_nativeDestroy 603 destroy
06-25 14:28:36.608 2621 2878 D Hisight-HiChainAuthControl: setupAuthIfNeeded, HiChainInstance hasn't been initialized
06-25 14:28:36.608 2621 2878 I ConnectAuthJNI: Java_com_huawei_hisight_security_ConnectAuthNative_nativeSetup 795 call HiChainNativeSetup
06-25 14:28:36.608 2621 2878 I ConnectAuthJNI: HiChainNativeSetup 565 registe_log
06-25 14:28:36.608 2621 2878 I ConnectAuthJNI: HksStorageRegisterFileCallbacks 245 register hks file callback status =0
06-25 14:28:36.608 2621 2878 I ConnectAuthJNI: HksRegisterGetDeviceIdCallback 268 register hks get hardware udid callback status =0
06-25 14:28:36.608 2621 2878 D ConnectAuthJNI: [HiChain] get_instance Begin get instance
06-25 14:28:36.608 2621 2878 I ConnectAuthJNI: [HKS] hks_service_key_info_init hks init : begin
06-25 14:28:36.608 2621 2878 I ConnectAuthJNI: [HKS] hks_service_key_info_init hks init : end
06-25 14:28:36.608 2621 2878 I ConnectAuthJNI: GetHiChainProtocolParamsCallback 371 GetHiChainProtocolParamsCallback operation_code= 99
06-25 14:28:36.608 2621 2878 I ConnectAuthJNI: paramLen is ,=0
06-25 14:28:36.608 2621 2878 I ConnectAuthJNI: paramLen is ,=0
06-25 14:28:36.608 2621 2878 I ConnectAuthJNI: GetHiChainProtocolParamsCallback 402 GetHiChainProtocolParamsCallback end
06-25 14:28:36.608 2621 2878 I ConnectAuthJNI: [HiChain] get_instance Get instance success
06-25 14:28:36.608 2621 2878 I ConnectAuthJNI: Java_com_huawei_hisight_security_ConnectAuthNative_nativeGetHiChainInstance 598 get instance success
06-25 14:28:36.608 2621 2878 W ConnectAuthJNI: GetListTrustPeers 899 trustPeerSize=0
06-25 14:28:36.609 2621 2878 D Hisight-DeviceListManager: init trusted list size: 0
06-25 14:28:36.609 2621 2878 D HiSight-ConnectionManager: setAuthInfo, authMode: 1
06-25 14:28:36.610 2879 2879 I HicomNf_java_to_c: notifyNetworkStateChanged with maskStr, networkType: 0, networkState: 1, mask: 255.255.254.0
06-25 14:28:36.610 2879 2879 I HicomNfMainCtrlManager: NotifyNetworkStateChanged is called with networkState: 1
06-25 14:28:36.610 2879 2879 I HicomNfSecureManager: StartListening, before calling NSTACKX_DMsgServer
06-25 14:28:36.610 2879 2879 I nStackXDMsg: NSTACKX_DMsgServer:[1335] :msgReceiver is not NULL
06-25 14:28:36.611 2879 2879 D nStackXDMsg: StartDMsgMainThread:[1274] :pthread_create
06-25 14:28:36.611 2879 2879 I HicomNfSecureManager: StartListening, after calling NSTACKX_DMsgServer
06-25 14:28:36.611 2879 2879 I HicomNfSecureManager: OnehopSecureCtrlManager: succeeded to StartListening with type 0
06-25 14:28:36.612 2879 2944 W efs.info.manager: network change: wifi
06-25 14:28:36.780 2621 2621 I pool-5-thread-1: type=1400 audit(0.0:1215): avc: denied { read } for name="td_database99SaaS" dev="mmcblk0p25" ino=2048 scontext=u:r:platform_app:s0:c512,c768 tcontext=u:object_r:app_data_file:s0:c512,c768 tclass=dir permissive=1 app=com.dangbei.screencast
06-25 14:28:36.780 2621 2621 I pool-5-thread-1: type=1400 audit(0.0:1216): avc: denied { open } for path="/data/user/0/com.dangbei.screencast/files/__database_reborn_January_one__/td_database99SaaS" dev="mmcblk0p25" ino=2048 scontext=u:r:platform_app:s0:c512,c768 tcontext=u:object_r:app_data_file:s0:c512,c768 tclass=dir permissive=1 app=com.dangbei.screencast
06-25 14:28:36.887 2621 2716 E raop : JavaCallback init
06-25 14:28:37.060 2621 2621 I ModuleDataForwa: type=1400 audit(0.0:1217): avc: denied { remove_name } for name="TD_IP_CACHE.xml" dev="mmcblk0p25" ino=37668 scontext=u:r:platform_app:s0:c512,c768 tcontext=u:object_r:app_data_file:s0:c512,c768 tclass=dir permissive=1 app=com.dangbei.screencast
06-25 14:28:37.060 2621 2621 I ModuleDataForwa: type=1400 audit(0.0:1218): avc: denied { rename } for name="TD_IP_CACHE.xml" dev="mmcblk0p25" ino=37668 scontext=u:r:platform_app:s0:c512,c768 tcontext=u:object_r:app_data_file:s0:c512,c768 tclass=file permissive=1 app=com.dangbei.screencast
06-25 14:28:37.060 2621 2621 I ModuleDataForwa: type=1400 audit(0.0:1219): avc: denied { setattr } for name="TD_IP_CACHE.xml" dev="mmcblk0p25" ino=37848 scontext=u:r:platform_app:s0:c512,c768 tcontext=u:object_r:app_data_file:s0:c512,c768 tclass=file permissive=1 app=com.dangbei.screencast
06-25 14:28:37.296 479 524 W IorapForwardingService: No service published for: iorapd
01-01 08:00:41.372 750 750 E sprdwl : sprdwl_rx_rsp_process ctx_id 0 recv rsp[WIFI_CMD_TX_DATA] status[SPRDWL_CMD_STATUS_ERROR]
01-01 08:00:41.413 750 750 E sprdwl : sprdwl_rx_rsp_process ctx_id 0 recv rsp[WIFI_CMD_TX_DATA] status[SPRDWL_CMD_STATUS_ERROR]
06-25 14:28:37.497 367 367 D dom2reg : timezone change, new: Etc/GMT-8, pre:
06-25 14:28:37.497 367 367 W dom2reg : timezone [Etc/GMT-8] not in default tables, please check!
06-25 14:28:38.077 479 479 W NotificationHistory: Attempted to add notif for locked/gone/disabled user 0
06-25 14:28:38.080 680 680 V TvNotificationHandler: Notification not added because it isn't relevant for tv
06-25 14:28:38.093 657 657 E WifiHAL : wifi_get_link_stats: requestResponse Error:-5
06-25 14:28:38.094 479 611 E WifiVendorHal: getWifiLinkLayerStats_1_5_Internal(l.1191) failed {.code = ERROR_INVALID_ARGS, .description = }
06-25 14:28:38.298 479 524 W IorapForwardingService: No service published for: iorapd
01-01 08:00:42.395 750 750 E sprdwl : sprdwl_rx_rsp_process ctx_id 0 recv rsp[WIFI_CMD_TX_DATA] status[SPRDWL_CMD_STATUS_ERROR]
06-25 14:28:38.428 2985 2985 I Thread-2: type=1400 audit(0.0:1221): avc: denied { execute } for name="am" dev="dm-1" ino=1160 scontext=u:r:system_app:s0 tcontext=u:object_r:vendor_file:s0 tclass=file permissive=1
06-25 14:28:38.428 2985 2985 I Thread-2: type=1400 audit(0.0:1222): avc: denied { read open } for path="/vendor/xbin/am" dev="dm-1" ino=1160 scontext=u:r:system_app:s0 tcontext=u:object_r:vendor_file:s0 tclass=file permissive=1
06-25 14:28:38.432 2985 2985 I Thread-2: type=1400 audit(0.0:1223): avc: denied { execute_no_trans } for path="/vendor/xbin/am" dev="dm-1" ino=1160 scontext=u:r:system_app:s0 tcontext=u:object_r:vendor_file:s0 tclass=file permissive=1
06-25 14:28:38.440 2089 2089 I rainbow_flow: type=1400 audit(0.0:1224): avc: denied { ioctl } for path="/dev/spidev1.0" dev="tmpfs" ino=7243 ioctlcmd=0x6b00 scontext=u:r:init:s0 tcontext=u:object_r:device:s0 tclass=chr_file permissive=1
06-25 14:28:38.495 1179 1179 D bbb : onStartCommand begin !!!!!!! data分区剩余 23360MB
06-25 14:28:38.499 1125 1125 D aaa : LedStatusService onStartCommand begin
06-25 14:28:38.501 1125 2993 D aaa : topPkg is -------------- :com.dangbei.leard.leradlauncher
06-25 14:28:38.504 269 269 I EventThread: type=1400 audit(0.0:1225): avc: denied { search } for name="extcon" dev="sysfs" ino=18109 scontext=u:r:hal_tv_cec_default:s0 tcontext=u:object_r:sysfs_extcon:s0 tclass=dir permissive=1
06-25 14:28:38.510 1125 2993 D aaa : WiFi is connect
06-25 14:28:38.542 2433 2487 D UtilLog : 日志批量上报 进行正常循环 !!!!!!本次有0次请求,共0条数据
06-25 14:28:38.889 1058 2874 E dangbei111: cccccc 检查遥控器是否连接: Dangbei E4:BB:D3:57:C0:18
06-25 14:28:38.892 1058 2874 E dangbei111: cccccc 检查遥控器是否连接: 蓝牙的结果 Dangbei E4:BB:D3:57:C0:18 false
06-25 14:28:38.893 1058 2874 E dangbei111: cccccc input中没有遥控器存在
06-25 14:28:38.893 1058 2874 E dangbei111: cccccc 蓝牙状态连接 不是连接状态 啥都不干
06-25 14:28:38.894 1058 2874 E dangbei111: cccccc 蓝牙状态连接 配对状态 尝试connect
06-25 14:28:38.895 1058 2874 D BluetoothGatt: cancelOpen() - device: E4:BB:D3:57:C0:18
06-25 14:28:38.896 666 987 E bt_stack: [ERROR:bta_gattc_act.cc(298)] No such connection need to be cancelled
06-25 14:28:38.897 666 987 I bt_stack: [INFO:gatt_api.cc(1231)] GATT_CancelConnect: gatt_if:5, address: e4:bb:d3:57:c0:18, direct:0
06-25 14:28:38.897 1058 2874 D BluetoothGatt: close()
06-25 14:28:38.897 1058 2874 D BluetoothGatt: unregisterApp() - mClientIf=5
06-25 14:28:38.898 666 987 I bt_stack: [INFO:gatt_api.cc(1042)] GATT_Deregister gatt_if=5
06-25 14:28:38.899 1058 2874 D BluetoothGatt: connect() - device: E4:BB:D3:57:C0:18, auto: true
06-25 14:28:38.899 1058 2874 D BluetoothGatt: registerApp()
06-25 14:28:38.899 1058 2874 D BluetoothGatt: registerApp() - UUID=71dfd92c-9668-4a36-accc-7435ae837f25
06-25 14:28:38.903 666 987 I bluetooth: system/bt/stack/gatt/gatt_api.cc:1019 GATT_Register: Allocated name:GattClient uuid:dd84966f-2b0f-038b-79b7-3d5742990d0a gatt_if:5 eatt_support:0
06-25 14:28:38.903 1058 1092 D BluetoothGatt: onClientRegistered() - status=0 clientIf=5
06-25 14:28:38.904 1058 2874 E dangbei111 : cccccc 开启检查任务
06-25 14:28:38.906 666 864 I bt_btif_config: system/bt/btif/src/btif_config.cc:137 btif_get_device_type: Device [e4:bb:d3:57:c0:18] device type 2
06-25 14:28:38.908 1058 2874 E dangbei111: cccccc 开始扫描
06-25 14:28:38.908 1058 2874 D BluetoothAdapter: isLeEnabled(): ON
06-25 14:28:38.947 2621 2996 I PlatformDependent: Your platform does not provide complete low-level API for accessing direct buffers reliably. Unless explicitly requested, heap buffer will always be preferred to avoid potential system instability.
06-25 14:28:38.962 2433 2536 D UtilLog : 日志批量上报 进行正常循环 !!!!!!本次有0次请求,共0条数据
06-25 14:28:38.977 2621 2716 W VideoCapabilities: Unrecognized profile/level 0/3 for video/mpeg2
06-25 14:28:38.995 479 621 D NsdService: Register service
06-25 14:28:38.995 479 621 D NsdService: registerService: 3 name: 当贝投屏H9, type: _airplay._tcp, host: null, port: 42653, txtRecord: srcvers=220.68features=0x527FFFF7,0x1E'pi=2e388006-13ba-4041-9a67-25dd4a43d536Cpk=b07727d6f6cd6e08b58ede525ec3cdeaa252ad9f683feb212ef8a205246554e7vv=2 flags=0x4model=AppleTV2,1deviceid=b4:2f:03:15:e8:b9
06-25 14:28:38.995 479 621 D NsdService: mdnssd [register, 3, 当贝投屏H9, _airplay._tcp, 42653, DnNyY3ZlcnM9MjIwLjY4GGZlYXR1cmVzPTB4NTI3RkZGRjcsMHgxRSdwaT0yZTM4ODAwNi0xM2JhLTQwNDEtOWE2Ny0yNWRkNGE0M2Q1MzZDcGs9YjA3NzI3ZDZmNmNkNmUwOGI1OGVkZTUyNWVjM2NkZWFhMjUyYWQ5ZjY4M2ZlYjIxMmVmOGEyMDUyNDY1NTRlNwR2dj0yCWZsYWdzPTB4NBBtb2RlbD1BcHBsZVRWMiwxGmRldmljZWlkPWI0OjJmOjAzOjE1OmU4OmI5]
06-25 14:28:38.999 479 621 D NsdService: Register 2 3
06-25 14:28:39.006 479 621 D NsdService: Register service
06-25 14:28:39.007 479 621 D NsdService: registerService: 4 name: b42f0315e8b9@当贝投屏H9, type: _raop._tcp, host: null, port: 46597, txtRecord: txtvers=1 am=AppleTV2,1ch=2
06-25 14:28:39.007 479 621 D NsdService: cn=0,1,2,3da=trueet=0,3,5ft=0x527FFFF7,0x1Emd=0,1,2Cpk=b07727d6f6cd6e08b58ede525ec3cdeaa252ad9f683feb212ef8a205246554e7pw=falsesf=0x4sr=44100ss=16sv=falsetp=UDPvn=65537 vs=220.68vv=2 rhd=5.6.0.0
06-25 14:28:39.007 479 621 D NsdService: mdnssd [register, 4, b42f0315e8b9@当贝投屏H9, _raop._tcp, 46597, CXR4dHZlcnM9MQ1hbT1BcHBsZVRWMiwxBGNoPTIKY249MCwxLDIsMwdkYT10cnVlCGV0PTAsMyw1EmZ0PTB4NTI3RkZGRjcsMHgxRQhtZD0wLDEsMkNwaz1iMDc3MjdkNmY2Y2Q2ZTA4YjU4ZWRlNTI1ZWMzY2RlYWEyNTJhZDlmNjgzZmViMjEyZWY4YTIwNTI0NjU1NGU3CHB3PWZhbHNlBnNmPTB4NAhzcj00NDEwMAVzcz0xNghzdj1mYWxzZQZ0cD1VRFAIdm49NjU1MzcJdnM9MjIwLjY4BHZ2PTILcmhkPTUuNi4wLjA=]
06-25 14:28:39.010 479 621 D NsdService: Register 3 4
01-01 08:00:43.067 124 124 I : hdmi_hpd_sys_config_release
06-25 14:28:39.178 479 756 D SntpClient: request time failed: java.net.SocketTimeoutException: Poll timed out
06-25 14:28:39.300 479 524 W IorapForwardingService: No service published for: iorapd
06-25 14:28:39.419 479 621 D NsdService: Register service
06-25 14:28:39.419 479 621 D NsdService: registerService: 5 name: 当贝投屏H9, type: _db_cast_screen._tcp, host: null, port: 38833, txtRecord: au=1cV=20830mV=100h265=0maxR=4096-3152model=DBBOX-A2deviceid=20:02:FE:19:C2:0E
06-25 14:28:39.419 479 621 D NsdService: mdnssd [register, 5, 当贝投屏H9, _db_cast_screen._tcp, 38833, BGF1PTEIY1Y9MjA4MzAGbVY9MTAwBmgyNjU9MA5tYXhSPTQwOTYtMzE1Mg5tb2RlbD1EQkJPWC1BMhpkZXZpY2VpZD0yMDowMjpGRToxOTpDMjowRQ==]
06-25 14:28:39.420 479 621 D NsdService: Register 4 5
06-25 14:28:39.497 367 367 D dom2reg : timezone change, new: Etc/GMT-8, pre:
06-25 14:28:39.498 367 367 W dom2reg : timezone [Etc/GMT-8] not in default tables, please check!
06-25 14:28:39.795 479 621 D NsdService: Native daemon message SERVICE_REGISTERED: 606 4 "b42f0315e8b9@当贝投屏H9"
06-25 14:28:39.796 479 621 D NsdService: Native daemon message SERVICE_REGISTERED: 606 3 "当贝投屏H9"
06-25 14:28:39.906 2621 2736 E accept : myIp:192.168.3.161
06-25 14:28:39.908 2621 2736 E accept : connect error
06-25 14:28:39.913 2621 2736 I UpnpServiceImpl: >>> Starting UPnP service...
06-25 14:28:39.913 2621 2736 I UpnpServiceImpl: Using configuration: org.fourthline.cling.android.AndroidUpnpServiceConfiguration
06-25 14:28:39.915 2621 2736 I Router : Creating Router: org.fourthline.cling.android.AndroidRouter
06-25 14:28:39.917 2621 2736 W Router : enable lock:org.fourthline.cling.android.AndroidRouter@2861fa1_java.util.concurrent.locks.ReentrantReadWriteLock$WriteLock@844b5c6[Unlocked]
06-25 14:28:39.928 2621 2736 W tworkAddressFactoryImpl: Network interface may not be multicast capable: dummy0
06-25 14:28:39.931 2621 2736 I MulticastReceiver: Creating wildcard socket (for receiving multicast datagrams) on port: 1900
06-25 14:28:39.932 2621 2736 I MulticastReceiver: Joining multicast group: /239.255.255.250:1900 on network interface: wlan0
06-25 14:28:39.948 2621 2736 E accept : Adding connector try: 192.168.3.161/192.168.3.161:33915
06-25 14:28:39.951 2621 2736 E accept : Adding connector result: 192.168.3.161/192.168.3.161:33915
06-25 14:28:40.045 2621 2736 I JettyServletContainer: Registering UPnP servlet under context path: /upnp
06-25 14:28:40.049 2621 2736 I DatagramIO: Creating bound socket (for datagram input/output) on: 192.168.3.161/192.168.3.161
06-25 14:28:40.050 2621 3007 E JettyServletContainer: gogogo
06-25 14:28:40.051 2621 3007 I JettyServletContainer: Starting Jetty server...
06-25 14:28:40.052 2621 3007 W System.err: 2025-06-25 14:28:40.051:INFO:lcaf.p:jetty-8.y.z-SNAPSHOT
06-25 14:28:40.055 2621 2736 I Router : WiFi multicast lock acquired
06-25 14:28:40.056 479 582 I WifiService: acquireMulticastLock uid=10013
06-25 14:28:40.057 2621 2736 I Router : WiFi lock acquired
06-25 14:28:40.058 479 582 I WifiService: acquireWifiLock uid=10013 lockMode=3
06-25 14:28:40.063 2621 2736 W Router : enable unlock:org.fourthline.cling.android.AndroidRouter@2861fa1
06-25 14:28:40.063 2621 2736 I UpnpServiceImpl: <<< UPnP service started successfully
06-25 14:28:40.099 479 621 D NsdService: Native daemon message SERVICE_REGISTERED: 606 5 "当贝投屏H9"
06-25 14:28:40.108 2621 3007 W System.err: 2025-06-25 14:28:40.107:INFO:lcaf.a:Started @192.168.3.161:33915
06-25 14:28:40.144 2621 2736 E g : channel :os
06-25 14:28:40.302 479 524 W IorapForwardingService: No service published for: iorapd
06-25 14:28:40.748 2621 2621 I efs-base: type=1400 audit(0.0:1226): avc: denied { rmdir } for name="3327" dev="mmcblk0p25" ino=37717 scontext=u:r:platform_app:s0:c512,c768 tcontext=u:object_r:app_data_file:s0:c512,c768 tclass=dir permissive=1 app=com.dangbei.screencast
06-25 14:28:40.758 2621 2707 I efs.base: lt=event`ev_ct=efs_core`ev_ac=log_lag`tm=2025-06-25 14:28:75`dn=884562d0-54da-4cce-9d74-00e5c75509d9`ps=com.dangbei.screencast`um_os=android`stime=1750832910346`pid=2621`fr=android`pkg=com.dangbei.screencast`vcode=20830`dsp_w=1920`uid=884562d0-54da-4cce-9d74-00e5c75509d9`rom=12`wid=884562d0-54da-4cce-9d74-00e5c75509d9`um_app_carrier=`um_access=wifi`um_app_channel=os`um_crash_sdk_version=1.4.0`ctime=1750832920`model=dbbox-a2`lang=zh`net=wifi`brand=dangbei`dsp_h=1080`um_network_type=0`ver=v2.8.3`cnt=3`build_model=DBBOX-A2`w_tm=1750832920`appid=5fc60c21094d637f3130af19`um_umid_header=ai1cc720f47734fc58e671cdbea6807313`sdk=31`tzone=Etc/GMT-8`sdk_ver=1.3.6.umeng
06-25 14:28:40.945 2621 2707 I efs.base: wa upload succ, HttpResponse {succ=true, code=200, data='暂不支持该服务', extra={req_url=https://errlog.umeng.com/api/crashsdk/logcollect}}
06-25 14:28:40.946 479 479 W NotificationHistory: Attempted to add notif for locked/gone/disabled user 0
06-25 14:28:40.949 680 680 V TvNotificationHandler: Notification not added because it isn't relevant for tv
06-25 14:28:41.103 657 657 E WifiHAL : wifi_get_link_stats: requestResponse Error:-5
06-25 14:28:41.104 479 611 E WifiVendorHal: getWifiLinkLayerStats_1_5_Internal(l.1191) failed {.code = ERROR_INVALID_ARGS, .description = }
06-25 14:28:41.304 479 524 W IorapForwardingService: No service published for: iorapd
06-25 14:28:41.346 479 524 D CompatibilityChangeReporter: Compat change id reported: 168419799; UID 10075; state: DISABLED
06-25 14:28:41.457 479 582 W TelephonyPermissions: reportAccessDeniedToReadIdentifiers:com.dangbei.screencast:getSerial:-1
06-25 14:28:41.498 367 367 D dom2reg : timezone change, new: Etc/GMT-8, pre:
06-25 14:28:41.498 367 367 W dom2reg : timezone [Etc/GMT-8] not in default tables, please check!
06-25 14:28:41.593 2879 2946 V NFC : this device does not have NFC support
06-25 14:28:41.953 2621 2706 I efs.base: wa upload succ, HttpResponse {succ=true, code=200, data='暂不支持该服务', extra={req_url=https://errlog.umeng.com/api/crashsdk/logcollect}}
06-25 14:28:42.306 479 524 W IorapForwardingService: No service published for: iorapd
06-25 14:28:43.308 479 524 W IorapForwardingService: No service published for: iorapd
06-25 14:28:43.498 367 367 D dom2reg : timezone change, new: Etc/GMT-8, pre:
06-25 14:28:43.498 367 367 W dom2reg : timezone [Etc/GMT-8] not in default tables, please check!
06-25 14:28:43.907 1058 2997 E dangbei111: cccccc 检查遥控器是否连接: Dangbei E4:BB:D3:57:C0:18
06-25 14:28:43.909 1058 2997 E dangbei111: cccccc 检查遥控器是否连接: 蓝牙的结果 Dangbei E4:BB:D3:57:C0:18 false
06-25 14:28:43.909 1058 2997 E dangbei111: cccccc input中没有遥控器存在
06-25 14:28:43.909 1058 2997 E dangbei111: cccccc 蓝牙状态连接 不是连接状态 啥都不干
06-25 14:28:43.909 1058 2997 E dangbei111: cccccc 蓝牙状态连接 配对状态 尝试connect
06-25 14:28:43.910 1058 2997 D BluetoothGatt: cancelOpen() - device: E4:BB:D3:57:C0:18
06-25 14:28:43.911 666 987 E bt_stack: [ERROR:bta_gattc_act.cc(298)] No such connection need to be cancelled
06-25 14:28:43.911 666 987 I bt_stack: [INFO:gatt_api.cc(1231)] GATT_CancelConnect: gatt_if:5, address: e4:bb:d3:57:c0:18, direct:0
06-25 14:28:43.911 1058 2997 D BluetoothGatt: close()
06-25 14:28:43.911 1058 2997 D BluetoothGatt: unregisterApp() - mClientIf=5
06-25 14:28:43.911 666 987 I bt_stack: [INFO:gatt_api.cc(1042)] GATT_Deregister gatt_if=5
06-25 14:28:43.912 1058 2997 D BluetoothGatt: connect() - device: E4:BB:D3:57:C0:18, auto: true
