01-01 08:00:08.498 248 248 I netd : Setting up FirewallController hooks: 55us
01-01 08:00:08.499 264 264 I android.hardware.health@2.1-service: default instance initializing with healthd_config...
01-01 08:00:08.503 264 264 W healthd : No battery devices found
01-01 08:00:08.503 258 258 E cutils-trace: Error opening trace file: No such file or directory (2)
01-01 08:00:08.506 264 264 I HidlServiceManagement: Registered android.hardware.health@2.1::IHealth/default
01-01 08:00:08.513 264 264 I HidlServiceManagement: Removing namespace from process name android.hardware.health@2.1-service to health@2.1-service.
01-01 08:00:08.513 267 267 I android.hardware.lights-service: Light Hal current version V2.0.0
01-01 08:00:08.514 267 267 D lights_device: success open disp device type=0.
01-01 08:00:08.514 264 264 I android.hardware.health@2.1-service: default: Hal init done
01-01 08:00:08.516 248 248 I netd : Setting up TetherController hooks: 18306us
01-01 08:00:08.521 248 248 I netd : Setting up BandwidthController hooks: 5449us
01-01 08:00:08.522 248 248 I netd : Setting up IdletimerController hooks: 268us
01-01 08:00:08.528 264 264 W healthd : battery none chg=
01-01 08:00:08.532 184 184 I servicemanager: Found android.hardware.light.ILights/default in device VINTF manifest.
01-01 08:00:08.540 258 258 D Module_SUNXI: hardware/aw/gatekeeper/teeGateKeeper/module_sunxi.cpp 34, trusty_gatekeeper_open
01-01 08:00:08.541 258 258 V SUNXI_TrustyGateKeeper: Gatekeeper_Initialize
01-01 08:00:08.541 213 213 D tee_supplicant: Spawning a new thread
01-01 08:00:08.544 213 213 D tee_supplicant: failed to open the ta /vendor/lib/optee_armtz/2233b43b-cec6-449a-9509-469f5023e425.ta TA-file
01-01 08:00:08.545 213 213 D tee_supplicant: looping
01-01 08:00:08.549 248 248 I netd : Setting up StrictController hooks: 27430us
01-01 08:00:08.550 248 248 I netd : Initializing ClatdController: 228us
01-01 08:00:08.552 248 248 I netd : Initializing traffic control: 2025us
01-01 08:00:08.552 213 213 D tee_supplicant: looping
01-01 08:00:08.552 213 213 D tee_supplicant: failed to open the ta /vendor/lib/optee_armtz/2233b43b-cec6-449a-9509-469f5023e425.ta TA-file
01-01 08:00:08.559 213 213 D tee_supplicant: looping
01-01 08:00:08.567 270 270 E android.hardware.usb.gadget@1.1-service.aw: configfs setup not done yet
01-01 08:00:08.566 268 268 I AW_PowerHAL: AW Power HAL AIDL Service is starting.
01-01 08:00:08.569 270 270 E cutils-trace: Error opening trace file: No such file or directory (2)
01-01 08:00:08.571 213 275 D tee_supplicant: looping
01-01 08:00:08.575 268 268 I AW_PowerHAL: PowerHAL initiated
01-01 08:00:08.580 184 184 I servicemanager: Found android.hardware.power.IPower/default in device VINTF manifest.
01-01 08:00:08.589 270 270 I HidlServiceManagement: Registered android.hardware.usb@1.0::IUsb/default
01-01 08:00:08.589 270 270 I HidlServiceManagement: Removing namespace from process name android.hardware.usb@1.0-service.aw to usb@1.0-service.aw.
01-01 08:00:08.598 1 1 I init : starting service 'pqd'...
01-01 08:00:08.594 184 184 I servicemanager: Found android.hardware.rebootescrow.IRebootEscrow/default in device VINTF manifest.
01-01 08:00:08.596 257 257 E cutils-trace: Error opening trace file: No such file or directory (2)
01-01 08:00:08.605 1 1 I init : Command 'class_start core' action=boot (/system/etc/init/hw/init.rc:1087) took 108ms and succeeded
01-01 08:00:08.605 1 1 I init : processing action (persist.sys.usb.config=* && boot) from (/system/etc/init/hw/init.usb.rc:108)
01-01 08:00:08.605 1 1 I init : processing action (boot) from (/vendor/etc/init/hw/init.sun50iw9p1.rc:62)
01-01 08:00:08.600 168 168 I init : type=1400 audit(0.0:14): avc: denied { add_name } for name="runtime_enable" scontext=u:r:vendor_init:s0 tcontext=u:object_r:sysfs_disp:s0 tclass=dir permissive=1
01-01 08:00:08.600 168 168 I init : type=1400 audit(0.0:15): avc: denied { create } for name="runtime_enable" scontext=u:r:vendor_init:s0 tcontext=u:object_r:sysfs_disp:s0 tclass=file permissive=1
01-01 08:00:08.608 1 1 I init : processing action (boot) from (/vendor/etc/init/hw/init.sun50iw9p1.rc:92)
01-01 08:00:08.606 269 269 E cutils-trace: Error opening trace file: No such file or directory (2)
01-01 08:00:08.607 270 270 I HidlServiceManagement: Registered android.hardware.usb.gadget@1.1::IUsbGadget/default
01-01 08:00:08.607 270 270 I android.hardware.usb@1.0-service: USB HAL Ready.
01-01 08:00:08.609 257 257 I HidlServiceManagement: Registered android.hardware.cas@1.2::IMediaCasService/default
01-01 08:00:08.610 257 257 I HidlServiceManagement: Removing namespace from process name android.hardware.cas@1.2-service to cas@1.2-service.
01-01 08:00:08.617 1 1 I init : processing action (boot) from (/vendor/etc/init/hw/init.ram.rc:1)
01-01 08:00:08.618 1 1 I init : processing action (boot) from (/vendor/etc/init/hw/init.sun50iw9p1.usb.rc:1)
01-01 08:00:08.618 1 1 I init : Command 'mount configfs none /config' action=boot (/vendor/etc/init/hw/init.sun50iw9p1.usb.rc:2) took 0ms and failed: mount() failed: Device or resource busy
01-01 08:00:08.616 248 248 I netd : Enabling bandwidth control: 64379us
01-01 08:00:08.620 248 248 I netd : Initializing RouteController: 4192us
01-01 08:00:08.621 248 248 D XfrmController: XfrmController::ipSecAddXfrmInterface, line=1479
01-01 08:00:08.622 248 248 D XfrmController: XfrmController::ipSecRemoveTunnelInterface, line=1692
01-01 08:00:08.622 248 248 D XfrmController: deviceName=ipsec_test
01-01 08:00:08.622 213 213 D tee_supplicant: looping
01-01 08:00:08.625 263 263 I sunxihwc: open: Loading: sunxi hwcomposer module
01-01 08:00:08.626 263 263 E cutils-trace: Error opening trace file: No such file or directory (2)
01-01 08:00:08.638 263 263 I HidlServiceManagement: Registered android.hardware.graphics.composer@2.2::IComposer/default
01-01 08:00:08.639 263 263 I HidlServiceManagement: Removing namespace from process name android.hardware.graphics.composer@2.2-service to composer@2.2-service.
01-01 08:00:08.645 168 168 I : file system registered
01-01 08:00:08.649 258 258 I HidlServiceManagement: Registered android.hardware.gatekeeper@1.0::IGatekeeper/default
01-01 08:00:08.650 258 258 I HidlServiceManagement: Removing namespace from process name android.hardware.gatekeeper@1.0-service-aw to gatekeeper@1.0-service-aw.
01-01 08:00:08.650 258 258 I LegacySupport: Registration complete for android.hardware.gatekeeper@1.0::IGatekeeper/default.
01-01 08:00:08.657 282 282 D Sunxi_PQ: ic_id=2, de_version=201 0x2
01-01 08:00:08.657 248 248 D XfrmController: Sending Netlink XFRM Message: XFRM_MSG_FLUSHSA
01-01 08:00:08.658 248 248 D XfrmController: Sending Netlink XFRM Message: XFRM_MSG_FLUSHPOLICY
01-01 08:00:08.658 248 248 I netd : Initializing XfrmController: 37528us
01-01 08:00:08.658 282 282 D Sunxi_PQ: /vendor/lib/libde201.so
01-01 08:00:08.662 282 282 D Sunxi_PQ: maybe /vendor/etc/firmware/disp_firmware, fd:-1 @O_RDONLY.
01-01 08:00:08.660 282 282 I pqd : type=1400 audit(0.0:16): avc: denied { read write } for name="disp_firmware" dev="mmcblk0p25" ino=217 scontext=u:r:pqd:s0 tcontext=u:object_r:system_data_root_file:s0 tclass=file permissive=1
01-01 08:00:08.660 282 282 I pqd : type=1400 audit(0.0:17): avc: denied { open } for path="/data/disp_firmware" dev="mmcblk0p25" ino=217 scontext=u:r:pqd:s0 tcontext=u:object_r:system_data_root_file:s0 tclass=file permissive=1
01-01 08:00:08.660 282 282 I pqd : type=1400 audit(0.0:18): avc: denied { map } for path="/data/disp_firmware" dev="mmcblk0p25" ino=217 scontext=u:r:pqd:s0 tcontext=u:object_r:system_data_root_file:s0 tclass=file permissive=1
01-01 08:00:08.665 282 282 D Sunxi_PQ: config display firmware completed...
01-01 08:00:08.665 282 282 D Sunxi_PQ: There is not the /vendor/etc/firmware/disp_firmware, creat it.
01-01 08:00:08.666 271 271 I display.output-service: DisplayOutputManagerService is started
01-01 08:00:08.667 271 271 I display.output-service: DisplayOutputManagerService current version V2.2.0
01-01 08:00:08.667 271 271 E cutils-trace: Error opening trace file: No such file or directory (2)
01-01 08:00:08.670 185 185 I hwservicemanager: Since vendor.display.config@1.0::IDisplayConfig/default is not registered, trying to start it as a lazy HAL.
01-01 08:00:08.671 262 262 E gralloc : Arm Module v1.0
01-01 08:00:08.683 1 1 I init : processing action (boot) from (/vendor/etc/init/hw/init.oranth.rc:12)
01-01 08:00:08.677 274 274 I credstore: Registered binder service
01-01 08:00:08.684 1 1 I init : starting service 'onstartup'...
01-01 08:00:08.681 256 256 I android.hardware.camera.provider@2.4-external-service: External camera provider service is starting.
01-01 08:00:08.682 256 256 E cutils-trace: Error opening trace file: No such file or directory (2)
01-01 08:00:08.683 269 269 D hdmi-cec: Loading: sunxi HDMI CEC module
01-01 08:00:08.685 269 289 I hdmi-cec: HDMI-CEC EventThread start
01-01 08:00:08.690 282 282 D Sunxi_PQ: sunxi PQ wait for client connect from tcp port:5005...
01-01 08:00:08.691 185 288 W libc : Unable to set property "ctl.interface_start" to "vendor.display.config@1.0::IDisplayConfig/default": error code: 0x20
01-01 08:00:08.692 185 288 I hwservicemanager: Tried to start vendor.display.config@1.0::IDisplayConfig/default as a lazy service, but was unable to. Usually this happens when a service is not installed, but if the service is intended to be used as a lazy service, then it may be configured incorrectly.
01-01 08:00:08.692 282 296 D Sunxi_PQ: creat a connect thread to deal the socket.
01-01 08:00:08.694 282 287 D Sunxi_PQ: Sunxi PQ entry tanslate thread.
01-01 08:00:08.705 255 255 E cutils-trace: Error opening trace file: No such file or directory (2)
01-01 08:00:08.704 298 298 I init : type=1400 audit(0.0:19): avc: denied { execute_no_trans } for path="/system/bin/xiriservice.sh" dev="dm-0" ino=1296 scontext=u:r:init:s0 tcontext=u:object_r:system_file:s0 tclass=file permissive=1
01-01 08:00:08.719 277 301 E GpuMem : Failed to retrieve pinned program from /sys/fs/bpf/prog_gpu_mem_tracepoint_gpu_mem_gpu_mem_total [2(No such file or directory)]
01-01 08:00:08.719 277 301 E GpuMemTracer: Cannot initialize GpuMemTracer before GpuMem
01-01 08:00:08.721 248 248 E cutils-trace: Error opening trace file: No such file or directory (2)
01-01 08:00:08.720 290 290 I onstartup.sh: type=1400 audit(0.0:20): avc: denied { write search } for name="tmp" dev="mmcblk0p25" ino=85 scontext=u:r:onstartup:s0 tcontext=u:object_r:shell_data_file:s0 tclass=dir permissive=1
01-01 08:00:08.720 290 290 I onstartup.sh: type=1400 audit(0.0:21): avc: denied { getattr } for path="/data/local/tmp" dev="mmcblk0p25" ino=85 scontext=u:r:onstartup:s0 tcontext=u:object_r:shell_data_file:s0 tclass=dir permissive=1
01-01 08:00:08.724 1 1 I init : type=1400 audit(0.0:22): avc: denied { setattr } for name="ext_csd" dev="debugfs" ino=6108 scontext=u:r:init:s0 tcontext=u:object_r:debugfs_mmc:s0 tclass=file permissive=1
01-01 08:00:08.730 185 185 I hwservicemanager: Since vendor.display.config@1.0::IDisplayConfig/default is not registered, trying to start it as a lazy HAL.
01-01 08:00:08.738 271 271 I HidlServiceManagement: getService: Trying again for vendor.display.config@1.0::IDisplayConfig/default...
01-01 08:00:08.742 168 168 I sunxi-rfkill soc@3000000: rfkill: set block: 0
01-01 08:00:08.742 168 168 I sunxi-rfkill soc@3000000: rfkill: bt power on success
01-01 08:00:08.740 262 262 I HidlServiceManagement: Registered android.hardware.graphics.allocator@2.0::IAllocator/default
01-01 08:00:08.741 262 262 I HidlServiceManagement: Removing namespace from process name android.hardware.graphics.allocator@2.0-service to allocator@2.0-service.
01-01 08:00:08.741 262 262 I LegacySupport: Registration complete for android.hardware.graphics.allocator@2.0::IAllocator/default.
01-01 08:00:08.753 185 313 W libc : Unable to set property "ctl.interface_start" to "vendor.display.config@1.0::IDisplayConfig/default": error code: 0x20
01-01 08:00:08.753 185 313 I hwservicemanager: Tried to start vendor.display.config@1.0::IDisplayConfig/default as a lazy service, but was unable to. Usually this happens when a service is not installed, but if the service is intended to be used as a lazy service, then it may be configured incorrectly.
01-01 08:00:08.756 298 298 I xiriservice.sh: type=1400 audit(0.0:23): avc: denied { write } for name="tmp" dev="mmcblk0p25" ino=85 scontext=u:r:init:s0 tcontext=u:object_r:shell_data_file:s0 tclass=dir permissive=1 bug=b/77873135
01-01 08:00:08.759 254 254 I HidlServiceManagement: Registered android.hardware.audio@7.0::IDevicesFactory/default
01-01 08:00:08.759 254 254 I HidlServiceManagement: Removing namespace from process name android.hardware.audio.service to audio.service.
01-01 08:00:08.760 254 254 I LegacySupport: Registration complete for android.hardware.audio@7.0::IDevicesFactory/default.
01-01 08:00:08.760 314 314 I init : type=1400 audit(0.0:24): avc: denied { write } for name="kmsg_debug" dev="tmpfs" ino=3697 scontext=u:r:init:s0 tcontext=u:object_r:kmsg_debug_device:s0 tclass=chr_file permissive=1
01-01 08:00:08.760 314 314 I init : type=1400 audit(0.0:25): avc: denied { open } for path="/dev/kmsg_debug" dev="tmpfs" ino=3697 scontext=u:r:init:s0 tcontext=u:object_r:kmsg_debug_device:s0 tclass=chr_file permissive=1
01-01 08:00:08.769 269 269 I HidlServiceManagement: Registered android.hardware.tv.cec@1.0::IHdmiCec/default
01-01 08:00:08.770 269 269 I HidlServiceManagement: Removing namespace from process name android.hardware.tv.cec@1.0-service to cec@1.0-service.
01-01 08:00:08.770 269 269 I LegacySupport: Registration complete for android.hardware.tv.cec@1.0::IHdmiCec/default.
01-01 08:00:08.772 290 290 I onstartup.sh: type=1400 audit(0.0:26): avc: denied { getattr } for path="/data/local/fast_apks_installed" dev="mmcblk0p25" ino=222 scontext=u:r:onstartup:s0 tcontext=u:object_r:onstartup_system_file:s0 tclass=file permissive=1
01-01 08:00:08.800 316 316 D XiriService: XiriService version 2.5.0.11258
01-01 08:00:08.800 255 255 I HidlServiceManagement: Registered android.hardware.bluetooth@1.0::IBluetoothHci/default
01-01 08:00:08.800 255 255 I HidlServiceManagement: Removing namespace from process name android.hardware.bluetooth@1.0-service to bluetooth@1.0-service.
01-01 08:00:08.805 255 255 I LegacySupport: Registration complete for android.hardware.bluetooth@1.0::IBluetoothHci/default.
01-01 08:00:08.807 254 254 I HidlServiceManagement: Registered android.hardware.audio.effect@7.0::IEffectsFactory/default
01-01 08:00:08.807 254 254 I LegacySupport: Registration complete for android.hardware.audio.effect@7.0::IEffectsFactory/default.
01-01 08:00:08.808 185 185 I hwservicemanager: getTransport: Cannot find entry android.hardware.soundtrigger@2.3::ISoundTriggerHw/default in either framework or device VINTF manifest.
01-01 08:00:08.819 254 254 E LegacySupport: Could not get passthrough implementation for android.hardware.soundtrigger@2.3::ISoundTriggerHw/default.
01-01 08:00:08.820 185 185 I hwservicemanager: getTransport: Cannot find entry android.hardware.soundtrigger@2.2::ISoundTriggerHw/default in either framework or device VINTF manifest.
01-01 08:00:08.821 254 254 E LegacySupport: Could not get passthrough implementation for android.hardware.soundtrigger@2.2::ISoundTriggerHw/default.
01-01 08:00:08.822 185 185 I hwservicemanager: getTransport: Cannot find entry android.hardware.soundtrigger@2.1::ISoundTriggerHw/default in either framework or device VINTF manifest.
01-01 08:00:08.820 316 316 I xiriservice_All: type=1400 audit(0.0:27): avc: denied { search } for name="com.android.connectivity.resources" dev="mmcblk0p25" ino=501 scontext=u:r:init:s0 tcontext=u:object_r:privapp_data_file:s0:c512,c768 tclass=dir permissive=1
01-01 08:00:08.820 316 316 I xiriservice_All: type=1400 audit(0.0:28): avc: denied { search } for name="android" dev="mmcblk0p25" ino=505 scontext=u:r:init:s0 tcontext=u:object_r:system_app_data_file:s0 tclass=dir permissive=1
01-01 08:00:08.824 310 310 I gsid : no DSU: No such file or directory
01-01 08:00:08.825 254 254 E LegacySupport: Could not get passthrough implementation for android.hardware.soundtrigger@2.1::ISoundTriggerHw/default.
01-01 08:00:08.824 316 316 I xiriservice_All: type=1400 audit(0.0:29): avc: denied { read } for name="lib" dev="mmcblk0p25" ino=37515 scontext=u:r:init:s0 tcontext=u:object_r:system_app_data_file:s0 tclass=lnk_file permissive=1
01-01 08:00:08.828 316 316 I xiriservice_All: type=1400 audit(0.0:30): avc: denied { search } for name="android.ext.shared" dev="mmcblk0p25" ino=522 scontext=u:r:init:s0 tcontext=u:object_r:app_data_file:s0:c512,c768 tclass=dir permissive=1
01-01 08:00:08.832 316 316 I xiriservice_All: type=1400 audit(0.0:31): avc: denied { read } for name="lib" dev="mmcblk0p25" ino=37528 scontext=u:r:init:s0 tcontext=u:object_r:app_data_file:s0:c512,c768 tclass=lnk_file permissive=1
01-01 08:00:08.832 317 317 I pgrep : type=1400 audit(0.0:32): avc: denied { read } for scontext=u:r:toolbox:s0 tcontext=u:r:init:s0 tclass=file permissive=1
01-01 08:00:08.832 317 317 I pgrep : type=1400 audit(0.0:33): avc: denied { read } for scontext=u:r:toolbox:s0 tcontext=u:r:kernel:s0 tclass=file permissive=1
01-01 08:00:08.832 317 317 I pgrep : type=1400 audit(0.0:34): avc: denied { read } for scontext=u:r:toolbox:s0 tcontext=u:r:vendor_init:s0 tclass=file permissive=1
01-01 08:00:08.832 317 317 I pgrep : type=1400 audit(0.0:35): avc: denied { sys_ptrace } for capability=19 scontext=u:r:toolbox:s0 tcontext=u:r:toolbox:s0 tclass=capability permissive=1
01-01 08:00:08.832 317 317 I pgrep : type=1400 audit(0.0:36): avc: denied { read } for scontext=u:r:toolbox:s0 tcontext=u:r:ueventd:s0 tclass=file permissive=1
01-01 08:00:08.832 316 316 I xiriservice_All: type=1400 audit(0.0:37): avc: denied { search } for name="com.android.permissioncontroller" dev="mmcblk0p25" ino=551 scontext=u:r:init:s0 tcontext=u:object_r:privapp_data_file:s0:c73,c256,c512,c768 tclass=dir permissive=1
01-01 08:00:08.832 316 316 I xiriservice_All: type=1400 audit(0.0:38): avc: denied { read } for name="lib" dev="mmcblk0p25" ino=37501 scontext=u:r:init:s0 tcontext=u:object_r:privapp_data_file:s0:c512,c768 tclass=lnk_file permissive=1
01-01 08:00:08.832 317 317 I pgrep : type=1400 audit(0.0:39): avc: denied { getattr } for path="/proc/1" dev="proc" ino=3711 scontext=u:r:toolbox:s0 tcontext=u:r:init:s0 tclass=dir permissive=1
01-01 08:00:08.832 317 317 I pgrep : type=1400 audit(0.0:40): avc: denied { search } for name="1" dev="proc" ino=3711 scontext=u:r:toolbox:s0 tcontext=u:r:init:s0 tclass=dir permissive=1
01-01 08:00:08.832 317 317 I pgrep : type=1400 audit(0.0:41): avc: denied { open } for path="/proc/1/stat" dev="proc" ino=8542 scontext=u:r:toolbox:s0 tcontext=u:r:init:s0 tclass=file permissive=1
01-01 08:00:08.832 317 317 I pgrep : type=1400 audit(0.0:42): avc: denied { getattr } for path="/proc/2" dev="proc" ino=8454 scontext=u:r:toolbox:s0 tcontext=u:r:kernel:s0 tclass=dir permissive=1
01-01 08:00:08.832 317 317 I pgrep : type=1400 audit(0.0:43): avc: denied { search } for name="2" dev="proc" ino=8454 scontext=u:r:toolbox:s0 tcontext=u:r:kernel:s0 tclass=dir permissive=1
01-01 08:00:08.837 185 185 I hwservicemanager: getTransport: Cannot find entry android.hardware.soundtrigger@2.0::ISoundTriggerHw/default in either framework or device VINTF manifest.
01-01 08:00:08.836 317 317 I pgrep : type=1400 audit(0.0:44): avc: denied { open } for path="/proc/2/stat" dev="proc" ino=8543 scontext=u:r:toolbox:s0 tcontext=u:r:kernel:s0 tclass=file permissive=1
01-01 08:00:08.836 316 316 I xiriservice_All: type=1400 audit(0.0:45): avc: denied { search } for name="com.android.internal.systemui.navbar.gestural_wide_back" dev="mmcblk0p25" ino=628 scontext=u:r:init:s0 tcontext=u:object_r:app_data_file:s0:c8,c256,c512,c768 tclass=dir permissive=1
01-01 08:00:08.840 316 316 I xiriservice_All: type=1400 audit(0.0:46): avc: denied { search } for name="com.sohu.inputmethod.sogou.tv" dev="mmcblk0p25" ino=1406 scontext=u:r:init:s0 tcontext=u:object_r:app_data_file:s0:c48,c256,c512,c768 tclass=dir permissive=1
01-01 08:00:08.840 316 316 I xiriservice_All: type=1400 audit(0.0:47): avc: denied { read } for name="lib" dev="mmcblk0p25" ino=37510 scontext=u:r:init:s0 tcontext=u:object_r:app_data_file:s0:c48,c256,c512,c768 tclass=lnk_file permissive=1
01-01 08:00:08.840 316 316 I xiriservice_All: type=1400 audit(0.0:48): avc: denied { search } for name="com.android.htmlviewer" dev="mmcblk0p25" ino=699 scontext=u:r:init:s0 tcontext=u:object_r:app_data_file:s0:c35,c256,c512,c768 tclass=dir permissive=1
01-01 08:00:08.844 316 316 I xiriservice_All: type=1400 audit(0.0:49): avc: denied { search } for name="com.android.companiondevicemanager" dev="mmcblk0p25" ino=707 scontext=u:r:init:s0 tcontext=u:object_r:app_data_file:s0:c37,c256,c512,c768 tclass=dir permissive=1
01-01 08:00:08.844 316 316 I xiriservice_All: type=1400 audit(0.0:50): avc: denied { search } for name="com.android.internal.systemui.onehanded.gestural" dev="mmcblk0p25" ino=731 scontext=u:r:init:s0 tcontext=u:object_r:app_data_file:s0:c6,c256,c512,c768 tclass=dir permissive=1
01-01 08:00:08.847 254 254 E LegacySupport: Could not get passthrough implementation for android.hardware.soundtrigger@2.0::ISoundTriggerHw/default.
01-01 08:00:08.848 320 320 I init : type=1400 audit(0.0:51): avc: denied { execute } for name="led_switch.sh" dev="dm-1" ino=129 scontext=u:r:init:s0 tcontext=u:object_r:vendor_file:s0 tclass=file permissive=1
01-01 08:00:08.848 320 320 I init : type=1400 audit(0.0:52): avc: denied { execute_no_trans } for path="/vendor/bin/led_switch.sh" dev="dm-1" ino=129 scontext=u:r:init:s0 tcontext=u:object_r:vendor_file:s0 tclass=file permissive=1
01-01 08:00:08.849 254 254 W audiohalservice: Could not register Soundtrigger API
01-01 08:00:08.851 185 185 I hwservicemanager: getTransport: Cannot find entry android.hardware.bluetooth.audio@2.1::IBluetoothAudioProvidersFactory/default in either framework or device VINTF manifest.
01-01 08:00:08.852 254 254 E LegacySupport: Could not get passthrough implementation for android.hardware.bluetooth.audio@2.1::IBluetoothAudioProvidersFactory/default.
01-01 08:00:08.848 317 317 I pgrep : type=1400 audit(0.0:53): avc: denied { getattr } for path="/proc/168" dev="proc" ino=2250 scontext=u:r:toolbox:s0 tcontext=u:r:vendor_init:s0 tclass=dir permissive=1
01-01 08:00:08.853 185 185 I hwservicemanager: getTransport: Cannot find entry android.hardware.bluetooth.audio@2.0::IBluetoothAudioProvidersFactory/default in either framework or device VINTF manifest.
01-01 08:00:08.852 317 317 I pgrep : type=1400 audit(0.0:54): avc: denied { search } for name="168" dev="proc" ino=2250 scontext=u:r:toolbox:s0 tcontext=u:r:vendor_init:s0 tclass=dir permissive=1
01-01 08:00:08.852 317 317 I pgrep : type=1400 audit(0.0:55): avc: denied { open } for path="/proc/168/stat" dev="proc" ino=8641 scontext=u:r:toolbox:s0 tcontext=u:r:vendor_init:s0 tclass=file permissive=1
01-01 08:00:08.854 254 254 E LegacySupport: Could not get passthrough implementation for android.hardware.bluetooth.audio@2.0::IBluetoothAudioProvidersFactory/default.
01-01 08:00:08.852 317 317 I pgrep : type=1400 audit(0.0:56): avc: denied { read } for scontext=u:r:toolbox:s0 tcontext=u:r:logd:s0 tclass=file permissive=1
01-01 08:00:08.854 254 254 W audiohalservice: Could not register Bluetooth Audio API
01-01 08:00:08.852 317 317 I pgrep : type=1400 audit(0.0:57): avc: denied { read } for scontext=u:r:toolbox:s0 tcontext=u:r:lmkd:s0 tclass=file permissive=1
01-01 08:00:08.852 317 317 I pgrep : type=1400 audit(0.0:58): avc: denied { read } for scontext=u:r:toolbox:s0 tcontext=u:r:servicemanager:s0 tclass=file permissive=1
01-01 08:00:08.852 317 317 I pgrep : type=1400 audit(0.0:59): avc: denied { read } for scontext=u:r:toolbox:s0 tcontext=u:r:hwservicemanager:s0 tclass=file permissive=1
01-01 08:00:08.852 317 317 I pgrep : type=1400 audit(0.0:60): avc: denied { read } for scontext=u:r:toolbox:s0 tcontext=u:r:vndservicemanager:s0 tclass=file permissive=1
01-01 08:00:08.852 317 317 I pgrep : type=1400 audit(0.0:61): avc: denied { read } for scontext=u:r:toolbox:s0 tcontext=u:r:shell:s0 tclass=file permissive=1
01-01 08:00:08.852 317 317 I pgrep : type=1400 audit(0.0:62): avc: denied { read } for scontext=u:r:toolbox:s0 tcontext=u:r:vold:s0 tclass=file permissive=1
01-01 08:00:08.852 317 317 I pgrep : type=1400 audit(0.0:63): avc: denied { read } for scontext=u:r:toolbox:s0 tcontext=u:r:system_suspend:s0 tclass=file permissive=1
01-01 08:00:08.852 316 316 I xiriservice_All: type=1400 audit(0.0:64): avc: denied { search } for name="com.android.simappdialog" dev="mmcblk0p25" ino=772 scontext=u:r:init:s0 tcontext=u:object_r:app_data_file:s0:c34,c256,c512,c768 tclass=dir permissive=1
01-01 08:00:08.852 317 317 I pgrep : type=1400 audit(0.0:65): avc: denied { read } for scontext=u:r:toolbox:s0 tcontext=u:r:keystore:s0 tclass=file permissive=1
01-01 08:00:08.856 185 185 I hwservicemanager: getTransport: Cannot find entry android.hardware.bluetooth.a2dp@1.0::IBluetoothAudioOffload/default in either framework or device VINTF manifest.
01-01 08:00:08.852 317 317 I pgrep : type=1400 audit(0.0:66): avc: denied { read } for scontext=u:r:toolbox:s0 tcontext=u:r:hal_bootctl_default:s0 tclass=file permissive=1
01-01 08:00:08.852 317 317 I pgrep : type=1400 audit(0.0:67): avc: denied { read } for scontext=u:r:toolbox:s0 tcontext=u:r:hal_keymint_default:s0 tclass=file permissive=1
01-01 08:00:08.852 317 317 I pgrep : type=1400 audit(0.0:68): avc: denied { read } for scontext=u:r:toolbox:s0 tcontext=u:r:tee:s0 tclass=file permissive=1
01-01 08:00:08.852 317 317 I pgrep : type=1400 audit(0.0:69): avc: denied { read } for scontext=u:r:toolbox:s0 tcontext=u:r:tombstoned:s0 tclass=file permissive=1
01-01 08:00:08.852 317 317 I pgrep : type=1400 audit(0.0:70): avc: denied { read } for scontext=u:r:toolbox:s0 tcontext=u:r:statsd:s0 tclass=file permissive=1
01-01 08:00:08.852 317 317 I pgrep : type=1400 audit(0.0:71): avc: denied { read } for scontext=u:r:toolbox:s0 tcontext=u:r:netd:s0 tclass=file permissive=1
01-01 08:00:08.857 254 254 E LegacySupport: Could not get passthrough implementation for android.hardware.bluetooth.a2dp@1.0::IBluetoothAudioOffload/default.
01-01 08:00:08.856 317 317 I pgrep : type=1400 audit(0.0:72): avc: denied { read } for scontext=u:r:toolbox:s0 tcontext=u:r:zygote:s0 tclass=file permissive=1
01-01 08:00:08.857 254 254 W audiohalservice: Could not register Bluetooth Audio Offload API
01-01 08:00:08.856 317 317 I pgrep : type=1400 audit(0.0:73): avc: denied { read } for scontext=u:r:toolbox:s0 tcontext=u:r:hal_allocator_default:s0 tclass=file permissive=1
01-01 08:00:08.856 317 317 I pgrep : type=1400 audit(0.0:74): avc: denied { read } for scontext=u:r:toolbox:s0 tcontext=u:r:hal_audio_default:s0 tclass=file permissive=1
01-01 08:00:08.856 317 317 I pgrep : type=1400 audit(0.0:75): avc: denied { read } for scontext=u:r:toolbox:s0 tcontext=u:r:hal_bluetooth_default:s0 tclass=file permissive=1
01-01 08:00:08.856 317 317 I pgrep : type=1400 audit(0.0:76): avc: denied { read } for scontext=u:r:toolbox:s0 tcontext=u:r:hal_camera_default:s0 tclass=file permissive=1
01-01 08:00:08.856 317 317 I pgrep : type=1400 audit(0.0:77): avc: denied { read } for scontext=u:r:toolbox:s0 tcontext=u:r:hal_cas_default:s0 tclass=file permissive=1
01-01 08:00:08.856 317 317 I pgrep : type=1400 audit(0.0:78): avc: denied { read } for scontext=u:r:toolbox:s0 tcontext=u:r:hal_gatekeeper_default:s0 tclass=file permissive=1
01-01 08:00:08.856 317 317 I pgrep : type=1400 audit(0.0:79): avc: denied { read } for scontext=u:r:toolbox:s0 tcontext=u:r:hal_graphics_allocator_default:s0 tclass=file permissive=1
01-01 08:00:08.856 317 317 I pgrep : type=1400 audit(0.0:80): avc: denied { read } for scontext=u:r:toolbox:s0 tcontext=u:r:hal_graphics_composer_default:s0 tclass=file permissive=1
01-01 08:00:08.856 317 317 I pgrep : type=1400 audit(0.0:81): avc: denied { read } for scontext=u:r:toolbox:s0 tcontext=u:r:hal_health_default:s0 tclass=file permissive=1
01-01 08:00:08.856 317 317 I pgrep : type=1400 audit(0.0:82): avc: denied { read } for scontext=u:r:toolbox:s0 tcontext=u:r:hal_light_default:s0 tclass=file permissive=1
01-01 08:00:08.856 317 317 I pgrep : type=1400 audit(0.0:83): avc: denied { read } for scontext=u:r:toolbox:s0 tcontext=u:r:hal_power_default:s0 tclass=file permissive=1
01-01 08:00:08.856 317 317 I pgrep : type=1400 audit(0.0:84): avc: denied { read } for scontext=u:r:toolbox:s0 tcontext=u:r:hal_tv_cec_default:s0 tclass=file permissive=1
01-01 08:00:08.856 317 317 I pgrep : type=1400 audit(0.0:85): avc: denied { read } for scontext=u:r:toolbox:s0 tcontext=u:r:hal_usb_impl:s0 tclass=file permissive=1
01-01 08:00:08.856 317 317 I pgrep : type=1400 audit(0.0:86): avc: denied { read } for scontext=u:r:toolbox:s0 tcontext=u:r:hal_awdisplayoutput_default:s0 tclass=file permissive=1
01-01 08:00:08.856 317 317 I pgrep : type=1400 audit(0.0:87): avc: denied { read } for scontext=u:r:toolbox:s0 tcontext=u:r:hal_rebootescrow_default:s0 tclass=file permissive=1
01-01 08:00:08.856 317 317 I pgrep : type=1400 audit(0.0:88): avc: denied { read } for scontext=u:r:toolbox:s0 tcontext=u:r:audioserver:s0 tclass=file permissive=1
01-01 08:00:08.856 317 317 I pgrep : type=1400 audit(0.0:89): avc: denied { read } for scontext=u:r:toolbox:s0 tcontext=u:r:credstore:s0 tclass=file permissive=1
01-01 08:00:08.856 317 317 I pgrep : type=1400 audit(0.0:90): avc: denied { read } for scontext=u:r:toolbox:s0 tcontext=u:r:gpuservice:s0 tclass=file permissive=1
01-01 08:00:08.856 317 317 I pgrep : type=1400 audit(0.0:91): avc: denied { read } for scontext=u:r:toolbox:s0 tcontext=u:r:surfaceflinger:s0 tclass=file permissive=1
01-01 08:00:08.856 317 317 I pgrep : type=1400 audit(0.0:92): avc: denied { read } for scontext=u:r:toolbox:s0 tcontext=u:r:pqd:s0 tclass=file permissive=1
01-01 08:00:08.856 317 317 I pgrep : type=1400 audit(0.0:93): avc: denied { getattr } for path="/proc/171" dev="proc" ino=2292 scontext=u:r:toolbox:s0 tcontext=u:r:ueventd:s0 tclass=dir permissive=1
01-01 08:00:08.856 317 317 I pgrep : type=1400 audit(0.0:94): avc: denied { search } for name="171" dev="proc" ino=2292 scontext=u:r:toolbox:s0 tcontext=u:r:ueventd:s0 tclass=dir permissive=1
01-01 08:00:08.856 317 317 I pgrep : type=1400 audit(0.0:95): avc: denied { open } for path="/proc/171/stat" dev="proc" ino=8655 scontext=u:r:toolbox:s0 tcontext=u:r:ueventd:s0 tclass=file permissive=1
01-01 08:00:08.856 317 317 I pgrep : type=1400 audit(0.0:96): avc: denied { getattr } for path="/proc/182" dev="proc" ino=6295 scontext=u:r:toolbox:s0 tcontext=u:r:logd:s0 tclass=dir permissive=1
01-01 08:00:08.856 316 316 I xiriservice_All: type=1400 audit(0.0:97): avc: denied { read } for name="lib" dev="mmcblk0p25" ino=37514 scontext=u:r:init:s0 tcontext=u:object_r:radio_data_file:s0 tclass=lnk_file permissive=1
01-01 08:00:08.856 317 317 I pgrep : type=1400 audit(0.0:98): avc: denied { read } for scontext=u:r:toolbox:s0 tcontext=u:r:logd:s0 tclass=file permissive=1
01-01 08:00:08.856 317 317 I pgrep : type=1400 audit(0.0:99): avc: denied { search } for name="182" dev="proc" ino=6295 scontext=u:r:toolbox:s0 tcontext=u:r:logd:s0 tclass=dir permissive=1
01-01 08:00:08.856 317 317 I pgrep : type=1400 audit(0.0:100): avc: denied { open } for path="/proc/182/stat" dev="proc" ino=8657 scontext=u:r:toolbox:s0 tcontext=u:r:logd:s0 tclass=file permissive=1
01-01 08:00:08.856 317 317 I pgrep : type=1400 audit(0.0:101): avc: denied { getattr } for path="/proc/183" dev="proc" ino=2369 scontext=u:r:toolbox:s0 tcontext=u:r:lmkd:s0 tclass=dir permissive=1
01-01 08:00:08.856 317 317 I pgrep : type=1400 audit(0.0:102): avc: denied { read } for scontext=u:r:toolbox:s0 tcontext=u:r:lmkd:s0 tclass=file permissive=1
01-01 08:00:08.856 317 317 I pgrep : type=1400 audit(0.0:103): avc: denied { search } for name="183" dev="proc" ino=2369 scontext=u:r:toolbox:s0 tcontext=u:r:lmkd:s0 tclass=dir permissive=1
01-01 08:00:08.856 317 317 I pgrep : type=1400 audit(0.0:104): avc: denied { open } for path="/proc/183/stat" dev="proc" ino=8658 scontext=u:r:toolbox:s0 tcontext=u:r:lmkd:s0 tclass=file permissive=1
01-01 08:00:08.856 317 317 I pgrep : type=1400 audit(0.0:105): avc: denied { getattr } for path="/proc/184" dev="proc" ino=7275 scontext=u:r:toolbox:s0 tcontext=u:r:servicemanager:s0 tclass=dir permissive=1
01-01 08:00:08.856 317 317 I pgrep : type=1400 audit(0.0:106): avc: denied { read } for scontext=u:r:toolbox:s0 tcontext=u:r:servicemanager:s0 tclass=file permissive=1
01-01 08:00:08.856 317 317 I pgrep : type=1400 audit(0.0:107): avc: denied { search } for name="184" dev="proc" ino=7275 scontext=u:r:toolbox:s0 tcontext=u:r:servicemanager:s0 tclass=dir permissive=1
01-01 08:00:08.856 317 317 I pgrep : type=1400 audit(0.0:108): avc: denied { open } for path="/proc/184/stat" dev="proc" ino=8659 scontext=u:r:toolbox:s0 tcontext=u:r:servicemanager:s0 tclass=file permissive=1
01-01 08:00:08.856 317 317 I pgrep : type=1400 audit(0.0:109): avc: denied { getattr } for path="/proc/185" dev="proc" ino=2382 scontext=u:r:toolbox:s0 tcontext=u:r:hwservicemanager:s0 tclass=dir permissive=1
01-01 08:00:08.856 317 317 I pgrep : type=1400 audit(0.0:110): avc: denied { read } for scontext=u:r:toolbox:s0 tcontext=u:r:hwservicemanager:s0 tclass=file permissive=1
01-01 08:00:08.856 317 317 I pgrep : type=1400 audit(0.0:111): avc: denied { search } for name="185" dev="proc" ino=2382 scontext=u:r:toolbox:s0 tcontext=u:r:hwservicemanager:s0 tclass=dir permissive=1
01-01 08:00:08.856 317 317 I pgrep : type=1400 audit(0.0:112): avc: denied { open } for path="/proc/185/stat" dev="proc" ino=8660 scontext=u:r:toolbox:s0 tcontext=u:r:hwservicemanager:s0 tclass=file permissive=1
01-01 08:00:08.856 317 317 I pgrep : type=1400 audit(0.0:113): avc: denied { getattr } for path="/proc/186" dev="proc" ino=6313 scontext=u:r:toolbox:s0 tcontext=u:r:vndservicemanager:s0 tclass=dir permissive=1
01-01 08:00:08.856 317 317 I pgrep : type=1400 audit(0.0:114): avc: denied { search } for name="186" dev="proc" ino=6313 scontext=u:r:toolbox:s0 tcontext=u:r:vndservicemanager:s0 tclass=dir permissive=1
01-01 08:00:08.856 317 317 I pgrep : type=1400 audit(0.0:115): avc: denied { open } for path="/proc/186/stat" dev="proc" ino=8661 scontext=u:r:toolbox:s0 tcontext=u:r:vndservicemanager:s0 tclass=file permissive=1
01-01 08:00:08.856 317 317 I pgrep : type=1400 audit(0.0:116): avc: denied { getattr } for path="/proc/187" dev="proc" ino=7288 scontext=u:r:toolbox:s0 tcontext=u:r:shell:s0 tclass=dir permissive=1
01-01 08:00:08.856 317 317 I pgrep : type=1400 audit(0.0:117): avc: denied { search } for name="187" dev="proc" ino=7288 scontext=u:r:toolbox:s0 tcontext=u:r:shell:s0 tclass=dir permissive=1
01-01 08:00:08.856 317 317 I pgrep : type=1400 audit(0.0:118): avc: denied { open } for path="/proc/187/stat" dev="proc" ino=8662 scontext=u:r:toolbox:s0 tcontext=u:r:shell:s0 tclass=file permissive=1
01-01 08:00:08.856 317 317 I pgrep : type=1400 audit(0.0:119): avc: denied { getattr } for path="/proc/194" dev="proc" ino=7351 scontext=u:r:toolbox:s0 tcontext=u:r:vold:s0 tclass=dir permissive=1
01-01 08:00:08.856 317 317 I pgrep : type=1400 audit(0.0:120): avc: denied { search } for name="194" dev="proc" ino=7351 scontext=u:r:toolbox:s0 tcontext=u:r:vold:s0 tclass=dir permissive=1
01-01 08:00:08.856 317 317 I pgrep : type=1400 audit(0.0:121): avc: denied { open } for path="/proc/194/stat" dev="proc" ino=8666 scontext=u:r:toolbox:s0 tcontext=u:r:vold:s0 tclass=file permissive=1
01-01 08:00:08.860 317 317 I pgrep : type=1400 audit(0.0:122): avc: denied { getattr } for path="/proc/209" dev="proc" ino=7373 scontext=u:r:toolbox:s0 tcontext=u:r:system_suspend:s0 tclass=dir permissive=1
01-01 08:00:08.860 317 317 I pgrep : type=1400 audit(0.0:123): avc: denied { search } for name="209" dev="proc" ino=7373 scontext=u:r:toolbox:s0 tcontext=u:r:system_suspend:s0 tclass=dir permissive=1
01-01 08:00:08.860 317 317 I pgrep : type=1400 audit(0.0:124): avc: denied { open } for path="/proc/209/stat" dev="proc" ino=8672 scontext=u:r:toolbox:s0 tcontext=u:r:system_suspend:s0 tclass=file permissive=1
01-01 08:00:08.860 317 317 I pgrep : type=1400 audit(0.0:125): avc: denied { getattr } for path="/proc/210" dev="proc" ino=428 scontext=u:r:toolbox:s0 tcontext=u:r:keystore:s0 tclass=dir permissive=1
01-01 08:00:08.860 317 317 I pgrep : type=1400 audit(0.0:126): avc: denied { search } for name="210" dev="proc" ino=428 scontext=u:r:toolbox:s0 tcontext=u:r:keystore:s0 tclass=dir permissive=1
01-01 08:00:08.860 317 317 I pgrep : type=1400 audit(0.0:127): avc: denied { open } for path="/proc/210/stat" dev="proc" ino=8673 scontext=u:r:toolbox:s0 tcontext=u:r:keystore:s0 tclass=file permissive=1
01-01 08:00:08.860 317 317 I pgrep : type=1400 audit(0.0:128): avc: denied { getattr } for path="/proc/211" dev="proc" ino=7383 scontext=u:r:toolbox:s0 tcontext=u:r:hal_bootctl_default:s0 tclass=dir permissive=1
01-01 08:00:08.860 317 317 I pgrep : type=1400 audit(0.0:129): avc: denied { search } for name="211" dev="proc" ino=7383 scontext=u:r:toolbox:s0 tcontext=u:r:hal_bootctl_default:s0 tclass=dir permissive=1
01-01 08:00:08.860 317 317 I pgrep : type=1400 audit(0.0:130): avc: denied { open } for path="/proc/211/stat" dev="proc" ino=8674 scontext=u:r:toolbox:s0 tcontext=u:r:hal_bootctl_default:s0 tclass=file permissive=1
01-01 08:00:08.860 317 317 I pgrep : type=1400 audit(0.0:131): avc: denied { getattr } for path="/proc/212" dev="proc" ino=452 scontext=u:r:toolbox:s0 tcontext=u:r:hal_keymint_default:s0 tclass=dir permissive=1
01-01 08:00:08.860 317 317 I pgrep : type=1400 audit(0.0:132): avc: denied { search } for name="212" dev="proc" ino=452 scontext=u:r:toolbox:s0 tcontext=u:r:hal_keymint_default:s0 tclass=dir permissive=1
01-01 08:00:08.860 317 317 I pgrep : type=1400 audit(0.0:133): avc: denied { open } for path="/proc/212/stat" dev="proc" ino=8675 scontext=u:r:toolbox:s0 tcontext=u:r:hal_keymint_default:s0 tclass=file permissive=1
01-01 08:00:08.860 317 317 I pgrep : type=1400 audit(0.0:134): avc: denied { getattr } for path="/proc/213" dev="proc" ino=6407 scontext=u:r:toolbox:s0 tcontext=u:r:tee:s0 tclass=dir permissive=1
01-01 08:00:08.860 317 317 I pgrep : type=1400 audit(0.0:135): avc: denied { search } for name="213" dev="proc" ino=6407 scontext=u:r:toolbox:s0 tcontext=u:r:tee:s0 tclass=dir permissive=1
01-01 08:00:08.860 317 317 I pgrep : type=1400 audit(0.0:136): avc: denied { open } for path="/proc/213/stat" dev="proc" ino=8676 scontext=u:r:toolbox:s0 tcontext=u:r:tee:s0 tclass=file permissive=1
01-01 08:00:08.860 317 317 I pgrep : type=1400 audit(0.0:137): avc: denied { getattr } for path="/proc/225" dev="proc" ino=6512 scontext=u:r:toolbox:s0 tcontext=u:r:tombstoned:s0 tclass=dir permissive=1
01-01 08:00:08.860 317 317 I pgrep : type=1400 audit(0.0:138): avc: denied { search } for name="225" dev="proc" ino=6512 scontext=u:r:toolbox:s0 tcontext=u:r:tombstoned:s0 tclass=dir permissive=1
01-01 08:00:08.860 317 317 I pgrep : type=1400 audit(0.0:139): avc: denied { open } for path="/proc/225/stat" dev="proc" ino=8681 scontext=u:r:toolbox:s0 tcontext=u:r:tombstoned:s0 tclass=file permissive=1
01-01 08:00:08.860 317 317 I pgrep : type=1400 audit(0.0:140): avc: denied { getattr } for path="/proc/247" dev="proc" ino=6700 scontext=u:r:toolbox:s0 tcontext=u:r:statsd:s0 tclass=dir permissive=1
01-01 08:00:08.860 317 317 I pgrep : type=1400 audit(0.0:141): avc: denied { search } for name="247" dev="proc" ino=6700 scontext=u:r:toolbox:s0 tcontext=u:r:statsd:s0 tclass=dir permissive=1
01-01 08:00:08.860 317 317 I pgrep : type=1400 audit(0.0:142): avc: denied { open } for path="/proc/247/stat" dev="proc" ino=8682 scontext=u:r:toolbox:s0 tcontext=u:r:statsd:s0 tclass=file permissive=1
01-01 08:00:08.860 317 317 I pgrep : type=1400 audit(0.0:143): avc: denied { getattr } for path="/proc/248" dev="proc" ino=603 scontext=u:r:toolbox:s0 tcontext=u:r:netd:s0 tclass=dir permissive=1
01-01 08:00:08.860 317 317 I pgrep : type=1400 audit(0.0:144): avc: denied { search } for name="248" dev="proc" ino=603 scontext=u:r:toolbox:s0 tcontext=u:r:netd:s0 tclass=dir permissive=1
01-01 08:00:08.860 317 317 I pgrep : type=1400 audit(0.0:145): avc: denied { open } for path="/proc/248/stat" dev="proc" ino=8683 scontext=u:r:toolbox:s0 tcontext=u:r:netd:s0 tclass=file permissive=1
01-01 08:00:08.860 317 317 I pgrep : type=1400 audit(0.0:146): avc: denied { getattr } for path="/proc/249" dev="proc" ino=2645 scontext=u:r:toolbox:s0 tcontext=u:r:zygote:s0 tclass=dir permissive=1
01-01 08:00:08.860 317 317 I pgrep : type=1400 audit(0.0:147): avc: denied { search } for name="249" dev="proc" ino=2645 scontext=u:r:toolbox:s0 tcontext=u:r:zygote:s0 tclass=dir permissive=1
01-01 08:00:08.860 317 317 I pgrep : type=1400 audit(0.0:148): avc: denied { open } for path="/proc/249/stat" dev="proc" ino=8684 scontext=u:r:toolbox:s0 tcontext=u:r:zygote:s0 tclass=file permissive=1
01-01 08:00:08.860 317 317 I pgrep : type=1400 audit(0.0:149): avc: denied { getattr } for path="/proc/253" dev="proc" ino=2674 scontext=u:r:toolbox:s0 tcontext=u:r:hal_allocator_default:s0 tclass=dir permissive=1
01-01 08:00:08.860 317 317 I pgrep : type=1400 audit(0.0:150): avc: denied { search } for name="253" dev="proc" ino=2674 scontext=u:r:toolbox:s0 tcontext=u:r:hal_allocator_default:s0 tclass=dir permissive=1
01-01 08:00:08.860 317 317 I pgrep : type=1400 audit(0.0:151): avc: denied { open } for path="/proc/253/stat" dev="proc" ino=8685 scontext=u:r:toolbox:s0 tcontext=u:r:hal_allocator_default:s0 tclass=file permissive=1
01-01 08:00:08.860 317 317 I pgrep : type=1400 audit(0.0:152): avc: denied { getattr } for path="/proc/254" dev="proc" ino=6748 scontext=u:r:toolbox:s0 tcontext=u:r:hal_audio_default:s0 tclass=dir permissive=1
01-01 08:00:08.860 317 317 I pgrep : type=1400 audit(0.0:153): avc: denied { search } for name="254" dev="proc" ino=6748 scontext=u:r:toolbox:s0 tcontext=u:r:hal_audio_default:s0 tclass=dir permissive=1
01-01 08:00:08.860 317 317 I pgrep : type=1400 audit(0.0:154): avc: denied { open } for path="/proc/254/stat" dev="proc" ino=8686 scontext=u:r:toolbox:s0 tcontext=u:r:hal_audio_default:s0 tclass=file permissive=1
01-01 08:00:08.860 317 317 I pgrep : type=1400 audit(0.0:155): avc: denied { getattr } for path="/proc/255" dev="proc" ino=650 scontext=u:r:toolbox:s0 tcontext=u:r:hal_bluetooth_default:s0 tclass=dir permissive=1
01-01 08:00:08.860 317 317 I pgrep : type=1400 audit(0.0:156): avc: denied { search } for name="255" dev="proc" ino=650 scontext=u:r:toolbox:s0 tcontext=u:r:hal_bluetooth_default:s0 tclass=dir permissive=1
01-01 08:00:08.860 317 317 I pgrep : type=1400 audit(0.0:157): avc: denied { open } for path="/proc/255/stat" dev="proc" ino=8687 scontext=u:r:toolbox:s0 tcontext=u:r:hal_bluetooth_default:s0 tclass=file permissive=1
01-01 08:00:08.860 317 317 I pgrep : type=1400 audit(0.0:158): avc: denied { getattr } for path="/proc/256" dev="proc" ino=646 scontext=u:r:toolbox:s0 tcontext=u:r:hal_camera_default:s0 tclass=dir permissive=1
01-01 08:00:08.860 317 317 I pgrep : type=1400 audit(0.0:159): avc: denied { search } for name="256" dev="proc" ino=646 scontext=u:r:toolbox:s0 tcontext=u:r:hal_camera_default:s0 tclass=dir permissive=1
01-01 08:00:08.864 317 317 I pgrep : type=1400 audit(0.0:160): avc: denied { open } for path="/proc/256/stat" dev="proc" ino=8688 scontext=u:r:toolbox:s0 tcontext=u:r:hal_camera_default:s0 tclass=file permissive=1
01-01 08:00:08.864 317 317 I pgrep : type=1400 audit(0.0:161): avc: denied { getattr } for path="/proc/257" dev="proc" ino=656 scontext=u:r:toolbox:s0 tcontext=u:r:hal_cas_default:s0 tclass=dir permissive=1
01-01 08:00:08.864 317 317 I pgrep : type=1400 audit(0.0:162): avc: denied { search } for name="257" dev="proc" ino=656 scontext=u:r:toolbox:s0 tcontext=u:r:hal_cas_default:s0 tclass=dir permissive=1
01-01 08:00:08.864 317 317 I pgrep : type=1400 audit(0.0:163): avc: denied { open } for path="/proc/257/stat" dev="proc" ino=8689 scontext=u:r:toolbox:s0 tcontext=u:r:hal_cas_default:s0 tclass=file permissive=1
01-01 08:00:08.864 317 317 I pgrep : type=1400 audit(0.0:164): avc: denied { getattr } for path="/proc/258" dev="proc" ino=658 scontext=u:r:toolbox:s0 tcontext=u:r:hal_gatekeeper_default:s0 tclass=dir permissive=1
01-01 08:00:08.864 317 317 I pgrep : type=1400 audit(0.0:165): avc: denied { search } for name="258" dev="proc" ino=658 scontext=u:r:toolbox:s0 tcontext=u:r:hal_gatekeeper_default:s0 tclass=dir permissive=1
01-01 08:00:08.864 317 317 I pgrep : type=1400 audit(0.0:166): avc: denied { open } for path="/proc/258/stat" dev="proc" ino=8690 scontext=u:r:toolbox:s0 tcontext=u:r:hal_gatekeeper_default:s0 tclass=file permissive=1
01-01 08:00:08.864 317 317 I pgrep : type=1400 audit(0.0:167): avc: denied { getattr } for path="/proc/262" dev="proc" ino=6996 scontext=u:r:toolbox:s0 tcontext=u:r:hal_graphics_allocator_default:s0 tclass=dir permissive=1
01-01 08:00:08.864 317 317 I pgrep : type=1400 audit(0.0:168): avc: denied { search } for name="262" dev="proc" ino=6996 scontext=u:r:toolbox:s0 tcontext=u:r:hal_graphics_allocator_default:s0 tclass=dir permissive=1
01-01 08:00:08.864 316 316 I xiriservice_All: type=1400 audit(0.0:169): avc: denied { search } for name="com.android.modulemetadata" dev="mmcblk0p25" ino=790 scontext=u:r:init:s0 tcontext=u:object_r:app_data_file:s0:c58,c256,c512,c768 tclass=dir permissive=1
01-01 08:00:08.864 317 317 I pgrep : type=1400 audit(0.0:170): avc: denied { open } for path="/proc/262/stat" dev="proc" ino=8693 scontext=u:r:toolbox:s0 tcontext=u:r:hal_graphics_allocator_default:s0 tclass=file permissive=1
01-01 08:00:08.864 317 317 I pgrep : type=1400 audit(0.0:171): avc: denied { getattr } for path="/proc/263" dev="proc" ino=7651 scontext=u:r:toolbox:s0 tcontext=u:r:hal_graphics_composer_default:s0 tclass=dir permissive=1
01-01 08:00:08.864 316 316 I xiriservice_All: type=1400 audit(0.0:172): avc: denied { search } for name="com.google.android.apps.searchlite.overlay" dev="mmcblk0p25" ino=814 scontext=u:r:init:s0 tcontext=u:object_r:app_data_file:s0:c5,c256,c512,c768 tclass=dir permissive=1
01-01 08:00:08.864 317 317 I pgrep : type=1400 audit(0.0:173): avc: denied { search } for name="263" dev="proc" ino=7651 scontext=u:r:toolbox:s0 tcontext=u:r:hal_graphics_composer_default:s0 tclass=dir permissive=1
01-01 08:00:08.864 317 317 I pgrep : type=1400 audit(0.0:174): avc: denied { open } for path="/proc/263/stat" dev="proc" ino=8694 scontext=u:r:toolbox:s0 tcontext=u:r:hal_graphics_composer_default:s0 tclass=file permissive=1
01-01 08:00:08.864 316 316 I xiriservice_All: type=1400 audit(0.0:175): avc: denied { search } for name="com.android.internal.systemui.navbar.threebutton" dev="mmcblk0p25" ino=822 scontext=u:r:init:s0 tcontext=u:object_r:app_data_file:s0:c4,c256,c512,c768 tclass=dir permissive=1
01-01 08:00:08.864 316 316 I xiriservice_All: type=1400 audit(0.0:176): avc: denied { search } for name="com.google.android.networkstackconfig" dev="mmcblk0p25" ino=830 scontext=u:r:init:s0 tcontext=u:object_r:app_data_file:s0:c7,c256,c512,c768 tclass=dir permissive=1
01-01 08:00:08.864 317 317 I pgrep : type=1400 audit(0.0:177): avc: denied { getattr } for path="/proc/264" dev="proc" ino=7654 scontext=u:r:toolbox:s0 tcontext=u:r:hal_health_default:s0 tclass=dir permissive=1
01-01 08:00:08.864 317 317 I pgrep : type=1400 audit(0.0:178): avc: denied { search } for name="264" dev="proc" ino=7654 scontext=u:r:toolbox:s0 tcontext=u:r:hal_health_default:s0 tclass=dir permissive=1
01-01 08:00:08.864 317 317 I pgrep : type=1400 audit(0.0:179): avc: denied { open } for path="/proc/264/stat" dev="proc" ino=8695 scontext=u:r:toolbox:s0 tcontext=u:r:hal_health_default:s0 tclass=file permissive=1
01-01 08:00:08.864 317 317 I pgrep : type=1400 audit(0.0:180): avc: denied { getattr } for path="/proc/267" dev="proc" ino=7016 scontext=u:r:toolbox:s0 tcontext=u:r:hal_light_default:s0 tclass=dir permissive=1
01-01 08:00:08.864 317 317 I pgrep : type=1400 audit(0.0:181): avc: denied { search } for name="267" dev="proc" ino=7016 scontext=u:r:toolbox:s0 tcontext=u:r:hal_light_default:s0 tclass=dir permissive=1
01-01 08:00:08.864 317 317 I pgrep : type=1400 audit(0.0:182): avc: denied { open } for path="/proc/267/stat" dev="proc" ino=8696 scontext=u:r:toolbox:s0 tcontext=u:r:hal_light_default:s0 tclass=file permissive=1
01-01 08:00:08.864 317 317 I pgrep : type=1400 audit(0.0:183): avc: denied { getattr } for path="/proc/268" dev="proc" ino=677 scontext=u:r:toolbox:s0 tcontext=u:r:hal_power_default:s0 tclass=dir permissive=1
01-01 08:00:08.864 317 317 I pgrep : type=1400 audit(0.0:184): avc: denied { search } for name="268" dev="proc" ino=677 scontext=u:r:toolbox:s0 tcontext=u:r:hal_power_default:s0 tclass=dir permissive=1
01-01 08:00:08.864 317 317 I pgrep : type=1400 audit(0.0:185): avc: denied { open } for path="/proc/268/stat" dev="proc" ino=8697 scontext=u:r:toolbox:s0 tcontext=u:r:hal_power_default:s0 tclass=file permissive=1
01-01 08:00:08.864 317 317 I pgrep : type=1400 audit(0.0:186): avc: denied { getattr } for path="/proc/269" dev="proc" ino=7696 scontext=u:r:toolbox:s0 tcontext=u:r:hal_tv_cec_default:s0 tclass=dir permissive=1
01-01 08:00:08.864 317 317 I pgrep : type=1400 audit(0.0:187): avc: denied { search } for name="269" dev="proc" ino=7696 scontext=u:r:toolbox:s0 tcontext=u:r:hal_tv_cec_default:s0 tclass=dir permissive=1
01-01 08:00:08.864 317 317 I pgrep : type=1400 audit(0.0:188): avc: denied { open } for path="/proc/269/stat" dev="proc" ino=8698 scontext=u:r:toolbox:s0 tcontext=u:r:hal_tv_cec_default:s0 tclass=file permissive=1
