01-01 08:00:12.093 479 479 D CompatConfig: Adding: com.android.server.compat.config.Change@e50f076
01-01 08:00:12.093 479 479 D CompatConfig: Adding: com.android.server.compat.config.Change@2fe8677
01-01 08:00:12.095 479 529 I SystemConfig: Reading permissions from /system/etc/permissions/com.android.documentsui.xml
01-01 08:00:12.096 479 479 D CompatConfig: Adding: com.android.server.compat.config.Change@72d34d
01-01 08:00:12.101 479 479 D CompatConfig: Adding: com.android.server.compat.config.Change@7d39e02
01-01 08:00:12.102 479 479 D CompatConfig: Adding: com.android.server.compat.config.Change@6cb1313
01-01 08:00:12.104 479 529 I SystemConfig: Reading permissions from /system/etc/permissions/com.android.media.remotedisplay.xml
01-01 08:00:12.105 479 479 D CompatConfig: No directory /apex/com.android.media.swcodec/etc/compatconfig, skipping
01-01 08:00:12.105 479 479 D CompatConfig: No directory /apex/com.android.media/etc/compatconfig, skipping
01-01 08:00:12.109 479 479 D CompatConfig: No directory /apex/com.android.ipsec/etc/compatconfig, skipping
01-01 08:00:12.110 479 479 D CompatConfig: No directory /apex/com.android.i18n/etc/compatconfig, skipping
01-01 08:00:12.110 479 479 D CompatConfig: No directory /apex/com.android.extservices/etc/compatconfig, skipping
01-01 08:00:12.110 479 529 I SystemConfig: Reading permissions from /system/etc/permissions/com.android.networkstack.tethering.xml
01-01 08:00:12.110 479 479 D CompatConfig: No directory /apex/com.android.conscrypt/etc/compatconfig, skipping
01-01 08:00:12.111 479 479 D CompatConfig: Found a config file: /apex/com.android.art/etc/compatconfig/libcore-platform-compat-config.xml
01-01 08:00:12.112 479 529 I SystemConfig: Reading permissions from /system/etc/permissions/android.software.controls.xml
01-01 08:00:12.113 479 479 D CompatConfig: Adding: com.android.server.compat.config.Change@95e7a7c
01-01 08:00:12.114 479 479 D CompatConfig: Adding: com.android.server.compat.config.Change@e741f05
01-01 08:00:12.114 479 479 D CompatConfig: Adding: com.android.server.compat.config.Change@74fd18b
01-01 08:00:12.114 479 479 D CompatConfig: Adding: com.android.server.compat.config.Change@b56c268
01-01 08:00:12.115 479 529 I SystemConfig: Reading permissions from /system/etc/permissions/privapp-permissions-platform.xml
01-01 08:00:12.115 479 479 D CompatConfig: Adding: com.android.server.compat.config.Change@79ca681
01-01 08:00:12.116 479 479 D CompatConfig: No directory /apex/com.android.appsearch/etc/compatconfig, skipping
01-01 08:00:12.116 479 479 D CompatConfig: No directory /apex/com.android.adbd/etc/compatconfig, skipping
01-01 08:00:12.126 479 529 I SystemConfig: Reading permissions from /system/etc/permissions/android.test.base.xml
01-01 08:00:12.127 479 479 I SystemServerTiming: StartFileIntegrityService
01-01 08:00:12.127 479 479 I SystemServiceManager: Starting com.android.server.security.FileIntegrityService
01-01 08:00:12.134 479 529 I SystemConfig: Reading permissions from /system/etc/permissions/android.software.live_wallpaper.xml
01-01 08:00:12.135 479 529 I SystemConfig: Reading permissions from /system/etc/permissions/com.android.location.provider.xml
01-01 08:00:12.137 479 529 I SystemConfig: Reading permissions from /system/etc/permissions/javax.obex.xml
01-01 08:00:12.150 479 529 I SystemConfig: Reading permissions from /system/etc/permissions/android.software.webview.xml
01-01 08:00:12.151 479 529 I SystemConfig: Reading permissions from /system/etc/permissions/oranth-privapp-permissions.xml
01-01 08:00:12.155 479 529 I SystemConfig: Reading permissions from /system/etc/permissions/com.android.mediadrm.signer.xml
01-01 08:00:12.158 479 529 I SystemConfig: Reading permissions from /system/etc/permissions/android.hardware.hdmi.cec.xml
01-01 08:00:12.160 479 529 I SystemConfig: Reading permissions from /system/etc/permissions/android.test.runner.xml
01-01 08:00:12.162 479 529 I SystemConfig: Reading permissions from /system/etc/permissions/android.hardware.location.network.xml
01-01 08:00:12.165 479 529 I SystemConfig: Reading permissions from /system/etc/permissions/privapp-vendor-permissions.xml
01-01 08:00:12.167 479 529 I SystemConfig: Reading permissions from /system/etc/permissions/platform.xml
01-01 08:00:12.176 479 529 I SystemConfig: Reading permissions from /vendor/etc/permissions/android.hardware.opengles.aep.xml
01-01 08:00:12.178 479 529 I SystemConfig: Reading permissions from /vendor/etc/permissions/android.hardware.vulkan.version.xml
01-01 08:00:12.178 479 511 I Zygote : Preloading shared libraries...
01-01 08:00:12.179 479 529 I SystemConfig: Reading permissions from /vendor/etc/permissions/android.hardware.keystore.app_attest_key.xml
01-01 08:00:12.181 479 529 I SystemConfig: Reading permissions from /vendor/etc/permissions/android.hardware.vulkan.level.xml
01-01 08:00:12.183 519 519 D BootAnimation: BootAnimationPreloadTiming start time: 10117ms
01-01 08:00:12.183 479 529 I SystemConfig: Reading permissions from /vendor/etc/permissions/android.software.pppoe.xml
01-01 08:00:12.185 479 529 I SystemConfig: Reading permissions from /vendor/etc/permissions/android.software.ipsec_tunnels.xml
01-01 08:00:12.187 479 529 I SystemConfig: Reading permissions from /vendor/etc/permissions/android.hardware.usb.accessory.xml
01-01 08:00:12.189 479 529 I SystemConfig: Reading permissions from /vendor/etc/permissions/id.hardware.camera.xml
01-01 08:00:12.191 479 529 I SystemConfig: Reading permissions from /vendor/etc/permissions/android.hardware.ethernet.xml
01-01 08:00:12.193 479 529 I SystemConfig: Reading permissions from /vendor/etc/permissions/android.hardware.wifi.passpoint.xml
01-01 08:00:12.196 479 529 I SystemConfig: Reading permissions from /vendor/etc/permissions/android.software.vulkan.deqp.level.xml
01-01 08:00:12.199 479 529 I SystemConfig: Reading permissions from /vendor/etc/permissions/android.software.verified_boot.xml
01-01 08:00:12.199 479 479 I SystemServerTiming: StartInstaller
01-01 08:00:12.200 479 479 I SystemServiceManager: Starting com.android.server.pm.Installer
01-01 08:00:12.200 479 529 I SystemConfig: Reading permissions from /vendor/etc/permissions/android.hardware.camera.front.xml
01-01 08:00:12.202 479 529 I SystemConfig: Reading permissions from /vendor/etc/permissions/android.hardware.bluetooth_le.xml
01-01 08:00:12.204 354 369 D installd: Found quota mount /dev/block/by-name/userdata at /data
01-01 08:00:12.204 354 369 D installd: Found quota mount /dev/block/by-name/userdata at /data/user/0
01-01 08:00:12.206 479 529 I SystemConfig: Reading permissions from /vendor/etc/permissions/android.hardware.bluetooth.xml
01-01 08:00:12.206 519 519 E BootAnimation: no audio.wav could be found!
01-01 08:00:12.206 519 519 D BootAnimation: BootAnimationPreloadStopTiming start time: 10141ms
01-01 08:00:12.207 479 479 I SystemServerTiming: DeviceIdentifiersPolicyService
01-01 08:00:12.207 479 479 I SystemServiceManager: Starting com.android.server.os.DeviceIdentifiersPolicyService
01-01 08:00:12.208 280 329 E HWComposer: getSupportedContentTypes: getSupportedContentTypes failed for display 0: Unsupported (8)
01-01 08:00:12.208 479 479 I SystemServerTiming: UriGrantsManagerService
01-01 08:00:12.208 479 479 I SystemServiceManager: Starting com.android.server.uri.UriGrantsManagerService$Lifecycle
01-01 08:00:12.210 479 529 I SystemConfig: Reading permissions from /vendor/etc/permissions/android.hardware.camera.external.xml
01-01 08:00:12.211 519 532 E cutils-trace: Error opening trace file: No such file or directory (2)
01-01 08:00:12.214 479 529 I SystemConfig: Reading permissions from /vendor/etc/permissions/android.hardware.vulkan.compute.xml
01-01 08:00:12.214 479 479 I SystemServerTiming: StartPowerStatsService
01-01 08:00:12.214 479 479 I SystemServiceManager: Starting com.android.server.powerstats.PowerStatsService
01-01 08:00:12.216 479 529 I SystemConfig: Reading permissions from /vendor/etc/permissions/android.hardware.camera.flash-autofocus.xml
01-01 08:00:12.217 184 184 E servicemanager: Could not find android.hardware.power.stats.IPowerStats/default in the VINTF manifest.
01-01 08:00:12.218 479 529 I SystemConfig: Reading permissions from /vendor/etc/permissions/android.hardware.hardware_keystore.xml
01-01 08:00:12.220 185 185 I hwservicemanager: getTransport: Cannot find entry android.hardware.power.stats@1.0::IPowerStats/default in either framework or device VINTF manifest.
01-01 08:00:12.221 479 479 E PowerStatsService: Unable to get power.stats HAL service.
01-01 08:00:12.221 479 479 E PowerStatsService: nativeInit failed to connect to power.stats HAL
01-01 08:00:12.221 479 529 I SystemConfig: Reading permissions from /vendor/etc/permissions/android.hardware.wifi.direct.xml
01-01 08:00:12.222 479 479 I SystemServerTiming: StartIStatsService
01-01 08:00:12.223 185 185 I hwservicemanager: getTransport: Cannot find entry android.frameworks.stats@1.0::IStats/default in either framework or device VINTF manifest.
01-01 08:00:12.223 479 479 E HidlServiceManagement: Service android.frameworks.stats@1.0::IStats/default must be in VINTF manifest in order to register/get.
01-01 08:00:12.223 479 479 W system_server: Cannot register HIDL android.frameworks.stats@1.0::IStats: -2147483648
01-01 08:00:12.224 184 184 I servicemanager: Found android.frameworks.stats.IStats/default in framework VINTF manifest.
01-01 08:00:12.224 479 529 I SystemConfig: Reading permissions from /vendor/etc/permissions/android.software.opengles.deqp.level.xml
01-01 08:00:12.225 479 479 I SystemServerTiming: MemtrackProxyService
01-01 08:00:12.226 185 185 I hwservicemanager: getTransport: Cannot find entry android.hardware.memtrack@1.0::IMemtrack/default in either framework or device VINTF manifest.
01-01 08:00:12.227 184 184 E servicemanager: Could not find android.hardware.memtrack.IMemtrack/default in the VINTF manifest.
01-01 08:00:12.227 479 479 I Stability: Interface set with vintf stability wire protocol version 1 downgraded to system stability wire protocol version 1 stability
01-01 08:00:12.228 479 479 I SystemServerTiming: StartActivityManager
01-01 08:00:12.228 479 479 I SystemServiceManager: Starting com.android.server.wm.ActivityTaskManagerService$Lifecycle
01-01 08:00:12.229 479 529 I SystemConfig: Reading permissions from /vendor/etc/permissions/tv_core_hardware.xml
01-01 08:00:12.232 479 529 I SystemConfig: Reading permissions from /vendor/etc/permissions/android.hardware.usb.host.xml
01-01 08:00:12.234 479 529 I SystemConfig: Reading permissions from /vendor/etc/permissions/android.software.backup.xml
01-01 08:00:12.235 479 529 I SystemConfig: Reading permissions from /vendor/etc/permissions/android.software.midi.xml
01-01 08:00:12.235 519 532 D libEGL : loaded /vendor/lib/egl/libGLES_mali.so
01-01 08:00:12.237 479 529 I SystemConfig: Reading permissions from /vendor/etc/permissions/android.hardware.reboot_escrow.xml
01-01 08:00:12.243 479 529 I SystemConfig: Reading permissions from /vendor/etc/permissions/android.hardware.wifi.xml
01-01 08:00:12.244 479 479 I SystemServiceManager: Starting com.android.server.am.ActivityManagerService$Lifecycle
01-01 08:00:12.248 479 529 I SystemConfig: Reading permissions from /vendor/etc/permissions/android.hardware.touchscreen.multitouch.xml
01-01 08:00:12.254 479 529 I SystemConfig: Reading permissions from /product/etc/sysconfig/preinstalled-packages-platform-overlays.xml
01-01 08:00:12.258 479 529 I SystemConfig: Reading permissions from /product/etc/sysconfig/preinstalled-packages-platform-handheld-product.xml
01-01 08:00:12.259 479 479 I ActivityManager: Memory class: 256
01-01 08:00:12.261 479 529 I SystemConfig: Reading permissions from /product/etc/permissions/com.android.tv.xml
01-01 08:00:12.263 479 529 I SystemConfig: Reading permissions from /product/etc/permissions/com.android.settings.intelligence.xml
01-01 08:00:12.266 479 529 W SystemConfig: No directory /system_ext/etc/sysconfig, skipping
01-01 08:00:12.268 479 529 I SystemConfig: Reading permissions from /system_ext/etc/permissions/provision-permissions.xml
01-01 08:00:12.271 479 536 I Binder : Setting heavy hitter watcher config: false, 0, 0.0
01-01 08:00:12.273 479 529 I SystemConfig: Reading permissions from /system_ext/etc/permissions/com.android.carrierconfig.xml
01-01 08:00:12.275 479 529 I SystemConfig: Reading permissions from /system_ext/etc/permissions/com.softwinner.screenshot.xml
01-01 08:00:12.276 479 529 I SystemConfig: Reading permissions from /system_ext/etc/permissions/privapp-settingssetup.xml
01-01 08:00:12.279 479 529 I SystemConfig: Reading permissions from /system_ext/etc/permissions/com.android.tv.settings.xml
01-01 08:00:12.280 479 529 I SystemConfig: Reading permissions from /system_ext/etc/permissions/com.android.storagemanager.xml
01-01 08:00:12.282 479 529 I SystemConfig: Reading permissions from /system_ext/etc/permissions/com.android.provision.xml
01-01 08:00:12.285 479 529 I SystemConfig: Reading permissions from /system_ext/etc/permissions/com.android.systemui.xml
01-01 08:00:12.290 479 529 I SystemConfig: Reading permissions from /apex/com.android.ipsec/etc/permissions/android.net.ipsec.ike.xml
01-01 08:00:12.298 479 529 W SystemConfig: Failed to read public libraries file /vendor/etc/public.libraries.txt
01-01 08:00:12.298 479 529 W SystemConfig: java.io.FileNotFoundException: /vendor/etc/public.libraries.txt: open failed: ENOENT (No such file or directory)
01-01 08:00:12.298 479 529 W SystemConfig: at libcore.io.IoBridge.open(IoBridge.java:575)
01-01 08:00:12.298 479 529 W SystemConfig: at java.io.FileInputStream.(FileInputStream.java:160)
01-01 08:00:12.298 479 529 W SystemConfig: at java.io.FileReader.(FileReader.java:72)
01-01 08:00:12.298 479 529 W SystemConfig: at com.android.server.SystemConfig.readPublicLibrariesListFile(SystemConfig.java:1601)
01-01 08:00:12.298 479 529 W SystemConfig: at com.android.server.SystemConfig.readPublicNativeLibrariesList(SystemConfig.java:1583)
01-01 08:00:12.298 479 529 W SystemConfig: at com.android.server.SystemConfig.(SystemConfig.java:484)
01-01 08:00:12.298 479 529 W SystemConfig: at com.android.server.SystemConfig.getInstance(SystemConfig.java:272)
01-01 08:00:12.298 479 529 W SystemConfig: at com.android.server.SystemServer$$ExternalSyntheticLambda7.run(Unknown Source:0)
01-01 08:00:12.298 479 529 W SystemConfig: at com.android.server.SystemServerInitThreadPool.lambda$submitTask$0$SystemServerInitThreadPool(SystemServerInitThreadPool.java:105)
01-01 08:00:12.298 479 529 W SystemConfig: at com.android.server.SystemServerInitThreadPool$$ExternalSyntheticLambda0.run(Unknown Source:6)
01-01 08:00:12.298 479 529 W SystemConfig: at java.util.concurrent.Executors$RunnableAdapter.call(Executors.java:462)
01-01 08:00:12.298 479 529 W SystemConfig: at java.util.concurrent.FutureTask.run(FutureTask.java:266)
01-01 08:00:12.298 479 529 W SystemConfig: at java.util.concurrent.ThreadPoolExecutor.runWorker(ThreadPoolExecutor.java:1167)
01-01 08:00:12.298 479 529 W SystemConfig: at java.util.concurrent.ThreadPoolExecutor$Worker.run(ThreadPoolExecutor.java:641)
01-01 08:00:12.298 479 529 W SystemConfig: at com.android.internal.util.ConcurrentUtils$1$1.run(ConcurrentUtils.java:65)
01-01 08:00:12.298 479 529 W SystemConfig: Caused by: android.system.ErrnoException: open failed: ENOENT (No such file or directory)
01-01 08:00:12.298 479 529 W SystemConfig: at libcore.io.Linux.open(Native Method)
01-01 08:00:12.298 479 529 W SystemConfig: at libcore.io.ForwardingOs.open(ForwardingOs.java:567)
01-01 08:00:12.298 479 529 W SystemConfig: at libcore.io.BlockGuardOs.open(BlockGuardOs.java:273)
01-01 08:00:12.298 479 529 W SystemConfig: at libcore.io.IoBridge.open(IoBridge.java:561)
01-01 08:00:12.298 479 529 W SystemConfig: ... 14 more
01-01 08:00:12.299 479 529 D SystemServerInitThreadPool: Finished executing ReadingSystemConfig
01-01 08:00:12.324 519 519 I BootAnimation: type=1400 audit(0.0:314): avc: denied { search } for name="data" dev="mmcblk0p25" ino=87 scontext=u:r:bootanim:s0 tcontext=u:object_r:system_data_file:s0:c512,c768 tclass=dir permissive=1
01-01 08:00:12.332 185 185 I hwservicemanager: getTransport: Cannot find entry android.hardware.configstore@1.0::ISurfaceFlingerConfigs/default in either framework or device VINTF manifest.
01-01 08:00:12.346 479 479 D BatteryStatsImpl: Reading daily items from /data/system/batterystats-daily.xml
01-01 08:00:12.354 479 510 W Zygote : Class not found for preloading: android.view.SurfaceView$2
01-01 08:00:12.366 519 532 D BootAnimation: BootAnimationShownTiming start time: 10300ms
01-01 08:00:12.372 185 185 I hwservicemanager: getTransport: Cannot find entry android.hardware.power.stats@1.0::IPowerStats/default in either framework or device VINTF manifest.
01-01 08:00:12.374 479 550 E BatteryStatsService: Unable to load Power.Stats.HAL. Setting rail availability to false
01-01 08:00:12.377 479 550 E BluetoothAdapter: Bluetooth binder is null
01-01 08:00:12.378 479 550 I KernelCpuUidFreqTimeReader: mPerClusterTimesAvailable=false
01-01 08:00:12.384 479 550 W KernelCpuUidFreqTimeBpfMapReader: Failed to start tracking
01-01 08:00:12.386 479 550 W KernelCpuProcStringReader: File not found. It's normal if not implemented: /proc/uid_time_in_state
01-01 08:00:12.390 479 550 W KernelCpuUidActiveTimeBpfMapReader: Failed to start tracking
01-01 08:00:12.392 479 550 W KernelCpuProcStringReader: File not found. It's normal if not implemented: /proc/uid_concurrent_active_time
01-01 08:00:12.397 479 550 W KernelCpuUidClusterTimeBpfMapReader: Failed to start tracking
01-01 08:00:12.400 479 550 W KernelCpuProcStringReader: File not found. It's normal if not implemented: /proc/uid_concurrent_policy_time
01-01 08:00:12.402 479 550 E KernelCpuSpeedReader: Failed to read cpu-freq: /sys/devices/system/cpu/cpu0/cpufreq/stats/time_in_state: open failed: ENOENT (No such file or directory)
01-01 08:00:12.405 479 550 E system_server: Cannot read thread CPU times for PID 479
01-01 08:00:12.408 209 209 I Binder:209_2: type=1400 audit(0.0:315): avc: denied { read } for name="event_count" dev="sysfs" ino=22115 scontext=u:r:system_suspend:s0 tcontext=u:object_r:sysfs:s0 tclass=file permissive=1
01-01 08:00:12.408 209 209 I Binder:209_2: type=1400 audit(0.0:316): avc: denied { open } for path="/sys/devices/platform/soc@3000000/7040000.s_cir/wakeup/wakeup4/event_count" dev="sysfs" ino=22115 scontext=u:r:system_suspend:s0 tcontext=u:object_r:sysfs:s0 tclass=file permissive=1
01-01 08:00:12.408 209 209 I Binder:209_2: type=1400 audit(0.0:317): avc: denied { getattr } for path="/sys/devices/platform/soc@3000000/7040000.s_cir/wakeup/wakeup4/event_count" dev="sysfs" ino=22115 scontext=u:r:system_suspend:s0 tcontext=u:object_r:sysfs:s0 tclass=file permissive=1
01-01 08:00:12.434 185 185 I hwservicemanager: getTransport: Cannot find entry android.hardware.graphics.mapper@4.0::IMapper/default in either framework or device VINTF manifest.
01-01 08:00:12.434 479 550 W KernelMemoryBandwidthStats: No kernel memory bandwidth stats available
01-01 08:00:12.437 519 532 I Gralloc4: mapper 4.x is not supported
01-01 08:00:12.438 185 185 I hwservicemanager: getTransport: Cannot find entry android.hardware.graphics.mapper@3.0::IMapper/default in either framework or device VINTF manifest.
01-01 08:00:12.438 519 532 W Gralloc3: mapper 3.x is not supported
01-01 08:00:12.445 519 532 E gralloc : Arm Module v1.0
01-01 08:00:12.446 185 185 I hwservicemanager: getTransport: Cannot find entry android.hardware.graphics.allocator@4.0::IAllocator/default in either framework or device VINTF manifest.
01-01 08:00:12.447 519 532 W Gralloc4: allocator 4.x is not supported
01-01 08:00:12.447 185 185 I hwservicemanager: getTransport: Cannot find entry android.hardware.graphics.allocator@3.0::IAllocator/default in either framework or device VINTF manifest.
01-01 08:00:12.447 519 532 W Gralloc3: allocator 3.x is not supported
01-01 08:00:12.452 262 262 I gralloc : alloc buffer:W:1920 H:1080 S:1920 PL[1920 1080] SZ:8294400 fmt:43 if:0 af:43 usg:20000b00 fg:00000004
01-01 08:00:12.453 519 532 E ion : ioctl c0044901 failed with code -1: Inappropriate ioctl for device
01-01 08:00:12.477 280 280 I SurfaceFlinger: Enter boot animation
01-01 08:00:12.479 263 285 E ion : ioctl c0044901 failed with code -1: Inappropriate ioctl for device
01-01 08:00:12.488 409 409 I : DVI mode selected: packets not configured
01-01 08:00:12.488 409 409 I : Error: set vsif failed
01-01 08:00:12.545 262 262 I gralloc : alloc buffer:W:1920 H:1080 S:1920 PL[1920 1080] SZ:8294400 fmt:43 if:0 af:43 usg:20000b00 fg:00000004
01-01 08:00:12.568 409 409 I : DVI mode selected: packets not configured
01-01 08:00:12.568 409 409 I : Error: set vsif failed
01-01 08:00:12.597 479 510 I Zygote : ...preloaded 7337 classes in 1005ms.
01-01 08:00:12.598 479 509 I Zygote : Called ZygoteHooks.endPreload()
01-01 08:00:12.600 479 509 I Zygote : Installed AndroidKeyStoreProvider in 2ms.
01-01 08:00:12.611 479 479 I IntentFirewall: Read new rules (A:0 B:0 S:0)
01-01 08:00:12.623 479 509 I Zygote : Warmed up JCA providers in 22ms.
01-01 08:00:12.623 479 509 D Zygote : Zygote:ThreadPreadloadClass took 1032ms.
01-01 08:00:12.634 409 409 I : DVI mode selected: packets not configured
01-01 08:00:12.634 409 409 I : Error: set vsif failed
01-01 08:00:12.630 479 479 E libprocessgroup: Failed to open /dev/memcg/apps: Permission denied
01-01 08:00:12.633 479 479 D AppOps : AppOpsService published
01-01 08:00:12.634 479 479 I SystemServerTiming: StartDataLoaderManagerService
01-01 08:00:12.634 479 479 I SystemServiceManager: Starting com.android.server.pm.DataLoaderManagerService
01-01 08:00:12.639 479 479 I SystemServerTiming: StartIncrementalService
01-01 08:00:12.643 479 479 I incfs-mounts: [incfs] Loaded incremental-fs mount info: 0 instances, 0 mount points
01-01 08:00:12.644 479 479 I SystemServerTiming: StartPowerManager
01-01 08:00:12.645 479 479 I SystemServiceManager: Starting com.android.server.power.PowerManagerService
01-01 08:00:12.655 184 184 I servicemanager: Found android.hardware.power.IPower/default in device VINTF manifest.
01-01 08:00:12.664 185 185 I hw-BpHwBinder: onLastStrongRef automatically unlinking death recipients
01-01 08:00:12.667 268 268 I AW_PowerHAL: Power setMode: INTERACTIVE to: 1
01-01 08:00:12.667 268 268 I AW_PowerHAL: not completed yet, ignore mode request other
01-01 08:00:12.667 268 268 I AW_PowerHAL: check: Mode 0 not Supported ,do nothing
01-01 08:00:12.669 479 479 I SystemServerTiming: StartThermalManager
01-01 08:00:12.670 479 479 I SystemServiceManager: Starting com.android.server.power.ThermalManagerService
01-01 08:00:12.671 479 479 I SystemServerTiming: StartHintManager
01-01 08:00:12.671 479 479 I SystemServiceManager: Starting com.android.server.power.hint.HintManagerService
01-01 08:00:12.673 479 479 E PowerHalController: getHintSessionPreferredRate failed: Status(-129, EX_TRANSACTION_FAILED): 'UNKNOWN_TRANSACTION: '
01-01 08:00:12.674 479 479 I SystemServerTiming: InitPowerManagement
01-01 08:00:12.680 479 479 I SystemServerTiming: StartRecoverySystemService
01-01 08:00:12.680 479 479 I SystemServiceManager: Starting com.android.server.recoverysystem.RecoverySystemService$Lifecycle
01-01 08:00:12.685 409 409 I : DVI mode selected: packets not configured
01-01 08:00:12.685 409 409 I : Error: set vsif failed
01-01 08:00:12.684 479 479 I PackageWatchdog: Syncing state, reason: added new observer
01-01 08:00:12.685 479 479 I PackageWatchdog: Not pruning observers, elapsed time: 0ms
01-01 08:00:12.685 479 535 I PackageWatchdog: Saving observer state to file
01-01 08:00:12.690 479 479 I PackageWatchdog: Cancelling state sync, nothing to sync
01-01 08:00:12.692 479 479 I SystemServerTiming: StartLightsService
01-01 08:00:12.692 479 479 I SystemServiceManager: Starting com.android.server.lights.LightsService
01-01 08:00:12.695 184 184 I servicemanager: Found android.hardware.light.ILights/default in device VINTF manifest.
01-01 08:00:12.697 267 267 I android.hardware.lights-service: Lights reporting supported lights size=1
01-01 08:00:12.698 479 479 I SystemServerTiming: StartSidekickService
01-01 08:00:12.698 479 479 I SystemServerTiming: StartDisplayManager
01-01 08:00:12.699 479 479 I SystemServiceManager: Starting com.android.server.display.DisplayManagerService
01-01 08:00:12.719 280 534 E HWComposer: getSupportedContentTypes: getSupportedContentTypes failed for display 0: Unsupported (8)
01-01 08:00:12.719 479 479 I SystemServerTiming: WaitForDisplay
01-01 08:00:12.719 479 479 I SystemServiceManager: Starting phase 100
01-01 08:00:12.719 479 479 I SystemServerTiming: OnBootPhase_100
01-01 08:00:12.739 479 525 I DisplayDeviceRepository: Display device added: DisplayDeviceInfo{"内置屏幕": uniqueId="local:0", 1920 x 1080, modeId 1, defaultModeId 1, supportedModes [{id=1, width=1920, height=1080, fps=60.000004, alternativeRefreshRates=[]}], colorMode 0, supportedColorModes [0], hdrCapabilities HdrCapabilities{mSupportedHdrTypes=[2, 3], mMaxLuminance=500.0, mMaxAverageLuminance=500.0, mMinLuminance=0.0}, allmSupported false, gameContentTypeSupported false, density 240, 0.16 x 0.16 dpi, appVsyncOff 1000000, presDeadline 16666666, touch INTERNAL, rotation 0, type INTERNAL, address {port=0}, deviceProductInfo null, state UNKNOWN, frameRateOverride , brightnessMinimum 0.0, brightnessMaximum 1.0, brightnessDefault 0.39763778, FLAG_DEFAULT_DISPLAY, FLAG_ROTATES_WITH_CONTENT, FLAG_SECURE, FLAG_SUPPORTS_PROTECTED_BUFFERS}
01-01 08:00:12.741 479 525 I LogicalDisplayMapper: Applying layout: [{addr: {port=0}, dispId: 0(ON)}], Previous layout: null
01-01 08:00:12.751 409 409 I : DVI mode selected: packets not configured
01-01 08:00:12.751 409 409 I : Error: set vsif failed
01-01 08:00:12.747 479 525 I LogicalDisplayMapper: Adding new display: 0: DisplayInfo{"内置屏幕", displayId 0", displayGroupId -1, FLAG_SECURE, FLAG_SUPPORTS_PROTECTED_BUFFERS, FLAG_TRUSTED, real 1920 x 1080, largest app 1920 x 1080, smallest app 1920 x 1080, appVsyncOff 1000000, presDeadline 16666666, mode 1, defaultMode 1, modes [{id=1, width=1920, height=1080, fps=60.000004, alternativeRefreshRates=[]}], hdrCapabilities HdrCapabilities{mSupportedHdrTypes=[2, 3], mMaxLuminance=500.0, mMaxAverageLuminance=500.0, mMinLuminance=0.0}, userDisabledHdrTypes [], minimalPostProcessingSupported false, rotation 0, state UNKNOWN, type INTERNAL, uniqueId "local:0", app 1920 x 1080, density 240 (0.16 x 0.16) dpi, layerStack 0, colorMode 0, supportedColorModes [0], address {port=0}, deviceProductInfo null, removeMode 0, refreshRateOverride 0.0, brightnessMinimum 0.0, brightnessMaximum 1.0, brightnessDefault 0.39763778}
01-01 08:00:12.748 479 525 I LogicalDisplayMapper: Setting new display group 0 for display 0, from previous group: null
01-01 08:00:12.749 479 479 I SystemServerTiming: StartDomainVerificationService
01-01 08:00:12.772 479 479 I SystemServerTiming: StartPackageManagerService
01-01 08:00:12.772 479 479 I Watchdog: Pausing HandlerChecker: main thread for reason: packagemanagermain. Pause count: 1
01-01 08:00:12.782 479 479 I PackageManagerTiming: create package manager
01-01 08:00:12.791 479 479 E PackageManager: /oem/delete.txt not exist
01-01 08:00:12.791 479 479 I PackageManagerTiming: createSubComponents
01-01 08:00:12.802 409 409 I : DVI mode selected: packets not configured
01-01 08:00:12.802 409 409 I : Error: set vsif failed
01-01 08:00:12.832 479 479 I PackageManagerTiming: addSharedUsers
01-01 08:00:12.838 479 479 I PackageManagerTiming: get system config
01-01 08:00:12.841 479 479 D PackageManager: Directories scanned as system partitions: [/system:0, /vendor:524288, /odm:4194304, /oem:262144, /product:1048576, /system/system_ext:2097152, /apex/com.android.wifi:8388608, /apex/com.android.vndk.v31:8388608, /apex/com.android.tzdata:8388608, /apex/com.android.tethering:8388608, /apex/com.android.sdkext:8388608, /apex/com.android.scheduling:8388608, /apex/com.android.runtime:8388608, /apex/com.android.resolv:8388608, /apex/com.android.permission:8388608, /apex/com.android.os.statsd:8388608, /apex/com.android.neuralnetworks:8388608, /apex/com.android.mediaprovider:8388608, /apex/com.android.media.swcodec:8388608, /apex/com.android.media:8388608, /apex/com.android.ipsec:8388608, /apex/com.android.i18n:8388608, /apex/com.android.extservices:8388608, /apex/com.android.conscrypt:8388608, /apex/com.android.art:8388608, /apex/com.android.appsearch:8388608, /apex/com.android.adbd:8388608]
01-01 08:00:12.846 479 479 D SELinuxMMAC: Using policy file /system/etc/selinux/plat_mac_permissions.xml
01-01 08:00:12.849 479 479 D SELinuxMMAC: Using policy file /system_ext/etc/selinux/system_ext_mac_permissions.xml
01-01 08:00:12.851 479 479 D SELinuxMMAC: Using policy file /vendor/etc/selinux/vendor_mac_permissions.xml
01-01 08:00:12.852 479 479 I PackageManagerTiming: loadFallbacks
01-01 08:00:12.855 479 479 D FallbackCategoryProvider: Found 1 fallback categories
01-01 08:00:12.855 479 479 I PackageManagerTiming: read user settings
01-01 08:00:12.867 409 409 I : DVI mode selected: packets not configured
01-01 08:00:12.867 409 409 I : Error: set vsif failed
01-01 08:00:12.918 409 409 I : DVI mode selected: packets not configured
01-01 08:00:12.918 409 409 I : Error: set vsif failed
01-01 08:00:12.940 479 521 D SystemServerInitThreadPool: Finished executing loadPreinstalledSystemFontMap
01-01 08:00:12.968 409 409 I : DVI mode selected: packets not configured
01-01 08:00:12.968 409 409 I : Error: set vsif failed
01-01 08:00:13.018 409 409 I : DVI mode selected: packets not configured
01-01 08:00:13.018 409 409 I : Error: set vsif failed
01-01 08:00:13.068 479 479 W android.permission.PermissionManager: Missing ActivityManager; assuming 1000 holds android.permission.SET_PREFERRED_APPLICATIONS
01-01 08:00:13.069 479 479 W android.permission.PermissionManager: Missing ActivityManager; assuming 1000 holds android.permission.SET_PREFERRED_APPLICATIONS
01-01 08:00:13.070 479 479 W android.permission.PermissionManager: Missing ActivityManager; assuming 1000 holds android.permission.SET_PREFERRED_APPLICATIONS
01-01 08:00:13.070 479 479 W android.permission.PermissionManager: Missing ActivityManager; assuming 1000 holds android.permission.SET_PREFERRED_APPLICATIONS
01-01 08:00:13.070 479 479 W android.permission.PermissionManager: Missing ActivityManager; assuming 1000 holds android.permission.SET_PREFERRED_APPLICATIONS
01-01 08:00:13.070 479 479 W android.permission.PermissionManager: Missing ActivityManager; assuming 1000 holds android.permission.SET_PREFERRED_APPLICATIONS
01-01 08:00:13.071 479 479 W android.permission.PermissionManager: Missing ActivityManager; assuming 1000 holds android.permission.SET_PREFERRED_APPLICATIONS
01-01 08:00:13.071 479 479 W android.permission.PermissionManager: Missing ActivityManager; assuming 1000 holds android.permission.SET_PREFERRED_APPLICATIONS
01-01 08:00:13.071 479 479 W android.permission.PermissionManager: Missing ActivityManager; assuming 1000 holds android.permission.SET_PREFERRED_APPLICATIONS
01-01 08:00:13.071 479 479 W android.permission.PermissionManager: Missing ActivityManager; assuming 1000 holds android.permission.SET_PREFERRED_APPLICATIONS
01-01 08:00:13.072 479 479 W android.permission.PermissionManager: Missing ActivityManager; assuming 1000 holds android.permission.SET_PREFERRED_APPLICATIONS
01-01 08:00:13.072 479 479 W android.permission.PermissionManager: Missing ActivityManager; assuming 1000 holds android.permission.SET_PREFERRED_APPLICATIONS
01-01 08:00:13.072 479 479 W android.permission.PermissionManager: Missing ActivityManager; assuming 1000 holds android.permission.SET_PREFERRED_APPLICATIONS
01-01 08:00:13.072 479 479 W android.permission.PermissionManager: Missing ActivityManager; assuming 1000 holds android.permission.SET_PREFERRED_APPLICATIONS
01-01 08:00:13.072 479 479 W android.permission.PermissionManager: Missing ActivityManager; assuming 1000 holds android.permission.SET_PREFERRED_APPLICATIONS
01-01 08:00:13.073 479 479 W android.permission.PermissionManager: Missing ActivityManager; assuming 1000 holds android.permission.SET_PREFERRED_APPLICATIONS
01-01 08:00:13.073 479 479 W android.permission.PermissionManager: Missing ActivityManager; assuming 1000 holds android.permission.SET_PREFERRED_APPLICATIONS
01-01 08:00:13.073 479 479 W android.permission.PermissionManager: Missing ActivityManager; assuming 1000 holds android.permission.SET_PREFERRED_APPLICATIONS
01-01 08:00:13.074 479 479 W android.permission.PermissionManager: Missing ActivityManager; assuming 1000 holds android.permission.SET_PREFERRED_APPLICATIONS
01-01 08:00:13.074 479 479 W android.permission.PermissionManager: Missing ActivityManager; assuming 1000 holds android.permission.SET_PREFERRED_APPLICATIONS
01-01 08:00:13.074 479 479 W android.permission.PermissionManager: Missing ActivityManager; assuming 1000 holds android.permission.SET_PREFERRED_APPLICATIONS
01-01 08:00:13.074 479 479 W android.permission.PermissionManager: Missing ActivityManager; assuming 1000 holds android.permission.SET_PREFERRED_APPLICATIONS
01-01 08:00:13.074 479 479 W android.permission.PermissionManager: Missing ActivityManager; assuming 1000 holds android.permission.SET_PREFERRED_APPLICATIONS
01-01 08:00:13.075 479 479 W android.permission.PermissionManager: Missing ActivityManager; assuming 1000 holds android.permission.SET_PREFERRED_APPLICATIONS
01-01 08:00:13.075 479 479 W android.permission.PermissionManager: Missing ActivityManager; assuming 1000 holds android.permission.SET_PREFERRED_APPLICATIONS
01-01 08:00:13.075 479 479 W android.permission.PermissionManager: Missing ActivityManager; assuming 1000 holds android.permission.SET_PREFERRED_APPLICATIONS
01-01 08:00:13.076 479 479 W android.permission.PermissionManager: Missing ActivityManager; assuming 1000 holds android.permission.SET_PREFERRED_APPLICATIONS
01-01 08:00:13.076 479 479 W android.permission.PermissionManager: Missing ActivityManager; assuming 1000 holds android.permission.SET_PREFERRED_APPLICATIONS
01-01 08:00:13.076 479 479 W android.permission.PermissionManager: Missing ActivityManager; assuming 1000 holds android.permission.SET_PREFERRED_APPLICATIONS
01-01 08:00:13.076 479 479 W android.permission.PermissionManager: Missing ActivityManager; assuming 1000 holds android.permission.SET_PREFERRED_APPLICATIONS
01-01 08:00:13.077 479 479 W android.permission.PermissionManager: Missing ActivityManager; assuming 1000 holds android.permission.SET_PREFERRED_APPLICATIONS
01-01 08:00:13.077 479 479 W android.permission.PermissionManager: Missing ActivityManager; assuming 1000 holds android.permission.SET_PREFERRED_APPLICATIONS
01-01 08:00:13.077 479 479 W android.permission.PermissionManager: Missing ActivityManager; assuming 1000 holds android.permission.SET_PREFERRED_APPLICATIONS
01-01 08:00:13.077 479 479 W android.permission.PermissionManager: Missing ActivityManager; assuming 1000 holds android.permission.SET_PREFERRED_APPLICATIONS
01-01 08:00:13.077 479 479 W android.permission.PermissionManager: Missing ActivityManager; assuming 1000 holds android.permission.SET_PREFERRED_APPLICATIONS
01-01 08:00:13.078 479 479 W android.permission.PermissionManager: Missing ActivityManager; assuming 1000 holds android.permission.SET_PREFERRED_APPLICATIONS
01-01 08:00:13.078 479 479 W android.permission.PermissionManager: Missing ActivityManager; assuming 1000 holds android.permission.SET_PREFERRED_APPLICATIONS
01-01 08:00:13.078 479 479 W android.permission.PermissionManager: Missing ActivityManager; assuming 1000 holds android.permission.SET_PREFERRED_APPLICATIONS
01-01 08:00:13.078 479 479 W android.permission.PermissionManager: Missing ActivityManager; assuming 1000 holds android.permission.SET_PREFERRED_APPLICATIONS
01-01 08:00:13.079 479 479 W android.permission.PermissionManager: Missing ActivityManager; assuming 1000 holds android.permission.SET_PREFERRED_APPLICATIONS
01-01 08:00:13.079 479 479 W android.permission.PermissionManager: Missing ActivityManager; assuming 1000 holds android.permission.SET_PREFERRED_APPLICATIONS
01-01 08:00:13.079 479 479 W android.permission.PermissionManager: Missing ActivityManager; assuming 1000 holds android.permission.SET_PREFERRED_APPLICATIONS
01-01 08:00:13.079 479 479 W android.permission.PermissionManager: Missing ActivityManager; assuming 1000 holds android.permission.SET_PREFERRED_APPLICATIONS
01-01 08:00:13.079 479 479 W android.permission.PermissionManager: Missing ActivityManager; assuming 1000 holds android.permission.SET_PREFERRED_APPLICATIONS
01-01 08:00:13.080 479 479 W android.permission.PermissionManager: Missing ActivityManager; assuming 1000 holds android.permission.SET_PREFERRED_APPLICATIONS
01-01 08:00:13.080 479 479 W android.permission.PermissionManager: Missing ActivityManager; assuming 1000 holds android.permission.SET_PREFERRED_APPLICATIONS
01-01 08:00:13.080 479 479 W android.permission.PermissionManager: Missing ActivityManager; assuming 1000 holds android.permission.SET_PREFERRED_APPLICATIONS
01-01 08:00:13.080 479 479 W android.permission.PermissionManager: Missing ActivityManager; assuming 1000 holds android.permission.SET_PREFERRED_APPLICATIONS
01-01 08:00:13.080 479 479 W android.permission.PermissionManager: Missing ActivityManager; assuming 1000 holds android.permission.SET_PREFERRED_APPLICATIONS
01-01 08:00:13.081 479 479 W android.permission.PermissionManager: Missing ActivityManager; assuming 1000 holds android.permission.SET_PREFERRED_APPLICATIONS
01-01 08:00:13.081 479 479 W android.permission.PermissionManager: Missing ActivityManager; assuming 1000 holds android.permission.SET_PREFERRED_APPLICATIONS
01-01 08:00:13.081 479 479 W android.permission.PermissionManager: Missing ActivityManager; assuming 1000 holds android.permission.SET_PREFERRED_APPLICATIONS
01-01 08:00:13.081 479 479 W android.permission.PermissionManager: Missing ActivityManager; assuming 1000 holds android.permission.SET_PREFERRED_APPLICATIONS
01-01 08:00:13.082 479 479 W android.permission.PermissionManager: Missing ActivityManager; assuming 1000 holds android.permission.SET_PREFERRED_APPLICATIONS
01-01 08:00:13.082 479 479 W android.permission.PermissionManager: Missing ActivityManager; assuming 1000 holds android.permission.SET_PREFERRED_APPLICATIONS
01-01 08:00:13.082 479 479 W android.permission.PermissionManager: Missing ActivityManager; assuming 1000 holds android.permission.SET_PREFERRED_APPLICATIONS
01-01 08:00:13.082 479 479 W android.permission.PermissionManager: Missing ActivityManager; assuming 1000 holds android.permission.SET_PREFERRED_APPLICATIONS
01-01 08:00:13.082 479 479 W android.permission.PermissionManager: Missing ActivityManager; assuming 1000 holds android.permission.SET_PREFERRED_APPLICATIONS
01-01 08:00:13.083 479 479 W android.permission.PermissionManager: Missing ActivityManager; assuming 1000 holds android.permission.SET_PREFERRED_APPLICATIONS
01-01 08:00:13.083 479 479 W android.permission.PermissionManager: Missing ActivityManager; assuming 1000 holds android.permission.SET_PREFERRED_APPLICATIONS
01-01 08:00:13.083 479 479 W android.permission.PermissionManager: Missing ActivityManager; assuming 1000 holds android.permission.SET_PREFERRED_APPLICATIONS
01-01 08:00:13.083 479 479 W android.permission.PermissionManager: Missing ActivityManager; assuming 1000 holds android.permission.SET_PREFERRED_APPLICATIONS
01-01 08:00:13.084 479 479 W android.permission.PermissionManager: Missing ActivityManager; assuming 1000 holds android.permission.SET_PREFERRED_APPLICATIONS
01-01 08:00:13.084 479 479 W android.permission.PermissionManager: Missing ActivityManager; assuming 1000 holds android.permission.SET_PREFERRED_APPLICATIONS
01-01 08:00:13.084 479 479 W android.permission.PermissionManager: Missing ActivityManager; assuming 1000 holds android.permission.SET_PREFERRED_APPLICATIONS
01-01 08:00:13.084 479 479 W android.permission.PermissionManager: Missing ActivityManager; assuming 1000 holds android.permission.SET_PREFERRED_APPLICATIONS
01-01 08:00:13.084 479 479 W android.permission.PermissionManager: Missing ActivityManager; assuming 1000 holds android.permission.SET_PREFERRED_APPLICATIONS
01-01 08:00:13.085 479 479 W android.permission.PermissionManager: Missing ActivityManager; assuming 1000 holds android.permission.SET_PREFERRED_APPLICATIONS
01-01 08:00:13.085 479 479 W android.permission.PermissionManager: Missing ActivityManager; assuming 1000 holds android.permission.SET_PREFERRED_APPLICATIONS
01-01 08:00:13.085 479 479 W android.permission.PermissionManager: Missing ActivityManager; assuming 1000 holds android.permission.SET_PREFERRED_APPLICATIONS
01-01 08:00:13.085 479 479 W android.permission.PermissionManager: Missing ActivityManager; assuming 1000 holds android.permission.SET_PREFERRED_APPLICATIONS
01-01 08:00:13.086 479 479 W android.permission.PermissionManager: Missing ActivityManager; assuming 1000 holds android.permission.SET_PREFERRED_APPLICATIONS
01-01 08:00:13.086 479 479 W android.permission.PermissionManager: Missing ActivityManager; assuming 1000 holds android.permission.SET_PREFERRED_APPLICATIONS
01-01 08:00:13.086 479 479 W android.permission.PermissionManager: Missing ActivityManager; assuming 1000 holds android.permission.SET_PREFERRED_APPLICATIONS
01-01 08:00:13.086 479 479 W android.permission.PermissionManager: Missing ActivityManager; assuming 1000 holds android.permission.SET_PREFERRED_APPLICATIONS
01-01 08:00:13.087 479 479 W android.permission.PermissionManager: Missing ActivityManager; assuming 1000 holds android.permission.SET_PREFERRED_APPLICATIONS
01-01 08:00:13.087 479 479 W android.permission.PermissionManager: Missing ActivityManager; assuming 1000 holds android.permission.SET_PREFERRED_APPLICATIONS
01-01 08:00:13.087 479 479 W android.permission.PermissionManager: Missing ActivityManager; assuming 1000 holds android.permission.SET_PREFERRED_APPLICATIONS
01-01 08:00:13.087 479 479 W android.permission.PermissionManager: Missing ActivityManager; assuming 1000 holds android.permission.SET_PREFERRED_APPLICATIONS
01-01 08:00:13.087 479 479 W android.permission.PermissionManager: Missing ActivityManager; assuming 1000 holds android.permission.SET_PREFERRED_APPLICATIONS
01-01 08:00:13.088 479 479 W android.permission.PermissionManager: Missing ActivityManager; assuming 1000 holds android.permission.SET_PREFERRED_APPLICATIONS
01-01 08:00:13.088 479 479 W android.permission.PermissionManager: Missing ActivityManager; assuming 1000 holds android.permission.SET_PREFERRED_APPLICATIONS
01-01 08:00:13.088 479 479 W android.permission.PermissionManager: Missing ActivityManager; assuming 1000 holds android.permission.SET_PREFERRED_APPLICATIONS
01-01 08:00:13.088 479 479 W android.permission.PermissionManager: Missing ActivityManager; assuming 1000 holds android.permission.SET_PREFERRED_APPLICATIONS
01-01 08:00:13.088 479 479 W android.permission.PermissionManager: Missing ActivityManager; assuming 1000 holds android.permission.SET_PREFERRED_APPLICATIONS
01-01 08:00:13.089 479 479 W android.permission.PermissionManager: Missing ActivityManager; assuming 1000 holds android.permission.SET_PREFERRED_APPLICATIONS
01-01 08:00:13.089 479 479 W android.permission.PermissionManager: Missing ActivityManager; assuming 1000 holds android.permission.SET_PREFERRED_APPLICATIONS
01-01 08:00:13.089 479 479 W android.permission.PermissionManager: Missing ActivityManager; assuming 1000 holds android.permission.SET_PREFERRED_APPLICATIONS
01-01 08:00:13.089 479 479 W android.permission.PermissionManager: Missing ActivityManager; assuming 1000 holds android.permission.SET_PREFERRED_APPLICATIONS
01-01 08:00:13.090 479 479 W android.permission.PermissionManager: Missing ActivityManager; assuming 1000 holds android.permission.SET_PREFERRED_APPLICATIONS
01-01 08:00:13.090 479 479 W android.permission.PermissionManager: Missing ActivityManager; assuming 1000 holds android.permission.SET_PREFERRED_APPLICATIONS
01-01 08:00:13.090 479 479 W android.permission.PermissionManager: Missing ActivityManager; assuming 1000 holds android.permission.SET_PREFERRED_APPLICATIONS
01-01 08:00:13.090 479 479 W android.permission.PermissionManager: Missing ActivityManager; assuming 1000 holds android.permission.SET_PREFERRED_APPLICATIONS
01-01 08:00:13.090 479 479 W android.permission.PermissionManager: Missing ActivityManager; assuming 1000 holds android.permission.SET_PREFERRED_APPLICATIONS
01-01 08:00:13.091 479 479 W android.permission.PermissionManager: Missing ActivityManager; assuming 1000 holds android.permission.SET_PREFERRED_APPLICATIONS
01-01 08:00:13.091 479 479 W android.permission.PermissionManager: Missing ActivityManager; assuming 1000 holds android.permission.SET_PREFERRED_APPLICATIONS
01-01 08:00:13.091 479 479 W android.permission.PermissionManager: Missing ActivityManager; assuming 1000 holds android.permission.SET_PREFERRED_APPLICATIONS
01-01 08:00:13.091 479 479 W android.permission.PermissionManager: Missing ActivityManager; assuming 1000 holds android.permission.SET_PREFERRED_APPLICATIONS
01-01 08:00:13.092 479 479 W android.permission.PermissionManager: Missing ActivityManager; assuming 1000 holds android.permission.SET_PREFERRED_APPLICATIONS
01-01 08:00:13.092 479 479 W android.permission.PermissionManager: Missing ActivityManager; assuming 1000 holds android.permission.SET_PREFERRED_APPLICATIONS
01-01 08:00:13.092 479 479 W android.permission.PermissionManager: Missing ActivityManager; assuming 1000 holds android.permission.SET_PREFERRED_APPLICATIONS
01-01 08:00:13.092 479 479 W android.permission.PermissionManager: Missing ActivityManager; assuming 1000 holds android.permission.SET_PREFERRED_APPLICATIONS
01-01 08:00:13.092 479 479 W android.permission.PermissionManager: Missing ActivityManager; assuming 1000 holds android.permission.SET_PREFERRED_APPLICATIONS
01-01 08:00:13.093 479 479 W android.permission.PermissionManager: Missing ActivityManager; assuming 1000 holds android.permission.SET_PREFERRED_APPLICATIONS
01-01 08:00:13.093 479 479 W android.permission.PermissionManager: Missing ActivityManager; assuming 1000 holds android.permission.SET_PREFERRED_APPLICATIONS
01-01 08:00:13.093 479 479 W android.permission.PermissionManager: Missing ActivityManager; assuming 1000 holds android.permission.SET_PREFERRED_APPLICATIONS
01-01 08:00:13.093 479 479 W android.permission.PermissionManager: Missing ActivityManager; assuming 1000 holds android.permission.SET_PREFERRED_APPLICATIONS
01-01 08:00:13.094 479 479 W android.permission.PermissionManager: Missing ActivityManager; assuming 1000 holds android.permission.SET_PREFERRED_APPLICATIONS
01-01 08:00:13.094 479 479 W android.permission.PermissionManager: Missing ActivityManager; assuming 1000 holds android.permission.SET_PREFERRED_APPLICATIONS
01-01 08:00:13.094 479 479 W android.permission.PermissionManager: Missing ActivityManager; assuming 1000 holds android.permission.SET_PREFERRED_APPLICATIONS
01-01 08:00:13.094 479 479 W android.permission.PermissionManager: Missing ActivityManager; assuming 1000 holds android.permission.SET_PREFERRED_APPLICATIONS
01-01 08:00:13.094 479 479 W android.permission.PermissionManager: Missing ActivityManager; assuming 1000 holds android.permission.SET_PREFERRED_APPLICATIONS
01-01 08:00:13.095 479 479 W android.permission.PermissionManager: Missing ActivityManager; assuming 1000 holds android.permission.SET_PREFERRED_APPLICATIONS
01-01 08:00:13.095 479 479 W android.permission.PermissionManager: Missing ActivityManager; assuming 1000 holds android.permission.SET_PREFERRED_APPLICATIONS
01-01 08:00:13.095 479 479 W android.permission.PermissionManager: Missing ActivityManager; assuming 1000 holds android.permission.SET_PREFERRED_APPLICATIONS
01-01 08:00:13.095 479 479 W android.permission.PermissionManager: Missing ActivityManager; assuming 1000 holds android.permission.SET_PREFERRED_APPLICATIONS
01-01 08:00:13.096 479 479 W android.permission.PermissionManager: Missing ActivityManager; assuming 1000 holds android.permission.SET_PREFERRED_APPLICATIONS
01-01 08:00:13.096 479 479 W android.permission.PermissionManager: Missing ActivityManager; assuming 1000 holds android.permission.SET_PREFERRED_APPLICATIONS
01-01 08:00:13.096 479 479 W android.permission.PermissionManager: Missing ActivityManager; assuming 1000 holds android.permission.SET_PREFERRED_APPLICATIONS
01-01 08:00:13.096 479 479 W android.permission.PermissionManager: Missing ActivityManager; assuming 1000 holds android.permission.SET_PREFERRED_APPLICATIONS
01-01 08:00:13.096 479 479 W android.permission.PermissionManager: Missing ActivityManager; assuming 1000 holds android.permission.SET_PREFERRED_APPLICATIONS
01-01 08:00:13.097 479 479 W android.permission.PermissionManager: Missing ActivityManager; assuming 1000 holds android.permission.SET_PREFERRED_APPLICATIONS
01-01 08:00:13.097 479 479 W android.permission.PermissionManager: Missing ActivityManager; assuming 1000 holds android.permission.SET_PREFERRED_APPLICATIONS
01-01 08:00:13.125 479 479 W PackageSettings: Missing permission state for package: com.android.cts.priv.ctsshim
01-01 08:00:13.126 479 479 W PackageSettings: Missing permission state for package: com.android.internal.systemui.navbar.gestural_wide_back
01-01 08:00:13.126 479 479 W PackageSettings: Missing permission state for package: com.softwinner.awlogsettings
01-01 08:00:13.126 479 479 W PackageSettings: Missing permission state for package: com.android.htmlviewer
01-01 08:00:13.126 479 479 W PackageSettings: Missing permission state for package: com.android.internal.systemui.onehanded.gestural
01-01 08:00:13.127 479 479 W PackageSettings: Missing permission state for package: com.android.simappdialog
01-01 08:00:13.127 479 479 W PackageSettings: Missing permission state for package: com.android.connectivity.resources
