01-01 08:00:10.301 254 254 V audio_hw_primary: init_audio_devices_active, line: 635
01-01 08:00:10.301 254 254 V audio_hw_primary: init_audio_devices_active: get property persist.vendor.audio.input.active: AUDIO_CODEC
01-01 08:00:10.300 1 1 I /system/bin/init: type=1107 audit(0.0:311): uid=0 auid=4294967295 ses=4294967295 subj=u:r:init:s0 msg='avc: denied { set } for property=persist.vendor.audio.input.active pid=254 uid=1041 gid=1005 scontext=u:r:hal_audio_default:s0 tcontext=u:object_r:vendor_default_prop:s0 tclass=property_service permissive=1'
01-01 08:00:10.312 254 254 V audio_hw_primary: set property persist.vendor.audio.input.active: AUDIO_CODEC ok
01-01 08:00:10.312 254 254 V audio_hw_primary: init_audio_devices_active: get property persist.vendor.audio.output.active: AUDIO_HDMI
01-01 08:00:10.320 254 254 V audio_hw_primary: set property persist.vendor.audio.output.active: AUDIO_HDMI ok
01-01 08:00:10.320 254 254 V audio_hw_primary: AUDIO_HDMI output device will be active
01-01 08:00:10.320 254 254 D audio_hw_primary: XX 2 0 2 0
01-01 08:00:10.321 359 359 D multiir : find target device, path=/dev/input/event0
01-01 08:00:10.324 254 254 W audio_route: Control 'External Speaker Switch' doesn't exist - skipping
01-01 08:00:10.324 254 254 W audio_route: Control 'Headphone Switch' doesn't exist - skipping
01-01 08:00:10.324 254 254 W audio_route: Control 'Earpiece Switch' doesn't exist - skipping
01-01 08:00:10.324 254 254 W audio_route: Control 'AIF1IN0R Mux' doesn't exist - skipping
01-01 08:00:10.324 254 254 W audio_route: Control 'AIF1IN0L Mux' doesn't exist - skipping
01-01 08:00:10.324 254 254 W audio_route: Control 'DACR Mixer AIF1DA0R Switch' doesn't exist - skipping
01-01 08:00:10.324 254 254 W audio_route: Control 'DACL Mixer AIF1DA0L Switch' doesn't exist - skipping
01-01 08:00:10.324 254 254 W audio_route: Control 'AIF1OUT0L Mux' doesn't exist - skipping
01-01 08:00:10.324 254 254 W audio_route: Control 'AIF1OUT0R Mux' doesn't exist - skipping
01-01 08:00:10.324 254 254 W audio_route: Control 'AIF1 AD0L Mixer ADCL Switch' doesn't exist - skipping
01-01 08:00:10.324 254 254 W audio_route: Control 'AIF1 AD0R Mixer ADCR Switch' doesn't exist - skipping
01-01 08:00:10.324 254 254 W audio_route: Control 'ADCR Mux' doesn't exist - skipping
01-01 08:00:10.324 254 254 W audio_route: Control 'ADCL Mux' doesn't exist - skipping
01-01 08:00:10.324 254 254 W audio_route: Control 'HP_R Mux' doesn't exist - skipping
01-01 08:00:10.324 254 254 W audio_route: Control 'HP_L Mux' doesn't exist - skipping
01-01 08:00:10.324 254 254 W audio_route: Control 'HP_R Mux' doesn't exist - skipping
01-01 08:00:10.324 254 254 W audio_route: Control 'HP_L Mux' doesn't exist - skipping
01-01 08:00:10.324 254 254 W audio_route: Control 'Right Output Mixer DACR Switch' doesn't exist - skipping
01-01 08:00:10.324 254 254 W audio_route: Control 'Left Output Mixer DACL Switch' doesn't exist - skipping
01-01 08:00:10.324 254 254 W audio_route: Control 'SPK_L Mux' doesn't exist - skipping
01-01 08:00:10.324 254 254 W audio_route: Control 'SPK_R Mux' doesn't exist - skipping
01-01 08:00:10.324 254 254 W audio_route: Control 'External Speaker Switch' doesn't exist - skipping
01-01 08:00:10.324 254 254 W audio_route: Control 'Headphone Switch' doesn't exist - skipping
01-01 08:00:10.324 254 254 W audio_route: Control 'AIF1IN0R Mux' doesn't exist - skipping
01-01 08:00:10.324 254 254 W audio_route: Control 'AIF1IN0L Mux' doesn't exist - skipping
01-01 08:00:10.324 254 254 W audio_route: Control 'DACR Mixer AIF1DA0R Switch' doesn't exist - skipping
01-01 08:00:10.324 254 254 W audio_route: Control 'DACL Mixer AIF1DA0L Switch' doesn't exist - skipping
01-01 08:00:10.324 254 254 W audio_route: Control 'Left Output Mixer DACR Switch' doesn't exist - skipping
01-01 08:00:10.325 254 254 W audio_route: Control 'Left Output Mixer DACL Switch' doesn't exist - skipping
01-01 08:00:10.325 254 254 W audio_route: Control 'SPK_L Mux' doesn't exist - skipping
01-01 08:00:10.325 254 254 W audio_route: Control 'External Speaker Switch' doesn't exist - skipping
01-01 08:00:10.325 254 254 W audio_route: unknown enum value string 0 for ctl LINEOUTL src LR
01-01 08:00:10.325 254 254 W audio_route: unknown enum value string 0 for ctl LINEOUTR src LR
01-01 08:00:10.326 359 446 D multiir : MultiirService create
01-01 08:00:10.327 184 184 E SELinux : avc: denied { add } for pid=359 uid=0 name=softwinner.multi_ir scontext=u:r:multi_ir:s0 tcontext=u:object_r:default_android_service:s0 tclass=service_manager permissive=1
01-01 08:00:10.327 254 254 W audio_route: Control 'DACR Mixer AIF1DA0R Switch' doesn't exist - skipping
01-01 08:00:10.327 254 254 W audio_route: Control 'DACL Mixer AIF1DA0L Switch' doesn't exist - skipping
01-01 08:00:10.327 254 254 W audio_route: Control 'AIF1 AD0L Mixer ADCL Switch' doesn't exist - skipping
01-01 08:00:10.327 254 254 W audio_route: Control 'AIF1 AD0R Mixer ADCR Switch' doesn't exist - skipping
01-01 08:00:10.327 254 254 W audio_route: Control 'Left Output Mixer DACL Switch' doesn't exist - skipping
01-01 08:00:10.327 254 254 W audio_route: Control 'Left Output Mixer DACR Switch' doesn't exist - skipping
01-01 08:00:10.327 254 254 W audio_route: Control 'Right Output Mixer DACL Switch' doesn't exist - skipping
01-01 08:00:10.327 254 254 W audio_route: Control 'Right Output Mixer DACR Switch' doesn't exist - skipping
01-01 08:00:10.327 254 254 W audio_route: Control 'Headphone Switch' doesn't exist - skipping
01-01 08:00:10.327 254 254 W audio_route: Control 'External Speaker Switch' doesn't exist - skipping
01-01 08:00:10.327 254 254 W audio_route: Control 'AIF1OUT0R Mux' doesn't exist - skipping
01-01 08:00:10.327 254 254 W audio_route: Control 'AIF1OUT0L Mux' doesn't exist - skipping
01-01 08:00:10.328 254 254 W audio_route: Control 'AIF1 AD0R Mixer ADCR Switch' doesn't exist - skipping
01-01 08:00:10.328 254 254 W audio_route: Control 'AIF1 AD0L Mixer ADCL Switch' doesn't exist - skipping
01-01 08:00:10.328 254 254 W audio_route: Control 'ADCR Mux' doesn't exist - skipping
01-01 08:00:10.328 254 254 W audio_route: Control 'ADCL Mux' doesn't exist - skipping
01-01 08:00:10.328 254 254 W audio_route: Control 'LADC input Mixer MIC1 boost Switch' doesn't exist - skipping
01-01 08:00:10.328 254 254 W audio_route: Control 'RADC input Mixer MIC1 boost Switch' doesn't exist - skipping
01-01 08:00:10.328 254 254 W audio_route: Control 'AIF1OUT0R Mux' doesn't exist - skipping
01-01 08:00:10.328 254 254 W audio_route: Control 'AIF1OUT0L Mux' doesn't exist - skipping
01-01 08:00:10.328 254 254 W audio_route: Control 'AIF1 AD0R Mixer ADCR Switch' doesn't exist - skipping
01-01 08:00:10.328 254 254 W audio_route: Control 'AIF1 AD0L Mixer ADCL Switch' doesn't exist - skipping
01-01 08:00:10.328 254 254 W audio_route: Control 'ADCR Mux' doesn't exist - skipping
01-01 08:00:10.328 254 254 W audio_route: Control 'ADCL Mux' doesn't exist - skipping
01-01 08:00:10.328 254 254 W audio_route: Control 'MIC2 SRC' doesn't exist - skipping
01-01 08:00:10.328 254 254 W audio_route: Control 'LADC input Mixer MIC2 boost Switch' doesn't exist - skipping
01-01 08:00:10.329 254 254 W audio_route: Control 'RADC input Mixer MIC2 boost Switch' doesn't exist - skipping
01-01 08:00:10.329 254 254 W audio_route: Control 'ADCL Mux' doesn't exist - skipping
01-01 08:00:10.329 254 254 W audio_route: Control 'ADCR Mux' doesn't exist - skipping
01-01 08:00:10.329 254 254 W audio_route: Control 'AIF1 AD0L Mixer ADCL Switch' doesn't exist - skipping
01-01 08:00:10.329 254 254 W audio_route: Control 'AIF1 AD0R Mixer ADCR Switch' doesn't exist - skipping
01-01 08:00:10.329 254 254 W audio_route: Control 'AIF1OUT0L Mux' doesn't exist - skipping
01-01 08:00:10.329 254 254 W audio_route: Control 'AIF1OUT0R Mux' doesn't exist - skipping
01-01 08:00:10.329 254 254 W audio_route: Control 'AIF2 ADC volume' doesn't exist - skipping
01-01 08:00:10.329 254 254 W audio_route: Control 'LEFT ADC input Mixer MIC1 boost Switch' doesn't exist - skipping
01-01 08:00:10.329 254 254 W audio_route: Control 'ADCL Mux' doesn't exist - skipping
01-01 08:00:10.329 254 254 W audio_route: Control 'AIF2 ADL Mixer ADCL Switch' doesn't exist - skipping
01-01 08:00:10.329 254 254 W audio_route: Control 'AIF2OUTL Mux' doesn't exist - skipping
01-01 08:00:10.329 254 254 W audio_route: Control 'AIF2INL Mux' doesn't exist - skipping
01-01 08:00:10.329 254 254 W audio_route: Control 'AIF2INL Mux switch aif2inl aif2Switch' doesn't exist - skipping
01-01 08:00:10.329 254 254 W audio_route: Control 'DACL Mixer AIF2DACL Switch' doesn't exist - skipping
01-01 08:00:10.329 254 254 W audio_route: Control 'Right Output Mixer DACL Switch' doesn't exist - skipping
01-01 08:00:10.329 254 254 W audio_route: Control 'Left Output Mixer DACL Switch' doesn't exist - skipping
01-01 08:00:10.329 254 254 W audio_route: Control 'SPK_L Mux' doesn't exist - skipping
01-01 08:00:10.329 254 254 W audio_route: Control 'SPK_R Mux' doesn't exist - skipping
01-01 08:00:10.329 254 254 W audio_route: Control 'External Speaker Switch' doesn't exist - skipping
01-01 08:00:10.329 254 254 W audio_route: Control 'AIF2 ADC volume' doesn't exist - skipping
01-01 08:00:10.329 254 254 W audio_route: Control 'MIC2 SRC' doesn't exist - skipping
01-01 08:00:10.329 254 254 W audio_route: Control 'LEFT ADC input Mixer MIC2 boost Switch' doesn't exist - skipping
01-01 08:00:10.329 254 254 W audio_route: Control 'ADCL Mux' doesn't exist - skipping
01-01 08:00:10.329 254 254 W audio_route: Control 'AIF2 ADL Mixer ADCL Switch' doesn't exist - skipping
01-01 08:00:10.329 254 254 W audio_route: Control 'AIF2OUTL Mux' doesn't exist - skipping
01-01 08:00:10.329 254 254 W audio_route: Control 'AIF2INL Mux' doesn't exist - skipping
01-01 08:00:10.329 254 254 W audio_route: Control 'AIF2INL Mux switch aif2inl aif2Switch' doesn't exist - skipping
01-01 08:00:10.330 254 254 W audio_route: Control 'DACL Mixer AIF2DACL Switch' doesn't exist - skipping
01-01 08:00:10.330 254 254 W audio_route: Control 'Left Output Mixer DACL Switch' doesn't exist - skipping
01-01 08:00:10.330 254 254 W audio_route: Control 'Right Output Mixer DACL Switch' doesn't exist - skipping
01-01 08:00:10.330 254 254 W audio_route: Control 'HP_L Mux' doesn't exist - skipping
01-01 08:00:10.330 254 254 W audio_route: Control 'HP_R Mux' doesn't exist - skipping
01-01 08:00:10.330 254 254 W audio_route: Control 'Headphone Switch' doesn't exist - skipping
01-01 08:00:10.330 254 254 W audio_route: Control 'AIF2 ADC volume' doesn't exist - skipping
01-01 08:00:10.330 254 254 W audio_route: Control 'LEFT ADC input Mixer MIC1 boost Switch' doesn't exist - skipping
01-01 08:00:10.330 254 254 W audio_route: Control 'ADCL Mux' doesn't exist - skipping
01-01 08:00:10.330 254 254 W audio_route: Control 'AIF2 ADL Mixer ADCL Switch' doesn't exist - skipping
01-01 08:00:10.330 254 254 W audio_route: Control 'AIF2OUTL Mux' doesn't exist - skipping
01-01 08:00:10.330 254 254 W audio_route: Control 'AIF2INL Mux' doesn't exist - skipping
01-01 08:00:10.330 254 254 W audio_route: Control 'AIF2INL Mux switch aif2inl aif2Switch' doesn't exist - skipping
01-01 08:00:10.330 254 254 W audio_route: Control 'DACL Mixer AIF2DACL Switch' doesn't exist - skipping
01-01 08:00:10.330 254 254 W audio_route: Control 'Left Output Mixer DACL Switch' doesn't exist - skipping
01-01 08:00:10.330 254 254 W audio_route: Control 'Right Output Mixer DACL Switch' doesn't exist - skipping
01-01 08:00:10.330 254 254 W audio_route: Control 'HP_L Mux' doesn't exist - skipping
01-01 08:00:10.330 254 254 W audio_route: Control 'HP_R Mux' doesn't exist - skipping
01-01 08:00:10.330 254 254 W audio_route: Control 'Headphone Switch' doesn't exist - skipping
01-01 08:00:10.330 254 254 W audio_route: Control 'AIF2INL Mux' doesn't exist - skipping
01-01 08:00:10.330 254 254 W audio_route: Control 'AIF2INL Mux switch aif2inl aif2Switch' doesn't exist - skipping
01-01 08:00:10.330 254 254 W audio_route: Control 'AIF2 ADR Mixer AIF2 DACL Switch' doesn't exist - skipping
01-01 08:00:10.330 254 254 W audio_route: Control 'AIF3OUT Mux' doesn't exist - skipping
01-01 08:00:10.330 254 254 W audio_route: Control 'AIF2INR Mux VIR switch aif2inr aif3Switch' doesn't exist - skipping
01-01 08:00:10.330 254 254 W audio_route: Control 'AIF2 ADL Mixer AIF2 DACR Switch' doesn't exist - skipping
01-01 08:00:10.330 254 254 W audio_route: Control 'AIF2OUTL Mux' doesn't exist - skipping
01-01 08:00:10.330 254 254 W audio_route: Control 'AIF2 ADC volume' doesn't exist - skipping
01-01 08:00:10.330 254 254 W audio_route: Control 'LEFT ADC input Mixer MIC1 boost Switch' doesn't exist - skipping
01-01 08:00:10.330 254 254 W audio_route: Control 'ADCL Mux' doesn't exist - skipping
01-01 08:00:10.330 254 254 W audio_route: Control 'AIF2 ADL Mixer ADCL Switch' doesn't exist - skipping
01-01 08:00:10.330 254 254 W audio_route: Control 'AIF2OUTL Mux' doesn't exist - skipping
01-01 08:00:10.330 254 254 W audio_route: Control 'AIF2INL Mux' doesn't exist - skipping
01-01 08:00:10.330 254 254 W audio_route: Control 'AIF2INL Mux switch aif2inl aif2Switch' doesn't exist - skipping
01-01 08:00:10.330 254 254 W audio_route: Control 'DACL Mixer AIF2DACL Switch' doesn't exist - skipping
01-01 08:00:10.330 254 254 W audio_route: Control 'EAR Mux' doesn't exist - skipping
01-01 08:00:10.330 254 254 W audio_route: Control 'Earpiece Switch' doesn't exist - skipping
01-01 08:00:10.330 254 254 W audio_route: Control 'AIF1 AD0L Mixer ADCL Switch' doesn't exist - skipping
01-01 08:00:10.330 254 254 W audio_route: Control 'AIF1 AD0L Mixer AIF2 DACL Switch' doesn't exist - skipping
01-01 08:00:10.330 254 254 W audio_route: Control 'AIF1OUT0L Mux' doesn't exist - skipping
01-01 08:00:10.330 254 254 W audio_route: Control 'AIF1 AD0L Mixer ADCL Switch' doesn't exist - skipping
01-01 08:00:10.330 254 254 W audio_route: Control 'AIF1 AD0L Mixer AIF2 DACL Switch' doesn't exist - skipping
01-01 08:00:10.330 254 254 W audio_route: Control 'AIF1OUT0L Mux' doesn't exist - skipping
01-01 08:00:10.330 254 254 W audio_route: Control 'AIF1 AD0L Mixer AIF2 DACL Switch' doesn't exist - skipping
01-01 08:00:10.330 254 254 W audio_route: Control 'AIF1 AD0L Mixer AIF2 DACR Switch' doesn't exist - skipping
01-01 08:00:10.330 254 254 W audio_route: Control 'AIF1OUT0L Mux' doesn't exist - skipping
01-01 08:00:10.330 254 254 W audio_route: Control 'Line Out Mixer MIC1 boost Switch' doesn't exist - skipping
01-01 08:00:10.330 254 254 W audio_route: Control 'MIC2 SRC' doesn't exist - skipping
01-01 08:00:10.330 254 254 W audio_route: Control 'Line Out Mixer MIC2 boost Switch' doesn't exist - skipping
01-01 08:00:10.330 254 254 W audio_route: Control 'Left Output Mixer LINEINL-LINEINR Switch' doesn't exist - skipping
01-01 08:00:10.330 254 254 W audio_route: Control 'Right Output Mixer LINEINL-LINEINR Switch' doesn't exist - skipping
01-01 08:00:10.330 254 254 W audio_route: Control 'EAR Mux' doesn't exist - skipping
01-01 08:00:10.330 254 254 W audio_route: Control 'External Speaker Switch' doesn't exist - skipping
01-01 08:00:10.330 254 254 W audio_route: Control 'Headphone Switch' doesn't exist - skipping
01-01 08:00:10.331 254 254 W audio_route: Control 'Headphone Switch' doesn't exist - skipping
01-01 08:00:10.331 254 254 W audio_route: Control 'Earpiece Switch' doesn't exist - skipping
01-01 08:00:10.331 254 254 W audio_route: Control 'LEFT ADC input Mixer LININL-R Switch' doesn't exist - skipping
01-01 08:00:10.331 254 254 W audio_route: Control 'ADCL Mux' doesn't exist - skipping
01-01 08:00:10.331 254 254 W audio_route: Control 'AIF2 ADL Mixer ADCL Switch' doesn't exist - skipping
01-01 08:00:10.331 254 254 W audio_route: Control 'AIF3OUT Mux' doesn't exist - skipping
01-01 08:00:10.331 254 254 W audio_route: Control 'AIF2INL Mux switch aif2inl aif2Switch' doesn't exist - skipping
01-01 08:00:10.331 254 254 W audio_route: Control 'AIF2INR Mux VIR switch aif2inr aif3Switch' doesn't exist - skipping
01-01 08:00:10.331 254 254 W audio_route: Control 'DACR Mixer AIF2DACR Switch' doesn't exist - skipping
01-01 08:00:10.331 254 254 W audio_route: Control 'Right Output Mixer DACR Switch' doesn't exist - skipping
01-01 08:00:10.331 254 254 W audio_route: Control 'Line Out Mixer Right Output mixer Switch' doesn't exist - skipping
01-01 08:00:10.331 254 254 W audio_route: Control 'AIF1OUT0L Mux' doesn't exist - skipping
01-01 08:00:10.331 254 254 W audio_route: Control 'AIF1 AD0L Mixer ADCL Switch' doesn't exist - skipping
01-01 08:00:10.331 254 254 W audio_route: Control 'ADCL Mux' doesn't exist - skipping
01-01 08:00:10.331 254 254 W audio_route: Control 'LEFT ADC input Mixer MIC1 boost Switch' doesn't exist - skipping
01-01 08:00:10.332 254 254 W audio_route: Control 'LEFT ADC input Mixer LININL-R Switch' doesn't exist - skipping
01-01 08:00:10.332 254 254 W audio_route: Control 'AIF1OUT0L Mux' doesn't exist - skipping
01-01 08:00:10.332 254 254 W audio_route: Control 'AIF1 AD0L Mixer ADCL Switch' doesn't exist - skipping
01-01 08:00:10.333 254 254 W audio_route: Control 'ADCL Mux' doesn't exist - skipping
01-01 08:00:10.333 254 254 W audio_route: Control 'LEFT ADC input Mixer MIC2 boost Switch' doesn't exist - skipping
01-01 08:00:10.333 254 254 W audio_route: Control 'LEFT ADC input Mixer LININL-R Switch' doesn't exist - skipping
01-01 08:00:10.333 254 254 W audio_route: Control 'AIF1OUT0L Mux' doesn't exist - skipping
01-01 08:00:10.333 254 254 W audio_route: Control 'AIF1 AD0L Mixer ADCL Switch' doesn't exist - skipping
01-01 08:00:10.333 254 254 W audio_route: Control 'AIF1 AD0L Mixer AIF2 DACR Switch' doesn't exist - skipping
01-01 08:00:10.333 254 254 W audio_route: Control 'AIF1IN0L Mux' doesn't exist - skipping
01-01 08:00:10.333 254 254 W audio_route: Control 'AIF2 ADL Mixer AIF1 DA0L Switch' doesn't exist - skipping
01-01 08:00:10.333 254 254 W audio_route: Control 'AIF2 ADL Mixer AIF1 DA0L Switch' doesn't exist - skipping
01-01 08:00:10.333 254 254 W audio_route: Control 'AIF3OUT Mux' doesn't exist - skipping
01-01 08:00:10.333 254 254 W audio_route: Control 'AIF2INR Mux switch aif2inr aif2Switch' doesn't exist - skipping
01-01 08:00:10.333 254 254 W audio_route: Control 'AIF2INR Mux VIR switch aif2inr aif3Switch' doesn't exist - skipping
01-01 08:00:10.333 254 254 W audio_route: Control 'AIF1 AD0L Mixer AIF2 DACR Switch' doesn't exist - skipping
01-01 08:00:10.333 254 254 W audio_route: Control 'AIF1OUT0L Mux' doesn't exist - skipping
01-01 08:00:10.333 254 254 W audio_route: Control 'AC DACR mixer I2S_DACDATR Switch' doesn't exist - skipping
01-01 08:00:10.333 254 254 W audio_route: Control 'AC DACL mixer I2S_DACDATL Switch' doesn't exist - skipping
01-01 08:00:10.333 254 254 W audio_route: Control 'Right Output Mixer DACR Switch' doesn't exist - skipping
01-01 08:00:10.333 254 254 W audio_route: Control 'Left Output Mixer DACL Switch' doesn't exist - skipping
01-01 08:00:10.333 254 254 W audio_route: Control 'External Speaker Switch' doesn't exist - skipping
01-01 08:00:10.334 254 254 D audio_route: Apply path: media-speaker-headphones
01-01 08:00:10.334 254 254 D audio_route: Apply path: media-headset-mic
01-01 08:00:10.335 254 311 V audio_hw_primary: adev_get_master_volume, line: 3587
01-01 08:00:10.335 254 311 V audio_hw_primary: adev_set_master_volume, line: 3579
01-01 08:00:10.335 273 273 I AudioFlinger: loadHwModule() Loaded primary audio interface, handle 10
01-01 08:00:10.336 273 273 I AudioFlinger: openOutput() this 0xefb77000, module 10 Device type:0x2,@:, SamplingRate 48000, Format 0x000001, Channels 0x3, flags 0x2
01-01 08:00:10.336 254 311 D audio_hw_primary: adev_open_output_stream
01-01 08:00:10.336 254 311 V audio_hw_primary: adev_open_output_stream, flags: 2
01-01 08:00:10.336 254 311 V audio_hw_primary: +++++++++++++++ adev_open_output_stream: req_sample_rate: 44100, fmt: 1, channel_count: 3
01-01 08:00:10.338 273 273 I AudioFlinger: HAL output buffer size 960 frames, normal sink buffer size 960 frames
01-01 08:00:10.354 249 249 D Zygote : VMRuntime.setVerifierEnabled(false)
01-01 08:00:10.368 273 273 I BufferProvider: found effect "Multichannel Downmix To Stereo" from The Android Open Source Project
01-01 08:00:10.369 273 273 D AudioFlinger: Failed to add event callback
01-01 08:00:10.370 273 449 I AudioFlinger: AudioFlinger's thread 0xef8883c0 tid=449 ready to run
01-01 08:00:10.370 273 449 W AudioFlinger: no wake lock to update, system not ready yet
01-01 08:00:10.370 273 449 D AudioFlinger: ro.audio.silent is ignored since no output device is set
01-01 08:00:10.370 254 254 D audio_hw_primary: out_standby
01-01 08:00:10.374 273 449 W AudioFlinger: no wake lock to update, system not ready yet
01-01 08:00:10.374 273 449 D AudioFlinger: ro.audio.silent is ignored since no output device is set
01-01 08:00:10.374 273 273 V APM_AudioPolicyManager: checkAndSetVolume cannot set volume group 3 volume when isn ot requested for comm
01-01 08:00:10.382 273 273 W AudioFlinger: moveEffects() bad srcOutput 0
01-01 08:00:10.382 273 273 V APM_AudioPolicyManager: selectOutputForMusicEffects selected output 13
01-01 08:00:10.383 273 273 V APM_AudioPolicyManager: setOutputDevices device {type:0x2,@:} delayMs 0
01-01 08:00:10.383 273 273 V APM_AudioPolicyManager: setOutputDevices() prevDevice {type:0x2,@:}
01-01 08:00:10.383 273 273 V APM_AudioPolicyManager: setOutputDevices changing device to {type:0x2,@:}
01-01 08:00:10.406 254 254 V audio_hw_primary: adev_create_audio_patch num_sources: 1, num_sinks: 1
01-01 08:00:10.406 254 254 V audio_hw_primary: playback device: 2
01-01 08:00:10.407 273 273 V APM_AudioPolicyManager: setOutputDevices() AF::createAudioPatch returned 0 patchHandle 12 num_sources 1 num_sinks 1
01-01 08:00:10.409 273 273 V APM_AudioPolicyManager: checkAndSetVolume cannot set volume group 3 volume when isn ot requested for comm
01-01 08:00:10.413 273 273 I AudioFlinger: openOutput() this 0xefb77000, module 10 Device type:0x2,@:, SamplingRate 32000, Format 0x000003, Channels 0x3, flags 0x1
01-01 08:00:10.414 254 254 D audio_hw_primary: adev_open_output_stream
01-01 08:00:10.414 254 254 V audio_hw_primary: adev_open_output_stream, flags: 1
01-01 08:00:10.414 254 254 D audio_hw_primary: config format 0x3 raw_flag 1
01-01 08:00:10.414 254 254 V audio_hw_primary: +++++++++++++++ adev_open_output_stream: req_sample_rate: 32000, fmt: 3, channel_count: 3
01-01 08:00:10.416 273 273 I AudioFlinger: HAL output buffer size 2048 frames, normal sink buffer size 2048 frames
01-01 08:00:10.417 273 273 D AudioFlinger: Failed to add event callback
01-01 08:00:10.418 273 451 I AudioFlinger: AudioFlinger's thread 0xefa43f40 tid=451 ready to run
01-01 08:00:10.419 273 451 W AudioFlinger: no wake lock to update, system not ready yet
01-01 08:00:10.419 273 451 D AudioFlinger: ro.audio.silent is ignored since no output device is set
01-01 08:00:10.419 254 254 V audio_hw_primary: out_set_parameters: closing=true
01-01 08:00:10.420 254 254 D audio_hw_primary: out_standby
01-01 08:00:10.426 254 254 V audio_hw_primary: out_set_parameters: exiting=1
01-01 08:00:10.426 273 273 E AudioFlinger: Error when setting parameters on exit: -61
01-01 08:00:10.426 273 451 W AudioFlinger: no wake lock to update, system not ready yet
01-01 08:00:10.426 273 451 D AudioFlinger: ro.audio.silent is ignored since no output device is set
01-01 08:00:10.427 254 254 D audio_hw_primary: out_standby
01-01 08:00:10.427 273 273 W APM_AudioPolicyManager: Input profile contains no device on module primary
01-01 08:00:10.427 273 273 W APM_AudioPolicyManager: Input profile contains no device on module primary
01-01 08:00:10.430 254 254 D xm_audio: -->adev_open, name=audio_hw_if, socketthread_running=false, pth_listen=0
01-01 08:00:10.432 273 273 I AudioFlinger: loadHwModule() Loaded xm_hidraw audio interface, handle 18
01-01 08:00:10.432 254 254 D xm_audio: -->adev_open_input_stream
01-01 08:00:10.432 254 254 D xm_audio: -->adev_open_input_stream, config->sample_rate=16000
01-01 08:00:10.433 254 254 D xm_audio: -->adev_open_input_stream exit
01-01 08:00:10.433 254 453 D xm_audio: socket_thread start
01-01 08:00:10.433 254 254 I xm_audio: in_get_sample_rate
01-01 08:00:10.433 254 254 I xm_audio: in_get_channels
01-01 08:00:10.434 254 453 D xm_audio: create socket g_is_running4
01-01 08:00:10.434 321 324 D XM_HIDREAD: Client connected.
01-01 08:00:10.434 321 324 D XM_HIDREAD: accept before.
01-01 08:00:10.434 254 453 D xm_audio: create socket g_is_running5
01-01 08:00:10.434 254 453 E xm_audio: so socket connect suc
01-01 08:00:10.434 321 454 D XM_HIDREAD: handle_client start.
01-01 08:00:10.436 254 254 I xm_audio: in_get_sample_rate
01-01 08:00:10.436 254 254 I xm_audio: in_get_channels
01-01 08:00:10.436 254 254 I xm_audio: in_get_channels
01-01 08:00:10.437 254 254 I xm_audio: in_get_buffer_size
01-01 08:00:10.437 254 254 I xm_audio: in_get_buffer_size: fsize=512.000000, size=512
01-01 08:00:10.437 254 455 D xm_audio: data_thread start
01-01 08:00:10.437 254 254 I xm_audio: in_get_buffer_size
01-01 08:00:10.438 254 254 I xm_audio: in_get_buffer_size: fsize=512.000000, size=512
01-01 08:00:10.438 254 254 I xm_audio: in_get_sample_rate
01-01 08:00:10.438 254 254 I xm_audio: in_get_channels
01-01 08:00:10.440 273 456 I AudioFlinger: AudioFlinger's thread 0xef80f200 tid=456 ready to run
01-01 08:00:10.441 254 254 D xm_audio: -->adev_close_input_stream
01-01 08:00:10.441 254 254 D xm_audio: -->adev_close_input_stream ready free stream.
01-01 08:00:10.441 254 254 D xm_audio: -->adev_close_input_stream free stream finish.
01-01 08:00:10.502 273 273 I bt_a2dp_hw: system/bt/audio_a2dp_hw/src/audio_a2dp_hw.cc:1893 adev_open: adev_open: adev_open in A2dp_hw module
01-01 08:00:10.503 273 273 I AudioFlinger: loadHwModule() Loaded a2dp audio interface, handle 26
01-01 08:00:10.503 273 273 V APM_AudioPolicyManager: onNewAudioModulesAvailableInt: Input device list is empty! for profile a2dp input
01-01 08:00:10.507 254 254 I r_submix: adev_open(name=audio_hw_if)
01-01 08:00:10.508 254 254 I r_submix: adev_init_check()
01-01 08:00:10.509 273 273 I AudioFlinger: loadHwModule() Loaded r_submix audio interface, handle 34
01-01 08:00:10.509 254 254 D r_submix: adev_open_input_stream(addr=0)
01-01 08:00:10.509 254 254 D r_submix: submix_audio_device_create_pipe_l(addr=0, idx=9)
01-01 08:00:10.509 254 254 D r_submix: now using address 0 for route 9
01-01 08:00:10.513 273 459 I AudioFlinger: AudioFlinger's thread 0xef369180 tid=459 ready to run
01-01 08:00:10.513 254 311 I r_submix: in_standby()
01-01 08:00:10.514 273 459 W AudioFlinger: no wake lock to update, system not ready yet
01-01 08:00:10.514 254 254 I r_submix: in_standby()
01-01 08:00:10.515 273 459 W AudioFlinger: no wake lock to update, system not ready yet
01-01 08:00:10.515 254 254 D r_submix: adev_close_input_stream()
01-01 08:00:10.515 254 254 D r_submix: submix_audio_device_release_pipe_l(idx=9) addr=0
01-01 08:00:10.515 254 254 D r_submix: submix_audio_device_destroy_pipe_l(): pipe destroyed
01-01 08:00:10.520 273 273 I audioserver: Waiting for activity service
01-01 08:00:10.542 249 418 I zygote : Verified 2763 classes from mainline modules in 288.125ms
01-01 08:00:10.735 358 358 W awplayer: : Set log level to 3
01-01 08:00:10.754 466 466 E cutils-trace: Error opening trace file: No such file or directory (2)
01-01 08:00:10.781 358 358 I cedarc : : register avs decoder success!
01-01 08:00:10.782 358 358 I cedarc : : register h264 decoder success!
01-01 08:00:10.783 358 358 I cedarc : : register h265 decoder success!
01-01 08:00:10.783 358 358 I cedarc : : register mjpeg decoder success!
01-01 08:00:10.783 358 358 I cedarc : : register mjpegplus decoder success!
01-01 08:00:10.784 358 358 I cedarc : : register mpeg2 decoder success!
01-01 08:00:10.784 358 358 W awplayer: : Invalid plugin,function CedarPluginVDInit not found.
01-01 08:00:10.784 358 358 I cedarc : : register mpeg4dx decoder success!
01-01 08:00:10.784 358 358 I cedarc : : register mpeg4H263 decoder success!
01-01 08:00:10.785 358 358 I cedarc : : register mpeg4Normal decoder success!
01-01 08:00:10.785 358 358 I cedarc : : register Mpeg4Vp6 decoder success!
01-01 08:00:10.785 358 358 I cedarc : : register vp6Soft decoder success!
01-01 08:00:10.785 358 358 I cedarc : : register vp8 decoder success!
01-01 08:00:10.785 358 358 E cedarc : : register Wmv12Soft decoder failure!!!
01-01 08:00:10.786 358 358 I cedarc : : register vc1 decoder success!
01-01 08:00:10.786 358 358 D cedarc : : register Vp9Hw decoder success!
01-01 08:00:10.786 358 358 I cedarc : : register avs2 decoder success!
01-01 08:00:10.790 358 358 D awplayer: : aw stream init...
01-01 08:00:10.790 358 358 D awplayer: : Register stream rtp version v1.1
01-01 08:00:10.801 358 358 I mediaserver: ServiceManager: 0xf5b05960
01-01 08:00:10.802 358 358 W BatteryNotifier: batterystats service unavailable!
01-01 08:00:10.803 358 358 W BatteryNotifier: batterystats service unavailable!
01-01 08:00:10.812 470 470 E cutils-trace: Error opening trace file: No such file or directory (2)
01-01 08:00:10.837 249 249 D Zygote : VMRuntime.setVerifierEnabled(true)
01-01 08:00:10.869 249 249 I zygote : Explicit concurrent copying GC freed 6063(605KB) AllocSpace objects, 0(0B) LOS objects, 68% free, 720KB/2256KB, paused 116us total 31.005ms
01-01 08:00:10.895 249 249 I zygote : Explicit concurrent copying GC freed 229(40KB) AllocSpace objects, 0(0B) LOS objects, 68% free, 712KB/2248KB, paused 56us total 24.789ms
01-01 08:00:10.952 386 395 I adbd : adbd mDNS service _adb._tcp registered: 1
01-01 08:00:10.953 386 401 I adbd : adbd mDNS service _adb-tls-connect._tcp registered: 1
01-01 08:00:10.972 249 249 D Zygote : Forked child process 479
01-01 08:00:10.972 249 249 I Zygote : System server process 479 has been created
01-01 08:00:10.974 249 249 I Zygote : Accepting command socket connections
01-01 08:00:11.290 479 479 I Zygote : seccomp disabled by setenforce 0
01-01 08:00:11.304 326 326 I rainbow_flow: type=1400 audit(0.0:312): avc: denied { ioctl } for path="/dev/spidev1.0" dev="tmpfs" ino=7243 ioctlcmd=0x6b00 scontext=u:r:init:s0 tcontext=u:object_r:device:s0 tclass=chr_file permissive=1
01-01 08:00:11.308 479 479 W system_server: Failed to upload odrefresh metrics: metrics file '/data/misc/odrefresh/odrefresh-metrics.txt' could not be opened: No such file or directory
01-01 08:00:11.316 386 398 I adbd : jdwp connection from 479
01-01 08:00:11.317 479 501 D Zygote : begin preload_base
01-01 08:00:11.318 479 501 I Zygote : Calling ZygoteHooks.beginPreload()
01-01 08:00:11.500 367 367 D dom2reg : timezone change, new: Etc/GMT-8, pre:
01-01 08:00:11.500 367 367 W dom2reg : timezone [Etc/GMT-8] not in default tables, please check!
01-01 08:00:11.513 479 501 D ApplicationLoaders: Created zygote-cached class loader: /system/framework/android.hidl.base-V1.0-java.jar
01-01 08:00:11.520 479 501 D ApplicationLoaders: Created zygote-cached class loader: /system/framework/android.hidl.manager-V1.0-java.jar
01-01 08:00:11.526 479 501 D ApplicationLoaders: Created zygote-cached class loader: /system/framework/android.test.base.jar
01-01 08:00:11.527 479 501 I Zygote : Preloading resources...
01-01 08:00:11.552 479 501 W Resources: Preloaded drawable resource #0x1080286 (android:drawable/dialog_background_material) that varies with configuration!!
01-01 08:00:11.582 479 501 I Zygote : ...preloaded 64 resources in 56ms.
01-01 08:00:11.589 479 501 I Zygote : ...preloaded 41 resources in 7ms.
01-01 08:00:11.590 479 501 D Zygote : Zygote:ThreadPreadloadBase took 273ms.
01-01 08:00:11.591 479 509 D Zygote : Zygote:ThreadPreadloadClass start
01-01 08:00:11.592 479 510 I Zygote : Preloading classes...
01-01 08:00:11.600 479 479 I SystemServerTiming: InitBeforeStartServices
01-01 08:00:11.607 479 479 I SystemServer: Entered the Android system server!
01-01 08:00:11.632 479 511 D libEGL : loaded /vendor/lib/egl/libGLES_mali.so
01-01 08:00:11.691 479 510 I Typeface: Preloading /system/fonts/Roboto-Regular.ttf
01-01 08:00:11.688 269 269 I EventThread: type=1400 audit(0.0:313): avc: denied { search } for name="extcon" dev="sysfs" ino=18109 scontext=u:r:hal_tv_cec_default:s0 tcontext=u:object_r:sysfs_extcon:s0 tclass=dir permissive=1
01-01 08:00:11.709 479 510 I Typeface: Preloading /system/fonts/RobotoStatic-Regular.ttf
01-01 08:00:11.815 479 510 I Typeface: Preloading /system/fonts/NotoSansCJK-Regular.ttc
01-01 08:00:11.815 479 510 I Typeface: Preloading /system/fonts/NotoSerifCJK-Regular.ttc
01-01 08:00:11.855 280 280 D RenderEngine: shader cache generated - 48 shaders in 1795.724121 ms
01-01 08:00:11.859 280 280 I HidlServiceManagement: Registered android.frameworks.displayservice@1.0::IDisplayService/default
01-01 08:00:11.860 280 280 D SurfaceFlinger: Setting power mode 2 on display 0
01-01 08:00:11.860 263 285 D sunxihwc: setPowerMode: device(hdmi0) power mode: On
01-01 08:00:11.860 263 285 I sunxihwc: setRuntimeState: disp2 blank control [unblank], driver usage [1]
01-01 08:00:11.861 280 280 D SurfaceFlinger: Finished setting power mode 2 on display 0
01-01 08:00:11.862 479 510 E ActivityRecognitionHardware: activity_recognition HAL is deprecated. class_init is effectively a no-op
01-01 08:00:11.956 479 479 E UsbAlsaJackDetectorJNI: Can't register UsbAlsaJackDetector native methods
01-01 08:00:11.984 479 479 I SystemServerInitThreadPool: Creating instance with 4 threads
01-01 08:00:11.986 479 521 I SystemServerTimingAsync: InitThreadPoolExec:loadPreinstalledSystemFontMap
01-01 08:00:11.986 479 521 D SystemServerInitThreadPool: Started executing loadPreinstalledSystemFontMap
01-01 08:00:11.986 479 521 I SystemServerTimingAsync: loadPreinstalledSystemFontMap
01-01 08:00:11.986 479 479 I SystemServerTiming: StartServices
01-01 08:00:11.986 479 479 D SystemServer: VMRuntime.setVerifierEnabled(false)
01-01 08:00:11.986 479 479 I SystemServerTiming: startBootstrapServices
01-01 08:00:11.986 479 479 I SystemServerTiming: StartWatchdog
01-01 08:00:12.001 479 479 I SystemServer: Reading configuration...
01-01 08:00:12.001 479 479 I SystemServerTiming: ReadingSystemConfig
01-01 08:00:12.002 479 529 I SystemServerTimingAsync: InitThreadPoolExec:ReadingSystemConfig
01-01 08:00:12.002 479 479 I SystemServerTiming: PlatformCompat
01-01 08:00:12.002 479 529 D SystemServerInitThreadPool: Started executing ReadingSystemConfig
01-01 08:00:12.005 479 479 D CompatConfig: Found a config file: /system/etc/compatconfig/documents-ui-compat-config.xml
01-01 08:00:12.005 479 529 I SystemConfig: Reading permissions from /system/etc/sysconfig/preinstalled-packages-com.android.providers.media.module.xml
01-01 08:00:12.006 479 479 D CompatConfig: Adding: com.android.server.compat.config.Change@784cb91
01-01 08:00:12.008 479 479 D CompatConfig: Found a config file: /system/etc/compatconfig/calendar-provider-compat-config.xml
01-01 08:00:12.009 479 479 D CompatConfig: Adding: com.android.server.compat.config.Change@f8acef7
01-01 08:00:12.010 479 479 D CompatConfig: Found a config file: /system/etc/compatconfig/framework-platform-compat-config.xml
01-01 08:00:12.014 479 479 D CompatConfig: Adding: com.android.server.compat.config.Change@a998fcd
01-01 08:00:12.015 479 479 D CompatConfig: Adding: com.android.server.compat.config.Change@2c0e082
01-01 08:00:12.015 479 510 D MtpDeviceJNI: register_android_mtp_MtpDevice
01-01 08:00:12.015 479 529 I incfs : Initial API level of the device: 31
01-01 08:00:12.015 479 479 D CompatConfig: Adding: com.android.server.compat.config.Change@7136393
01-01 08:00:12.016 479 529 I incfs : ro.incremental.enable: module:/vendor/lib/modules/incrementalfs.ko
01-01 08:00:12.016 479 529 I incfs : isFsAvailable: false
01-01 08:00:12.016 479 529 I incfs : isFsAvailable: false
01-01 08:00:12.016 479 529 E incfs : could not open IncFs kernel module "/vendor/lib/modules/incrementalfs.ko": No such file or directory
01-01 08:00:12.016 479 529 E incfs : IncFs_Features: failed to open features dir, assuming v1/none.: No such file or directory
01-01 08:00:12.017 479 529 I SystemConfig: Reading permissions from /system/etc/sysconfig/preinstalled-packages-platform.xml
01-01 08:00:12.018 479 479 D CompatConfig: Adding: com.android.server.compat.config.Change@dbc5bc9
01-01 08:00:12.018 479 479 D CompatConfig: Adding: com.android.server.compat.config.Change@3a082ce
01-01 08:00:12.019 479 479 D CompatConfig: Adding: com.android.server.compat.config.Change@c86a5ef
01-01 08:00:12.019 479 479 D CompatConfig: Adding: com.android.server.compat.config.Change@1bda8fc
01-01 08:00:12.020 479 479 D CompatConfig: Adding: com.android.server.compat.config.Change@625eb85
01-01 08:00:12.020 479 479 D CompatConfig: Adding: com.android.server.compat.config.Change@9c5fdda
01-01 08:00:12.021 479 479 D CompatConfig: Adding: com.android.server.compat.config.Change@d41b20b
01-01 08:00:12.021 479 479 D CompatConfig: Adding: com.android.server.compat.config.Change@8ba58e8
01-01 08:00:12.021 479 479 D CompatConfig: Adding: com.android.server.compat.config.Change@4961da6
01-01 08:00:12.022 479 529 I SystemConfig: Reading permissions from /system/etc/sysconfig/hiddenapi-package-whitelist.xml
01-01 08:00:12.022 479 479 D CompatConfig: Adding: com.android.server.compat.config.Change@55763e7
01-01 08:00:12.023 479 479 D CompatConfig: Adding: com.android.server.compat.config.Change@2501b94
01-01 08:00:12.023 479 479 D CompatConfig: Adding: com.android.server.compat.config.Change@cfb063d
01-01 08:00:12.024 479 479 D CompatConfig: Adding: com.android.server.compat.config.Change@2f66e32
01-01 08:00:12.024 479 479 D CompatConfig: Adding: com.android.server.compat.config.Change@52c5783
01-01 08:00:12.025 479 479 D CompatConfig: Adding: com.android.server.compat.config.Change@8dd5d00
01-01 08:00:12.025 479 479 D CompatConfig: Adding: com.android.server.compat.config.Change@696c939
01-01 08:00:12.025 479 479 D CompatConfig: Adding: com.android.server.compat.config.Change@a993b7e
01-01 08:00:12.026 479 529 I SystemConfig: Reading permissions from /system/etc/sysconfig/preinstalled-packages-platform-full-base.xml
01-01 08:00:12.026 479 479 D CompatConfig: Adding: com.android.server.compat.config.Change@c3b492c
01-01 08:00:12.030 479 479 D CompatConfig: Adding: com.android.server.compat.config.Change@809918a
01-01 08:00:12.030 479 479 D CompatConfig: Adding: com.android.server.compat.config.Change@12733fb
01-01 08:00:12.031 479 479 D CompatConfig: Adding: com.android.server.compat.config.Change@ea9cc18
01-01 08:00:12.031 479 529 I SystemConfig: Reading permissions from /system/etc/sysconfig/framework-sysconfig.xml
01-01 08:00:12.031 479 479 D CompatConfig: Adding: com.android.server.compat.config.Change@d0b6671
01-01 08:00:12.032 479 479 D CompatConfig: Adding: com.android.server.compat.config.Change@3773c56
01-01 08:00:12.032 479 479 D CompatConfig: Adding: com.android.server.compat.config.Change@eab14d7
01-01 08:00:12.032 479 479 D CompatConfig: Adding: com.android.server.compat.config.Change@47b91c4
01-01 08:00:12.033 479 479 D CompatConfig: Adding: com.android.server.compat.config.Change@9ef8ad
01-01 08:00:12.033 479 479 D CompatConfig: Adding: com.android.server.compat.config.Change@642c7e2
01-01 08:00:12.034 479 479 D CompatConfig: Adding: com.android.server.compat.config.Change@e222773
01-01 08:00:12.034 479 479 D CompatConfig: Adding: com.android.server.compat.config.Change@2820630
01-01 08:00:12.035 479 479 D CompatConfig: Adding: com.android.server.compat.config.Change@85f72a9
01-01 08:00:12.035 479 479 D CompatConfig: Adding: com.android.server.compat.config.Change@d49802e
01-01 08:00:12.037 479 479 D CompatConfig: Adding: com.android.server.compat.config.Change@eedc7cf
01-01 08:00:12.038 479 479 D CompatConfig: Adding: com.android.server.compat.config.Change@739555c
01-01 08:00:12.039 479 479 D CompatConfig: Adding: com.android.server.compat.config.Change@c939065
01-01 08:00:12.039 479 479 D CompatConfig: Adding: com.android.server.compat.config.Change@b2911eb
01-01 08:00:12.039 479 479 D CompatConfig: Adding: com.android.server.compat.config.Change@ab46b48
01-01 08:00:12.039 479 529 I SystemConfig: Reading permissions from /system/etc/permissions/com.android.future.usb.accessory.xml
01-01 08:00:12.040 479 479 D CompatConfig: Adding: com.android.server.compat.config.Change@931cde1
01-01 08:00:12.040 479 479 D CompatConfig: Adding: com.android.server.compat.config.Change@3f56706
01-01 08:00:12.040 479 479 D CompatConfig: Adding: com.android.server.compat.config.Change@984e1c7
01-01 08:00:12.041 479 479 D CompatConfig: Adding: com.android.server.compat.config.Change@148f3f4
01-01 08:00:12.041 479 479 D CompatConfig: Adding: com.android.server.compat.config.Change@91c671d
01-01 08:00:12.041 479 479 D CompatConfig: Adding: com.android.server.compat.config.Change@5f0ed92
01-01 08:00:12.042 479 479 D CompatConfig: Adding: com.android.server.compat.config.Change@e3d363
01-01 08:00:12.042 479 479 D CompatConfig: Adding: com.android.server.compat.config.Change@cfb5b60
01-01 08:00:12.042 479 479 D CompatConfig: Adding: com.android.server.compat.config.Change@91d5819
01-01 08:00:12.043 479 479 D CompatConfig: Adding: com.android.server.compat.config.Change@eac50de
01-01 08:00:12.043 479 479 D CompatConfig: Adding: com.android.server.compat.config.Change@9b642bf
01-01 08:00:12.043 479 479 D CompatConfig: Adding: com.android.server.compat.config.Change@9aacd8c
01-01 08:00:12.044 479 479 D CompatConfig: Adding: com.android.server.compat.config.Change@ea25cd5
01-01 08:00:12.044 479 479 D CompatConfig: Adding: com.android.server.compat.config.Change@9164bdb
01-01 08:00:12.044 479 479 D CompatConfig: Adding: com.android.server.compat.config.Change@ffd3678
01-01 08:00:12.045 479 529 I SystemConfig: Reading permissions from /system/etc/permissions/com.android.networkstack.xml
01-01 08:00:12.045 479 479 D CompatConfig: Adding: com.android.server.compat.config.Change@e38f151
01-01 08:00:12.045 479 479 D CompatConfig: Adding: com.android.server.compat.config.Change@d6b9db6
01-01 08:00:12.046 479 479 D CompatConfig: Adding: com.android.server.compat.config.Change@1a3cab7
01-01 08:00:12.046 479 479 D CompatConfig: Adding: com.android.server.compat.config.Change@b0b4224
01-01 08:00:12.046 479 479 D CompatConfig: Found a config file: /system/etc/compatconfig/services-platform-compat-config.xml
01-01 08:00:12.049 479 479 D CompatConfig: Adding: com.android.server.compat.config.Change@40bdf42
01-01 08:00:12.050 479 479 D CompatConfig: Adding: com.android.server.compat.config.Change@6205b53
01-01 08:00:12.051 479 479 D CompatConfig: Adding: com.android.server.compat.config.Change@ccc5c90
01-01 08:00:12.051 479 479 D CompatConfig: Adding: com.android.server.compat.config.Change@e977989
01-01 08:00:12.052 479 479 D CompatConfig: Adding: com.android.server.compat.config.Change@67cad8e
01-01 08:00:12.052 479 479 D CompatConfig: Adding: com.android.server.compat.config.Change@9cb59af
01-01 08:00:12.053 479 479 D CompatConfig: Adding: com.android.server.compat.config.Change@d42b1bc
01-01 08:00:12.053 479 479 D CompatConfig: Adding: com.android.server.compat.config.Change@af52545
01-01 08:00:12.053 479 479 D CompatConfig: Adding: com.android.server.compat.config.Change@41a149a
01-01 08:00:12.054 479 479 D CompatConfig: Adding: com.android.server.compat.config.Change@a7de1cb
01-01 08:00:12.054 479 479 D CompatConfig: Adding: com.android.server.compat.config.Change@672da8
01-01 08:00:12.055 479 479 D CompatConfig: Adding: com.android.server.compat.config.Change@3c7d0c1
01-01 08:00:12.055 479 479 D CompatConfig: Adding: com.android.server.compat.config.Change@3f4e066
01-01 08:00:12.055 479 479 D CompatConfig: Adding: com.android.server.compat.config.Change@86cfa7
01-01 08:00:12.056 479 479 D CompatConfig: Adding: com.android.server.compat.config.Change@ed57c54
01-01 08:00:12.056 479 479 D CompatConfig: Adding: com.android.server.compat.config.Change@9bfb7fd
01-01 08:00:12.057 479 479 D CompatConfig: Adding: com.android.server.compat.config.Change@b5e9cf2
01-01 08:00:12.057 479 479 D CompatConfig: Adding: com.android.server.compat.config.Change@46bf43
01-01 08:00:12.057 479 479 D CompatConfig: Adding: com.android.server.compat.config.Change@d3809c0
01-01 08:00:12.058 479 479 D CompatConfig: Adding: com.android.server.compat.config.Change@e54d6f9
01-01 08:00:12.058 479 479 D CompatConfig: Adding: com.android.server.compat.config.Change@135963e
01-01 08:00:12.059 479 479 D CompatConfig: Adding: com.android.server.compat.config.Change@98c0c9f
01-01 08:00:12.059 479 479 D CompatConfig: Adding: com.android.server.compat.config.Change@e7401ec
01-01 08:00:12.059 479 479 D CompatConfig: Adding: com.android.server.compat.config.Change@882e9b5
01-01 08:00:12.060 479 479 D CompatConfig: Adding: com.android.server.compat.config.Change@9f0d84a
01-01 08:00:12.060 479 479 D CompatConfig: Adding: com.android.server.compat.config.Change@aed3bb
01-01 08:00:12.061 479 479 D CompatConfig: Adding: com.android.server.compat.config.Change@c9550d8
01-01 08:00:12.061 479 479 D CompatConfig: Adding: com.android.server.compat.config.Change@9456c31
01-01 08:00:12.062 479 479 D CompatConfig: Adding: com.android.server.compat.config.Change@86c2f16
01-01 08:00:12.062 479 479 D CompatConfig: Adding: com.android.server.compat.config.Change@d6cf097
01-01 08:00:12.062 479 479 D CompatConfig: Adding: com.android.server.compat.config.Change@47aa284
01-01 08:00:12.063 479 479 D CompatConfig: Adding: com.android.server.compat.config.Change@bd39a6d
01-01 08:00:12.063 381 381 I update_engine: [INFO:cleanup_previous_update_action.cc(112)] Executing task 1
01-01 08:00:12.063 479 479 D CompatConfig: Adding: com.android.server.compat.config.Change@f7426a2
01-01 08:00:12.064 479 479 D CompatConfig: Adding: com.android.server.compat.config.Change@b85ff33
01-01 08:00:12.064 479 479 D CompatConfig: Adding: com.android.server.compat.config.Change@4162f0
01-01 08:00:12.064 479 479 D CompatConfig: Adding: com.android.server.compat.config.Change@d9c7069
01-01 08:00:12.065 479 479 D CompatConfig: Adding: com.android.server.compat.config.Change@120aee
01-01 08:00:12.065 479 479 D CompatConfig: Adding: com.android.server.compat.config.Change@9175b8f
01-01 08:00:12.066 479 479 D CompatConfig: Adding: com.android.server.compat.config.Change@c71be1c
01-01 08:00:12.066 479 479 D CompatConfig: Adding: com.android.server.compat.config.Change@a02aa25
01-01 08:00:12.067 479 479 D CompatConfig: Adding: com.android.server.compat.config.Change@97e7fa
01-01 08:00:12.067 479 479 D CompatConfig: Adding: com.android.server.compat.config.Change@eb821ab
01-01 08:00:12.067 479 479 D CompatConfig: Adding: com.android.server.compat.config.Change@3eaa008
01-01 08:00:12.068 479 479 D CompatConfig: Adding: com.android.server.compat.config.Change@5d8c3a1
01-01 08:00:12.068 381 381 I update_engine: [INFO:cleanup_previous_update_action.cc(124)] CleanupPreviousUpdateAction scheduled task ID 3 for WaitBootCompleted
01-01 08:00:12.068 479 479 D CompatConfig: Adding: com.android.server.compat.config.Change@86c89c6
01-01 08:00:12.069 479 479 D CompatConfig: Adding: com.android.server.compat.config.Change@d552d87
01-01 08:00:12.069 479 479 D CompatConfig: Adding: com.android.server.compat.config.Change@e8db4b4
01-01 08:00:12.070 479 479 D CompatConfig: Adding: com.android.server.compat.config.Change@69cf8dd
01-01 08:00:12.070 479 479 D CompatConfig: Adding: com.android.server.compat.config.Change@c977c52
01-01 08:00:12.070 479 479 D CompatConfig: Adding: com.android.server.compat.config.Change@dcd1b23
01-01 08:00:12.071 479 479 D CompatConfig: Adding: com.android.server.compat.config.Change@eab6820
01-01 08:00:12.071 479 479 D CompatConfig: Adding: com.android.server.compat.config.Change@17545d9
01-01 08:00:12.072 479 479 D CompatConfig: Found a config file: /system/etc/compatconfig/icu4j-platform-compat-config.xml
01-01 08:00:12.077 479 529 I SystemConfig: Reading permissions from /system/etc/permissions/android.test.mock.xml
01-01 08:00:12.078 479 479 D CompatConfig: Adding: com.android.server.compat.config.Change@92ee64c
01-01 08:00:12.079 479 479 D CompatConfig: No directory /system/system_ext/etc/compatconfig, skipping
01-01 08:00:12.081 479 479 D CompatConfig: No directory /apex/com.android.wifi/etc/compatconfig, skipping
01-01 08:00:12.081 479 479 D CompatConfig: No directory /apex/com.android.vndk.v31/etc/compatconfig, skipping
01-01 08:00:12.081 479 479 D CompatConfig: No directory /apex/com.android.tzdata/etc/compatconfig, skipping
01-01 08:00:12.081 479 479 D CompatConfig: No directory /apex/com.android.tethering/etc/compatconfig, skipping
01-01 08:00:12.082 479 479 D CompatConfig: No directory /apex/com.android.sdkext/etc/compatconfig, skipping
01-01 08:00:12.082 479 479 D CompatConfig: No directory /apex/com.android.scheduling/etc/compatconfig, skipping
01-01 08:00:12.082 479 479 D CompatConfig: No directory /apex/com.android.runtime/etc/compatconfig, skipping
01-01 08:00:12.082 479 479 D CompatConfig: No directory /apex/com.android.resolv/etc/compatconfig, skipping
01-01 08:00:12.082 479 479 D CompatConfig: No directory /apex/com.android.permission/etc/compatconfig, skipping
01-01 08:00:12.082 479 479 D CompatConfig: No directory /apex/com.android.os.statsd/etc/compatconfig, skipping
01-01 08:00:12.082 479 479 D CompatConfig: No directory /apex/com.android.neuralnetworks/etc/compatconfig, skipping
01-01 08:00:12.083 479 529 I SystemConfig: Reading permissions from /system/etc/permissions/org.apache.http.legacy.xml
01-01 08:00:12.084 479 479 D CompatConfig: Found a config file: /apex/com.android.mediaprovider/etc/compatconfig/media-provider-platform-compat-config.xml
01-01 08:00:12.090 479 529 I SystemConfig: Reading permissions from /system/etc/permissions/permissions-awbms.xml
01-01 08:00:12.091 479 479 D CompatConfig: Adding: com.android.server.compat.config.Change@48a1b38
01-01 08:00:12.092 479 479 D CompatConfig: Adding: com.android.server.compat.config.Change@868d711
