06-25 14:28:14.058 832 832 D wpa_supplicant: Initializing interface 'wlan0' conf '/data/vendor/wifi/wpa/wpa_supplicant.conf' driver 'nl80211' ctrl_interface '/data/vendor/wifi/wpa/sockets' bridge 'N/A'
06-25 14:28:14.058 832 832 D wpa_supplicant: Configuration file '/data/vendor/wifi/wpa/wpa_supplicant.conf' -> '/data/vendor/wifi/wpa/wpa_supplicant.conf'
06-25 14:28:14.058 832 832 D wpa_supplicant: Reading configuration file '/data/vendor/wifi/wpa/wpa_supplicant.conf'
06-25 14:28:14.059 832 832 D wpa_supplicant: update_config=1
06-25 14:28:14.059 832 832 D wpa_supplicant: eapol_version=1
06-25 14:28:14.059 832 832 D wpa_supplicant: ap_scan=1
06-25 14:28:14.059 832 832 D wpa_supplicant: fast_reauth=1
06-25 14:28:14.059 832 832 D wpa_supplicant: pmf=1
06-25 14:28:14.059 832 832 D wpa_supplicant: p2p_add_cli_chan=1
06-25 14:28:14.059 832 832 D wpa_supplicant: oce=1
06-25 14:28:14.059 832 832 D wpa_supplicant: sae_pwe=2
06-25 14:28:14.059 379 420 V C2Store : in init
06-25 14:28:14.059 832 832 D wpa_supplicant: Reading configuration file '/vendor/etc/wifi/wpa_supplicant_overlay.conf'
06-25 14:28:14.059 379 420 V C2Store : loading dll
06-25 14:28:14.059 379 379 V C2Store : in ~ComponentModule
06-25 14:28:14.059 379 379 V C2Store : unloading dll
06-25 14:28:14.060 832 832 D wpa_supplicant: disable_scan_offload=1
06-25 14:28:14.060 832 832 D wpa_supplicant: wowlan_triggers='any'
06-25 14:28:14.060 832 832 D wpa_supplicant: p2p_disabled=0
06-25 14:28:14.060 832 832 D wpa_supplicant: filter_rssi=-75
06-25 14:28:14.060 832 832 D wpa_supplicant: no_ctrl_interface -> ctrl_interface=NULL
06-25 14:28:14.060 666 864 I droid.bluetoot: [0625/142814.060465:INFO:message_loop_thread.cc(224)] Run: message loop starting for thread bt_jni_thread
06-25 14:28:14.060 666 858 I bt_btif_core: system/bt/btif/src/btif_core.cc:239 btif_init_bluetooth: btif_init_bluetooth finished
06-25 14:28:14.061 666 858 I bt_stack_config: system/bt/main/stack_config.cc:51 init: init attempt to load stack conf from /etc/bluetooth/bt_stack.conf
06-25 14:28:14.063 358 472 I Codec2InfoBuilder: adding type 'audio/opus'
06-25 14:28:14.064 832 832 D wpa_supplicant: nl80211: Supported cipher 00-0f-ac:1
06-25 14:28:14.064 379 816 V C2Store : in init
06-25 14:28:14.064 832 832 D wpa_supplicant: nl80211: Supported cipher 00-0f-ac:5
06-25 14:28:14.064 379 816 V C2Store : loading dll
06-25 14:28:14.066 832 832 D wpa_supplicant: nl80211: Supported cipher 00-0f-ac:2
06-25 14:28:14.066 666 858 I bt_stack_manager: system/bt/btif/src/stack_manager.cc:223 event_init_stack: finished
06-25 14:28:14.066 832 832 D wpa_supplicant: nl80211: Supported cipher 00-0f-ac:4
06-25 14:28:14.066 832 832 D wpa_supplicant: nl80211: Supported cipher 00-14-72:1
06-25 14:28:14.066 832 832 D wpa_supplicant: nl80211: Supported cipher 00-0f-ac:6
06-25 14:28:14.066 832 832 D wpa_supplicant: nl80211: Supported cipher 00-0f-ac:255
06-25 14:28:14.066 666 666 I bt_osi_wakelock: system/bt/osi/src/wakelock.cc:98 wakelock_set_os_callouts: wakelock_set_os_callouts set to non-native
06-25 14:28:14.066 666 666 I bt_btif : system/bt/btif/src/bluetooth.cc:417 get_profile_interface: get_profile_interface: id = socket
06-25 14:28:14.067 832 832 D wpa_supplicant: nl80211: Supported vendor command: vendor_id=0x1374 subcmd=9
06-25 14:28:14.067 832 832 D wpa_supplicant: nl80211: Supported vendor command: vendor_id=0x1374 subcmd=12
06-25 14:28:14.067 832 832 D wpa_supplicant: nl80211: Supported vendor command: vendor_id=0x1374 subcmd=14
06-25 14:28:14.067 832 832 D wpa_supplicant: nl80211: Supported vendor command: vendor_id=0x1374 subcmd=15
06-25 14:28:14.068 832 832 D wpa_supplicant: nl80211: Supported vendor command: vendor_id=0x1374 subcmd=16
06-25 14:28:14.068 832 832 D wpa_supplicant: nl80211: Supported vendor command: vendor_id=0x1374 subcmd=20
06-25 14:28:14.068 832 832 D wpa_supplicant: nl80211: Supported vendor command: vendor_id=0x1a11 subcmd=6
06-25 14:28:14.068 832 832 D wpa_supplicant: nl80211: Supported vendor command: vendor_id=0x1374 subcmd=21
06-25 14:28:14.068 832 832 D wpa_supplicant: nl80211: Supported vendor command: vendor_id=0x1374 subcmd=22
06-25 14:28:14.068 832 832 D wpa_supplicant: nl80211: Supported vendor command: vendor_id=0x1374 subcmd=23
06-25 14:28:14.068 666 666 E droid.bluetoot: [0625/142814.068130:ERROR:message_loop_thread.cc(102)] DoInThreadDelayed: message loop is null for thread bt_main_thread(-1), from pc:0xbf9ea2fb
06-25 14:28:14.068 832 832 D wpa_supplicant: nl80211: Supported vendor command: vendor_id=0x1374 subcmd=24
06-25 14:28:14.068 666 666 E droid.bluetoot: [0625/142814.068291:ERROR:btu_task.cc(94)] do_in_main_thread: failed from pc:0xbf9ea2fb
06-25 14:28:14.068 832 832 D wpa_supplicant: nl80211: Supported vendor command: vendor_id=0x1374 subcmd=29
06-25 14:28:14.068 666 666 E droid.bluetoot: [0625/142814.068356:ERROR:message_loop_thread.cc(102)] DoInThreadDelayed: message loop is null for thread bt_main_thread(-1), from pc:0xbf9ea2fb
06-25 14:28:14.068 832 832 D wpa_supplicant: nl80211: Supported vendor command: vendor_id=0x1374 subcmd=30
06-25 14:28:14.068 666 666 E droid.bluetoot: [0625/142814.068417:ERROR:btu_task.cc(94)] do_in_main_thread: failed from pc:0xbf9ea2fb
06-25 14:28:14.068 832 832 D wpa_supplicant: nl80211: Supported vendor command: vendor_id=0x1374 subcmd=32
06-25 14:28:14.068 666 666 E droid.bluetoot: [0625/142814.068468:ERROR:message_loop_thread.cc(102)] DoInThreadDelayed: message loop is null for thread bt_main_thread(-1), from pc:0xbf9ea2fb
06-25 14:28:14.068 666 666 E droid.bluetoot: [0625/142814.068520:ERROR:btu_task.cc(94)] do_in_main_thread: failed from pc:0xbf9ea2fb
06-25 14:28:14.068 832 832 D wpa_supplicant: nl80211: Supported vendor command: vendor_id=0x1374 subcmd=33
06-25 14:28:14.068 832 832 D wpa_supplicant: nl80211: Supported vendor command: vendor_id=0x1374 subcmd=38
06-25 14:28:14.068 832 832 D wpa_supplicant: nl80211: Supported vendor command: vendor_id=0x1374 subcmd=39
06-25 14:28:14.068 832 832 D wpa_supplicant: nl80211: Supported vendor command: vendor_id=0x1374 subcmd=42
06-25 14:28:14.068 832 832 D wpa_supplicant: nl80211: Supported vendor command: vendor_id=0x1374 subcmd=55
06-25 14:28:14.068 832 832 D wpa_supplicant: nl80211: Supported vendor command: vendor_id=0x1374 subcmd=61
06-25 14:28:14.068 832 832 D wpa_supplicant: nl80211: Supported vendor command: vendor_id=0x1374 subcmd=62
06-25 14:28:14.070 358 472 I Codec2InfoBuilder: adding type 'audio/opus'
06-25 14:28:14.070 832 832 D wpa_supplicant: nl80211: Supported vendor command: vendor_id=0x1374 subcmd=63
06-25 14:28:14.070 832 832 D wpa_supplicant: nl80211: Supported vendor command: vendor_id=0x1374 subcmd=64
06-25 14:28:14.070 832 832 D wpa_supplicant: nl80211: Supported vendor command: vendor_id=0x1374 subcmd=65
06-25 14:28:14.070 832 832 D wpa_supplicant: nl80211: Supported vendor command: vendor_id=0x1374 subcmd=66
06-25 14:28:14.070 832 832 D wpa_supplicant: nl80211: Supported vendor command: vendor_id=0x1374 subcmd=69
06-25 14:28:14.070 832 832 D wpa_supplicant: nl80211: Supported vendor command: vendor_id=0x1374 subcmd=70
06-25 14:28:14.070 832 832 D wpa_supplicant: nl80211: Supported vendor command: vendor_id=0x1374 subcmd=71
06-25 14:28:14.070 832 832 D wpa_supplicant: nl80211: Supported vendor command: vendor_id=0x1374 subcmd=76
06-25 14:28:14.070 832 832 D wpa_supplicant: nl80211: Supported vendor command: vendor_id=0x1374 subcmd=77
06-25 14:28:14.070 832 832 D wpa_supplicant: nl80211: Supported vendor command: vendor_id=0x1374 subcmd=79
06-25 14:28:14.070 832 832 D wpa_supplicant: nl80211: Supported vendor command: vendor_id=0x1374 subcmd=80
06-25 14:28:14.070 832 832 D wpa_supplicant: nl80211: Supported vendor command: vendor_id=0x1374 subcmd=82
06-25 14:28:14.070 832 832 D wpa_supplicant: nl80211: Supported vendor command: vendor_id=0x1374 subcmd=85
06-25 14:28:14.070 832 832 D wpa_supplicant: nl80211: Supported vendor command: vendor_id=0x1374 subcmd=146
06-25 14:28:14.070 832 832 D wpa_supplicant: nl80211: Supported vendor command: vendor_id=0x1374 subcmd=12
06-25 14:28:14.071 832 832 D wpa_supplicant: nl80211: Supported vendor command: vendor_id=0x1374 subcmd=128
06-25 14:28:14.071 832 832 D wpa_supplicant: nl80211: Supported vendor command: vendor_id=0x1374 subcmd=129
06-25 14:28:14.071 832 832 D wpa_supplicant: nl80211: Supported vendor command: vendor_id=0x1374 subcmd=130
06-25 14:28:14.071 379 817 V C2Store : in init
06-25 14:28:14.071 379 817 V C2Store : loading dll
06-25 14:28:14.071 832 832 D wpa_supplicant: nl80211: Supported vendor command: vendor_id=0x1374 subcmd=133
06-25 14:28:14.071 832 832 D wpa_supplicant: nl80211: Supported vendor command: vendor_id=0x1374 subcmd=176
06-25 14:28:14.071 379 816 V C2Store : in ~ComponentModule
06-25 14:28:14.071 379 816 V C2Store : unloading dll
06-25 14:28:14.071 832 832 D wpa_supplicant: nl80211: Supported vendor event: vendor_id=0x1374 subcmd=80
06-25 14:28:14.071 832 832 D wpa_supplicant: nl80211: Supported vendor event: vendor_id=0x1374 subcmd=1
06-25 14:28:14.071 832 832 D wpa_supplicant: nl80211: Supported vendor event: vendor_id=0x1374 subcmd=1
06-25 14:28:14.071 832 832 D wpa_supplicant: nl80211: Supported vendor event: vendor_id=0x1374 subcmd=1
06-25 14:28:14.071 832 832 D wpa_supplicant: nl80211: Supported vendor event: vendor_id=0x1374 subcmd=1
06-25 14:28:14.071 832 832 D wpa_supplicant: nl80211: Supported vendor event: vendor_id=0x1374 subcmd=1
06-25 14:28:14.071 832 832 D wpa_supplicant: nl80211: Supported vendor event: vendor_id=0x1374 subcmd=20
06-25 14:28:14.071 832 832 D wpa_supplicant: nl80211: Supported vendor event: vendor_id=0x1374 subcmd=21
06-25 14:28:14.071 832 832 D wpa_supplicant: nl80211: Supported vendor event: vendor_id=0x1374 subcmd=23
06-25 14:28:14.071 832 832 D wpa_supplicant: nl80211: Supported vendor event: vendor_id=0x1374 subcmd=24
06-25 14:28:14.071 832 832 D wpa_supplicant: nl80211: Supported vendor event: vendor_id=0x1374 subcmd=25
06-25 14:28:14.071 379 820 V C2Store : in ~ComponentModule
06-25 14:28:14.071 379 820 V C2Store : unloading dll
06-25 14:28:14.071 832 832 D wpa_supplicant: nl80211: Supported vendor event: vendor_id=0x1374 subcmd=26
06-25 14:28:14.071 832 832 D wpa_supplicant: nl80211: Supported vendor event: vendor_id=0x1374 subcmd=27
06-25 14:28:14.071 832 832 D wpa_supplicant: nl80211: Supported vendor event: vendor_id=0x1374 subcmd=28
06-25 14:28:14.071 832 832 D wpa_supplicant: nl80211: Supported vendor event: vendor_id=0x1374 subcmd=41
06-25 14:28:14.071 832 832 D wpa_supplicant: nl80211: Supported vendor event: vendor_id=0x1374 subcmd=29
06-25 14:28:14.071 832 832 D wpa_supplicant: nl80211: Supported vendor event: vendor_id=0x1374 subcmd=30
06-25 14:28:14.071 832 832 D wpa_supplicant: nl80211: Supported vendor event: vendor_id=0x1374 subcmd=31
06-25 14:28:14.071 832 832 D wpa_supplicant: nl80211: Supported vendor event: vendor_id=0x1374 subcmd=32
06-25 14:28:14.071 832 832 D wpa_supplicant: nl80211: Supported vendor event: vendor_id=0x1374 subcmd=33
06-25 14:28:14.072 832 832 D wpa_supplicant: nl80211: Supported vendor event: vendor_id=0x0 subcmd=0
06-25 14:28:14.072 832 832 D wpa_supplicant: nl80211: Supported vendor event: vendor_id=0x0 subcmd=0
06-25 14:28:14.072 832 832 D wpa_supplicant: nl80211: Supported vendor event: vendor_id=0x0 subcmd=0
06-25 14:28:14.072 832 832 D wpa_supplicant: nl80211: Supported vendor event: vendor_id=0x0 subcmd=0
06-25 14:28:14.072 832 832 D wpa_supplicant: nl80211: Supported vendor event: vendor_id=0x0 subcmd=0
06-25 14:28:14.072 832 832 D wpa_supplicant: nl80211: Supported vendor event: vendor_id=0x0 subcmd=0
06-25 14:28:14.072 832 832 D wpa_supplicant: nl80211: Supported vendor event: vendor_id=0x0 subcmd=0
06-25 14:28:14.072 832 832 D wpa_supplicant: nl80211: Supported vendor event: vendor_id=0x0 subcmd=0
06-25 14:28:14.072 832 832 D wpa_supplicant: nl80211: Supported vendor event: vendor_id=0x0 subcmd=0
06-25 14:28:14.072 832 832 D wpa_supplicant: nl80211: Supported vendor event: vendor_id=0x0 subcmd=0
06-25 14:28:14.072 832 832 D wpa_supplicant: nl80211: Supported vendor event: vendor_id=0x0 subcmd=0
06-25 14:28:14.072 832 832 D wpa_supplicant: nl80211: Supported vendor event: vendor_id=0x0 subcmd=0
06-25 14:28:14.072 832 832 D wpa_supplicant: nl80211: Supported vendor event: vendor_id=0x1374 subcmd=5120
06-25 14:28:14.072 832 832 D wpa_supplicant: nl80211: Supported vendor event: vendor_id=0x0 subcmd=0
06-25 14:28:14.072 832 832 D wpa_supplicant: nl80211: Supported vendor event: vendor_id=0x0 subcmd=0
06-25 14:28:14.072 832 832 D wpa_supplicant: nl80211: Supported vendor event: vendor_id=0x0 subcmd=0
06-25 14:28:14.072 832 832 D wpa_supplicant: nl80211: Supported vendor event: vendor_id=0x0 subcmd=0
06-25 14:28:14.072 832 832 D wpa_supplicant: nl80211: Supported vendor event: vendor_id=0x0 subcmd=0
06-25 14:28:14.072 832 832 D wpa_supplicant: nl80211: Supported vendor event: vendor_id=0x0 subcmd=0
06-25 14:28:14.072 832 832 D wpa_supplicant: nl80211: Supported vendor event: vendor_id=0x0 subcmd=0
06-25 14:28:14.072 832 832 D wpa_supplicant: nl80211: Supported vendor event: vendor_id=0x0 subcmd=0
06-25 14:28:14.072 832 832 D wpa_supplicant: nl80211: Supported vendor event: vendor_id=0x0 subcmd=0
06-25 14:28:14.072 832 832 D wpa_supplicant: nl80211: Supported vendor event: vendor_id=0x0 subcmd=0
06-25 14:28:14.072 832 832 D wpa_supplicant: nl80211: Supported vendor event: vendor_id=0x0 subcmd=0
06-25 14:28:14.072 832 832 D wpa_supplicant: nl80211: Supported vendor event: vendor_id=0x0 subcmd=0
06-25 14:28:14.072 832 832 D wpa_supplicant: nl80211: Supported vendor event: vendor_id=0x0 subcmd=0
06-25 14:28:14.072 832 832 D wpa_supplicant: nl80211: Supported vendor event: vendor_id=0x0 subcmd=0
06-25 14:28:14.072 832 832 D wpa_supplicant: nl80211: Supported vendor event: vendor_id=0x0 subcmd=0
06-25 14:28:14.072 832 832 D wpa_supplicant: nl80211: Supported vendor event: vendor_id=0x0 subcmd=0
06-25 14:28:14.072 832 832 D wpa_supplicant: nl80211: Supported vendor event: vendor_id=0x0 subcmd=0
06-25 14:28:14.072 832 832 D wpa_supplicant: nl80211: Supported vendor event: vendor_id=0x0 subcmd=0
06-25 14:28:14.072 832 832 D wpa_supplicant: nl80211: Supported vendor event: vendor_id=0x0 subcmd=0
06-25 14:28:14.072 832 832 D wpa_supplicant: nl80211: Supported vendor event: vendor_id=0x0 subcmd=0
06-25 14:28:14.072 832 832 D wpa_supplicant: nl80211: Supported vendor event: vendor_id=0x0 subcmd=0
06-25 14:28:14.072 832 832 D wpa_supplicant: nl80211: Supported vendor event: vendor_id=0x0 subcmd=0
06-25 14:28:14.072 832 832 D wpa_supplicant: nl80211: Supported vendor event: vendor_id=0x0 subcmd=0
06-25 14:28:14.072 832 832 D wpa_supplicant: nl80211: Supported vendor event: vendor_id=0x0 subcmd=0
06-25 14:28:14.072 832 832 D wpa_supplicant: nl80211: Supported vendor event: vendor_id=0x0 subcmd=0
06-25 14:28:14.072 832 832 D wpa_supplicant: nl80211: Supported vendor event: vendor_id=0x0 subcmd=0
06-25 14:28:14.072 832 832 D wpa_supplicant: nl80211: Supported vendor event: vendor_id=0x0 subcmd=0
06-25 14:28:14.072 832 832 D wpa_supplicant: nl80211: Supported vendor event: vendor_id=0x0 subcmd=0
06-25 14:28:14.072 832 832 D wpa_supplicant: nl80211: Supported vendor event: vendor_id=0x0 subcmd=0
06-25 14:28:14.072 832 832 D wpa_supplicant: nl80211: Supported vendor event: vendor_id=0x0 subcmd=0
06-25 14:28:14.072 832 832 D wpa_supplicant: nl80211: Supported vendor event: vendor_id=0x0 subcmd=0
06-25 14:28:14.072 832 832 D wpa_supplicant: nl80211: Supported vendor event: vendor_id=0x1374 subcmd=131
06-25 14:28:14.072 832 832 D wpa_supplicant: nl80211: Supported vendor event: vendor_id=0x1374 subcmd=132
06-25 14:28:14.072 832 832 D wpa_supplicant: nl80211: Supported vendor event: vendor_id=0x0 subcmd=0
06-25 14:28:14.072 832 832 D wpa_supplicant: nl80211: Supported vendor event: vendor_id=0x0 subcmd=0
06-25 14:28:14.072 832 832 D wpa_supplicant: nl80211: Supported vendor event: vendor_id=0x0 subcmd=0
06-25 14:28:14.072 832 832 D wpa_supplicant: nl80211: Supported vendor event: vendor_id=0x0 subcmd=0
06-25 14:28:14.072 832 832 D wpa_supplicant: nl80211: Supported vendor event: vendor_id=0x0 subcmd=0
06-25 14:28:14.072 832 832 D wpa_supplicant: nl80211: Supported vendor event: vendor_id=0x0 subcmd=0
06-25 14:28:14.072 832 832 D wpa_supplicant: nl80211: Supported vendor event: vendor_id=0x1374 subcmd=72
06-25 14:28:14.072 832 832 D wpa_supplicant: nl80211: Use separate P2P group interface (driver advertised support)
06-25 14:28:14.072 832 832 D wpa_supplicant: nl80211: Enable multi-channel concurrent (driver advertised support)
06-25 14:28:14.072 832 832 D wpa_supplicant: nl80211: use P2P_DEVICE support
06-25 14:28:14.073 832 832 D wpa_supplicant: nl80211: key_mgmt=0xd0f enc=0x10f auth=0x7 flags=0x100100007a007ac0 rrm_flags=0x0 probe_resp_offloads=0x0 max_stations=10 max_remain_on_chan=5000 max_scan_ssids=12
06-25 14:28:14.073 832 832 D wpa_supplicant: nl80211: interface wlan0 in phy phy0
06-25 14:28:14.073 832 832 D wpa_supplicant: nl80211: Set mode ifindex 14 iftype 2 (STATION)
06-25 14:28:14.073 832 832 D wpa_supplicant: nl80211: Subscribe to mgmt frames with non-AP handle 0xea2aa7a0
06-25 14:28:14.073 386 398 I adbd : jdwp connection from 859
06-25 14:28:14.073 832 832 D wpa_supplicant: nl80211: Register frame type=0xb0 (WLAN_FC_STYPE_AUTH) nl_handle=0xea2aa7a0 match=0300 multicast=0
06-25 14:28:14.073 832 832 D wpa_supplicant: nl80211: Register frame command failed (type=176): ret=-22 (Invalid argument)
06-25 14:28:14.073 832 832 D wpa_supplicant: nl80211: Register frame match - hexdump(len=2): 03 00
06-25 14:28:14.073 832 832 D wpa_supplicant: nl80211: Register frame type=0xd0 (WLAN_FC_STYPE_ACTION) nl_handle=0xea2aa7a0 match=0104 multicast=0
06-25 14:28:14.074 832 832 D wpa_supplicant: nl80211: Register frame type=0xd0 (WLAN_FC_STYPE_ACTION) nl_handle=0xea2aa7a0 match=040a multicast=0
06-25 14:28:14.074 832 832 D wpa_supplicant: nl80211: Register frame type=0xd0 (WLAN_FC_STYPE_ACTION) nl_handle=0xea2aa7a0 match=040b multicast=0
06-25 14:28:14.074 832 832 D wpa_supplicant: nl80211: Register frame type=0xd0 (WLAN_FC_STYPE_ACTION) nl_handle=0xea2aa7a0 match=040c multicast=0
06-25 14:28:14.074 832 832 D wpa_supplicant: nl80211: Register frame type=0xd0 (WLAN_FC_STYPE_ACTION) nl_handle=0xea2aa7a0 match=040d multicast=0
06-25 14:28:14.074 832 832 D wpa_supplicant: nl80211: Register frame type=0xd0 (WLAN_FC_STYPE_ACTION) nl_handle=0xea2aa7a0 match=090a multicast=0
06-25 14:28:14.074 832 832 D wpa_supplicant: nl80211: Register frame type=0xd0 (WLAN_FC_STYPE_ACTION) nl_handle=0xea2aa7a0 match=090b multicast=0
06-25 14:28:14.074 666 666 D BluetoothKeystoreService: initJni()
06-25 14:28:14.075 832 832 D wpa_supplicant: nl80211: Register frame type=0xd0 (WLAN_FC_STYPE_ACTION) nl_handle=0xea2aa7a0 match=090c multicast=0
06-25 14:28:14.075 832 832 D wpa_supplicant: nl80211: Register frame type=0xd0 (WLAN_FC_STYPE_ACTION) nl_handle=0xea2aa7a0 match=090d multicast=0
06-25 14:28:14.075 832 832 D wpa_supplicant: nl80211: Register frame type=0xd0 (WLAN_FC_STYPE_ACTION) nl_handle=0xea2aa7a0 match=0409506f9a09 multicast=0
06-25 14:28:14.075 832 832 D wpa_supplicant: nl80211: Register frame type=0xd0 (WLAN_FC_STYPE_ACTION) nl_handle=0xea2aa7a0 match=7f506f9a09 multicast=0
06-25 14:28:14.075 832 832 D wpa_supplicant: nl80211: Register frame type=0xd0 (WLAN_FC_STYPE_ACTION) nl_handle=0xea2aa7a0 match=0409506f9a1a multicast=0
06-25 14:28:14.075 666 666 I bt_btif : system/bt/btif/src/bluetooth.cc:417 get_profile_interface: get_profile_interface: id = bluetooth_keystore
06-25 14:28:14.075 832 832 D wpa_supplicant: nl80211: Register frame type=0xd0 (WLAN_FC_STYPE_ACTION) nl_handle=0xea2aa7a0 match=0801 multicast=0
06-25 14:28:14.075 832 832 D wpa_supplicant: nl80211: Register frame type=0xd0 (WLAN_FC_STYPE_ACTION) nl_handle=0xea2aa7a0 match=06 multicast=0
06-25 14:28:14.075 666 666 I bt_btif : system/bt/btif/src/bluetooth.cc:417 get_profile_interface: get_profile_interface: id = sdp
06-25 14:28:14.075 832 832 D wpa_supplicant: nl80211: Register frame type=0xd0 (WLAN_FC_STYPE_ACTION) nl_handle=0xea2aa7a0 match=0a07 multicast=0
06-25 14:28:14.076 832 832 D wpa_supplicant: nl80211: Register frame type=0xd0 (WLAN_FC_STYPE_ACTION) nl_handle=0xea2aa7a0 match=0a11 multicast=0
06-25 14:28:14.076 832 832 D wpa_supplicant: nl80211: Register frame type=0xd0 (WLAN_FC_STYPE_ACTION) nl_handle=0xea2aa7a0 match=0a0b multicast=0
06-25 14:28:14.076 832 832 D wpa_supplicant: nl80211: Register frame type=0xd0 (WLAN_FC_STYPE_ACTION) nl_handle=0xea2aa7a0 match=0a1a multicast=0
06-25 14:28:14.076 381 381 I update_engine: [INFO:cleanup_previous_update_action.cc(112)] Executing task 5
06-25 14:28:14.076 832 832 D wpa_supplicant: nl80211: Register frame type=0xd0 (WLAN_FC_STYPE_ACTION) nl_handle=0xea2aa7a0 match=1101 multicast=0
06-25 14:28:14.076 832 832 D wpa_supplicant: nl80211: Register frame type=0xd0 (WLAN_FC_STYPE_ACTION) nl_handle=0xea2aa7a0 match=1102 multicast=0
06-25 14:28:14.076 832 832 D wpa_supplicant: nl80211: Register frame type=0xd0 (WLAN_FC_STYPE_ACTION) nl_handle=0xea2aa7a0 match=0505 multicast=0
06-25 14:28:14.077 832 832 D wpa_supplicant: nl80211: Register frame type=0xd0 (WLAN_FC_STYPE_ACTION) nl_handle=0xea2aa7a0 match=0500 multicast=0
06-25 14:28:14.077 832 832 D wpa_supplicant: nl80211: Register frame type=0xd0 (WLAN_FC_STYPE_ACTION) nl_handle=0xea2aa7a0 match=1305 multicast=0
06-25 14:28:14.077 832 832 I wpa_supplicant: rfkill: Cannot open RFKILL control device
06-25 14:28:14.077 832 832 D wpa_supplicant: nl80211: RFKILL status not available
06-25 14:28:14.078 832 832 D wpa_supplicant: netlink: Operstate: ifindex=14 linkmode=1 (userspace-control), operstate=5 (IF_OPER_DORMANT)
06-25 14:28:14.078 381 381 I update_engine: [INFO:cleanup_previous_update_action.cc(124)] CleanupPreviousUpdateAction scheduled task ID 6 for WaitBootCompleted
06-25 14:28:14.080 479 522 W PppoeNetworkFactory: interfaceLinkStateChanged
06-25 14:28:14.081 479 522 D PppoeNetworkFactory: updateInterface: mIface: mPhyIface:eth0 iface:wlan0 link:up
06-25 14:28:14.081 479 522 D PppoeNetworkFactory: not tracker interface
06-25 14:28:14.076 326 326 I rainbow_flow: type=1400 audit(0.0:386): avc: denied { ioctl } for path="/dev/spidev1.0" dev="tmpfs" ino=7243 ioctlcmd=0x6b00 scontext=u:r:init:s0 tcontext=u:object_r:device:s0 tclass=chr_file permissive=1
06-25 14:28:14.081 479 522 I EthernetTracker: interfaceLinkStateChanged, iface: wlan0, up: true
06-25 14:28:14.081 479 522 W PppoeNetworkFactory: interfaceLinkStateChanged
06-25 14:28:14.081 479 522 D PppoeNetworkFactory: updateInterface: mIface: mPhyIface:eth0 iface:wlan0 link:up
06-25 14:28:14.081 479 522 D PppoeNetworkFactory: not tracker interface
06-25 14:28:14.081 479 522 I EthernetTracker: interfaceLinkStateChanged, iface: wlan0, up: true
06-25 14:28:14.083 358 472 I Codec2InfoBuilder: adding type 'audio/raw'
06-25 14:28:14.084 379 379 V C2Store : in ~ComponentModule
06-25 14:28:14.084 379 379 V C2Store : unloading dll
06-25 14:28:14.085 379 817 V C2Store : in init
06-25 14:28:14.085 379 817 V C2Store : loading dll
06-25 14:28:14.085 829 829 V GraphicsEnvironment: ANGLE Developer option for 'com.android.tv.settings' set to: 'default'
06-25 14:28:14.086 829 829 V GraphicsEnvironment: Neither updatable production driver nor prerelease driver is supported.
06-25 14:28:14.088 829 829 D NetworkSecurityConfig: No Network Security Config specified, using platform default
06-25 14:28:14.088 832 832 D wpa_supplicant: Add interface wlan0 to a new radio phy0
06-25 14:28:14.088 829 829 D NetworkSecurityConfig: No Network Security Config specified, using platform default
06-25 14:28:14.091 832 832 D wpa_supplicant: nl80211: No channel number found for frequency 5920 MHz
06-25 14:28:14.091 832 832 D wpa_supplicant: nl80211: No channel number found for frequency 5940 MHz
06-25 14:28:14.091 358 472 I Codec2InfoBuilder: adding type 'audio/vorbis'
06-25 14:28:14.092 832 832 D wpa_supplicant: nl80211: Regulatory information - country=00
06-25 14:28:14.092 832 832 D wpa_supplicant: nl80211: 755-928 @ 2 MHz 20 mBm (no IR)
06-25 14:28:14.092 832 832 D wpa_supplicant: nl80211: 2402-2472 @ 40 MHz 20 mBm
06-25 14:28:14.092 832 832 D wpa_supplicant: nl80211: 2457-2482 @ 20 MHz 20 mBm (no IR)
06-25 14:28:14.092 832 832 D wpa_supplicant: nl80211: 2474-2494 @ 20 MHz 20 mBm (no OFDM) (no IR)
06-25 14:28:14.092 832 832 D wpa_supplicant: nl80211: 5170-5250 @ 80 MHz 20 mBm (no IR)
06-25 14:28:14.092 832 832 D wpa_supplicant: nl80211: 5250-5330 @ 80 MHz 20 mBm (DFS) (no IR)
06-25 14:28:14.092 832 832 D wpa_supplicant: nl80211: 5490-5730 @ 160 MHz 20 mBm (DFS) (no IR)
06-25 14:28:14.092 832 832 D wpa_supplicant: nl80211: 5735-5835 @ 80 MHz 20 mBm (no IR)
06-25 14:28:14.092 832 832 D wpa_supplicant: nl80211: 57240-63720 @ 2160 MHz 0 mBm
06-25 14:28:14.092 379 379 V C2Store : in init
06-25 14:28:14.092 379 379 V C2Store : loading dll
06-25 14:28:14.092 832 832 D wpa_supplicant: nl80211: Added 802.11b mode based on 802.11g information
06-25 14:28:14.092 832 832 D wpa_supplicant: nl80211: Mode IEEE 802.11g: 2412 2417 2422 2427 2432 2437 2442 2447 2452 2457 2462 2467 2472 2484
06-25 14:28:14.092 832 832 D wpa_supplicant: nl80211: Mode IEEE 802.11a: 5170[DISABLED] 5180 5200 5220 5240 5260[RADAR] 5280[RADAR] 5300[RADAR] 5320[RADAR] 5500[RADAR] 5520[RADAR] 5540[RADAR] 5560[RADAR] 5580[RADAR] 5600[RADAR] 5620[RADAR] 5640[RADAR] 5660[RADAR]
06-25 14:28:14.092 832 832 D wpa_supplicant: nl80211: Mode IEEE 802.11b: 2412 2417 2422 2427 2432 2437 2442 2447 2452 2457 2462 2467 2472 2484
06-25 14:28:14.094 666 666 D BluetoothDatabase: start()
06-25 14:28:14.096 479 479 D CompatibilityChangeReporter: Compat change id reported: 150939131; UID 1000; state: ENABLED
06-25 14:28:14.097 479 522 D AdbService: setAdbEnabled(true), mIsAdbUsbEnabled=true, mIsAdbWifiEnabled=true, transportType=1
06-25 14:28:14.099 379 816 V C2Store : in ~ComponentModule
06-25 14:28:14.099 379 816 V C2Store : unloading dll
06-25 14:28:14.100 358 472 I Codec2InfoBuilder: adding type 'video/x-vnd.on2.vp8'
06-25 14:28:14.101 479 811 D CompatibilityChangeReporter: Compat change id reported: 168419799; UID 10075; state: DISABLED
06-25 14:28:14.101 379 820 V C2Store : in init
06-25 14:28:14.102 379 820 V C2Store : loading dll
06-25 14:28:14.104 379 820 I C2SoftVp8Enc: setting temporal layering 0 + 0
06-25 14:28:14.110 832 832 D wpa_supplicant: wlan0: Own MAC address: b4:2f:03:15:e8:b9
06-25 14:28:14.110 832 832 D wpa_supplicant: wpa_driver_nl80211_set_key: ifindex=14 (wlan0) alg=0 addr=0x0 key_idx=0 set_tx=0 seq_len=0 key_len=0 key_flag=0x10
06-25 14:28:14.110 832 832 D wpa_supplicant: nl80211: DEL_KEY
06-25 14:28:14.110 832 832 D wpa_supplicant: broadcast key
06-25 14:28:14.110 379 820 I C2SoftVp8Enc: setting temporal layering 0 + 0
06-25 14:28:14.111 832 832 D wpa_supplicant: wpa_driver_nl80211_set_key: ifindex=14 (wlan0) alg=0 addr=0x0 key_idx=1 set_tx=0 seq_len=0 key_len=0 key_flag=0x10
06-25 14:28:14.111 832 832 D wpa_supplicant: nl80211: DEL_KEY
06-25 14:28:14.111 832 832 D wpa_supplicant: broadcast key
06-25 14:28:14.111 832 832 D wpa_supplicant: wpa_driver_nl80211_set_key: ifindex=14 (wlan0) alg=0 addr=0x0 key_idx=2 set_tx=0 seq_len=0 key_len=0 key_flag=0x10
06-25 14:28:14.111 832 832 D wpa_supplicant: nl80211: DEL_KEY
06-25 14:28:14.111 832 832 D wpa_supplicant: broadcast key
06-25 14:28:14.111 832 832 D wpa_supplicant: wpa_driver_nl80211_set_key: ifindex=14 (wlan0) alg=0 addr=0x0 key_idx=3 set_tx=0 seq_len=0 key_len=0 key_flag=0x10
06-25 14:28:14.111 832 832 D wpa_supplicant: nl80211: DEL_KEY
06-25 14:28:14.111 832 832 D wpa_supplicant: broadcast key
06-25 14:28:14.111 832 832 D wpa_supplicant: wpa_driver_nl80211_set_key: ifindex=14 (wlan0) alg=0 addr=0x0 key_idx=4 set_tx=0 seq_len=0 key_len=0 key_flag=0x10
06-25 14:28:14.111 832 832 D wpa_supplicant: nl80211: DEL_KEY
06-25 14:28:14.111 832 832 D wpa_supplicant: broadcast key
06-25 14:28:14.111 832 832 D wpa_supplicant: wpa_driver_nl80211_set_key: ifindex=14 (wlan0) alg=0 addr=0x0 key_idx=5 set_tx=0 seq_len=0 key_len=0 key_flag=0x10
06-25 14:28:14.111 832 832 D wpa_supplicant: nl80211: DEL_KEY
06-25 14:28:14.111 832 832 D wpa_supplicant: broadcast key
06-25 14:28:14.112 832 832 D wpa_supplicant: wlan0: RSN: flushing PMKID list in the driver
06-25 14:28:14.112 832 832 D wpa_supplicant: nl80211: Flush PMKIDs
06-25 14:28:14.113 358 472 I Codec2InfoBuilder: adding type 'video/x-vnd.on2.vp8'
06-25 14:28:14.114 832 832 D wpa_supplicant: wlan0: State: DISCONNECTED -> INACTIVE
06-25 14:28:14.114 832 832 D wpa_supplicant: Notifying state change event to hidl control: 2
06-25 14:28:14.115 379 420 V C2Store : in init
06-25 14:28:14.115 379 420 V C2Store : loading dll
06-25 14:28:14.120 859 859 D CompatibilityChangeReporter: Compat change id reported: 171979766; UID 10075; state: DISABLED
06-25 14:28:14.123 358 472 D Codec2InfoBuilder: component 'c2.android.vp9.decoder' not found in xml
06-25 14:28:14.124 379 417 V C2Store : in init
06-25 14:28:14.124 379 417 V C2Store : loading dll
06-25 14:28:14.124 280 534 D PermissionCache: checking android.permission.ACCESS_SURFACE_FLINGER for uid=10067 => granted (1797 us)
06-25 14:28:14.126 379 417 I C2SoftVp9Enc: setting temporal layering 0 + 0
06-25 14:28:14.131 379 379 V C2Store : in ~ComponentModule
06-25 14:28:14.131 379 379 V C2Store : unloading dll
06-25 14:28:14.133 832 832 D wpa_supplicant: TDLS: TDLS operation not supported by driver
06-25 14:28:14.134 832 832 D wpa_supplicant: TDLS: Driver uses internal link setup
06-25 14:28:14.134 832 832 D wpa_supplicant: TDLS: Driver does not support TDLS channel switching
06-25 14:28:14.135 832 832 D wpa_supplicant: wlan0: WPS: UUID based on MAC address: 9c907f24-96c2-56f2-9fdd-752c11c3bef8
06-25 14:28:14.136 479 479 I PackageWatchdog: Syncing health check requests for packages: {}
06-25 14:28:14.136 479 479 I ExplicitHealthCheckController: Service not ready to get health check supported packages. Binding...
06-25 14:28:14.136 832 832 D wpa_supplicant: EAPOL: SUPP_PAE entering state DISCONNECTED
06-25 14:28:14.137 832 832 D wpa_supplicant: EAPOL: Supplicant port status: Unauthorized
06-25 14:28:14.137 832 832 D wpa_supplicant: nl80211: Skip set_supp_port(unauthorized) while not associated
06-25 14:28:14.137 832 832 D wpa_supplicant: EAPOL: KEY_RX entering state NO_KEY_RECEIVE
06-25 14:28:14.137 832 832 D wpa_supplicant: EAPOL: SUPP_BE entering state INITIALIZE
06-25 14:28:14.137 832 832 D wpa_supplicant: EAP: EAP entering state DISABLED
06-25 14:28:14.137 832 832 D wpa_supplicant: Using existing control interface directory.
06-25 14:28:14.139 832 832 D wpa_supplicant: ctrl_iface bind(PF_UNIX) failed: Address already in use
06-25 14:28:14.139 832 832 D wpa_supplicant: ctrl_iface exists, but does not allow connections - assuming it was leftover from forced program termination
06-25 14:28:14.139 832 832 D wpa_supplicant: Successfully replaced leftover ctrl_iface socket '/data/vendor/wifi/wpa/sockets/wlan0'
06-25 14:28:14.140 379 417 I C2SoftVp9Enc: setting temporal layering 0 + 0
06-25 14:28:14.140 832 832 D wpa_supplicant: nl80211: Setting wowlan
06-25 14:28:14.143 832 832 D wpa_supplicant: MBO: Update non-preferred channels, non_pref_chan=N/A
06-25 14:28:14.143 832 832 D wpa_supplicant: Registering interface to hidl control: wlan0
06-25 14:28:14.143 832 832 D wpa_supplicant: wlan0: Added interface wlan0
06-25 14:28:14.143 832 832 D wpa_supplicant: wlan0: State: INACTIVE -> DISCONNECTED
06-25 14:28:14.143 832 832 D wpa_supplicant: nl80211: Set wlan0 operstate 0->0 (DORMANT)
06-25 14:28:14.143 832 832 D wpa_supplicant: netlink: Operstate: ifindex=14 linkmode=-1 (no change), operstate=5 (IF_OPER_DORMANT)
06-25 14:28:14.144 832 832 D wpa_supplicant: Notifying state change event to hidl control: 0
06-25 14:28:14.144 832 832 D wpa_supplicant: nl80211: Create interface iftype 10 (P2P_DEVICE)
06-25 14:28:14.144 832 832 D wpa_supplicant: nl80211: New P2P Device interface p2p-dev-wlan0 (0x3) created
06-25 14:28:14.144 832 832 D wpa_supplicant: Override interface parameter: ctrl_interface ('/data/vendor/wifi/wpa/sockets' -> '/data/vendor/wifi/wpa/sockets')
06-25 14:28:14.144 832 832 D wpa_supplicant: Initializing interface 'p2p-dev-wlan0' conf '/data/vendor/wifi/wpa/wpa_supplicant.conf' driver 'nl80211' ctrl_interface '/data/vendor/wifi/wpa/sockets' bridge 'N/A'
06-25 14:28:14.144 832 832 D wpa_supplicant: Configuration file '/data/vendor/wifi/wpa/wpa_supplicant.conf' -> '/data/vendor/wifi/wpa/wpa_supplicant.conf'
06-25 14:28:14.144 832 832 D wpa_supplicant: Reading configuration file '/data/vendor/wifi/wpa/wpa_supplicant.conf'
06-25 14:28:14.144 832 832 D wpa_supplicant: update_config=1
06-25 14:28:14.144 832 832 D wpa_supplicant: eapol_version=1
06-25 14:28:14.144 832 832 D wpa_supplicant: ap_scan=1
06-25 14:28:14.144 832 832 D wpa_supplicant: fast_reauth=1
06-25 14:28:14.144 832 832 D wpa_supplicant: pmf=1
06-25 14:28:14.144 832 832 D wpa_supplicant: p2p_add_cli_chan=1
06-25 14:28:14.144 832 832 D wpa_supplicant: oce=1
06-25 14:28:14.144 832 832 D wpa_supplicant: sae_pwe=2
06-25 14:28:14.146 832 832 D wpa_supplicant: nl80211: Supported cipher 00-0f-ac:1
06-25 14:28:14.146 832 832 D wpa_supplicant: nl80211: Supported cipher 00-0f-ac:5
06-25 14:28:14.146 832 832 D wpa_supplicant: nl80211: Supported cipher 00-0f-ac:2
06-25 14:28:14.147 832 832 D wpa_supplicant: nl80211: Supported cipher 00-0f-ac:4
06-25 14:28:14.147 358 472 D Codec2InfoBuilder: codec entry for 'c2.android.vp9.encoder' is disabled
06-25 14:28:14.147 832 832 D wpa_supplicant: nl80211: Supported cipher 00-14-72:1
06-25 14:28:14.147 832 832 D wpa_supplicant: nl80211: Supported cipher 00-0f-ac:6
06-25 14:28:14.147 832 832 D wpa_supplicant: nl80211: Supported cipher 00-0f-ac:255
06-25 14:28:14.148 832 832 D wpa_supplicant: nl80211: Supported vendor command: vendor_id=0x1374 subcmd=9
06-25 14:28:14.148 832 832 D wpa_supplicant: nl80211: Supported vendor command: vendor_id=0x1374 subcmd=12
06-25 14:28:14.148 832 832 D wpa_supplicant: nl80211: Supported vendor command: vendor_id=0x1374 subcmd=14
06-25 14:28:14.148 832 832 D wpa_supplicant: nl80211: Supported vendor command: vendor_id=0x1374 subcmd=15
06-25 14:28:14.148 832 832 D wpa_supplicant: nl80211: Supported vendor command: vendor_id=0x1374 subcmd=16
06-25 14:28:14.150 832 832 D wpa_supplicant: nl80211: Supported vendor command: vendor_id=0x1374 subcmd=20
06-25 14:28:14.150 479 700 D MediaCodecList: codecHandlesFormat: no format, so no extra checks
06-25 14:28:14.151 479 701 D MediaCodecList: codecHandlesFormat: no format, so no extra checks
06-25 14:28:14.152 479 479 I ExplicitHealthCheckController: Explicit health check service is bound
06-25 14:28:14.152 832 832 D wpa_supplicant: nl80211: Supported vendor command: vendor_id=0x1a11 subcmd=6
06-25 14:28:14.152 832 832 D wpa_supplicant: nl80211: Supported vendor command: vendor_id=0x1374 subcmd=21
06-25 14:28:14.152 832 832 D wpa_supplicant: nl80211: Supported vendor command: vendor_id=0x1374 subcmd=22
06-25 14:28:14.152 832 832 D wpa_supplicant: nl80211: Supported vendor command: vendor_id=0x1374 subcmd=23
06-25 14:28:14.152 832 832 D wpa_supplicant: nl80211: Supported vendor command: vendor_id=0x1374 subcmd=24
06-25 14:28:14.152 832 832 D wpa_supplicant: nl80211: Supported vendor command: vendor_id=0x1374 subcmd=29
06-25 14:28:14.153 832 832 D wpa_supplicant: nl80211: Supported vendor command: vendor_id=0x1374 subcmd=30
06-25 14:28:14.153 832 832 D wpa_supplicant: nl80211: Supported vendor command: vendor_id=0x1374 subcmd=32
06-25 14:28:14.153 832 832 D wpa_supplicant: nl80211: Supported vendor command: vendor_id=0x1374 subcmd=33
06-25 14:28:14.153 832 832 D wpa_supplicant: nl80211: Supported vendor command: vendor_id=0x1374 subcmd=38
06-25 14:28:14.153 832 832 D wpa_supplicant: nl80211: Supported vendor command: vendor_id=0x1374 subcmd=39
06-25 14:28:14.154 832 832 D wpa_supplicant: nl80211: Supported vendor command: vendor_id=0x1374 subcmd=42
06-25 14:28:14.154 832 832 D wpa_supplicant: nl80211: Supported vendor command: vendor_id=0x1374 subcmd=55
06-25 14:28:14.154 832 832 D wpa_supplicant: nl80211: Supported vendor command: vendor_id=0x1374 subcmd=61
06-25 14:28:14.154 832 832 D wpa_supplicant: nl80211: Supported vendor command: vendor_id=0x1374 subcmd=62
06-25 14:28:14.154 832 832 D wpa_supplicant: nl80211: Supported vendor command: vendor_id=0x1374 subcmd=63
06-25 14:28:14.154 832 832 D wpa_supplicant: nl80211: Supported vendor command: vendor_id=0x1374 subcmd=64
06-25 14:28:14.154 832 832 D wpa_supplicant: nl80211: Supported vendor command: vendor_id=0x1374 subcmd=65
06-25 14:28:14.154 832 832 D wpa_supplicant: nl80211: Supported vendor command: vendor_id=0x1374 subcmd=66
06-25 14:28:14.154 832 832 D wpa_supplicant: nl80211: Supported vendor command: vendor_id=0x1374 subcmd=69
06-25 14:28:14.154 832 832 D wpa_supplicant: nl80211: Supported vendor command: vendor_id=0x1374 subcmd=70
06-25 14:28:14.154 832 832 D wpa_supplicant: nl80211: Supported vendor command: vendor_id=0x1374 subcmd=71
06-25 14:28:14.154 832 832 D wpa_supplicant: nl80211: Supported vendor command: vendor_id=0x1374 subcmd=76
06-25 14:28:14.155 832 832 D wpa_supplicant: nl80211: Supported vendor command: vendor_id=0x1374 subcmd=77
06-25 14:28:14.155 832 832 D wpa_supplicant: nl80211: Supported vendor command: vendor_id=0x1374 subcmd=79
06-25 14:28:14.155 832 832 D wpa_supplicant: nl80211: Supported vendor command: vendor_id=0x1374 subcmd=80
06-25 14:28:14.155 832 832 D wpa_supplicant: nl80211: Supported vendor command: vendor_id=0x1374 subcmd=82
06-25 14:28:14.155 832 832 D wpa_supplicant: nl80211: Supported vendor command: vendor_id=0x1374 subcmd=85
06-25 14:28:14.155 832 832 D wpa_supplicant: nl80211: Supported vendor command: vendor_id=0x1374 subcmd=146
06-25 14:28:14.155 832 832 D wpa_supplicant: nl80211: Supported vendor command: vendor_id=0x1374 subcmd=12
06-25 14:28:14.155 832 832 D wpa_supplicant: nl80211: Supported vendor command: vendor_id=0x1374 subcmd=128
06-25 14:28:14.155 832 832 D wpa_supplicant: nl80211: Supported vendor command: vendor_id=0x1374 subcmd=129
06-25 14:28:14.155 832 832 D wpa_supplicant: nl80211: Supported vendor command: vendor_id=0x1374 subcmd=130
06-25 14:28:14.155 832 832 D wpa_supplicant: nl80211: Supported vendor command: vendor_id=0x1374 subcmd=133
06-25 14:28:14.155 832 832 D wpa_supplicant: nl80211: Supported vendor command: vendor_id=0x1374 subcmd=176
06-25 14:28:14.155 832 832 D wpa_supplicant: nl80211: Supported vendor event: vendor_id=0x1374 subcmd=80
06-25 14:28:14.155 832 832 D wpa_supplicant: nl80211: Supported vendor event: vendor_id=0x1374 subcmd=1
06-25 14:28:14.155 666 666 D BluetoothDatabase: Load Database
06-25 14:28:14.155 832 832 D wpa_supplicant: nl80211: Supported vendor event: vendor_id=0x1374 subcmd=1
06-25 14:28:14.155 832 832 D wpa_supplicant: nl80211: Supported vendor event: vendor_id=0x1374 subcmd=1
06-25 14:28:14.155 832 832 D wpa_supplicant: nl80211: Supported vendor event: vendor_id=0x1374 subcmd=1
06-25 14:28:14.156 832 832 D wpa_supplicant: nl80211: Supported vendor event: vendor_id=0x1374 subcmd=1
06-25 14:28:14.156 832 832 D wpa_supplicant: nl80211: Supported vendor event: vendor_id=0x1374 subcmd=20
06-25 14:28:14.156 832 832 D wpa_supplicant: nl80211: Supported vendor event: vendor_id=0x1374 subcmd=21
06-25 14:28:14.156 832 832 D wpa_supplicant: nl80211: Supported vendor event: vendor_id=0x1374 subcmd=23
06-25 14:28:14.156 832 832 D wpa_supplicant: nl80211: Supported vendor event: vendor_id=0x1374 subcmd=24
06-25 14:28:14.156 832 832 D wpa_supplicant: nl80211: Supported vendor event: vendor_id=0x1374 subcmd=25
06-25 14:28:14.156 832 832 D wpa_supplicant: nl80211: Supported vendor event: vendor_id=0x1374 subcmd=26
06-25 14:28:14.156 832 832 D wpa_supplicant: nl80211: Supported vendor event: vendor_id=0x1374 subcmd=27
06-25 14:28:14.156 832 832 D wpa_supplicant: nl80211: Supported vendor event: vendor_id=0x1374 subcmd=28
06-25 14:28:14.156 832 832 D wpa_supplicant: nl80211: Supported vendor event: vendor_id=0x1374 subcmd=41
06-25 14:28:14.156 832 832 D wpa_supplicant: nl80211: Supported vendor event: vendor_id=0x1374 subcmd=29
06-25 14:28:14.156 479 705 D CCodec : allocate(c2.android.vorbis.decoder)
06-25 14:28:14.156 832 832 D wpa_supplicant: nl80211: Supported vendor event: vendor_id=0x1374 subcmd=30
06-25 14:28:14.157 832 832 D wpa_supplicant: nl80211: Supported vendor event: vendor_id=0x1374 subcmd=31
06-25 14:28:14.157 832 832 D wpa_supplicant: nl80211: Supported vendor event: vendor_id=0x1374 subcmd=32
06-25 14:28:14.157 479 704 D CCodec : allocate(c2.android.vorbis.decoder)
06-25 14:28:14.157 832 832 D wpa_supplicant: nl80211: Supported vendor event: vendor_id=0x1374 subcmd=33
06-25 14:28:14.157 666 666 I BluetoothAdapterService: Phone policy enabled
06-25 14:28:14.157 832 832 D wpa_supplicant: nl80211: Supported vendor event: vendor_id=0x0 subcmd=0
06-25 14:28:14.157 832 832 D wpa_supplicant: nl80211: Supported vendor event: vendor_id=0x0 subcmd=0
06-25 14:28:14.157 379 417 V C2Store : in ~ComponentModule
06-25 14:28:14.157 379 417 V C2Store : unloading dll
06-25 14:28:14.157 832 832 D wpa_supplicant: nl80211: Supported vendor event: vendor_id=0x0 subcmd=0
06-25 14:28:14.157 832 832 D wpa_supplicant: nl80211: Supported vendor event: vendor_id=0x0 subcmd=0
06-25 14:28:14.157 832 832 D wpa_supplicant: nl80211: Supported vendor event: vendor_id=0x0 subcmd=0
06-25 14:28:14.157 832 832 D wpa_supplicant: nl80211: Supported vendor event: vendor_id=0x0 subcmd=0
06-25 14:28:14.158 832 832 D wpa_supplicant: nl80211: Supported vendor event: vendor_id=0x0 subcmd=0
06-25 14:28:14.158 832 832 D wpa_supplicant: nl80211: Supported vendor event: vendor_id=0x0 subcmd=0
06-25 14:28:14.158 832 832 D wpa_supplicant: nl80211: Supported vendor event: vendor_id=0x0 subcmd=0
06-25 14:28:14.158 832 832 D wpa_supplicant: nl80211: Supported vendor event: vendor_id=0x0 subcmd=0
06-25 14:28:14.158 832 832 D wpa_supplicant: nl80211: Supported vendor event: vendor_id=0x0 subcmd=0
06-25 14:28:14.158 832 832 D wpa_supplicant: nl80211: Supported vendor event: vendor_id=0x0 subcmd=0
06-25 14:28:14.158 832 832 D wpa_supplicant: nl80211: Supported vendor event: vendor_id=0x1374 subcmd=5120
06-25 14:28:14.158 479 705 I Codec2Client: Available Codec2 services: "software"
06-25 14:28:14.159 832 832 D wpa_supplicant: nl80211: Supported vendor event: vendor_id=0x0 subcmd=0
06-25 14:28:14.159 832 832 D wpa_supplicant: nl80211: Supported vendor event: vendor_id=0x0 subcmd=0
06-25 14:28:14.159 832 832 D wpa_supplicant: nl80211: Supported vendor event: vendor_id=0x0 subcmd=0
06-25 14:28:14.159 832 832 D wpa_supplicant: nl80211: Supported vendor event: vendor_id=0x0 subcmd=0
06-25 14:28:14.159 832 832 D wpa_supplicant: nl80211: Supported vendor event: vendor_id=0x0 subcmd=0
06-25 14:28:14.159 832 832 D wpa_supplicant: nl80211: Supported vendor event: vendor_id=0x0 subcmd=0
06-25 14:28:14.159 832 832 D wpa_supplicant: nl80211: Supported vendor event: vendor_id=0x0 subcmd=0
06-25 14:28:14.159 832 832 D wpa_supplicant: nl80211: Supported vendor event: vendor_id=0x0 subcmd=0
06-25 14:28:14.159 832 832 D wpa_supplicant: nl80211: Supported vendor event: vendor_id=0x0 subcmd=0
06-25 14:28:14.159 832 832 D wpa_supplicant: nl80211: Supported vendor event: vendor_id=0x0 subcmd=0
06-25 14:28:14.159 832 832 D wpa_supplicant: nl80211: Supported vendor event: vendor_id=0x0 subcmd=0
06-25 14:28:14.159 832 832 D wpa_supplicant: nl80211: Supported vendor event: vendor_id=0x0 subcmd=0
06-25 14:28:14.159 832 832 D wpa_supplicant: nl80211: Supported vendor event: vendor_id=0x0 subcmd=0
06-25 14:28:14.159 832 832 D wpa_supplicant: nl80211: Supported vendor event: vendor_id=0x0 subcmd=0
06-25 14:28:14.159 832 832 D wpa_supplicant: nl80211: Supported vendor event: vendor_id=0x0 subcmd=0
06-25 14:28:14.159 832 832 D wpa_supplicant: nl80211: Supported vendor event: vendor_id=0x0 subcmd=0
06-25 14:28:14.159 832 832 D wpa_supplicant: nl80211: Supported vendor event: vendor_id=0x0 subcmd=0
06-25 14:28:14.159 832 832 D wpa_supplicant: nl80211: Supported vendor event: vendor_id=0x0 subcmd=0
06-25 14:28:14.159 832 832 D wpa_supplicant: nl80211: Supported vendor event: vendor_id=0x0 subcmd=0
06-25 14:28:14.159 832 832 D wpa_supplicant: nl80211: Supported vendor event: vendor_id=0x0 subcmd=0
06-25 14:28:14.159 832 832 D wpa_supplicant: nl80211: Supported vendor event: vendor_id=0x0 subcmd=0
06-25 14:28:14.159 832 832 D wpa_supplicant: nl80211: Supported vendor event: vendor_id=0x0 subcmd=0
06-25 14:28:14.159 832 832 D wpa_supplicant: nl80211: Supported vendor event: vendor_id=0x0 subcmd=0
06-25 14:28:14.159 832 832 D wpa_supplicant: nl80211: Supported vendor event: vendor_id=0x0 subcmd=0
06-25 14:28:14.159 832 832 D wpa_supplicant: nl80211: Supported vendor event: vendor_id=0x0 subcmd=0
06-25 14:28:14.159 832 832 D wpa_supplicant: nl80211: Supported vendor event: vendor_id=0x0 subcmd=0
06-25 14:28:14.159 832 832 D wpa_supplicant: nl80211: Supported vendor event: vendor_id=0x0 subcmd=0
06-25 14:28:14.159 832 832 D wpa_supplicant: nl80211: Supported vendor event: vendor_id=0x0 subcmd=0
06-25 14:28:14.159 832 832 D wpa_supplicant: nl80211: Supported vendor event: vendor_id=0x0 subcmd=0
06-25 14:28:14.159 832 832 D wpa_supplicant: nl80211: Supported vendor event: vendor_id=0x0 subcmd=0
06-25 14:28:14.159 832 832 D wpa_supplicant: nl80211: Supported vendor event: vendor_id=0x0 subcmd=0
06-25 14:28:14.159 832 832 D wpa_supplicant: nl80211: Supported vendor event: vendor_id=0x1374 subcmd=131
06-25 14:28:14.159 832 832 D wpa_supplicant: nl80211: Supported vendor event: vendor_id=0x1374 subcmd=132
06-25 14:28:14.159 832 832 D wpa_supplicant: nl80211: Supported vendor event: vendor_id=0x0 subcmd=0
06-25 14:28:14.159 832 832 D wpa_supplicant: nl80211: Supported vendor event: vendor_id=0x0 subcmd=0
06-25 14:28:14.159 832 832 D wpa_supplicant: nl80211: Supported vendor event: vendor_id=0x0 subcmd=0
06-25 14:28:14.159 832 832 D wpa_supplicant: nl80211: Supported vendor event: vendor_id=0x0 subcmd=0
06-25 14:28:14.159 832 832 D wpa_supplicant: nl80211: Supported vendor event: vendor_id=0x0 subcmd=0
06-25 14:28:14.159 832 832 D wpa_supplicant: nl80211: Supported vendor event: vendor_id=0x0 subcmd=0
06-25 14:28:14.159 832 832 D wpa_supplicant: nl80211: Supported vendor event: vendor_id=0x1374 subcmd=72
06-25 14:28:14.160 832 832 D wpa_supplicant: nl80211: Use separate P2P group interface (driver advertised support)
06-25 14:28:14.160 832 832 D wpa_supplicant: nl80211: Enable multi-channel concurrent (driver advertised support)
06-25 14:28:14.160 832 832 D wpa_supplicant: nl80211: use P2P_DEVICE support
06-25 14:28:14.160 832 832 D wpa_supplicant: nl80211: key_mgmt=0xd0f enc=0x10f auth=0x7 flags=0x100100007a007ac0 rrm_flags=0x0 probe_resp_offloads=0x0 max_stations=10 max_remain_on_chan=5000 max_scan_ssids=12
06-25 14:28:14.160 832 832 D wpa_supplicant: nl80211: interface p2p-dev-wlan0 in phy phy0
06-25 14:28:14.160 832 832 D wpa_supplicant: nl80211: Set mode ifindex 0 iftype 10 (P2P_DEVICE)
06-25 14:28:14.160 832 832 D wpa_supplicant: nl80211: Failed to set interface 0 to mode 10: -22 (Invalid argument)
06-25 14:28:14.160 832 832 D wpa_supplicant: nl80211: Subscribe to mgmt frames with non-AP handle 0xea2aa848
06-25 14:28:14.160 832 832 D wpa_supplicant: nl80211: Register frame type=0xb0 (WLAN_FC_STYPE_AUTH) nl_handle=0xea2aa848 match=0300 multicast=0
06-25 14:28:14.161 832 832 D wpa_supplicant: nl80211: Register frame command failed (type=176): ret=-22 (Invalid argument)
06-25 14:28:14.161 832 832 D wpa_supplicant: nl80211: Register frame match - hexdump(len=2): 03 00
06-25 14:28:14.161 832 832 D wpa_supplicant: nl80211: Register frame type=0xd0 (WLAN_FC_STYPE_ACTION) nl_handle=0xea2aa848 match=0104 multicast=0
06-25 14:28:14.161 832 832 D wpa_supplicant: nl80211: Register frame type=0xd0 (WLAN_FC_STYPE_ACTION) nl_handle=0xea2aa848 match=040a multicast=0
06-25 14:28:14.161 832 832 D wpa_supplicant: nl80211: Register frame type=0xd0 (WLAN_FC_STYPE_ACTION) nl_handle=0xea2aa848 match=040b multicast=0
06-25 14:28:14.161 832 832 D wpa_supplicant: nl80211: Register frame type=0xd0 (WLAN_FC_STYPE_ACTION) nl_handle=0xea2aa848 match=040c multicast=0
06-25 14:28:14.161 832 832 D wpa_supplicant: nl80211: Register frame type=0xd0 (WLAN_FC_STYPE_ACTION) nl_handle=0xea2aa848 match=040d multicast=0
06-25 14:28:14.162 832 832 D wpa_supplicant: nl80211: Register frame type=0xd0 (WLAN_FC_STYPE_ACTION) nl_handle=0xea2aa848 match=090a multicast=0
06-25 14:28:14.163 379 820 V C2Store : in ~ComponentModule
06-25 14:28:14.164 832 832 D wpa_supplicant: nl80211: Register frame type=0xd0 (WLAN_FC_STYPE_ACTION) nl_handle=0xea2aa848 match=090b multicast=0
06-25 14:28:14.164 379 417 V C2Store : in init
06-25 14:28:14.164 379 417 V C2Store : loading dll
06-25 14:28:14.165 379 820 V C2Store : unloading dll
06-25 14:28:14.165 832 832 D wpa_supplicant: nl80211: Register frame type=0xd0 (WLAN_FC_STYPE_ACTION) nl_handle=0xea2aa848 match=090c multicast=0
06-25 14:28:14.165 832 832 D wpa_supplicant: nl80211: Register frame type=0xd0 (WLAN_FC_STYPE_ACTION) nl_handle=0xea2aa848 match=090d multicast=0
06-25 14:28:14.166 832 832 D wpa_supplicant: nl80211: Register frame type=0xd0 (WLAN_FC_STYPE_ACTION) nl_handle=0xea2aa848 match=0409506f9a09 multicast=0
06-25 14:28:14.166 666 666 D BluetoothActiveDeviceManager: start()
06-25 14:28:14.166 832 832 D wpa_supplicant: nl80211: Register frame type=0xd0 (WLAN_FC_STYPE_ACTION) nl_handle=0xea2aa848 match=7f506f9a09 multicast=0
06-25 14:28:14.167 832 832 D wpa_supplicant: nl80211: Register frame type=0xd0 (WLAN_FC_STYPE_ACTION) nl_handle=0xea2aa848 match=0409506f9a1a multicast=0
06-25 14:28:14.168 832 832 D wpa_supplicant: nl80211: Register frame type=0xd0 (WLAN_FC_STYPE_ACTION) nl_handle=0xea2aa848 match=0801 multicast=0
