06-26 17:28:15.812 367 367 D dom2reg : timezone change, new: Etc/GMT-8, pre:
06-26 17:28:15.812 367 367 W dom2reg : timezone [Etc/GMT-8] not in default tables, please check!
06-26 17:28:16.310 1058 3118 E dangbei111: cccccc 检查遥控器是否连接: Dangbei E4:BB:D3:57:C0:18
06-26 17:28:16.312 1058 3118 E dangbei111: cccccc 检查遥控器是否连接: 蓝牙的结果 Dangbei E4:BB:D3:57:C0:18 false
06-26 17:28:16.312 1058 3118 E dangbei111: cccccc input中没有遥控器存在
06-26 17:28:16.312 1058 3118 E dangbei111: cccccc 蓝牙状态连接 不是连接状态 啥都不干
06-26 17:28:16.314 1058 3118 E dangbei111: cccccc 蓝牙状态连接 配对状态 尝试connect
06-26 17:28:16.317 1058 3118 D BluetoothGatt: cancelOpen() - device: E4:BB:D3:57:C0:18
06-26 17:28:16.318 1058 3118 D BluetoothGatt: close()
06-26 17:28:16.319 1058 3118 D BluetoothGatt: unregisterApp() - mClientIf=5
06-26 17:28:16.319 666 987 E bt_stack: [ERROR:bta_gattc_act.cc(298)] No such connection need to be cancelled
06-26 17:28:16.319 666 987 I bt_stack: [INFO:gatt_api.cc(1231)] GATT_CancelConnect: gatt_if:5, address: e4:bb:d3:57:c0:18, direct:0
06-26 17:28:16.320 666 987 I bt_stack: [INFO:gatt_api.cc(1042)] GATT_Deregister gatt_if=5
06-26 17:28:16.321 1058 3118 D BluetoothGatt: connect() - device: E4:BB:D3:57:C0:18, auto: true
06-26 17:28:16.321 1058 3118 D BluetoothGatt: registerApp()
06-26 17:28:16.322 1058 3118 D BluetoothGatt: registerApp() - UUID=c8425623-2ff9-4744-83a9-d114b0523d3d
06-26 17:28:16.324 666 987 I bluetooth: system/bt/stack/gatt/gatt_api.cc:1019 GATT_Register: Allocated name:GattClient uuid:7c03b73d-27f1-0829-fc14-572be2fc8238 gatt_if:5 eatt_support:0
06-26 17:28:16.324 1058 3118 E dangbei111 : cccccc 开启检查任务
06-26 17:28:16.325 1058 1092 D BluetoothGatt: onClientRegistered() - status=0 clientIf=5
06-26 17:28:16.327 666 864 I bt_btif_config: system/bt/btif/src/btif_config.cc:137 btif_get_device_type: Device [e4:bb:d3:57:c0:18] device type 2
06-26 17:28:16.327 1058 3118 E dangbei111: cccccc 开始扫描
06-26 17:28:16.327 1058 3118 D BluetoothAdapter: isLeEnabled(): ON
06-26 17:28:16.579 657 657 E WifiHAL : wifi_get_link_stats: requestResponse Error:-5
06-26 17:28:16.582 479 611 E WifiVendorHal: getWifiLinkLayerStats_1_5_Internal(l.1191) failed {.code = ERROR_INVALID_ARGS, .description = }
06-26 17:28:16.688 479 524 W IorapForwardingService: No service published for: iorapd
06-26 17:28:17.690 479 524 W IorapForwardingService: No service published for: iorapd
06-26 17:28:17.812 367 367 D dom2reg : timezone change, new: Etc/GMT-8, pre:
06-26 17:28:17.812 367 367 W dom2reg : timezone [Etc/GMT-8] not in default tables, please check!
06-26 17:28:18.120 479 1023 W ZramWriteback: Writeback device is not set
06-26 17:28:18.120 479 1023 D ZramWriteback: wait to flush
06-26 17:28:18.179 2621 2631 I gbei.screencas: Background concurrent copying GC freed 54680(6841KB) AllocSpace objects, 8(160KB) LOS objects, 49% free, 6546KB/12MB, paused 177us total 166.572ms
06-26 17:28:18.428 666 864 I bt_btif_dm: system/bt/btif/src/btif_dm.cc:548 btif_update_remote_properties: cod from storage is also unclassified
06-26 17:28:18.692 479 524 W IorapForwardingService: No service published for: iorapd
06-26 17:28:18.804 2621 2621 I efs-base: type=1400 audit(0.0:1702): avc: denied { getattr } for path="/data/user/0/com.dangbei.screencast/app_UApm/5fc60c21094d637f3130af19/ready" dev="mmcblk0p25" ino=1948 scontext=u:r:platform_app:s0:c512,c768 tcontext=u:object_r:app_data_file:s0:c512,c768 tclass=dir permissive=1 app=com.dangbei.screencast
06-26 17:28:18.940 2621 2621 I cling--ap-6: type=1400 audit(0.0:1703): avc: denied { read } for name="address" dev="sysfs" ino=16906 scontext=u:r:platform_app:s0:c512,c768 tcontext=u:object_r:sysfs_net:s0 tclass=file permissive=1 app=com.dangbei.screencast
06-26 17:28:18.940 2621 2621 I cling--ap-6: type=1400 audit(0.0:1704): avc: denied { open } for path="/sys/devices/virtual/net/dummy0/address" dev="sysfs" ino=16906 scontext=u:r:platform_app:s0:c512,c768 tcontext=u:object_r:sysfs_net:s0 tclass=file permissive=1 app=com.dangbei.screencast
06-26 17:28:18.940 2621 2621 I cling--ap-6: type=1400 audit(0.0:1705): avc: denied { getattr } for path="/sys/devices/virtual/net/dummy0/address" dev="sysfs" ino=16906 scontext=u:r:platform_app:s0:c512,c768 tcontext=u:object_r:sysfs_net:s0 tclass=file permissive=1 app=com.dangbei.screencast
06-26 17:28:19.598 657 657 E WifiHAL : wifi_get_link_stats: requestResponse Error:-5
06-26 17:28:19.601 479 611 E WifiVendorHal: getWifiLinkLayerStats_1_5_Internal(l.1191) failed {.code = ERROR_INVALID_ARGS, .description = }
06-26 17:28:19.695 479 524 W IorapForwardingService: No service published for: iorapd
06-26 17:28:19.813 367 367 D dom2reg : timezone change, new: Etc/GMT-8, pre:
06-26 17:28:19.813 367 367 W dom2reg : timezone [Etc/GMT-8] not in default tables, please check!
06-26 17:28:20.697 479 524 W IorapForwardingService: No service published for: iorapd
06-26 17:28:21.031 1179 1179 D bbb : onStartCommand begin !!!!!!! data分区剩余 23361MB
06-26 17:28:21.035 1125 1125 D aaa : LedStatusService onStartCommand begin
06-26 17:28:21.038 1125 3149 D aaa : topPkg is -------------- :com.dangbei.leard.leradlauncher
06-26 17:28:21.042 1125 3149 D aaa : WiFi is connect
06-26 17:28:21.309 2433 2536 D UtilLog : 日志批量上报 进行正常循环 !!!!!!本次有0次请求,共0条数据
06-26 17:28:21.329 1058 3138 E dangbei111: cccccc 检查遥控器是否连接: Dangbei E4:BB:D3:57:C0:18
06-26 17:28:21.333 1058 3138 E dangbei111: cccccc 检查遥控器是否连接: 蓝牙的结果 Dangbei E4:BB:D3:57:C0:18 false
06-26 17:28:21.333 1058 3138 E dangbei111: cccccc input中没有遥控器存在
06-26 17:28:21.333 1058 3138 E dangbei111: cccccc 蓝牙状态连接 不是连接状态 啥都不干
06-26 17:28:21.335 1058 3138 E dangbei111: cccccc 蓝牙状态连接 配对状态 尝试connect
06-26 17:28:21.339 1058 3138 D BluetoothGatt: cancelOpen() - device: E4:BB:D3:57:C0:18
06-26 17:28:21.341 1058 3138 D BluetoothGatt: close()
06-26 17:28:21.341 1058 3138 D BluetoothGatt: unregisterApp() - mClientIf=5
06-26 17:28:21.341 666 987 E bt_stack: [ERROR:bta_gattc_act.cc(298)] No such connection need to be cancelled
06-26 17:28:21.342 666 987 I bt_stack: [INFO:gatt_api.cc(1231)] GATT_CancelConnect: gatt_if:5, address: e4:bb:d3:57:c0:18, direct:0
06-26 17:28:21.343 666 987 I bt_stack: [INFO:gatt_api.cc(1042)] GATT_Deregister gatt_if=5
06-26 17:28:21.343 1058 3138 D BluetoothGatt: connect() - device: E4:BB:D3:57:C0:18, auto: true
06-26 17:28:21.343 1058 3138 D BluetoothGatt: registerApp()
06-26 17:28:21.343 1058 3138 D BluetoothGatt: registerApp() - UUID=11c916fa-09fe-4d2f-92d0-e457cf002daf
06-26 17:28:21.346 1058 3138 E dangbei111 : cccccc 开启检查任务
06-26 17:28:21.346 666 987 I bluetooth: system/bt/stack/gatt/gatt_api.cc:1019 GATT_Register: Allocated name:GattClient uuid:7795a2e7-09ce-2160-6a3e-b6cb7e03b746 gatt_if:5 eatt_support:0
06-26 17:28:21.347 1058 1092 D BluetoothGatt: onClientRegistered() - status=0 clientIf=5
06-26 17:28:21.349 666 864 I bt_btif_config: system/bt/btif/src/btif_config.cc:137 btif_get_device_type: Device [e4:bb:d3:57:c0:18] device type 2
06-26 17:28:21.349 1058 3138 E dangbei111: cccccc 开始扫描
06-26 17:28:21.350 1058 3138 D BluetoothAdapter: isLeEnabled(): ON
06-26 17:28:21.699 479 524 W IorapForwardingService: No service published for: iorapd
06-26 17:28:21.813 367 367 D dom2reg : timezone change, new: Etc/GMT-8, pre:
06-26 17:28:21.813 367 367 W dom2reg : timezone [Etc/GMT-8] not in default tables, please check!
06-26 17:28:22.618 657 657 E WifiHAL : wifi_get_link_stats: requestResponse Error:-5
06-26 17:28:22.621 479 611 E WifiVendorHal: getWifiLinkLayerStats_1_5_Internal(l.1191) failed {.code = ERROR_INVALID_ARGS, .description = }
06-26 17:28:22.702 479 524 W IorapForwardingService: No service published for: iorapd
06-26 17:28:23.704 479 524 W IorapForwardingService: No service published for: iorapd
06-26 17:28:23.783 479 479 D CompatibilityChangeReporter: Compat change id reported: 168419799; UID 1000; state: DISABLED
06-26 17:28:23.790 479 3153 I BackgroundDexOptService: Performing idle optimizations
06-26 17:28:23.807 354 354 D installd: Reconcile secondary dex path /data/user/0/com.dangbei.hqmedia/files/pluginsdkplayer/2.1403.1.250523/1.1403.1.06053/pluginsdkplayer-release-1.1403.1.06053.apk result=0
06-26 17:28:23.813 367 367 D dom2reg : timezone change, new: Etc/GMT-8, pre:
06-26 17:28:23.814 367 367 W dom2reg : timezone [Etc/GMT-8] not in default tables, please check!
06-26 17:28:23.868 3156 3156 E cutils-trace: Error opening trace file: No such file or directory (2)
06-26 17:28:24.119 479 3153 I BackgroundDexOptService: Pinning optimized code {}
06-26 17:28:24.120 479 3153 I BackgroundDexOptService: Idle optimizations completed.
06-26 17:28:24.243 479 1378 D WifiNl80211Manager: Scan result ready event
06-26 17:28:24.243 479 1378 D WifiNative: Scan result ready event
06-26 17:28:24.337 657 657 E WifiHAL : wifi_get_link_stats: requestResponse Error:-5
06-26 17:28:24.338 479 611 E WifiVendorHal: getWifiLinkLayerStats_1_5_Internal(l.1191) failed {.code = ERROR_INVALID_ARGS, .description = }
06-26 17:28:24.707 479 524 W IorapForwardingService: No service published for: iorapd
06-26 17:28:25.637 657 657 E WifiHAL : wifi_get_link_stats: requestResponse Error:-5
06-26 17:28:25.639 479 611 E WifiVendorHal: getWifiLinkLayerStats_1_5_Internal(l.1191) failed {.code = ERROR_INVALID_ARGS, .description = }
06-26 17:28:25.709 479 524 W IorapForwardingService: No service published for: iorapd
06-26 17:28:25.814 367 367 D dom2reg : timezone change, new: Etc/GMT-8, pre:
06-26 17:28:25.815 367 367 W dom2reg : timezone [Etc/GMT-8] not in default tables, please check!
06-26 17:28:26.356 1058 3150 E dangbei111: cccccc 检查遥控器是否连接: Dangbei E4:BB:D3:57:C0:18
06-26 17:28:26.358 1058 3150 E dangbei111: cccccc 检查遥控器是否连接: 蓝牙的结果 Dangbei E4:BB:D3:57:C0:18 false
06-26 17:28:26.358 1058 3150 E dangbei111: cccccc input中没有遥控器存在
06-26 17:28:26.358 1058 3150 E dangbei111: cccccc 蓝牙状态连接 不是连接状态 啥都不干
06-26 17:28:26.359 1058 3150 E dangbei111: cccccc 蓝牙状态连接 配对状态 尝试connect
06-26 17:28:26.360 1058 3150 D BluetoothGatt: cancelOpen() - device: E4:BB:D3:57:C0:18
06-26 17:28:26.361 666 987 E bt_stack: [ERROR:bta_gattc_act.cc(298)] No such connection need to be cancelled
06-26 17:28:26.361 666 987 I bt_stack: [INFO:gatt_api.cc(1231)] GATT_CancelConnect: gatt_if:5, address: e4:bb:d3:57:c0:18, direct:0
06-26 17:28:26.361 1058 3150 D BluetoothGatt: close()
06-26 17:28:26.361 1058 3150 D BluetoothGatt: unregisterApp() - mClientIf=5
06-26 17:28:26.361 666 987 I bt_stack: [INFO:gatt_api.cc(1042)] GATT_Deregister gatt_if=5
06-26 17:28:26.362 1058 3150 D BluetoothGatt: connect() - device: E4:BB:D3:57:C0:18, auto: true
06-26 17:28:26.362 1058 3150 D BluetoothGatt: registerApp()
06-26 17:28:26.362 1058 3150 D BluetoothGatt: registerApp() - UUID=a03606c2-21e2-4bd2-a73c-176f896c2be2
06-26 17:28:26.363 666 987 I bluetooth: system/bt/stack/gatt/gatt_api.cc:1019 GATT_Register: Allocated name:GattClient uuid:efd24d09-19e7-2429-eb7c-c1fccb4255cd gatt_if:5 eatt_support:0
06-26 17:28:26.363 1058 3150 E dangbei111 : cccccc 开启检查任务
06-26 17:28:26.364 1058 1092 D BluetoothGatt: onClientRegistered() - status=0 clientIf=5
06-26 17:28:26.365 666 864 I bt_btif_config: system/bt/btif/src/btif_config.cc:137 btif_get_device_type: Device [e4:bb:d3:57:c0:18] device type 2
06-26 17:28:26.365 1058 3150 E dangbei111: cccccc 开始扫描
06-26 17:28:26.365 1058 3150 D BluetoothAdapter: isLeEnabled(): ON
06-26 17:28:26.711 479 524 W IorapForwardingService: No service published for: iorapd
06-26 17:28:26.869 1058 2055 W lerad.etna.haq: No such thread id for suspend: 39
06-26 17:28:27.329 2621 2631 I gbei.screencas: Background concurrent copying GC freed 50964(6500KB) AllocSpace objects, 0(0B) LOS objects, 49% free, 7896KB/15MB, paused 367us total 155.647ms
06-26 17:28:27.713 479 524 W IorapForwardingService: No service published for: iorapd
06-26 17:28:27.815 367 367 D dom2reg : timezone change, new: Etc/GMT-8, pre:
06-26 17:28:27.816 367 367 W dom2reg : timezone [Etc/GMT-8] not in default tables, please check!
06-26 17:28:28.654 657 657 E WifiHAL : wifi_get_link_stats: requestResponse Error:-5
06-26 17:28:28.656 479 611 E WifiVendorHal: getWifiLinkLayerStats_1_5_Internal(l.1191) failed {.code = ERROR_INVALID_ARGS, .description = }
06-26 17:28:28.715 479 524 W IorapForwardingService: No service published for: iorapd
06-26 17:28:29.075 1125 1125 D aaa : LedStatusService onStartCommand begin
06-26 17:28:29.076 1125 3191 D aaa : topPkg is -------------- :com.dangbei.leard.leradlauncher
06-26 17:28:29.079 1125 3191 D aaa : WiFi is connect
06-26 17:28:29.086 1179 1179 D bbb : onStartCommand begin !!!!!!! data分区剩余 23361MB
06-26 17:28:29.717 479 524 W IorapForwardingService: No service published for: iorapd
06-26 17:28:29.816 367 367 D dom2reg : timezone change, new: Etc/GMT-8, pre:
06-26 17:28:29.816 367 367 W dom2reg : timezone [Etc/GMT-8] not in default tables, please check!
06-26 17:28:30.234 2621 2631 I gbei.screencas: Background concurrent copying GC freed 55277(8939KB) AllocSpace objects, 0(0B) LOS objects, 49% free, 6573KB/12MB, paused 287us total 173.764ms
06-26 17:28:30.719 479 524 W IorapForwardingService: No service published for: iorapd
06-26 17:28:31.309 2433 2536 D UtilLog : 日志批量上报 进行正常循环 !!!!!!本次有0次请求,共0条数据
06-26 17:28:31.369 1058 3160 E dangbei111: cccccc 检查遥控器是否连接: Dangbei E4:BB:D3:57:C0:18
06-26 17:28:31.372 1058 3160 E dangbei111: cccccc 检查遥控器是否连接: 蓝牙的结果 Dangbei E4:BB:D3:57:C0:18 false
06-26 17:28:31.372 1058 3160 E dangbei111: cccccc input中没有遥控器存在
06-26 17:28:31.372 1058 3160 E dangbei111: cccccc 蓝牙状态连接 不是连接状态 啥都不干
06-26 17:28:31.373 1058 3160 E dangbei111: cccccc 蓝牙状态连接 配对状态 尝试connect
06-26 17:28:31.375 1058 3160 D BluetoothGatt: cancelOpen() - device: E4:BB:D3:57:C0:18
06-26 17:28:31.376 666 987 E bt_stack: [ERROR:bta_gattc_act.cc(298)] No such connection need to be cancelled
06-26 17:28:31.377 666 987 I bt_stack: [INFO:gatt_api.cc(1231)] GATT_CancelConnect: gatt_if:5, address: e4:bb:d3:57:c0:18, direct:0
06-26 17:28:31.376 1058 3160 D BluetoothGatt: close()
06-26 17:28:31.377 1058 3160 D BluetoothGatt: unregisterApp() - mClientIf=5
06-26 17:28:31.378 666 987 I bt_stack: [INFO:gatt_api.cc(1042)] GATT_Deregister gatt_if=5
06-26 17:28:31.379 1058 3160 D BluetoothGatt: connect() - device: E4:BB:D3:57:C0:18, auto: true
06-26 17:28:31.379 1058 3160 D BluetoothGatt: registerApp()
06-26 17:28:31.379 1058 3160 D BluetoothGatt: registerApp() - UUID=f9c8544e-0e19-4fde-b8cb-812438644c5c
06-26 17:28:31.381 666 987 I bluetooth: system/bt/stack/gatt/gatt_api.cc:1019 GATT_Register: Allocated name:GattClient uuid:6e0ae9de-727d-6737-8c03-e587233b3cdb gatt_if:5 eatt_support:0
06-26 17:28:31.382 1058 3160 E dangbei111 : cccccc 开启检查任务
06-26 17:28:31.382 1058 1092 D BluetoothGatt: onClientRegistered() - status=0 clientIf=5
06-26 17:28:31.383 666 864 I bt_btif_config: system/bt/btif/src/btif_config.cc:137 btif_get_device_type: Device [e4:bb:d3:57:c0:18] device type 2
06-26 17:28:31.384 1058 3160 E dangbei111: cccccc 开始扫描
06-26 17:28:31.384 1058 3160 D BluetoothAdapter: isLeEnabled(): ON
06-26 17:28:31.671 657 657 E WifiHAL : wifi_get_link_stats: requestResponse Error:-5
06-26 17:28:31.673 479 611 E WifiVendorHal: getWifiLinkLayerStats_1_5_Internal(l.1191) failed {.code = ERROR_INVALID_ARGS, .description = }
06-26 17:28:31.722 479 524 W IorapForwardingService: No service published for: iorapd
06-26 17:28:31.816 367 367 D dom2reg : timezone change, new: Etc/GMT-8, pre:
06-26 17:28:31.816 367 367 W dom2reg : timezone [Etc/GMT-8] not in default tables, please check!
06-26 17:28:32.725 479 524 W IorapForwardingService: No service published for: iorapd
06-26 17:28:33.052 2621 2621 I efs-base: type=1400 audit(0.0:1706): avc: denied { open } for path="/data/user/0/com.dangbei.screencast/app_UApm/5fc60c21094d637f3130af19/ready/2621/wa_none_1_1_2621_2690_1750832910713" dev="mmcblk0p25" ino=37833 scontext=u:r:platform_app:s0:c512,c768 tcontext=u:object_r:app_data_file:s0:c512,c768 tclass=file permissive=1 app=com.dangbei.screencast
06-26 17:28:33.052 2621 2621 I efs-base: type=1400 audit(0.0:1707): avc: denied { write } for name="upload" dev="mmcblk0p25" ino=2419 scontext=u:r:platform_app:s0:c512,c768 tcontext=u:object_r:app_data_file:s0:c512,c768 tclass=dir permissive=1 app=com.dangbei.screencast
06-26 17:28:33.052 2621 2621 I efs-base: type=1400 audit(0.0:1708): avc: denied { add_name } for name="wa_gzip_1_1_2621_1966_1750930113055" scontext=u:r:platform_app:s0:c512,c768 tcontext=u:object_r:app_data_file:s0:c512,c768 tclass=dir permissive=1 app=com.dangbei.screencast
06-26 17:28:33.052 2621 2621 I efs-base: type=1400 audit(0.0:1709): avc: denied { create } for name="wa_gzip_1_1_2621_1966_1750930113055" scontext=u:r:platform_app:s0:c512,c768 tcontext=u:object_r:app_data_file:s0:c512,c768 tclass=file permissive=1 app=com.dangbei.screencast
06-26 17:28:33.052 2621 2621 I efs-base: type=1400 audit(0.0:1710): avc: denied { remove_name } for name="wa_none_1_1_2621_2690_1750832910713" dev="mmcblk0p25" ino=37833 scontext=u:r:platform_app:s0:c512,c768 tcontext=u:object_r:app_data_file:s0:c512,c768 tclass=dir permissive=1 app=com.dangbei.screencast
06-26 17:28:33.052 2621 2621 I efs-base: type=1400 audit(0.0:1711): avc: denied { unlink } for name="wa_none_1_1_2621_2690_1750832910713" dev="mmcblk0p25" ino=37833 scontext=u:r:platform_app:s0:c512,c768 tcontext=u:object_r:app_data_file:s0:c512,c768 tclass=file permissive=1 app=com.dangbei.screencast
06-26 17:28:33.107 2621 2631 I gbei.screencas: Background concurrent copying GC freed 42801(6357KB) AllocSpace objects, 0(0B) LOS objects, 49% free, 6589KB/12MB, paused 142us total 131.531ms
06-26 17:28:33.727 479 524 W IorapForwardingService: No service published for: iorapd
06-26 17:28:33.817 367 367 D dom2reg : timezone change, new: Etc/GMT-8, pre:
06-26 17:28:33.817 367 367 W dom2reg : timezone [Etc/GMT-8] not in default tables, please check!
06-26 17:28:34.687 657 657 E WifiHAL : wifi_get_link_stats: requestResponse Error:-5
06-26 17:28:34.690 479 611 E WifiVendorHal: getWifiLinkLayerStats_1_5_Internal(l.1191) failed {.code = ERROR_INVALID_ARGS, .description = }
06-26 17:28:34.729 479 524 W IorapForwardingService: No service published for: iorapd
06-26 17:28:35.731 479 524 W IorapForwardingService: No service published for: iorapd
06-26 17:28:35.817 367 367 D dom2reg : timezone change, new: Etc/GMT-8, pre:
06-26 17:28:35.817 367 367 W dom2reg : timezone [Etc/GMT-8] not in default tables, please check!
06-26 17:28:36.385 1058 3192 E dangbei111: cccccc 检查遥控器是否连接: Dangbei E4:BB:D3:57:C0:18
06-26 17:28:36.387 1058 3192 E dangbei111: cccccc 检查遥控器是否连接: 蓝牙的结果 Dangbei E4:BB:D3:57:C0:18 false
06-26 17:28:36.387 1058 3192 E dangbei111: cccccc input中没有遥控器存在
06-26 17:28:36.387 1058 3192 E dangbei111: cccccc 蓝牙状态连接 不是连接状态 啥都不干
06-26 17:28:36.387 1058 3192 E dangbei111: cccccc 蓝牙状态连接 配对状态 尝试connect
06-26 17:28:36.388 1058 3192 D BluetoothGatt: cancelOpen() - device: E4:BB:D3:57:C0:18
06-26 17:28:36.388 1058 3192 D BluetoothGatt: close()
06-26 17:28:36.388 1058 3192 D BluetoothGatt: unregisterApp() - mClientIf=5
06-26 17:28:36.388 666 987 E bt_stack: [ERROR:bta_gattc_act.cc(298)] No such connection need to be cancelled
06-26 17:28:36.389 666 987 I bt_stack: [INFO:gatt_api.cc(1231)] GATT_CancelConnect: gatt_if:5, address: e4:bb:d3:57:c0:18, direct:0
06-26 17:28:36.389 666 987 I bt_stack: [INFO:gatt_api.cc(1042)] GATT_Deregister gatt_if=5
06-26 17:28:36.389 1058 3192 D BluetoothGatt: connect() - device: E4:BB:D3:57:C0:18, auto: true
06-26 17:28:36.389 1058 3192 D BluetoothGatt: registerApp()
06-26 17:28:36.390 1058 3192 D BluetoothGatt: registerApp() - UUID=50727aa3-ee5d-412b-a411-b3c80608a2d1
06-26 17:28:36.390 666 987 I bluetooth: system/bt/stack/gatt/gatt_api.cc:1019 GATT_Register: Allocated name:GattClient uuid:f44eee62-c1b1-ccdd-bdd3-90402bbad18e gatt_if:5 eatt_support:0
06-26 17:28:36.391 1058 3192 E dangbei111 : cccccc 开启检查任务
06-26 17:28:36.391 1058 1092 D BluetoothGatt: onClientRegistered() - status=0 clientIf=5
06-26 17:28:36.392 666 864 I bt_btif_config: system/bt/btif/src/btif_config.cc:137 btif_get_device_type: Device [e4:bb:d3:57:c0:18] device type 2
06-26 17:28:36.392 1058 3192 E dangbei111: cccccc 开始扫描
06-26 17:28:36.392 1058 3192 D BluetoothAdapter: isLeEnabled(): ON
06-26 17:28:36.734 479 524 W IorapForwardingService: No service published for: iorapd
06-26 17:28:37.120 1179 1179 D bbb : onStartCommand begin !!!!!!! data分区剩余 23361MB
06-26 17:28:37.122 1125 1125 D aaa : LedStatusService onStartCommand begin
06-26 17:28:37.125 1125 3204 D aaa : topPkg is -------------- :com.dangbei.leard.leradlauncher
06-26 17:28:37.129 1125 3204 D aaa : WiFi is connect
06-26 17:28:37.707 657 657 E WifiHAL : wifi_get_link_stats: requestResponse Error:-5
06-26 17:28:37.710 479 611 E WifiVendorHal: getWifiLinkLayerStats_1_5_Internal(l.1191) failed {.code = ERROR_INVALID_ARGS, .description = }
06-26 17:28:37.736 479 524 W IorapForwardingService: No service published for: iorapd
06-26 17:28:37.817 367 367 D dom2reg : timezone change, new: Etc/GMT-8, pre:
06-26 17:28:37.818 367 367 W dom2reg : timezone [Etc/GMT-8] not in default tables, please check!
06-26 17:28:38.737 479 524 W IorapForwardingService: No service published for: iorapd
06-26 17:28:39.422 2621 2706 I efs.base: wa upload succ, HttpResponse {succ=true, code=200, data='暂不支持该服务', extra={req_url=https://errlog.umeng.com/api/crashsdk/logcollect}}
06-26 17:28:39.739 479 524 W IorapForwardingService: No service published for: iorapd
06-26 17:28:39.818 367 367 D dom2reg : timezone change, new: Etc/GMT-8, pre:
06-26 17:28:39.818 367 367 W dom2reg : timezone [Etc/GMT-8] not in default tables, please check!
06-26 17:28:39.836 2621 2621 I ModuleDataForwa: type=1400 audit(0.0:1712): avc: denied { lock } for path="/data/user/0/com.dangbei.screencast/files/TD__Env_Synchronous_Lock__" dev="mmcblk0p25" ino=2612 scontext=u:r:platform_app:s0:c512,c768 tcontext=u:object_r:app_data_file:s0:c512,c768 tclass=file permissive=1 app=com.dangbei.screencast
06-26 17:28:39.924 666 987 I bluetooth: system/bt/stack/gatt/connection_manager.cc:185 on_connection_complete: Le connection completed to device:e4:bb:d3:57:c0:18
06-26 17:28:39.924 255 319 E bt_upio : upio_set : /proc/bluetooth/sleep/btwrite(-1) incorrent
06-26 17:28:39.924 666 987 I bt_btm_ble: system/bt/stack/btm/btm_ble.cc:1699 btm_ble_connected: Updating device record timestamp for existing ble connection
06-26 17:28:40.157 2621 2707 I efs.base: wa upload succ, HttpResponse {succ=true, code=200, data='暂不支持该服务', extra={req_url=https://errlog.umeng.com/api/crashsdk/logcollect}}
06-26 17:28:40.163 666 987 I bt_stack: [INFO:gatt_attr.cc(880)] gatt_sr_init_cl_status: bda=e4:bb:d3:57:c0:18, cl_supp_feat=0000, aware=1
06-26 17:28:40.163 666 987 I bluetooth: system/bt/stack/gap/gap_ble.cc:298 client_connect_cback: No active GAP service found for peer:xx:xx:xx:xx:c0:18 callback:Connected
06-26 17:28:40.163 666 987 I bt_bta_gattc: system/bt/bta/gatt/bta_gattc_act.cc:1110 bta_gattc_conn_cback: Connected att_id:3 transport:le reason:GATT_CONN_OK
06-26 17:28:40.163 666 987 I bt_bta_gattc: system/bt/bta/gatt/bta_gattc_act.cc:1110 bta_gattc_conn_cback: Connected att_id:4 transport:le reason:GATT_CONN_OK
06-26 17:28:40.163 666 987 I bt_bta_gattc: system/bt/bta/gatt/bta_gattc_act.cc:1110 bta_gattc_conn_cback: Connected att_id:5 transport:le reason:GATT_CONN_OK
06-26 17:28:40.163 666 987 I bt_bta_gattc: system/bt/bta/gatt/bta_gattc_act.cc:1110 bta_gattc_conn_cback: Connected att_id:6 transport:le reason:GATT_CONN_OK
06-26 17:28:40.163 666 987 I bluetooth: system/bt/stack/gatt/connection_manager.cc:185 on_connection_complete: Le connection completed to device:e4:bb:d3:57:c0:18
06-26 17:28:40.163 666 987 I bt_stack: [INFO:eatt_impl.h(634)] connect device e4:bb:d3:57:c0:18 rolecentral
06-26 17:28:40.164 666 987 I bt_btif_dm: system/bt/btif/src/btif_dm.cc:497 btif_update_remote_version_property: Remote version info valid:true [xx:xx:xx:xx:c0:18]: 9, 1bf, 9
06-26 17:28:40.189 666 987 W bt_btm : system/bt/main/bte_logmsg.cc:194 LogMsg: Security Manager: BTM_SetEncryption busy, enqueue request
06-26 17:28:40.189 1058 1092 D BluetoothGatt: onClientConnectionState() - status=0 clientIf=5 device=E4:BB:D3:57:C0:18
06-26 17:28:40.190 1058 1092 E dangbei111: cccccc 主动连接成功 连接成功 后续要去判断有没有input E4:BB:D3:57:C0:18
06-26 17:28:40.190 1058 1092 D BluetoothGatt: cancelOpen() - device: E4:BB:D3:57:C0:18
06-26 17:28:40.193 666 666 E BluetoothPhonePolicy: Received unexpected intent, action=android.bluetooth.device.action.ACL_CONNECTED
06-26 17:28:40.193 666 666 I BluetoothPhonePolicy: processDeviceConnected, device=E4:BB:D3:57:C0:18
06-26 17:28:40.193 666 987 I bt_stack: [INFO:eatt_impl.h(578)] supported_features_cb e4:bb:d3:57:c0:18 is_eatt_supported = 0
06-26 17:28:40.193 666 666 D BluetoothDatabase: setConnection: device=E4:BB:D3:57:C0:18 and isA2dpDevice=false
06-26 17:28:40.194 666 666 D BluetoothDatabase: Updating last connected time for device: E4:BB:D3:57:C0:18 to 0
06-26 17:28:40.194 666 666 D BluetoothDatabase: updateDatabase E4:BB:D3:57:C0:18
06-26 17:28:40.194 1058 1092 D BluetoothGatt: close()
06-26 17:28:40.195 1058 1092 D BluetoothGatt: unregisterApp() - mClientIf=5
06-26 17:28:40.195 666 987 I bt_stack: [INFO:gatt_api.cc(1286)] GATT_Disconnect conn_id=0x0005
06-26 17:28:40.195 666 987 I bt_stack: [INFO:gatt_api.cc(1231)] GATT_CancelConnect: gatt_if:5, address: e4:bb:d3:57:c0:18, direct:0
06-26 17:28:40.201 666 987 I bt_stack: [INFO:gatt_api.cc(1042)] GATT_Deregister gatt_if=5
06-26 17:28:40.202 1058 1092 D BluetoothHidHost: Binding service...
06-26 17:28:40.205 1058 1058 I dangbei111: cccccc on receiver=android.bluetooth.device.action.ACL_CONNECTED,mac=E4:BB:D3:57:C0:18
06-26 17:28:40.207 1058 1058 E dangbei111: cccccc cancelDiscovery begin
06-26 17:28:40.207 1058 1092 D BluetoothGatt: onClientConnectionState() - status=0 clientIf=5 device=E4:BB:D3:57:C0:18
06-26 17:28:40.209 1058 1058 E dangbei111: cccccc 检查遥控器是否连接: Dangbei E4:BB:D3:57:C0:18
06-26 17:28:40.210 1058 1058 E dangbei111: cccccc 检查遥控器是否连接: 蓝牙的结果 Dangbei E4:BB:D3:57:C0:18 true
06-26 17:28:40.210 1058 1058 E dangbei111: cccccc input中没有遥控器存在
06-26 17:28:40.210 1058 1058 E dangbei111: cccccc 蓝牙状态连接 开启8s check任务
06-26 17:28:40.211 1058 1058 E dangbei111: cccccc 开始扫描
06-26 17:28:40.211 1058 1058 D BluetoothAdapter: isLeEnabled(): ON
06-26 17:28:40.211 1058 1058 D BluetoothHidHost: Proxy object connected
06-26 17:28:40.211 1058 1058 D BluetoothHidHost: connect(E4:BB:D3:57:C0:18)
06-26 17:28:40.213 666 1189 V BluetoothDatabase: getProfileConnectionPolicy: E4:BB:D3:57:C0:18, profile=4, connectionPolicy = 100
06-26 17:28:40.213 666 864 W bt_stack: [WARNING:btif_hh.cc(566)] btif_hh_connect: Device e4:bb:d3:57:c0:18 already added, attr_mask = 0x0
06-26 17:28:40.214 666 666 D BluetoothHidHostService: Connection state E4:BB:D3:57:C0:18: 0->1
06-26 17:28:40.216 1058 1058 D BluetoothHidHost: Unbinding service...
06-26 17:28:40.216 666 666 W BluetoothHidHostService: no state change: 1
06-26 17:28:40.217 666 666 D AdapterProperties: PROFILE_CONNECTION_STATE_CHANGE: profile=4, device=E4:BB:D3:57:C0:18, 0 -> 1
06-26 17:28:40.220 666 666 D AdapterProperties: ADAPTER_CONNECTION_STATE_CHANGE: E4:BB:D3:57:C0:18: 0 -> 1
06-26 17:28:40.221 680 952 D CachedBluetoothDevice: onProfileStateChanged: profile HID, device Dangbei, newProfileState 1
06-26 17:28:40.253 666 987 W bt_stack: [WARNING:bta_gattc_api.cc(659)] notification already registered
06-26 17:28:40.253 666 987 W bt_stack: [WARNING:bta_gattc_api.cc(659)] notification already registered
06-26 17:28:40.253 666 987 W bt_stack: [WARNING:bta_gattc_api.cc(659)] notification already registered
06-26 17:28:40.253 666 864 W bt_btif : system/bt/main/bte_logmsg.cc:194 LogMsg: btif_hh_upstreams_evt: BTA_HH_OPN_EVT: handle=16, status =0
06-26 17:28:40.254 666 864 W bt_btif : system/bt/main/bte_logmsg.cc:194 LogMsg: BTA_HH_OPEN_EVT: Found device...Getting dscp info for handle ... 16
06-26 17:28:40.254 666 864 I bt_btif_dm: system/bt/btif/src/btif_dm.cc:384 get_cod: get_cod remote_cod = 0x00001f00
06-26 17:28:40.254 666 864 I bt_btif_dm: system/bt/btif/src/btif_dm.cc:384 get_cod: get_cod remote_cod = 0x00001f00
06-26 17:28:40.254 666 864 W bt_btif : system/bt/main/bte_logmsg.cc:194 LogMsg: btif_hh_upstreams_evt: name = Dangbei
06-26 17:28:40.254 666 864 W bt_btif : system/bt/main/bte_logmsg.cc:194 LogMsg: bta_hh_co_send_hid_info: fd = 209, name = [Dangbei], dscp_len = 80
06-26 17:28:40.254 666 864 W bt_btif : system/bt/main/bte_logmsg.cc:194 LogMsg: bta_hh_co_send_hid_info: vendor_id = 0x000d, product_id = 0x3838, version= 0x0000,ctry_code=0x00
06-26 17:28:40.252 343 343 I xiriservice_All: type=1400 audit(0.0:1713): avc: denied { read } for scontext=u:r:init:s0 tcontext=u:r:init:s0 tclass=netlink_kobject_uevent_socket permissive=1
06-26 17:28:40.256 666 666 D BluetoothHidHostService: Connection state E4:BB:D3:57:C0:18: 1->2
06-26 17:28:40.257 666 864 W bt_btif : system/bt/main/bte_logmsg.cc:194 LogMsg: bta_hh_co_send_hid_info: wrote descriptor to fd = 209, dscp_len = 80, result = 0
06-26 17:28:40.257 666 864 W bt_stack: [WARNING:btif_hh.cc(397)] Device e4:bb:d3:57:c0:18 already added
06-26 17:28:40.257 666 864 W bt_btif : system/bt/main/bte_logmsg.cc:194 LogMsg: btif_hh_upstreams_evt: Device already added
06-26 17:28:40.257 321 323 D XM_HIDREAD: add@ add@/devices/virtual/misc/uhid/0005:000D:3838.0001
01-01 08:01:41.972 127 127 I input : Dangbei as /devices/virtual/misc/uhid/0005:000D:3838.0001/input/input2
01-01 08:01:41.974 127 127 I input : Dangbei Consumer Control as /devices/virtual/misc/uhid/0005:000D:3838.0001/input/input4
06-26 17:28:40.260 321 323 D XM_HIDREAD: add@ add@/devices/virtual/misc/uhid/0005:000D:3838.0001/input/input2
06-26 17:28:40.261 666 666 D BluetoothAdapterService: enable() - Enable called with quiet mode status = false
06-26 17:28:40.262 666 831 I AdapterState: ON : Unhandled message - BLE_TURN_ON
06-26 17:28:40.262 321 323 D XM_HIDREAD: add@ add@/devices/virtual/misc/uhid/0005:000D:3838.0001/input/input2/event2
06-26 17:28:40.263 321 323 D XM_HIDREAD: add@ add@/devices/virtual/misc/uhid/0005:000D:3838.0001/input/input4
06-26 17:28:40.264 321 323 D XM_HIDREAD: add@ add@/devices/virtual/misc/uhid/0005:000D:3838.0001/input/input4/event3
06-26 17:28:40.265 321 323 D XM_HIDREAD: add@ add@/devices/virtual/misc/uhid/0005:000D:3838.0001/hidraw/hidraw0
06-26 17:28:40.265 321 323 D XM_HIDREAD: ready open:/dev/hidraw0
06-26 17:28:40.265 321 323 D XM_HIDREAD: open:/dev/hidraw0 resultFD:-1
06-26 17:28:40.265 321 323 E XM_HIDREAD: open hidraw error: No such file or directory, wait to retry...
01-01 08:01:41.976 127 127 I hid-generic 0005: 000D:3838.0001: input,hidraw0: BLUETOOTH HID v0.00 Keyboard [Dangbei] on
06-26 17:28:40.268 666 666 D AdapterProperties: PROFILE_CONNECTION_STATE_CHANGE: profile=4, device=E4:BB:D3:57:C0:18, 1 -> 2
06-26 17:28:40.268 666 987 I bt_stack: [INFO:gatt_sr.cc(815)] MTU request PDU with MTU size 247
06-26 17:28:40.268 666 987 W bt_stack: [WARNING:gatt_utils.cc(790)] Call back not found for application conn_id=3
06-26 17:28:40.268 666 987 W bt_stack: [WARNING:gatt_utils.cc(790)] Call back not found for application conn_id=4
06-26 17:28:40.268 666 987 W bt_stack: [WARNING:gatt_utils.cc(790)] Call back not found for application conn_id=6
06-26 17:28:40.270 666 666 D AdapterProperties: ADAPTER_CONNECTION_STATE_CHANGE: E4:BB:D3:57:C0:18: 1 -> 2
06-26 17:28:40.270 479 600 D EventHub: No input device configuration file found for device 'Dangbei'.
06-26 17:28:40.285 343 344 D DONGLE_SERVICE: check_smartctrl_hidraw_node, vid=13, pid =14392
06-26 17:28:40.285 343 344 E DONGLE_SERVICE: not supported: /dev/hidraw0
06-26 17:28:40.284 343 343 I xiriservice_All: type=1400 audit(0.0:1714): avc: denied { read write } for name="hidraw0" dev="tmpfs" ino=48657 scontext=u:r:init:s0 tcontext=u:object_r:device:s0 tclass=chr_file permissive=1
06-26 17:28:40.284 343 343 I xiriservice_All: type=1400 audit(0.0:1715): avc: denied { open } for path="/dev/hidraw0" dev="tmpfs" ino=48657 scontext=u:r:init:s0 tcontext=u:object_r:device:s0 tclass=chr_file permissive=1
06-26 17:28:40.287 479 600 I EventHub: usingClockIoctl=true
06-26 17:28:40.287 479 600 I EventHub: New device: id=3, fd=353, path='/dev/input/event2', name='Dangbei', classes=KEYBOARD | EXTERNAL, configuration='', keyLayout='/system/usr/keylayout/Vendor_000d_Product_3838.kl', keyCharacterMap='/system/usr/keychars/Generic.kcm', builtinKeyboard=false,
06-26 17:28:40.288 479 600 I InputReader: Device added: id=4, eventHubId=3, name='Dangbei', descriptor='d7b6aedb6b668d9ab2625cf87b9fa435ea003ff4',sources=0x00000101
06-26 17:28:40.289 479 600 D EventHub: No input device configuration file found for device 'Dangbei Consumer Control'.
06-26 17:28:40.294 680 952 D CachedBluetoothDevice: onProfileStateChanged: profile HID, device Dangbei, newProfileState 2
06-26 17:28:40.296 479 600 W EventHub: Unable to disable kernel key repeat for /dev/input/event3: Function not implemented
06-26 17:28:40.296 479 600 I EventHub: usingClockIoctl=true
06-26 17:28:40.296 479 600 I EventHub: New device: id=4, fd=360, path='/dev/input/event3', name='Dangbei Consumer Control', classes=KEYBOARD | JOYSTICK | EXTERNAL, configuration='', keyLayout='/system/usr/keylayout/Vendor_000d_Product_3838.kl', keyCharacterMap='/system/usr/keychars/Generic.kcm', builtinKeyboard=false,
06-26 17:28:40.298 479 600 I InputReader: Device added: id=4, eventHubId=4, name='Dangbei Consumer Control', descriptor='d7b6aedb6b668d9ab2625cf87b9fa435ea003ff4',sources=0x01000111
06-26 17:28:40.365 321 323 E XM_HIDREAD: trying to reopen hidraw: /dev/hidraw0
06-26 17:28:40.365 321 323 D XM_HIDREAD: ready open:/dev/hidraw0
06-26 17:28:40.365 321 323 D XM_HIDREAD: open:/dev/hidraw0 resultFD:8
06-26 17:28:40.365 321 323 D XM_HIDREAD: 1 ready ioctl hidrawFD 8
06-26 17:28:40.365 321 323 D XM_HIDREAD: 2 ready ioctl hidrawFD 8
06-26 17:28:40.365 321 323 D XM_HIDREAD: 3 ready ioctl hidrawFD 8
06-26 17:28:40.365 321 323 D XM_HIDREAD: 4 ready ioctl hidrawFD 8
06-26 17:28:40.365 321 323 D XM_HIDREAD: ioctl hidrawFD HIDIOCGRDESC ret 0
06-26 17:28:40.365 321 323 D XM_HIDREAD: dinfo.vendor:13,dinfo.product:14392
06-26 17:28:40.365 321 323 D XM_HIDREAD: m_pid:0x3838,m_vid:0x000d
06-26 17:28:40.365 321 323 D XM_HIDREAD: /dev/hidraw0 open succussfully!
06-26 17:28:40.365 321 323 D XM_HIDREAD: add@ add@/devices/virtual/wakeup/wakeup26
06-26 17:28:40.366 321 323 D XM_HIDREAD: add@ add@/devices/virtual/wakeup/wakeup27
06-26 17:28:40.450 666 864 I bt_btif_dm: system/bt/btif/src/btif_dm.cc:548 btif_update_remote_properties: cod from storage is also unclassified
06-26 17:28:40.506 479 479 W NotificationHistory: Attempted to add notif for locked/gone/disabled user 0
06-26 17:28:40.508 680 680 V TvNotificationHandler: Notification not added because it isn't relevant for tv
06-26 17:28:40.723 657 657 E WifiHAL : wifi_get_link_stats: requestResponse Error:-5
06-26 17:28:40.725 479 611 E WifiVendorHal: getWifiLinkLayerStats_1_5_Internal(l.1191) failed {.code = ERROR_INVALID_ARGS, .description = }
06-26 17:28:40.745 479 524 W IorapForwardingService: No service published for: iorapd
06-26 17:28:40.913 666 987 I bt_stack: [INFO:hearing_aid.cc(1796)] GetDeviceCount: Not initialized yet
06-26 17:28:40.913 321 3214 D XM_HIDREAD: poll ret=1, event=1
06-26 17:28:40.914 321 3214 D XM_HIDREAD: [9 bytes]:01 00 00 4F 00 00 00 00 00
06-26 17:28:40.915 479 600 D TvWindowManager: key event key = KEYCODE_DPAD_RIGHT down = true
06-26 17:28:40.916 479 600 W SoundPool: Use of stream types is deprecated for operations other than volume control
06-26 17:28:40.916 479 600 W SoundPool: See the documentation of SoundPool() for what to use instead with android.media.AudioAttributes to qualify your playback use case
06-26 17:28:40.920 479 599 D GpioService: mFlickerEnable = true
06-26 17:28:40.924 2293 2293 I SogouIME: onKeyDown: keyoCode=22
06-26 17:28:40.925 2293 2293 I DefaultIMS: onKeyDown: keyoCode=22
06-26 17:28:40.924 2089 2089 I rainbow_flow: type=1400 audit(0.0:1716): avc: denied { ioctl } for path="/dev/spidev1.0" dev="tmpfs" ino=7243 ioctlcmd=0x6b00 scontext=u:r:init:s0 tcontext=u:object_r:device:s0 tclass=chr_file permissive=1
06-26 17:28:40.935 1116 1116 E SecondScreen: FirstScreenLayoutView dispatchKeyEvent 22
06-26 17:28:40.952 2293 2293 I DefaultIMS: onStartInput attribute=android.view.inputmethod.EditorInfo@4ffcf90 restarting=false inputType: 0
06-26 17:28:40.953 479 3218 D MediaCodecList: codecHandlesFormat: no format, so no extra checks
06-26 17:28:40.958 479 3221 D CCodec : allocate(c2.android.vorbis.decoder)
06-26 17:28:40.958 479 3217 D MediaCodecList: codecHandlesFormat: no format, so no extra checks
06-26 17:28:40.959 379 885 V C2Store : in init
06-26 17:28:40.959 379 885 V C2Store : loading dll
06-26 17:28:40.960 479 3223 D CCodec : allocate(c2.android.vorbis.decoder)
06-26 17:28:40.969 479 3223 I CCodec : Created component [c2.android.vorbis.decoder]
06-26 17:28:40.969 479 3221 I CCodec : Created component [c2.android.vorbis.decoder]
06-26 17:28:40.969 479 3223 D CCodecConfig: read media type: audio/vorbis
06-26 17:28:40.969 479 3221 D CCodecConfig: read media type: audio/vorbis
06-26 17:28:40.972 479 3221 D ReflectedParamUpdater: extent() != 1 for single value type: algo.buffers.max-count.values
06-26 17:28:40.973 479 3221 D ReflectedParamUpdater: extent() != 1 for single value type: output.subscribed-indices.values
06-26 17:28:40.973 479 3221 D ReflectedParamUpdater: extent() != 1 for single value type: input.buffers.allocator-ids.values
06-26 17:28:40.973 479 3221 D ReflectedParamUpdater: extent() != 1 for single value type: output.buffers.allocator-ids.values
06-26 17:28:40.974 479 3221 D ReflectedParamUpdater: extent() != 1 for single value type: algo.buffers.allocator-ids.values
06-26 17:28:40.974 479 3223 D ReflectedParamUpdater: extent() != 1 for single value type: algo.buffers.max-count.values
06-26 17:28:40.974 479 3221 D ReflectedParamUpdater: extent() != 1 for single value type: output.buffers.pool-ids.values
06-26 17:28:40.974 479 3221 D ReflectedParamUpdater: extent() != 1 for single value type: algo.buffers.pool-ids.values
06-26 17:28:40.974 479 3223 D ReflectedParamUpdater: extent() != 1 for single value type: output.subscribed-indices.values
06-26 17:28:40.974 479 3223 D ReflectedParamUpdater: extent() != 1 for single value type: input.buffers.allocator-ids.values
06-26 17:28:40.975 479 3223 D ReflectedParamUpdater: extent() != 1 for single value type: output.buffers.allocator-ids.values
06-26 17:28:40.975 479 3223 D ReflectedParamUpdater: extent() != 1 for single value type: algo.buffers.allocator-ids.values
06-26 17:28:40.975 479 3223 D ReflectedParamUpdater: extent() != 1 for single value type: output.buffers.pool-ids.values
06-26 17:28:40.975 479 3223 D ReflectedParamUpdater: extent() != 1 for single value type: algo.buffers.pool-ids.values
06-26 17:28:40.977 479 3221 I CCodecConfig: query failed after returning 7 values (BAD_INDEX)
06-26 17:28:40.978 479 3221 D CCodecConfig: c2 config diff is Dict {
06-26 17:28:40.978 479 3221 D CCodecConfig: c2::u32 coded.bitrate.value = 64000
06-26 17:28:40.978 479 3221 D CCodecConfig: c2::u32 input.buffers.max-size.value = 32768
06-26 17:28:40.978 479 3221 D CCodecConfig: c2::u32 input.delay.value = 0
06-26 17:28:40.978 479 3221 D CCodecConfig: string input.media-type.value = "audio/vorbis"
06-26 17:28:40.978 479 3221 D CCodecConfig: string output.media-type.value = "audio/raw"
06-26 17:28:40.978 479 3221 D CCodecConfig: c2::u32 raw.channel-count.value = 1
06-26 17:28:40.978 479 3221 D CCodecConfig: c2::u32 raw.sample-rate.value = 48000
06-26 17:28:40.978 479 3221 D CCodecConfig: }
06-26 17:28:40.980 479 3223 I CCodecConfig: query failed after returning 7 values (BAD_INDEX)
06-26 17:28:40.981 479 3223 D CCodecConfig: c2 config diff is Dict {
06-26 17:28:40.981 479 3223 D CCodecConfig: c2::u32 coded.bitrate.value = 64000
06-26 17:28:40.981 479 3223 D CCodecConfig: c2::u32 input.buffers.max-size.value = 32768
06-26 17:28:40.981 479 3223 D CCodecConfig: c2::u32 input.delay.value = 0
06-26 17:28:40.981 479 3223 D CCodecConfig: string input.media-type.value = "audio/vorbis"
06-26 17:28:40.981 479 3223 D CCodecConfig: string output.media-type.value = "audio/raw"
06-26 17:28:40.981 479 3223 D CCodecConfig: c2::u32 raw.channel-count.value = 1
06-26 17:28:40.981 479 3223 D CCodecConfig: c2::u32 raw.sample-rate.value = 48000
06-26 17:28:40.981 479 3223 D CCodecConfig: }
06-26 17:28:40.982 479 3221 D CCodec : [c2.android.vorbis.decoder] buffers are bound to CCodec for this session
06-26 17:28:40.982 479 3223 D CCodec : [c2.android.vorbis.decoder] buffers are bound to CCodec for this session
06-26 17:28:40.983 479 3223 D CCodecConfig: no c2 equivalents for durationUs
06-26 17:28:40.983 479 3223 D CCodecConfig: no c2 equivalents for track-id
06-26 17:28:40.983 479 3223 D CCodecConfig: no c2 equivalents for csd-1
06-26 17:28:40.983 479 3223 D CCodecConfig: no c2 equivalents for channel-mask
06-26 17:28:40.983 479 3223 D CCodecConfig: no c2 equivalents for flags
06-26 17:28:40.983 479 3221 D CCodecConfig: no c2 equivalents for durationUs
06-26 17:28:40.983 479 3221 D CCodecConfig: no c2 equivalents for track-id
06-26 17:28:40.983 479 3221 D CCodecConfig: no c2 equivalents for csd-1
06-26 17:28:40.983 479 3221 D CCodecConfig: no c2 equivalents for channel-mask
06-26 17:28:40.983 479 3221 D CCodecConfig: no c2 equivalents for flags
06-26 17:28:40.984 479 3221 D CCodecConfig: c2 config diff is c2::u32 coded.bitrate.value = 112000
06-26 17:28:40.984 479 3221 D CCodecConfig: c2::u32 raw.channel-count.value = 2
06-26 17:28:40.984 479 3221 D CCodecConfig: c2::u32 raw.sample-rate.value = 44100
06-26 17:28:40.984 479 3223 D CCodecConfig: c2 config diff is c2::u32 coded.bitrate.value = 112000
06-26 17:28:40.984 479 3223 D CCodecConfig: c2::u32 raw.channel-count.value = 2
06-26 17:28:40.984 479 3223 D CCodecConfig: c2::u32 raw.sample-rate.value = 44100
06-26 17:28:40.985 479 3221 W Codec2Client: query -- param skipped: index = 1107298332.
06-26 17:28:40.985 479 3223 W Codec2Client: query -- param skipped: index = 1107298332.
06-26 17:28:40.986 479 3221 D CCodec : setup formats input: AMessage(what = 0x00000000) = {
06-26 17:28:40.986 479 3221 D CCodec : int32_t bitrate = 112000
06-26 17:28:40.986 479 3221 D CCodec : int32_t channel-count = 2
06-26 17:28:40.986 479 3221 D CCodec : int32_t max-input-size = 32768
06-26 17:28:40.986 479 3221 D CCodec : string mime = "audio/vorbis"
06-26 17:28:40.986 479 3221 D CCodec : int32_t sample-rate = 44100
06-26 17:28:40.986 479 3221 D CCodec : }
06-26 17:28:40.986 479 3223 D CCodec : setup formats input: AMessage(what = 0x00000000) = {
06-26 17:28:40.986 479 3223 D CCodec : int32_t bitrate = 112000
06-26 17:28:40.986 479 3223 D CCodec : int32_t channel-count = 2
06-26 17:28:40.986 479 3223 D CCodec : int32_t max-input-size = 32768
06-26 17:28:40.986 479 3223 D CCodec : string mime = "audio/vorbis"
06-26 17:28:40.986 479 3223 D CCodec : int32_t sample-rate = 44100
06-26 17:28:40.986 479 3223 D CCodec : }
06-26 17:28:40.986 479 3221 D CCodec : setup formats output: AMessage(what = 0x00000000) = {
06-26 17:28:40.986 479 3221 D CCodec : int32_t channel-count = 2
06-26 17:28:40.986 479 3221 D CCodec : string mime = "audio/raw"
06-26 17:28:40.986 479 3221 D CCodec : int32_t sample-rate = 44100
06-26 17:28:40.986 479 3221 D CCodec : int32_t channel-mask = 3
06-26 17:28:40.986 479 3221 D CCodec : }
06-26 17:28:40.986 479 3221 I CCodecConfig: query failed after returning 7 values (BAD_INDEX)
06-26 17:28:40.986 479 3223 D CCodec : setup formats output: AMessage(what = 0x00000000) = {
06-26 17:28:40.986 479 3223 D CCodec : int32_t channel-count = 2
06-26 17:28:40.986 479 3223 D CCodec : string mime = "audio/raw"
06-26 17:28:40.986 479 3223 D CCodec : int32_t sample-rate = 44100
06-26 17:28:40.986 479 3223 D CCodec : int32_t channel-mask = 3
06-26 17:28:40.986 479 3223 D CCodec : }
06-26 17:28:40.986 479 3223 I CCodecConfig: query failed after returning 7 values (BAD_INDEX)
06-26 17:28:40.987 479 3221 W Codec2Client: query -- param skipped: index = 1342179345.
06-26 17:28:40.987 479 3221 W Codec2Client: query -- param skipped: index = 2415921170.
06-26 17:28:40.988 379 885 D BufferPoolAccessor2.0: bufferpool2 0xee4fff18 : 0(0 size) total buffers - 0(0 size) used buffers - 134/145 (recycle/alloc) - 11/144 (fetch/transfer)
06-26 17:28:40.989 379 885 D BufferPoolAccessor2.0: Destruction - bufferpool2 0xee4fff18 cached: 0/0M, 0/0% in use; allocs: 145, 92% recycled; transfers: 144, 92% unfetched
06-26 17:28:40.989 379 885 D BufferPoolAccessor2.0: bufferpool2 0xee5002d8 : 0(0 size) total buffers - 0(0 size) used buffers - 135/145 (recycle/alloc) - 10/144 (fetch/transfer)
06-26 17:28:40.989 379 885 D BufferPoolAccessor2.0: Destruction - bufferpool2 0xee5002d8 cached: 0/0M, 0/0% in use; allocs: 145, 93% recycled; transfers: 144, 93% unfetched
06-26 17:28:40.990 379 817 D BufferPoolAccessor2.0: bufferpool2 0xee500198 : 0(0 size) total buffers - 0(0 size) used buffers - 15/19 (recycle/alloc) - 5/18 (fetch/transfer)
06-26 17:28:40.990 379 817 D BufferPoolAccessor2.0: Destruction - bufferpool2 0xee500198 cached: 0/0M, 0/0% in use; allocs: 19, 79% recycled; transfers: 18, 72% unfetched
06-26 17:28:40.990 379 817 D BufferPoolAccessor2.0: bufferpool2 0xee500f58 : 0(0 size) total buffers - 0(0 size) used buffers - 17/21 (recycle/alloc) - 5/20 (fetch/transfer)
06-26 17:28:40.990 379 817 D BufferPoolAccessor2.0: Destruction - bufferpool2 0xee500f58 cached: 0/0M, 0/0% in use; allocs: 21, 81% recycled; transfers: 20, 75% unfetched
06-26 17:28:40.990 479 3221 D CCodecBufferChannel: [c2.android.vorbis.decoder#101] Created input block pool with allocatorID 16 => poolID 23 - OK (0)
06-26 17:28:40.990 379 817 D BufferPoolAccessor2.0: bufferpool2 0xee500418 : 0(0 size) total buffers - 0(0 size) used buffers - 29/36 (recycle/alloc) - 8/35 (fetch/transfer)
06-26 17:28:40.990 379 817 D BufferPoolAccessor2.0: Destruction - bufferpool2 0xee500418 cached: 0/0M, 0/0% in use; allocs: 36, 81% recycled; transfers: 35, 77% unfetched
06-26 17:28:40.990 379 817 D BufferPoolAccessor2.0: bufferpool2 0xee501098 : 0(0 size) total buffers - 0(0 size) used buffers - 28/32 (recycle/alloc) - 4/31 (fetch/transfer)
06-26 17:28:40.990 379 885 D BufferPoolAccessor2.0: Destruction - bufferpool2 0xee501098 cached: 0/0M, 0/0% in use; allocs: 32, 88% recycled; transfers: 31, 87% unfetched
06-26 17:28:40.992 479 910 D BufferPoolAccessor2.0: bufferpool2 0xead36698 : 0(0 size) total buffers - 0(0 size) used buffers - 2/7 (recycle/alloc) - 12/294 (fetch/transfer)
06-26 17:28:40.992 479 910 D BufferPoolAccessor2.0: Destruction - bufferpool2 0xead36698 cached: 0/0M, 0/0% in use; allocs: 7, 29% recycled; transfers: 294, 96% unfetched
06-26 17:28:40.992 479 639 D BufferPoolAccessor2.0: bufferpool2 0xead367d8 : 0(0 size) total buffers - 0(0 size) used buffers - 2/7 (recycle/alloc) - 12/294 (fetch/transfer)
06-26 17:28:40.992 479 910 D BufferPoolAccessor2.0: Destruction - bufferpool2 0xead367d8 cached: 0/0M, 0/0% in use; allocs: 7, 29% recycled; transfers: 294, 96% unfetched
06-26 17:28:40.992 479 639 D BufferPoolAccessor2.0: bufferpool2 0xea2f4358 : 0(0 size) total buffers - 0(0 size) used buffers - 2/7 (recycle/alloc) - 6/42 (fetch/transfer)
06-26 17:28:40.992 479 639 D BufferPoolAccessor2.0: Destruction - bufferpool2 0xea2f4358 cached: 0/0M, 0/0% in use; allocs: 7, 29% recycled; transfers: 42, 86% unfetched
06-26 17:28:40.993 479 639 D BufferPoolAccessor2.0: bufferpool2 0xea2f4718 : 0(0 size) total buffers - 0(0 size) used buffers - 2/7 (recycle/alloc) - 6/46 (fetch/transfer)
06-26 17:28:40.993 479 639 D BufferPoolAccessor2.0: Destruction - bufferpool2 0xea2f4718 cached: 0/0M, 0/0% in use; allocs: 7, 29% recycled; transfers: 46, 87% unfetched
06-26 17:28:40.993 479 639 D BufferPoolAccessor2.0: bufferpool2 0xea2f4fd8 : 0(0 size) total buffers - 0(0 size) used buffers - 2/7 (recycle/alloc) - 9/76 (fetch/transfer)
06-26 17:28:40.993 479 639 D BufferPoolAccessor2.0: Destruction - bufferpool2 0xea2f4fd8 cached: 0/0M, 0/0% in use; allocs: 7, 29% recycled; transfers: 76, 88% unfetched
06-26 17:28:40.993 479 639 D BufferPoolAccessor2.0: bufferpool2 0xea2f5398 : 0(0 size) total buffers - 0(0 size) used buffers - 2/7 (recycle/alloc) - 5/68 (fetch/transfer)
06-26 17:28:40.994 479 639 D BufferPoolAccessor2.0: Destruction - bufferpool2 0xea2f5398 cached: 0/0M, 0/0% in use; allocs: 7, 29% recycled; transfers: 68, 93% unfetched
06-26 17:28:40.994 829 946 D BufferPoolAccessor2.0: bufferpool2 0xeb6f2f98 : 0(0 size) total buffers - 0(0 size) used buffers - 1/7 (recycle/alloc) - 10/92 (fetch/transfer)
06-26 17:28:40.994 829 946 D BufferPoolAccessor2.0: Destruction - bufferpool2 0xeb6f2f98 cached: 0/0M, 0/0% in use; allocs: 7, 14% recycled; transfers: 92, 89% unfetched
06-26 17:28:40.994 829 946 D BufferPoolAccessor2.0: bufferpool2 0xeb6f3e98 : 0(0 size) total buffers - 0(0 size) used buffers - 1/7 (recycle/alloc) - 6/96 (fetch/transfer)
06-26 17:28:40.994 829 946 D BufferPoolAccessor2.0: Destruction - bufferpool2 0xeb6f3e98 cached: 0/0M, 0/0% in use; allocs: 7, 14% recycled; transfers: 96, 94% unfetched
06-26 17:28:40.994 479 3221 I CCodecBufferChannel: [c2.android.vorbis.decoder#101] Created output block pool with allocatorID 16 => poolID 25 - OK
06-26 17:28:40.995 479 3221 D CCodecBufferChannel: [c2.android.vorbis.decoder#101] Configured output block pool ids 25 => OK
06-26 17:28:40.999 479 3223 W Codec2Client: query -- param skipped: index = 1342179345.
06-26 17:28:40.999 479 3223 W Codec2Client: query -- param skipped: index = 2415921170.
06-26 17:28:41.000 479 3223 D CCodecBufferChannel: [c2.android.vorbis.decoder#986] Created input block pool with allocatorID 16 => poolID 24 - OK (0)
06-26 17:28:41.002 479 3223 I CCodecBufferChannel: [c2.android.vorbis.decoder#986] Created output block pool with allocatorID 16 => poolID 26 - OK
06-26 17:28:41.003 479 3223 D CCodecBufferChannel: [c2.android.vorbis.decoder#986] Configured output block pool ids 26 => OK
