06-25 14:28:24.936 1058 2045 W System.err: at com.dangbei.etna.update.app.AppUpdateHelper$requestAppPush$$inlined$map$1.collect(SafeCollector.common.kt:113)
06-25 14:28:24.936 1058 2045 W System.err: at kotlinx.coroutines.flow.FlowKt__ErrorsKt.catchImpl(Errors.kt:156)
06-25 14:28:24.936 1058 2045 W System.err: at kotlinx.coroutines.flow.FlowKt.catchImpl(Unknown Source:1)
06-25 14:28:24.936 1058 2045 W System.err: at kotlinx.coroutines.flow.FlowKt__ErrorsKt$catch$$inlined$unsafeFlow$1.collect(SafeCollector.common.kt:113)
06-25 14:28:24.936 1058 2045 W System.err: at com.etna.haqu.support.ext.FlowExtKt.safeCollect(FlowExt.kt:50)
06-25 14:28:24.936 1058 2045 W System.err: at com.dangbei.etna.update.app.AppUpdateHelper.requestAppPush(AppUpdateHelper.kt:129)
06-25 14:28:24.936 1058 2045 W System.err: at com.dangbei.etna.update.app.AppUpdateHelper.access$requestAppPush(AppUpdateHelper.kt:31)
06-25 14:28:24.936 1058 2045 W System.err: at com.dangbei.etna.update.app.AppUpdateHelper$requestAppPushInner$1$1.invokeSuspend(AppUpdateHelper.kt:167)
06-25 14:28:24.936 1058 2045 W System.err: at com.dangbei.etna.update.app.AppUpdateHelper$requestAppPushInner$1$1.invoke(Unknown Source:8)
06-25 14:28:24.936 1058 2045 W System.err: at com.dangbei.etna.update.app.AppUpdateHelper$requestAppPushInner$1$1.invoke(Unknown Source:4)
06-25 14:28:24.936 1058 2045 W System.err: at kotlinx.coroutines.flow.SafeFlow.collectSafely(Builders.kt:61)
06-25 14:28:24.936 1058 2045 W System.err: at kotlinx.coroutines.flow.AbstractFlow.collect(Flow.kt:230)
06-25 14:28:24.936 1058 2045 W System.err: at kotlinx.coroutines.flow.internal.ChannelFlowOperatorImpl.flowCollect(ChannelFlow.kt:195)
06-25 14:28:24.936 1058 2045 W System.err: at kotlinx.coroutines.flow.internal.ChannelFlowOperator.collectTo$suspendImpl(ChannelFlow.kt:157)
06-25 14:28:24.936 1058 2045 W System.err: at kotlinx.coroutines.flow.internal.ChannelFlowOperator.collectTo(Unknown Source:0)
06-25 14:28:24.932 2108 2108 I preinstall.sh: type=1400 audit(0.0:747): avc: denied { open } for path="/system/bin/toolbox" dev="dm-0" ino=1245 scontext=u:r:preinstall:s0 tcontext=u:object_r:toolbox_exec:s0 tclass=file permissive=1
06-25 14:28:24.936 1058 2045 W System.err: at kotlinx.coroutines.flow.internal.ChannelFlow$collectToFun$1.invokeSuspend(ChannelFlow.kt:60)
06-25 14:28:24.937 1058 2045 W System.err: at kotlin.coroutines.jvm.internal.BaseContinuationImpl.resumeWith(ContinuationImpl.kt:33)
06-25 14:28:24.937 1058 2045 W System.err: at kotlinx.coroutines.DispatchedTask.run(DispatchedTask.kt:106)
06-25 14:28:24.937 1058 2045 W System.err: at kotlinx.coroutines.internal.LimitedDispatcher.run(LimitedDispatcher.kt:42)
06-25 14:28:24.937 1058 2045 W System.err: at kotlinx.coroutines.scheduling.TaskImpl.run(Tasks.kt:95)
06-25 14:28:24.937 1058 2045 W System.err: at kotlinx.coroutines.scheduling.CoroutineScheduler.runSafely(CoroutineScheduler.kt:570)
06-25 14:28:24.937 1058 2045 W System.err: at kotlinx.coroutines.scheduling.CoroutineScheduler$Worker.executeTask(CoroutineScheduler.kt:749)
06-25 14:28:24.937 1058 2045 W System.err: at kotlinx.coroutines.scheduling.CoroutineScheduler$Worker.runWorker(CoroutineScheduler.kt:677)
06-25 14:28:24.937 1058 2045 W System.err: at kotlinx.coroutines.scheduling.CoroutineScheduler$Worker.run(CoroutineScheduler.kt:664)
06-25 14:28:24.937 1058 1058 W System.err: java.lang.ArrayIndexOutOfBoundsException: dstBegin < 0. dstBegin=-16
06-25 14:28:24.937 1058 1058 W System.err: at java.lang.String.getChars(String.java:797)
06-25 14:28:24.937 1058 1058 W System.err: at java.lang.AbstractStringBuilder.append(AbstractStringBuilder.java:449)
06-25 14:28:24.937 1058 1058 W System.err: at java.lang.StringBuilder.append(StringBuilder.java:137)
06-25 14:28:24.937 1058 1058 W System.err: at com.etna.haqu.model.net.interceptor.RequestSignAndEncryptInterceptor.intercept(RequestSignAndEncryptInterceptor.kt:45)
06-25 14:28:24.937 1058 1058 W System.err: at okhttp3.internal.http.RealInterceptorChain.proceed(RealInterceptorChain.kt:109)
06-25 14:28:24.937 1058 1058 W System.err: at com.etna.haqu.model.net.interceptor.CommonParamsInterceptor.intercept(CommonParamsInterceptor.kt:141)
06-25 14:28:24.937 1058 1058 W System.err: at okhttp3.internal.http.RealInterceptorChain.proceed(RealInterceptorChain.kt:109)
06-25 14:28:24.937 1058 1058 W System.err: at okhttp3.internal.connection.RealCall.getResponseWithInterceptorChain$okhttp(RealCall.kt:201)
06-25 14:28:24.937 1058 1058 W System.err: at okhttp3.internal.connection.RealCall.execute(RealCall.kt:154)
06-25 14:28:24.937 1058 1058 W System.err: at retrofit2.OkHttpCall.execute(OkHttpCall.java:204)
06-25 14:28:24.937 1058 1058 W System.err: at com.etna.haqu.support.network.call_adapter.flow.sync.BodyFlowCallAdapterKt$bodyFlow$1.invokeSuspend(BodyFlowCallAdapter.kt:26)
06-25 14:28:24.938 1058 1058 W System.err: at com.etna.haqu.support.network.call_adapter.flow.sync.BodyFlowCallAdapterKt$bodyFlow$1.invoke(Unknown Source:8)
06-25 14:28:24.938 1058 1058 W System.err: at com.etna.haqu.support.network.call_adapter.flow.sync.BodyFlowCallAdapterKt$bodyFlow$1.invoke(Unknown Source:4)
06-25 14:28:24.938 1058 1058 W System.err: at kotlinx.coroutines.flow.SafeFlow.collectSafely(Builders.kt:61)
06-25 14:28:24.938 1058 1058 W System.err: at kotlinx.coroutines.flow.AbstractFlow.collect(Flow.kt:230)
06-25 14:28:24.938 1058 1058 W System.err: at kotlinx.coroutines.flow.FlowKt__LimitKt$take$$inlined$unsafeFlow$1.collect(SafeCollector.common.kt:115)
06-25 14:28:24.938 1058 1058 W System.err: at kotlinx.coroutines.flow.internal.ChannelFlowOperatorImpl.flowCollect(ChannelFlow.kt:195)
06-25 14:28:24.938 1058 1058 W System.err: at kotlinx.coroutines.flow.internal.ChannelFlowOperator.collectTo$suspendImpl(ChannelFlow.kt:157)
06-25 14:28:24.938 1058 1058 W System.err: at kotlinx.coroutines.flow.internal.ChannelFlowOperator.collectTo(Unknown Source:0)
06-25 14:28:24.938 1058 1058 W System.err: at kotlinx.coroutines.flow.internal.ChannelFlow$collectToFun$1.invokeSuspend(ChannelFlow.kt:60)
06-25 14:28:24.938 1058 1058 W System.err: at kotlin.coroutines.jvm.internal.BaseContinuationImpl.resumeWith(ContinuationImpl.kt:33)
06-25 14:28:24.938 1058 1058 W System.err: at kotlinx.coroutines.DispatchedTask.run(DispatchedTask.kt:106)
06-25 14:28:24.938 1058 1058 W System.err: at kotlinx.coroutines.internal.LimitedDispatcher.run(LimitedDispatcher.kt:42)
06-25 14:28:24.938 1058 1058 W System.err: at kotlinx.coroutines.scheduling.TaskImpl.run(Tasks.kt:95)
06-25 14:28:24.938 1058 1058 W System.err: at kotlinx.coroutines.scheduling.CoroutineScheduler.runSafely(CoroutineScheduler.kt:570)
06-25 14:28:24.938 1058 1058 W System.err: at kotlinx.coroutines.scheduling.CoroutineScheduler$Worker.executeTask(CoroutineScheduler.kt:749)
06-25 14:28:24.938 1058 1058 W System.err: at kotlinx.coroutines.scheduling.CoroutineScheduler$Worker.runWorker(CoroutineScheduler.kt:677)
06-25 14:28:24.938 1058 1058 W System.err: at kotlinx.coroutines.scheduling.CoroutineScheduler$Worker.run(CoroutineScheduler.kt:664)
06-25 14:28:24.938 1058 1231 W System.err: java.lang.StringIndexOutOfBoundsException
06-25 14:28:24.939 1058 2045 E ccc : cccccc requestAppPush exception is null
06-25 14:28:24.939 1058 1231 W System.err: at java.lang.AbstractStringBuilder.delete(AbstractStringBuilder.java:760)
06-25 14:28:24.939 1058 1231 W System.err: at java.lang.StringBuilder.delete(StringBuilder.java:245)
06-25 14:28:24.939 1058 1231 W System.err: at com.etna.haqu.model.net.interceptor.RequestSignAndEncryptInterceptor.intercept(RequestSignAndEncryptInterceptor.kt:44)
06-25 14:28:24.939 1058 1231 W System.err: at okhttp3.internal.http.RealInterceptorChain.proceed(RealInterceptorChain.kt:109)
06-25 14:28:24.939 1058 1231 W System.err: at com.etna.haqu.model.net.interceptor.CommonParamsInterceptor.intercept(CommonParamsInterceptor.kt:141)
06-25 14:28:24.939 1058 1231 W System.err: at okhttp3.internal.http.RealInterceptorChain.proceed(RealInterceptorChain.kt:109)
06-25 14:28:24.939 1058 1231 W System.err: at okhttp3.internal.connection.RealCall.getResponseWithInterceptorChain$okhttp(RealCall.kt:201)
06-25 14:28:24.939 1058 1231 W System.err: at okhttp3.internal.connection.RealCall.execute(RealCall.kt:154)
06-25 14:28:24.939 1058 1231 W System.err: at retrofit2.OkHttpCall.execute(OkHttpCall.java:204)
06-25 14:28:24.939 1058 1231 W System.err: at com.etna.haqu.support.network.call_adapter.flow.sync.BodyFlowCallAdapterKt$bodyFlow$1.invokeSuspend(BodyFlowCallAdapter.kt:26)
06-25 14:28:24.939 1058 1231 W System.err: at com.etna.haqu.support.network.call_adapter.flow.sync.BodyFlowCallAdapterKt$bodyFlow$1.invoke(Unknown Source:8)
06-25 14:28:24.939 1058 1231 W System.err: at com.etna.haqu.support.network.call_adapter.flow.sync.BodyFlowCallAdapterKt$bodyFlow$1.invoke(Unknown Source:4)
06-25 14:28:24.939 1058 1231 W System.err: at kotlinx.coroutines.flow.SafeFlow.collectSafely(Builders.kt:61)
06-25 14:28:24.939 1058 1231 W System.err: at kotlinx.coroutines.flow.AbstractFlow.collect(Flow.kt:230)
06-25 14:28:24.939 1058 1231 W System.err: at kotlinx.coroutines.flow.FlowKt__LimitKt$take$$inlined$unsafeFlow$1.collect(SafeCollector.common.kt:115)
06-25 14:28:24.939 1058 1231 W System.err: at kotlinx.coroutines.flow.FlowKt__ErrorsKt.catchImpl(Errors.kt:156)
06-25 14:28:24.939 1058 1231 W System.err: at kotlinx.coroutines.flow.FlowKt.catchImpl(Unknown Source:1)
06-25 14:28:24.939 1058 1231 W System.err: at kotlinx.coroutines.flow.FlowKt__ErrorsKt$catch$$inlined$unsafeFlow$1.collect(SafeCollector.common.kt:113)
06-25 14:28:24.939 1058 1231 W System.err: at com.etna.haqu.support.ext.FlowExtKt.safeCollect(FlowExt.kt:50)
06-25 14:28:24.939 1058 1231 W System.err: at com.dangbei.andes.business.HttpUtil$logIp$1.invokeSuspend(HttpUtil.kt:15)
06-25 14:28:24.939 1058 1231 W System.err: at kotlin.coroutines.jvm.internal.BaseContinuationImpl.resumeWith(ContinuationImpl.kt:33)
06-25 14:28:24.939 1058 1231 W System.err: at kotlinx.coroutines.DispatchedTask.run(DispatchedTask.kt:106)
06-25 14:28:24.939 1058 1231 W System.err: at kotlinx.coroutines.internal.LimitedDispatcher.run(LimitedDispatcher.kt:42)
06-25 14:28:24.939 1058 1231 W System.err: at kotlinx.coroutines.scheduling.TaskImpl.run(Tasks.kt:95)
06-25 14:28:24.939 1058 1231 W System.err: at kotlinx.coroutines.scheduling.CoroutineScheduler.runSafely(CoroutineScheduler.kt:570)
06-25 14:28:24.939 1058 1231 W System.err: at kotlinx.coroutines.scheduling.CoroutineScheduler$Worker.executeTask(CoroutineScheduler.kt:749)
06-25 14:28:24.939 1058 1231 W System.err: at kotlinx.coroutines.scheduling.CoroutineScheduler$Worker.runWorker(CoroutineScheduler.kt:677)
06-25 14:28:24.940 1058 1231 W System.err: at kotlinx.coroutines.scheduling.CoroutineScheduler$Worker.run(CoroutineScheduler.kt:664)
06-25 14:28:24.940 1058 1231 E HttpUtil: error:java.lang.StringIndexOutOfBoundsException
06-25 14:28:24.940 1058 1230 W System.err: java.lang.StringIndexOutOfBoundsException
06-25 14:28:24.941 1058 1230 W System.err: at java.lang.AbstractStringBuilder.delete(AbstractStringBuilder.java:760)
06-25 14:28:24.941 1058 1230 W System.err: at java.lang.StringBuilder.delete(StringBuilder.java:245)
06-25 14:28:24.941 1058 1230 W System.err: at com.etna.haqu.model.net.interceptor.RequestSignAndEncryptInterceptor.intercept(RequestSignAndEncryptInterceptor.kt:44)
06-25 14:28:24.941 1058 1230 W System.err: at okhttp3.internal.http.RealInterceptorChain.proceed(RealInterceptorChain.kt:109)
06-25 14:28:24.941 1058 1230 W System.err: at com.etna.haqu.model.net.interceptor.CommonParamsInterceptor.intercept(CommonParamsInterceptor.kt:141)
06-25 14:28:24.941 1058 1230 W System.err: at okhttp3.internal.http.RealInterceptorChain.proceed(RealInterceptorChain.kt:109)
06-25 14:28:24.941 1058 1230 W System.err: at okhttp3.internal.connection.RealCall.getResponseWithInterceptorChain$okhttp(RealCall.kt:201)
06-25 14:28:24.941 1058 1230 W System.err: at okhttp3.internal.connection.RealCall.execute(RealCall.kt:154)
06-25 14:28:24.941 1058 1230 W System.err: at retrofit2.OkHttpCall.execute(OkHttpCall.java:204)
06-25 14:28:24.941 1058 1230 W System.err: at com.etna.haqu.support.network.call_adapter.flow.sync.BodyFlowCallAdapterKt$bodyFlow$1.invokeSuspend(BodyFlowCallAdapter.kt:26)
06-25 14:28:24.941 1058 1230 W System.err: at com.etna.haqu.support.network.call_adapter.flow.sync.BodyFlowCallAdapterKt$bodyFlow$1.invoke(Unknown Source:8)
06-25 14:28:24.941 1058 1230 W System.err: at com.etna.haqu.support.network.call_adapter.flow.sync.BodyFlowCallAdapterKt$bodyFlow$1.invoke(Unknown Source:4)
06-25 14:28:24.941 1058 1230 W System.err: at kotlinx.coroutines.flow.SafeFlow.collectSafely(Builders.kt:61)
06-25 14:28:24.941 1058 1230 W System.err: at kotlinx.coroutines.flow.AbstractFlow.collect(Flow.kt:230)
06-25 14:28:24.941 1058 1230 W System.err: at kotlinx.coroutines.flow.FlowKt__LimitKt$take$$inlined$unsafeFlow$1.collect(SafeCollector.common.kt:115)
06-25 14:28:24.941 1058 1230 W System.err: at com.dangbei.etna.update.app.AppUpdateHelper$requestAppPush$$inlined$map$1.collect(SafeCollector.common.kt:113)
06-25 14:28:24.941 1058 1230 W System.err: at kotlinx.coroutines.flow.FlowKt__ErrorsKt.catchImpl(Errors.kt:156)
06-25 14:28:24.941 1058 1230 W System.err: at kotlinx.coroutines.flow.FlowKt.catchImpl(Unknown Source:1)
06-25 14:28:24.941 1058 1230 W System.err: at kotlinx.coroutines.flow.FlowKt__ErrorsKt$catch$$inlined$unsafeFlow$1.collect(SafeCollector.common.kt:113)
06-25 14:28:24.941 1058 1230 W System.err: at com.etna.haqu.support.ext.FlowExtKt.safeCollect(FlowExt.kt:50)
06-25 14:28:24.941 1058 1230 W System.err: at com.dangbei.etna.update.app.AppUpdateHelper.requestAppPush(AppUpdateHelper.kt:129)
06-25 14:28:24.941 1058 1230 W System.err: at com.dangbei.etna.update.app.AppUpdateHelper.access$requestAppPush(AppUpdateHelper.kt:31)
06-25 14:28:24.941 1058 1230 W System.err: at com.dangbei.etna.update.app.AppUpdateHelper$requestAppPushInner$1$1.invokeSuspend(AppUpdateHelper.kt:167)
06-25 14:28:24.941 1058 1230 W System.err: at com.dangbei.etna.update.app.AppUpdateHelper$requestAppPushInner$1$1.invoke(Unknown Source:8)
06-25 14:28:24.941 1058 1230 W System.err: at com.dangbei.etna.update.app.AppUpdateHelper$requestAppPushInner$1$1.invoke(Unknown Source:4)
06-25 14:28:24.942 1058 1230 W System.err: at kotlinx.coroutines.flow.SafeFlow.collectSafely(Builders.kt:61)
06-25 14:28:24.942 1058 1230 W System.err: at kotlinx.coroutines.flow.AbstractFlow.collect(Flow.kt:230)
06-25 14:28:24.942 1058 1230 W System.err: at kotlinx.coroutines.flow.internal.ChannelFlowOperatorImpl.flowCollect(ChannelFlow.kt:195)
06-25 14:28:24.942 1058 1230 W System.err: at kotlinx.coroutines.flow.internal.ChannelFlowOperator.collectTo$suspendImpl(ChannelFlow.kt:157)
06-25 14:28:24.942 1058 1230 W System.err: at kotlinx.coroutines.flow.internal.ChannelFlowOperator.collectTo(Unknown Source:0)
06-25 14:28:24.942 1058 1230 W System.err: at kotlinx.coroutines.flow.internal.ChannelFlow$collectToFun$1.invokeSuspend(ChannelFlow.kt:60)
06-25 14:28:24.942 1058 1230 W System.err: at kotlin.coroutines.jvm.internal.BaseContinuationImpl.resumeWith(ContinuationImpl.kt:33)
06-25 14:28:24.942 1058 1230 W System.err: at kotlinx.coroutines.DispatchedTask.run(DispatchedTask.kt:106)
06-25 14:28:24.942 1058 1230 W System.err: at kotlinx.coroutines.internal.LimitedDispatcher.run(LimitedDispatcher.kt:42)
06-25 14:28:24.942 1058 1230 W System.err: at kotlinx.coroutines.scheduling.TaskImpl.run(Tasks.kt:95)
06-25 14:28:24.942 1058 1230 W System.err: at kotlinx.coroutines.scheduling.CoroutineScheduler.runSafely(CoroutineScheduler.kt:570)
06-25 14:28:24.942 1058 1230 W System.err: at kotlinx.coroutines.scheduling.CoroutineScheduler$Worker.executeTask(CoroutineScheduler.kt:749)
06-25 14:28:24.942 1058 1230 W System.err: at kotlinx.coroutines.scheduling.CoroutineScheduler$Worker.runWorker(CoroutineScheduler.kt:677)
06-25 14:28:24.942 1058 1230 W System.err: at kotlinx.coroutines.scheduling.CoroutineScheduler$Worker.run(CoroutineScheduler.kt:664)
06-25 14:28:24.942 1058 1230 E ccc : cccccc requestAppPush exception is null
06-25 14:28:24.943 1058 1058 E ccc : cccccc com.dangbei.haqusetting not connect
06-25 14:28:24.943 1058 1058 E ccc : cccccc updateHelper 通知更新
06-25 14:28:24.944 1058 1058 W System.err: java.lang.ArrayIndexOutOfBoundsException: dstBegin < 0. dstBegin=-16
06-25 14:28:24.944 1058 1058 W System.err: at java.lang.String.getChars(String.java:797)
06-25 14:28:24.944 1058 1058 W System.err: at java.lang.AbstractStringBuilder.append(AbstractStringBuilder.java:449)
06-25 14:28:24.944 1058 1058 W System.err: at java.lang.StringBuilder.append(StringBuilder.java:137)
06-25 14:28:24.944 1058 1058 W System.err: at com.etna.haqu.model.net.interceptor.RequestSignAndEncryptInterceptor.intercept(RequestSignAndEncryptInterceptor.kt:45)
06-25 14:28:24.944 1058 1058 W System.err: at okhttp3.internal.http.RealInterceptorChain.proceed(RealInterceptorChain.kt:109)
06-25 14:28:24.944 1058 1058 W System.err: at com.etna.haqu.model.net.interceptor.CommonParamsInterceptor.intercept(CommonParamsInterceptor.kt:141)
06-25 14:28:24.944 1058 1058 W System.err: at okhttp3.internal.http.RealInterceptorChain.proceed(RealInterceptorChain.kt:109)
06-25 14:28:24.944 1058 1058 W System.err: at okhttp3.internal.connection.RealCall.getResponseWithInterceptorChain$okhttp(RealCall.kt:201)
06-25 14:28:24.944 1058 1058 W System.err: at okhttp3.internal.connection.RealCall.execute(RealCall.kt:154)
06-25 14:28:24.944 1058 1058 W System.err: at retrofit2.OkHttpCall.execute(OkHttpCall.java:204)
06-25 14:28:24.944 1058 1058 W System.err: at com.etna.haqu.support.network.call_adapter.flow.sync.BodyFlowCallAdapterKt$bodyFlow$1.invokeSuspend(BodyFlowCallAdapter.kt:26)
06-25 14:28:24.944 1058 1058 W System.err: at com.etna.haqu.support.network.call_adapter.flow.sync.BodyFlowCallAdapterKt$bodyFlow$1.invoke(Unknown Source:8)
06-25 14:28:24.944 1058 1058 W System.err: at com.etna.haqu.support.network.call_adapter.flow.sync.BodyFlowCallAdapterKt$bodyFlow$1.invoke(Unknown Source:4)
06-25 14:28:24.944 1058 1058 W System.err: at kotlinx.coroutines.flow.SafeFlow.collectSafely(Builders.kt:61)
06-25 14:28:24.944 1058 1058 W System.err: at kotlinx.coroutines.flow.AbstractFlow.collect(Flow.kt:230)
06-25 14:28:24.945 1058 1058 W System.err: at kotlinx.coroutines.flow.FlowKt__LimitKt$take$$inlined$unsafeFlow$1.collect(SafeCollector.common.kt:115)
06-25 14:28:24.945 1058 1058 W System.err: at kotlinx.coroutines.flow.internal.ChannelFlowOperatorImpl.flowCollect(ChannelFlow.kt:195)
06-25 14:28:24.945 1058 1058 W System.err: at kotlinx.coroutines.flow.internal.ChannelFlowOperator.collectTo$suspendImpl(ChannelFlow.kt:157)
06-25 14:28:24.945 1058 1058 W System.err: at kotlinx.coroutines.flow.internal.ChannelFlowOperator.collectTo(Unknown Source:0)
06-25 14:28:24.945 1058 1058 W System.err: at kotlinx.coroutines.flow.internal.ChannelFlow$collectToFun$1.invokeSuspend(ChannelFlow.kt:60)
06-25 14:28:24.945 1058 1058 W System.err: at kotlin.coroutines.jvm.internal.BaseContinuationImpl.resumeWith(ContinuationImpl.kt:33)
06-25 14:28:24.945 1058 1058 W System.err: at kotlinx.coroutines.DispatchedTask.run(DispatchedTask.kt:106)
06-25 14:28:24.945 1058 1058 W System.err: at kotlinx.coroutines.internal.LimitedDispatcher.run(LimitedDispatcher.kt:42)
06-25 14:28:24.945 1058 1058 W System.err: at kotlinx.coroutines.scheduling.TaskImpl.run(Tasks.kt:95)
06-25 14:28:24.945 1058 1058 W System.err: at kotlinx.coroutines.scheduling.CoroutineScheduler.runSafely(CoroutineScheduler.kt:570)
06-25 14:28:24.945 1058 1058 W System.err: at kotlinx.coroutines.scheduling.CoroutineScheduler$Worker.executeTask(CoroutineScheduler.kt:749)
06-25 14:28:24.945 1058 1058 W System.err: at kotlinx.coroutines.scheduling.CoroutineScheduler$Worker.runWorker(CoroutineScheduler.kt:677)
06-25 14:28:24.945 1058 1058 W System.err: at kotlinx.coroutines.scheduling.CoroutineScheduler$Worker.run(CoroutineScheduler.kt:664)
06-25 14:28:24.950 1116 1558 D etnaManager: 不需要更新桌面
06-25 14:28:24.954 386 398 I adbd : jdwp connection from 2094
06-25 14:28:24.966 1058 1058 E ccc : cccccc com.dangbei.haqusetting not connect
06-25 14:28:24.966 1058 1058 E ccc : cccccc updateHelper 通知更新
06-25 14:28:24.966 1058 1058 E ccc : cccccc requestOtaInfo exception dstBegin < 0. dstBegin=-16
06-25 14:28:24.966 1058 1058 W System.err: java.lang.StringIndexOutOfBoundsException
06-25 14:28:24.967 1058 1058 W System.err: at java.lang.AbstractStringBuilder.delete(AbstractStringBuilder.java:760)
06-25 14:28:24.967 1058 1058 W System.err: at java.lang.StringBuilder.delete(StringBuilder.java:245)
06-25 14:28:24.976 1273 1273 W HprofDump: _ZN3art3Dbg9SuspendVMEv unsupported!
06-25 14:28:24.977 1273 1273 W HprofDump: _ZN3art3Dbg8ResumeVMEv unsupported!
06-25 14:28:24.989 1058 1058 W System.err: at com.etna.haqu.model.net.interceptor.RequestSignAndEncryptInterceptor.intercept(RequestSignAndEncryptInterceptor.kt:44)
06-25 14:28:24.990 1058 1058 W System.err: at okhttp3.internal.http.RealInterceptorChain.proceed(RealInterceptorChain.kt:109)
06-25 14:28:24.990 1058 1058 W System.err: at com.etna.haqu.model.net.interceptor.CommonParamsInterceptor.intercept(CommonParamsInterceptor.kt:141)
06-25 14:28:24.990 1058 1058 W System.err: at okhttp3.internal.http.RealInterceptorChain.proceed(RealInterceptorChain.kt:109)
06-25 14:28:24.990 1058 1058 W System.err: at okhttp3.internal.connection.RealCall.getResponseWithInterceptorChain$okhttp(RealCall.kt:201)
06-25 14:28:24.990 1058 1058 W System.err: at okhttp3.internal.connection.RealCall.execute(RealCall.kt:154)
06-25 14:28:24.990 1058 1058 W System.err: at retrofit2.OkHttpCall.execute(OkHttpCall.java:204)
06-25 14:28:24.990 1058 1058 W System.err: at com.etna.haqu.support.network.call_adapter.flow.sync.BodyFlowCallAdapterKt$bodyFlow$1.invokeSuspend(BodyFlowCallAdapter.kt:26)
06-25 14:28:24.990 1058 1058 W System.err: at com.etna.haqu.support.network.call_adapter.flow.sync.BodyFlowCallAdapterKt$bodyFlow$1.invoke(Unknown Source:8)
06-25 14:28:24.990 1058 1058 W System.err: at com.etna.haqu.support.network.call_adapter.flow.sync.BodyFlowCallAdapterKt$bodyFlow$1.invoke(Unknown Source:4)
06-25 14:28:24.990 1058 1058 W System.err: at kotlinx.coroutines.flow.SafeFlow.collectSafely(Builders.kt:61)
06-25 14:28:24.990 1058 1058 W System.err: at kotlinx.coroutines.flow.AbstractFlow.collect(Flow.kt:230)
06-25 14:28:24.990 1058 1058 W System.err: at kotlinx.coroutines.flow.FlowKt__LimitKt$take$$inlined$unsafeFlow$1.collect(SafeCollector.common.kt:115)
06-25 14:28:24.990 1058 1058 W System.err: at kotlinx.coroutines.flow.internal.ChannelFlowOperatorImpl.flowCollect(ChannelFlow.kt:195)
06-25 14:28:24.990 1058 1058 W System.err: at kotlinx.coroutines.flow.internal.ChannelFlowOperator.collectTo$suspendImpl(ChannelFlow.kt:157)
06-25 14:28:24.990 1058 1058 W System.err: at kotlinx.coroutines.flow.internal.ChannelFlowOperator.collectTo(Unknown Source:0)
06-25 14:28:24.990 1058 1058 W System.err: at kotlinx.coroutines.flow.internal.ChannelFlow$collectToFun$1.invokeSuspend(ChannelFlow.kt:60)
06-25 14:28:24.990 1058 1058 W System.err: at kotlin.coroutines.jvm.internal.BaseContinuationImpl.resumeWith(ContinuationImpl.kt:33)
06-25 14:28:24.990 1058 1058 W System.err: at kotlinx.coroutines.DispatchedTask.run(DispatchedTask.kt:106)
06-25 14:28:24.990 1058 1058 W System.err: at kotlinx.coroutines.internal.LimitedDispatcher.run(LimitedDispatcher.kt:42)
06-25 14:28:24.990 1058 1058 W System.err: at kotlinx.coroutines.scheduling.TaskImpl.run(Tasks.kt:95)
06-25 14:28:24.990 1058 1058 W System.err: at kotlinx.coroutines.scheduling.CoroutineScheduler.runSafely(CoroutineScheduler.kt:570)
06-25 14:28:24.990 1058 1058 W System.err: at kotlinx.coroutines.scheduling.CoroutineScheduler$Worker.executeTask(CoroutineScheduler.kt:749)
06-25 14:28:24.990 1058 1058 W System.err: at kotlinx.coroutines.scheduling.CoroutineScheduler$Worker.runWorker(CoroutineScheduler.kt:677)
06-25 14:28:24.990 1058 1058 W System.err: at kotlinx.coroutines.scheduling.CoroutineScheduler$Worker.run(CoroutineScheduler.kt:664)
06-25 14:28:24.999 1058 1058 E ccc : cccccc com.dangbei.haqusetting not connect
06-25 14:28:24.999 1058 1058 E ccc : cccccc updateHelper 通知更新
06-25 14:28:25.001 1058 1058 W System.err: java.lang.ArrayIndexOutOfBoundsException: dstBegin < 0. dstBegin=-16
06-25 14:28:25.011 1058 1058 W System.err: at java.lang.String.getChars(String.java:797)
06-25 14:28:25.011 1058 1058 W System.err: at java.lang.AbstractStringBuilder.append(AbstractStringBuilder.java:449)
06-25 14:28:25.011 1058 1058 W System.err: at java.lang.StringBuilder.append(StringBuilder.java:137)
06-25 14:28:25.012 1058 1058 W System.err: at com.etna.haqu.model.net.interceptor.RequestSignAndEncryptInterceptor.intercept(RequestSignAndEncryptInterceptor.kt:82)
06-25 14:28:25.012 1058 1058 W System.err: at okhttp3.internal.http.RealInterceptorChain.proceed(RealInterceptorChain.kt:109)
06-25 14:28:25.012 1058 1058 W System.err: at com.etna.haqu.model.net.interceptor.CommonParamsInterceptor.intercept(CommonParamsInterceptor.kt:141)
06-25 14:28:25.012 1058 1058 W System.err: at okhttp3.internal.http.RealInterceptorChain.proceed(RealInterceptorChain.kt:109)
06-25 14:28:25.012 1058 1058 W System.err: at okhttp3.internal.connection.RealCall.getResponseWithInterceptorChain$okhttp(RealCall.kt:201)
06-25 14:28:25.012 1058 1058 W System.err: at okhttp3.internal.connection.RealCall.execute(RealCall.kt:154)
06-25 14:28:25.012 1058 1058 W System.err: at retrofit2.OkHttpCall.execute(OkHttpCall.java:204)
06-25 14:28:25.012 1058 1058 W System.err: at com.etna.haqu.support.network.call_adapter.flow.sync.BodyFlowCallAdapterKt$bodyFlow$1.invokeSuspend(BodyFlowCallAdapter.kt:26)
06-25 14:28:25.012 1058 1058 W System.err: at com.etna.haqu.support.network.call_adapter.flow.sync.BodyFlowCallAdapterKt$bodyFlow$1.invoke(Unknown Source:8)
06-25 14:28:25.012 1058 1058 W System.err: at com.etna.haqu.support.network.call_adapter.flow.sync.BodyFlowCallAdapterKt$bodyFlow$1.invoke(Unknown Source:4)
06-25 14:28:25.012 1058 1058 W System.err: at kotlinx.coroutines.flow.SafeFlow.collectSafely(Builders.kt:61)
06-25 14:28:25.012 1058 1058 W System.err: at kotlinx.coroutines.flow.AbstractFlow.collect(Flow.kt:230)
06-25 14:28:25.012 1058 1058 W System.err: at kotlinx.coroutines.flow.FlowKt__LimitKt$take$$inlined$unsafeFlow$1.collect(SafeCollector.common.kt:115)
06-25 14:28:25.012 1058 1058 W System.err: at kotlinx.coroutines.flow.internal.ChannelFlowOperatorImpl.flowCollect(ChannelFlow.kt:195)
06-25 14:28:25.012 1058 1058 W System.err: at kotlinx.coroutines.flow.internal.ChannelFlowOperator.collectTo$suspendImpl(ChannelFlow.kt:157)
06-25 14:28:25.013 1058 1058 W System.err: at kotlinx.coroutines.flow.internal.ChannelFlowOperator.collectTo(Unknown Source:0)
06-25 14:28:25.013 1058 1058 W System.err: at kotlinx.coroutines.flow.internal.ChannelFlow$collectToFun$1.invokeSuspend(ChannelFlow.kt:60)
06-25 14:28:25.013 1058 1058 W System.err: at kotlin.coroutines.jvm.internal.BaseContinuationImpl.resumeWith(ContinuationImpl.kt:33)
06-25 14:28:25.013 1058 1058 W System.err: at kotlinx.coroutines.DispatchedTask.run(DispatchedTask.kt:106)
06-25 14:28:25.013 1058 1058 W System.err: at kotlinx.coroutines.internal.LimitedDispatcher.run(LimitedDispatcher.kt:42)
06-25 14:28:25.013 1058 1058 W System.err: at kotlinx.coroutines.scheduling.TaskImpl.run(Tasks.kt:95)
06-25 14:28:25.013 1058 1058 W System.err: at kotlinx.coroutines.scheduling.CoroutineScheduler.runSafely(CoroutineScheduler.kt:570)
06-25 14:28:25.013 1058 1058 W System.err: at kotlinx.coroutines.scheduling.CoroutineScheduler$Worker.executeTask(CoroutineScheduler.kt:749)
06-25 14:28:25.013 1058 1058 W System.err: at kotlinx.coroutines.scheduling.CoroutineScheduler$Worker.runWorker(CoroutineScheduler.kt:677)
06-25 14:28:25.013 1058 1058 W System.err: at kotlinx.coroutines.scheduling.CoroutineScheduler$Worker.run(CoroutineScheduler.kt:664)
06-25 14:28:25.027 1058 1058 E ccc : cccccc com.dangbei.haqusetting not connect
06-25 14:28:25.027 1058 1058 E ccc : cccccc updateHelper 通知更新
06-25 14:28:25.027 1058 1058 E ccc : cccccc requestOtaInfo exception dstBegin < 0. dstBegin=-16
06-25 14:28:25.031 479 807 D CompatibilityChangeReporter: Compat change id reported: 168419799; UID 10017; state: DISABLED
06-25 14:28:25.036 1116 1217 E hq : WeatherRefresh:::请求网络地址后,更新的地理位置为:101280601
06-25 14:28:25.039 1116 1392 E hq : WeatherRefresh:::请求网络地址后,更新的地理位置为:101280601
06-25 14:28:25.041 479 807 W ActivityManager: Slow operation: 59ms so far, now at attachApplicationLocked: immediately before bindApplication
06-25 14:28:25.057 479 807 W ActivityManager: Slow operation: 74ms so far, now at attachApplicationLocked: immediately after bindApplication
06-25 14:28:25.057 479 807 W ActivityManager: Slow operation: 75ms so far, now at attachApplicationLocked: after updateLruProcessLocked
06-25 14:28:25.059 479 807 W ActivityManager: Slow operation: 76ms so far, now at attachApplicationLocked: after mServices.attachApplicationLocked
06-25 14:28:25.070 479 807 W ActivityManager: Slow operation: 87ms so far, now at attachApplicationLocked: after sendPendingBroadcastsLocked
06-25 14:28:25.072 1116 1217 D AppListModel: requestAppFilterList: success
06-25 14:28:25.072 1116 1217 D AppListModel: updateList
06-25 14:28:25.073 1116 1217 D AppListModel: updateList: resetAppList
06-25 14:28:25.074 2094 2094 D CompatibilityChangeReporter: Compat change id reported: 171979766; UID 10017; state: ENABLED
06-25 14:28:25.095 1273 1273 W HprofDump: _ZN3art5hprof5HprofC2EPKcib unsupported!
06-25 14:28:25.099 1273 1273 I kwai_dlfcn: _ZN3art5hprof5HprofD0Ev found at 0xe861fec9
06-25 14:28:25.120 479 1394 D WifiMemoryStoreImpl: Set cluster G78c452f8e69b0d71 for W872240a71ef53d6f: SUCCESS
06-25 14:28:25.125 1273 1273 W HprofDump: _ZN3art5hprof5Hprof4DumpEv unsupported!
06-25 14:28:25.153 1116 1554 D AppManager: checkLocalAppsIsValid: size
06-25 14:28:25.155 1058 2005 E HigherBroadcastServer: {"bluetoothBoot":false,"bluetoothController":false,"bluetoothMac":"B4:2F:03:15:73:2F","deviceModel":"DBBOX-A2","deviceModelNumber":"H5232","deviceName":"客厅的当贝盒子","findController":1,"hostName":"192.168.3.161","inetAddress":"192.168.3.161","mac":"20:02:FE:19:C2:0E","port":6689,"romCode":5013,"romVersion":"5.0.1.3","wifiMac":"B4:2F:03:15:E8:B9","deviceId":"21c64902019dc1b5a2d56996a3df215c","sn":"DZOH58251975972"}
06-25 14:28:25.155 2094 2094 V GraphicsEnvironment: ANGLE Developer option for 'com.android.providers.tv' set to: 'default'
06-25 14:28:25.155 1058 2005 W NsdServiceInfo: Key lengths > 9 are discouraged: deviceModel
06-25 14:28:25.156 2094 2094 V GraphicsEnvironment: Neither updatable production driver nor prerelease driver is supported.
06-25 14:28:25.156 1058 2005 W NsdServiceInfo: Key lengths > 9 are discouraged: deviceModelNumber
06-25 14:28:25.156 1058 2005 W NsdServiceInfo: Key lengths > 9 are discouraged: deviceName
06-25 14:28:25.156 1058 2005 W NsdServiceInfo: Key lengths > 9 are discouraged: romVersion
06-25 14:28:25.156 1058 2005 W NsdServiceInfo: Key lengths > 9 are discouraged: findController
06-25 14:28:25.163 1116 1554 D AppManager: AppManager resetData:
06-25 14:28:25.165 2094 2094 D NetworkSecurityConfig: No Network Security Config specified, using platform default
06-25 14:28:25.166 2094 2094 D NetworkSecurityConfig: No Network Security Config specified, using platform default
06-25 14:28:25.171 479 1394 D WifiMemoryStoreImpl: Set cluster G78c452f8e69b0d71 for We40ae8fcab17e415: SUCCESS
06-25 14:28:25.171 2094 2094 D CompatibilityChangeReporter: Compat change id reported: 160794467; UID 10017; state: ENABLED
01-01 08:00:29.196 1835 1835 W audit : audit_lost=280 audit_rate_limit=5 audit_backlog_limit=64
01-01 08:00:29.196 1835 1835 E audit : rate limit exceeded
06-25 14:28:25.200 479 807 D WifiMemoryStoreImpl: Set cluster G78c452f8e69b0d71 for Wd04095a382614ebd: SUCCESS
06-25 14:28:25.225 479 806 D WifiMemoryStoreImpl: Set cluster G78c452f8e69b0d71 for W67d1bf0ffa760e07: SUCCESS
06-25 14:28:25.226 479 621 D NsdService: Register service
06-25 14:28:25.227 479 621 D NsdService: registerService: 2 name: 192.168.3.161, type: _db_controller._tcp, host: /192.168.3.161, port: 6689, txtRecord: deviceModel=DBBOX-A2romVersion=5.0.1.3findController=1sn=DZOH58251975972mac=20:02:FE:19:C2:0E deviceName=客厅的当贝盒子)deviceId=21c64902019dc1b5a2d56996a3df215cdeviceModelNumber=H5232 romCode=5013
06-25 14:28:25.227 479 621 D NsdService: mdnssd [register, 2, 192.168.3.161, _db_controller._tcp, 6689, FGRldmljZU1vZGVsPURCQk9YLUEyEnJvbVZlcnNpb249NS4wLjEuMxBmaW5kQ29udHJvbGxlcj0xEnNuPURaT0g1ODI1MTk3NTk3MhVtYWM9MjA6MDI6RkU6MTk6QzI6MEUgZGV2aWNlTmFtZT3lrqLljoXnmoTlvZPotJ3nm5LlrZApZGV2aWNlSWQ9MjFjNjQ5MDIwMTlkYzFiNWEyZDU2OTk2YTNkZjIxNWMXZGV2aWNlTW9kZWxOdW1iZXI9SDUyMzIMcm9tQ29kZT01MDEz]
06-25 14:28:25.233 479 621 D NsdService: Register 2 2
06-25 14:28:25.234 1116 1387 E hq : 当小贝:::message list add complete data.messageList:[]
06-25 14:28:25.234 1116 1387 E hq : data.tabList=[]
06-25 14:28:25.234 1116 1387 I hq : 当小贝:::showMessage from=requestGetMessageRemind
06-25 14:28:25.234 1116 1387 I hq : 当小贝:::showMessage 没有消息需要显示
06-25 14:28:25.247 1273 1273 I koom : max mem 512
06-25 14:28:25.255 1273 1835 E BLOG : [thread_background] biliid.bluetooth
06-25 14:28:25.262 1273 1835 I bilid.native: Read file: /proc/cpuinfo.
06-25 14:28:25.270 479 1426 D WifiMemoryStoreImpl: Set cluster G78c452f8e69b0d71 for Wc5cfebc7be0d7267: SUCCESS
06-25 14:28:25.272 1273 1835 I bilid.native: Read file: /sys/devices/system/cpu/cpu0/cpufreq/cpuinfo_max_freq.
06-25 14:28:25.272 479 524 W IorapForwardingService: No service published for: iorapd
06-25 14:28:25.272 1273 1835 I bilid.native: Read file: /sys/devices/system/cpu/cpu0/cpufreq/cpuinfo_min_freq.
06-25 14:28:25.280 1273 1273 I ModResourceProvider: mod manager can be used for the attached process has been inited
06-25 14:28:25.297 1273 1597 W ModResourceManager: Mod manager init is waiting: 1 times
06-25 14:28:25.304 479 582 D WifiMemoryStoreImpl: Set cluster G78c452f8e69b0d71 for W5d45b6438dc5c8: SUCCESS
06-25 14:28:25.330 1050 1171 W MediaProvider: getVolumePath for unknown volume: internal
06-25 14:28:25.353 479 1426 D WifiMemoryStoreImpl: Set cluster G78c452f8e69b0d71 for Wfa4012728b2e2940: SUCCESS
06-25 14:28:25.367 479 582 D CompatibilityChangeReporter: Compat change id reported: 168419799; UID 10079; state: DISABLED
06-25 14:28:25.371 1116 1133 I d.leradlaunche: Background young concurrent copying GC freed 99611(5337KB) AllocSpace objects, 15(1588KB) LOS objects, 46% free, 7860KB/14MB, paused 294us total 343.647ms
06-25 14:28:25.387 1050 1171 W MediaProvider: getVolumePath for unknown volume: internal
06-25 14:28:25.398 479 806 D CompatibilityChangeReporter: Compat change id reported: 135634846; UID 10061; state: DISABLED
06-25 14:28:25.399 479 806 D CompatibilityChangeReporter: Compat change id reported: 177438394; UID 10061; state: DISABLED
06-25 14:28:25.399 479 806 D CompatibilityChangeReporter: Compat change id reported: 135772972; UID 10061; state: DISABLED
06-25 14:28:25.400 479 806 D CompatibilityChangeReporter: Compat change id reported: 135754954; UID 10061; state: ENABLED
06-25 14:28:25.401 479 537 D CompatibilityChangeReporter: Compat change id reported: 143937733; UID 10061; state: ENABLED
06-25 14:28:25.402 1273 2143 I WebViewFactory: Loading com.android.webview version 91.0.4472.114 (code 447211450)
06-25 14:28:25.426 249 249 D Zygote : Forked child process 2146
06-25 14:28:25.428 479 537 I ActivityManager: app.processName = com.android.remoteprovisioner
06-25 14:28:25.428 479 537 I ActivityManager: Start proc 2146:com.android.remoteprovisioner/u0a61 for broadcast {com.android.remoteprovisioner/com.android.remoteprovisioner.BootReceiver}
06-25 14:28:25.442 479 755 D WifiMemoryStoreImpl: Set cluster G78c452f8e69b0d71 for W165bf260729aaa77: SUCCESS
06-25 14:28:25.443 2146 2146 I Zygote : seccomp disabled by setenforce 0
06-25 14:28:25.466 386 398 I adbd : jdwp connection from 2146
06-25 14:28:25.490 479 809 D WifiMemoryStoreImpl: Set cluster G78c452f8e69b0d71 for W78c452f8e69b0d71: SUCCESS
06-25 14:28:25.494 367 367 D dom2reg : timezone change, new: Etc/GMT-8, pre:
06-25 14:28:25.494 479 611 D WifiNetworkFactory: got request NetworkRequest [ REQUEST id=32, [ Capabilities: INTERNET&NOT_RESTRICTED&TRUSTED&NOT_VCN_MANAGED Uid: 10079 RequestorUid: 10079 RequestorPkg: com.xiaodianshi.tv.yst] ]
06-25 14:28:25.495 367 367 W dom2reg : timezone [Etc/GMT-8] not in default tables, please check!
06-25 14:28:25.495 479 611 D UntrustedWifiNetworkFactory: got request NetworkRequest [ REQUEST id=32, [ Capabilities: INTERNET&NOT_RESTRICTED&TRUSTED&NOT_VCN_MANAGED Uid: 10079 RequestorUid: 10079 RequestorPkg: com.xiaodianshi.tv.yst] ]
06-25 14:28:25.495 479 611 D OemPaidWifiNetworkFactory: got request NetworkRequest [ REQUEST id=32, [ Capabilities: INTERNET&NOT_RESTRICTED&TRUSTED&NOT_VCN_MANAGED Uid: 10079 RequestorUid: 10079 RequestorPkg: com.xiaodianshi.tv.yst] ]
06-25 14:28:25.506 479 582 D CompatibilityChangeReporter: Compat change id reported: 168419799; UID 10061; state: DISABLED
06-25 14:28:25.531 1273 2143 D nativeloader: classloader namespace configured for unbundled product apk. library_path=/product/app/webview/lib/arm:/product/app/webview/webview.apk!/lib/armeabi-v7a:/product/lib:/system/product/lib
06-25 14:28:25.533 2146 2146 D CompatibilityChangeReporter: Compat change id reported: 171979766; UID 10061; state: ENABLED
06-25 14:28:25.541 479 611 D WifiClientModeImpl[wlan0]: Received signal strength thresholds: []
06-25 14:28:25.560 1273 1273 D CompatibilityChangeReporter: Compat change id reported: 160794467; UID 10079; state: DISABLED
06-25 14:28:25.574 666 666 V MediaPlayerList: onActiveSessionsChanged: number of controllers: 0
06-25 14:28:25.586 479 611 E WifiVendorHal: stopRssiMonitoring(l.2617) failed {.code = ERROR_NOT_AVAILABLE, .description = }
06-25 14:28:25.608 666 666 V MediaPlayerList: onActiveSessionsChanged: number of controllers: 1
06-25 14:28:25.614 666 666 D MediaPlayerList: onActiveSessionsChanged: controller: com.xiaodianshi.tv.yst
06-25 14:28:25.618 479 611 W LastMileLogger: Failed to stop event tracing: /sys/kernel/debug/tracing/instances/wifi/tracing_on: open failed: ENOENT (No such file or directory)
06-25 14:28:25.623 666 666 I MediaPlayerList: Adding wrapped media player: com.xiaodianshi.tv.yst at key: 1
06-25 14:28:25.634 479 809 W ServiceManager: Permission failure: android.permission.HIGH_SAMPLING_RATE_SENSORS from uid=10079 pid=1273
06-25 14:28:25.645 666 666 I AvrcpBrowsedPlayerWrapper: onConnected: com.xiaodianshi.tv.yst is connected
06-25 14:28:25.656 666 666 D AvrcpBrowsablePlayerConnector: Browse player callback called: package=com.xiaodianshi.tv.yst : status=0
06-25 14:28:25.656 666 666 D AvrcpBrowsablePlayerConnector: Received a message: msg.what=1
06-25 14:28:25.656 666 666 I AvrcpBrowsablePlayerConnector: Checking root contents for com.xiaodianshi.tv.yst
06-25 14:28:25.677 479 582 W ActivityManager: Background started FGS: Disallowed [callingPackage: com.xiaodianshi.tv.yst; callingUid: 10079; uidState: SVC ; intent: Intent { cmp=com.xiaodianshi.tv.yst/com.bilibili.opd.app.bizcommon.hybridruntime.mod.TickBackGroundService }; code:DENIED; tempAllowListReason:; targetSdkVersion:26; callerTargetSdkVersion:26; startForegroundCount:0; bindFromPackage:null]
06-25 14:28:25.682 479 536 I DropBoxManagerService: add tag=system_server_wtf isTagEnabled=true flags=0x2
06-25 14:28:25.683 479 582 D CompatibilityChangeReporter: Compat change id reported: 170668199; UID 10079; state: DISABLED
06-25 14:28:25.728 479 806 W ActivityManager: Foreground service started from background can not have location/camera/microphone access: service com.xiaodianshi.tv.yst/com.bilibili.opd.app.bizcommon.hybridruntime.mod.TickBackGroundService
06-25 14:28:25.735 479 536 V ActivityManager: Attempted to start a foreground service (com.xiaodianshi.tv.yst/com.bilibili.opd.app.bizcommon.hybridruntime.mod.TickBackGroundService) with a broken notification (no icon: Notification(channel=3 shortcut=null contentView=null vibrate=null sound=null defaults=0x0 flags=0x40 color=0x00000000 vis=PRIVATE))
06-25 14:28:25.763 666 666 V MediaPlayerList: onActiveSessionsChanged: number of controllers: 0
06-25 14:28:25.819 1273 2142 E DynamicTemplateFetcher: checkNewTemplateUpdate newStyleTemplate:
06-25 14:28:25.862 666 666 V MediaPlayerList: onActiveSessionsChanged: number of controllers: 0
06-25 14:28:25.863 2146 2146 V GraphicsEnvironment: ANGLE Developer option for 'com.android.remoteprovisioner' set to: 'default'
06-25 14:28:25.863 2146 2146 V GraphicsEnvironment: Neither updatable production driver nor prerelease driver is supported.
06-25 14:28:25.867 666 666 V MediaPlayerList: onActiveSessionsChanged: number of controllers: 1
06-25 14:28:25.868 2146 2146 D NetworkSecurityConfig: No Network Security Config specified, using platform default
06-25 14:28:25.868 666 666 D MediaPlayerList: onActiveSessionsChanged: controller: com.xiaodianshi.tv.yst
06-25 14:28:25.868 666 666 D MediaPlayerList: Already have a controller for the player: com.xiaodianshi.tv.yst, updating instead
06-25 14:28:25.869 2146 2146 D NetworkSecurityConfig: No Network Security Config specified, using platform default
06-25 14:28:25.870 2146 2146 I RemoteProvisioningBootReceiver: Caught boot intent, waking up.
06-25 14:28:25.876 479 806 D WifiMemoryStoreImpl: Set cluster G78c452f8e69b0d71 for Wd584830ee1ca39b4: SUCCESS
06-25 14:28:25.880 1312 1595 D XHttpObservable: createNetWorkObservable subscribe: ShowMessageEntity{code=0, data=TipEntity{movieType=[我想看喜剧片, 动作片, 枪战片], movie=[庆余年, 误杀, 美丽人生, 爆笑虫子, 哪吒, 小猪佩奇, 胡歌的电视剧, 张艺谋导演的电影, 切换到1080P, 收藏], appController=[打开当贝市场, 下载哈趣影视, 爱奇艺, 卸载腾讯视频], weather=[今天的天气, 未来五天的天气, 杭州天气怎么样, 明天下不下雨], music=[我要听歌, 周杰伦的歌, 上一首, 下一首, 快进一分钟, 暂停], liveAppDownload='非常抱歉,根据监管部门政策管理要求,暂不提供相应服务。', subscreen=null, wakeUpVoiceResponse=[ProbabilityEntity{word='在呢', probability=30}, ProbabilityEntity{word='我在', probability=35}, ProbabilityEntity{word='你说', probability=15}, ProbabilityEntity{word='来啦', probability=20}], unrecognizedVoiceResponse=[ProbabilityEntity{word='可以再说一遍么', probability=45}, ProbabilityEntity{word='可以说的详细一点么', probability=30}, ProbabilityEntity{word='请问有什么可以帮您', probability=25}], notUnderstandVoiceResponse=[ProbabilityEntity{word='换个说法试试吧', probability=100}]}, message='success'} ,,, isDisposed = false
06-25 14:28:25.884 479 536 I ActivityManager: Deferring FGS notification in legacy app com.xiaodianshi.tv.yst/u0a79 : Notification(channel=3 shortcut=null contentView=null vibrate=null sound=null defaults=0x0 flags=0x40 color=0x00000000 vis=PRIVATE)
06-25 14:28:25.892 479 621 D NsdService: Native daemon message SERVICE_REGISTERED: 606 2 "192.168.3.161"
06-25 14:28:25.898 1058 1058 D LanCommander: com.dangbei.andes.bean.RegistrationData@6e50e5f----------------onServiceRegistered
06-25 14:28:25.901 479 583 D ConnectivityService: requestNetwork for uid/pid:1000/479 asUid: 10061 activeRequest: null callbackRequest: 34 [NetworkRequest [ REQUEST id=35, [ Capabilities: INTERNET&NOT_RESTRICTED&TRUSTED&NOT_VCN_MANAGED Uid: 10061 RequestorUid: 1000 RequestorPkg: android] ]] callback flags: 0 priority: 2147483647
06-25 14:28:25.902 479 618 D ConnectivityService: NetReassign [35 : null → 100]
06-25 14:28:25.906 479 653 D Ethernet: got request NetworkRequest [ REQUEST id=35, [ Capabilities: INTERNET&NOT_RESTRICTED&TRUSTED&NOT_VCN_MANAGED Uid: 10061 RequestorUid: 1000 RequestorPkg: android] ]
06-25 14:28:25.906 479 653 D EthernetNetworkFactory: acceptRequest, request: NetworkRequest [ REQUEST id=35, [ Capabilities: INTERNET&NOT_RESTRICTED&TRUSTED&NOT_VCN_MANAGED Uid: 10061 RequestorUid: 1000 RequestorPkg: android] ]
06-25 14:28:25.906 479 653 I EthernetNetworkFactory: networkForRequest, request: NetworkRequest [ REQUEST id=35, [ Capabilities: INTERNET&NOT_RESTRICTED&TRUSTED&NOT_VCN_MANAGED Uid: 10061 RequestorUid: 1000 RequestorPkg: android] ], network: null
06-25 14:28:25.914 1312 1592 D XHttpObservable: createNetWorkObservable subscribe: MediaControlEntity{code=0, data=PageEntity{list=[ContentEntity{packageName='com.dangbei.leard.leradlauncher', activityName='FilmDetailActivity'}, ContentEntity{packageName='com.dangbei.leard.leradlauncher', activityName='FullScreenDetailActivity'}, ContentEntity{packageName='com.dangbei.leard.leradlauncher', activityName='TencentSportActivity'}, ContentEntity{packageName='com.dangbei.leradVideoPlugins', activityName='FilmDetailActivity'}, ContentEntity{packageName='com.dangbei.leradVideoPlugins', activityName='FullScreenDetailActivity'}, ContentEntity{packageName='com.dangbei.leradVideoPlugins', activityName='TencentSportActivity'}, ContentEntity{packageName='com.dangbei.leradVideoPlugins', activityName='ShortPlayActivity'}, ContentEntity{packageName='com.dangbei.hqmedia', activityName='FilmDetailActivity'}, ContentEntity{packageName='com.dangbei.hqmedia', activityName='FullScreenDetailActivity'}, ContentEntity{packageName='com.dangbei.leradVideoPlugins', activityName='MangoMediaActivity'}, ContentEntity{packageName='com.dangbei.leradVideoPlugins', activityName='VcinemaActivity'}]}, message='success'} ,,, isDisposed = false
06-25 14:28:25.918 479 1426 I ActivityManager: com.android.shell is exempt from freezer
06-25 14:28:25.918 479 1426 D CompatibilityChangeReporter: Compat change id reported: 135634846; UID 2000; state: DISABLED
06-25 14:28:25.918 479 1426 D CompatibilityChangeReporter: Compat change id reported: 177438394; UID 2000; state: DISABLED
06-25 14:28:25.918 479 1426 D CompatibilityChangeReporter: Compat change id reported: 135772972; UID 2000; state: DISABLED
06-25 14:28:25.918 479 1426 D CompatibilityChangeReporter: Compat change id reported: 135754954; UID 2000; state: ENABLED
06-25 14:28:25.925 479 611 I WifiClientModeImpl: Default Gateway MAC address of 58:c7:ac:78:f0:02 from routes is : 70:3a:a6:36:a8:d7
06-25 14:28:25.945 249 249 D Zygote : Forked child process 2193
06-25 14:28:25.952 479 611 D WifiConfigStore: Writing to stores completed in 10 ms.
06-25 14:28:25.954 479 537 I ActivityManager: app.processName = com.android.shell
06-25 14:28:25.954 479 537 I ActivityManager: Start proc 2193:com.android.shell/2000 for broadcast {com.android.shell/com.android.shell.HeapDumpReceiver}
06-25 14:28:25.957 2193 2193 I Zygote : seccomp disabled by setenforce 0
06-25 14:28:25.968 2089 2089 I rainbow_flow: type=1400 audit(0.0:802): avc: denied { ioctl } for path="/dev/spidev1.0" dev="tmpfs" ino=7243 ioctlcmd=0x6b00 scontext=u:r:init:s0 tcontext=u:object_r:device:s0 tclass=chr_file permissive=1
06-25 14:28:25.976 269 269 I EventThread: type=1400 audit(0.0:803): avc: denied { search } for name="extcon" dev="sysfs" ino=18109 scontext=u:r:hal_tv_cec_default:s0 tcontext=u:object_r:sysfs_extcon:s0 tclass=dir permissive=1
06-25 14:28:25.981 2146 2146 I RemoteProvisioningService: Starting provisioning job
06-25 14:28:25.988 1273 1273 I cr_LibraryLoader: Loaded native library version number "91.0.4472.114"
06-25 14:28:25.997 657 657 E WifiHAL : wifi_get_link_stats: requestResponse Error:-5
06-25 14:28:26.002 479 611 E WifiVendorHal: getWifiLinkLayerStats_1_5_Internal(l.1191) failed {.code = ERROR_INVALID_ARGS, .description = }
06-25 14:28:26.010 386 398 I adbd : jdwp connection from 2193
06-25 14:28:26.014 1273 1273 I cr_CachingUmaRecorder: Flushed 6 samples from 6 histograms.
06-25 14:28:26.017 479 497 I system_server: Background concurrent copying GC freed 229887(11MB) AllocSpace objects, 132(3056KB) LOS objects, 50% free, 15MB/30MB, paused 320us total 3.178s
06-25 14:28:26.018 479 583 D CompatibilityChangeReporter: Compat change id reported: 168419799; UID 2000; state: DISABLED
06-25 14:28:26.038 2193 2193 D CompatibilityChangeReporter: Compat change id reported: 171979766; UID 2000; state: ENABLED
06-25 14:28:26.040 479 536 W BroadcastQueue: Permission Denial: broadcasting Intent { act=android.net.conn.CONNECTIVITY_CHANGE flg=0x4200010 (has extras) } from null (pid=-1, uid=-1) requires com.tencent.bugly.BuglyBroadcastReceiver.permission due to registered receiver BroadcastFilter{bd7376 10079/u0 ReceiverList{4798611 1273 com.xiaodianshi.tv.yst/10079/u0 remote:ec42638}}
06-25 14:28:26.051 479 611 D WifiNetworkFactory: got request NetworkRequest [ REQUEST id=35, [ Capabilities: INTERNET&NOT_RESTRICTED&TRUSTED&NOT_VCN_MANAGED Uid: 10061 RequestorUid: 1000 RequestorPkg: android] ]
06-25 14:28:26.052 479 611 D UntrustedWifiNetworkFactory: got request NetworkRequest [ REQUEST id=35, [ Capabilities: INTERNET&NOT_RESTRICTED&TRUSTED&NOT_VCN_MANAGED Uid: 10061 RequestorUid: 1000 RequestorPkg: android] ]
06-25 14:28:26.052 479 611 D OemPaidWifiNetworkFactory: got request NetworkRequest [ REQUEST id=35, [ Capabilities: INTERNET&NOT_RESTRICTED&TRUSTED&NOT_VCN_MANAGED Uid: 10061 RequestorUid: 1000 RequestorPkg: android] ]
06-25 14:28:26.059 657 657 E WifiHAL : wifi_get_link_stats: requestResponse Error:-5
06-25 14:28:26.069 479 611 E WifiVendorHal: getWifiLinkLayerStats_1_5_Internal(l.1191) failed {.code = ERROR_INVALID_ARGS, .description = }
06-25 14:28:26.081 1273 2215 D BLRemoteConfig: update
06-25 14:28:26.093 1116 1116 E hq : listenerNet:::重新来网了 key=image_error isConnect=true
06-25 14:28:26.093 1116 1116 E hq : listenerNet:::重新来网了 key=requestAppWhiteList isConnect=true
06-25 14:28:26.094 1116 1116 E hq : listenerNet:::重新来网了 key=ConfigureInterface:Init isConnect=true
06-25 14:28:26.096 1116 1116 E hq : listenerNet:::重新来网了 key=requestGetMessageRemind isConnect=true
06-25 14:28:26.098 1116 1116 E hq : listenerNet:::重新来网了 key=requestMessageConfig isConnect=true
06-25 14:28:26.102 1116 1116 E hq : listenerNet:::重新来网了 key=requestMessageDialog isConnect=true
06-25 14:28:26.102 1116 1116 E hq : listenerNet:::重新来网了 key=requestNetAppAdInfo isConnect=true
