06-25 14:28:15.181 255 985 D bt_vnd_hci: sprd_vnd_send_hci_vsc a2 fc fc 00 e0 00 e0 00 e0 00 e0 00 e0 00 e0 15 41 15 3a 15 34 15 2e 15 27 15 21 15 1a 15 13 15 0d 15 07 15 3b 15 37 15 33 15 2f 15 2b 15 27 15 23 15 1f 15 1b 15 17 15 13 15 0f 15 0b 15 08 15 04 15 00 15 09 15 09 15 08 15 08 15 08 15 08 15 07 15 07 15 0d 15 0d 15 0c 15 0c 15 0b 15 0b 15 0b 15 0b 15 10 15 10 15 0f 15 0f 15 0f 15 0f 15 0f 15 0f 00 e0 00 e0 00 e0 00 e0 00 e0 00 e0 15 4d 15 46 15 3d 15 36 15 2d 15 26 15 1f 15 18 15 0f 15 08 15 4b 15 4b 15 4b 15 4b 15 4b 15 46 15 40 15 3b 15 36 15 30 15 2b 15 26 15 20 15 1a 15 14 15 0e 15 09 15 09 15 08 15 08 15 08 15 08 15 07 15 07 15 0d 15 0d 15 0c 15 0c 15 0b 15 0b 15 0b 15 0b 15 10 15 10 15 0f 15 0f 15 0f 15 0f 15 0f 15 0f 00 00 ff ff 01 00 00 55 44 43 5f 55 55 c8 55 55 55 55 55 55 55 55 55 55 55 55 55 55
06-25 14:28:15.176 1 1 I /system/bin/init: type=1107 audit(0.0:398): uid=0 auid=4294967295 ses=4294967295 subj=u:r:init:s0 msg='avc: denied { set } for property=rw.vendor.bluetooth.fw.ver pid=255 uid=1002 gid=1002 scontext=u:r:hal_bluetooth_default:s0 tcontext=u:object_r:default_prop:s0 tclass=property_service permissive=1'
06-25 14:28:15.183 479 982 D CCodec : [c2.android.vorbis.decoder] buffers are bound to CCodec for this session
06-25 14:28:15.183 479 982 D CCodecConfig: no c2 equivalents for durationUs
06-25 14:28:15.183 479 982 D CCodecConfig: no c2 equivalents for track-id
06-25 14:28:15.183 479 982 D CCodecConfig: no c2 equivalents for csd-1
06-25 14:28:15.183 479 982 D CCodecConfig: no c2 equivalents for channel-mask
06-25 14:28:15.183 479 982 D CCodecConfig: no c2 equivalents for flags
06-25 14:28:15.184 479 982 D CCodecConfig: c2 config diff is c2::u32 coded.bitrate.value = 499821
06-25 14:28:15.184 479 982 D CCodecConfig: c2::u32 raw.channel-count.value = 2
06-25 14:28:15.184 479 982 D CCodecConfig: c2::u32 raw.sample-rate.value = 44100
06-25 14:28:15.185 479 982 W Codec2Client: query -- param skipped: index = 1107298332.
06-25 14:28:15.186 479 982 D CCodec : setup formats input: AMessage(what = 0x00000000) = {
06-25 14:28:15.186 479 982 D CCodec : int32_t bitrate = 499821
06-25 14:28:15.186 479 982 D CCodec : int32_t channel-count = 2
06-25 14:28:15.186 479 982 D CCodec : int32_t max-input-size = 32768
06-25 14:28:15.186 479 982 D CCodec : string mime = "audio/vorbis"
06-25 14:28:15.186 479 982 D CCodec : int32_t sample-rate = 44100
06-25 14:28:15.186 479 982 D CCodec : }
06-25 14:28:15.186 479 982 D CCodec : setup formats output: AMessage(what = 0x00000000) = {
06-25 14:28:15.186 479 982 D CCodec : int32_t channel-count = 2
06-25 14:28:15.186 479 982 D CCodec : string mime = "audio/raw"
06-25 14:28:15.186 479 982 D CCodec : int32_t sample-rate = 44100
06-25 14:28:15.186 479 982 D CCodec : int32_t channel-mask = 3
06-25 14:28:15.186 479 982 D CCodec : }
06-25 14:28:15.186 479 982 I CCodecConfig: query failed after returning 7 values (BAD_INDEX)
06-25 14:28:15.187 479 982 W Codec2Client: query -- param skipped: index = 1342179345.
06-25 14:28:15.187 479 982 W Codec2Client: query -- param skipped: index = 2415921170.
06-25 14:28:15.189 479 982 D CCodecBufferChannel: [c2.android.vorbis.decoder#109] Created input block pool with allocatorID 16 => poolID 21 - OK (0)
06-25 14:28:15.191 479 982 I CCodecBufferChannel: [c2.android.vorbis.decoder#109] Created output block pool with allocatorID 16 => poolID 23 - OK
06-25 14:28:15.191 479 982 D CCodecBufferChannel: [c2.android.vorbis.decoder#109] Configured output block pool ids 23 => OK
06-25 14:28:15.196 379 984 D SimpleC2Component: Using output block pool with poolID 23 => got 23 - 0
06-25 14:28:15.201 255 985 I bt_chip_vendor: hw_rf_cback hw_core_cback response: [0xFCA2, 0x0000, 0x00]
06-25 14:28:15.201 255 985 I bt_chip_vendor: hw_core_enable
06-25 14:28:15.201 255 985 I bt_chip_vendor: hw_core_enable : 1
06-25 14:28:15.201 255 985 E bt_upio : upio_set : /proc/bluetooth/sleep/btwrite(-1) incorrent
06-25 14:28:15.204 255 985 I bt_chip_vendor: hw_core_cback hw_core_cback response: [0xFCA1, 0x0000, 0x01]
06-25 14:28:15.204 255 985 D android.hardware.bluetooth@1.0-impl: OnFirmwareConfigured result: 0
06-25 14:28:15.204 255 985 I android.hardware.bluetooth@1.0-impl: Firmware configured in 0.027s
06-25 14:28:15.204 666 979 I bt_hci : system/bt/hci/src/hci_layer.cc:367 event_finish_startup: event_finish_startup
06-25 14:28:15.204 255 985 I android.hardware.bluetooth@1.0-impl: OnFirmwareConfigured: lpm_timeout_ms 1500
06-25 14:28:15.204 255 985 D android.hardware.bluetooth@1.0-impl: low_power_mode_cb result: 0
06-25 14:28:15.204 255 985 D android.hardware.bluetooth@1.0-impl: OnFirmwareConfigured Calling StartLowPowerWatchdog()
06-25 14:28:15.205 666 858 I bt_core_module: system/bt/btcore/src/module.cc:90 module_start_up: module_start_up Started module "hci_module"
06-25 14:28:15.205 666 858 I bt_l2cap: system/bt/stack/l2cap/l2c_api.cc:134 L2CA_Register: L2CAP Registered service classic PSM: 0x0001
06-25 14:28:15.205 666 858 I bt_l2cap: system/bt/stack/l2cap/l2c_api.cc:134 L2CA_Register: L2CAP Registered service classic PSM: 0x001f
06-25 14:28:15.206 479 969 D CCodecBufferChannel: [c2.android.vorbis.decoder#725] MediaCodec discarded an unknown buffer
06-25 14:28:15.206 479 969 D CCodecBufferChannel: [c2.android.vorbis.decoder#725] MediaCodec discarded an unknown buffer
06-25 14:28:15.207 666 858 I bluetooth: system/bt/stack/gatt/gatt_api.cc:1019 GATT_Register: Allocated name:GattProfileDb uuid:81818181-8181-8181-8181-818181818181 gatt_if:1 eatt_support:0
06-25 14:28:15.208 666 858 I droid.bluetoot: [0625/142815.208068:INFO:gatt_api.cc(179)] GATTS_AddService
06-25 14:28:15.210 479 969 I hw-BpHwBinder: onLastStrongRef automatically unlinking death recipients
06-25 14:28:15.210 666 858 I droid.bluetoot: [0625/142815.210849:INFO:gatt_api.cc(288)] GATTS_AddService: service parsed correctly, now starting
06-25 14:28:15.211 666 858 I droid.bluetoot: [0625/142815.211150:INFO:gatt_sr_hash.cc(124)] gatts_calculate_database_hash: hash=80AEB10BC70DCCEFA207489DCED98FED
06-25 14:28:15.211 666 858 I bt_l2cap: system/bt/stack/l2cap/l2c_api.cc:434 L2CA_RegisterLECoc: Registered service LE COC PSM: 0x0027
06-25 14:28:15.211 666 858 I bt_l2cap: system/bt/stack/l2cap/l2c_api.cc:134 L2CA_Register: L2CAP Registered service classic PSM: 0x0003
06-25 14:28:15.212 666 858 I bluetooth: system/bt/stack/gatt/gatt_api.cc:1019 GATT_Register: Allocated name:Gap uuid:82828282-8282-8282-8282-828282828282 gatt_if:2 eatt_support:0
06-25 14:28:15.212 666 858 I droid.bluetoot: [0625/142815.212274:INFO:gatt_api.cc(179)] GATTS_AddService
06-25 14:28:15.212 666 858 I droid.bluetoot: [0625/142815.212512:INFO:gatt_api.cc(288)] GATTS_AddService: service parsed correctly, now starting
06-25 14:28:15.215 666 858 I droid.bluetoot: [0625/142815.215252:INFO:gatt_sr_hash.cc(124)] gatts_calculate_database_hash: hash=8991C462EBE9D90B9EA0DA3E16D0F513
06-25 14:28:15.216 666 858 I bt_bte : system/bt/main/bte_logmsg.cc:248 load_levels_from_config: BTE_InitTraceLevels -- TRC_HCI : Level 2
06-25 14:28:15.216 666 858 I bt_bte : system/bt/main/bte_logmsg.cc:248 load_levels_from_config: BTE_InitTraceLevels -- TRC_L2CAP : Level 2
06-25 14:28:15.216 666 858 I bt_bte : system/bt/main/bte_logmsg.cc:248 load_levels_from_config: BTE_InitTraceLevels -- TRC_RFCOMM : Level 2
06-25 14:28:15.216 666 858 I bt_bte : system/bt/main/bte_logmsg.cc:248 load_levels_from_config: BTE_InitTraceLevels -- TRC_AVDT : Level 2
06-25 14:28:15.216 666 858 I bt_bte : system/bt/main/bte_logmsg.cc:248 load_levels_from_config: BTE_InitTraceLevels -- TRC_AVRC : Level 2
06-25 14:28:15.217 666 858 I bt_bte : system/bt/main/bte_logmsg.cc:248 load_levels_from_config: BTE_InitTraceLevels -- TRC_A2D : Level 2
06-25 14:28:15.217 666 858 I bt_bte : system/bt/main/bte_logmsg.cc:248 load_levels_from_config: BTE_InitTraceLevels -- TRC_BNEP : Level 2
06-25 14:28:15.218 666 858 I bt_bte : system/bt/main/bte_logmsg.cc:248 load_levels_from_config: BTE_InitTraceLevels -- TRC_BTM : Level 2
06-25 14:28:15.218 666 858 I bt_bte : system/bt/main/bte_logmsg.cc:248 load_levels_from_config: BTE_InitTraceLevels -- TRC_HID_HOST : Level 2
06-25 14:28:15.218 666 858 I bt_bte : system/bt/main/bte_logmsg.cc:248 load_levels_from_config: BTE_InitTraceLevels -- TRC_PAN : Level 2
06-25 14:28:15.218 666 858 I bt_bte : system/bt/main/bte_logmsg.cc:248 load_levels_from_config: BTE_InitTraceLevels -- TRC_SDP : Level 2
06-25 14:28:15.218 666 858 I bt_bte : system/bt/main/bte_logmsg.cc:248 load_levels_from_config: BTE_InitTraceLevels -- TRC_SMP : Level 2
06-25 14:28:15.218 666 858 I bt_bte : system/bt/main/bte_logmsg.cc:248 load_levels_from_config: BTE_InitTraceLevels -- TRC_HID_DEV : Level 2
06-25 14:28:15.218 666 858 I bt_bte : system/bt/main/bte_logmsg.cc:248 load_levels_from_config: BTE_InitTraceLevels -- TRC_BTAPP : Level 2
06-25 14:28:15.218 666 858 I bt_bte : system/bt/main/bte_logmsg.cc:248 load_levels_from_config: BTE_InitTraceLevels -- TRC_BTIF : Level 2
06-25 14:28:15.225 666 987 I bt_stack: [INFO:message_loop_thread.cc(224)] Run: message loop starting for thread bt_main_thread
06-25 14:28:15.229 666 858 I bt_core_module: system/bt/btcore/src/module.cc:85 module_start_up: module_start_up Starting module "controller_module"
06-25 14:28:15.232 657 657 E WifiHAL : wifi_get_link_stats: requestResponse Error:-5
06-25 14:28:15.237 479 611 E WifiVendorHal: getWifiLinkLayerStats_1_5_Internal(l.1191) failed {.code = ERROR_INVALID_ARGS, .description = }
06-25 14:28:15.239 479 524 W IorapForwardingService: No service published for: iorapd
06-25 14:28:15.239 479 701 D MediaCodecList: codecHandlesFormat: no format, so no extra checks
06-25 14:28:15.242 479 988 D CCodec : allocate(c2.android.vorbis.decoder)
06-25 14:28:15.247 479 988 I CCodec : Created component [c2.android.vorbis.decoder]
06-25 14:28:15.247 479 988 D CCodecConfig: read media type: audio/vorbis
06-25 14:28:15.252 479 988 D ReflectedParamUpdater: extent() != 1 for single value type: algo.buffers.max-count.values
06-25 14:28:15.252 479 988 D ReflectedParamUpdater: extent() != 1 for single value type: output.subscribed-indices.values
06-25 14:28:15.253 479 988 D ReflectedParamUpdater: extent() != 1 for single value type: input.buffers.allocator-ids.values
06-25 14:28:15.253 479 988 D ReflectedParamUpdater: extent() != 1 for single value type: output.buffers.allocator-ids.values
06-25 14:28:15.253 479 988 D ReflectedParamUpdater: extent() != 1 for single value type: algo.buffers.allocator-ids.values
06-25 14:28:15.253 479 988 D ReflectedParamUpdater: extent() != 1 for single value type: output.buffers.pool-ids.values
06-25 14:28:15.253 479 988 D ReflectedParamUpdater: extent() != 1 for single value type: algo.buffers.pool-ids.values
06-25 14:28:15.256 479 988 I CCodecConfig: query failed after returning 7 values (BAD_INDEX)
06-25 14:28:15.257 479 988 D CCodecConfig: c2 config diff is Dict {
06-25 14:28:15.257 479 988 D CCodecConfig: c2::u32 coded.bitrate.value = 64000
06-25 14:28:15.257 479 988 D CCodecConfig: c2::u32 input.buffers.max-size.value = 32768
06-25 14:28:15.257 479 988 D CCodecConfig: c2::u32 input.delay.value = 0
06-25 14:28:15.257 479 988 D CCodecConfig: string input.media-type.value = "audio/vorbis"
06-25 14:28:15.257 479 988 D CCodecConfig: string output.media-type.value = "audio/raw"
06-25 14:28:15.257 479 988 D CCodecConfig: c2::u32 raw.channel-count.value = 1
06-25 14:28:15.257 479 988 D CCodecConfig: c2::u32 raw.sample-rate.value = 48000
06-25 14:28:15.257 479 988 D CCodecConfig: }
06-25 14:28:15.258 479 988 D CCodec : [c2.android.vorbis.decoder] buffers are bound to CCodec for this session
06-25 14:28:15.258 479 988 D CCodecConfig: no c2 equivalents for durationUs
06-25 14:28:15.258 479 988 D CCodecConfig: no c2 equivalents for track-id
06-25 14:28:15.258 479 988 D CCodecConfig: no c2 equivalents for csd-1
06-25 14:28:15.258 479 988 D CCodecConfig: no c2 equivalents for channel-mask
06-25 14:28:15.259 479 988 D CCodecConfig: no c2 equivalents for flags
06-25 14:28:15.259 479 988 D CCodecConfig: c2 config diff is c2::u32 coded.bitrate.value = 239920
06-25 14:28:15.259 479 988 D CCodecConfig: c2::u32 raw.sample-rate.value = 44100
01-01 08:00:19.272 346 346 E : recv_kernel_event address b4:2f:03:15:73:2f
06-25 14:28:15.261 479 988 W Codec2Client: query -- param skipped: index = 1107298332.
06-25 14:28:15.262 479 988 D CCodec : setup formats input: AMessage(what = 0x00000000) = {
06-25 14:28:15.262 479 988 D CCodec : int32_t bitrate = 239920
06-25 14:28:15.262 479 988 D CCodec : int32_t channel-count = 1
06-25 14:28:15.262 479 988 D CCodec : int32_t max-input-size = 32768
06-25 14:28:15.262 479 988 D CCodec : string mime = "audio/vorbis"
06-25 14:28:15.262 479 988 D CCodec : int32_t sample-rate = 44100
06-25 14:28:15.262 479 988 D CCodec : }
06-25 14:28:15.262 479 988 D CCodec : setup formats output: AMessage(what = 0x00000000) = {
06-25 14:28:15.262 479 988 D CCodec : int32_t channel-count = 1
06-25 14:28:15.262 479 988 D CCodec : string mime = "audio/raw"
06-25 14:28:15.262 479 988 D CCodec : int32_t sample-rate = 44100
06-25 14:28:15.262 479 988 D CCodec : int32_t channel-mask = 1
06-25 14:28:15.262 479 988 D CCodec : }
06-25 14:28:15.262 479 988 I CCodecConfig: query failed after returning 7 values (BAD_INDEX)
06-25 14:28:15.263 479 988 W Codec2Client: query -- param skipped: index = 1342179345.
06-25 14:28:15.263 479 988 W Codec2Client: query -- param skipped: index = 2415921170.
06-25 14:28:15.265 479 988 D CCodecBufferChannel: [c2.android.vorbis.decoder#400] Created input block pool with allocatorID 16 => poolID 22 - OK (0)
06-25 14:28:15.267 479 550 W BatteryExternalStatsWorker: error reading modem stats:ERROR_PHONE_NOT_AVAILABLE
06-25 14:28:15.268 479 988 I CCodecBufferChannel: [c2.android.vorbis.decoder#400] Created output block pool with allocatorID 16 => poolID 24 - OK
06-25 14:28:15.268 479 988 D CCodecBufferChannel: [c2.android.vorbis.decoder#400] Configured output block pool ids 24 => OK
06-25 14:28:15.273 379 989 D SimpleC2Component: Using output block pool with poolID 24 => got 24 - 0
06-25 14:28:15.279 790 818 V WifiManager: SoftApCallbackProxy: send InfoChanged, newInfo: SoftApInfo{bandwidth= 0, frequency= 0, wifiStandard= 0, mApInstanceIdentifier= null, mIdleShutdownTimeoutMillis= 0}
06-25 14:28:15.279 790 818 V WifiManager: SoftApCallbackProxy: send InfoChanged, changedInfoList: []
06-25 14:28:15.280 790 818 V WifiManager: SoftApCallbackProxy: send onConnectedClientsChanged(clients): []
06-25 14:28:15.296 479 611 D ApConfigUtil: Update Softap capability, add client control feature support
06-25 14:28:15.299 479 611 D ApConfigUtil: Update Softap capability, add MAC customization support
06-25 14:28:15.299 479 611 D ApConfigUtil: Update Softap capability, add 2.4G support
06-25 14:28:15.300 479 611 D ApConfigUtil: Update Softap capability, max client = 16
06-25 14:28:15.304 680 680 W AlarmManager: Unrecognized alarm listener com.android.systemui.keyguard.KeyguardSliceProvider$$ExternalSyntheticLambda0@67060a9
06-25 14:28:15.336 479 982 D CCodecBufferChannel: [c2.android.vorbis.decoder#109] MediaCodec discarded an unknown buffer
06-25 14:28:15.336 479 982 D CCodecBufferChannel: [c2.android.vorbis.decoder#109] MediaCodec discarded an unknown buffer
06-25 14:28:15.336 479 982 D CCodecBufferChannel: [c2.android.vorbis.decoder#109] MediaCodec discarded an unknown buffer
06-25 14:28:15.337 657 657 E WifiHAL : wifi_get_link_stats: requestResponse Error:-5
06-25 14:28:15.337 680 680 V SystemUIService: SystemUIApplication created.
06-25 14:28:15.338 479 982 I hw-BpHwBinder: onLastStrongRef automatically unlinking death recipients
06-25 14:28:15.338 680 680 D SystemUIService: is homlet
06-25 14:28:15.339 479 611 E WifiVendorHal: getWifiLinkLayerStats_1_5_Internal(l.1191) failed {.code = ERROR_INVALID_ARGS, .description = }
06-25 14:28:15.341 680 680 I SystemUIService: Found SurfaceFlinger's GPU Priority: 12545
06-25 14:28:15.350 479 550 W KernelCpuProcStringReader: File not found. It's normal if not implemented: /proc/uid_time_in_state
06-25 14:28:15.351 479 550 W KernelCpuProcStringReader: File not found. It's normal if not implemented: /proc/uid_concurrent_active_time
06-25 14:28:15.352 479 550 W KernelCpuProcStringReader: File not found. It's normal if not implemented: /proc/uid_concurrent_policy_time
06-25 14:28:15.353 479 550 E KernelCpuSpeedReader: Failed to read cpu-freq: /sys/devices/system/cpu/cpu0/cpufreq/stats/time_in_state: open failed: ENOENT (No such file or directory)
06-25 14:28:15.353 479 550 E system_server: Cannot read thread CPU times for PID 479
06-25 14:28:15.409 479 988 I hw-BpHwBinder: onLastStrongRef automatically unlinking death recipients
06-25 14:28:15.409 379 885 I hw-BpHwBinder: onLastStrongRef automatically unlinking death recipients
06-25 14:28:15.414 379 885 V C2Store : in ~ComponentModule
06-25 14:28:15.416 379 885 V C2Store : unloading dll
06-25 14:28:15.449 680 680 V SystemUIService: Starting SystemUI services for user 0.
06-25 14:28:15.449 680 680 D SystemUIService: loading: com.android.systemui.util.NotificationChannels
06-25 14:28:15.450 680 680 D SystemUIService: running: com.android.systemui.util.NotificationChannels@c08938c
06-25 14:28:15.454 680 680 D SystemUIService: loading: com.android.systemui.oranth.ManagerService
06-25 14:28:15.455 184 184 E SELinux : avc: denied { find } for pid=680 uid=10067 name=oranth_manager scontext=u:r:platform_app:s0:c512,c768 tcontext=u:object_r:default_android_service:s0 tclass=service_manager permissive=1
06-25 14:28:15.457 680 680 D SystemUIService: running: com.android.systemui.oranth.ManagerService@2bad2ea
06-25 14:28:15.457 680 680 I ManagerService: -------------------- oranth manager service ---------
06-25 14:28:15.467 680 680 I FalsingManager: xdpi, ydpi: 0.16, 0.16
06-25 14:28:15.467 680 680 I FalsingManager: width, height: 1920, 1080
06-25 14:28:15.468 680 680 I SharedPreferenc: type=1400 audit(0.0:399): avc: denied { open } for path="/data/user_de/0/com.android.systemui/shared_prefs/plugin_prefs.xml" dev="mmcblk0p25" ino=2171 scontext=u:r:platform_app:s0:c512,c768 tcontext=u:object_r:app_data_file:s0:c512,c768 tclass=file permissive=1 app=com.softwinner.screenshot
06-25 14:28:15.492 479 755 W ServiceManager: Permission failure: android.permission.HIGH_SAMPLING_RATE_SENSORS from uid=10067 pid=680
06-25 14:28:15.492 367 367 D dom2reg : timezone change, new: Etc/GMT-8, pre:
06-25 14:28:15.493 367 367 W dom2reg : timezone [Etc/GMT-8] not in default tables, please check!
06-25 14:28:15.514 680 680 D NavigationModeController: getCurrentUserContext: contextUser=0 currentUser=0
06-25 14:28:15.514 680 680 D NavigationModeController: getCurrentInteractionMode: mode=0 contextUser=0
06-25 14:28:15.518 680 680 D NavigationModeController: updateCurrentInteractionMode: mode=0
06-25 14:28:15.519 680 680 D NavigationModeController: contextUser=0
06-25 14:28:15.519 680 680 D NavigationModeController: assetPaths=
06-25 14:28:15.519 680 680 D NavigationModeController: and /system/framework/framework-res.apk
06-25 14:28:15.519 680 680 D NavigationModeController: /vendor/overlay/framework-res__auto_generated_rro_vendor.apk
06-25 14:28:15.519 680 680 D NavigationModeController: /product/overlay/AwAccentColor/AwAccentColorOverlay.apk
06-25 14:28:15.519 680 680 D NavigationModeController: /product/overlay/AwIconShape/AwIconShapeOverlay.apk
06-25 14:28:15.519 680 680 D NavigationModeController: and /system/system_ext/priv-app/SystemUI/SystemUI.apk
06-25 14:28:15.520 680 680 D NavigationModeController: getCurrentInteractionMode: mode=0 contextUser=0
06-25 14:28:15.535 680 1003 V MediaRouter: Selecting route: RouteInfo{ name=手机, description=null, status=null, category=RouteCategory{ name=系统 types=ROUTE_TYPE_LIVE_AUDIO ROUTE_TYPE_LIVE_VIDEO groupable=false }, supportedTypes=ROUTE_TYPE_LIVE_AUDIO ROUTE_TYPE_LIVE_VIDEO , presentationDisplay=null }
06-25 14:28:15.537 680 680 D TvPipController: onImeVisibilityChanged(), visible=false, height=0
06-25 14:28:15.537 680 680 D TvPipController: onActionsChanged()
06-25 14:28:15.537 680 680 D TvPipMenuController: setAppActions()
06-25 14:28:15.537 680 680 D TvPipController: onImeVisibilityChanged(), visible=false, height=0
06-25 14:28:15.537 680 680 D TvPipController: onActionsChanged()
06-25 14:28:15.538 680 680 D TvPipMenuController: setAppActions()
06-25 14:28:15.538 680 680 W KeyguardUpdateMonitor: invalid subId in handleServiceStateChange()
06-25 14:28:15.543 680 1003 I MediaRouter: Skip setBluetoothA2dpOn(): types=8388615, isPlaybackActive()=false, BT route=null
06-25 14:28:15.545 479 479 D BluetoothA2dp: Binding service...
06-25 14:28:15.558 185 185 I hwservicemanager: Notifying android.hardware.wifi@1.5::IWifi/default they have clients: 1
06-25 14:28:15.558 657 657 I HidlLazyUtils: Process has 1 (of 1 available) client(s) in use after notification android.hardware.wifi@1.5::IWifi/default has clients: 1
06-25 14:28:15.560 680 680 E libEGL : validate_display:538 error 3001 (EGL_NOT_INITIALIZED)
06-25 14:28:15.654 479 497 I system_server: Background concurrent copying GC freed 85552(5458KB) AllocSpace objects, 22(1048KB) LOS objects, 49% free, 11MB/23MB, paused 392us total 894.277ms
06-25 14:28:15.659 479 499 W System : A resource failed to call release.
06-25 14:28:15.659 479 499 W System : A resource failed to call release.
06-25 14:28:15.659 479 499 W System : A resource failed to call release.
06-25 14:28:15.660 479 499 W System : A resource failed to call release.
06-25 14:28:15.672 479 526 D CompatibilityChangeReporter: Compat change id reported: 158002302; UID 10067; state: ENABLED
06-25 14:28:15.673 680 680 V WallpaperService: Setting wallpaper dimming: 0
06-25 14:28:15.683 185 185 I hwservicemanager: getTransport: Cannot find entry android.hardware.configstore@1.0::ISurfaceFlingerConfigs/default in either framework or device VINTF manifest.
06-25 14:28:15.685 680 994 D EglHelper: createEglContext start
06-25 14:28:15.691 680 994 D EglHelper: createEglContext done
06-25 14:28:15.691 680 994 D EglHelper: createEglSurface start
06-25 14:28:15.693 680 994 D EglHelper: createEglSurface done
06-25 14:28:15.718 479 525 I ActivityManagerTiming: FinishBooting
06-25 14:28:15.719 249 249 W Zygote : forkRepeatedly terminated due to non-simple command
06-25 14:28:15.719 249 249 D Zygote : mbuffer starts with 1 , nice name is , mEnd = 19, mNext = 19, mLinesLeft = 0, mFd = 4
06-25 14:28:15.719 479 647 W HdmiCecController: Failed to send 45:7D with errorCode=1
06-25 14:28:15.722 479 525 I ActivityManager: About to commit checkpoint
06-25 14:28:15.720 326 326 I rainbow_flow: type=1400 audit(0.0:400): avc: denied { ioctl } for path="/dev/spidev1.0" dev="tmpfs" ino=7243 ioctlcmd=0x6b00 scontext=u:r:init:s0 tcontext=u:object_r:device:s0 tclass=chr_file permissive=1
06-25 14:28:15.724 479 525 I SystemServiceManager: Starting phase 1000
06-25 14:28:15.724 479 525 I ActivityManagerTiming: OnBootPhase_1000
06-25 14:28:15.725 479 525 E PowerStatsService: Failed to start PowerStatsService loggers
06-25 14:28:15.726 479 559 V DisplayPowerController[0]: Brightness [0.39763778] reason changing to: 'manual', previous reason: 'override'.
06-25 14:28:15.729 479 584 D AppStandbyController: Loading headless system app cache. appIdleEnabled=false
06-25 14:28:15.747 479 589 D RollbackManager: mRollbackLifetimeDurationInMillis=1209600000
06-25 14:28:15.753 479 525 D IorapForwardingService: BgJob Scheduled (jobId=283673059, interval: 86400000ms)
06-25 14:28:15.753 269 269 D hdmi-cec: cec physical address: 2.0.0.0
06-25 14:28:15.754 479 605 D StorageManagerService: Thinking about init, mBootCompleted=true, mDaemonConnected=true
06-25 14:28:15.748 269 269 I EventThread: type=1400 audit(0.0:401): avc: denied { search } for name="extcon" dev="sysfs" ino=18109 scontext=u:r:hal_tv_cec_default:s0 tcontext=u:object_r:sysfs_extcon:s0 tclass=dir permissive=1
06-25 14:28:15.754 479 525 D TestHarnessModeService: Completing Test Harness Mode setup.
06-25 14:28:15.754 479 605 D StorageManagerService: Setting up emulation state, initlocked=false
06-25 14:28:15.754 194 194 D vold : fscrypt_unlock_user_key 0 serial=0
06-25 14:28:15.756 479 605 D StorageManagerService: Thinking about reset, mBootCompleted=true, mDaemonConnected=true
06-25 14:28:15.756 479 605 I StorageSessionController: Started resetting external storage service...
06-25 14:28:15.757 479 605 I StorageSessionController: Finished resetting external storage service
06-25 14:28:15.757 479 605 I StorageManagerService: Resetting vold...
06-25 14:28:15.758 479 605 I StorageManagerService: Reset vold
06-25 14:28:15.759 194 194 I vold : onUserAdded: 0
06-25 14:28:15.769 479 522 D AdbService: boot completed
06-25 14:28:15.769 479 611 D WifiService: Handle boot completed
06-25 14:28:15.772 790 953 I Tethering: USB bcast connected:false configured:false rndis:false ncm:false
06-25 14:28:15.772 479 525 D SoundTriggerService: onBootPhase: 1000 : false
06-25 14:28:15.773 479 522 E AdbDebuggingManager: Expected keyStore, but got tag=adbKey
06-25 14:28:15.774 479 1019 I HibernationStateDiskStore: No hibernation file on disk for file /data/system/hibernation/states
06-25 14:28:15.775 479 522 E AdbDebuggingManager: Expected keyStore, but got tag=adbKey
06-25 14:28:15.778 479 525 D CompatibilityChangeReporter: Compat change id reported: 168936375; UID 1000; state: ENABLED
06-25 14:28:15.778 479 525 D CompatibilityChangeReporter: Compat change id reported: 168936375; UID 1000; state: DISABLED
06-25 14:28:15.779 479 611 I WifiScoreCard: Installing MemoryStore
06-25 14:28:15.780 479 611 I WifiHealthMonitor: Installing MemoryStore
06-25 14:28:15.787 479 525 D CompatibilityChangeReporter: Compat change id reported: 73144566; UID 1000; state: ENABLED
06-25 14:28:15.788 479 525 D CompatibilityChangeReporter: Compat change id reported: 73144566; UID 1000; state: DISABLED
06-25 14:28:15.789 386 393 I adbd : adbd_auth: received a new framework connection
06-25 14:28:15.789 386 393 I adbd : adbd_auth: received new framework fd 31 (current = -1)
06-25 14:28:15.795 479 525 D GameManagerService: onBootCompleted
06-25 14:28:15.802 479 525 D AppSearchStatsCollector: atoms registered
06-25 14:28:15.803 479 525 D ActivityManagerTiming: TotalBootTime took to complete: 8223ms
06-25 14:28:15.803 479 525 D SystemServerInitThreadPool: Shutdown requested
06-25 14:28:15.803 479 525 I SystemServerTiming: WaitInitThreadPoolShutdown
06-25 14:28:15.804 479 525 D SystemServerInitThreadPool: Shutdown successful
06-25 14:28:15.806 479 525 D ActivityManager: refreshZramWriteback
06-25 14:28:15.806 479 525 D ActivityManager: real start flush
06-25 14:28:15.808 479 1023 W ZramWriteback: Writeback device is not set
06-25 14:28:15.808 479 1023 D ZramWriteback: wait to flush
06-25 14:28:15.810 479 525 I ActivityManager: User 0 state changed from BOOTING to RUNNING_LOCKED
06-25 14:28:15.810 479 525 W ActivityManager: UserLifecycleEvent 4 received without an active userJourneySession.
06-25 14:28:15.814 479 525 D StorageManagerService: unlockUserKey: 0 isFileEncryptedNativeOrEmulated: false hasToken: false hasSecret: false
06-25 14:28:15.815 479 525 W ActivityManager: UserLifecycleEvent 5 received without an active userJourneySession.
06-25 14:28:15.815 479 525 D ActivityManager: Started unlocking user 0
06-25 14:28:15.815 479 525 D ActivityManager: Unlocking user 0 progress 0
06-25 14:28:15.815 479 525 D ActivityManager: Unlocking user 0 progress 5
06-25 14:28:15.816 194 194 D vold : fscrypt_prepare_user_storage for volume null, user 0, serial 0, flags 2
06-25 14:28:15.817 194 194 D vold : Preparing: /data/system_ce/0
06-25 14:28:15.817 194 194 D vold : Preparing: /data/misc_ce/0
06-25 14:28:15.817 194 194 D vold : Preparing: /data/vendor_ce/0
06-25 14:28:15.818 194 194 D vold : Preparing: /data/media/0
06-25 14:28:15.818 194 194 D vold : Preparing: /data/data
06-25 14:28:15.819 194 194 D vold : Starting restorecon of /data/system_ce/0
01-01 08:00:19.823 1 1 I init : processing action (sys.boot_completed=1) from (/system/etc/init/hw/init.rc:1130)
01-01 08:00:19.824 1 1 I init : starting service 'exec 16 (/bin/rm -rf /data/per_boot)'...
01-01 08:00:19.829 1 1 I init : SVC_EXEC service 'exec 16 (/bin/rm -rf /data/per_boot)' pid 1024 (uid 1000 gid 1000+0 context default) started; waiting...
06-25 14:28:15.825 194 194 D vold : Finished restorecon of /data/system_ce/0
06-25 14:28:15.825 194 194 D vold : Starting restorecon of /data/vendor_ce/0
01-01 08:00:19.841 1026 1026 I selinux : SELinux: Skipping restorecon on directory(/data/system_ce/0)
01-01 08:00:19.841 1026 1026 I selinux :
06-25 14:28:15.833 194 194 D vold : Finished restorecon of /data/vendor_ce/0
06-25 14:28:15.833 194 194 D vold : Starting restorecon of /data/misc_ce/0
01-01 08:00:19.849 1027 1027 I selinux : SELinux: Skipping restorecon on directory(/data/vendor_ce/0)
01-01 08:00:19.849 1027 1027 I selinux :
06-25 14:28:15.837 194 194 D vold : Finished restorecon of /data/misc_ce/0
06-25 14:28:15.838 194 194 D vold : /system/bin/vold_prepare_subdirs
06-25 14:28:15.838 194 194 D vold : prepare
06-25 14:28:15.838 194 194 D vold :
06-25 14:28:15.838 194 194 D vold : 0
06-25 14:28:15.838 194 194 D vold : 2
01-01 08:00:19.854 1028 1028 I selinux : SELinux: Skipping restorecon on directory(/data/misc_ce/0)
01-01 08:00:19.854 1028 1028 I selinux :
06-25 14:28:15.844 254 254 V audio_hw_primary: adev_set_parameters, A2dpSuspended=false
01-01 08:00:19.888 1 1 I init : Service 'exec 16 (/bin/rm -rf /data/per_boot)' (pid 1024) exited with status 0 waiting took 0.061000 seconds
06-25 14:28:15.900 1029 1029 D vold_prepare_subdirs: Setting up mode 771 uid 1000 gid 1000 context u:object_r:system_data_file:s0:c512,c768 on path: /data/data
06-25 14:28:15.901 1029 1029 D vold_prepare_subdirs: Setting up mode 700 uid 0 gid 0 context u:object_r:vold_data_file:s0 on path: /data/misc_ce/0/vold
06-25 14:28:15.902 1029 1029 D vold_prepare_subdirs: Setting up mode 700 uid 0 gid 0 context u:object_r:storaged_data_file:s0 on path: /data/misc_ce/0/storaged
06-25 14:28:15.903 1029 1029 D vold_prepare_subdirs: Setting up mode 700 uid 0 gid 0 context u:object_r:rollback_data_file:s0 on path: /data/misc_ce/0/rollback
06-25 14:28:15.904 1029 1029 D vold_prepare_subdirs: Setting up mode 700 uid 0 gid 0 context u:object_r:apex_rollback_data_file:s0 on path: /data/misc_ce/0/apexrollback
06-25 14:28:15.905 1029 1029 D vold_prepare_subdirs: Setting up mode 711 uid 0 gid 0 context u:object_r:apex_module_data_file:s0 on path: /data/misc_ce/0/apexdata
06-25 14:28:15.905 254 254 V audio_hw_primary: adev_set_parameters, BT_SCO=off
06-25 14:28:15.906 1029 1029 D vold_prepare_subdirs: Setting up mode 771 uid 0 gid 1000 context u:object_r:apex_wifi_data_file:s0 on path: /data/misc_ce/0/apexdata/com.android.wifi
06-25 14:28:15.907 1029 1029 D vold_prepare_subdirs: Setting up mode 771 uid 0 gid 1000 context u:object_r:apex_module_data_file:s0 on path: /data/misc_ce/0/apexdata/com.android.vndk.v31
06-25 14:28:15.908 1029 1029 D vold_prepare_subdirs: Setting up mode 771 uid 0 gid 1000 context u:object_r:apex_module_data_file:s0 on path: /data/misc_ce/0/apexdata/com.android.tzdata
06-25 14:28:15.908 1029 1029 D vold_prepare_subdirs: Setting up mode 771 uid 0 gid 1000 context u:object_r:apex_module_data_file:s0 on path: /data/misc_ce/0/apexdata/com.android.tethering
06-25 14:28:15.909 1029 1029 D vold_prepare_subdirs: Setting up mode 771 uid 0 gid 1000 context u:object_r:apex_module_data_file:s0 on path: /data/misc_ce/0/apexdata/com.android.sdkext
06-25 14:28:15.910 479 629 I AS.AudioDeviceInventory: removePreferredDevicesForStrategySync, strategy: 14
06-25 14:28:15.910 1029 1029 D vold_prepare_subdirs: Setting up mode 771 uid 0 gid 1000 context u:object_r:apex_module_data_file:s0 on path: /data/misc_ce/0/apexdata/com.android.scheduling
06-25 14:28:15.911 1029 1029 D vold_prepare_subdirs: Setting up mode 771 uid 0 gid 1000 context u:object_r:apex_module_data_file:s0 on path: /data/misc_ce/0/apexdata/com.android.runtime
06-25 14:28:15.913 1029 1029 D vold_prepare_subdirs: Setting up mode 771 uid 0 gid 1000 context u:object_r:apex_module_data_file:s0 on path: /data/misc_ce/0/apexdata/com.android.resolv
06-25 14:28:15.916 1029 1029 D vold_prepare_subdirs: Setting up mode 771 uid 0 gid 1000 context u:object_r:apex_permission_data_file:s0 on path: /data/misc_ce/0/apexdata/com.android.permission
06-25 14:28:15.919 1029 1029 D vold_prepare_subdirs: Setting up mode 771 uid 0 gid 1000 context u:object_r:apex_module_data_file:s0 on path: /data/misc_ce/0/apexdata/com.android.os.statsd
06-25 14:28:15.920 1029 1029 D vold_prepare_subdirs: Setting up mode 771 uid 0 gid 1000 context u:object_r:apex_module_data_file:s0 on path: /data/misc_ce/0/apexdata/com.android.neuralnetworks
06-25 14:28:15.921 1029 1029 D vold_prepare_subdirs: Setting up mode 771 uid 0 gid 1000 context u:object_r:apex_module_data_file:s0 on path: /data/misc_ce/0/apexdata/com.android.mediaprovider
06-25 14:28:15.922 1029 1029 D vold_prepare_subdirs: Setting up mode 771 uid 0 gid 1000 context u:object_r:apex_module_data_file:s0 on path: /data/misc_ce/0/apexdata/com.android.media.swcodec
06-25 14:28:15.923 1029 1029 D vold_prepare_subdirs: Setting up mode 771 uid 0 gid 1000 context u:object_r:apex_module_data_file:s0 on path: /data/misc_ce/0/apexdata/com.android.media
06-25 14:28:15.924 1029 1029 D vold_prepare_subdirs: Setting up mode 771 uid 0 gid 1000 context u:object_r:apex_module_data_file:s0 on path: /data/misc_ce/0/apexdata/com.android.ipsec
06-25 14:28:15.925 1029 1029 D vold_prepare_subdirs: Setting up mode 771 uid 0 gid 1000 context u:object_r:apex_module_data_file:s0 on path: /data/misc_ce/0/apexdata/com.android.i18n
06-25 14:28:15.926 1029 1029 D vold_prepare_subdirs: Setting up mode 771 uid 0 gid 1000 context u:object_r:apex_module_data_file:s0 on path: /data/misc_ce/0/apexdata/com.android.extservices
06-25 14:28:15.926 1029 1029 D vold_prepare_subdirs: Setting up mode 771 uid 0 gid 1000 context u:object_r:apex_module_data_file:s0 on path: /data/misc_ce/0/apexdata/com.android.conscrypt
06-25 14:28:15.927 1029 1029 D vold_prepare_subdirs: Setting up mode 771 uid 0 gid 1000 context u:object_r:apex_module_data_file:s0 on path: /data/misc_ce/0/apexdata/com.android.art
06-25 14:28:15.928 1029 1029 D vold_prepare_subdirs: Setting up mode 771 uid 0 gid 1000 context u:object_r:apex_appsearch_data_file:s0 on path: /data/misc_ce/0/apexdata/com.android.appsearch
06-25 14:28:15.929 1029 1029 D vold_prepare_subdirs: Setting up mode 771 uid 0 gid 1000 context u:object_r:apex_module_data_file:s0 on path: /data/misc_ce/0/apexdata/com.android.adbd
06-25 14:28:15.929 1029 1029 D vold_prepare_subdirs: Setting up mode 700 uid 1000 gid 1000 context u:object_r:backup_data_file:s0 on path: /data/system_ce/0/backup
06-25 14:28:15.930 1029 1029 D vold_prepare_subdirs: Setting up mode 700 uid 1000 gid 1000 context u:object_r:backup_data_file:s0 on path: /data/system_ce/0/backup_stage
06-25 14:28:15.931 1029 1029 D vold_prepare_subdirs: Setting up mode 700 uid 1000 gid 1000 context u:object_r:face_vendor_data_file:s0 on path: /data/vendor_ce/0/facedata
06-25 14:28:15.938 479 525 V UserDataPreparer: Found /data/user/0 with serial number 0
06-25 14:28:15.938 479 525 V UserDataPreparer: Found /data/system_ce/0 with serial number 0
06-25 14:28:15.939 479 525 D UserDataPreparer: Setting property: sys.user.0.ce_available=true
06-25 14:28:15.940 479 525 V PackageManager: reconcileAppsData for null u0 0x2 migrateAppData=false
06-25 14:28:15.985 829 841 I oid.tv.setting: Background young concurrent copying GC freed 8986(740KB) AllocSpace objects, 0(0B) LOS objects, 88% free, 3048KB/26MB, paused 194us total 123.285ms
06-25 14:28:16.083 381 381 I update_engine: [INFO:cleanup_previous_update_action.cc(112)] Executing task 6
06-25 14:28:16.110 381 381 I update_engine: [INFO:cleanup_previous_update_action.cc(189)] Boot completed, waiting on markBootSuccessful()
06-25 14:28:16.115 381 381 I update_engine: EnsureMetadataMounted does nothing in Android mode.
06-25 14:28:16.119 381 381 I update_engine: Read merge statistics file failed: No such file or directory
06-25 14:28:16.124 381 381 I update_engine: [INFO:cleanup_previous_update_action.cc(261)] Waiting for any previous merge request to complete. This can take up to several minutes.
06-25 14:28:16.126 381 381 I update_engine: CheckMergeState for snapshots returned: 0
06-25 14:28:16.127 381 381 I update_engine: ProcessUpdateState handling state: 0
06-25 14:28:16.128 381 381 I update_engine: [INFO:cleanup_previous_update_action.cc(287)] Can't find any snapshot to merge.
06-25 14:28:16.129 381 381 I update_engine: [INFO:cleanup_previous_update_action.cc(130)] Stopping/suspending/completing CleanupPreviousUpdateAction
06-25 14:28:16.130 381 381 I update_engine: [INFO:cleanup_previous_update_action.cc(469)] Not reporting merge stats because state is None
06-25 14:28:16.131 381 381 I update_engine: [INFO:cleanup_previous_update_action.cc(130)] Stopping/suspending/completing CleanupPreviousUpdateAction
06-25 14:28:16.133 381 381 I update_engine: [INFO:action_processor.cc(116)] ActionProcessor: finished last action CleanupPreviousUpdateAction with code ErrorCode::kSuccess
06-25 14:28:16.134 381 381 I update_engine: [INFO:update_attempter_android.cc(549)] Processing Done.
06-25 14:28:16.135 381 381 I update_engine: [INFO:update_attempter_android.cc(701)] Terminating cleanup previous update.
01-01 08:00:20.234 168 168 I init (168): drop_caches: 3
06-25 14:28:16.216 168 168 I init : type=1400 audit(0.0:402): avc: denied { write } for name="dirty_expire_centisecs" dev="proc" ino=14943 scontext=u:r:vendor_init:s0 tcontext=u:object_r:proc_dirty:s0 tclass=file permissive=1
06-25 14:28:16.235 859 875 I id.ext.service: Background young concurrent copying GC freed 7745(473KB) AllocSpace objects, 0(0B) LOS objects, 89% free, 2986KB/26MB, paused 124us total 179.685ms
06-25 14:28:16.240 343 343 I xiriservice_All: type=1400 audit(0.0:403): avc: denied { read } for scontext=u:r:init:s0 tcontext=u:r:init:s0 tclass=netlink_kobject_uevent_socket permissive=1
06-25 14:28:16.245 321 323 D XM_HIDREAD: add@ add@/kernel/slab/:0000008
06-25 14:28:16.245 479 524 W IorapForwardingService: No service published for: iorapd
01-01 08:00:20.265 1 1 I zram0 : detected capacity change from 0 to 1541578752
06-25 14:28:16.272 680 680 D Tonal : Tonal Palette - index: 4. Main color: ff1e447a
06-25 14:28:16.272 680 680 D Tonal : Colors: ff060d1a, ff0b162e, ff102343, ff17305c, ff1e447a, ff254a99, ff2d58b7, ff6180c3, ff6f8adc, ff889ce2, ffa5b0e9, ffced4f3, ffeaedfa
06-25 14:28:16.273 680 680 D Tonal : Gradients:
06-25 14:28:16.273 680 680 D Tonal : Normal GradientColors(ff1e447a, ff1e447a)
06-25 14:28:16.273 680 680 D Tonal : Dark GradientColors(ff17305c, ff17305c)
06-25 14:28:16.273 680 680 D Tonal : Extra dark: GradientColors(ff102343, ff102343)
06-25 14:28:16.273 680 680 D Tonal : Tonal Palette - index: 4. Main color: ff1e447a
06-25 14:28:16.273 680 680 D Tonal : Colors: ff060d1a, ff0b162e, ff102343, ff17305c, ff1e447a, ff254a99, ff2d58b7, ff6180c3, ff6f8adc, ff889ce2, ffa5b0e9, ffced4f3, ffeaedfa
06-25 14:28:16.273 680 680 D Tonal : Gradients:
06-25 14:28:16.273 680 680 D Tonal : Normal GradientColors(ff1e447a, ff1e447a)
06-25 14:28:16.273 680 680 D Tonal : Dark GradientColors(ff17305c, ff17305c)
06-25 14:28:16.273 680 680 D Tonal : Extra dark: GradientColors(ff102343, ff102343)
01-01 08:00:20.328 1 1 I mkswap : Swapspace size: 1505444k, UUID=fabf90dd-7fe9-45eb-a6d0-2cd1969fa13d
06-25 14:28:16.326 316 316 D XiriService: check file name: /data/data/com.android.cts.priv.ctsshim/lib
06-25 14:28:16.324 316 316 I xiriservice_All: type=1400 audit(0.0:404): avc: denied { search } for name="com.android.cts.priv.ctsshim" dev="mmcblk0p25" ino=567 scontext=u:r:init:s0 tcontext=u:object_r:privapp_data_file:s0:c512,c768 tclass=dir permissive=1
06-25 14:28:16.324 316 316 I xiriservice_All: type=1400 audit(0.0:405): avc: denied { read } for name="lib" dev="mmcblk0p25" ino=37367 scontext=u:r:init:s0 tcontext=u:object_r:privapp_data_file:s0:c512,c768 tclass=lnk_file permissive=1
06-25 14:28:16.328 316 316 D XiriService: check file name: /data/data/com.android.cts.priv.ctsshim/lib
06-25 14:28:16.328 316 316 D XiriService: check file name: /data/data/com.android.dynsystem/lib
06-25 14:28:16.324 316 316 I xiriservice_All: type=1400 audit(0.0:406): avc: denied { search } for name="com.android.dynsystem" dev="mmcblk0p25" ino=575 scontext=u:r:init:s0 tcontext=u:object_r:system_app_data_file:s0 tclass=dir permissive=1
06-25 14:28:16.324 316 316 I xiriservice_All: type=1400 audit(0.0:407): avc: denied { read } for name="lib" dev="mmcblk0p25" ino=37369 scontext=u:r:init:s0 tcontext=u:object_r:system_app_data_file:s0 tclass=lnk_file permissive=1
06-25 14:28:16.329 316 316 D XiriService: check file name: /data/data/com.android.dynsystem/lib
06-25 14:28:16.329 316 316 D XiriService: check file name: /data/data/com.dangbei.lerad.rocky/lib
06-25 14:28:16.331 316 316 D XiriService: check file name: /data/data/com.dangbei.lerad.rocky/lib
06-25 14:28:16.331 316 316 D XiriService: check file name: /data/data/com.tencent.start.tv/lib
06-25 14:28:16.328 316 316 I xiriservice_All: type=1400 audit(0.0:408): avc: denied { search } for name="com.tencent.start.tv" dev="mmcblk0p25" ino=34196 scontext=u:r:init:s0 tcontext=u:object_r:app_data_file:s0:c84,c256,c512,c768 tclass=dir permissive=1
06-25 14:28:16.328 316 316 I xiriservice_All: type=1400 audit(0.0:409): avc: denied { read } for name="lib" dev="mmcblk0p25" ino=37633 scontext=u:r:init:s0 tcontext=u:object_r:app_data_file:s0:c84,c256,c512,c768 tclass=lnk_file permissive=1
06-25 14:28:16.333 316 316 D XiriService: check file name: /data/data/com.tencent.start.tv/lib
06-25 14:28:16.334 316 316 D XiriService: check file name: /data/data/com.android.tv.settings/lib
06-25 14:28:16.335 316 316 D XiriService: check file name: /data/data/com.xiaodianshi.tv.yst/lib
06-25 14:28:16.332 316 316 I xiriservice_All: type=1400 audit(0.0:410): avc: denied { search } for name="com.xiaodianshi.tv.yst" dev="mmcblk0p25" ino=33503 scontext=u:r:init:s0 tcontext=u:object_r:app_data_file:s0:c512,c768 tclass=dir permissive=1
06-25 14:28:16.332 316 316 I xiriservice_All: type=1400 audit(0.0:411): avc: denied { read } for name="lib" dev="mmcblk0p25" ino=37375 scontext=u:r:init:s0 tcontext=u:object_r:app_data_file:s0:c512,c768 tclass=lnk_file permissive=1
01-01 08:00:20.351 1 1 I : Adding 1505444k swap on /dev/block/zram0. Priority:-2 extents:1 across:1505444k SS
06-25 14:28:16.338 316 316 D XiriService: check file name: /data/data/com.xiaodianshi.tv.yst/lib
06-25 14:28:16.336 1031 1031 I init : type=1400 audit(0.0:412): avc: denied { entrypoint } for path="/system/bin/appsdisable" dev="dm-0" ino=892 scontext=u:r:shell:s0 tcontext=u:object_r:system_file:s0 tclass=file permissive=1
06-25 14:28:16.341 316 316 D XiriService: check file name: /data/data/com.oranth.factory/lib
06-25 14:28:16.342 316 316 D XiriService: check file name: /data/data/com.oranth.factory/lib
06-25 14:28:16.342 316 316 D XiriService: check file name: /data/data/com.dangbei.zhushou.os/lib
06-25 14:28:16.342 316 316 D XiriService: check file name: /data/data/com.sohu.inputmethod.sogou.tv/lib
06-25 14:28:16.340 316 316 I xiriservice_All: type=1400 audit(0.0:413): avc: denied { search } for name="com.sohu.inputmethod.sogou.tv" dev="mmcblk0p25" ino=1406 scontext=u:r:init:s0 tcontext=u:object_r:app_data_file:s0:c48,c256,c512,c768 tclass=dir permissive=1
06-25 14:28:16.340 316 316 I xiriservice_All: type=1400 audit(0.0:414): avc: denied { read } for name="lib" dev="mmcblk0p25" ino=37642 scontext=u:r:init:s0 tcontext=u:object_r:app_data_file:s0 tclass=lnk_file permissive=1
06-25 14:28:16.343 316 316 D XiriService: check file name: /data/data/com.sohu.inputmethod.sogou.tv/lib
06-25 14:28:16.340 316 316 I xiriservice_All: type=1400 audit(0.0:415): avc: denied { read } for name="lib" dev="mmcblk0p25" ino=37642 scontext=u:r:init:s0 tcontext=u:object_r:app_data_file:s0:c48,c256,c512,c768 tclass=lnk_file permissive=1
06-25 14:28:16.345 316 316 D XiriService: check file name: /data/data/com.oranth.ledstatus/lib
06-25 14:28:16.346 316 316 D XiriService: check file name: /data/data/com.oranth.ledstatus/lib
06-25 14:28:16.346 316 316 D XiriService: check file name: /data/data/com.ktcp.video/lib
06-25 14:28:16.348 316 316 D XiriService: check file name: /data/data/com.ktcp.video/lib
06-25 14:28:16.349 316 316 D XiriService: check file name: /data/data/com.dangbei.lerad.videoposter/lib
06-25 14:28:16.352 316 316 D XiriService: check file name: /data/data/com.dangbei.lerad.videoposter/lib
06-25 14:28:16.355 316 316 D XiriService: check file name: /data/data/com.android.networkstack/lib
06-25 14:28:16.352 316 316 I xiriservice_All: type=1400 audit(0.0:416): avc: denied { read } for name="lib" dev="mmcblk0p25" ino=37651 scontext=u:r:init:s0 tcontext=u:object_r:radio_data_file:s0 tclass=lnk_file permissive=1
06-25 14:28:16.358 316 316 D XiriService: check file name: /data/data/com.android.networkstack/lib
06-25 14:28:16.358 316 316 D XiriService: check file name: /data/data/android/lib
06-25 14:28:16.358 316 316 D XiriService: check file name: /data/data/com.dangbei.screencast/lib
06-25 14:28:16.363 316 316 D XiriService: check file name: /data/data/com.dangbei.screencast/lib
06-25 14:28:16.364 316 316 D XiriService: check file name: /data/data/com.dangbei.leard.leradlauncher/lib
06-25 14:28:16.365 316 316 D XiriService: check file name: /data/data/com.dangbei.leard.leradlauncher/lib
06-25 14:28:16.365 316 316 D XiriService: check file name: /data/data/com.android.providers.settings/lib
06-25 14:28:16.369 316 316 D XiriService: check file name: /data/data/com.android.providers.settings/lib
06-25 14:28:16.370 316 316 D XiriService: check file name: /data/data/com.android.printspooler/lib
06-25 14:28:16.368 316 316 I xiriservice_All: type=1400 audit(0.0:417): avc: denied { search } for name="com.android.printspooler" dev="mmcblk0p25" ino=935 scontext=u:r:init:s0 tcontext=u:object_r:app_data_file:s0:c41,c256,c512,c768 tclass=dir permissive=1
06-25 14:28:16.368 316 316 I xiriservice_All: type=1400 audit(0.0:418): avc: denied { read } for name="lib" dev="mmcblk0p25" ino=37397 scontext=u:r:init:s0 tcontext=u:object_r:app_data_file:s0:c41,c256,c512,c768 tclass=lnk_file permissive=1
06-25 14:28:16.372 316 316 D XiriService: check file name: /data/data/com.android.printspooler/lib
06-25 14:28:16.378 316 316 D XiriService: check file name: /data/data/com.starcor.mango/lib
06-25 14:28:16.381 316 316 D XiriService: check file name: /data/data/com.starcor.mango/lib
06-25 14:28:16.381 316 316 D XiriService: check file name: /data/data/com.android.webview/lib
06-25 14:28:16.376 316 316 I xiriservice_All: type=1400 audit(0.0:419): avc: denied { search } for name="com.starcor.mango" dev="mmcblk0p25" ino=33241 scontext=u:r:init:s0 tcontext=u:object_r:app_data_file:s0:c78,c256,c512,c768 tclass=dir permissive=1
06-25 14:28:16.376 316 316 I xiriservice_All: type=1400 audit(0.0:420): avc: denied { read } for name="lib" dev="mmcblk0p25" ino=37398 scontext=u:r:init:s0 tcontext=u:object_r:app_data_file:s0:c78,c256,c512,c768 tclass=lnk_file permissive=1
06-25 14:28:16.380 316 316 I xiriservice_All: type=1400 audit(0.0:421): avc: denied { search } for name="com.android.webview" dev="mmcblk0p25" ino=951 scontext=u:r:init:s0 tcontext=u:object_r:app_data_file:s0:c60,c256,c512,c768 tclass=dir permissive=1
06-25 14:28:16.380 316 316 I xiriservice_All: type=1400 audit(0.0:422): avc: denied { read } for name="lib" dev="mmcblk0p25" ino=37400 scontext=u:r:init:s0 tcontext=u:object_r:app_data_file:s0:c60,c256,c512,c768 tclass=lnk_file permissive=1
06-25 14:28:16.383 316 316 D XiriService: check file name: /data/data/com.android.webview/lib
06-25 14:28:16.384 316 316 D XiriService: check file name: /data/data/com.android.inputdevices/lib
06-25 14:28:16.386 680 994 V WallpaperService: Setting wallpaper dimming: 0.05
06-25 14:28:16.387 316 316 D XiriService: check file name: /data/data/com.android.inputdevices/lib
06-25 14:28:16.387 316 316 D XiriService: check file name: /data/data/com.android.bips/lib
06-25 14:28:16.391 316 316 D XiriService: check file name: /data/data/com.android.bips/lib
06-25 14:28:16.391 316 316 D XiriService: check file name: /data/data/com.oranth.inputmacsn/lib
06-25 14:28:16.393 316 316 D XiriService: check file name: /data/data/com.tencent.karaoketv/lib
06-25 14:28:16.388 316 316 I xiriservice_All: type=1400 audit(0.0:423): avc: denied { search } for name="com.tencent.karaoketv" dev="mmcblk0p25" ino=34033 scontext=u:r:init:s0 tcontext=u:object_r:app_data_file:s0:c83,c256,c512,c768 tclass=dir permissive=1
06-25 14:28:16.394 316 316 D XiriService: check file name: /data/data/com.tencent.karaoketv/lib
06-25 14:28:16.392 316 316 I xiriservice_All: type=1400 audit(0.0:424): avc: denied { read } for name="lib" dev="mmcblk0p25" ino=37667 scontext=u:r:init:s0 tcontext=u:object_r:app_data_file:s0:c83,c256,c512,c768 tclass=lnk_file permissive=1
06-25 14:28:16.394 316 316 D XiriService: check file name: /data/data/com.tencent.karaoketv/lib
06-25 14:28:16.398 316 316 D XiriService: check file name: /data/data/com.tencent.karaoketv/lib
06-25 14:28:16.399 316 316 D XiriService: check file name: /data/data/com.dangbei.hqmedia/lib
06-25 14:28:16.396 316 316 I xiriservice_All: type=1400 audit(0.0:425): avc: denied { search } for name="com.dangbei.hqmedia" dev="mmcblk0p25" ino=3095 scontext=u:r:init:s0 tcontext=u:object_r:app_data_file:s0:c76,c256,c512,c768 tclass=dir permissive=1
06-25 14:28:16.400 316 316 I xiriservice_All: type=1400 audit(0.0:426): avc: denied { read } for name="lib" dev="mmcblk0p25" ino=37671 scontext=u:r:init:s0 tcontext=u:object_r:app_data_file:s0:c76,c256,c512,c768 tclass=lnk_file permissive=1
