06-25 14:28:22.987 1273 1273 W System.err: at android.os.Parcel.readException(Parcel.java:2392)
06-25 14:28:22.987 1273 1273 W System.err: at android.os.Parcel.readException(Parcel.java:2334)
06-25 14:28:22.987 1273 1273 W System.err: at android.content.IContentService$Stub$Proxy.registerContentObserver(IContentService.java:1235)
06-25 14:28:22.987 1273 1273 W System.err: at android.content.ContentResolver.registerContentObserver(ContentResolver.java:2672)
06-25 14:28:22.987 1273 1273 W System.err: at android.content.ContentResolver.registerContentObserver(ContentResolver.java:2660)
06-25 14:28:22.987 1273 1273 W System.err: at bl.mh.a(BiliRemoteDeviceInfoHelper.kt:4)
06-25 14:28:22.987 1273 1273 W System.err: at com.bilibili.lib.biliid.internal.buvid.refactor.CustomizedBuvidHelper.setObserver(CustomizedBuvidHelper.kt:3)
06-25 14:28:22.987 1273 1273 W System.err: at com.xiaodianshi.tv.yst.support.TvUtils.getBuvid(TvUtils.kt:1)
06-25 14:28:22.987 1273 1273 W System.err: at com.xiaodianshi.tv.yst.support.b$c.invoke(BiliInitHelper.kt:2)
06-25 14:28:22.987 1273 1273 W System.err: at com.xiaodianshi.tv.yst.support.b$c.invoke(BiliInitHelper.kt:1)
06-25 14:28:22.987 1273 1273 W System.err: at com.bilibili.lib.blconfig.internal.c.c(Unknown Source:2)
06-25 14:28:22.987 1273 1273 W System.err: at com.bilibili.lib.blconfig.internal.f.c(AB.kt:17)
06-25 14:28:22.987 1273 1273 W System.err: at com.bilibili.lib.blconfig.internal.a$a$b.invoke(AB.kt:2)
06-25 14:28:22.987 1273 1273 W System.err: at com.bilibili.lib.blconfig.internal.a$a$b.invoke(AB.kt:1)
06-25 14:28:22.987 1273 1273 W System.err: at kotlin.SynchronizedLazyImpl.getValue(LazyJVM.kt:5)
06-25 14:28:22.988 1273 1273 W System.err: at com.bilibili.lib.blconfig.internal.a$a.a(Unknown Source:7)
06-25 14:28:22.988 1273 1273 W System.err: at com.bilibili.lib.blconfig.internal.a$a.b(AB.kt:2)
06-25 14:28:22.988 1273 1273 W System.err: at com.bilibili.lib.blconfig.internal.a$a.invoke(Unknown Source:0)
06-25 14:28:22.988 1273 1273 W System.err: at com.bilibili.lib.blconfig.internal.b.f(AB.kt:7)
06-25 14:28:22.988 1273 1273 W System.err: at com.bilibili.lib.blconfig.internal.b.invoke(Unknown Source:4)
06-25 14:28:22.988 1273 1273 W System.err: at bl.ms3.get(Unknown Source:7)
06-25 14:28:22.988 1273 1273 W System.err: at bl.h52.p(Unknown Source:10)
06-25 14:28:22.988 1273 1273 W System.err: at com.xiaodianshi.tv.yst.startup.StartupTaskHelper$thinConfig$2.invoke(StartupTaskHelper.kt:1)
06-25 14:28:22.988 1273 1273 W System.err: at com.xiaodianshi.tv.yst.startup.StartupTaskHelper$thinConfig$2.invoke(StartupTaskHelper.kt:2)
06-25 14:28:22.988 1273 1273 W System.err: at kotlin.SynchronizedLazyImpl.getValue(LazyJVM.kt:5)
06-25 14:28:22.988 1273 1273 W System.err: at com.xiaodianshi.tv.yst.startup.StartupTaskHelper.getThinConfig(Unknown Source:2)
06-25 14:28:22.988 1273 1273 W System.err: at com.xiaodianshi.tv.yst.support.a.a(BThreadPoolHelper.kt:1)
06-25 14:28:22.988 1273 1273 W System.err: at com.xiaodianshi.tv.yst.startup.StartupTaskHelper.serialInitial(StartupTaskHelper.kt:3)
06-25 14:28:22.988 1273 1273 W System.err: at com.xiaodianshi.tv.yst.startup.StartupTaskHelper.onCreate(StartupTaskHelper.kt:12)
06-25 14:28:22.988 1273 1273 W System.err: at com.xiaodianshi.tv.yst.MainApplication.onCreate(MainApplication.java:6)
06-25 14:28:22.988 1273 1273 W System.err: at android.app.Instrumentation.callApplicationOnCreate(Instrumentation.java:1211)
06-25 14:28:22.988 1273 1273 W System.err: at android.app.ActivityThread.handleBindApplication(ActivityThread.java:6740)
06-25 14:28:22.988 1273 1273 W System.err: at android.app.ActivityThread.access$1500(ActivityThread.java:247)
06-25 14:28:22.988 1273 1273 W System.err: at android.app.ActivityThread$H.handleMessage(ActivityThread.java:2053)
06-25 14:28:22.988 1273 1273 W System.err: at android.os.Handler.dispatchMessage(Handler.java:106)
06-25 14:28:22.988 1273 1273 W System.err: at android.os.Looper.loopOnce(Looper.java:201)
06-25 14:28:22.988 1273 1273 W System.err: at android.os.Looper.loop(Looper.java:288)
06-25 14:28:22.988 1273 1273 W System.err: at android.app.ActivityThread.main(ActivityThread.java:7854)
06-25 14:28:22.988 1273 1273 W System.err: at java.lang.reflect.Method.invoke(Native Method)
06-25 14:28:22.988 1273 1273 W System.err: at com.android.internal.os.RuntimeInit$MethodAndArgsCaller.run(RuntimeInit.java:548)
06-25 14:28:22.988 1273 1273 W System.err: at com.android.internal.os.ZygoteInit.main(ZygoteInit.java:1182)
06-25 14:28:22.988 1273 1273 W System.err: Caused by: android.os.RemoteException: Remote stack trace:
06-25 14:28:22.988 1273 1273 W System.err: at com.android.server.content.ContentService.registerContentObserver(ContentService.java:357)
06-25 14:28:22.988 1273 1273 W System.err: at android.content.IContentService$Stub.onTransact(IContentService.java:484)
06-25 14:28:22.988 1273 1273 W System.err: at android.os.Binder.execTransactInternal(Binder.java:1179)
06-25 14:28:22.988 1273 1273 W System.err: at android.os.Binder.execTransact(Binder.java:1143)
06-25 14:28:22.991 386 398 I adbd : jdwp connection from 1825
06-25 14:28:22.998 1273 1273 I buvid : Buvid get from blkv:com.xiaodianshi.tv.yst,sid:XY4127A4ECC9CF8B11650E82EE0240FF95CFD
06-25 14:28:23.003 479 618 W BestClock: java.time.DateTimeException: Missing NTP fix
06-25 14:28:23.028 1312 1312 D RockyManager: switchWakeIsAllow isQuitBootGuide: true isBtMode: false
06-25 14:28:23.028 1312 1312 D RockyManager: switchWakeIsAllow isAllowFarWake: true
06-25 14:28:23.042 479 609 W BestClock: java.time.DateTimeException: Missing NTP fix
01-01 08:00:27.080 1352 1352 W audit : audit_lost=163 audit_rate_limit=5 audit_backlog_limit=64
01-01 08:00:27.080 1352 1352 E audit : rate limit exceeded
06-25 14:28:23.054 479 609 W BestClock: java.time.DateTimeException: Missing NTP fix
06-25 14:28:23.053 1273 1847 W ConfigManager.DefaultFactory: Request failed
06-25 14:28:23.083 479 811 D CompatibilityChangeReporter: Compat change id reported: 168419799; UID 1000; state: DISABLED
06-25 14:28:23.085 1273 1273 E ActivityThread: Failed to find provider info for com.bili.xds.sdk.bilidev.provider
06-25 14:28:23.086 1273 1273 I getBuvid: use cached buvid
06-25 14:28:23.089 1273 1273 D BiliDeviceInfoProvider: insert uri=content://com.bili.xds.bilidev.provider | values=xds@buvid=XY4127A4ECC9CF8B11650E82EE0240FF95CFD xds@buvid_update=1
06-25 14:28:23.098 657 657 E WifiHAL : wifi_get_link_stats: requestResponse Error:-5
06-25 14:28:23.099 479 611 E WifiVendorHal: getWifiLinkLayerStats_1_5_Internal(l.1191) failed {.code = ERROR_INVALID_ARGS, .description = }
06-25 14:28:23.116 790 975 D DhcpClient: l2key: Wd584830ee1ca39b4 lease address: /192.168.3.161 lease expiry: 1750836503660 current time: 1750832903115
06-25 14:28:23.139 479 811 W ActivityManager: Slow operation: 60ms so far, now at attachApplicationLocked: after mServices.attachApplicationLocked
06-25 14:28:23.144 479 811 W ActivityManager: Slow operation: 65ms so far, now at attachApplicationLocked: after sendPendingBroadcastsLocked
06-25 14:28:23.152 1825 1825 D CompatibilityChangeReporter: Compat change id reported: 171979766; UID 1000; state: ENABLED
06-25 14:28:23.153 790 975 D DhcpClient: Broadcasting DHCPREQUEST ciaddr=0.0.0.0 request=192.168.3.161 serverid=null
06-25 14:28:23.164 1273 1273 I getBuvid: start5
06-25 14:28:23.196 185 185 I hwservicemanager: Since android.hardware.drm@1.0::IDrmFactory/clearkey is not registered, trying to start it as a lazy HAL.
06-25 14:28:23.202 185 185 I hwservicemanager: Since android.hardware.drm@1.0::IDrmFactory/clearkey is not registered, trying to start it as a lazy HAL.
06-25 14:28:23.206 1273 1862 I HidlServiceManagement: getService: Trying again for android.hardware.drm@1.0::IDrmFactory/clearkey...
06-25 14:28:23.208 790 975 D DhcpClient: Received packet: b4:2f:03:15:e8:b9 ACK: your new IP /192.168.3.161, netmask /255.255.254.0, gateways [/192.168.3.1] DNS servers: /202.96.134.133 /202.96.128.166 , lease time 3600
06-25 14:28:23.212 790 975 D DhcpClient: Confirmed lease: android.net.networkstack.DhcpResults@406c6b2 DHCP server /192.168.3.1 Vendor info null lease 3600 seconds Servername
01-01 08:00:27.225 1 1 I init : starting service 'vendor.drm-clearkey-hal-1-4'...
06-25 14:28:23.261 1312 1312 D RockyReceiver: action: android.net.wifi.STATE_CHANGE
06-25 14:28:23.262 479 811 E ConnectivityService: Exception = android.content.pm.PackageManager$NameNotFoundException: android.net.cts
06-25 14:28:23.266 479 524 W IorapForwardingService: No service published for: iorapd
06-25 14:28:23.279 248 309 E Netd : no such netId 100
06-25 14:28:23.280 479 618 E ConnectivityService: Exception in networkAddRouteParcel for non-gateway: android.os.ServiceSpecificException: Machine is not on the network (code 64)
06-25 14:28:23.280 248 309 E Netd : no such netId 100
06-25 14:28:23.282 479 811 D ConnectivityService: requestNetwork for uid/pid:10079/1273 activeRequest: null callbackRequest: 31 [NetworkRequest [ REQUEST id=32, [ Capabilities: INTERNET&NOT_RESTRICTED&TRUSTED&NOT_VCN_MANAGED Uid: 10079 RequestorUid: 10079 RequestorPkg: com.xiaodianshi.tv.yst] ]] callback flags: 0 priority: 2147483647
06-25 14:28:23.286 479 618 E ConnectivityService: Exception in networkAddRouteParcel for gateway: android.os.ServiceSpecificException: Machine is not on the network (code 64)
06-25 14:28:23.352 479 618 W BestClock: java.time.DateTimeException: Missing NTP fix
06-25 14:28:23.367 1312 1312 D RockyReceiver: action: android.net.wifi.STATE_CHANGE
06-25 14:28:23.370 479 582 E ConnectivityService: Exception = android.content.pm.PackageManager$NameNotFoundException: android.net.cts
06-25 14:28:23.371 1867 1867 I HidlLazyUtils: Registering HAL: android.hardware.drm@1.4::IDrmFactory with name: clearkey
06-25 14:28:23.371 1867 1867 E cutils-trace: Error opening trace file: No such file or directory (2)
06-25 14:28:23.395 1867 1867 I HidlServiceManagement: Registered android.hardware.drm@1.4::IDrmFactory/clearkey
06-25 14:28:23.395 1867 1867 I HidlServiceManagement: Removing namespace from process name android.hardware.drm@1.4-service-lazy.clearkey to drm@1.4-service-lazy.clearkey.
06-25 14:28:23.397 1867 1867 I HidlLazyUtils: Registering HAL: android.hardware.drm@1.4::ICryptoFactory with name: clearkey
06-25 14:28:23.398 1867 1867 I HidlServiceManagement: Registered android.hardware.drm@1.4::ICryptoFactory/clearkey
06-25 14:28:23.399 1867 1867 I HidlServiceManagement: Removing namespace from process name android.hardware.drm@1.4-service-lazy.clearkey to drm@1.4-service-lazy.clearkey.
06-25 14:28:23.399 479 618 W BestClock: java.time.DateTimeException: Missing NTP fix
06-25 14:28:23.402 479 609 W BestClock: java.time.DateTimeException: Missing NTP fix
06-25 14:28:23.403 479 609 W BestClock: java.time.DateTimeException: Missing NTP fix
06-25 14:28:23.403 185 185 I hw-BpHwBinder: onLastStrongRef automatically unlinking death recipients
06-25 14:28:23.407 185 185 I hwservicemanager: Since android.hardware.drm@1.0::IDrmFactory/widevine is not registered, trying to start it as a lazy HAL.
06-25 14:28:23.415 479 618 D ConnectivityService: NetReassign [no changes]
06-25 14:28:23.415 185 185 I hwservicemanager: Since android.hardware.drm@1.0::IDrmFactory/widevine is not registered, trying to start it as a lazy HAL.
06-25 14:28:23.416 1273 1862 I HidlServiceManagement: getService: Trying again for android.hardware.drm@1.0::IDrmFactory/widevine...
06-25 14:28:23.415 479 654 D PPPOE : got request NetworkRequest [ REQUEST id=32, [ Capabilities: INTERNET&NOT_RESTRICTED&TRUSTED&NOT_VCN_MANAGED Uid: 10079 RequestorUid: 10079 RequestorPkg: com.xiaodianshi.tv.yst] ]
06-25 14:28:23.416 479 653 D Ethernet: got request NetworkRequest [ REQUEST id=32, [ Capabilities: INTERNET&NOT_RESTRICTED&TRUSTED&NOT_VCN_MANAGED Uid: 10079 RequestorUid: 10079 RequestorPkg: com.xiaodianshi.tv.yst] ]
06-25 14:28:23.417 479 653 D EthernetNetworkFactory: acceptRequest, request: NetworkRequest [ REQUEST id=32, [ Capabilities: INTERNET&NOT_RESTRICTED&TRUSTED&NOT_VCN_MANAGED Uid: 10079 RequestorUid: 10079 RequestorPkg: com.xiaodianshi.tv.yst] ]
06-25 14:28:23.417 479 653 I EthernetNetworkFactory: networkForRequest, request: NetworkRequest [ REQUEST id=32, [ Capabilities: INTERNET&NOT_RESTRICTED&TRUSTED&NOT_VCN_MANAGED Uid: 10079 RequestorUid: 10079 RequestorPkg: com.xiaodianshi.tv.yst] ], network: null
06-25 14:28:23.419 479 618 D ConnectivityService: NetReassign [no changes]
06-25 14:28:23.432 479 618 D ConnectivityService: Setting DNS servers for network 100 to [/202.96.134.133, /202.96.128.166]
06-25 14:28:23.434 1825 1825 V GraphicsEnvironment: ANGLE Developer option for 'com.android.packageinstaller' set to: 'default'
06-25 14:28:23.434 1825 1825 V GraphicsEnvironment: Neither updatable production driver nor prerelease driver is supported.
06-25 14:28:23.443 1273 1273 I cr_BiliCrLibraryLoader: BiliCr version: 88.0.4324.188, arch: armv8l
06-25 14:28:23.445 1273 1273 W chromium: [0625/142823.444413:WARNING:httpdns_adapter.cc(320)] HttpDns init
06-25 14:28:23.450 1825 1825 D NetworkSecurityConfig: No Network Security Config specified, using platform default
06-25 14:28:23.451 1825 1825 D NetworkSecurityConfig: No Network Security Config specified, using platform default
06-25 14:28:23.462 1516 1529 I d.process.medi: Background young concurrent copying GC freed 9626(550KB) AllocSpace objects, 0(0B) LOS objects, 88% free, 3049KB/26MB, paused 141us total 444.086ms
06-25 14:28:23.469 479 618 W BestClock: java.time.DateTimeException: Missing NTP fix
06-25 14:28:23.494 367 367 D dom2reg : timezone change, new: Etc/GMT-8, pre:
06-25 14:28:23.494 367 367 W dom2reg : timezone [Etc/GMT-8] not in default tables, please check!
06-25 14:28:23.502 790 975 D DhcpClient: Scheduling renewal in 1799s
06-25 14:28:23.502 790 975 D DhcpClient: Scheduling rebind in 3149s
06-25 14:28:23.502 790 975 D DhcpClient: Scheduling expiry in 3599s
01-01 08:00:27.520 409 409 W hdr10p_Configure: 233 callbacks suppressed
01-01 08:00:27.520 409 409 I : DVI mode selected: packets not configured
01-01 08:00:27.520 409 409 W set_vsif_config: 233 callbacks suppressed
01-01 08:00:27.520 409 409 I : Error: set vsif failed
06-25 14:28:23.519 479 618 W BestClock: java.time.DateTimeException: Missing NTP fix
06-25 14:28:23.522 479 609 W BestClock: java.time.DateTimeException: Missing NTP fix
06-25 14:28:23.523 479 609 W BestClock: java.time.DateTimeException: Missing NTP fix
06-25 14:28:23.532 479 618 D ConnectivityService: [100 WIFI] EVENT_NETWORK_INFO_CHANGED, going from CONNECTING to CONNECTED
01-01 08:00:27.553 409 409 I : DVI mode selected: packets not configured
01-01 08:00:27.553 409 409 I : Error: set vsif failed
06-25 14:28:23.542 479 806 D CompatibilityChangeReporter: Compat change id reported: 135634846; UID 10073; state: DISABLED
06-25 14:28:23.545 479 806 D CompatibilityChangeReporter: Compat change id reported: 177438394; UID 10073; state: DISABLED
06-25 14:28:23.550 479 806 D CompatibilityChangeReporter: Compat change id reported: 135772972; UID 10073; state: DISABLED
06-25 14:28:23.552 1273 1273 I TribeFawkes: CheckSystemTimeHelper.check()false
06-25 14:28:23.554 479 806 D CompatibilityChangeReporter: Compat change id reported: 135754954; UID 10073; state: DISABLED
06-25 14:28:23.555 479 611 W WifiScoreReport: Cannot start external scoring netId=100 currentNetId=100 currentNetCapabilities=[ Transports: WIFI Capabilities: NOT_METERED&INTERNET&NOT_RESTRICTED&TRUSTED&NOT_VPN&NOT_ROAMING&NOT_CONGESTED&NOT_SUSPENDED&NOT_VCN_MANAGED LinkUpBandwidth>=12000Kbps LinkDnBandwidth>=60000Kbps Specifier: TransportInfo: SignalStrength: -47 OwnerUid: 10025 AdminUids: [10025] SSID: "DZNB"] sessionId=1008
01-01 08:00:27.577 409 409 I : DVI mode selected: packets not configured
01-01 08:00:27.577 409 409 I : Error: set vsif failed
06-25 14:28:23.556 479 537 D CompatibilityChangeReporter: Compat change id reported: 143937733; UID 10073; state: DISABLED
06-25 14:28:23.564 1273 1886 W chromium: [0625/142823.564796:WARNING:dns_config_service_posix.cc(342)] Failed to read DnsConfig.
06-25 14:28:23.577 249 249 D Zygote : Forked child process 1899
06-25 14:28:23.583 479 618 D DnsManager: sendDnsConfigurationForNetwork(100, [202.96.134.133, 202.96.128.166], [], 1800, 25, 8, 64, 0, 0, , [])
06-25 14:28:23.587 1899 1899 I Zygote : seccomp disabled by setenforce 0
06-25 14:28:23.592 479 537 W ActivityManager: Slow operation: 55ms so far, now at startProcess: returned from zygote!
06-25 14:28:23.592 1273 1273 D BLogHelper: level=4
06-25 14:28:23.596 1883 1883 I HidlLazyUtils: Registering HAL: android.hardware.drm@1.4::IDrmFactory with name: widevine
06-25 14:28:23.596 1883 1883 E cutils-trace: Error opening trace file: No such file or directory (2)
06-25 14:28:23.599 479 537 W ActivityManager: Slow operation: 62ms so far, now at startProcess: done updating battery stats
06-25 14:28:23.599 479 537 W ActivityManager: Slow operation: 62ms so far, now at startProcess: building log message
06-25 14:28:23.599 479 537 I ActivityManager: app.processName = com.android.permissioncontroller
06-25 14:28:23.599 479 537 I ActivityManager: Start proc 1899:com.android.permissioncontroller/u0a73 for broadcast {com.android.permissioncontroller/com.android.permissioncontroller.permission.service.LocationAccessCheck$SetupPeriodicBackgroundLocationAccessCheck}
06-25 14:28:23.599 479 537 W ActivityManager: Slow operation: 63ms so far, now at startProcess: starting to update pids map
06-25 14:28:23.611 479 537 W ActivityManager: Slow operation: 74ms so far, now at startProcess: done updating pids map
06-25 14:28:23.617 185 185 I hw-BpHwBinder: onLastStrongRef automatically unlinking death recipients
06-25 14:28:23.617 1883 1883 I HidlServiceManagement: Registered android.hardware.drm@1.4::IDrmFactory/widevine
06-25 14:28:23.617 1883 1883 I HidlServiceManagement: Removing namespace from process name android.hardware.drm@1.4-service-lazy.widevine to drm@1.4-service-lazy.widevine.
06-25 14:28:23.619 386 398 I adbd : jdwp connection from 1899
06-25 14:28:23.621 1883 1883 I HidlLazyUtils: Registering HAL: android.hardware.drm@1.4::ICryptoFactory with name: widevine
06-25 14:28:23.625 1883 1883 I HidlServiceManagement: Registered android.hardware.drm@1.4::ICryptoFactory/widevine
06-25 14:28:23.626 1883 1883 I HidlServiceManagement: Removing namespace from process name android.hardware.drm@1.4-service-lazy.widevine to drm@1.4-service-lazy.widevine.
06-25 14:28:23.651 479 618 W DnsManager: updatePrivateDns(100, PrivateDnsConfig{true:/[]})
06-25 14:28:23.652 479 618 D ConnectivityService: Setting DNS servers for network 100 to [/202.96.134.133, /202.96.128.166]
01-01 08:00:27.668 409 409 I : DVI mode selected: packets not configured
01-01 08:00:27.668 409 409 I : Error: set vsif failed
06-25 14:28:23.653 479 618 D DnsManager: sendDnsConfigurationForNetwork(100, [202.96.134.133, 202.96.128.166], [], 1800, 25, 8, 64, 0, 0, , [202.96.134.133, 202.96.128.166])
06-25 14:28:23.661 248 1924 W resolv : Validating DnsTlsServer 202.96.128.166 with mark 0xf0064
06-25 14:28:23.665 248 1925 W resolv : Validating DnsTlsServer 202.96.134.133 with mark 0xf0064
06-25 14:28:23.666 248 1924 W resolv : Socket failed to connect: Network is unreachable
06-25 14:28:23.666 248 1925 W resolv : Socket failed to connect: Network is unreachable
06-25 14:28:23.666 248 1924 W resolv : TCP Handshake failed: 101
06-25 14:28:23.666 248 1924 W resolv : query failed
06-25 14:28:23.666 248 1924 W resolv : validateDnsTlsServer returned 0 for 202.96.128.166
06-25 14:28:23.667 248 1925 W resolv : TCP Handshake failed: 101
06-25 14:28:23.667 248 1924 W resolv : Validation failed
06-25 14:28:23.667 248 1925 W resolv : query failed
06-25 14:28:23.667 248 1925 W resolv : validateDnsTlsServer returned 0 for 202.96.134.133
06-25 14:28:23.667 248 1925 W resolv : Validation failed
06-25 14:28:23.675 479 618 D ConnectivityService: Adding iface wlan0 to network 100
06-25 14:28:23.682 1273 1893 I chromium: [0625/142823.682445:INFO:httpdns.cc(381)] OnEffectiveConnectionTypeChanged called by httpdns context networks 1
06-25 14:28:23.684 185 185 I hwservicemanager: Notifying android.hardware.drm@1.4::IDrmFactory/clearkey they have clients: 1
06-25 14:28:23.685 1867 1867 I HidlLazyUtils: Process has 1 (of 2 available) client(s) in use after notification android.hardware.drm@1.4::IDrmFactory/clearkey has clients: 1
06-25 14:28:23.687 1273 1862 I DrmHal : found instance=clearkey version=android.hardware.drm@1.4::IDrmFactory
06-25 14:28:23.687 1273 1862 I DrmHal : found instance=widevine version=android.hardware.drm@1.4::IDrmFactory
06-25 14:28:23.688 479 811 D CompatibilityChangeReporter: Compat change id reported: 168419799; UID 10073; state: DISABLED
06-25 14:28:23.688 479 618 D ConnectivityService: Setting DNS servers for network 100 to [/202.96.134.133, /202.96.128.166]
06-25 14:28:23.689 1883 1883 I WVCdm : [app][com.xiaodianshi.tv.yst] calling virtual Return wvdrm::hardware::drm::V1_4::widevine::WVDrmFactory::createPlugin(const hidl_array &, const android::hardware::hidl_string &, android::hardware::drm::V1_4::IDrmFactory::createPlugin_cb)
06-25 14:28:23.689 1883 1883 D WVCdm : Instantiating CDM.
06-25 14:28:23.690 185 185 I hwservicemanager: Notifying android.hardware.drm@1.4::IDrmFactory/widevine they have clients: 1
06-25 14:28:23.693 479 618 D DnsManager: sendDnsConfigurationForNetwork(100, [202.96.134.133, 202.96.128.166], [], 1800, 25, 8, 64, 0, 0, , [202.96.134.133, 202.96.128.166])
06-25 14:28:23.694 1883 1883 I HidlLazyUtils: Process has 1 (of 2 available) client(s) in use after notification android.hardware.drm@1.4::IDrmFactory/widevine has clients: 1
06-25 14:28:23.695 1883 1883 D WVCdm : [cdm_engine.cpp(494):QueryStatus] security_level = Default, query_token = DeviceID
06-25 14:28:23.696 248 1929 W resolv : Validating DnsTlsServer 202.96.128.166 with mark 0xf0064
06-25 14:28:23.697 248 1930 W resolv : Validating DnsTlsServer 202.96.134.133 with mark 0xf0064
06-25 14:28:23.698 1883 1883 I WVCdm : [oemcrypto_adapter_dynamic.cpp(702):Initialize] Level 3 Build Info (v16): OEMCrypto Level3 Code 22593 May 28 2021 16:59:08
06-25 14:28:23.703 1883 1933 I WVCdm : [(0):] Level3 Library 22593 May 28 2021 16:59:08
01-01 08:00:27.720 409 409 I : DVI mode selected: packets not configured
01-01 08:00:27.720 409 409 I : Error: set vsif failed
06-25 14:28:23.742 479 811 W ActivityManager: Slow operation: 64ms so far, now at attachApplicationLocked: after sendPendingBroadcastsLocked
06-25 14:28:23.754 1883 1883 I WVCdm : [oemcrypto_adapter_dynamic.cpp(716):Initialize] L3 Initialized. Trying L1.
06-25 14:28:23.755 1883 1883 W WVCdm : [oemcrypto_adapter_dynamic.cpp(728):Initialize] Could not load liboemcrypto.so. Falling back to L3. dlopen failed: library "liboemcrypto.so" not found
06-25 14:28:23.758 1883 1883 D WVCdm : [crypto_session.cpp(350):Init] OEMCrypto version (default security level): 16.3
06-25 14:28:23.758 1883 1883 D WVCdm : [crypto_session.cpp(359):Init] OEMCrypto version (L3 security level): 16.3
06-25 14:28:23.758 1883 1883 D WVCdm : [crypto_session.cpp(809):Open] Opening crypto session: requested_security_level = Default
06-25 14:28:23.758 1883 1883 D WVCdm : [usage_table_header.cpp(162):Init] security_level = L3
06-25 14:28:23.758 1883 1883 D WVCdm : [usage_table_header.cpp(505):DetermineTableCapacity] capacity = unlimited, security_level = L3
06-25 14:28:23.760 1883 1883 I WVCdm : [usage_table_header.cpp(204):RestoreTable] Found usage table to restore: entry_count = 0
06-25 14:28:23.762 479 618 W BestClock: java.time.DateTimeException: Missing NTP fix
06-25 14:28:23.768 1899 1899 D CompatibilityChangeReporter: Compat change id reported: 171979766; UID 10073; state: DISABLED
06-25 14:28:23.769 1883 1883 D WVCdm : [cdm_engine.cpp(494):QueryStatus] security_level = Default, query_token = SecurityLevel
06-25 14:28:23.772 1883 1883 E WVCdm : [wv_content_decryption_module.cpp(426):GetMetricsInternal] Cdm Identifier not found
06-25 14:28:23.775 1883 1883 E WVCdm : [wv_content_decryption_module.cpp(486):CloseCdm] Cdm Identifier not found
06-25 14:28:23.775 1883 1883 E WVCdm : Failed to close cdm. status 12
06-25 14:28:23.777 1883 1883 I WVCdm : [(0):] L3 Terminate.
06-25 14:28:23.797 479 618 W BestClock: java.time.DateTimeException: Missing NTP fix
06-25 14:28:23.804 479 618 D ConnectivityService: NetReassign [17 : null → 100, 19 : null → 100, 1 : null → 100, 3 : null → 100, 32 : null → 100, 30 : null → 100, 28 : null → 100, 10 : null → 100, 21 : null → 100, 23 : null → 100]
06-25 14:28:23.810 479 609 W BestClock: java.time.DateTimeException: Missing NTP fix
06-25 14:28:23.813 479 609 W BestClock: java.time.DateTimeException: Missing NTP fix
06-25 14:28:23.822 790 1946 D NetworkMonitor/100: Validation disabled.
06-25 14:28:23.824 1899 1899 D ApplicationLoaders: Returning zygote-cached class loader: /system/framework/android.test.base.jar
06-25 14:28:23.848 479 618 D ConnectivityService: Switching to new default network for: uid/pid:1000/479 activeRequest: 1 callbackRequest: 1 [NetworkRequest [ REQUEST id=1, [ Capabilities: INTERNET&NOT_RESTRICTED&TRUSTED&NOT_VPN&NOT_VCN_MANAGED RequestorUid: 1000 RequestorPkg: android] ]] callback flags: 1 priority: 2147483647 using NetworkAgentInfo{network{100} handle{432902426637} ni{WIFI CONNECTED extra: } Score(60 ; KeepConnected : 0 ; Policies : TRANSPORT_PRIMARY&IS_UNMETERED) lp{{InterfaceName: wlan0 LinkAddresses: [ fe80::c175:c130:1ef1:4ed/64,192.168.3.161/23 ] DnsAddresses: [ /202.96.134.133,/202.96.128.166 ] Domains: null MTU: 0 ServerAddress: /192.168.3.1 TcpBufferSizes: 524288,1048576,2097152,262144,524288,1048576 Routes: [ fe80::/64 -> :: wlan0 mtu 0,192.168.2.0/23 -> 0.0.0.0 wlan0 mtu 0,0.0.0.0/0 -> 192.168.3.1 wlan0 mtu 0 ]}} nc{[ Transports: WIFI Capabilities: NOT_METERED&INTERNET&NOT_RESTRICTED&TRUSTED&NOT_VPN&NOT_ROAMING&FOREGROUND&NOT_CONGESTED&NOT_SUSPENDED&NOT_VCN_MANAGED LinkUpBandwidth>=12000Kbps LinkDnBandwidth>=60000Kbps Specifier: TransportInfo: SignalStrength: -47 OwnerUid: 10025 AdminUids: [10025] SSID: "DZNB"]}}
01-01 08:00:27.901 409 409 I : DVI mode selected: packets not configured
01-01 08:00:27.901 409 409 I : Error: set vsif failed
06-25 14:28:23.896 1953 1953 I pm : type=1400 audit(0.0:678): avc: denied { execute_no_trans } for path="/system/bin/cmd" dev="dm-0" ino=937 scontext=u:r:system_server:s0 tcontext=u:object_r:system_file:s0 tclass=file permissive=1
06-25 14:28:23.904 1954 1954 I pm : type=1400 audit(0.0:679): avc: denied { write search } for name="tmp" dev="mmcblk0p25" ino=85 scontext=u:r:preinstall:s0 tcontext=u:object_r:shell_data_file:s0 tclass=dir permissive=1
06-25 14:28:23.904 1954 1954 I pm : type=1400 audit(0.0:680): avc: denied { getattr } for path="/data/local/tmp" dev="mmcblk0p25" ino=85 scontext=u:r:preinstall:s0 tcontext=u:object_r:shell_data_file:s0 tclass=dir permissive=1
06-25 14:28:23.909 479 618 W BestClock: java.time.DateTimeException: Missing NTP fix
06-25 14:28:23.925 790 1801 W UnsafeUtil: platform method missing - proto runtime falling back to safer methods: java.lang.NoSuchMethodException: sun.misc.Unsafe.copyMemory [class java.lang.Object, long, class java.lang.Object, long, long]
06-25 14:28:23.931 479 1394 D WifiMemoryStoreImpl: Set cluster G78c452f8e69b0d71 for Wc68a91597186e3f0: SUCCESS
06-25 14:28:23.940 1899 1899 V GraphicsEnvironment: ANGLE Developer option for 'com.android.permissioncontroller' set to: 'default'
06-25 14:28:23.940 1899 1899 V GraphicsEnvironment: Neither updatable production driver nor prerelease driver is supported.
06-25 14:28:23.947 1899 1899 D NetworkSecurityConfig: No Network Security Config specified, using platform default
06-25 14:28:23.948 1899 1899 D NetworkSecurityConfig: No Network Security Config specified, using platform default
06-25 14:28:23.950 479 618 W BestClock: java.time.DateTimeException: Missing NTP fix
06-25 14:28:23.953 479 609 W BestClock: java.time.DateTimeException: Missing NTP fix
06-25 14:28:23.955 479 609 W BestClock: java.time.DateTimeException: Missing NTP fix
06-25 14:28:23.965 479 756 D NetworkTimeUpdateService: New default network 100; checking time.
06-25 14:28:23.972 269 269 I EventThread: type=1400 audit(0.0:681): avc: denied { search } for name="extcon" dev="sysfs" ino=18109 scontext=u:r:hal_tv_cec_default:s0 tcontext=u:object_r:sysfs_extcon:s0 tclass=dir permissive=1
06-25 14:28:23.988 479 811 D WifiMemoryStoreImpl: Set cluster G78c452f8e69b0d71 for W1563f3b60eaebbf8: SUCCESS
06-25 14:28:23.990 1899 1899 I CarUiInstaller: CarUiInstaller started for com.android.permissioncontroller
06-25 14:28:23.997 790 953 D UpstreamNetworkMonitor: New default Internet network: 100
01-01 08:00:28.068 409 409 I : DVI mode selected: packets not configured
01-01 08:00:28.068 409 409 I : Error: set vsif failed
06-25 14:28:24.028 1899 1899 W Role : Cannot get ApplicationInfo for default holder: com.android.messaging
06-25 14:28:24.039 1116 1133 I d.leradlaunche: Background concurrent copying GC freed 79613(10065KB) AllocSpace objects, 168(3488KB) LOS objects, 49% free, 7338KB/14MB, paused 232us total 2.409s
06-25 14:28:24.048 479 609 W BestClock: java.time.DateTimeException: Missing NTP fix
06-25 14:28:24.055 479 618 D ConnectivityService: Sending CONNECTED broadcast for type 1 [100 WIFI] isDefaultNetwork=true
01-01 08:00:28.090 1972 1972 W audit : audit_lost=207 audit_rate_limit=5 audit_backlog_limit=64
06-25 14:28:24.062 1273 1893 I chromium: [0625/142824.062329:INFO:httpdns.cc(381)] OnEffectiveConnectionTypeChanged called by httpdns context networks 5
06-25 14:28:24.070 1273 1893 I chromium: [0625/142824.069993:INFO:httpdns.cc(387)] OnNetworkChanged called by httpdns context networks 6
06-25 14:28:24.070 1273 1893 I chromium: [0625/142824.070228:INFO:httpdns.cc(387)] OnNetworkChanged called by httpdns context networks 2
06-25 14:28:24.071 479 618 W ContextImpl: Calling a method in the system process without a qualified user: android.app.ContextImpl.sendStickyBroadcast:1559 com.android.server.ConnectivityService.sendStickyBroadcast:2884 com.android.server.ConnectivityService.sendGeneralBroadcast:2859 com.android.server.ConnectivityService.sendConnectedBroadcast:2832 com.android.server.ConnectivityService.sendLegacyNetworkBroadcast:8784
06-25 14:28:24.074 1899 1899 I HibernationPolicy: scheduleHibernationJob with frequency 1296000000ms and threshold 7776000000ms
06-25 14:28:24.077 1899 1899 I HibernationPolicy: user 0 is a profileowner. Running hibernation job.
06-25 14:28:24.080 1899 1899 I HibernationPolicy: Job already scheduled.
06-25 14:28:24.087 1125 1125 D aaa : action:android.net.conn.CONNECTIVITY_CHANGE
06-25 14:28:24.096 1312 1312 D RockyReceiver: action: android.net.conn.CONNECTIVITY_CHANGE
06-25 14:28:24.097 479 609 W BestClock: java.time.DateTimeException: Missing NTP fix
06-25 14:28:24.098 479 609 W BestClock: java.time.DateTimeException: Missing NTP fix
06-25 14:28:24.099 479 1426 E ConnectivityService: Exception = android.content.pm.PackageManager$NameNotFoundException: android.net.cts
06-25 14:28:24.102 1312 1312 I Receiver: 网络连接成功
06-25 14:28:24.102 479 807 D CompatibilityChangeReporter: Compat change id reported: 135634846; UID 10021; state: DISABLED
06-25 14:28:24.104 479 807 D CompatibilityChangeReporter: Compat change id reported: 177438394; UID 10021; state: DISABLED
06-25 14:28:24.104 479 807 D CompatibilityChangeReporter: Compat change id reported: 135772972; UID 10021; state: DISABLED
06-25 14:28:24.105 479 807 D CompatibilityChangeReporter: Compat change id reported: 135754954; UID 10021; state: ENABLED
06-25 14:28:24.105 1116 1116 E hq : NetWorkStateReceiver:::NetWorkStateReceiver onReceive: 网络变化广播 >>>> intent.action=android.net.conn.CONNECTIVITY_CHANGE
06-25 14:28:24.068 1972 1972 I preinstall.sh: type=1400 audit(0.0:682): avc: denied { execute } for name="sh" dev="dm-0" ino=1201 scontext=u:r:system_server:s0 tcontext=u:object_r:shell_exec:s0 tclass=file permissive=1
01-01 08:00:28.091 1972 1972 E audit : rate limit exceeded
06-25 14:28:24.107 479 537 D CompatibilityChangeReporter: Compat change id reported: 143937733; UID 10021; state: ENABLED
06-25 14:28:24.107 1116 1116 E hq : NetWorkStateReceiver:::Network is available. isConnect=false 是否频次过快=false t=1750832904107
06-25 14:28:24.107 1116 1116 W eventbuscore: post Event:com.dangbei.leard.base.entity.event.NetStateEvent
06-25 14:28:24.108 1116 1116 W eventbuscore: post Event:com.dangbei.leard.base.entity.event.NetChangeEvent
06-25 14:28:24.112 1058 1058 D LanSocketServer: connect
06-25 14:28:24.113 1116 1391 D AppManager: requestBlackAndWhiteList
06-25 14:28:24.114 1116 1391 D AppListModel: requestAppFilterList: true , false
06-25 14:28:24.131 249 249 D Zygote : Forked child process 1982
06-25 14:28:24.133 479 537 I ActivityManager: app.processName = com.android.providers.calendar
06-25 14:28:24.133 479 537 I ActivityManager: Start proc 1982:com.android.providers.calendar/u0a21 for broadcast {com.android.providers.calendar/com.android.providers.calendar.CalendarReceiver}
06-25 14:28:24.143 1116 1558 D TheRouter::RouterInject: interception::===interface com.dangbei.leard.protocol.weather.CalendarManagerInterface===CalendarManager130136837
06-25 14:28:24.147 1116 1217 D yc_test : refreshWeather: null
06-25 14:28:24.148 1116 1216 E DangXiaoBeiManager: setMessageList: true
06-25 14:28:24.148 1116 1216 E hq : 当小贝:::message list add complete data.messageList:[]
06-25 14:28:24.148 1116 1216 E hq : data.tabList=[]
06-25 14:28:24.149 1116 1216 I hq : 当小贝:::showMessage from=net_change
06-25 14:28:24.149 1116 1216 I hq : 当小贝:::showMessage 没有消息需要显示
06-25 14:28:24.152 1982 1982 I Zygote : seccomp disabled by setenforce 0
06-25 14:28:24.157 479 1394 D WifiMemoryStoreImpl: Set cluster G78c452f8e69b0d71 for Waf9d7ad716a4965e: SUCCESS
06-25 14:28:24.162 479 618 W ContextImpl: Calling a method in the system process without a qualified user: android.app.ContextImpl.sendStickyBroadcast:1559 com.android.server.ConnectivityService.sendStickyBroadcast:2884 com.android.server.ConnectivityService.sendGeneralBroadcast:2859 com.android.server.ConnectivityService.sendConnectedBroadcast:2832 com.android.server.ConnectivityService.sendLegacyNetworkBroadcast:8784
06-25 14:28:24.174 1125 1125 D aaa : action:android.net.conn.CONNECTIVITY_CHANGE
06-25 14:28:24.181 1312 1312 D RockyReceiver: action: android.net.conn.CONNECTIVITY_CHANGE
06-25 14:28:24.183 479 609 W BestClock: java.time.DateTimeException: Missing NTP fix
06-25 14:28:24.185 479 609 W BestClock: java.time.DateTimeException: Missing NTP fix
06-25 14:28:24.200 479 582 E ConnectivityService: Exception = android.content.pm.PackageManager$NameNotFoundException: android.net.cts
06-25 14:28:24.217 1312 1312 I Receiver: 网络连接成功
06-25 14:28:24.220 1058 1058 W System.err: SLF4J: Failed to load class "org.slf4j.impl.StaticLoggerBinder".
06-25 14:28:24.221 1058 1058 W System.err: SLF4J: Defaulting to no-operation (NOP) logger implementation
06-25 14:28:24.221 1058 1058 W System.err: SLF4J: See http://www.slf4j.org/codes.html#StaticLoggerBinder for further details.
06-25 14:28:24.223 386 398 I adbd : jdwp connection from 1982
06-25 14:28:24.225 1058 1058 D LanSocketServer: connect /192.168.3.161:6689
06-25 14:28:24.225 1058 1058 D LanSocketServer: connect start
06-25 14:28:24.225 1058 1058 E LanCommander: onNetWorkChanged: true
06-25 14:28:24.231 479 618 D ConnectivityService: [100 WIFI] validation passed
06-25 14:28:24.239 1058 1058 E LanCommander: onNetWorkChanged: true
06-25 14:28:24.270 479 524 W IorapForwardingService: No service published for: iorapd
06-25 14:28:24.283 479 618 D ConnectivityService: Setting DNS servers for network 100 to [/202.96.134.133, /202.96.128.166]
06-25 14:28:24.284 479 618 D DnsManager: sendDnsConfigurationForNetwork(100, [202.96.134.133, 202.96.128.166], [], 1800, 25, 8, 64, 0, 0, , [202.96.134.133, 202.96.128.166])
06-25 14:28:24.291 479 618 W ContextImpl: Calling a method in the system process without a qualified user: android.app.ContextImpl.sendStickyBroadcast:1559 com.android.server.ConnectivityService.sendStickyBroadcast:2884 com.android.server.ConnectivityService.sendGeneralBroadcast:2859 com.android.server.ConnectivityService.sendInetConditionBroadcast:2836 com.android.server.ConnectivityService.updateInetCondition:8529
06-25 14:28:24.324 1058 2005 E LanCommander: onServerCreatedSuccess 192.168.3.161:6689
06-25 14:28:24.340 479 809 D CompatibilityChangeReporter: Compat change id reported: 168419799; UID 10021; state: DISABLED
06-25 14:28:24.349 1116 1590 I dangbei ad sdk: AdSplashView::show offline ad
06-25 14:28:24.369 1982 1982 D CompatibilityChangeReporter: Compat change id reported: 171979766; UID 10021; state: ENABLED
06-25 14:28:24.402 1273 1273 D BLOG-EVENT-Network: network changed: 3=>1
06-25 14:28:24.430 1273 1920 W Tribe : Can't ensureLatest on non-main Thread
06-25 14:28:24.433 1273 1920 E FawkesLaser.TaskManager: [BPool-2] mStartupTask
06-25 14:28:24.433 1273 1920 E FawkesLaser.TaskManager: java.lang.RuntimeException: cannot find implementation for com.common.bili.laser.internal.db.LaserDatabase. LaserDatabase_Impl does not exist
06-25 14:28:24.433 1273 1920 E FawkesLaser.TaskManager: at androidx.room.Room.getGeneratedImplementation(Room.java:14)
06-25 14:28:24.433 1273 1920 E FawkesLaser.TaskManager: at androidx.room.RoomDatabase$Builder.build(RoomDatabase.java:22)
06-25 14:28:24.433 1273 1920 E FawkesLaser.TaskManager: at com.common.bili.laser.internal.db.LaserDatabase$a.a(Database.kt:3)
06-25 14:28:24.433 1273 1920 E FawkesLaser.TaskManager: at com.common.bili.laser.internal.db.LaserDatabase$a.b(Database.kt:2)
06-25 14:28:24.433 1273 1920 E FawkesLaser.TaskManager: at com.common.bili.laser.internal.f$d.invoke(TaskManager.kt:1)
06-25 14:28:24.433 1273 1920 E FawkesLaser.TaskManager: at com.common.bili.laser.internal.f$d.invoke(TaskManager.kt:2)
06-25 14:28:24.433 1273 1920 E FawkesLaser.TaskManager: at kotlin.SynchronizedLazyImpl.getValue(LazyJVM.kt:5)
06-25 14:28:24.433 1273 1920 E FawkesLaser.TaskManager: at com.common.bili.laser.internal.f.i(Unknown Source:2)
06-25 14:28:24.433 1273 1920 E FawkesLaser.TaskManager: at com.common.bili.laser.internal.f.l(TaskManager.kt:1)
06-25 14:28:24.433 1273 1920 E FawkesLaser.TaskManager: at com.common.bili.laser.internal.f.b(Unknown Source:0)
06-25 14:28:24.433 1273 1920 E FawkesLaser.TaskManager: at bl.oj3.run(Unknown Source:0)
06-25 14:28:24.433 1273 1920 E FawkesLaser.TaskManager: at bl.v02.run(MonitorThreadTask.kt:5)
06-25 14:28:24.433 1273 1920 E FawkesLaser.TaskManager: at java.util.concurrent.Executors$RunnableAdapter.call(Executors.java:462)
06-25 14:28:24.433 1273 1920 E FawkesLaser.TaskManager: at java.util.concurrent.FutureTask.run(FutureTask.java:266)
06-25 14:28:24.433 1273 1920 E FawkesLaser.TaskManager: at java.util.concurrent.ScheduledThreadPoolExecutor$ScheduledFutureTask.run(ScheduledThreadPoolExecutor.java:301)
06-25 14:28:24.433 1273 1920 E FawkesLaser.TaskManager: at com.bilibili.droid.thread.e$b.run(Unknown Source:2)
06-25 14:28:24.433 1273 1920 E FawkesLaser.TaskManager: at java.util.concurrent.ThreadPoolExecutor.runWorker(ThreadPoolExecutor.java:1167)
06-25 14:28:24.433 1273 1920 E FawkesLaser.TaskManager: at java.util.concurrent.ThreadPoolExecutor$Worker.run(ThreadPoolExecutor.java:641)
06-25 14:28:24.433 1273 1920 E FawkesLaser.TaskManager: at java.lang.Thread.run(Thread.java:920)
06-25 14:28:24.450 1058 2005 E RCInfo : vid:
06-25 14:28:24.450 1058 2005 E RCInfo : pid:
06-25 14:28:24.450 1058 2005 E RCInfo : RCBrand:NA
06-25 14:28:24.451 1058 2005 E RCInfo : vid:
06-25 14:28:24.451 1058 2005 E RCInfo : pid:
06-25 14:28:24.451 1058 2005 E RCInfo : vid:
06-25 14:28:24.451 1058 2005 E RCInfo : pid:
06-25 14:28:24.451 1058 2005 E RCInfo : vid:
06-25 14:28:24.451 1058 2005 E RCInfo : pid:
06-25 14:28:24.451 1058 2005 E RCInfo : RCBrand:NA
06-25 14:28:24.452 1058 2005 E RCInfo : vid:
06-25 14:28:24.452 1058 2005 E RCInfo : pid:
06-25 14:28:24.452 1058 2005 E RCInfo : vid:
06-25 14:28:24.452 1058 2005 E RCInfo : pid:
06-25 14:28:24.466 479 809 D CompatibilityChangeReporter: Compat change id reported: 172100307; UID 10074; state: DISABLED
06-25 14:28:24.543 184 184 E SELinux : avc: denied { find } for pid=2051 uid=0 name=activity scontext=u:r:preinstall:s0 tcontext=u:object_r:activity_service:s0 tclass=service_manager permissive=1
06-25 14:28:24.552 1125 1125 D aaa : LedStatusService onStartCommand begin
06-25 14:28:24.556 1982 1982 V GraphicsEnvironment: ANGLE Developer option for 'com.android.providers.calendar' set to: 'default'
06-25 14:28:24.556 1982 1982 V GraphicsEnvironment: Neither updatable production driver nor prerelease driver is supported.
06-25 14:28:24.566 1982 1982 D NetworkSecurityConfig: No Network Security Config specified, using platform default
06-25 14:28:24.566 1125 2057 D aaa : topPkg is -------------- :com.dangbei.leard.leradlauncher
06-25 14:28:24.566 1982 1982 D NetworkSecurityConfig: No Network Security Config specified, using platform default
06-25 14:28:24.630 1125 2057 D aaa : WiFi is connect
06-25 14:28:24.641 1125 1125 D aaa : WiFi is connect
06-25 14:28:24.641 1058 2005 D getEthernetMacAddr: getEthernetMacAddr use eth0
06-25 14:28:24.660 1058 1231 D getEthernetMacAddr: getEthernetMacAddr use eth0
06-25 14:28:24.664 1125 1125 D aaa : WiFi is connect
06-25 14:28:24.685 1982 1982 I CalendarProvider2: Created com.android.providers.calendar.CalendarAlarmManager@8815285(com.android.providers.calendar.CalendarProvider2@e12d8da)
06-25 14:28:24.711 1982 2075 D CompatibilityChangeReporter: Compat change id reported: 160794467; UID 10021; state: ENABLED
06-25 14:28:24.720 1125 1125 D aaa : WiFi is connect
06-25 14:28:24.727 1125 1125 D aaa : WiFi is connect
06-25 14:28:24.728 1273 1273 E ActivityThread: Failed to find provider info for com.tcl.xian.StartandroidService.MyContentProvider
06-25 14:28:24.728 1125 1125 D aaa : LedStatusService onStartCommand begin
06-25 14:28:24.730 1125 2081 D aaa : topPkg is -------------- :com.dangbei.leard.leradlauncher
06-25 14:28:24.734 479 523 D AW_CODE : rotation =0
06-25 14:28:24.741 479 523 D AW_CODE : rotation =0
06-25 14:28:24.741 1125 2081 D aaa : WiFi is connect
06-25 14:28:24.745 479 479 W InputMethodManagerService: Illegal subtype state: old subtype = null, new subtype = android.view.inputmethod.InputMethodSubtype@129f21f8
06-25 14:28:24.747 479 523 D AW_CODE : rotation =0
06-25 14:28:24.756 479 1426 D CompatibilityChangeReporter: Compat change id reported: 143231523; UID 10021; state: DISABLED
06-25 14:28:24.758 1312 1312 I Receiver: ----------netConnectInitSDK--------------
06-25 14:28:24.759 1312 1312 D RockyNetMessageUtil: initTipsList tipEntity = TipEntity{movieType=[我想看喜剧片, 动作片, 枪战片], movie=[庆余年, 误杀, 美丽人生, 爆笑虫子, 哪吒, 小猪佩奇, 胡歌的电视剧, 张艺谋导演的电影, 切换到1080P, 收藏], appController=[打开当贝市场, 下载哈趣影视, 爱奇艺, 卸载腾讯视频], weather=[今天的天气, 未来五天的天气, 杭州天气怎么样, 明天下不下雨], music=[我要听歌, 周杰伦的歌, 上一首, 下一首, 快进一分钟, 暂停], liveAppDownload='非常抱歉,根据监管部门政策管理要求,暂不提供相应服务。', subscreen=null, wakeUpVoiceResponse=[ProbabilityEntity{word='在呢', probability=30}, ProbabilityEntity{word='我在', probability=35}, ProbabilityEntity{word='你说', probability=15}, ProbabilityEntity{word='来啦', probability=20}], unrecognizedVoiceResponse=[ProbabilityEntity{word='可以再说一遍么', probability=45}, ProbabilityEntity{word='可以说的详细一点么', probability=30}, ProbabilityEntity{word='请问有什么可以帮您', probability=25}], notUnderstandVoiceResponse=[ProbabilityEntity{word='换个说法试试吧', probability=100}]} isRequestTipSuccess = false
06-25 14:28:24.760 1312 1595 D XHttpObservable: handleRequest: start https://tyapi.qun7.com/v1/voice/getsoundshowmsg ,,, isCache = false
06-25 14:28:24.762 479 1394 D CompatibilityChangeReporter: Compat change id reported: 171306433; UID 10021; state: ENABLED
06-25 14:28:24.768 1312 1312 D RockyNetMessageUtil: initMediaControlPage pageEntity = PageEntity{list=[ContentEntity{packageName='com.dangbei.leard.leradlauncher', activityName='FilmDetailActivity'}, ContentEntity{packageName='com.dangbei.leard.leradlauncher', activityName='FullScreenDetailActivity'}, ContentEntity{packageName='com.dangbei.leard.leradlauncher', activityName='TencentSportActivity'}, ContentEntity{packageName='com.dangbei.leradVideoPlugins', activityName='FilmDetailActivity'}, ContentEntity{packageName='com.dangbei.leradVideoPlugins', activityName='FullScreenDetailActivity'}, ContentEntity{packageName='com.dangbei.leradVideoPlugins', activityName='TencentSportActivity'}, ContentEntity{packageName='com.dangbei.leradVideoPlugins', activityName='ShortPlayActivity'}, ContentEntity{packageName='com.dangbei.hqmedia', activityName='FilmDetailActivity'}, ContentEntity{packageName='com.dangbei.hqmedia', activityName='FullScreenDetailActivity'}, ContentEntity{packageName='com.dangbei.leradVideoPlugins', activityName='MangoMediaActivity'}, ContentEntity{packageName='com.dangbei.leradVideoPlugins', activityName='VcinemaActivity'}]} isRequestPageControlSuccess = false
06-25 14:28:24.770 1312 1592 D XHttpObservable: handleRequest: start https://tyapi.qun7.com/v1/voice/getResponseControlPage ,,, isCache = false
06-25 14:28:24.793 1058 2005 D getEthernetMacAddr: getEthernetMacAddr use eth0
06-25 14:28:24.795 1273 1273 E BlockInspector: [main] BlockInspector not started,because: switchSuperSpeed=true, changeByUser=false, superSpeed=false, notAllowDowngrade=true
06-25 14:28:24.810 1058 1231 D getEthernetMacAddr: getEthernetMacAddr use eth0
06-25 14:28:24.818 479 582 D WifiMemoryStoreImpl: Set cluster G78c452f8e69b0d71 for Wd584830ee1ca39b4: SUCCESS
06-25 14:28:24.822 1273 1273 I koom : max mem 512
06-25 14:28:24.866 479 806 D CompatibilityChangeReporter: Compat change id reported: 135634846; UID 10017; state: DISABLED
06-25 14:28:24.866 479 806 D CompatibilityChangeReporter: Compat change id reported: 177438394; UID 10017; state: DISABLED
06-25 14:28:24.867 479 806 D CompatibilityChangeReporter: Compat change id reported: 135772972; UID 10017; state: DISABLED
06-25 14:28:24.867 479 806 D CompatibilityChangeReporter: Compat change id reported: 135754954; UID 10017; state: ENABLED
06-25 14:28:24.868 479 537 D CompatibilityChangeReporter: Compat change id reported: 143937733; UID 10017; state: ENABLED
06-25 14:28:24.886 249 249 D Zygote : Forked child process 2094
06-25 14:28:24.895 479 537 I ActivityManager: app.processName = com.android.providers.tv
06-25 14:28:24.895 479 537 I ActivityManager: Start proc 2094:com.android.providers.tv/u0a17 for broadcast {com.android.providers.tv/com.android.providers.tv.BootCompletedReceiver}
06-25 14:28:24.898 1058 2045 W System.err: java.lang.StringIndexOutOfBoundsException
06-25 14:28:24.904 2094 2094 I Zygote : seccomp disabled by setenforce 0
06-25 14:28:24.911 1116 1558 E hq : Etna:::sendInspectLauncherUpdate
06-25 14:28:24.920 2098 2098 I tr : type=1400 audit(0.0:743): avc: denied { read } for path="/system/bin/toybox" dev="dm-0" ino=1248 scontext=u:r:preinstall:s0 tcontext=u:object_r:toolbox_exec:s0 tclass=file permissive=1
06-25 14:28:24.920 2099 2099 I tr : type=1400 audit(0.0:744): avc: denied { read } for path="/system/bin/toybox" dev="dm-0" ino=1248 scontext=u:r:preinstall:s0 tcontext=u:object_r:toolbox_exec:s0 tclass=file permissive=1
06-25 14:28:24.931 1058 1092 E ccc : cccccc SystemUpdateHelper launcherUpdate {"launcherCodeLocal":102942,"launcherCodeNet":0,"launcherVersionLocal":"2.9.4.2","launcherVersionNet":"","otaCodeLocal":0,"otaCodeNet":0,"remoteNeedUpdate":false,"updateType":""}
06-25 14:28:24.932 1600 1600 I preinstall.sh: type=1400 audit(0.0:745): avc: denied { getattr } for path="/system/bin/toolbox" dev="dm-0" ino=1245 scontext=u:r:preinstall:s0 tcontext=u:object_r:toolbox_exec:s0 tclass=file permissive=1
06-25 14:28:24.932 1600 1600 I preinstall.sh: type=1400 audit(0.0:746): avc: denied { execute } for name="toolbox" dev="dm-0" ino=1245 scontext=u:r:preinstall:s0 tcontext=u:object_r:toolbox_exec:s0 tclass=file permissive=1
06-25 14:28:24.936 1058 2045 W System.err: at java.lang.AbstractStringBuilder.delete(AbstractStringBuilder.java:760)
06-25 14:28:24.936 1058 2045 W System.err: at java.lang.StringBuilder.delete(StringBuilder.java:245)
06-25 14:28:24.936 1058 2045 W System.err: at com.etna.haqu.model.net.interceptor.RequestSignAndEncryptInterceptor.intercept(RequestSignAndEncryptInterceptor.kt:44)
06-25 14:28:24.936 1058 2045 W System.err: at okhttp3.internal.http.RealInterceptorChain.proceed(RealInterceptorChain.kt:109)
06-25 14:28:24.936 1058 2045 W System.err: at com.etna.haqu.model.net.interceptor.CommonParamsInterceptor.intercept(CommonParamsInterceptor.kt:141)
06-25 14:28:24.936 1058 2045 W System.err: at okhttp3.internal.http.RealInterceptorChain.proceed(RealInterceptorChain.kt:109)
06-25 14:28:24.936 1058 2045 W System.err: at okhttp3.internal.connection.RealCall.getResponseWithInterceptorChain$okhttp(RealCall.kt:201)
06-25 14:28:24.936 1058 2045 W System.err: at okhttp3.internal.connection.RealCall.execute(RealCall.kt:154)
06-25 14:28:24.936 1058 2045 W System.err: at retrofit2.OkHttpCall.execute(OkHttpCall.java:204)
06-25 14:28:24.936 1058 2045 W System.err: at com.etna.haqu.support.network.call_adapter.flow.sync.BodyFlowCallAdapterKt$bodyFlow$1.invokeSuspend(BodyFlowCallAdapter.kt:26)
06-25 14:28:24.936 1058 2045 W System.err: at com.etna.haqu.support.network.call_adapter.flow.sync.BodyFlowCallAdapterKt$bodyFlow$1.invoke(Unknown Source:8)
06-25 14:28:24.936 1058 2045 W System.err: at com.etna.haqu.support.network.call_adapter.flow.sync.BodyFlowCallAdapterKt$bodyFlow$1.invoke(Unknown Source:4)
06-25 14:28:24.936 1058 2045 W System.err: at kotlinx.coroutines.flow.SafeFlow.collectSafely(Builders.kt:61)
06-25 14:28:24.936 1058 2045 W System.err: at kotlinx.coroutines.flow.AbstractFlow.collect(Flow.kt:230)
06-25 14:28:24.936 1058 2045 W System.err: at kotlinx.coroutines.flow.FlowKt__LimitKt$take$$inlined$unsafeFlow$1.collect(SafeCollector.common.kt:115)
