06-26 18:26:55.118 349 349 D slab_reclaimable: 5963 slab_unreclaimable:25168
06-26 18:26:55.118 349 349 D mapped : 100715 shmem:1199 pagetables:8496 bounce:0
06-26 18:26:55.118 349 349 D free : 8853 free_pcp:651 free_cma:0
06-26 18:26:55.118 349 349 D : Node 0 active_anon:485896kB inactive_anon:213000kB active_file:239940kB inactive_file:317024kB unevictable:2908kB isolated(anon):0kB isolated(file):0kB mapped:402860kB dirty:0kB writeback:0kB shmem:4796kB writeback_tmp:0kB unstable:0kB all_unreclaimable? no
06-26 18:26:55.118 349 349 D DMA32 free: 35412kB min:3940kB low:29568kB high:31572kB active_anon:486148kB inactive_anon:212752kB active_file:239940kB inactive_file:317024kB unevictable:2908kB writepending:0kB present:2097152kB managed:2007268kB mlocked:2908kB kernel_stack:25600kB shadow_call_stack:6428kB pagetables:33984kB bounce:0kB free_pcp:2604kB local_pcp:1112kB free_cma:0kB
06-26 18:26:55.118 349 349 D lowmem_reserve[]: 0 0 0
06-26 18:26:55.118 349 349 D ion used: 374000kB
06-26 18:26:55.118 349 349 D DMA32 : 359*4kB (UMEH) 1327*8kB (UMEH) 836*16kB (UMEH) 292*32kB (MEH) 10*64kB (M) 0*128kB 0*256kB 0*512kB 0*1024kB 0*2048kB 0*4096kB = 35412kB
06-26 18:26:55.118 349 349 D : 140990 total pagecache pages
06-26 18:26:55.118 349 349 D : 0 pages in swap cache
06-26 18:26:55.118 349 349 D : Swap cache stats: add 967, delete 967, find 0/0
06-26 18:26:55.118 349 349 D : Free swap = 1501348kB
06-26 18:26:55.118 349 349 D : Total swap = 1505444kB
06-26 18:26:55.118 349 349 D : 524288 pages RAM
06-26 18:26:55.118 349 349 D : 0 pages HighMem/MovableOnly
06-26 18:26:55.118 349 349 D : 22471 pages reserved
06-26 18:26:55.118 349 349 D : 2048 pages cma reserved
06-26 18:26:55.148 320 2255 D XM_HIDREAD: poll ret=1, event=1
06-26 18:26:55.148 320 2255 D XM_HIDREAD: [9 bytes]:01 00 00 29 00 00 00 00 00
06-26 18:26:55.148 477 600 D TvWindowManager: key event key = KEYCODE_BACK down = true
06-26 18:26:55.158 477 599 D GpioService: mFlickerEnable = true
06-26 18:26:55.186 477 524 W IorapForwardingService: No service published for: iorapd
06-26 18:26:55.260 320 2255 D XM_HIDREAD: poll ret=1, event=1
06-26 18:26:55.261 320 2255 D XM_HIDREAD: [9 bytes]:01 00 00 00 00 00 00 00 00
06-26 18:26:55.261 477 600 D TvWindowManager: key event key = KEYCODE_BACK down = false
06-26 18:26:55.270 477 523 D AutofillManagerService: onBackKeyPressed()
06-26 18:26:55.290 358 4208 W cedarc : : request stream buffer fail, 16764281 bytes valid data in SBM[0], total buffer size is 16777216 bytes.
06-26 18:26:55.290 358 4208 I demuxComponent: : waiting for video stream buffer.
06-26 18:26:55.300 477 599 D GpioService: mFlickerEnable = true
06-26 18:26:55.306 2539 2539 I SogouIME: onKeyDown: keyoCode=4
06-26 18:26:55.306 2539 2539 I DefaultIMS: onKeyDown: keyoCode=4
06-26 18:26:55.313 2539 2539 I SogouIME: onKeyUp: keyoCode=4
06-26 18:26:55.313 2539 2539 I DefaultIMS: onKeyUp: keyoCode=4
06-26 18:26:55.361 320 2255 D XM_HIDREAD: poll ret=1, event=1
06-26 18:26:55.361 320 2255 D XM_HIDREAD: [9 bytes]:01 00 00 29 00 00 00 00 00
06-26 18:26:55.361 477 600 D TvWindowManager: key event key = KEYCODE_BACK down = true
06-26 18:26:55.365 477 599 D GpioService: mFlickerEnable = true
06-26 18:26:55.400 662 662 E WifiHAL : wifi_get_link_stats: requestResponse Error:-5
06-26 18:26:55.404 477 612 E WifiVendorHal: getWifiLinkLayerStats_1_5_Internal(l.1191) failed {.code = ERROR_INVALID_ARGS, .description = }
06-26 18:26:55.463 320 2255 D XM_HIDREAD: poll ret=1, event=1
06-26 18:26:55.463 320 2255 D XM_HIDREAD: [9 bytes]:01 00 00 00 00 00 00 00 00
06-26 18:26:55.464 477 600 D TvWindowManager: key event key = KEYCODE_BACK down = false
06-26 18:26:55.471 477 523 D AutofillManagerService: onBackKeyPressed()
06-26 18:26:55.512 477 599 D GpioService: mFlickerEnable = true
06-26 18:26:55.524 2539 2539 I SogouIME: onKeyDown: keyoCode=4
06-26 18:26:55.524 2539 2539 I DefaultIMS: onKeyDown: keyoCode=4
06-26 18:26:55.525 358 4208 W cedarc : : request stream buffer fail, 16697618 bytes valid data in SBM[0], total buffer size is 16777216 bytes.
06-26 18:26:55.525 358 4208 I demuxComponent: : waiting for video stream buffer.
06-26 18:26:55.527 375 375 D dom2reg : timezone change, new: Etc/GMT-8, pre:
06-26 18:26:55.528 375 375 W dom2reg : timezone [Etc/GMT-8] not in default tables, please check!
06-26 18:26:55.552 2539 2539 I SogouIME: onKeyUp: keyoCode=4
06-26 18:26:55.552 2539 2539 I DefaultIMS: onKeyUp: keyoCode=4
06-26 18:26:55.556 3973 3973 D CompatibilityChangeReporter: Compat change id reported: 147798919; UID 10036; state: DISABLED
06-26 18:26:55.701 261 399 I gralloc : alloc buffer:W:240 H:75 S:240 PL[240 75] SZ:72000 fmt:1 if:0 af:1 usg:20000b00 fg:00000004
06-26 18:26:55.702 261 399 I gralloc : alloc buffer:W:240 H:75 S:240 PL[240 75] SZ:72000 fmt:1 if:0 af:1 usg:20000b00 fg:00000004
06-26 18:26:55.703 261 399 I gralloc : alloc buffer:W:240 H:75 S:240 PL[240 75] SZ:72000 fmt:1 if:0 af:1 usg:20000b00 fg:00000004
06-26 18:26:55.759 358 4208 W cedarc : : request stream buffer fail, 16763259 bytes valid data in SBM[0], total buffer size is 16777216 bytes.
06-26 18:26:55.762 358 4208 I demuxComponent: : waiting for video stream buffer.
06-26 18:26:55.772 3636 3636 I cling--ap-2: type=1400 audit(0.0:2485): avc: denied { read } for name="address" dev="sysfs" ino=16906 scontext=u:r:platform_app:s0:c512,c768 tcontext=u:object_r:sysfs_net:s0 tclass=file permissive=1 app=com.dangbei.screencast
06-26 18:26:55.772 3636 3636 I cling--ap-2: type=1400 audit(0.0:2486): avc: denied { open } for path="/sys/devices/virtual/net/dummy0/address" dev="sysfs" ino=16906 scontext=u:r:platform_app:s0:c512,c768 tcontext=u:object_r:sysfs_net:s0 tclass=file permissive=1 app=com.dangbei.screencast
06-26 18:26:55.772 3636 3636 I cling--ap-2: type=1400 audit(0.0:2487): avc: denied { getattr } for path="/sys/devices/virtual/net/dummy0/address" dev="sysfs" ino=16906 scontext=u:r:platform_app:s0:c512,c768 tcontext=u:object_r:sysfs_net:s0 tclass=file permissive=1 app=com.dangbei.screencast
06-26 18:26:55.989 358 4208 W cedarc : : request stream buffer fail, 16696941 bytes valid data in SBM[0], total buffer size is 16777216 bytes.
06-26 18:26:55.989 358 4208 I demuxComponent: : waiting for video stream buffer.
06-26 18:26:56.117 320 2255 D XM_HIDREAD: poll ret=1, event=1
06-26 18:26:56.118 320 2255 D XM_HIDREAD: [9 bytes]:01 00 00 29 00 00 00 00 00
06-26 18:26:56.118 477 600 D TvWindowManager: key event key = KEYCODE_BACK down = true
06-26 18:26:56.123 477 599 D GpioService: mFlickerEnable = true
06-26 18:26:56.188 477 524 W IorapForwardingService: No service published for: iorapd
06-26 18:26:56.216 358 4208 W cedarc : : request stream buffer fail, 16712554 bytes valid data in SBM[0], total buffer size is 16777216 bytes.
06-26 18:26:56.216 358 4208 I demuxComponent: : waiting for video stream buffer.
06-26 18:26:56.251 320 2255 D XM_HIDREAD: poll ret=1, event=1
06-26 18:26:56.251 320 2255 D XM_HIDREAD: [9 bytes]:01 00 00 00 00 00 00 00 00
06-26 18:26:56.252 477 600 D TvWindowManager: key event key = KEYCODE_BACK down = false
06-26 18:26:56.254 477 523 D AutofillManagerService: onBackKeyPressed()
06-26 18:26:56.267 477 599 D GpioService: mFlickerEnable = true
06-26 18:26:56.269 2539 2539 I SogouIME: onKeyDown: keyoCode=4
06-26 18:26:56.269 2539 2539 I DefaultIMS: onKeyDown: keyoCode=4
06-26 18:26:56.286 358 4215 I awplayer: : audio render process stop message.
06-26 18:26:56.326 358 4214 D AllwinnerAlibs: ver : 2017-8-4-18-00 ----dlclose so success!
06-26 18:26:56.348 3973 4178 E BufferQueueProducer: [SurfaceView[com.dangbei.lerad.videoposter/com.dangbei.leradplayer.activity.PlayerActivity]#1(BLAST Consumer)1](id:f8500000001,api:3,p:358,c:3973) connect: already connected (cur=3 req=3)
06-26 18:26:56.352 358 4215 W awplayer: : Sound device already stopped.
06-26 18:26:56.368 358 4209 I cedarc : : DestroyVideoDecoder, pDecoder=0xe865e380
06-26 18:26:56.391 358 4209 I cedarc : : not malloc locks
06-26 18:26:56.393 4209 4209 D : disable_cedar_hw_clk,546
06-26 18:26:56.397 3973 3973 V MediaPlayer: resetDrmState: mDrmInfo=null mDrmProvisioningThread=null mPrepareDrmInProgress=false mActiveDrmScheme=false
06-26 18:26:56.397 3973 3973 V MediaPlayer: cleanDrmObj: mDrmObj=null mDrmSessionId=null
06-26 18:26:56.403 358 2145 W awplayer: : reset...
06-26 18:26:56.418 358 2145 D SurfaceUtils: disconnecting from surface 0xe8669808, reason disconnectNativeWindow
06-26 18:26:56.418 3973 3973 E BufferQueueProducer: [SurfaceView[com.dangbei.lerad.videoposter/com.dangbei.leradplayer.activity.PlayerActivity]#1(BLAST Consumer)1](id:f8500000001,api:0,p:-1,c:3973) disconnect: not connected (req=3)
06-26 18:26:56.419 358 2145 E SurfaceUtils: Failed to disconnect from surface 0xe8669808, err -19
06-26 18:26:56.419 358 2145 W MediaPlayerService: nativeWindowDisconnect returned an error: No such device (-19)
06-26 18:26:56.419 358 2145 W awplayer: : XPlayerDestroy
06-26 18:26:56.419 358 2145 W awplayer: : reset...
06-26 18:26:56.420 358 2145 D RefBase : RefBase: Explicit destruction, weak count = 0 (in 0xe88a0cc0)
06-26 18:26:56.420 358 2145 W RefBase : CallStack::getCurrentInternal not linked, returning null
06-26 18:26:56.420 358 2145 W RefBase : CallStack::logStackInternal not linked
06-26 18:26:56.485 2539 2539 I SogouIME: onKeyUp: keyoCode=4
06-26 18:26:56.485 2539 2539 I DefaultIMS: onKeyUp: keyoCode=4
06-26 18:26:56.498 81 81 W ion_buffer_release: buffer still mapped in the kernel
06-26 18:26:56.502 262 390 W displayd: xxxxxxx: Rqeuest SDR output
06-26 18:26:56.503 262 390 W displayd: xxxxxxx: setupConfig success, dirty = 2
06-26 18:26:56.503 262 390 I sunxihwc: setDataspace: display[0]: dataspace=4097
06-26 18:26:56.503 262 390 E displayd: xxxxxxx: hwcSetDataspace: 00001001
06-26 18:26:56.507 391 391 W [DISP] de_cdc_set_para,line: 406:
06-26 18:26:56.524 262 262 W sunxihwc: prepare: refresh after blank!
06-26 18:26:56.525 262 262 E sunxihwc: commit: not validateDisplay before commit!
06-26 18:26:56.507 391 391 W : hdr10p2sdr_mode =-1, 255, 2
06-26 18:26:56.527 390 390 I [HDMI receive params]: tv mode: 0x22 format:0x3 data bits:0x0 eotf:0x4 cs:0x101 dvi_hdmi:2 range:2 scan:0 aspect_ratio:8
06-26 18:26:56.528 390 390 W [DISP] de_rtmx_mgr_apply,line: 464:
06-26 18:26:56.529 280 605 D PermissionCache: checking android.permission.READ_FRAME_BUFFER for uid=1000 => granted (722 us)
06-26 18:26:56.528 390 390 W : ctx->output.hdr_type=0
06-26 18:26:56.531 261 399 I gralloc : alloc buffer:W:1920 H:1080 S:1920 PL[1920 1080] SZ:8294400 fmt:1 if:0 af:1 usg:b66 fg:00000004
06-26 18:26:56.551 186 186 I hwservicemanager: getTransport: Cannot find entry android.hardware.graphics.mapper@4.0::IMapper/default in either framework or device VINTF manifest.
06-26 18:26:56.552 477 501 I Gralloc4: mapper 4.x is not supported
06-26 18:26:56.554 186 186 I hwservicemanager: getTransport: Cannot find entry android.hardware.graphics.mapper@3.0::IMapper/default in either framework or device VINTF manifest.
06-26 18:26:56.554 477 501 W Gralloc3: mapper 3.x is not supported
06-26 18:26:56.569 477 501 E gralloc : Arm Module v1.0
06-26 18:26:56.572 477 501 E ion : ioctl c0044901 failed with code -1: Inappropriate ioctl for device
06-26 18:26:56.609 280 280 I BpBinder: onLastStrongRef automatically unlinking death recipients:
06-26 18:26:56.620 477 583 D AW_CODE : rotation =0
06-26 18:26:56.640 186 186 I hwservicemanager: getTransport: Cannot find entry android.hardware.configstore@1.0::ISurfaceFlingerConfigs/default in either framework or device VINTF manifest.
06-26 18:26:56.653 3973 4106 W SQLiteLog: (28) double-quoted string literal: "
06-26 18:26:56.653 3973 4106 W SQLiteLog: (28) double-quoted string literal: "5A5E2BECC3AF46C6154346656A2EB96D"
06-26 18:26:56.750 672 672 D TvPipController: onTaskStackChanged()
06-26 18:26:56.764 261 399 I gralloc : alloc buffer:W:1920 H:1080 S:1920 PL[1920 1080] SZ:8294400 fmt:1 if:0 af:1 usg:20000b00 fg:00000004
06-26 18:26:56.766 261 399 I gralloc : alloc buffer:W:1920 H:1080 S:1920 PL[1920 1080] SZ:8294400 fmt:1 if:0 af:1 usg:20000b00 fg:00000004
06-26 18:26:56.768 261 399 I gralloc : alloc buffer:W:1920 H:1080 S:1920 PL[1920 1080] SZ:8294400 fmt:1 if:0 af:1 usg:20000b00 fg:00000004
06-26 18:26:56.814 2539 2539 I DefaultIMS: onStartInput attribute=android.view.inputmethod.EditorInfo@393e38d restarting=false inputType: 0
06-26 18:26:57.191 477 524 W IorapForwardingService: No service published for: iorapd
06-26 18:26:57.447 477 501 I MediaFocusControl: abandonAudioFocus() from uid/pid 10036/3973 clientId=android.media.AudioManager@69982fc
06-26 18:26:57.465 477 501 W InputManager-JNI: Input channel object 'a454684 com.dangbei.lerad.videoposter/com.dangbei.leradplayer.activity.PlayerActivity (client)' was disposed without first being removed with the input manager!
06-26 18:26:57.475 477 526 W ActivityTaskManager: Can't find TaskDisplayArea to determine support for multi window. Task id=111 attached=false
06-26 18:26:57.475 477 526 W ActivityTaskManager: Can't find TaskDisplayArea to determine support for multi window. Task id=111 attached=false
06-26 18:26:57.528 375 375 D dom2reg : timezone change, new: Etc/GMT-8, pre:
06-26 18:26:57.528 375 375 W dom2reg : timezone [Etc/GMT-8] not in default tables, please check!
06-26 18:26:57.635 477 501 W InputManager-JNI: Input channel object '1dff08a Toast (client)' was disposed without first being removed with the input manager!
06-26 18:26:57.657 477 501 W NotificationService: Toast already killed. pkg=com.dangbei.lerad.videoposter token=android.os.BinderProxy@cfa9e42
06-26 18:26:57.667 320 2255 D XM_HIDREAD: poll ret=1, event=1
06-26 18:26:57.667 320 2255 D XM_HIDREAD: [9 bytes]:01 00 00 29 00 00 00 00 00
06-26 18:26:57.668 477 600 D TvWindowManager: key event key = KEYCODE_BACK down = true
06-26 18:26:57.678 477 599 D GpioService: mFlickerEnable = true
06-26 18:26:57.791 320 2255 D XM_HIDREAD: poll ret=1, event=1
06-26 18:26:57.791 320 2255 D XM_HIDREAD: [9 bytes]:01 00 00 00 00 00 00 00 00
06-26 18:26:57.792 477 600 D TvWindowManager: key event key = KEYCODE_BACK down = false
06-26 18:26:57.794 477 523 D AutofillManagerService: onBackKeyPressed()
06-26 18:26:57.818 477 599 D GpioService: mFlickerEnable = true
06-26 18:26:57.837 2539 2539 I SogouIME: onKeyDown: keyoCode=4
06-26 18:26:57.837 2539 2539 I DefaultIMS: onKeyDown: keyoCode=4
06-26 18:26:57.842 2539 2539 I SogouIME: onKeyUp: keyoCode=4
06-26 18:26:57.842 2539 2539 I DefaultIMS: onKeyUp: keyoCode=4
06-26 18:26:57.854 261 399 I gralloc : alloc buffer:W:1920 H:1080 S:1920 PL[1920 1080] SZ:8294400 fmt:1 if:0 af:1 usg:b66 fg:00000004
06-26 18:26:57.886 477 1355 D AW_CODE : rotation =0
06-26 18:26:57.893 280 280 I BpBinder: onLastStrongRef automatically unlinking death recipients:
06-26 18:26:57.944 261 399 I gralloc : alloc buffer:W:1920 H:1080 S:1920 PL[1920 1080] SZ:8294400 fmt:1 if:0 af:1 usg:20000b00 fg:00000004
06-26 18:26:57.946 261 399 I gralloc : alloc buffer:W:1920 H:1080 S:1920 PL[1920 1080] SZ:8294400 fmt:1 if:0 af:1 usg:20000b00 fg:00000004
06-26 18:26:57.949 261 399 I gralloc : alloc buffer:W:1920 H:1080 S:1920 PL[1920 1080] SZ:8294400 fmt:1 if:0 af:1 usg:20000b00 fg:00000004
06-26 18:26:58.001 672 672 D TvPipController: onTaskStackChanged()
06-26 18:26:58.006 2539 2539 I DefaultIMS: onStartInput attribute=android.view.inputmethod.EditorInfo@e888bbc restarting=false inputType: 0
06-26 18:26:58.193 477 524 W IorapForwardingService: No service published for: iorapd
06-26 18:26:58.431 662 662 E WifiHAL : wifi_get_link_stats: requestResponse Error:-5
06-26 18:26:58.433 2835 2835 W .filemanager.o: Accessing hidden field Landroid/view/inputmethod/InputMethodManager;->mCurRootView:Landroid/view/ViewRootImpl; (blocked, reflection, denied)
06-26 18:26:58.434 477 612 E WifiVendorHal: getWifiLinkLayerStats_1_5_Internal(l.1191) failed {.code = ERROR_INVALID_ARGS, .description = }
06-26 18:26:58.461 477 583 W InputManager-JNI: Input channel object '95b2976 com.tv.filemanager.os/com.dangbei.lerad.filemanager.ui.info.ManagerFileListActivity (client)' was disposed without first being removed with the input manager!
06-26 18:26:58.695 3820 3922 D nStackXCoAP: IsInSameNetwork:[276] :IsInSameNetwork exec
06-26 18:26:58.695 3820 3922 I nStackXDFinder: GetLocalInterfaceDetail:[461] :GetLocalInterfaceDetail in
06-26 18:26:58.695 3820 3922 E nStackXCoAP: IsInSameNetwork:[281] :IsInSameNetwork: not priority process
06-26 18:26:58.695 3820 3922 D nStackXCoAP: ParseServiceDiscover:[330] :new device join
06-26 18:26:58.695 3820 3922 E nStackXDFinder: GetLocalIp:[401] :GetLocalIp exec
06-26 18:26:58.736 320 2255 D XM_HIDREAD: poll ret=1, event=1
06-26 18:26:58.736 320 2255 D XM_HIDREAD: [9 bytes]:01 00 00 50 00 00 00 00 00
06-26 18:26:58.736 477 600 D TvWindowManager: key event key = KEYCODE_DPAD_LEFT down = true
06-26 18:26:58.743 477 599 D GpioService: mFlickerEnable = true
06-26 18:26:58.754 2539 2539 I SogouIME: onKeyDown: keyoCode=21
06-26 18:26:58.754 2539 2539 I DefaultIMS: onKeyDown: keyoCode=21
06-26 18:26:58.769 2539 2539 I DefaultIMS: onStartInput attribute=android.view.inputmethod.EditorInfo@e9211a7 restarting=false inputType: 0
06-26 18:26:58.795 3820 3922 D nStackXCoAP: IsInSameNetwork:[276] :IsInSameNetwork exec
06-26 18:26:58.795 3820 3922 I nStackXDFinder: GetLocalInterfaceDetail:[461] :GetLocalInterfaceDetail in
06-26 18:26:58.795 3820 3922 E nStackXCoAP: IsInSameNetwork:[281] :IsInSameNetwork: not priority process
06-26 18:26:58.795 3820 3922 D nStackXCoAP: ParseServiceDiscover:[330] :new device join
06-26 18:26:58.796 3820 3922 E nStackXDFinder: GetLocalIp:[401] :GetLocalIp exec
06-26 18:26:58.860 320 2255 D XM_HIDREAD: poll ret=1, event=1
06-26 18:26:58.861 477 600 D TvWindowManager: key event key = KEYCODE_DPAD_LEFT down = false
06-26 18:26:58.860 320 2255 D XM_HIDREAD: [9 bytes]:01 00 00 00 00 00 00 00 00
06-26 18:26:58.865 2539 2539 I SogouIME: onKeyUp: keyoCode=21
06-26 18:26:58.866 2539 2539 I DefaultIMS: onKeyUp: keyoCode=21
06-26 18:26:58.950 320 2255 D XM_HIDREAD: poll ret=1, event=1
06-26 18:26:58.950 320 2255 D XM_HIDREAD: [9 bytes]:01 00 00 50 00 00 00 00 00
06-26 18:26:58.950 477 600 D TvWindowManager: key event key = KEYCODE_DPAD_LEFT down = true
06-26 18:26:58.954 477 599 D GpioService: mFlickerEnable = true
06-26 18:26:58.955 2539 2539 I SogouIME: onKeyDown: keyoCode=21
06-26 18:26:58.955 2539 2539 I DefaultIMS: onKeyDown: keyoCode=21
06-26 18:26:58.972 2539 2539 I DefaultIMS: onStartInput attribute=android.view.inputmethod.EditorInfo@3bc9654 restarting=false inputType: 0
06-26 18:26:59.006 3820 3922 D nStackXCoAP: IsInSameNetwork:[276] :IsInSameNetwork exec
06-26 18:26:59.006 3820 3922 I nStackXDFinder: GetLocalInterfaceDetail:[461] :GetLocalInterfaceDetail in
06-26 18:26:59.006 3820 3922 E nStackXCoAP: IsInSameNetwork:[281] :IsInSameNetwork: not priority process
06-26 18:26:59.006 3820 3922 D nStackXCoAP: ParseServiceDiscover:[330] :new device join
06-26 18:26:59.006 3820 3922 E nStackXDFinder: GetLocalIp:[401] :GetLocalIp exec
06-26 18:26:59.062 320 2255 D XM_HIDREAD: poll ret=1, event=1
06-26 18:26:59.062 320 2255 D XM_HIDREAD: [9 bytes]:01 00 00 00 00 00 00 00 00
06-26 18:26:59.062 477 600 D TvWindowManager: key event key = KEYCODE_DPAD_LEFT down = false
06-26 18:26:59.065 2539 2539 I SogouIME: onKeyUp: keyoCode=21
06-26 18:26:59.065 2539 2539 I DefaultIMS: onKeyUp: keyoCode=21
06-26 18:26:59.130 320 2255 D XM_HIDREAD: poll ret=1, event=1
06-26 18:26:59.130 320 2255 D XM_HIDREAD: [9 bytes]:01 00 00 50 00 00 00 00 00
06-26 18:26:59.130 477 600 D TvWindowManager: key event key = KEYCODE_DPAD_LEFT down = true
06-26 18:26:59.136 477 599 D GpioService: mFlickerEnable = true
06-26 18:26:59.139 2539 2539 I SogouIME: onKeyDown: keyoCode=21
06-26 18:26:59.139 2539 2539 I DefaultIMS: onKeyDown: keyoCode=21
06-26 18:26:59.151 2539 2539 I DefaultIMS: onStartInput attribute=android.view.inputmethod.EditorInfo@611c9fd restarting=false inputType: 0
06-26 18:26:59.196 477 524 W IorapForwardingService: No service published for: iorapd
06-26 18:26:59.202 3820 3922 D nStackXCoAP: IsInSameNetwork:[276] :IsInSameNetwork exec
06-26 18:26:59.202 3820 3922 I nStackXDFinder: GetLocalInterfaceDetail:[461] :GetLocalInterfaceDetail in
06-26 18:26:59.202 3820 3922 E nStackXCoAP: IsInSameNetwork:[281] :IsInSameNetwork: not priority process
06-26 18:26:59.202 3820 3922 D nStackXCoAP: ParseServiceDiscover:[330] :new device join
06-26 18:26:59.202 3820 3922 E nStackXDFinder: GetLocalIp:[401] :GetLocalIp exec
06-26 18:26:59.205 266 286 D hdmi-cec: receive invalid cec message!
06-26 18:26:59.206 266 286 D hdmi-cec: receive poll message [04], skip!
06-26 18:26:59.243 477 600 D TvWindowManager: key event key = KEYCODE_DPAD_LEFT down = false
06-26 18:26:59.243 320 2255 D XM_HIDREAD: poll ret=1, event=1
06-26 18:26:59.243 320 2255 D XM_HIDREAD: [9 bytes]:01 00 00 00 00 00 00 00 00
06-26 18:26:59.246 2539 2539 I SogouIME: onKeyUp: keyoCode=21
06-26 18:26:59.246 2539 2539 I DefaultIMS: onKeyUp: keyoCode=21
06-26 18:26:59.468 320 2255 D XM_HIDREAD: poll ret=1, event=1
06-26 18:26:59.468 477 600 D TvWindowManager: key event key = KEYCODE_DPAD_CENTER down = true
06-26 18:26:59.468 320 2255 D XM_HIDREAD: [9 bytes]:01 00 00 28 00 00 00 00 00
06-26 18:26:59.475 477 599 D GpioService: mFlickerEnable = true
06-26 18:26:59.529 375 375 D dom2reg : timezone change, new: Etc/GMT-8, pre:
06-26 18:26:59.529 375 375 W dom2reg : timezone [Etc/GMT-8] not in default tables, please check!
06-26 18:26:59.546 320 2255 D XM_HIDREAD: poll ret=1, event=1
06-26 18:26:59.546 320 2255 D XM_HIDREAD: [9 bytes]:01 00 00 00 00 00 00 00 00
06-26 18:26:59.547 477 600 D TvWindowManager: key event key = KEYCODE_DPAD_CENTER down = false
06-26 18:26:59.619 477 599 D GpioService: mFlickerEnable = true
06-26 18:26:59.621 2539 2539 I SogouIME: onKeyDown: keyoCode=23
06-26 18:26:59.621 2539 2539 I DefaultIMS: onKeyDown: keyoCode=23
06-26 18:26:59.624 2539 2539 I SogouIME: onKeyUp: keyoCode=23
06-26 18:26:59.624 2539 2539 I DefaultIMS: onKeyUp: keyoCode=23
06-26 18:26:59.635 477 1355 I ActivityStarter: ---START u0 {cmp=com.tv.filemanager.os/com.dangbei.lerad.filemanager.ui.info.ManagerFileListActivity (has extras)} from uid 10049
06-26 18:26:59.640 265 265 I AW_PowerHAL: Power setMode: LAUNCH to: 1
06-26 18:26:59.652 477 1355 W ActivityTaskManager: Tried to set launchTime (0) < mLastActivityLaunchTime (104583)
06-26 18:26:59.653 477 1355 D AW_CODE : rotation =0
06-26 18:26:59.661 265 265 I AW_PowerHAL: cur-mode:LAUNCH
06-26 18:26:59.676 280 280 I BpBinder: onLastStrongRef automatically unlinking death recipients:
06-26 18:26:59.679 477 525 W WindowManager: Unable to start animation, surface is null or no children.
06-26 18:26:59.687 477 1355 D ActivityTaskManager: homlet: skip orientation settings: 0
06-26 18:26:59.763 672 672 D TvPipController: onTaskStackChanged()
06-26 18:26:59.774 3820 3922 D nStackXCoAP: IsInSameNetwork:[276] :IsInSameNetwork exec
06-26 18:26:59.775 3820 3922 I nStackXDFinder: GetLocalInterfaceDetail:[461] :GetLocalInterfaceDetail in
06-26 18:26:59.775 3820 3922 E nStackXCoAP: IsInSameNetwork:[281] :IsInSameNetwork: not priority process
06-26 18:26:59.775 3820 3922 D nStackXCoAP: ParseServiceDiscover:[330] :new device join
06-26 18:26:59.775 3820 3922 E nStackXDFinder: GetLocalIp:[401] :GetLocalIp exec
06-26 18:26:59.829 477 1355 W WindowManager: Failed looking up window session=Session{20c9567 2835:u0a10049} callers=com.android.server.wm.WindowManagerService.windowForClientLocked:5702 com.android.server.wm.Session.insetsModified:629 android.view.IWindowSession$Stub.onTransact:1151
06-26 18:26:59.849 261 399 I gralloc : alloc buffer:W:1920 H:1080 S:1920 PL[1920 1080] SZ:8294400 fmt:1 if:0 af:1 usg:20000b00 fg:00000004
06-26 18:26:59.850 261 399 I gralloc : alloc buffer:W:1920 H:1080 S:1920 PL[1920 1080] SZ:8294400 fmt:1 if:0 af:1 usg:20000b00 fg:00000004
06-26 18:26:59.851 261 399 I gralloc : alloc buffer:W:1920 H:1080 S:1920 PL[1920 1080] SZ:8294400 fmt:1 if:0 af:1 usg:20000b00 fg:00000004
06-26 18:26:59.868 477 522 I ActivityTaskManager: +++Displayed com.tv.filemanager.os/com.dangbei.lerad.filemanager.ui.info.ManagerFileListActivity: +232ms
06-26 18:26:59.874 2835 2835 I BaseRequest: complete
06-26 18:26:59.874 2835 2835 I BaseRequest: success!=nulltrue
06-26 18:26:59.899 2539 2539 I DefaultIMS: onStartInput attribute=android.view.inputmethod.EditorInfo@7a29cf0 restarting=false inputType: 0
06-26 18:26:59.964 2835 2835 W View : requestLayout() improperly called by com.dangbei.lerad.libui.control.layout.FitFrameLayout{805b84e V.E...... ......ID 0,0-255,250 #7f0a02ee app:id/view_file_item_ll} during layout: running second layout pass
06-26 18:26:59.974 2539 2539 I DefaultIMS: onStartInput attribute=android.view.inputmethod.EditorInfo@dae2269 restarting=false inputType: 0
06-26 18:27:00.012 2835 2835 W View : requestLayout() improperly called by com.dangbei.lerad.libui.control.layout.FitFrameLayout{1f59344 V.E...... ......ID 0,0-255,250 #7f0a02ee app:id/view_file_item_ll} during layout: running second layout pass
06-26 18:27:00.020 2539 2539 I DefaultIMS: onStartInput attribute=android.view.inputmethod.EditorInfo@7d6d4ee restarting=false inputType: 0
06-26 18:27:00.036 265 265 I AW_PowerHAL: Power setMode: LAUNCH to: 0
06-26 18:27:00.039 265 265 I AW_PowerHAL: cur-mode:SCHEDUTIL
06-26 18:27:00.198 477 524 W IorapForwardingService: No service published for: iorapd
06-26 18:27:00.236 3820 3922 D nStackXCoAP: IsInSameNetwork:[276] :IsInSameNetwork exec
06-26 18:27:00.236 3820 3922 I nStackXDFinder: GetLocalInterfaceDetail:[461] :GetLocalInterfaceDetail in
06-26 18:27:00.236 3820 3922 E nStackXCoAP: IsInSameNetwork:[281] :IsInSameNetwork: not priority process
06-26 18:27:00.237 3820 3922 D nStackXCoAP: ParseServiceDiscover:[330] :new device join
06-26 18:27:00.237 3820 3922 E nStackXDFinder: GetLocalIp:[401] :GetLocalIp exec
06-26 18:27:00.469 1203 1203 D bbb : onStartCommand begin !!!!!!! data分区剩余 23330MB
06-26 18:27:00.478 1117 1117 D aaa : LedStatusService onStartCommand begin
06-26 18:27:00.483 1117 4335 D aaa : topPkg is -------------- :com.tv.filemanager.os
06-26 18:27:00.733 3820 3922 D nStackXCoAP: IsInSameNetwork:[276] :IsInSameNetwork exec
06-26 18:27:00.734 3820 3922 I nStackXDFinder: GetLocalInterfaceDetail:[461] :GetLocalInterfaceDetail in
06-26 18:27:00.734 3820 3922 E nStackXCoAP: IsInSameNetwork:[281] :IsInSameNetwork: not priority process
06-26 18:27:00.734 3820 3922 D nStackXCoAP: ParseServiceDiscover:[330] :new device join
06-26 18:27:00.734 3820 3922 E nStackXDFinder: GetLocalIp:[401] :GetLocalIp exec
06-26 18:27:00.762 477 1091 E TaskPersister: File error accessing recents directory (directory doesn't exist?).
06-26 18:27:01.183 3820 3922 D nStackXCoAP: IsInSameNetwork:[276] :IsInSameNetwork exec
06-26 18:27:01.183 3820 3922 I nStackXDFinder: GetLocalInterfaceDetail:[461] :GetLocalInterfaceDetail in
06-26 18:27:01.183 3820 3922 E nStackXCoAP: IsInSameNetwork:[281] :IsInSameNetwork: not priority process
06-26 18:27:01.183 3820 3922 D nStackXCoAP: ParseServiceDiscover:[330] :new device join
06-26 18:27:01.183 3820 3922 E nStackXDFinder: GetLocalIp:[401] :GetLocalIp exec
06-26 18:27:01.201 477 524 W IorapForwardingService: No service published for: iorapd
06-26 18:27:01.447 662 662 E WifiHAL : wifi_get_link_stats: requestResponse Error:-5
06-26 18:27:01.450 477 612 E WifiVendorHal: getWifiLinkLayerStats_1_5_Internal(l.1191) failed {.code = ERROR_INVALID_ARGS, .description = }
06-26 18:27:01.529 375 375 D dom2reg : timezone change, new: Etc/GMT-8, pre:
06-26 18:27:01.529 375 375 W dom2reg : timezone [Etc/GMT-8] not in default tables, please check!
06-26 18:27:01.740 320 2255 D XM_HIDREAD: poll ret=1, event=1
06-26 18:27:01.740 320 2255 D XM_HIDREAD: [9 bytes]:01 00 00 51 00 00 00 00 00
06-26 18:27:01.740 477 600 D TvWindowManager: key event key = KEYCODE_DPAD_DOWN down = true
06-26 18:27:01.752 477 599 D GpioService: mFlickerEnable = true
06-26 18:27:01.853 320 2255 D XM_HIDREAD: poll ret=1, event=1
06-26 18:27:01.853 320 2255 D XM_HIDREAD: [9 bytes]:01 00 00 00 00 00 00 00 00
06-26 18:27:01.853 477 600 D TvWindowManager: key event key = KEYCODE_DPAD_DOWN down = false
06-26 18:27:01.891 477 599 D GpioService: mFlickerEnable = true
06-26 18:27:01.893 2539 2539 I SogouIME: onKeyDown: keyoCode=20
06-26 18:27:01.894 2539 2539 I DefaultIMS: onKeyDown: keyoCode=20
06-26 18:27:01.901 2539 2539 I SogouIME: onKeyUp: keyoCode=20
06-26 18:27:01.902 2539 2539 I DefaultIMS: onKeyUp: keyoCode=20
06-26 18:27:01.917 2539 2539 I DefaultIMS: onStartInput attribute=android.view.inputmethod.EditorInfo@c2eb5a1 restarting=false inputType: 0
06-26 18:27:02.167 3820 3922 D nStackXCoAP: IsInSameNetwork:[276] :IsInSameNetwork exec
06-26 18:27:02.167 3820 3922 I nStackXDFinder: GetLocalInterfaceDetail:[461] :GetLocalInterfaceDetail in
06-26 18:27:02.167 3820 3922 E nStackXCoAP: IsInSameNetwork:[281] :IsInSameNetwork: not priority process
06-26 18:27:02.167 3820 3922 D nStackXCoAP: ParseServiceDiscover:[330] :new device join
06-26 18:27:02.167 3820 3922 E nStackXDFinder: GetLocalIp:[401] :GetLocalIp exec
06-26 18:27:02.203 477 524 W IorapForwardingService: No service published for: iorapd
06-26 18:27:02.663 320 2255 D XM_HIDREAD: poll ret=1, event=1
06-26 18:27:02.663 320 2255 D XM_HIDREAD: [9 bytes]:01 00 00 52 00 00 00 00 00
06-26 18:27:02.663 477 600 D TvWindowManager: key event key = KEYCODE_DPAD_UP down = true
06-26 18:27:02.673 477 599 D GpioService: mFlickerEnable = true
06-26 18:27:02.674 2539 2539 I SogouIME: onKeyDown: keyoCode=19
06-26 18:27:02.675 2539 2539 I DefaultIMS: onKeyDown: keyoCode=19
06-26 18:27:02.678 3820 3922 D nStackXCoAP: IsInSameNetwork:[276] :IsInSameNetwork exec
06-26 18:27:02.678 3820 3922 I nStackXDFinder: GetLocalInterfaceDetail:[461] :GetLocalInterfaceDetail in
06-26 18:27:02.678 3820 3922 E nStackXCoAP: IsInSameNetwork:[281] :IsInSameNetwork: not priority process
06-26 18:27:02.678 3820 3922 D nStackXCoAP: ParseServiceDiscover:[330] :new device join
06-26 18:27:02.678 3820 3922 E nStackXDFinder: GetLocalIp:[401] :GetLocalIp exec
06-26 18:27:02.697 2539 2539 I DefaultIMS: onStartInput attribute=android.view.inputmethod.EditorInfo@5cf2220 restarting=false inputType: 0
06-26 18:27:02.775 320 2255 D XM_HIDREAD: poll ret=1, event=1
06-26 18:27:02.775 320 2255 D XM_HIDREAD: [9 bytes]:01 00 00 00 00 00 00 00 00
06-26 18:27:02.776 477 600 D TvWindowManager: key event key = KEYCODE_DPAD_UP down = false
06-26 18:27:02.778 2539 2539 I SogouIME: onKeyUp: keyoCode=19
06-26 18:27:02.778 2539 2539 I DefaultIMS: onKeyUp: keyoCode=19
06-26 18:27:03.206 477 524 W IorapForwardingService: No service published for: iorapd
06-26 18:27:03.208 266 266 I EventThread: type=1400 audit(0.0:2488): avc: denied { search } for name="extcon" dev="sysfs" ino=18109 scontext=u:r:hal_tv_cec_default:s0 tcontext=u:object_r:sysfs_extcon:s0 tclass=dir permissive=1
06-26 18:27:03.218 3820 3922 D nStackXCoAP: IsInSameNetwork:[276] :IsInSameNetwork exec
06-26 18:27:03.218 3820 3922 I nStackXDFinder: GetLocalInterfaceDetail:[461] :GetLocalInterfaceDetail in
06-26 18:27:03.218 3820 3922 E nStackXCoAP: IsInSameNetwork:[281] :IsInSameNetwork: not priority process
06-26 18:27:03.218 3820 3922 D nStackXCoAP: ParseServiceDiscover:[330] :new device join
06-26 18:27:03.219 3820 3922 E nStackXDFinder: GetLocalIp:[401] :GetLocalIp exec
06-26 18:27:03.281 320 2255 D XM_HIDREAD: poll ret=1, event=1
06-26 18:27:03.281 320 2255 D XM_HIDREAD: [9 bytes]:01 00 00 4F 00 00 00 00 00
06-26 18:27:03.282 477 600 D TvWindowManager: key event key = KEYCODE_DPAD_RIGHT down = true
06-26 18:27:03.292 477 599 D GpioService: mFlickerEnable = true
06-26 18:27:03.295 2539 2539 I SogouIME: onKeyDown: keyoCode=22
06-26 18:27:03.295 2539 2539 I DefaultIMS: onKeyDown: keyoCode=22
06-26 18:27:03.316 2539 2539 I DefaultIMS: onStartInput attribute=android.view.inputmethod.EditorInfo@7d4404c restarting=false inputType: 0
06-26 18:27:03.337 320 2255 D XM_HIDREAD: poll ret=1, event=1
06-26 18:27:03.337 320 2255 D XM_HIDREAD: [9 bytes]:01 00 00 00 00 00 00 00 00
06-26 18:27:03.338 477 600 D TvWindowManager: key event key = KEYCODE_DPAD_RIGHT down = false
06-26 18:27:03.341 2539 2539 I SogouIME: onKeyUp: keyoCode=22
06-26 18:27:03.341 2539 2539 I DefaultIMS: onKeyUp: keyoCode=22
06-26 18:27:03.529 375 375 D dom2reg : timezone change, new: Etc/GMT-8, pre:
06-26 18:27:03.530 375 375 W dom2reg : timezone [Etc/GMT-8] not in default tables, please check!
06-26 18:27:03.611 2570 2663 D UtilLog : 日志批量上报 进行正常循环 !!!!!!本次有0次请求,共0条数据
06-26 18:27:03.766 320 2255 D XM_HIDREAD: poll ret=1, event=1
06-26 18:27:03.767 320 2255 D XM_HIDREAD: [9 bytes]:01 00 00 50 00 00 00 00 00
06-26 18:27:03.767 477 600 D TvWindowManager: key event key = KEYCODE_DPAD_LEFT down = true
06-26 18:27:03.777 477 599 D GpioService: mFlickerEnable = true
06-26 18:27:03.778 2539 2539 I SogouIME: onKeyDown: keyoCode=21
06-26 18:27:03.778 2539 2539 I DefaultIMS: onKeyDown: keyoCode=21
06-26 18:27:03.798 2539 2539 I DefaultIMS: onStartInput attribute=android.view.inputmethod.EditorInfo@12b1538 restarting=false inputType: 0
06-26 18:27:03.900 320 2255 D XM_HIDREAD: poll ret=1, event=1
06-26 18:27:03.900 320 2255 D XM_HIDREAD: [9 bytes]:01 00 00 00 00 00 00 00 00
06-26 18:27:03.900 477 600 D TvWindowManager: key event key = KEYCODE_DPAD_LEFT down = false
06-26 18:27:03.903 2539 2539 I SogouIME: onKeyUp: keyoCode=21
06-26 18:27:03.903 2539 2539 I DefaultIMS: onKeyUp: keyoCode=21
06-26 18:27:04.208 477 524 W IorapForwardingService: No service published for: iorapd
06-26 18:27:04.249 320 2255 D XM_HIDREAD: poll ret=1, event=1
06-26 18:27:04.249 320 2255 D XM_HIDREAD: [9 bytes]:01 00 00 28 00 00 00 00 00
06-26 18:27:04.249 477 600 D TvWindowManager: key event key = KEYCODE_DPAD_CENTER down = true
06-26 18:27:04.255 477 599 D GpioService: mFlickerEnable = true
06-26 18:27:04.295 320 2255 D XM_HIDREAD: poll ret=1, event=1
06-26 18:27:04.295 320 2255 D XM_HIDREAD: [9 bytes]:01 00 00 00 00 00 00 00 00
06-26 18:27:04.296 477 600 D TvWindowManager: key event key = KEYCODE_DPAD_CENTER down = false
06-26 18:27:04.400 477 599 D GpioService: mFlickerEnable = true
06-26 18:27:04.403 2539 2539 I SogouIME: onKeyDown: keyoCode=23
06-26 18:27:04.404 2539 2539 I DefaultIMS: onKeyDown: keyoCode=23
06-26 18:27:04.407 2539 2539 I SogouIME: onKeyUp: keyoCode=23
06-26 18:27:04.407 2539 2539 I DefaultIMS: onKeyUp: keyoCode=23
06-26 18:27:04.413 477 583 I ActivityStarter: ---START u0 {cmp=com.tv.filemanager.os/com.dangbei.lerad.filemanager.ui.info.ManagerFileListActivity (has extras)} from uid 10049
06-26 18:27:04.417 265 265 I AW_PowerHAL: Power setMode: LAUNCH to: 1
06-26 18:27:04.437 477 1355 W ActivityTaskManager: Tried to set launchTime (0) < mLastActivityLaunchTime (127595)
06-26 18:27:04.438 477 1355 D AW_CODE : rotation =0
06-26 18:27:04.445 265 265 I AW_PowerHAL: cur-mode:LAUNCH
06-26 18:27:04.459 280 280 I BpBinder: onLastStrongRef automatically unlinking death recipients:
06-26 18:27:04.465 477 842 D ActivityTaskManager: homlet: skip orientation settings: 0
06-26 18:27:04.469 662 662 E WifiHAL : wifi_get_link_stats: requestResponse Error:-5
06-26 18:27:04.473 477 612 E WifiVendorHal: getWifiLinkLayerStats_1_5_Internal(l.1191) failed {.code = ERROR_INVALID_ARGS, .description = }
06-26 18:27:04.506 477 842 W WindowManager: Failed looking up window session=Session{20c9567 2835:u0a10049} callers=com.android.server.wm.WindowManagerService.windowForClientLocked:5702 com.android.server.wm.Session.insetsModified:629 android.view.IWindowSession$Stub.onTransact:1151
06-26 18:27:04.530 261 399 I gralloc : alloc buffer:W:1920 H:1080 S:1920 PL[1920 1080] SZ:8294400 fmt:1 if:0 af:1 usg:20000b00 fg:00000004
06-26 18:27:04.531 261 399 I gralloc : alloc buffer:W:1920 H:1080 S:1920 PL[1920 1080] SZ:8294400 fmt:1 if:0 af:1 usg:20000b00 fg:00000004
06-26 18:27:04.532 261 399 I gralloc : alloc buffer:W:1920 H:1080 S:1920 PL[1920 1080] SZ:8294400 fmt:1 if:0 af:1 usg:20000b00 fg:00000004
06-26 18:27:04.551 477 522 I ActivityTaskManager: +++Displayed com.tv.filemanager.os/com.dangbei.lerad.filemanager.ui.info.ManagerFileListActivity: +137ms
06-26 18:27:04.557 672 672 D TvPipController: onTaskStackChanged()
06-26 18:27:04.558 2835 2835 I BaseRequest: complete
06-26 18:27:04.558 2835 2835 I BaseRequest: success!=nulltrue
06-26 18:27:04.588 2539 2539 I DefaultIMS: onStartInput attribute=android.view.inputmethod.EditorInfo@4bff105 restarting=false inputType: 0
06-26 18:27:04.667 2835 2835 W View : requestLayout() improperly called by com.dangbei.lerad.libui.control.layout.FitFrameLayout{9bfa756 V.E...... ......ID 0,0-255,250 #7f0a02ee app:id/view_file_item_ll} during layout: running second layout pass
06-26 18:27:04.710 2539 2539 I DefaultIMS: onStartInput attribute=android.view.inputmethod.EditorInfo@7555a restarting=false inputType: 0
06-26 18:27:04.767 2835 2835 W View : requestLayout() improperly called by com.dangbei.lerad.libui.control.layout.FitFrameLayout{52a8e11 V.E...... ......ID 0,0-255,250 #7f0a02ee app:id/view_file_item_ll} during layout: running second layout pass
06-26 18:27:04.777 2539 2539 I DefaultIMS: onStartInput attribute=android.view.inputmethod.EditorInfo@cbcf38b restarting=false inputType: 0
06-26 18:27:04.782 265 265 I AW_PowerHAL: Power setMode: LAUNCH to: 0
06-26 18:27:04.784 265 265 I AW_PowerHAL: cur-mode:SCHEDUTIL
06-26 18:27:05.210 477 524 W IorapForwardingService: No service published for: iorapd
06-26 18:27:05.530 375 375 D dom2reg : timezone change, new: Etc/GMT-8, pre:
06-26 18:27:05.530 375 375 W dom2reg : timezone [Etc/GMT-8] not in default tables, please check!
06-26 18:27:06.213 477 524 W IorapForwardingService: No service published for: iorapd
06-26 18:27:06.566 320 2255 D XM_HIDREAD: poll ret=1, event=1
06-26 18:27:06.566 320 2255 D XM_HIDREAD: [9 bytes]:01 00 00 29 00 00 00 00 00
06-26 18:27:06.567 477 600 D TvWindowManager: key event key = KEYCODE_BACK down = true
06-26 18:27:06.575 477 599 D GpioService: mFlickerEnable = true
06-26 18:27:06.628 3636 3636 I ModuleDataForwa: type=1400 audit(0.0:2489): avc: denied { write } for name="files" dev="mmcblk0p25" ino=1874 scontext=u:r:platform_app:s0:c512,c768 tcontext=u:object_r:app_data_file:s0:c512,c768 tclass=dir permissive=1 app=com.dangbei.screencast
06-26 18:27:06.628 3636 3636 I ModuleDataForwa: type=1400 audit(0.0:2490): avc: denied { add_name } for name="TD__Env_Synchronous_Lock__" scontext=u:r:platform_app:s0:c512,c768 tcontext=u:object_r:app_data_file:s0:c512,c768 tclass=dir permissive=1 app=com.dangbei.screencast
06-26 18:27:06.628 3636 3636 I ModuleDataForwa: type=1400 audit(0.0:2491): avc: denied { create } for name="TD__Env_Synchronous_Lock__" scontext=u:r:platform_app:s0:c512,c768 tcontext=u:object_r:app_data_file:s0:c512,c768 tclass=file permissive=1 app=com.dangbei.screencast
06-26 18:27:06.628 3636 3636 I ModuleDataForwa: type=1400 audit(0.0:2492): avc: denied { open } for path="/data/user/0/com.dangbei.screencast/files/TD__Env_Synchronous_Lock__" dev="mmcblk0p25" ino=2612 scontext=u:r:platform_app:s0:c512,c768 tcontext=u:object_r:app_data_file:s0:c512,c768 tclass=file permissive=1 app=com.dangbei.screencast
06-26 18:27:06.632 3636 3636 I ModuleDataForwa: type=1400 audit(0.0:2493): avc: denied { lock } for path="/data/user/0/com.dangbei.screencast/files/TD__Env_Synchronous_Lock__" dev="mmcblk0p25" ino=2612 scontext=u:r:platform_app:s0:c512,c768 tcontext=u:object_r:app_data_file:s0:c512,c768 tclass=file permissive=1 app=com.dangbei.screencast
06-26 18:27:06.645 320 2255 D XM_HIDREAD: poll ret=1, event=1
06-26 18:27:06.645 320 2255 D XM_HIDREAD: [9 bytes]:01 00 00 00 00 00 00 00 00
06-26 18:27:06.645 477 600 D TvWindowManager: key event key = KEYCODE_BACK down = false
06-26 18:27:06.646 477 523 D AutofillManagerService: onBackKeyPressed()
06-26 18:27:06.676 2348 2348 I rainbow_flow: type=1400 audit(0.0:2494): avc: denied { ioctl } for path="/dev/spidev1.0" dev="tmpfs" ino=6605 ioctlcmd=0x6b00 scontext=u:r:init:s0 tcontext=u:object_r:device:s0 tclass=chr_file permissive=1
06-26 18:27:06.716 477 599 D GpioService: mFlickerEnable = true
06-26 18:27:06.719 2539 2539 I SogouIME: onKeyDown: keyoCode=4
06-26 18:27:06.719 2539 2539 I DefaultIMS: onKeyDown: keyoCode=4
06-26 18:27:06.722 2539 2539 I SogouIME: onKeyUp: keyoCode=4
06-26 18:27:06.722 2539 2539 I DefaultIMS: onKeyUp: keyoCode=4
06-26 18:27:06.727 261 399 I gralloc : alloc buffer:W:1920 H:1080 S:1920 PL[1920 1080] SZ:8294400 fmt:1 if:0 af:1 usg:b66 fg:00000004
06-26 18:27:06.757 477 842 D AW_CODE : rotation =0
06-26 18:27:06.776 280 280 I BpBinder: onLastStrongRef automatically unlinking death recipients:
06-26 18:27:06.834 261 399 I gralloc : alloc buffer:W:1920 H:1080 S:1920 PL[1920 1080] SZ:8294400 fmt:1 if:0 af:1 usg:20000b00 fg:00000004
06-26 18:27:06.836 261 399 I gralloc : alloc buffer:W:1920 H:1080 S:1920 PL[1920 1080] SZ:8294400 fmt:1 if:0 af:1 usg:20000b00 fg:00000004
06-26 18:27:06.838 261 399 I gralloc : alloc buffer:W:1920 H:1080 S:1920 PL[1920 1080] SZ:8294400 fmt:1 if:0 af:1 usg:20000b00 fg:00000004
06-26 18:27:06.870 3636 3645 I gbei.screencas: Background concurrent copying GC freed 72203(7468KB) AllocSpace objects, 23(924KB) LOS objects, 49% free, 6753KB/13MB, paused 230us total 219.848ms
06-26 18:27:06.880 672 672 D TvPipController: onTaskStackChanged()
06-26 18:27:06.903 2539 2539 I DefaultIMS: onStartInput attribute=android.view.inputmethod.EditorInfo@61b35b2 restarting=false inputType: 0
06-26 18:27:07.185 3708 3708 W audit : audit_lost=1864 audit_rate_limit=5 audit_backlog_limit=64
06-26 18:27:07.180 3636 3636 I ModuleDataForwa: type=1400 audit(0.0:2495): avc: denied { remove_name } for name="1750933593641_3502" dev="mmcblk0p25" ino=43215 scontext=u:r:platform_app:s0:c512,c768 tcontext=u:object_r:app_data_file:s0:c512,c768 tclass=dir permissive=1 app=com.dangbei.screencast
06-26 18:27:07.185 3708 3708 E audit : rate limit exceeded
06-26 18:27:07.215 477 524 W IorapForwardingService: No service published for: iorapd
06-26 18:27:07.241 320 2255 D XM_HIDREAD: poll ret=1, event=1
06-26 18:27:07.241 320 2255 D XM_HIDREAD: [9 bytes]:01 00 00 4F 00 00 00 00 00
06-26 18:27:07.241 477 600 D TvWindowManager: key event key = KEYCODE_DPAD_RIGHT down = true
06-26 18:27:07.251 477 599 D GpioService: mFlickerEnable = true
06-26 18:27:07.253 2539 2539 I SogouIME: onKeyDown: keyoCode=22
06-26 18:27:07.253 2539 2539 I DefaultIMS: onKeyDown: keyoCode=22
06-26 18:27:07.275 2539 2539 I DefaultIMS: onStartInput attribute=android.view.inputmethod.EditorInfo@3782575 restarting=false inputType: 0
06-26 18:27:07.296 2835 2835 W .filemanager.o: Accessing hidden field Landroid/view/inputmethod/InputMethodManager;->mCurRootView:Landroid/view/ViewRootImpl; (blocked, reflection, denied)
06-26 18:27:07.307 477 842 W InputManager-JNI: Input channel object '21e417c com.tv.filemanager.os/com.dangbei.lerad.filemanager.ui.info.ManagerFileListActivity (client)' was disposed without first being removed with the input manager!
06-26 18:27:07.365 320 2255 D XM_HIDREAD: poll ret=1, event=1
06-26 18:27:07.365 320 2255 D XM_HIDREAD: [9 bytes]:01 00 00 00 00 00 00 00 00
06-26 18:27:07.365 477 600 D TvWindowManager: key event key = KEYCODE_DPAD_RIGHT down = false
06-26 18:27:07.368 2539 2539 I SogouIME: onKeyUp: keyoCode=22
06-26 18:27:07.368 2539 2539 I DefaultIMS: onKeyUp: keyoCode=22
06-26 18:27:07.455 320 2255 D XM_HIDREAD: poll ret=1, event=1
06-26 18:27:07.455 320 2255 D XM_HIDREAD: [9 bytes]:01 00 00 4F 00 00 00 00 00
06-26 18:27:07.455 477 600 D TvWindowManager: key event key = KEYCODE_DPAD_RIGHT down = true
06-26 18:27:07.459 477 599 D GpioService: mFlickerEnable = true
06-26 18:27:07.461 2539 2539 I SogouIME: onKeyDown: keyoCode=22
06-26 18:27:07.461 2539 2539 I DefaultIMS: onKeyDown: keyoCode=22
06-26 18:27:07.484 2539 2539 I DefaultIMS: onStartInput attribute=android.view.inputmethod.EditorInfo@30fc90a restarting=false inputType: 0
06-26 18:27:07.484 477 496 I system_server: NativeAlloc concurrent copying GC freed 133064(6930KB) AllocSpace objects, 26(640KB) LOS objects, 49% free, 13MB/26MB, paused 330us total 667.022ms
06-26 18:27:07.487 662 662 E WifiHAL : wifi_get_link_stats: requestResponse Error:-5
06-26 18:27:07.489 477 612 E WifiVendorHal: getWifiLinkLayerStats_1_5_Internal(l.1191) failed {.code = ERROR_INVALID_ARGS, .description = }
06-26 18:27:07.494 477 498 W System : A resource failed to call close.
06-26 18:27:07.494 477 498 W System : A resource failed to call close.
06-26 18:27:07.494 477 498 W System : A resource failed to call release.
06-26 18:27:07.530 375 375 D dom2reg : timezone change, new: Etc/GMT-8, pre:
06-26 18:27:07.530 375 375 W dom2reg : timezone [Etc/GMT-8] not in default tables, please check!
06-26 18:27:07.533 320 2255 D XM_HIDREAD: poll ret=1, event=1
06-26 18:27:07.533 320 2255 D XM_HIDREAD: [9 bytes]:01 00 00 00 00 00 00 00 00
06-26 18:27:07.533 477 600 D TvWindowManager: key event key = KEYCODE_DPAD_RIGHT down = false
06-26 18:27:07.535 2539 2539 I SogouIME: onKeyUp: keyoCode=22
06-26 18:27:07.535 2539 2539 I DefaultIMS: onKeyUp: keyoCode=22
06-26 18:27:07.647 320 2255 D XM_HIDREAD: poll ret=1, event=1
06-26 18:27:07.647 320 2255 D XM_HIDREAD: [9 bytes]:01 00 00 4F 00 00 00 00 00
06-26 18:27:07.647 477 600 D TvWindowManager: key event key = KEYCODE_DPAD_RIGHT down = true
06-26 18:27:07.652 477 599 D GpioService: mFlickerEnable = true
06-26 18:27:07.653 2539 2539 I SogouIME: onKeyDown: keyoCode=22
06-26 18:27:07.654 2539 2539 I DefaultIMS: onKeyDown: keyoCode=22
06-26 18:27:07.664 2539 2539 I DefaultIMS: onStartInput attribute=android.view.inputmethod.EditorInfo@4b5d57b restarting=false inputType: 0
06-26 18:27:07.691 320 2255 D XM_HIDREAD: poll ret=1, event=1
06-26 18:27:07.691 320 2255 D XM_HIDREAD: [9 bytes]:01 00 00 00 00 00 00 00 00
06-26 18:27:07.691 477 600 D TvWindowManager: key event key = KEYCODE_DPAD_RIGHT down = false
06-26 18:27:07.694 2539 2539 I SogouIME: onKeyUp: keyoCode=22
06-26 18:27:07.694 2539 2539 I DefaultIMS: onKeyUp: keyoCode=22
06-26 18:27:07.782 320 2255 D XM_HIDREAD: poll ret=1, event=1
06-26 18:27:07.782 320 2255 D XM_HIDREAD: [9 bytes]:01 00 00 4F 00 00 00 00 00
06-26 18:27:07.782 477 600 D TvWindowManager: key event key = KEYCODE_DPAD_RIGHT down = true
06-26 18:27:07.787 477 599 D GpioService: mFlickerEnable = true
06-26 18:27:07.789 2539 2539 I SogouIME: onKeyDown: keyoCode=22
06-26 18:27:07.789 2539 2539 I DefaultIMS: onKeyDown: keyoCode=22
06-26 18:27:07.803 2539 2539 I DefaultIMS: onStartInput attribute=android.view.inputmethod.EditorInfo@6424e57 restarting=false inputType: 0
06-26 18:27:07.848 320 2255 D XM_HIDREAD: poll ret=1, event=1
06-26 18:27:07.849 320 2255 D XM_HIDREAD: [9 bytes]:01 00 00 00 00 00 00 00 00
06-26 18:27:07.849 477 600 D TvWindowManager: key event key = KEYCODE_DPAD_RIGHT down = false
06-26 18:27:07.851 2539 2539 I SogouIME: onKeyUp: keyoCode=22
06-26 18:27:07.851 2539 2539 I DefaultIMS: onKeyUp: keyoCode=22
06-26 18:27:07.939 320 2255 D XM_HIDREAD: poll ret=1, event=1
06-26 18:27:07.939 320 2255 D XM_HIDREAD: [9 bytes]:01 00 00 4F 00 00 00 00 00
06-26 18:27:07.939 477 600 D TvWindowManager: key event key = KEYCODE_DPAD_RIGHT down = true
06-26 18:27:07.944 477 599 D GpioService: mFlickerEnable = true
06-26 18:27:07.945 2539 2539 I SogouIME: onKeyDown: keyoCode=22
06-26 18:27:07.945 2539 2539 I DefaultIMS: onKeyDown: keyoCode=22
06-26 18:27:07.966 2539 2539 I DefaultIMS: onStartInput attribute=android.view.inputmethod.EditorInfo@db378f3 restarting=false inputType: 0
06-26 18:27:07.983 477 1091 E TaskPersister: File error accessing recents directory (directory doesn't exist?).
06-26 18:27:07.984 320 2255 D XM_HIDREAD: poll ret=1, event=1
06-26 18:27:07.984 320 2255 D XM_HIDREAD: [9 bytes]:01 00 00 00 00 00 00 00 00
06-26 18:27:07.984 477 600 D TvWindowManager: key event key = KEYCODE_DPAD_RIGHT down = false
06-26 18:27:07.987 2539 2539 I SogouIME: onKeyUp: keyoCode=22
06-26 18:27:07.987 2539 2539 I DefaultIMS: onKeyUp: keyoCode=22
06-26 18:27:08.218 477 524 W IorapForwardingService: No service published for: iorapd
06-26 18:27:08.412 320 2255 D XM_HIDREAD: poll ret=1, event=1
06-26 18:27:08.412 320 2255 D XM_HIDREAD: [9 bytes]:01 00 00 28 00 00 00 00 00
06-26 18:27:08.412 477 600 D TvWindowManager: key event key = KEYCODE_DPAD_CENTER down = true
06-26 18:27:08.422 477 599 D GpioService: mFlickerEnable = true
06-26 18:27:08.501 1203 1203 D bbb : onStartCommand begin !!!!!!! data分区剩余 23330MB
06-26 18:27:08.503 1117 1117 D aaa : LedStatusService onStartCommand begin
06-26 18:27:08.505 1117 4395 D aaa : topPkg is -------------- :com.tv.filemanager.os
06-26 18:27:08.513 320 2255 D XM_HIDREAD: poll ret=1, event=1
06-26 18:27:08.513 320 2255 D XM_HIDREAD: [9 bytes]:01 00 00 00 00 00 00 00 00
06-26 18:27:08.513 477 600 D TvWindowManager: key event key = KEYCODE_DPAD_CENTER down = false
06-26 18:27:08.563 477 599 D GpioService: mFlickerEnable = true
06-26 18:27:08.565 2539 2539 I SogouIME: onKeyDown: keyoCode=23
06-26 18:27:08.565 2539 2539 I DefaultIMS: onKeyDown: keyoCode=23
06-26 18:27:08.567 2539 2539 I SogouIME: onKeyUp: keyoCode=23
06-26 18:27:08.567 2539 2539 I DefaultIMS: onKeyUp: keyoCode=23
06-26 18:27:08.571 477 1352 I ActivityStarter: ---START u0 {cmp=com.tv.filemanager.os/com.dangbei.lerad.filemanager.ui.info.ManagerFileListActivity (has extras)} from uid 10049
06-26 18:27:08.577 265 265 I AW_PowerHAL: Power setMode: LAUNCH to: 1
06-26 18:27:08.591 477 1352 W ActivityTaskManager: Tried to set launchTime (0) < mLastActivityLaunchTime (132379)
06-26 18:27:08.593 477 1352 D AW_CODE : rotation =0
06-26 18:27:08.608 477 1352 D ActivityTaskManager: homlet: skip orientation settings: 0
06-26 18:27:08.617 265 265 I AW_PowerHAL: cur-mode:LAUNCH
06-26 18:27:08.626 280 280 I BpBinder: onLastStrongRef automatically unlinking death recipients:
06-26 18:27:08.647 477 477 W WindowManager: removeWindowToken: Attempted to remove non-existing token: android.os.Binder@b5a2bdf
