06-26 18:25:10.034 168 168 I usb4 : New USB device strings: Mfr=3, Product=2, SerialNumber=1
06-26 18:25:10.034 168 168 I usb4 : Product: EHCI Host Controller
06-26 18:25:10.034 168 168 I usb4 : Manufacturer: Linux 5.4.125+ ehci_hcd
06-26 18:25:10.034 168 168 I usb4 : SerialNumber: sunxi-ehci
06-26 18:25:10.033 477 523 D AW_CODE : rotation =0
06-26 18:25:10.035 477 644 V BackupManagerService: [UserID:0] Starting with transport com.android.localtransport/.LocalTransport
06-26 18:25:10.037 320 326 D XM_HIDREAD: add@ add@/devices/platform/soc@3000000/5311000.ehci3-controller/usb4
06-26 18:25:10.038 477 644 D BackupManagerService: [UserID:0] Started thread backup-0
06-26 18:25:10.039 320 326 D XM_HIDREAD: add@ add@/devices/platform/soc@3000000/5311000.ehci3-controller/usb4/4-0:1.0
06-26 18:25:10.041 168 168 I hub 4-0 : 1.0: USB hub found
06-26 18:25:10.041 168 168 I hub 4-0 : 1.0: 1 port detected
06-26 18:25:10.040 477 997 I HibernationStateDiskStore: No hibernation file on disk for file /data/system_ce/0/hibernation/states
06-26 18:25:10.044 320 326 D XM_HIDREAD: add@ add@/bus/platform/drivers/sunxi-ehci
06-26 18:25:10.044 477 534 W AppHibernationService: Attempt to call setHibernatingForUser before states have been read from disk
06-26 18:25:10.044 320 326 D XM_HIDREAD: add@ add@/module/ehci_sunxi
06-26 18:25:10.054 477 606 D CompatibilityChangeReporter: Compat change id reported: 135634846; UID 10074; state: DISABLED
06-26 18:25:10.055 477 810 I WifiService: setWifiEnabled package=com.android.systemui uid=10067 enable=true
06-26 18:25:10.055 477 536 D CompatibilityChangeReporter: Compat change id reported: 143937733; UID 10074; state: ENABLED
06-26 18:25:10.055 477 606 I StorageUserConnection: Bound to the ExternalStorageService for user 0
06-26 18:25:10.058 477 523 D AutofillUI: destroySaveUiUiThread(): already destroyed
06-26 18:25:10.059 477 535 D AutofillManagerServiceImpl: Reset component for user 0:
06-26 18:25:10.061 477 535 D FieldClassificationStrategy: reset(): service is not bound. Do nothing.
06-26 18:25:10.061 477 535 W AppBindingService: [Default SMS app] u0 Target package not found
06-26 18:25:10.062 477 535 I ActivityTaskManager: Loading recents for user 0 into memory.
06-26 18:25:10.071 477 612 D WakeupConfigStoreData: WifiWake user data has been read
06-26 18:25:10.080 477 612 D WifiConfigStore: Reading from user stores completed in 51 ms.
06-26 18:25:10.089 477 1030 I AppSearchUserInstanceMa: Creating new AppSearch instance at: /data/system_ce/0/appsearch/icing
06-26 18:25:10.099 477 534 I UsageStatsService: User[0] Flushing usage stats to disk
06-26 18:25:10.101 386 386 I update_engine: [INFO:cleanup_previous_update_action.cc(112)] Executing task 6
06-26 18:25:10.103 320 326 D XM_HIDREAD: add@ add@/devices/virtual/devlink/regulator.8--5101400.ohci0-controller
06-26 18:25:10.104 168 168 W sunxi-ohci: OHCI SUNXI driver
06-26 18:25:10.105 168 168 W : sunxi ohci0-controller don't init wakeup source
06-26 18:25:10.105 168 168 W [sunxi-ohci0]: probe, pdev->name: 5101400.ohci0-controller, sunxi_ohci: 0xffffffc008f81378
06-26 18:25:10.105 477 535 V PackageConfigPersister: loadPackages: empty list files from /data/system_ce/0/package_configs
06-26 18:25:10.109 168 168 I sunxi-ohci 5101400.ohci0-controller: OHCI Host Controller
06-26 18:25:10.109 168 168 I sunxi-ohci 5101400.ohci0-controller: new USB bus registered, assigned bus number 5
06-26 18:25:10.109 168 168 I sunxi-ohci 5101400.ohci0-controller: irq 51, io mem 0x05101400
06-26 18:25:10.110 248 248 D Zygote : Forked child process 1032
06-26 18:25:10.113 477 536 W ActivityManager: Slow operation: 60ms so far, now at startProcess: returned from zygote!
06-26 18:25:10.116 477 644 I SELinux : SELinux: Loaded file_contexts
06-26 18:25:10.122 477 612 D WifiConfigStore: Writing to stores completed in 35 ms.
06-26 18:25:10.123 477 612 D WifiActiveModeWarden: Starting primary ClientModeManager in connect mode
06-26 18:25:10.123 386 386 I update_engine: [INFO:cleanup_previous_update_action.cc(189)] Boot completed, waiting on markBootSuccessful()
06-26 18:25:10.128 477 644 E BackupPasswordManager: Unable to read backup pw version
06-26 18:25:10.128 477 644 E BackupPasswordManager: Unable to read saved backup pw hash
06-26 18:25:10.134 821 821 W ContextImpl: Calling a method in the system process without a qualified user: android.app.ContextImpl.startService:1816 android.content.ContextWrapper.startService:774 android.content.ContextWrapper.startService:774 com.android.tv.settings.users.UserSwitchListenerService$BootReceiver.onReceive:50 android.app.ActivityThread.handleReceiver:4308
06-26 18:25:10.136 386 386 I update_engine: EnsureMetadataMounted does nothing in Android mode.
06-26 18:25:10.138 477 535 W ActivityManager: UserLifecycleEvent 5 received without an active userJourneySession.
06-26 18:25:10.138 477 535 W ActivityManager: UserLifecycleEvent 6 received without an active userJourneySession.
06-26 18:25:10.139 477 535 I ActivityManager: User 0 state changed from RUNNING_UNLOCKING to RUNNING_UNLOCKED
06-26 18:25:10.140 477 535 D SystemServerTiming: SystemUserUnlock took to complete: 971ms
06-26 18:25:10.140 477 536 W ActivityManager: Slow operation: 87ms so far, now at startProcess: done updating battery stats
06-26 18:25:10.145 477 536 I Watchdog: Interesting Java process com.android.providers.media.module started. Pid 1032
06-26 18:25:10.146 477 536 W ActivityManager: Slow operation: 93ms so far, now at startProcess: building log message
06-26 18:25:10.146 1032 1032 I Zygote : seccomp disabled by setenforce 0
06-26 18:25:10.146 477 536 I ActivityManager: app.processName = com.android.providers.media.module
06-26 18:25:10.146 477 536 I ActivityManager: Start proc 1032:com.android.providers.media.module/u0a74 for service {com.android.providers.media.module/com.android.providers.media.fuse.ExternalStorageServiceImpl}
06-26 18:25:10.146 477 536 W ActivityManager: Slow operation: 93ms so far, now at startProcess: starting to update pids map
06-26 18:25:10.146 477 536 W ActivityManager: Slow operation: 94ms so far, now at startProcess: done updating pids map
06-26 18:25:10.147 386 386 I update_engine: Read merge statistics file failed: No such file or directory
06-26 18:25:10.148 477 612 D WifiController: DisabledState.exit()
06-26 18:25:10.151 386 386 I update_engine: [INFO:cleanup_previous_update_action.cc(261)] Waiting for any previous merge request to complete. This can take up to several minutes.
06-26 18:25:10.158 386 386 I update_engine: CheckMergeState for snapshots returned: 0
06-26 18:25:10.168 386 386 I update_engine: ProcessUpdateState handling state: 0
06-26 18:25:10.171 477 535 I ActivityManager: com.dangbei.lerad.etna.haqu is exempt from freezer
06-26 18:25:10.172 320 326 D XM_HIDREAD: add@ add@/devices/platform/soc@3000000/5101400.ohci0-controller/usb5
06-26 18:25:10.173 168 168 I usb5 : New USB device found, idVendor=1d6b, idProduct=0001, bcdDevice= 5.04
06-26 18:25:10.173 168 168 I usb5 : New USB device strings: Mfr=3, Product=2, SerialNumber=1
06-26 18:25:10.173 168 168 I usb5 : Product: OHCI Host Controller
06-26 18:25:10.173 168 168 I usb5 : Manufacturer: Linux 5.4.125+ ohci_hcd
06-26 18:25:10.173 168 168 I usb5 : SerialNumber: sunxi-ohci
06-26 18:25:10.173 477 535 D CompatibilityChangeReporter: Compat change id reported: 135634846; UID 1000; state: DISABLED
06-26 18:25:10.177 477 612 D WifiController: EnabledState.enter()
06-26 18:25:10.178 320 326 D XM_HIDREAD: add@ add@/devices/platform/soc@3000000/5101400.ohci0-controller/usb5/5-0:1.0
06-26 18:25:10.181 168 168 I hub 5-0 : 1.0: USB hub found
06-26 18:25:10.181 168 168 I hub 5-0 : 1.0: 1 port detected
06-26 18:25:10.181 386 386 I update_engine: [INFO:cleanup_previous_update_action.cc(287)] Can't find any snapshot to merge.
06-26 18:25:10.183 386 386 I update_engine: [INFO:cleanup_previous_update_action.cc(130)] Stopping/suspending/completing CleanupPreviousUpdateAction
06-26 18:25:10.185 403 421 I adbd : jdwp connection from 1032
06-26 18:25:10.191 320 326 D XM_HIDREAD: add@ add@/devices/virtual/devlink/regulator.8--5200400.ohci1-controller
06-26 18:25:10.191 386 386 I update_engine: [INFO:cleanup_previous_update_action.cc(469)] Not reporting merge stats because state is None
06-26 18:25:10.194 386 386 I update_engine: [INFO:cleanup_previous_update_action.cc(130)] Stopping/suspending/completing CleanupPreviousUpdateAction
06-26 18:25:10.196 386 386 I update_engine: [INFO:action_processor.cc(116)] ActionProcessor: finished last action CleanupPreviousUpdateAction with code ErrorCode::kSuccess
06-26 18:25:10.198 386 386 I update_engine: [INFO:update_attempter_android.cc(549)] Processing Done.
06-26 18:25:10.192 168 168 W : sunxi ohci1-controller don't init wakeup source
06-26 18:25:10.192 168 168 W [sunxi-ohci1]: probe, pdev->name: 5200400.ohci1-controller, sunxi_ohci: 0xffffffc008f81a38
06-26 18:25:10.193 168 168 I sunxi-ohci 5200400.ohci1-controller: OHCI Host Controller
06-26 18:25:10.193 168 168 I sunxi-ohci 5200400.ohci1-controller: new USB bus registered, assigned bus number 6
06-26 18:25:10.193 168 168 E debugfs : Directory 'sunxi-ohci' with parent 'ohci' already present!
06-26 18:25:10.200 386 386 I update_engine: [INFO:update_attempter_android.cc(701)] Terminating cleanup previous update.
06-26 18:25:10.203 477 612 D WifiClientModeManager[unknown]: entering IdleState
06-26 18:25:10.208 248 248 D Zygote : Forked child process 1049
06-26 18:25:10.211 477 536 W ActivityManager: Slow operation: 59ms so far, now at startProcess: returned from zygote!
06-26 18:25:10.213 662 662 D WifiHWInfo: Start to load wireless module hardware info table...
06-26 18:25:10.217 168 168 I sunxi-ohci 5200400.ohci1-controller: irq 53, io mem 0x05200400
06-26 18:25:10.218 662 662 D WifiHWInfo: Entry [01], BUS: SDIO, ID: 0x024C8179, Name: rtl8189es.
06-26 18:25:10.218 662 662 D WifiHWInfo: Entry [02], BUS: SDIO, ID: 0x024CB723, Name: rtl8723bs_vq0.
06-26 18:25:10.218 662 662 D WifiHWInfo: Entry [03], BUS: SDIO, ID: 0x024CB703, Name: rtl8723cs.
06-26 18:25:10.218 662 662 D WifiHWInfo: Entry [04], BUS: SDIO, ID: 0x024CD723, Name: rtl8723ds.
06-26 18:25:10.218 662 662 D WifiHWInfo: Entry [05], BUS: SDIO, ID: 0x024CF179, Name: rtl8189fs.
06-26 18:25:10.218 662 662 D WifiHWInfo: Entry [06], BUS: SDIO, ID: 0x024CB822, Name: rtl88x2bs.
06-26 18:25:10.218 662 662 D WifiHWInfo: Entry [07], BUS: USB, ID: 0x0BDAD723, Name: rtl8723du.
06-26 18:25:10.218 662 662 D WifiHWInfo: Entry [08], BUS: USB, ID: 0x0BDA8179, Name: rtl8188etv.
06-26 18:25:10.218 662 662 D WifiHWInfo: Entry [09], BUS: USB, ID: 0x0BDA0179, Name: rtl8188eu.
06-26 18:25:10.218 662 662 D WifiHWInfo: Entry [10], BUS: USB, ID: 0x0BDA818B, Name: rtl8192eu.
06-26 18:25:10.218 662 662 D WifiHWInfo: Entry [11], BUS: USB, ID: 0x0BDAB720, Name: rtl8723bu.
06-26 18:25:10.218 662 662 D WifiHWInfo: Entry [12], BUS: USB, ID: 0x0BDAC82C, Name: rtl8822cu.
06-26 18:25:10.218 662 662 D WifiHWInfo: Entry [13], BUS: USB, ID: 0x0BDAF179, Name: rtl8188fu.
06-26 18:25:10.218 662 662 D WifiHWInfo: Entry [14], BUS: SDIO, ID: 0x02D0A9A6, Name: ap6212.
06-26 18:25:10.218 662 662 D WifiHWInfo: Entry [15], BUS: SDIO, ID: 0x02D04330, Name: ap6330.
06-26 18:25:10.218 662 662 D WifiHWInfo: Entry [16], BUS: SDIO, ID: 0x02D04356, Name: ap6356s.
06-26 18:25:10.218 662 662 D WifiHWInfo: Entry [17], BUS: SDIO, ID: 0x02D0A9BF, Name: ap6255.
06-26 18:25:10.218 662 662 D WifiHWInfo: Entry [18], BUS: SDIO, ID: 0x02D04334, Name: bcm43342.
06-26 18:25:10.218 662 662 D WifiHWInfo: Entry [19], BUS: SDIO, ID: 0x00202281, Name: xr819.
06-26 18:25:10.218 662 662 D WifiHWInfo: Entry [20], BUS: SDIO, ID: 0x0A9E2282, Name: xr829.
06-26 18:25:10.218 662 662 D WifiHWInfo: Entry [21], BUS: SDIO, ID: 0x0271050A, Name: qca6174a.
06-26 18:25:10.219 662 662 D WifiHWInfo: Entry [22], BUS: SDIO, ID: 0x30303030, Name: ssv6x5x.
06-26 18:25:10.219 662 662 D WifiHWInfo: Entry [23], BUS: SDIO, ID: 0x00000000, Name: uwe5621.
06-26 18:25:10.219 662 662 D WifiHWInfo: Entry [24], BUS: SDIO, ID: 0x54490145, Name: aic8800.
06-26 18:25:10.219 662 662 D WifiHWInfo: Entry [25], BUS: SDIO, ID: 0xC8A1C08D, Name: aic8800.
06-26 18:25:10.219 662 662 D WifiHWInfo: Entry [26], BUS: USB, ID: 0xA69C8800, Name: aic8800.
06-26 18:25:10.219 662 662 D WifiHWInfo: Entry [27], BUS: USB, ID: 0x007A8888, Name: atbm6023is.
06-26 18:25:10.219 662 662 D WifiHWInfo: Entry [28], BUS: SDIO, ID: 0x02E79086, Name: 9012p.
06-26 18:25:10.219 662 662 D WifiHWInfo: Entry [29], BUS: SDIO, ID: 0x007A6011, Name: atbm613x_wifi_sdio.
06-26 18:25:10.219 662 662 D WifiHWInfo: Entry [30], BUS: SDIO, ID: 0x024CC822, Name: 88x2cs.
06-26 18:25:10.219 662 662 D WifiHWInfo: Entry [31], BUS: SDIO, ID: 0x000018F0, Name: dummy.
06-26 18:25:10.219 662 662 W android.hardware.wifi@1.0-service-lazy: DRIVER_MODULE_TAG: sprdwl_ng : Success
06-26 18:25:10.219 662 662 I android.hardware.wifi@1.0-service-lazy: driver_module_path: /vendor/lib/modules/sprdwl_ng.ko
06-26 18:25:10.219 662 662 I android.hardware.wifi@1.0-service-lazy: driver_module_arg:
06-26 18:25:10.230 1049 1049 I Zygote : seccomp disabled by setenforce 0
06-26 18:25:10.247 477 523 W Looper : Slow dispatch took 133ms android.ui h=com.android.server.am.ActivityManagerService$UiHandler c=null m=68
06-26 18:25:10.253 477 583 D CompatibilityChangeReporter: Compat change id reported: 168419799; UID 10074; state: DISABLED
06-26 18:25:10.265 477 536 W ActivityManager: Slow operation: 113ms so far, now at startProcess: done updating battery stats
06-26 18:25:10.265 477 536 W ActivityManager: Slow operation: 113ms so far, now at startProcess: building log message
06-26 18:25:10.265 477 536 I ActivityManager: app.processName = com.dangbei.lerad.etna.haqu
06-26 18:25:10.265 477 536 I ActivityManager: Start proc 1049:com.dangbei.lerad.etna.haqu/1000 for added application com.dangbei.lerad.etna.haqu
06-26 18:25:10.265 477 536 W ActivityManager: Slow operation: 113ms so far, now at startProcess: starting to update pids map
06-26 18:25:10.266 477 536 W ActivityManager: Slow operation: 114ms so far, now at startProcess: done updating pids map
06-26 18:25:10.272 320 326 D XM_HIDREAD: add@ add@/bus/platform/drivers/unisoc_wifi
06-26 18:25:10.272 320 326 D XM_HIDREAD: add@ add@/devices/platform/unisoc_wifi
06-26 18:25:10.273 662 662 I WCN : start_marlin [MARLIN_WIFI]
06-26 18:25:10.273 662 662 D : CPU: 1 PID: 662 Comm: wifi@1.0-servic Tainted: G O 5.4.125+ #22
06-26 18:25:10.273 662 662 D Hardware name: sun50iw9 (DT)
06-26 18:25:10.273 662 662 D Call trace:
06-26 18:25:10.273 662 662 D : dump_backtrace.cfi_jt+0x0/0x4
06-26 18:25:10.273 662 662 D : dump_stack+0xbc/0x104
06-26 18:25:10.273 662 662 D : marlin_set_power+0x2c/0x78c [uwe5621_bsp_sdio]
06-26 18:25:10.273 662 662 D : start_marlin+0xbc/0x14c [uwe5621_bsp_sdio]
06-26 18:25:10.273 662 662 D : sprdwl_probe+0x28/0x3f4 [sprdwl_ng]
06-26 18:25:10.273 662 662 D : platform_drv_probe+0xac/0xf0
06-26 18:25:10.273 662 662 D : really_probe+0x340/0x8f8
06-26 18:25:10.273 662 662 D : driver_probe_device+0x70/0x144
06-26 18:25:10.273 662 662 D : __device_attach_driver+0x14c/0x210
06-26 18:25:10.273 662 662 D : bus_for_each_drv+0x98/0x10c
06-26 18:25:10.273 662 662 D : __device_attach.llvm.14547616182355937686+0x108/0x1a8
06-26 18:25:10.273 662 662 D : bus_probe_device+0x3c/0xdc
06-26 18:25:10.273 662 662 D : device_add+0x950/0xb78
06-26 18:25:10.273 662 662 D : platform_device_add+0x90/0x260
06-26 18:25:10.273 662 662 D : init_module+0x48/0xfc4 [sprdwl_ng]
06-26 18:25:10.273 662 662 D : do_one_initcall+0xc4/0x238
06-26 18:25:10.274 662 662 D : do_init_module+0x58/0x2e0
06-26 18:25:10.274 662 662 D : load_module+0x31b8/0x3a40
06-26 18:25:10.274 662 662 D : __arm64_sys_finit_module+0xbc/0x120
06-26 18:25:10.274 662 662 D : el0_svc_common+0xb8/0x1cc
06-26 18:25:10.274 662 662 D : el0_svc_compat_handler+0x1c/0x28
06-26 18:25:10.274 662 662 D : el0_svc_compat+0x8/0x24
06-26 18:25:10.274 662 662 I WCN : marlin power state:1, subsys: [MARLIN_WIFI] power 1
06-26 18:25:10.274 662 662 I WCN : marlin have open, GNSS is closed
06-26 18:25:10.273 403 421 I adbd : jdwp connection from 1049
06-26 18:25:10.274 320 326 D XM_HIDREAD: add@ add@/devices/platform/unisoc_wifi/wakeup/wakeup25
06-26 18:25:10.283 477 535 I ActivityManager: Posting BOOT_COMPLETED user #0
06-26 18:25:10.286 320 326 D XM_HIDREAD: add@ add@/devices/platform/soc@3000000/5200400.ohci1-controller/usb6
06-26 18:25:10.287 320 326 D XM_HIDREAD: add@ add@/devices/platform/soc@3000000/5200400.ohci1-controller/usb6/6-0:1.0
06-26 18:25:10.287 168 168 I usb6 : New USB device found, idVendor=1d6b, idProduct=0001, bcdDevice= 5.04
06-26 18:25:10.287 168 168 I usb6 : New USB device strings: Mfr=3, Product=2, SerialNumber=1
06-26 18:25:10.287 168 168 I usb6 : Product: OHCI Host Controller
06-26 18:25:10.287 168 168 I usb6 : Manufacturer: Linux 5.4.125+ ohci_hcd
06-26 18:25:10.287 168 168 I usb6 : SerialNumber: sunxi-ohci
06-26 18:25:10.290 168 168 I hub 6-0 : 1.0: USB hub found
06-26 18:25:10.290 168 168 I hub 6-0 : 1.0: 1 port detected
06-26 18:25:10.294 168 168 W : sunxi ohci2-controller don't init wakeup source
06-26 18:25:10.294 168 168 W [sunxi-ohci2]: probe, pdev->name: 5310400.ohci2-controller, sunxi_ohci: 0xffffffc008f820f8
06-26 18:25:10.292 320 326 D XM_HIDREAD: add@ add@/devices/virtual/devlink/regulator.8--5310400.ohci2-controller
06-26 18:25:10.296 168 168 I sunxi-ohci 5310400.ohci2-controller: OHCI Host Controller
06-26 18:25:10.296 168 168 I sunxi-ohci 5310400.ohci2-controller: new USB bus registered, assigned bus number 7
06-26 18:25:10.296 168 168 E debugfs : Directory 'sunxi-ohci' with parent 'ohci' already present!
06-26 18:25:10.303 662 662 E sprdwl : __sprdwl_cmd_getbuf cant't get vif, ctx_id: 0
06-26 18:25:10.306 168 168 I sunxi-ohci 5310400.ohci2-controller: irq 55, io mem 0x05310400
06-26 18:25:10.316 1032 1032 D CompatibilityChangeReporter: Compat change id reported: 171979766; UID 10074; state: DISABLED
06-26 18:25:10.321 477 1030 W UnsafeUtil: platform method missing - proto runtime falling back to safer methods: java.lang.NoSuchMethodException: sun.misc.Unsafe.copyMemory [class java.lang.Object, long, class java.lang.Object, long, long]
06-26 18:25:10.332 477 1027 V BackupManagerConstants: getKeyValueBackupIntervalMilliseconds(...) returns 14400000
06-26 18:25:10.333 477 1027 V BackupManagerConstants: getKeyValueBackupFuzzMilliseconds(...) returns 600000
06-26 18:25:10.333 477 1027 V BackupManagerConstants: getKeyValueBackupRequiredNetworkType(...) returns 1
06-26 18:25:10.334 477 1027 V BackupManagerConstants: getKeyValueBackupRequireCharging(...) returns true
06-26 18:25:10.334 477 1027 V KeyValueBackupJob: Scheduling k/v pass in 242 minutes
06-26 18:25:10.338 477 522 I AppWidgetServiceImpl: Processing of handleUserUnlocked u0 took 57 ms
06-26 18:25:10.338 477 534 W Searchables: No global search activity found
06-26 18:25:10.345 477 644 V BackupManagerService: [UserID:0] No ancestral data
06-26 18:25:10.353 477 1027 D ConnectivityService: requestNetwork for uid/pid:1000/477 activeRequest: null callbackRequest: 22 [NetworkRequest [ REQUEST id=23, [ Capabilities: INTERNET&NOT_RESTRICTED&TRUSTED&NOT_VCN_MANAGED Uid: 1000 RequestorUid: 1000 RequestorPkg: android] ]] callback flags: 0 priority: 2147483647
06-26 18:25:10.354 477 477 W NotificationHistory: Attempted to add notif for locked/gone/disabled user 0
06-26 18:25:10.354 477 620 D ConnectivityService: NetReassign [no changes]
06-26 18:25:10.356 477 659 D PPPOE : got request NetworkRequest [ REQUEST id=23, [ Capabilities: INTERNET&NOT_RESTRICTED&TRUSTED&NOT_VCN_MANAGED Uid: 1000 RequestorUid: 1000 RequestorPkg: android] ]
06-26 18:25:10.356 477 477 W Looper : Slow dispatch took 182ms main h=com.android.server.notification.NotificationManagerService$WorkerHandler c=com.android.server.notification.NotificationManagerService$PostNotificationRunnable@7b9314c m=0
06-26 18:25:10.357 477 658 D Ethernet: got request NetworkRequest [ REQUEST id=23, [ Capabilities: INTERNET&NOT_RESTRICTED&TRUSTED&NOT_VCN_MANAGED Uid: 1000 RequestorUid: 1000 RequestorPkg: android] ]
06-26 18:25:10.357 477 658 D EthernetNetworkFactory: acceptRequest, request: NetworkRequest [ REQUEST id=23, [ Capabilities: INTERNET&NOT_RESTRICTED&TRUSTED&NOT_VCN_MANAGED Uid: 1000 RequestorUid: 1000 RequestorPkg: android] ]
06-26 18:25:10.357 477 658 I EthernetNetworkFactory: networkForRequest, request: NetworkRequest [ REQUEST id=23, [ Capabilities: INTERNET&NOT_RESTRICTED&TRUSTED&NOT_VCN_MANAGED Uid: 1000 RequestorUid: 1000 RequestorPkg: android] ], network: null
06-26 18:25:10.358 477 810 D CompatibilityChangeReporter: Compat change id reported: 168419799; UID 1000; state: DISABLED
06-26 18:25:10.372 1049 1049 D CompatibilityChangeReporter: Compat change id reported: 171979766; UID 1000; state: DISABLED
06-26 18:25:10.374 320 326 D XM_HIDREAD: add@ add@/devices/platform/soc@3000000/5310400.ohci2-controller/usb7
06-26 18:25:10.375 168 168 I usb7 : New USB device found, idVendor=1d6b, idProduct=0001, bcdDevice= 5.04
06-26 18:25:10.375 168 168 I usb7 : New USB device strings: Mfr=3, Product=2, SerialNumber=1
06-26 18:25:10.375 168 168 I usb7 : Product: OHCI Host Controller
06-26 18:25:10.375 168 168 I usb7 : Manufacturer: Linux 5.4.125+ ohci_hcd
06-26 18:25:10.375 168 168 I usb7 : SerialNumber: sunxi-ohci
06-26 18:25:10.384 320 326 D XM_HIDREAD: add@ add@/devices/platform/soc@3000000/5310400.ohci2-controller/usb7/7-0:1.0
06-26 18:25:10.387 168 168 I hub 7-0 : 1.0: USB hub found
06-26 18:25:10.390 168 168 I hub 7-0 : 1.0: 1 port detected
06-26 18:25:10.393 168 168 W : sunxi ohci3-controller don't init wakeup source
06-26 18:25:10.393 168 168 W [sunxi-ohci3]: probe, pdev->name: 5311400.ohci3-controller, sunxi_ohci: 0xffffffc008f827b8
06-26 18:25:10.394 477 534 I system_server: Using smaps_rollup for pss collection
06-26 18:25:10.400 320 326 D XM_HIDREAD: add@ add@/devices/virtual/devlink/regulator.8--5311400.ohci3-controller
06-26 18:25:10.403 1049 1049 D ApplicationLoaders: Returning zygote-cached class loader: /system/framework/android.test.base.jar
06-26 18:25:10.403 1049 1049 D ApplicationLoaders: Returning zygote-cached class loader: /system/framework/android.hidl.manager-V1.0-java.jar
06-26 18:25:10.403 1049 1049 D ApplicationLoaders: Returning zygote-cached class loader: /system/framework/android.hidl.base-V1.0-java.jar
06-26 18:25:10.405 477 535 D CompatibilityChangeReporter: Compat change id reported: 135634846; UID 10031; state: DISABLED
06-26 18:25:10.406 477 535 D CompatibilityChangeReporter: Compat change id reported: 177438394; UID 10031; state: DISABLED
06-26 18:25:10.406 477 535 D CompatibilityChangeReporter: Compat change id reported: 135772972; UID 10031; state: DISABLED
06-26 18:25:10.406 477 535 D CompatibilityChangeReporter: Compat change id reported: 135754954; UID 10031; state: ENABLED
06-26 18:25:10.407 477 536 D CompatibilityChangeReporter: Compat change id reported: 143937733; UID 10031; state: ENABLED
06-26 18:25:10.401 168 168 I sunxi-ohci 5311400.ohci3-controller: OHCI Host Controller
06-26 18:25:10.401 168 168 I sunxi-ohci 5311400.ohci3-controller: new USB bus registered, assigned bus number 8
06-26 18:25:10.401 168 168 E debugfs : Directory 'sunxi-ohci' with parent 'ohci' already present!
06-26 18:25:10.410 168 168 I sunxi-ohci 5311400.ohci3-controller: irq 57, io mem 0x05311400
06-26 18:25:10.418 671 671 D BluetoothOppFileProvider: Initialized
06-26 18:25:10.419 821 821 D FallbackHome: User unlocked and real home found; let's go!
06-26 18:25:10.435 477 583 W StorageManagerService: Reporting emulated;0 unmounted due to system locked
06-26 18:25:10.436 248 248 D Zygote : Forked child process 1072
06-26 18:25:10.442 477 535 I SystemServerTimingAsync: ssm.UnlockedUser-0
06-26 18:25:10.442 477 535 I SystemServiceManager: Calling onUnlockedUser 0
06-26 18:25:10.443 477 536 W ActivityManager: Slow operation: 61ms so far, now at startProcess: returned from zygote!
06-26 18:25:10.453 477 754 I ActivityStarter: ---START u0 {act=android.intent.action.MAIN cat=[android.intent.category.HOME] flg=0x10000100 cmp=com.dangbei.leard.leradlauncher/com.dangbei.launcher.home.LauncherActivity (has extras)} from uid 0
06-26 18:25:10.454 477 536 W ActivityManager: Slow operation: 72ms so far, now at startProcess: done updating battery stats
06-26 18:25:10.454 477 536 W ActivityManager: Slow operation: 72ms so far, now at startProcess: building log message
06-26 18:25:10.454 477 536 I ActivityManager: app.processName = com.android.traceur
06-26 18:25:10.454 477 536 I ActivityManager: Start proc 1072:com.android.traceur/u0a31 for broadcast {com.android.traceur/com.android.traceur.Receiver}
06-26 18:25:10.454 477 536 W ActivityManager: Slow operation: 72ms so far, now at startProcess: starting to update pids map
06-26 18:25:10.455 477 477 V NotificationAssistants: disabling notification assistant for user 0: ComponentInfo{android.ext.services/android.ext.services.notification.Assistant}
06-26 18:25:10.456 477 477 D NotificationListeners: Removing active service ComponentInfo{android.ext.services/android.ext.services.notification.Assistant}
06-26 18:25:10.461 1072 1072 I Zygote : seccomp disabled by setenforce 0
06-26 18:25:10.470 320 326 D XM_HIDREAD: add@ add@/devices/platform/soc@3000000/5311400.ohci3-controller/usb8
06-26 18:25:10.471 168 168 I usb8 : New USB device found, idVendor=1d6b, idProduct=0001, bcdDevice= 5.04
06-26 18:25:10.471 168 168 I usb8 : New USB device strings: Mfr=3, Product=2, SerialNumber=1
06-26 18:25:10.471 168 168 I usb8 : Product: OHCI Host Controller
06-26 18:25:10.471 168 168 I usb8 : Manufacturer: Linux 5.4.125+ ohci_hcd
06-26 18:25:10.471 168 168 I usb8 : SerialNumber: sunxi-ohci
06-26 18:25:10.473 320 326 D XM_HIDREAD: add@ add@/devices/platform/soc@3000000/5311400.ohci3-controller/usb8/8-0:1.0
06-26 18:25:10.476 168 168 I hub 8-0 : 1.0: USB hub found
06-26 18:25:10.476 168 168 I hub 8-0 : 1.0: 1 port detected
06-26 18:25:10.477 320 326 D XM_HIDREAD: add@ add@/bus/platform/drivers/sunxi-ohci
06-26 18:25:10.477 320 326 D XM_HIDREAD: add@ add@/module/ohci_sunxi
06-26 18:25:10.485 477 754 D CompatibilityChangeReporter: Compat change id reported: 174042980; UID 1000; state: DISABLED
06-26 18:25:10.495 477 754 D ActivityTaskManager: isHomeLauncher info= ActivityInfo{3330814 com.dangbei.launcher.home.LauncherActivity}
06-26 18:25:10.510 265 265 I AW_PowerHAL: Power setMode: SUSTAINED_PERFORMANCE to: 1
06-26 18:25:10.512 168 168 D : get det_vbus is fail, -84
06-26 18:25:10.512 168 168 D : get id is fail, -84
06-26 18:25:10.516 320 326 D XM_HIDREAD: add@ add@/bus/platform/drivers/otg manager
06-26 18:25:10.516 320 326 D XM_HIDREAD: add@ add@/module/sunxi_usbc
06-26 18:25:10.522 403 421 I adbd : jdwp connection from 1072
06-26 18:25:10.537 477 754 D CompatibilityChangeReporter: Compat change id reported: 168419799; UID 1000; state: DISABLED
06-26 18:25:10.550 1032 1032 V GraphicsEnvironment: ANGLE Developer option for 'com.android.providers.media.module' set to: 'default'
06-26 18:25:10.550 1032 1032 V GraphicsEnvironment: Neither updatable production driver nor prerelease driver is supported.
06-26 18:25:10.552 1032 1032 D NetworkSecurityConfig: No Network Security Config specified, using platform default
06-26 18:25:10.553 1032 1032 D NetworkSecurityConfig: No Network Security Config specified, using platform default
06-26 18:25:10.559 280 280 I BpBinder: onLastStrongRef automatically unlinking death recipients:
06-26 18:25:10.569 477 536 W ActivityManager: Slow operation: 187ms so far, now at startProcess: done updating pids map
06-26 18:25:10.576 477 535 I LaunchParamsPersister: Didn't find launch param folder for user 0
06-26 18:25:10.577 477 535 W SystemServiceManager: Service com.android.server.wm.ActivityTaskManagerService$Lifecycle took 135 ms in onUnlockedUser-0
06-26 18:25:10.577 265 265 W AW_PowerHAL: Could not open nsi-bw: No such file or directory
06-26 18:25:10.577 265 265 I AW_PowerHAL: cur-mode:PERFORMANCE
06-26 18:25:10.581 477 535 W ActivityManager: UserLifecycleEvent 6 received without an active userJourneySession.
06-26 18:25:10.590 477 525 I ActivityManager: com.dangbei.leard.leradlauncher is exempt from freezer
06-26 18:25:10.591 477 525 D CompatibilityChangeReporter: Compat change id reported: 135634846; UID 1000; state: DISABLED
06-26 18:25:10.598 477 754 D CompatibilityChangeReporter: Compat change id reported: 168419799; UID 10031; state: DISABLED
06-26 18:25:10.611 477 754 D CompatibilityChangeReporter: Compat change id reported: 181136395; UID 1000; state: DISABLED
06-26 18:25:10.618 477 754 D CompatibilityChangeReporter: Compat change id reported: 174042936; UID 1000; state: DISABLED
06-26 18:25:10.625 477 1091 E TaskPersister: File error accessing recents directory (directory doesn't exist?).
06-26 18:25:10.633 248 248 D Zygote : Forked child process 1095
06-26 18:25:10.635 477 536 I ActivityManager: app.processName = com.dangbei.leard.leradlauncher
06-26 18:25:10.635 477 536 I ActivityManager: Start proc 1095:com.dangbei.leard.leradlauncher/1000 for top-activity {com.dangbei.leard.leradlauncher/com.dangbei.launcher.home.LauncherActivity}
06-26 18:25:10.645 1095 1095 I Zygote : seccomp disabled by setenforce 0
06-26 18:25:10.652 672 672 D TvPipController: onTaskStackChanged()
06-26 18:25:10.658 1032 1032 V MediaProvider: Attached media from com.android.providers.media.module
06-26 18:25:10.670 477 477 V NotificationAssistants: enabling notification assistant for 0: ComponentInfo{android.ext.services/android.ext.services.notification.Assistant}
06-26 18:25:10.671 477 477 V NotificationAssistants: binding: Intent { act=android.service.notification.NotificationAssistantService cmp=android.ext.services/.notification.Assistant (has extras) }
06-26 18:25:10.698 1088 1088 D VoHCI : VoHCI service version: v1.0.0
06-26 18:25:10.700 1072 1072 D CompatibilityChangeReporter: Compat change id reported: 171979766; UID 10031; state: ENABLED
06-26 18:25:10.702 349 349 I WCN : WCND at cmd read:3
06-26 18:25:10.702 1088 1088 E VoHCI : Cannot get card id for name: VoHCILoopback
06-26 18:25:10.709 477 477 W Looper : Slow dispatch took 270ms main h=android.app.ActivityThread$H c=android.app.LoadedApk$ReceiverDispatcher$Args$$ExternalSyntheticLambda0@62ef047 m=0
06-26 18:25:10.720 662 662 I WCN : get_board_ant_num [three_ant]
06-26 18:25:10.720 662 662 E : wifi ini path = /vendor/etc/wifi_56630001_3ant.ini
06-26 18:25:10.712 403 421 I adbd : jdwp connection from 1095
06-26 18:25:10.721 477 477 W Looper : Slow delivery took 297ms main h=android.app.ActivityThread$H c=android.app.LoadedApk$ReceiverDispatcher$Args$$ExternalSyntheticLambda0@495599d m=0
06-26 18:25:10.728 477 583 I ActivityManager: com.oranth.ledstatus is exempt from freezer
06-26 18:25:10.735 662 662 E sprdwl : __sprdwl_cmd_getbuf cant't get vif, ctx_id: 0
06-26 18:25:10.755 1049 1049 V GraphicsEnvironment: ANGLE Developer option for 'com.dangbei.lerad.etna.haqu' set to: 'default'
06-26 18:25:10.757 1049 1049 V GraphicsEnvironment: Neither updatable production driver nor prerelease driver is supported.
06-26 18:25:10.762 1049 1049 D NetworkSecurityConfig: Using Network Security Config from resource network_security_config debugBuild: false
06-26 18:25:10.757 662 662 E sprdwl : __sprdwl_cmd_getbuf cant't get vif, ctx_id: 0
06-26 18:25:10.765 477 644 I BackupManagerService: isBackupEnabled() => false due to absent settings file
06-26 18:25:10.766 477 644 D BackupManagerService: user:0 readBackupEnableState enabled:false
06-26 18:25:10.766 477 644 I BackupManagerService: [UserID:0] Backup enabled => false
06-26 18:25:10.776 1049 1049 D NetworkSecurityConfig: Using Network Security Config from resource network_security_config debugBuild: false
06-26 18:25:10.793 477 477 I AccountManagerService: User 0 is unlocked - opening CE database
06-26 18:25:10.798 477 755 D AW_CODE : rotation =0
06-26 18:25:10.795 124 124 I : hdmi_hpd_sys_config_release
06-26 18:25:10.814 477 755 D CompatibilityChangeReporter: Compat change id reported: 174042980; UID 1000; state: DISABLED
06-26 18:25:10.817 248 248 D Zygote : Forked child process 1117
06-26 18:25:10.818 477 536 W ActivityManager: Slow operation: 91ms so far, now at startProcess: returned from zygote!
06-26 18:25:10.831 1117 1117 I Zygote : seccomp disabled by setenforce 0
06-26 18:25:10.834 477 524 W IorapForwardingService: No service published for: iorapd
06-26 18:25:10.841 1117 1117 I ranth.ledstatu: Late-enabling -Xcheck:jni
06-26 18:25:10.833 662 662 E sprdwl : sprdwl_get_fw_info, drv_version=1, fw_version=2, compat_ver=0
06-26 18:25:10.845 662 662 E sprdwl : chip_model:0x2355, chip_ver:0x0
06-26 18:25:10.851 1049 1049 I MultiDex: VM with version 2.1.0 has multidex support
06-26 18:25:10.854 1049 1049 I MultiDex: Installing application
06-26 18:25:10.854 1049 1049 I MultiDex: VM has multidex support, MultiDex support library is disabled.
06-26 18:25:10.859 662 662 E sprdwl : fw_ver:0, fw_std:0x53, fw_capa:0x120f4f
06-26 18:25:10.869 477 755 W ActivityManager: Slow operation: 93ms so far, now at attachApplicationLocked: after mServices.attachApplicationLocked
06-26 18:25:10.866 662 662 E sprdwl : mac_addr:b4:2f:03:15:e8:b9
06-26 18:25:10.876 662 662 E sprdwl : credit_capa:TX_WITH_CREDIT, extend_feature:0x1
06-26 18:25:10.888 331 331 I xiriservice_All: type=1400 audit(0.0:461): avc: denied { read } for scontext=u:r:init:s0 tcontext=u:r:init:s0 tclass=netlink_kobject_uevent_socket permissive=1
06-26 18:25:10.890 320 326 D XM_HIDREAD: add@ add@/devices/platform/unisoc_wifi/ieee80211/phy0
06-26 18:25:10.886 662 662 E sprdwl : ott support:1
06-26 18:25:10.902 1072 1072 V GraphicsEnvironment: ANGLE Developer option for 'com.android.traceur' set to: 'default'
06-26 18:25:10.902 1072 1072 V GraphicsEnvironment: Neither updatable production driver nor prerelease driver is supported.
06-26 18:25:10.907 1072 1072 D NetworkSecurityConfig: No Network Security Config specified, using platform default
06-26 18:25:10.907 1072 1072 D NetworkSecurityConfig: No Network Security Config specified, using platform default
06-26 18:25:10.912 1095 1095 D CompatibilityChangeReporter: Compat change id reported: 171979766; UID 1000; state: DISABLED
06-26 18:25:10.917 477 536 W ActivityManager: Slow operation: 191ms so far, now at startProcess: done updating battery stats
06-26 18:25:10.918 477 536 W ActivityManager: Slow operation: 191ms so far, now at startProcess: building log message
06-26 18:25:10.918 477 536 I ActivityManager: app.processName = com.oranth.ledstatus
06-26 18:25:10.918 477 536 I ActivityManager: Start proc 1117:com.oranth.ledstatus/1000 for service {com.oranth.ledstatus/com.oranth.ledstatus.LedStatusService}
06-26 18:25:10.918 477 536 W ActivityManager: Slow operation: 191ms so far, now at startProcess: starting to update pids map
06-26 18:25:10.919 477 536 W ActivityManager: Slow operation: 192ms so far, now at startProcess: done updating pids map
06-26 18:25:10.929 1032 1032 I TranscodeHelper: Empty transcode compat stale
06-26 18:25:10.930 1032 1032 I TranscodeHelper: Parsed 0 packages from resource
06-26 18:25:10.930 1032 1032 I TranscodeHelper: Empty device config transcode compat manifest
06-26 18:25:10.933 477 842 W StorageManagerService: Reporting emulated;0 unmounted due to system locked
06-26 18:25:10.937 320 326 D XM_HIDREAD: add@ add@/devices/platform/unisoc_wifi/ieee80211/phy0/rfkill2
06-26 18:25:10.944 1095 1095 D ApplicationLoaders: Returning zygote-cached class loader: /system/framework/android.test.base.jar
06-26 18:25:10.944 1095 1095 D ApplicationLoaders: Returning zygote-cached class loader: /system/framework/android.hidl.manager-V1.0-java.jar
06-26 18:25:10.944 1095 1095 D ApplicationLoaders: Returning zygote-cached class loader: /system/framework/android.hidl.base-V1.0-java.jar
06-26 18:25:10.927 662 662 E sprdwl : __sprdwl_cmd_getbuf cant't get vif, ctx_id: 0
06-26 18:25:10.956 403 421 I adbd : jdwp connection from 1117
06-26 18:25:10.956 329 329 I rainbow_flow: type=1400 audit(0.0:462): avc: denied { ioctl } for path="/dev/spidev1.0" dev="tmpfs" ino=6605 ioctlcmd=0x6b00 scontext=u:r:init:s0 tcontext=u:object_r:device:s0 tclass=chr_file permissive=1
06-26 18:25:10.970 477 534 I ActivityManager: com.android.keychain is exempt from freezer
06-26 18:25:10.970 477 534 D CompatibilityChangeReporter: Compat change id reported: 135634846; UID 1000; state: DISABLED
06-26 18:25:10.996 248 248 D Zygote : Forked child process 1134
06-26 18:25:11.001 477 536 I ActivityManager: app.processName = com.android.keychain
06-26 18:25:11.001 477 536 I ActivityManager: Start proc 1134:com.android.keychain/1000 for service {com.android.keychain/com.android.keychain.KeyChainService}
06-26 18:25:11.007 671 847 I bt_core_module: system/bt/btcore/src/module.cc:90 module_start_up: module_start_up Started module "controller_module"
06-26 18:25:11.007 671 847 I bt_btm_pm: system/bt/stack/acl/btm_pm.cc:392 btm_pm_reset: reset pm
06-26 18:25:11.007 1134 1134 I Zygote : seccomp disabled by setenforce 0
06-26 18:25:11.021 671 847 I btm_acl : system/bt/stack/acl/btm_acl.cc:654 check_link_policy: hold not supported (settings: 0x000d)
06-26 18:25:11.021 671 847 I btm_acl : system/bt/stack/acl/btm_acl.cc:664 check_link_policy: park not supported (settings: 0x0005)
06-26 18:25:11.021 671 847 I bt_btm_sec: system/bt/stack/btm/btm_sec.cc:226 BTM_SecRegister: BTM_SecRegister p_cb_info->p_le_callback == 0x0xb9b646c1
06-26 18:25:11.021 671 847 I bt_btm_sec: system/bt/stack/btm/btm_sec.cc:241 BTM_SecRegister: BTM_SecRegister btm_cb.api.p_le_callback = 0x0xb9b646c1
06-26 18:25:11.015 662 662 W unisoc_wifi wlan0: mixed HW and IP checksum settings.
06-26 18:25:11.016 662 662 W unisoc_wifi wlan1: mixed HW and IP checksum settings.
06-26 18:25:11.017 662 662 E unisoc_wifi wlan1: netif_napi_add() called with weight 128
06-26 18:25:11.025 320 326 D XM_HIDREAD: add@ add@/devices/platform/unisoc_wifi/net/wlan0
06-26 18:25:11.025 320 326 D XM_HIDREAD: add@ add@/devices/platform/unisoc_wifi/net/wlan0/queues/rx-0
06-26 18:25:11.025 320 326 D XM_HIDREAD: add@ add@/devices/platform/unisoc_wifi/net/wlan0/queues/tx-0
06-26 18:25:11.025 320 326 D XM_HIDREAD: add@ add@/devices/platform/unisoc_wifi/net/wlan1
06-26 18:25:11.025 320 326 D XM_HIDREAD: add@ add@/devices/platform/unisoc_wifi/net/wlan1/queues/rx-0
06-26 18:25:11.026 320 326 D XM_HIDREAD: add@ add@/devices/platform/unisoc_wifi/net/wlan1/queues/tx-0
06-26 18:25:11.026 671 980 I bluetooth: system/bt/stack/gatt/gatt_api.cc:1019 GATT_Register: Allocated name:GattClient uuid:3d312ac2-44d0-6dc6-1e5f-df4271ac9a0e gatt_if:3 eatt_support:0
06-26 18:25:11.029 403 421 I adbd : jdwp connection from 1134
06-26 18:25:11.031 477 522 W PppoeNetworkFactory: interfaceLinkStateChanged
06-26 18:25:11.031 477 522 D PppoeNetworkFactory: updateInterface: mIface: mPhyIface:eth0 iface:wlan0 link:down
06-26 18:25:11.032 266 266 I EventThread: type=1400 audit(0.0:463): avc: denied { search } for name="extcon" dev="sysfs" ino=18109 scontext=u:r:hal_tv_cec_default:s0 tcontext=u:object_r:sysfs_extcon:s0 tclass=dir permissive=1
06-26 18:25:11.054 320 326 D XM_HIDREAD: add@ add@/module/sprdwl_ng
06-26 18:25:11.054 477 477 W Looper : Slow dispatch took 332ms main h=android.app.ActivityThread$H c=android.app.LoadedApk$ReceiverDispatcher$Args$$ExternalSyntheticLambda0@58da3b m=0
06-26 18:25:11.055 662 662 D wifi_hal-auto-detect: libwifi hal name: libwifi-hal-sprd.so
06-26 18:25:11.058 477 477 V NotificationAssistants: 0 notification assistant service connected: ComponentInfo{android.ext.services/android.ext.services.notification.Assistant}
06-26 18:25:11.064 662 662 I wifi@1.0-servic: type=1400 audit(0.0:464): avc: denied { read } for name="u:object_r:persist_vendor_debug_wifi_prop:s0" dev="tmpfs" ino=6372 scontext=u:r:hal_wifi_default:s0 tcontext=u:object_r:persist_vendor_debug_wifi_prop:s0 tclass=file permissive=1
06-26 18:25:11.064 662 662 I wifi@1.0-servic: type=1400 audit(0.0:465): avc: denied { open } for path="/dev/__properties__/u:object_r:persist_vendor_debug_wifi_prop:s0" dev="tmpfs" ino=6372 scontext=u:r:hal_wifi_default:s0 tcontext=u:object_r:persist_vendor_debug_wifi_prop:s0 tclass=file permissive=1
06-26 18:25:11.069 662 662 W audit : audit_lost=49 audit_rate_limit=5 audit_backlog_limit=64
06-26 18:25:11.069 662 662 E audit : rate limit exceeded
06-26 18:25:11.074 477 810 D CompatibilityChangeReporter: Compat change id reported: 168419799; UID 1000; state: DISABLED
06-26 18:25:11.074 662 662 I android.hardware.wifi@1.0-service-lazy: Wifi HAL started
06-26 18:25:11.075 477 612 I WifiVendorHal: Vendor Hal started successfully
06-26 18:25:11.086 671 980 I bt_stack: [INFO:ble_advertiser_hci_interface.cc(767)] Extended advertising will be in use
06-26 18:25:11.088 671 980 E bt_btif_storage: system/bt/btif/src/btif_storage.cc:632 btif_storage_get_adapter_property: btif_storage_get_adapter_property: Controller ready!
06-26 18:25:11.088 671 980 I bt_btif_storage: system/bt/btif/src/btif_storage.cc:661 btif_storage_get_adapter_property: btif_storage_get_adapter_property service_mask:0x20000000
06-26 18:25:11.089 671 980 I bt_stack: [INFO:btif_bqr.cc(229)] EnableBtQualityReport: is_enable: true
06-26 18:25:11.089 671 980 W bt_stack: [WARNING:btif_bqr.cc(237)] EnableBtQualityReport: Bluetooth Quality Report is disabled. bqr_prop_evtmask: , bqr_prop_interval_ms:
06-26 18:25:11.090 671 1153 I bt_osi_thread: system/bt/osi/src/thread.cc:209 run_thread: run_thread: thread id 1153, thread name btif_sock started
06-26 18:25:11.099 35 35 I usb 1-1 : new high-speed USB device number 2 using sunxi-ehci
06-26 18:25:11.090 477 522 D PppoeNetworkFactory: not tracker interface
06-26 18:25:11.090 477 522 I EthernetTracker: interfaceLinkStateChanged, iface: wlan0, up: false
06-26 18:25:11.090 477 522 W PppoeNetworkFactory: interfaceLinkStateChanged
06-26 18:25:11.090 477 522 D PppoeNetworkFactory: updateInterface: mIface: mPhyIface:eth0 iface:wlan1 link:down
06-26 18:25:11.090 477 522 D PppoeNetworkFactory: not tracker interface
06-26 18:25:11.090 477 522 I EthernetTracker: interfaceLinkStateChanged, iface: wlan1, up: false
06-26 18:25:11.092 671 980 I bt_bte_conf: system/bt/main/bte_conf.cc:84 bte_load_did_conf: Device ID record 1 : primary
06-26 18:25:11.092 671 980 I bt_bte_conf: system/bt/main/bte_conf.cc:85 bte_load_did_conf: vendorId = 00e0
06-26 18:25:11.092 671 980 I bt_bte_conf: system/bt/main/bte_conf.cc:86 bte_load_did_conf: vendorIdSource = 0001
06-26 18:25:11.092 671 980 I bt_bte_conf: system/bt/main/bte_conf.cc:87 bte_load_did_conf: product = 1200
06-26 18:25:11.092 671 980 I bt_bte_conf: system/bt/main/bte_conf.cc:88 bte_load_did_conf: version = 1436
06-26 18:25:11.092 671 980 I bt_bte_conf: system/bt/main/bte_conf.cc:89 bte_load_did_conf: clientExecutableURL =
06-26 18:25:11.092 671 980 I bt_bte_conf: system/bt/main/bte_conf.cc:90 bte_load_did_conf: serviceDescription =
06-26 18:25:11.092 671 980 I bt_bte_conf: system/bt/main/bte_conf.cc:91 bte_load_did_conf: documentationURL =
06-26 18:25:11.092 671 980 I bt_bta_dm: system/bt/bta/dm/bta_dm_act.cc:3191 bta_dm_eir_update_uuid: EIR Adding UUID=0x1200 into extended inquiry response
06-26 18:25:11.092 671 980 I bt_bta_dm: system/bt/bta/dm/bta_dm_act.cc:2890 bta_dm_set_eir: Generating extended inquiry response packet EIR
06-26 18:25:11.092 671 980 I bt_bte_conf: system/bt/main/bte_conf.cc:47 bte_load_did_conf: bte_load_did_conf no section named DID2.
06-26 18:25:11.092 671 980 I bt_btif_core: system/bt/btif/src/btif_core.cc:312 btif_enable_bluetooth_evt: Bluetooth enable event completed
06-26 18:25:11.092 671 980 I bt_bta_dm: system/bt/bta/dm/bta_dm_act.cc:2890 bta_dm_set_eir: Generating extended inquiry response packet EIR
06-26 18:25:11.092 671 847 I bt_stack_manager: system/bt/btif/src/stack_manager.cc:311 event_start_up_stack: event_start_up_stack finished
06-26 18:25:11.094 477 522 W PppoeNetworkFactory: interfaceAdded
06-26 18:25:11.100 477 477 W Looper : Drained
06-26 18:25:11.102 758 845 I Tethering: adding IpServer for: wlan0
06-26 18:25:11.103 477 670 I SyncManager: Loaded persisted syncs: 0 periodic syncs, 0 oneshot syncs, 16 total system server jobs, JobStats: FirstLoad: 6/3/0 LastSave: -1/-1/-1
06-26 18:25:11.106 477 522 W PppoeNetworkFactory: interfaceAdded
06-26 18:25:11.109 1072 1072 I Traceur : Received BOOT_COMPLETE
06-26 18:25:11.111 1032 1032 V MediaStore: Examining volume emulated;0 with name external_primary and state checking
06-26 18:25:11.116 662 662 W android.hardware.wifi@1.0-service-lazy: No active wlan interfaces in use! Using default
06-26 18:25:11.116 1134 1134 D CompatibilityChangeReporter: Compat change id reported: 171979766; UID 1000; state: ENABLED
06-26 18:25:11.116 662 662 E android.hardware.wifi@1.0-service-lazy: Unknown iface name: wlan0
06-26 18:25:11.116 662 662 E android.hardware.wifi@1.0-service-lazy: Unknown iface name: wlan0
06-26 18:25:11.127 671 868 D AdapterProperties: BT_PROPERTY_LOCAL_LE_FEATURES: update from BT controller mNumOfAdvertisementInstancesSupported = 0 mRpaOffloadSupported = false mNumOfOffloadedIrkSupported = 0 mNumOfOffloadedScanFilterSupported = 0 mOffloadedScanResultStorageBytes= 0 mIsActivityAndEnergyReporting = false mVersSupported = 0 mTotNumOfTrackableAdv = 0 mIsExtendedScanSupported = false mIsDebugLogSupported = false mIsLe2MPhySupported = true mIsLeCodedPhySupported = true mIsLeExtendedAdvertisingSupported = true mIsLePeriodicAdvertisingSupported = true mLeMaximumAdvertisingDataLength = 1650 mDynamicAudioBufferSizeSupportedCodecsGroup1 = 0 mDynamicAudioBufferSizeSupportedCodecsGroup2 = 0
06-26 18:25:11.147 477 477 D BluetoothManagerService: Bluetooth Adapter address changed to B4:2F:03:15:73:2F
06-26 18:25:11.147 477 477 D BluetoothManagerService: Stored Bluetoothaddress: B4:2F:03:15:73:2F
06-26 18:25:11.144 758 845 I Tethering: adding IpServer for: wlan1
06-26 18:25:11.151 662 662 I WifiHAL : Initializing wifi
06-26 18:25:11.157 662 662 I ieee80211 phy0: sprdwl_vendor_get_support_feature
06-26 18:25:11.156 662 662 E WifiHAL : wifi_get_logger_supported_feature_set: Error -5 happened.
06-26 18:25:11.156 662 662 E WifiHAL : Failed to get supported logger feature set: -5
06-26 18:25:11.156 662 662 E WifiHAL : wifi_get_firmware_version: Error -5 happened.
06-26 18:25:11.156 662 662 E WifiHAL : Failed to get supported logger feature set: -5
06-26 18:25:11.157 662 662 E WifiHAL : get_firmware_bus_max_size_supported: requestResponse Error:-3
06-26 18:25:11.157 662 662 E WifiHAL : Failed to get supported bus size, error : -3
06-26 18:25:11.157 662 662 E WifiHAL : wifi_logger_ring_buffers_init: Ring buffer logging feature not supported 0
06-26 18:25:11.157 662 662 E WifiHAL : Wifi Logger Ring Initialization Failed
06-26 18:25:11.157 662 662 E WifiHAL : wifiGetCapabilities: Failed to send request, Error:-5
06-26 18:25:11.158 662 662 E WifiHAL : Failed to get wifi Capabilities, error: -5
06-26 18:25:11.158 662 662 I android.hardware.wifi@1.0-service-lazy: Adding interface handle for wlan1
06-26 18:25:11.158 662 662 I android.hardware.wifi@1.0-service-lazy: Adding interface handle for wlan0
06-26 18:25:11.158 662 662 W android.hardware.wifi@1.0-service-lazy: No active wlan interfaces in use! Using default
06-26 18:25:11.159 662 662 W android.hardware.wifi@1.0-service-lazy: No active wlan interfaces in use! Using default
06-26 18:25:11.160 662 662 E WifiHAL : wifi_get_driver_version: Error -5 happened.
06-26 18:25:11.160 662 662 E android.hardware.wifi@1.0-service-lazy: Failed to get driver version: INVALID_ARGS
06-26 18:25:11.160 662 662 I android.hardware.wifi@1.0-service-lazy: Configured chip in mode 3
06-26 18:25:11.160 662 662 W android.hardware.wifi@1.0-service-lazy: No active wlan interfaces in use! Using default
06-26 18:25:11.161 477 477 D BluetoothManagerService: Bluetooth Adapter name changed to DBBOX-A2 by android
06-26 18:25:11.162 477 477 D BluetoothManagerService: Stored Bluetooth name: DBBOX-A2
06-26 18:25:11.164 477 522 W PppoeNetworkFactory: interfaceLinkStateChanged
06-26 18:25:11.165 477 522 D PppoeNetworkFactory: updateInterface: mIface: mPhyIface:eth0 iface:wlan0 link:up
06-26 18:25:11.165 477 522 D PppoeNetworkFactory: not tracker interface
06-26 18:25:11.165 477 522 I EthernetTracker: interfaceLinkStateChanged, iface: wlan0, up: true
06-26 18:25:11.167 477 814 D CompatibilityChangeReporter: Compat change id reported: 168419799; UID 1000; state: DISABLED
06-26 18:25:11.168 671 868 D AdapterProperties: Name is: DBBOX-A2
06-26 18:25:11.169 477 612 D HalDevMgr: updateRttController: no one is interested in RTT controllers
06-26 18:25:11.169 1095 1095 V GraphicsEnvironment: ANGLE Developer option for 'com.dangbei.leard.leradlauncher' set to: 'default'
06-26 18:25:11.170 1095 1095 V GraphicsEnvironment: Neither updatable production driver nor prerelease driver is supported.
06-26 18:25:11.170 477 754 I WifiService: updateInterfaceIpState uid=1073
06-26 18:25:11.171 1095 1095 D NetworkSecurityConfig: Using Network Security Config from resource network_permission_config debugBuild: false
06-26 18:25:11.174 1095 1095 D NetworkSecurityConfig: Using Network Security Config from resource network_permission_config debugBuild: false
06-26 18:25:11.188 1032 1032 D CompatibilityChangeReporter: Compat change id reported: 148180766; UID 10074; state: ENABLED
06-26 18:25:11.193 662 662 D WifiHAL : wifi_virtual_interface_create: ifname=wlan0 create
06-26 18:25:11.193 477 609 W BestClock: java.time.DateTimeException: Missing NTP fix
06-26 18:25:11.193 662 662 I android.hardware.wifi@1.0-service-lazy: Adding interface handle for wlan1
06-26 18:25:11.193 662 662 I android.hardware.wifi@1.0-service-lazy: Adding interface handle for wlan0
06-26 18:25:11.193 662 662 E android.hardware.wifi@1.0-service-lazy: Failed to set DFS flag; DFS channels may be unavailable.
06-26 18:25:11.198 477 842 I WifiService: updateInterfaceIpState uid=1073
06-26 18:25:11.206 671 868 D AdapterProperties: Scan Mode:20
