06-26 18:26:25.702 248 248 D Zygote : Forked child process 3502
06-26 18:26:25.703 477 536 I ActivityManager: app.processName = com.dangbei.screencast:bg_guard
06-26 18:26:25.703 477 536 I ActivityManager: Start proc 3502:com.dangbei.screencast:bg_guard/u0a13 for service {com.dangbei.screencast/com.dangbei.screencast.startup.GuardService}
06-26 18:26:25.712 3502 3502 I Zygote : seccomp disabled by setenforce 0
06-26 18:26:25.713 477 623 D NsdService: unregister service
06-26 18:26:25.713 477 623 D NsdService: mdnssd [stop-register, 4]
06-26 18:26:25.714 247 305 W netd : dnssd_clientstub DNSServiceProcessResult called with NULL DNSServiceRef
06-26 18:26:25.724 477 623 D NsdService: unregister service
06-26 18:26:25.724 477 623 D NsdService: mdnssd [stop-register, 3]
06-26 18:26:25.725 247 305 W netd : dnssd_clientstub DNSServiceProcessResult called with NULL DNSServiceRef
06-26 18:26:25.729 477 623 D NsdService: unregister service
06-26 18:26:25.729 1320 3076 W System.err: java.net.SocketException: Socket closed
06-26 18:26:25.729 477 623 D NsdService: mdnssd [stop-register, 5]
06-26 18:26:25.729 1320 3076 W System.err: at java.net.PlainSocketImpl.socketAccept(PlainSocketImpl.java:213)
06-26 18:26:25.729 1320 3076 W System.err: at java.net.AbstractPlainSocketImpl.accept(AbstractPlainSocketImpl.java:451)
06-26 18:26:25.729 1320 3076 W System.err: at java.net.ServerSocket.implAccept(ServerSocket.java:547)
06-26 18:26:25.729 1320 3076 W System.err: at java.net.ServerSocket.accept(ServerSocket.java:515)
06-26 18:26:25.729 1320 3076 W System.err: at b.f.f.t.f.run(Unknown Source:40)
06-26 18:26:25.729 1320 3076 W System.err: at java.lang.Thread.run(Thread.java:920)
06-26 18:26:25.729 247 305 W netd : dnssd_clientstub DNSServiceProcessResult called with NULL DNSServiceRef
06-26 18:26:25.734 1320 3516 W UpnpServiceImpl: >>> Shutting down UPnP service...
06-26 18:26:25.739 403 421 I adbd : jdwp connection from 3502
06-26 18:26:25.744 1320 1320 I shutdown-name: type=1400 audit(0.0:1879): avc: denied { read } for name="address" dev="sysfs" ino=16906 scontext=u:r:platform_app:s0:c512,c768 tcontext=u:object_r:sysfs_net:s0 tclass=file permissive=1 app=com.dangbei.screencast
06-26 18:26:25.744 1320 1320 I shutdown-name: type=1400 audit(0.0:1880): avc: denied { open } for path="/sys/devices/virtual/net/dummy0/address" dev="sysfs" ino=16906 scontext=u:r:platform_app:s0:c512,c768 tcontext=u:object_r:sysfs_net:s0 tclass=file permissive=1 app=com.dangbei.screencast
06-26 18:26:25.748 1320 1320 I shutdown-name: type=1400 audit(0.0:1881): avc: denied { getattr } for path="/sys/devices/virtual/net/dummy0/address" dev="sysfs" ino=16906 scontext=u:r:platform_app:s0:c512,c768 tcontext=u:object_r:sysfs_net:s0 tclass=file permissive=1 app=com.dangbei.screencast
06-26 18:26:25.756 1320 2762 E raop : httpd_stop running 1 joined 0
06-26 18:26:25.756 1320 2762 E raop : httpd_stop connection->socket_fd=0
06-26 18:26:25.756 1320 2762 E raop : httpd_stop connection->socket_fd=0
06-26 18:26:25.756 1320 2762 E raop : httpd_stop connection->socket_fd=0
06-26 18:26:25.756 1320 2762 E raop : httpd_stop connection->socket_fd=0
06-26 18:26:25.756 1320 2762 E raop : httpd_stop connection->socket_fd=0
06-26 18:26:25.756 1320 2762 E raop : httpd_stop connection->socket_fd=0
06-26 18:26:25.756 1320 2762 E raop : httpd_stop connection->socket_fd=0
06-26 18:26:25.756 1320 2762 E raop : httpd_stop connection->socket_fd=0
06-26 18:26:25.756 1320 2762 E raop : httpd_stop connection->socket_fd=0
06-26 18:26:25.756 1320 2762 E raop : httpd_stop connection->socket_fd=0
06-26 18:26:25.760 1320 3153 W AbstractChannel: Can't invoke task later as EventLoop rejected it
06-26 18:26:25.760 1320 3153 W AbstractChannel: java.util.concurrent.RejectedExecutionException: event executor terminated
06-26 18:26:25.760 1320 3153 W AbstractChannel: at io.netty.util.concurrent.SingleThreadEventExecutor.reject(Unknown Source:4)
06-26 18:26:25.760 1320 3153 W AbstractChannel: at io.netty.util.concurrent.SingleThreadEventExecutor.offerTask(Unknown Source:6)
06-26 18:26:25.760 1320 3153 W AbstractChannel: at io.netty.util.concurrent.SingleThreadEventExecutor.addTask(Unknown Source:5)
06-26 18:26:25.760 1320 3153 W AbstractChannel: at io.netty.util.concurrent.SingleThreadEventExecutor.execute(Unknown Source:4)
06-26 18:26:25.760 1320 3153 W AbstractChannel: at io.netty.util.concurrent.SingleThreadEventExecutor.execute(Unknown Source:18)
06-26 18:26:25.760 1320 3153 W AbstractChannel: at io.netty.channel.AbstractChannel$AbstractUnsafe.invokeLater(Unknown Source:6)
06-26 18:26:25.760 1320 3153 W AbstractChannel: at io.netty.channel.AbstractChannel$AbstractUnsafe.deregister(Unknown Source:24)
06-26 18:26:25.760 1320 3153 W AbstractChannel: at io.netty.channel.AbstractChannel$AbstractUnsafe.fireChannelInactiveAndDeregister(Unknown Source:17)
06-26 18:26:25.760 1320 3153 W AbstractChannel: at io.netty.channel.AbstractChannel$AbstractUnsafe.close(Unknown Source:112)
06-26 18:26:25.760 1320 3153 W AbstractChannel: at io.netty.channel.AbstractChannel$AbstractUnsafe.close(Unknown Source:12)
06-26 18:26:25.760 1320 3153 W AbstractChannel: at io.netty.channel.nio.NioEventLoop.closeAll(Unknown Source:86)
06-26 18:26:25.760 1320 3153 W AbstractChannel: at io.netty.channel.nio.NioEventLoop.run(Unknown Source:202)
06-26 18:26:25.760 1320 3153 W AbstractChannel: at io.netty.util.concurrent.SingleThreadEventExecutor$4.run(Unknown Source:41)
06-26 18:26:25.760 1320 3153 W AbstractChannel: at io.netty.util.internal.ThreadExecutorMap$2.run(Unknown Source:8)
06-26 18:26:25.760 1320 3153 W AbstractChannel: at io.netty.util.concurrent.FastThreadLocalRunnable.run(Unknown Source:2)
06-26 18:26:25.760 1320 3153 W AbstractChannel: at java.lang.Thread.run(Thread.java:920)
06-26 18:26:25.783 3502 3502 D CompatibilityChangeReporter: Compat change id reported: 171979766; UID 10013; state: DISABLED
06-26 18:26:25.795 3502 3502 D ApplicationLoaders: Returning zygote-cached class loader: /system/framework/android.test.base.jar
06-26 18:26:25.796 3502 3502 D ApplicationLoaders: Returning zygote-cached class loader: /system/framework/android.hidl.manager-V1.0-java.jar
06-26 18:26:25.796 3502 3502 D ApplicationLoaders: Returning zygote-cached class loader: /system/framework/android.hidl.base-V1.0-java.jar
06-26 18:26:25.832 3502 3502 I encast:bg_guard: type=1400 audit(0.0:1882): avc: denied { getattr } for path="/data/user/0/com.dangbei.screencast" dev="mmcblk0p25" ino=891 scontext=u:r:platform_app:s0:c512,c768 tcontext=u:object_r:app_data_file:s0:c512,c768 tclass=dir permissive=1 app=com.dangbei.screencast
06-26 18:26:25.848 3502 3502 I encast:bg_guard: type=1400 audit(0.0:1883): avc: denied { search } for name="com.dangbei.screencast" dev="mmcblk0p25" ino=891 scontext=u:r:platform_app:s0:c512,c768 tcontext=u:object_r:app_data_file:s0:c512,c768 tclass=dir permissive=1 app=com.dangbei.screencast
06-26 18:26:25.854 3502 3502 V GraphicsEnvironment: ANGLE Developer option for 'com.dangbei.screencast' set to: 'default'
06-26 18:26:25.854 3502 3502 V GraphicsEnvironment: Neither updatable production driver nor prerelease driver is supported.
06-26 18:26:25.856 3502 3502 D NetworkSecurityConfig: Using Network Security Config from resource network_security_config debugBuild: false
06-26 18:26:25.858 3502 3502 D NetworkSecurityConfig: Using Network Security Config from resource network_security_config debugBuild: false
06-26 18:26:25.859 3502 3502 I MultiDex: VM with version 2.1.0 has multidex support
06-26 18:26:25.859 3502 3502 I MultiDex: Installing application
06-26 18:26:25.859 3502 3502 I MultiDex: VM has multidex support, MultiDex support library is disabled.
06-26 18:26:25.860 3502 3502 I SharedPreferenc: type=1400 audit(0.0:1884): avc: denied { open } for path="/data/user/0/com.dangbei.screencast/shared_prefs/DEVICE_ID.xml" dev="mmcblk0p25" ino=2368 scontext=u:r:platform_app:s0:c512,c768 tcontext=u:object_r:app_data_file:s0:c512,c768 tclass=file permissive=1 app=com.dangbei.screencast
06-26 18:26:25.872 3502 3502 I Thread-3: type=1400 audit(0.0:1885): avc: denied { lock } for path="/data/user/0/com.dangbei.screencast/files/.imprint" dev="mmcblk0p25" ino=2392 scontext=u:r:platform_app:s0:c512,c768 tcontext=u:object_r:app_data_file:s0:c512,c768 tclass=file permissive=1 app=com.dangbei.screencast
06-26 18:26:25.917 3502 3564 I crashsdk: version unique build id: 6230cced
06-26 18:26:25.923 3549 3549 W audit : audit_lost=1324 audit_rate_limit=5 audit_backlog_limit=64
06-26 18:26:25.923 3549 3549 E audit : rate limit exceeded
06-26 18:26:25.928 3502 3565 D crashsdk: Native log stat thread 3565 setup, waiting
06-26 18:26:25.931 3502 3549 I crashsdk: begin hack android.os.Process
06-26 18:26:25.931 3502 3549 I crashsdk: end hack android.os.Process
06-26 18:26:25.945 3502 3549 I Matrix.AnrTracer: anrTrace, final mAnrBeatTime:400, mAnrBeatRate:400
06-26 18:26:25.947 3502 3569 W efs.send_log: tryFileLock start!
06-26 18:26:25.950 3502 3549 E LaunchManager: Non main process !
06-26 18:26:25.951 3502 3549 W System.err: java.lang.NullPointerException: Attempt to invoke virtual method 'boolean com.efs.sdk.launch.LaunchConfigManager.enableTracer()' on a null object reference
06-26 18:26:25.951 3502 3549 W System.err: at com.umeng.umcrash.UMCrash.init(Unknown Source:403)
06-26 18:26:25.951 3502 3549 W System.err: at java.lang.reflect.Method.invoke(Native Method)
06-26 18:26:25.951 3502 3549 W System.err: at com.umeng.commonsdk.UMConfigure.init(Unknown Source:811)
06-26 18:26:25.951 3502 3549 W System.err: at b.f.f.b.a(:4)
06-26 18:26:25.951 3502 3549 W System.err: at h.o.a.run(Unknown Source:2)
06-26 18:26:25.952 3502 3569 I efs.config: --->>> 删除旧的配置文件 false
06-26 18:26:25.955 3502 3569 I efs.config: current config version (-1) is older than another (1735614866)
06-26 18:26:25.955 3502 3569 I efs.config: load config from storage and notify observer
06-26 18:26:25.956 3502 3502 I TDLog : setReportUncaughtExceptions: true
06-26 18:26:25.956 3502 3502 E Application: onCreate:Version:v2.8.3/20830/883432e
06-26 18:26:25.959 3502 3577 I efs.base: lt=event`ev_ct=efs_core`ev_ac=pvuv`tm=2025-06-26 18:26:95`dn=884562d0-54da-4cce-9d74-00e5c75509d9`ps=com.dangbei.screencast:bg_guard`um_os=android`stime=1750933585727`pid=3502`fr=android`pkg=com.dangbei.screencast`vcode=20830`dsp_w=1920`uid=884562d0-54da-4cce-9d74-00e5c75509d9`rom=12`wid=884562d0-54da-4cce-9d74-00e5c75509d9`um_app_carrier=`um_access=wifi`um_app_channel=os`um_crash_sdk_version=1.4.0`ctime=1750933585`model=dbbox-a2`lang=zh`net=wifi`brand=dangbei`dsp_h=1080`um_network_type=0`ver=v2.8.3`build_model=DBBOX-A2`w_tm=1750933585`appid=5fc60c21094d637f3130af19`um_umid_header=ai1cc720f47734fc58e671cdbea6807313`sdk=31`tzone=Etc/GMT-8`sdk_ver=1.3.6.umeng
06-26 18:26:25.991 477 842 W ServiceManager: Permission failure: android.permission.HIGH_SAMPLING_RATE_SENSORS from uid=10013 pid=3502
06-26 18:26:25.997 477 810 W ActivityManager: Foreground service started from background can not have location/camera/microphone access: service com.dangbei.screencast/.startup.GuardService
06-26 18:26:25.997 3502 3550 I TDLog : TalkingData SDK init...
06-26 18:26:25.997 3502 3550 I TDLog : SDK_VERSION is: Android+TD+V5.0.7 gp Type:Native Build_Num:2141
06-26 18:26:25.997 3502 3550 I TDLog : App ID is: B9D7815EC975466AB1332111FCE62DF5
06-26 18:26:25.997 3502 3550 I TDLog : App Channel is: os
06-26 18:26:25.997 3502 3550 I TDLog : App Custom is:
06-26 18:26:25.997 3502 3550 I TDLog : SDK_OVC is: TDOVC+a3bb7754719798526508b6caad480dd7+SaaS
06-26 18:26:26.002 3502 3502 E GuardService: onStartCommand:
06-26 18:26:26.002 3502 3502 E GuardService: onStartCommand: cmd:1
06-26 18:26:26.002 3502 3502 E GuardService: result:2
06-26 18:26:26.016 1067 1067 E sprdwl : sprdwl_rx_rsp_process ctx_id 0 recv rsp[WIFI_CMD_TX_DATA] status[SPRDWL_CMD_STATUS_ERROR]
06-26 18:26:26.033 1067 1067 E sprdwl : sprdwl_rx_rsp_process ctx_id 0 recv rsp[WIFI_CMD_TX_DATA] status[SPRDWL_CMD_STATUS_ERROR]
06-26 18:26:26.047 1067 1067 E sprdwl : sprdwl_rx_rsp_process ctx_id 0 recv rsp[WIFI_CMD_TX_DATA] status[SPRDWL_CMD_STATUS_ERROR]
06-26 18:26:26.062 3502 3502 I crashsdk: Catcher mask: 5000, 20480
06-26 18:26:26.064 3502 3502 I crashsdk: Catcher thread 3521
06-26 18:26:26.064 3502 3502 D crashsdk: Register ANR handler ...
06-26 18:26:26.065 3502 3577 W efs.info.manager: network change: wifi
06-26 18:26:26.076 1067 1067 E sprdwl : sprdwl_rx_rsp_process ctx_id 0 recv rsp[WIFI_CMD_TX_DATA] status[SPRDWL_CMD_STATUS_ERROR]
06-26 18:26:26.102 477 524 W IorapForwardingService: No service published for: iorapd
06-26 18:26:26.091 1067 1067 E sprdwl : sprdwl_rx_rsp_process ctx_id 0 recv rsp[WIFI_CMD_TX_DATA] status[SPRDWL_CMD_STATUS_ERROR]
06-26 18:26:26.110 1320 3516 W Router : disable lock:org.fourthline.cling.android.AndroidRouter@769190c_java.util.concurrent.locks.ReentrantReadWriteLock$WriteLock@8a98255[Unlocked]
06-26 18:26:26.123 320 2255 D XM_HIDREAD: poll ret=1, event=1
06-26 18:26:26.123 320 2255 D XM_HIDREAD: [9 bytes]:01 00 00 50 00 00 00 00 00
06-26 18:26:26.123 477 600 D TvWindowManager: key event key = KEYCODE_DPAD_LEFT down = true
06-26 18:26:26.130 477 599 D GpioService: mFlickerEnable = true
06-26 18:26:26.132 2539 2539 I SogouIME: onKeyDown: keyoCode=21
06-26 18:26:26.132 2539 2539 I DefaultIMS: onKeyDown: keyoCode=21
06-26 18:26:26.144 1320 3516 I Router : WiFi multicast lock released
06-26 18:26:26.145 477 502 I WifiService: releaseMulticastLock uid=10013
06-26 18:26:26.147 1320 3516 I Router : WiFi lock released
06-26 18:26:26.151 2539 2539 I DefaultIMS: onStartInput attribute=android.view.inputmethod.EditorInfo@c4d2e5b restarting=false inputType: 0
06-26 18:26:26.154 477 502 I WifiService: releaseWifiLock uid=10013
06-26 18:26:26.174 1320 3179 E JettyServletContainer: error:java.net.SocketException: Socket closed
06-26 18:26:26.176 1320 3179 W System.err: java.net.SocketException: Socket closed
06-26 18:26:26.176 1320 3179 W System.err: at java.net.PlainSocketImpl.socketAccept(PlainSocketImpl.java:213)
06-26 18:26:26.176 1320 3179 W System.err: at java.net.AbstractPlainSocketImpl.accept(AbstractPlainSocketImpl.java:451)
06-26 18:26:26.176 1320 3179 W System.err: at java.net.ServerSocket.implAccept(ServerSocket.java:547)
06-26 18:26:26.176 1320 3179 W System.err: at java.net.ServerSocket.accept(ServerSocket.java:515)
06-26 18:26:26.176 1320 3179 W System.err: at l.c.a.f.w.a.accept(Unknown Source:2)
06-26 18:26:26.176 1320 3179 W System.err: at org.fourthline.cling.transport.impl.jetty.JettyServletContainer$2.accept(Unknown Source:1)
06-26 18:26:26.176 1320 3179 W System.err: at l.c.a.f.a$a.run(Unknown Source:113)
06-26 18:26:26.176 1320 3179 W System.err: at java.util.concurrent.ThreadPoolExecutor.runWorker(ThreadPoolExecutor.java:1167)
06-26 18:26:26.176 1320 3179 W System.err: at java.util.concurrent.ThreadPoolExecutor$Worker.run(ThreadPoolExecutor.java:641)
06-26 18:26:26.176 1320 3179 W System.err: at java.lang.Thread.run(Thread.java:920)
06-26 18:26:26.178 1320 3516 I JettyServletContainer: No more connectors, stopping Jetty server
06-26 18:26:26.178 1320 3516 I JettyServletContainer: Stopping Jetty server...
06-26 18:26:26.179 1320 3516 W System.err: 2025-06-26 18:26:26.178:INFO:lcaf.p:Graceful shutdown l.c.a.g.d{/upnp,null}
06-26 18:26:26.205 672 672 V TvNotificationHandler: Notification not added because it isn't relevant for tv
06-26 18:26:26.235 320 2255 D XM_HIDREAD: poll ret=1, event=1
06-26 18:26:26.235 320 2255 D XM_HIDREAD: [9 bytes]:01 00 00 00 00 00 00 00 00
06-26 18:26:26.235 477 600 D TvWindowManager: key event key = KEYCODE_DPAD_LEFT down = false
06-26 18:26:26.238 2539 2539 I SogouIME: onKeyUp: keyoCode=21
06-26 18:26:26.238 2539 2539 I DefaultIMS: onKeyUp: keyoCode=21
06-26 18:26:26.285 1320 2762 E raop : httpd_stop running 0 joined 1
06-26 18:26:27.039 1067 1067 E sprdwl : sprdwl_rx_rsp_process ctx_id 0 recv rsp[WIFI_CMD_TX_DATA] status[SPRDWL_CMD_STATUS_ERROR]
06-26 18:26:27.053 1067 1067 E sprdwl : sprdwl_rx_rsp_process ctx_id 0 recv rsp[WIFI_CMD_TX_DATA] status[SPRDWL_CMD_STATUS_ERROR]
06-26 18:26:27.067 1067 1067 E sprdwl : sprdwl_rx_rsp_process ctx_id 0 recv rsp[WIFI_CMD_TX_DATA] status[SPRDWL_CMD_STATUS_ERROR]
06-26 18:26:27.085 1067 1067 E sprdwl : sprdwl_rx_rsp_process ctx_id 0 recv rsp[WIFI_CMD_TX_DATA] status[SPRDWL_CMD_STATUS_ERROR]
06-26 18:26:27.112 477 524 W IorapForwardingService: No service published for: iorapd
06-26 18:26:27.101 1067 1067 E sprdwl : sprdwl_rx_rsp_process ctx_id 0 recv rsp[WIFI_CMD_TX_DATA] status[SPRDWL_CMD_STATUS_ERROR]
06-26 18:26:27.180 1320 3516 W System.err: 2025-06-26 18:26:27.179:INFO:lcafx.c:stopped l.c.a.g.d{/upnp,null}
06-26 18:26:27.181 1320 3516 W Router : disable unlock:org.fourthline.cling.android.AndroidRouter@769190c
06-26 18:26:27.185 1320 3516 W UpnpServiceImpl: <<< UPnP service shutdown completed
06-26 18:26:27.522 375 375 D dom2reg : timezone change, new: Etc/GMT-8, pre:
06-26 18:26:27.522 375 375 W dom2reg : timezone [Etc/GMT-8] not in default tables, please check!
06-26 18:26:27.528 2348 2348 I rainbow_flow: type=1400 audit(0.0:1895): avc: denied { ioctl } for path="/dev/spidev1.0" dev="tmpfs" ino=6605 ioctlcmd=0x6b00 scontext=u:r:init:s0 tcontext=u:object_r:device:s0 tclass=chr_file permissive=1
06-26 18:26:27.708 1320 1320 I crashsdk: android_os_Process_sendSignal. PID: 1320 SIG: 9
06-26 18:26:27.709 1320 1320 I crashsdk: onKillProcess. SIG: 9
06-26 18:26:27.716 1320 1320 I crashsdk: Kill PID: 1320 (com.dangbei.screencast) by pid: 1320 (com.dangbei.screencast) tid: 1320 (main)
06-26 18:26:27.716 1320 1320 I crashsdk: SIG: 9, fg: false, exiting: false, main process: true, time: 20250626182627
06-26 18:26:27.716 1320 1320 I crashsdk: State in disk: 'b'
06-26 18:26:27.716 1320 1320 I crashsdk: at android.os.Process.sendSignal(Native Method)
06-26 18:26:27.716 1320 1320 I crashsdk: at android.os.Process.killProcess(Process.java:1153)
06-26 18:26:27.716 1320 1320 I crashsdk: at com.dangbei.screencast.startup.JumpService$i.run(:2)
06-26 18:26:27.716 1320 1320 I crashsdk: at android.os.Handler.handleCallback(Handler.java:938)
06-26 18:26:27.716 1320 1320 I crashsdk: at android.os.Handler.dispatchMessage(Handler.java:99)
06-26 18:26:27.716 1320 1320 I crashsdk: at android.os.Looper.loopOnce(Looper.java:201)
06-26 18:26:27.716 1320 1320 I crashsdk: at android.os.Looper.loop(Looper.java:288)
06-26 18:26:27.716 1320 1320 I crashsdk: at android.app.ActivityThread.main(ActivityThread.java:7854)
06-26 18:26:27.716 1320 1320 I crashsdk: at java.lang.reflect.Method.invoke(Native Method)
06-26 18:26:27.716 1320 1320 I crashsdk: at com.android.internal.os.RuntimeInit$MethodAndArgsCaller.run(RuntimeInit.java:548)
06-26 18:26:27.716 1320 1320 I crashsdk: at com.android.internal.os.ZygoteInit.main(ZygoteInit.java:1182)
06-26 18:26:27.717 1320 1320 I Process : Sending signal. PID: 1320 SIG: 9
06-26 18:26:27.723 1 1 I init : Untracked pid 2097 exited with status 0
06-26 18:26:27.759 2969 3018 W efs.send_log: tryFileLock sendlock sucess! processname: com.huawei.connection
06-26 18:26:27.761 477 810 I ActivityManager: Process com.dangbei.screencast (pid 1320) has died: prcp FGS
06-26 18:26:27.761 477 623 D NsdService: Client disconnected
06-26 18:26:27.764 248 248 I Zygote : Process 1320 exited due to signal 9 (Killed)
06-26 18:26:27.764 2969 2969 D NearFieldManagerService: onDestroy, enter.
06-26 18:26:27.764 2969 2969 I NearFieldManagerService: killCurrentProcess.
06-26 18:26:27.764 2969 2969 I crashsdk: android_os_Process_sendSignal. PID: 2969 SIG: 9
06-26 18:26:27.764 2969 2969 I crashsdk: onKillProcess. SIG: 9
06-26 18:26:27.766 2969 2969 I crashsdk: Kill PID: 2969 (com.huawei.connection) by pid: 2969 (com.huawei.connection) tid: 2969 (main)
06-26 18:26:27.766 2969 2969 I crashsdk: SIG: 9, fg: false, exiting: false, main process: false, time: 20250626182627
06-26 18:26:27.766 2969 2969 I crashsdk: State in disk: 'b'
06-26 18:26:27.766 2969 2969 I crashsdk: at android.os.Process.sendSignal(Native Method)
06-26 18:26:27.766 2969 2969 I crashsdk: at android.os.Process.killProcess(Process.java:1153)
06-26 18:26:27.766 2969 2969 I crashsdk: at com.huawei.connection.service.NearFieldManagerService.c(Unknown Source:11)
06-26 18:26:27.766 2969 2969 I crashsdk: at com.huawei.connection.service.NearFieldManagerService.onDestroy(Unknown Source:10)
06-26 18:26:27.766 2969 2969 I crashsdk: at android.app.ActivityThread.handleStopService(ActivityThread.java:4669)
06-26 18:26:27.766 2969 2969 I crashsdk: at android.app.ActivityThread.access$2100(ActivityThread.java:247)
06-26 18:26:27.766 2969 2969 I crashsdk: at android.app.ActivityThread$H.handleMessage(ActivityThread.java:2096)
06-26 18:26:27.766 2969 2969 I crashsdk: at android.os.Handler.dispatchMessage(Handler.java:106)
06-26 18:26:27.766 2969 2969 I crashsdk: at android.os.Looper.loopOnce(Looper.java:201)
06-26 18:26:27.766 2969 2969 I crashsdk: at android.os.Looper.loop(Looper.java:288)
06-26 18:26:27.766 2969 2969 I crashsdk: at android.app.ActivityThread.main(ActivityThread.java:7854)
06-26 18:26:27.766 2969 2969 I crashsdk: at java.lang.reflect.Method.invoke(Native Method)
06-26 18:26:27.766 2969 2969 I crashsdk: at com.android.internal.os.RuntimeInit$MethodAndArgsCaller.run(RuntimeInit.java:548)
06-26 18:26:27.766 2969 2969 I crashsdk: at com.android.internal.os.ZygoteInit.main(ZygoteInit.java:1182)
06-26 18:26:27.767 477 537 I libprocessgroup: Successfully killed process cgroup uid 10013 pid 1320 in 0ms
06-26 18:26:27.769 477 810 W ActivityManager: Scheduling restart of crashed service com.dangbei.screencast/.startup.StartupService in 1000ms for start-requested
06-26 18:26:27.769 477 810 W ActivityManager: Scheduling restart of crashed service com.dangbei.screencast/.huaweicast.service.HuaweiCastService in 11000ms for start-requested
06-26 18:26:27.772 2969 2969 I Process : Sending signal. PID: 2969 SIG: 9
06-26 18:26:27.784 1 1 I init : Untracked pid 3034 exited with status 0
06-26 18:26:27.813 3502 3575 W efs.send_log: tryFileLock sendlock sucess! processname: com.dangbei.screencast:bg_guard
06-26 18:26:27.815 477 810 I ActivityManager: Process com.huawei.connection (pid 2969) has died: fg SVC
06-26 18:26:27.816 477 537 I libprocessgroup: Successfully killed process cgroup uid 10013 pid 2969 in 0ms
06-26 18:26:27.817 248 248 I Zygote : Process 2969 exited due to signal 9 (Killed)
06-26 18:26:28.063 1067 1067 E sprdwl : sprdwl_rx_rsp_process ctx_id 0 recv rsp[WIFI_CMD_TX_DATA] status[SPRDWL_CMD_STATUS_ERROR]
06-26 18:26:28.081 1067 1067 E sprdwl : sprdwl_rx_rsp_process ctx_id 0 recv rsp[WIFI_CMD_TX_DATA] status[SPRDWL_CMD_STATUS_ERROR]
06-26 18:26:28.114 477 524 W IorapForwardingService: No service published for: iorapd
06-26 18:26:28.104 1067 1067 E sprdwl : sprdwl_rx_rsp_process ctx_id 0 recv rsp[WIFI_CMD_TX_DATA] status[SPRDWL_CMD_STATUS_ERROR]
06-26 18:26:28.119 1067 1067 E sprdwl : sprdwl_rx_rsp_process ctx_id 0 recv rsp[WIFI_CMD_TX_DATA] status[SPRDWL_CMD_STATUS_ERROR]
06-26 18:26:28.162 662 662 E WifiHAL : wifi_get_link_stats: requestResponse Error:-5
06-26 18:26:28.164 477 612 E WifiVendorHal: getWifiLinkLayerStats_1_5_Internal(l.1191) failed {.code = ERROR_INVALID_ARGS, .description = }
06-26 18:26:28.254 1117 1117 D aaa : LedStatusService onStartCommand begin
06-26 18:26:28.257 1117 3633 D aaa : topPkg is -------------- :com.tv.filemanager.os
06-26 18:26:28.259 1203 1203 D bbb : onStartCommand begin !!!!!!! data分区剩余 23330MB
06-26 18:26:28.440 320 2255 D XM_HIDREAD: poll ret=1, event=1
06-26 18:26:28.440 320 2255 D XM_HIDREAD: [9 bytes]:01 00 00 51 00 00 00 00 00
06-26 18:26:28.440 477 600 D TvWindowManager: key event key = KEYCODE_DPAD_DOWN down = true
06-26 18:26:28.445 477 599 D GpioService: mFlickerEnable = true
06-26 18:26:28.575 320 2255 D XM_HIDREAD: poll ret=1, event=1
06-26 18:26:28.575 320 2255 D XM_HIDREAD: [9 bytes]:01 00 00 00 00 00 00 00 00
06-26 18:26:28.575 477 600 D TvWindowManager: key event key = KEYCODE_DPAD_DOWN down = false
06-26 18:26:28.591 477 599 D GpioService: mFlickerEnable = true
06-26 18:26:28.593 2539 2539 I SogouIME: onKeyDown: keyoCode=20
06-26 18:26:28.593 2539 2539 I DefaultIMS: onKeyDown: keyoCode=20
06-26 18:26:28.597 2539 2539 I SogouIME: onKeyUp: keyoCode=20
06-26 18:26:28.597 2539 2539 I DefaultIMS: onKeyUp: keyoCode=20
06-26 18:26:28.620 2539 2539 I DefaultIMS: onStartInput attribute=android.view.inputmethod.EditorInfo@40dcbc2 restarting=false inputType: 0
06-26 18:26:28.770 477 535 D CompatibilityChangeReporter: Compat change id reported: 135634846; UID 10013; state: DISABLED
06-26 18:26:28.771 477 536 D CompatibilityChangeReporter: Compat change id reported: 143937733; UID 10013; state: DISABLED
06-26 18:26:28.792 248 248 D Zygote : Forked child process 3636
06-26 18:26:28.794 477 536 I ActivityManager: app.processName = com.dangbei.screencast
06-26 18:26:28.794 477 536 I ActivityManager: Start proc 3636:com.dangbei.screencast/u0a13 for service {com.dangbei.screencast/com.dangbei.screencast.startup.StartupService}
06-26 18:26:28.796 3636 3636 I Zygote : seccomp disabled by setenforce 0
06-26 18:26:28.828 403 421 I adbd : jdwp connection from 3636
06-26 18:26:28.871 3636 3636 D CompatibilityChangeReporter: Compat change id reported: 171979766; UID 10013; state: DISABLED
06-26 18:26:28.882 3636 3636 D ApplicationLoaders: Returning zygote-cached class loader: /system/framework/android.test.base.jar
06-26 18:26:28.882 3636 3636 D ApplicationLoaders: Returning zygote-cached class loader: /system/framework/android.hidl.manager-V1.0-java.jar
06-26 18:26:28.882 3636 3636 D ApplicationLoaders: Returning zygote-cached class loader: /system/framework/android.hidl.base-V1.0-java.jar
06-26 18:26:28.904 3636 3636 I gbei.screencast: type=1400 audit(0.0:1896): avc: denied { getattr } for path="/data/user/0/com.dangbei.screencast" dev="mmcblk0p25" ino=891 scontext=u:r:platform_app:s0:c512,c768 tcontext=u:object_r:app_data_file:s0:c512,c768 tclass=dir permissive=1 app=com.dangbei.screencast
06-26 18:26:28.916 3636 3636 I gbei.screencast: type=1400 audit(0.0:1897): avc: denied { search } for name="com.dangbei.screencast" dev="mmcblk0p25" ino=891 scontext=u:r:platform_app:s0:c512,c768 tcontext=u:object_r:app_data_file:s0:c512,c768 tclass=dir permissive=1 app=com.dangbei.screencast
06-26 18:26:28.921 3636 3636 V GraphicsEnvironment: ANGLE Developer option for 'com.dangbei.screencast' set to: 'default'
06-26 18:26:28.921 3636 3636 V GraphicsEnvironment: Neither updatable production driver nor prerelease driver is supported.
06-26 18:26:28.923 3636 3636 D NetworkSecurityConfig: Using Network Security Config from resource network_security_config debugBuild: false
06-26 18:26:28.925 3636 3636 D NetworkSecurityConfig: Using Network Security Config from resource network_security_config debugBuild: false
06-26 18:26:28.926 3636 3636 I MultiDex: VM with version 2.1.0 has multidex support
06-26 18:26:28.926 3636 3636 I MultiDex: Installing application
06-26 18:26:28.926 3636 3636 I MultiDex: VM has multidex support, MultiDex support library is disabled.
06-26 18:26:28.929 3636 3636 E PartsInfoProvider: onCreate:
06-26 18:26:28.933 3636 3636 E ServiceUtils: start main service
06-26 18:26:28.938 3636 3636 E ServiceUtils: start main service
06-26 18:26:28.952 3636 3636 D AndroidAutoSize: designWidthInDp = 1920, designHeightInDp = 1080, screenWidth = 1920, screenHeight = 1080
06-26 18:26:28.953 3636 3636 D AndroidAutoSize: initDensity = 1.5, initScaledDensity = 1.5
06-26 18:26:29.036 3636 3636 I gbei.screencast: type=1400 audit(0.0:1898): avc: denied { read } for name="address" dev="sysfs" ino=16906 scontext=u:r:platform_app:s0:c512,c768 tcontext=u:object_r:sysfs_net:s0 tclass=file permissive=1 app=com.dangbei.screencast
06-26 18:26:29.036 3636 3636 I Thread-4: type=1400 audit(0.0:1899): avc: denied { read } for name="logs" dev="mmcblk0p25" ino=1895 scontext=u:r:platform_app:s0:c512,c768 tcontext=u:object_r:app_data_file:s0:c512,c768 tclass=dir permissive=1 app=com.dangbei.screencast
06-26 18:26:29.036 3636 3636 I Thread-4: type=1400 audit(0.0:1900): avc: denied { open } for path="/data/user/0/com.dangbei.screencast/crashsdk/logs" dev="mmcblk0p25" ino=1895 scontext=u:r:platform_app:s0:c512,c768 tcontext=u:object_r:app_data_file:s0:c512,c768 tclass=dir permissive=1 app=com.dangbei.screencast
06-26 18:26:29.040 3636 3636 I gbei.screencast: type=1400 audit(0.0:1901): avc: denied { open } for path="/sys/devices/virtual/net/dummy0/address" dev="sysfs" ino=16906 scontext=u:r:platform_app:s0:c512,c768 tcontext=u:object_r:sysfs_net:s0 tclass=file permissive=1 app=com.dangbei.screencast
06-26 18:26:29.040 3636 3636 I gbei.screencast: type=1400 audit(0.0:1902): avc: denied { getattr } for path="/sys/devices/virtual/net/dummy0/address" dev="sysfs" ino=16906 scontext=u:r:platform_app:s0:c512,c768 tcontext=u:object_r:sysfs_net:s0 tclass=file permissive=1 app=com.dangbei.screencast
06-26 18:26:29.044 3636 3636 I Thread-4: type=1400 audit(0.0:1903): avc: denied { read } for name="version" dev="proc" ino=4026532049 scontext=u:r:platform_app:s0:c512,c768 tcontext=u:object_r:proc_version:s0 tclass=file permissive=1 app=com.dangbei.screencast
06-26 18:26:29.044 3636 3636 I Thread-4: type=1400 audit(0.0:1904): avc: denied { open } for path="/proc/version" dev="proc" ino=4026532049 scontext=u:r:platform_app:s0:c512,c768 tcontext=u:object_r:proc_version:s0 tclass=file permissive=1 app=com.dangbei.screencast
06-26 18:26:29.046 3636 3660 I crashsdk: version unique build id: 6230cced
06-26 18:26:29.050 3660 3660 W audit : audit_lost=1333 audit_rate_limit=5 audit_backlog_limit=64
06-26 18:26:29.050 3660 3660 E audit : rate limit exceeded
06-26 18:26:29.058 3636 3677 D crashsdk: Native log stat thread 3677 setup, waiting
06-26 18:26:29.059 3636 3660 I crashsdk: begin hack android.os.Process
06-26 18:26:29.060 3636 3660 I crashsdk: end hack android.os.Process
06-26 18:26:29.073 672 672 V TvNotificationHandler: Notification not added because it isn't relevant for tv
06-26 18:26:29.077 672 672 V TvNotificationHandler: Notification not added because it isn't relevant for tv
06-26 18:26:29.094 3636 3681 W efs.send_log: tryFileLock start!
06-26 18:26:29.101 3636 3660 I Matrix.AnrTracer: anrTrace, final mAnrBeatTime:400, mAnrBeatRate:400
06-26 18:26:29.107 3636 3689 I efs.base: lt=event`ev_ct=efs_core`ev_ac=pvuv`tm=2025-06-26 18:26:10`dn=884562d0-54da-4cce-9d74-00e5c75509d9`ps=com.dangbei.screencast`um_os=android`stime=1750933588856`pid=3636`fr=android`pkg=com.dangbei.screencast`vcode=20830`dsp_w=1920`uid=884562d0-54da-4cce-9d74-00e5c75509d9`rom=12`wid=884562d0-54da-4cce-9d74-00e5c75509d9`um_app_carrier=`um_access=wifi`um_app_channel=os`um_crash_sdk_version=1.4.0`ctime=1750933589`model=dbbox-a2`lang=zh`net=wifi`brand=dangbei`dsp_h=1080`um_network_type=0`ver=v2.8.3`build_model=DBBOX-A2`w_tm=1750933589`appid=5fc60c21094d637f3130af19`um_umid_header=ai1cc720f47734fc58e671cdbea6807313`sdk=31`tzone=Etc/GMT-8`sdk_ver=1.3.6.umeng
06-26 18:26:29.108 3636 3636 I TDLog : setReportUncaughtExceptions: true
06-26 18:26:29.109 3636 3636 E Application: onCreate:Version:v2.8.3/20830/883432e
06-26 18:26:29.114 3636 3681 I efs.config: --->>> 删除旧的配置文件 false
06-26 18:26:29.117 477 524 W IorapForwardingService: No service published for: iorapd
06-26 18:26:29.118 3636 3660 D LaunchConfigManager: check in allready
06-26 18:26:29.123 3636 3696 I LaunchTrace: begin sendLaunchCache
06-26 18:26:29.142 3636 3681 I efs.config: current config version (-1) is older than another (1735614866)
06-26 18:26:29.143 3636 3681 I efs.config: load config from storage and notify observer
06-26 18:26:29.146 266 286 D hdmi-cec: receive invalid cec message!
06-26 18:26:29.146 266 286 D hdmi-cec: receive poll message [04], skip!
06-26 18:26:29.155 477 810 W ActivityManager: Foreground service started from background can not have location/camera/microphone access: service com.dangbei.screencast/.startup.StartupService
06-26 18:26:29.194 320 2255 D XM_HIDREAD: poll ret=1, event=1
06-26 18:26:29.194 320 2255 D XM_HIDREAD: [9 bytes]:01 00 00 52 00 00 00 00 00
06-26 18:26:29.194 477 600 D TvWindowManager: key event key = KEYCODE_DPAD_UP down = true
06-26 18:26:29.198 3636 3661 I TDLog : TalkingData SDK init...
06-26 18:26:29.198 3636 3661 I TDLog : SDK_VERSION is: Android+TD+V5.0.7 gp Type:Native Build_Num:2141
06-26 18:26:29.198 3636 3661 I TDLog : App ID is: B9D7815EC975466AB1332111FCE62DF5
06-26 18:26:29.198 3636 3661 I TDLog : App Channel is: os
06-26 18:26:29.198 3636 3661 I TDLog : App Custom is:
06-26 18:26:29.198 3636 3661 I TDLog : SDK_OVC is: TDOVC+a3bb7754719798526508b6caad480dd7+SaaS
06-26 18:26:29.200 477 599 D GpioService: mFlickerEnable = true
06-26 18:26:29.202 2539 2539 I SogouIME: onKeyDown: keyoCode=19
06-26 18:26:29.202 2539 2539 I DefaultIMS: onKeyDown: keyoCode=19
06-26 18:26:29.221 2539 2539 I DefaultIMS: onStartInput attribute=android.view.inputmethod.EditorInfo@12c43c5 restarting=false inputType: 0
06-26 18:26:29.239 3636 3636 E raop : *********************AirplayBroadcastServer+++++++++
06-26 18:26:29.258 477 623 D NsdService: New client listening to asynchronous messages
06-26 18:26:29.265 477 623 D NsdService: New client, channel: com.android.internal.util.AsyncChannel@d97a1dc messenger: android.os.Messenger@90922e5
06-26 18:26:29.267 3636 3636 D CompatibilityChangeReporter: Compat change id reported: 191844585; UID 10013; state: DISABLED
06-26 18:26:29.318 320 2255 D XM_HIDREAD: poll ret=1, event=1
06-26 18:26:29.318 320 2255 D XM_HIDREAD: [9 bytes]:01 00 00 00 00 00 00 00 00
06-26 18:26:29.318 477 600 D TvWindowManager: key event key = KEYCODE_DPAD_UP down = false
06-26 18:26:29.324 3636 3636 E H264FrameQueue: H264FrameQueue: mFullQueueCount:200
06-26 18:26:29.330 2539 2539 I SogouIME: onKeyUp: keyoCode=19
06-26 18:26:29.330 2539 2539 I DefaultIMS: onKeyUp: keyoCode=19
06-26 18:26:29.348 1095 1466 D wenhc : getScreenInfo uri = content://com.dangbei.screencast.parts.info/screen_cast
06-26 18:26:29.370 672 672 V TvNotificationHandler: Notification not added because it isn't relevant for tv
06-26 18:26:29.377 3636 3697 I MobclickAgent: module init:azioc
06-26 18:26:29.461 3636 3636 E HuaweiCastService: onCreate called().
06-26 18:26:29.464 3636 3636 E PlayerClient: registerCallback com.dangbei.screencast.huaweicast.service.HuaweiCastService$a@981ea10
06-26 18:26:29.464 3636 3636 D PlayerClient: registerCallback true
06-26 18:26:29.464 3636 3636 D PlayerClient: init.
06-26 18:26:29.469 477 810 W TelephonyPermissions: reportAccessDeniedToReadIdentifiers:com.dangbei.screencast:getSerial:-1
06-26 18:26:29.470 3636 3636 W KIT_FWK_a: KitFwk is not installed, pls do not use related interfaces.
06-26 18:26:29.471 3636 3636 W KIT_FWK_a: KitFwk is not installed, pls do not use related interfaces.
06-26 18:26:29.472 3636 3636 E PlayerClient: bind player service by aar.
06-26 18:26:29.480 477 810 W ProcessStats: Tracking association SourceState{6966299 com.dangbei.leard.leradlauncher/1000 BTopFgs #471} whose proc state 2 is better than process ProcessState{b68c95e com.dangbei.screencast/10013 pkg=com.dangbei.screencast} proc state 3 (0 skipped)
06-26 18:26:29.485 3636 3636 D PlayerClient: bind player sink service true
06-26 18:26:29.489 477 810 W ActivityManager: Foreground service started from background can not have location/camera/microphone access: service com.dangbei.screencast/.huaweicast.service.HuaweiCastService
06-26 18:26:29.491 3636 3636 E HuaweiCastService: startForeground!
06-26 18:26:29.510 3636 3636 E StartupService: onConnected:
06-26 18:26:29.522 375 375 D dom2reg : timezone change, new: Etc/GMT-8, pre:
06-26 18:26:29.522 375 375 W dom2reg : timezone [Etc/GMT-8] not in default tables, please check!
06-26 18:26:29.650 3636 3636 I crashsdk: Catcher mask: 5000, 20480
06-26 18:26:29.653 3636 3636 I crashsdk: Catcher thread 3641
06-26 18:26:29.653 3636 3636 D crashsdk: Register ANR handler ...
06-26 18:26:29.654 3636 3689 W efs.info.manager: network change: wifi
06-26 18:26:29.668 3636 3636 E HuaweiCastService: onStartCommand in 0
06-26 18:26:29.677 3636 3636 D HiSight-SinkService: onCreate.
06-26 18:26:29.681 3636 3636 D HiSight-ConnectionManager: start ConnectionManager
06-26 18:26:29.684 3636 3636 D HiSight-SinkService: onBind.
06-26 18:26:29.685 477 502 I WifiService: acquireMulticastLock uid=10013
06-26 18:26:29.689 477 502 I WifiService: acquireMulticastLock uid=10013
06-26 18:26:29.698 672 672 V TvNotificationHandler: Notification not added because it isn't relevant for tv
06-26 18:26:29.702 3636 3636 D PlayerClient: service connected.
06-26 18:26:29.703 3636 3636 D HiSight-SinkService: ITaskBinder registerCallback: true
06-26 18:26:29.703 3636 3636 D HiSight-HiSightManager: ITaskBinder registerCallback.
06-26 18:26:29.703 3636 3636 D HiSight-CallbackManager: addNewCallback. com.dangbei.screencast.huaweicast.service.HuaweiCastService$a@981ea10
06-26 18:26:29.704 3636 3636 E HuaweiCastService: eventId: 4001
06-26 18:26:29.708 3636 3636 E HuaweiCastService: mPlayerClient is null.
06-26 18:26:29.708 3636 3636 D HiSight-HiSightManager: check capability vbr range not setting, using default value
06-26 18:26:29.709 3636 3636 E HuaweiCastService: mPlayerClient is null.
06-26 18:26:29.709 3636 3636 D HiSight-SinkService: setAuthMode
06-26 18:26:29.709 3636 3636 W HiSight-ConnectionManager: mSinkId is empty
06-26 18:26:29.723 320 2255 D XM_HIDREAD: poll ret=1, event=1
06-26 18:26:29.723 320 2255 D XM_HIDREAD: [9 bytes]:01 00 00 4F 00 00 00 00 00
06-26 18:26:29.723 477 600 D TvWindowManager: key event key = KEYCODE_DPAD_RIGHT down = true
06-26 18:26:29.730 477 599 D GpioService: mFlickerEnable = true
06-26 18:26:29.731 2539 2539 I SogouIME: onKeyDown: keyoCode=22
06-26 18:26:29.731 2539 2539 I DefaultIMS: onKeyDown: keyoCode=22
06-26 18:26:29.749 2539 2539 I DefaultIMS: onStartInput attribute=android.view.inputmethod.EditorInfo@bdd111a restarting=false inputType: 0
06-26 18:26:29.801 320 2255 D XM_HIDREAD: poll ret=1, event=1
06-26 18:26:29.801 320 2255 D XM_HIDREAD: [9 bytes]:01 00 00 00 00 00 00 00 00
06-26 18:26:29.801 477 600 D TvWindowManager: key event key = KEYCODE_DPAD_RIGHT down = false
06-26 18:26:29.803 2539 2539 I SogouIME: onKeyUp: keyoCode=22
06-26 18:26:29.803 2539 2539 I DefaultIMS: onKeyUp: keyoCode=22
06-26 18:26:30.119 477 524 W IorapForwardingService: No service published for: iorapd
06-26 18:26:30.988 3502 3569 I efs.px.api: get config from server, url is https://errlog.umeng.com/apm_cc
06-26 18:26:31.036 477 759 W TelephonyPermissions: reportAccessDeniedToReadIdentifiers:com.dangbei.screencast:getSerial:-1
06-26 18:26:31.106 3502 3593 V NFC : this device does not have NFC support
06-26 18:26:31.107 1067 1067 E sprdwl : sprdwl_rx_rsp_process ctx_id 0 recv rsp[WIFI_CMD_TX_DATA] status[SPRDWL_CMD_STATUS_ERROR]
06-26 18:26:31.121 477 524 W IorapForwardingService: No service published for: iorapd
06-26 18:26:31.121 1067 1067 E sprdwl : sprdwl_rx_rsp_process ctx_id 0 recv rsp[WIFI_CMD_TX_DATA] status[SPRDWL_CMD_STATUS_ERROR]
06-26 18:26:31.137 1067 1067 E sprdwl : sprdwl_rx_rsp_process ctx_id 0 recv rsp[WIFI_CMD_TX_DATA] status[SPRDWL_CMD_STATUS_ERROR]
06-26 18:26:31.153 1067 1067 E sprdwl : sprdwl_rx_rsp_process ctx_id 0 recv rsp[WIFI_CMD_TX_DATA] status[SPRDWL_CMD_STATUS_ERROR]
06-26 18:26:31.170 1067 1067 E sprdwl : sprdwl_rx_rsp_process ctx_id 0 recv rsp[WIFI_CMD_TX_DATA] status[SPRDWL_CMD_STATUS_ERROR]
06-26 18:26:31.183 662 662 E WifiHAL : wifi_get_link_stats: requestResponse Error:-5
06-26 18:26:31.185 477 612 E WifiVendorHal: getWifiLinkLayerStats_1_5_Internal(l.1191) failed {.code = ERROR_INVALID_ARGS, .description = }
06-26 18:26:31.195 1067 1067 E sprdwl : sprdwl_rx_rsp_process ctx_id 0 recv rsp[WIFI_CMD_TX_DATA] status[SPRDWL_CMD_STATUS_ERROR]
06-26 18:26:31.214 1067 1067 E sprdwl : sprdwl_rx_rsp_process ctx_id 0 recv rsp[WIFI_CMD_TX_DATA] status[SPRDWL_CMD_STATUS_ERROR]
06-26 18:26:31.236 1067 1067 E sprdwl : sprdwl_rx_rsp_process ctx_id 0 recv rsp[WIFI_CMD_TX_DATA] status[SPRDWL_CMD_STATUS_ERROR]
06-26 18:26:31.253 1067 1067 E sprdwl : sprdwl_rx_rsp_process ctx_id 0 recv rsp[WIFI_CMD_TX_DATA] status[SPRDWL_CMD_STATUS_ERROR]
06-26 18:26:31.294 274 450 D AudioFlinger: mixer(0xeb166bc0) throttle end: throttle time(1)
06-26 18:26:31.422 320 2255 D XM_HIDREAD: poll ret=1, event=1
06-26 18:26:31.422 320 2255 D XM_HIDREAD: [9 bytes]:01 00 00 50 00 00 00 00 00
06-26 18:26:31.422 477 600 D TvWindowManager: key event key = KEYCODE_DPAD_LEFT down = true
06-26 18:26:31.428 477 599 D GpioService: mFlickerEnable = true
06-26 18:26:31.429 2539 2539 I SogouIME: onKeyDown: keyoCode=21
06-26 18:26:31.429 2539 2539 I DefaultIMS: onKeyDown: keyoCode=21
06-26 18:26:31.450 2539 2539 I DefaultIMS: onStartInput attribute=android.view.inputmethod.EditorInfo@151071f restarting=false inputType: 0
06-26 18:26:31.497 477 810 I WifiService: startScan uid=10013
06-26 18:26:31.522 375 375 D dom2reg : timezone change, new: Etc/GMT-8, pre:
06-26 18:26:31.522 375 375 W dom2reg : timezone [Etc/GMT-8] not in default tables, please check!
06-26 18:26:31.556 320 2255 D XM_HIDREAD: poll ret=1, event=1
06-26 18:26:31.556 320 2255 D XM_HIDREAD: [9 bytes]:01 00 00 00 00 00 00 00 00
06-26 18:26:31.557 477 600 D TvWindowManager: key event key = KEYCODE_DPAD_LEFT down = false
06-26 18:26:31.559 2539 2539 I SogouIME: onKeyUp: keyoCode=21
06-26 18:26:31.559 2539 2539 I DefaultIMS: onKeyUp: keyoCode=21
06-26 18:26:32.123 477 524 W IorapForwardingService: No service published for: iorapd
06-26 18:26:32.128 1067 1067 E sprdwl : sprdwl_rx_rsp_process ctx_id 0 recv rsp[WIFI_CMD_TX_DATA] status[SPRDWL_CMD_STATUS_ERROR]
06-26 18:26:32.140 1067 1067 E sprdwl : sprdwl_rx_rsp_process ctx_id 0 recv rsp[WIFI_CMD_TX_DATA] status[SPRDWL_CMD_STATUS_ERROR]
06-26 18:26:32.154 1067 1067 E sprdwl : sprdwl_rx_rsp_process ctx_id 0 recv rsp[WIFI_CMD_TX_DATA] status[SPRDWL_CMD_STATUS_ERROR]
06-26 18:26:32.175 320 2255 D XM_HIDREAD: poll ret=1, event=1
06-26 18:26:32.175 320 2255 D XM_HIDREAD: [9 bytes]:01 00 00 51 00 00 00 00 00
06-26 18:26:32.175 477 600 D TvWindowManager: key event key = KEYCODE_DPAD_DOWN down = true
06-26 18:26:32.180 477 599 D GpioService: mFlickerEnable = true
06-26 18:26:32.310 320 2255 D XM_HIDREAD: poll ret=1, event=1
06-26 18:26:32.310 320 2255 D XM_HIDREAD: [9 bytes]:01 00 00 00 00 00 00 00 00
06-26 18:26:32.310 477 600 D TvWindowManager: key event key = KEYCODE_DPAD_DOWN down = false
06-26 18:26:32.326 477 599 D GpioService: mFlickerEnable = true
06-26 18:26:32.327 2539 2539 I SogouIME: onKeyDown: keyoCode=20
06-26 18:26:32.327 2539 2539 I DefaultIMS: onKeyDown: keyoCode=20
06-26 18:26:32.330 2539 2539 I SogouIME: onKeyUp: keyoCode=20
06-26 18:26:32.330 2539 2539 I DefaultIMS: onKeyUp: keyoCode=20
06-26 18:26:32.353 2539 2539 I DefaultIMS: onStartInput attribute=android.view.inputmethod.EditorInfo@8fc9396 restarting=false inputType: 0
06-26 18:26:32.614 320 2255 D XM_HIDREAD: poll ret=1, event=1
06-26 18:26:32.614 320 2255 D XM_HIDREAD: [9 bytes]:01 00 00 51 00 00 00 00 00
06-26 18:26:32.614 477 600 D TvWindowManager: key event key = KEYCODE_DPAD_DOWN down = true
06-26 18:26:32.619 477 599 D GpioService: mFlickerEnable = true
06-26 18:26:32.715 320 2255 D XM_HIDREAD: poll ret=1, event=1
06-26 18:26:32.715 320 2255 D XM_HIDREAD: [9 bytes]:01 00 00 00 00 00 00 00 00
06-26 18:26:32.715 477 600 D TvWindowManager: key event key = KEYCODE_DPAD_DOWN down = false
06-26 18:26:32.765 477 599 D GpioService: mFlickerEnable = true
06-26 18:26:32.766 2539 2539 I SogouIME: onKeyDown: keyoCode=20
06-26 18:26:32.766 2539 2539 I DefaultIMS: onKeyDown: keyoCode=20
06-26 18:26:32.770 2539 2539 I SogouIME: onKeyUp: keyoCode=20
06-26 18:26:32.770 2539 2539 I DefaultIMS: onKeyUp: keyoCode=20
06-26 18:26:32.813 2539 2539 I DefaultIMS: onStartInput attribute=android.view.inputmethod.EditorInfo@486bb17 restarting=false inputType: 0
06-26 18:26:33.004 3502 3502 E GuardService: startMainRunnable:
06-26 18:26:33.125 477 524 W IorapForwardingService: No service published for: iorapd
06-26 18:26:33.152 1067 1067 E sprdwl : sprdwl_rx_rsp_process ctx_id 0 recv rsp[WIFI_CMD_TX_DATA] status[SPRDWL_CMD_STATUS_ERROR]
06-26 18:26:33.164 1067 1067 E sprdwl : sprdwl_rx_rsp_process ctx_id 0 recv rsp[WIFI_CMD_TX_DATA] status[SPRDWL_CMD_STATUS_ERROR]
06-26 18:26:33.176 1067 1067 E sprdwl : sprdwl_rx_rsp_process ctx_id 0 recv rsp[WIFI_CMD_TX_DATA] status[SPRDWL_CMD_STATUS_ERROR]
06-26 18:26:33.278 477 759 D WifiNl80211Manager: Scan result ready event
06-26 18:26:33.278 477 759 D WifiNative: Scan result ready event
06-26 18:26:33.310 477 617 D WificondScannerImpl: Filtering out 13 scan results.
06-26 18:26:33.334 1095 1095 E hq : NetWorkStateReceiver:::NetWorkStateReceiver onReceive: 网络变化广播 >>>> intent.action=android.net.wifi.SCAN_RESULTS
06-26 18:26:33.347 662 662 E WifiHAL : wifi_get_link_stats: requestResponse Error:-5
06-26 18:26:33.349 477 612 E WifiVendorHal: getWifiLinkLayerStats_1_5_Internal(l.1191) failed {.code = ERROR_INVALID_ARGS, .description = }
06-26 18:26:33.375 1095 1095 W eventbuscore: post Event:com.dangbei.leard.base.entity.event.NetWifiRssiEvent
06-26 18:26:33.376 3502 3585 I efs.base: lt=event`ev_ct=efs_core`ev_ac=config_coverage`tm=2025-06-26 18:26:37`dn=884562d0-54da-4cce-9d74-00e5c75509d9`ps=com.dangbei.screencast:bg_guard`um_os=android`stime=1750933585727`pid=3502`fr=android`pkg=com.dangbei.screencast`cver=1735614866`vcode=20830`dsp_w=1920`uid=884562d0-54da-4cce-9d74-00e5c75509d9`rom=12`wid=884562d0-54da-4cce-9d74-00e5c75509d9`um_app_carrier=`um_access=wifi`um_app_channel=os`um_crash_sdk_version=1.4.0`ctime=1750933593`model=dbbox-a2`lang=zh`net=wifi`brand=dangbei`dsp_h=1080`um_network_type=0`ver=v2.8.3`build_model=DBBOX-A2`w_tm=1750933593`appid=5fc60c21094d637f3130af19`um_umid_header=ai1cc720f47734fc58e671cdbea6807313`sdk=31`tzone=Etc/GMT-8`sdk_ver=1.3.6.umeng
06-26 18:26:33.378 3502 3569 I efs.config: config request succ, config is:
06-26 18:26:33.378 3502 3569 I efs.config: {"msg":"成功","code":0,"cip":"127.0.0.1","config":{"common":{"updateInteval":480,"gate_way_https":true},"sign":"f3NSWQVPdVNfbV4XDQ==","app_configs":[{"conditions":[{"val":"0.0.0.0","opc":">=","fld":"ver"}],"actions":[{"opt":"apm_netperf_state","set":100},{"opt":"apm_netperf_day_limit","set":100},{"opt":"apm_netperf_res_bd_state","set":100},{"opt":"apm_oom_state","set":0},{"opt":"apm_netperf_data_rate","set":10},{"opt":"apm_native_h5perf_sampling_rate","set":5},{"opt":"apm_netperf_req_hd_state","set":100},{"opt":"apm_netperf_sampling_rate","set":1},{"opt":"flutter_dart_exception_max_count","set":20},{"opt":"flutter_pv_sampling_rate","set":5},{"opt":"apm_netperf_res_hd_state","set":100},{"opt":"flutter_page_state","set":100},{"opt":"flutter_page_rate","set":5},{"opt":"apm_memperf_sampling_rate","set":0},{"opt":"apm_crash_user_upload_type","set":1},{"opt":"apm_memperf_collect_max_period_sec","set":600},{"opt":"apm_crash_user_max_count","set":20},{"opt":"apm_netperf_bd_state","set":100},{"opt":"apm_native_h5_state","set":0},{"opt":"apm_mem_state","set":0},{"opt":"flutter_dart_exception_state","set":100},{"opt":"flutter_pv_max_count","set":200},{"opt":"apm_memperf_collect_interval","set":5},{"opt":"apm_flutter_state","set":100},{"opt":"apm_patrace_switch_rate","set":5},{"opt":"record_accumulation_time","set":60},{"opt":"apm_net_state","set":0},{"opt":"apm_startperf_sampling_rate","set":5},{"opt":"apm_oom_sampling_rate","set":5}]}]},"stm":1750933593,"cver":1735614866}
06-26 18:26:33.378 3502 3569 I efs.config: efs config is {"msg":"成功","code":0,"cip":"127.0.0.1","config":{"common":{"updateInteval":480,"gate_way_https":true},"sign":"f3NSWQVPdVNfbV4XDQ==","app_configs":[{"conditions":[{"val":"0.0.0.0","opc":">=","fld":"ver"}],"actions":[{"opt":"apm_netperf_state","set":100},{"opt":"apm_netperf_day_limit","set":100},{"opt":"apm_netperf_res_bd_state","set":100},{"opt":"apm_oom_state","set":0},{"opt":"apm_netperf_data_rate","set":10},{"opt":"apm_native_h5perf_sampling_rate","set":5},{"opt":"apm_netperf_req_hd_state","set":100},{"opt":"apm_netperf_sampling_rate","set":1},{"opt":"flutter_dart_exception_max_count","set":20},{"opt":"flutter_pv_sampling_rate","set":5},{"opt":"apm_netperf_res_hd_state","set":100},{"opt":"flutter_page_state","set":100},{"opt":"flutter_page_rate","set":5},{"opt":"apm_memperf_sampling_rate","set":0},{"opt":"apm_crash_user_upload_type","set":1},{"opt":"apm_memperf_collect_max_period_sec","set":600},{"opt":"apm_crash_user_max_count","set":20},{"opt":"apm_netperf_bd_state","set":100},{"opt":"apm_native_h5_state","set":0},{"opt":"apm_mem_state","set":0},{"opt":"flutter_dart_exception_state","set":100},{"opt":"flutter_pv_max_count","set":200},{"opt":"apm_memperf_collect_interval","set":5},{"opt":"apm_flutter_state","set":100},{"opt":"apm_patrace_switch_rate","set":5},{"opt":"record_accumulation_time","set":60},{"opt":"apm_net_state","set":0},{"opt":"apm_startperf_sampling_rate","set":5},{"opt":"apm_oom_sampling_rate","set":5}]}]},"stm":1750933593,"cver":1735614866}
06-26 18:26:33.382 3502 3569 E efs.config: updateConfigCond error
06-26 18:26:33.382 3502 3569 E efs.config: java.lang.NumberFormatException: For input string: "v2"
06-26 18:26:33.382 3502 3569 E efs.config: at java.lang.Integer.parseInt(Integer.java:615)
06-26 18:26:33.382 3502 3569 E efs.config: at java.lang.Integer.parseInt(Integer.java:650)
06-26 18:26:33.382 3502 3569 E efs.config: at com.efs.sdk.base.core.config.a.d.a(Unknown Source:33)
06-26 18:26:33.382 3502 3569 E efs.config: at com.efs.sdk.base.core.config.a.d.a(Unknown Source:8)
06-26 18:26:33.382 3502 3569 E efs.config: at com.efs.sdk.base.core.config.a.d.a(Unknown Source:404)
06-26 18:26:33.382 3502 3569 E efs.config: at com.efs.sdk.base.core.config.a.d.a(Unknown Source:129)
06-26 18:26:33.382 3502 3569 E efs.config: at com.efs.sdk.base.core.config.a.c.a(Unknown Source:4)
06-26 18:26:33.382 3502 3569 E efs.config: at com.efs.sdk.base.core.config.a.c.e(Unknown Source:53)
