06-26 18:25:00.192 253 253 W audio_route: Control 'DACL Mixer AIF1DA0L Switch' doesn't exist - skipping
06-26 18:25:00.192 253 253 W audio_route: Control 'Left Output Mixer DACR Switch' doesn't exist - skipping
06-26 18:25:00.192 253 253 W audio_route: Control 'Left Output Mixer DACL Switch' doesn't exist - skipping
06-26 18:25:00.192 253 253 W audio_route: Control 'SPK_L Mux' doesn't exist - skipping
06-26 18:25:00.192 253 253 W audio_route: Control 'External Speaker Switch' doesn't exist - skipping
06-26 18:25:00.192 253 253 W audio_route: unknown enum value string 0 for ctl LINEOUTL src LR
06-26 18:25:00.192 253 253 W audio_route: unknown enum value string 0 for ctl LINEOUTR src LR
06-26 18:25:00.192 253 253 W audio_route: Control 'DACR Mixer AIF1DA0R Switch' doesn't exist - skipping
06-26 18:25:00.192 253 253 W audio_route: Control 'DACL Mixer AIF1DA0L Switch' doesn't exist - skipping
06-26 18:25:00.192 253 253 W audio_route: Control 'AIF1 AD0L Mixer ADCL Switch' doesn't exist - skipping
06-26 18:25:00.192 253 253 W audio_route: Control 'AIF1 AD0R Mixer ADCR Switch' doesn't exist - skipping
06-26 18:25:00.192 253 253 W audio_route: Control 'Left Output Mixer DACL Switch' doesn't exist - skipping
06-26 18:25:00.193 253 253 W audio_route: Control 'Left Output Mixer DACR Switch' doesn't exist - skipping
06-26 18:25:00.193 253 253 W audio_route: Control 'Right Output Mixer DACL Switch' doesn't exist - skipping
06-26 18:25:00.193 253 253 W audio_route: Control 'Right Output Mixer DACR Switch' doesn't exist - skipping
06-26 18:25:00.193 253 253 W audio_route: Control 'Headphone Switch' doesn't exist - skipping
06-26 18:25:00.193 253 253 W audio_route: Control 'External Speaker Switch' doesn't exist - skipping
06-26 18:25:00.193 253 253 W audio_route: Control 'AIF1OUT0R Mux' doesn't exist - skipping
06-26 18:25:00.193 253 253 W audio_route: Control 'AIF1OUT0L Mux' doesn't exist - skipping
06-26 18:25:00.193 253 253 W audio_route: Control 'AIF1 AD0R Mixer ADCR Switch' doesn't exist - skipping
06-26 18:25:00.193 253 253 W audio_route: Control 'AIF1 AD0L Mixer ADCL Switch' doesn't exist - skipping
06-26 18:25:00.193 253 253 W audio_route: Control 'ADCR Mux' doesn't exist - skipping
06-26 18:25:00.193 253 253 W audio_route: Control 'ADCL Mux' doesn't exist - skipping
06-26 18:25:00.193 253 253 W audio_route: Control 'LADC input Mixer MIC1 boost Switch' doesn't exist - skipping
06-26 18:25:00.193 253 253 W audio_route: Control 'RADC input Mixer MIC1 boost Switch' doesn't exist - skipping
06-26 18:25:00.193 253 253 W audio_route: Control 'AIF1OUT0R Mux' doesn't exist - skipping
06-26 18:25:00.194 253 253 W audio_route: Control 'AIF1OUT0L Mux' doesn't exist - skipping
06-26 18:25:00.194 253 253 W audio_route: Control 'AIF1 AD0R Mixer ADCR Switch' doesn't exist - skipping
06-26 18:25:00.194 253 253 W audio_route: Control 'AIF1 AD0L Mixer ADCL Switch' doesn't exist - skipping
06-26 18:25:00.194 253 253 W audio_route: Control 'ADCR Mux' doesn't exist - skipping
06-26 18:25:00.194 253 253 W audio_route: Control 'ADCL Mux' doesn't exist - skipping
06-26 18:25:00.194 253 253 W audio_route: Control 'MIC2 SRC' doesn't exist - skipping
06-26 18:25:00.194 253 253 W audio_route: Control 'LADC input Mixer MIC2 boost Switch' doesn't exist - skipping
06-26 18:25:00.194 253 253 W audio_route: Control 'RADC input Mixer MIC2 boost Switch' doesn't exist - skipping
06-26 18:25:00.194 253 253 W audio_route: Control 'ADCL Mux' doesn't exist - skipping
06-26 18:25:00.194 253 253 W audio_route: Control 'ADCR Mux' doesn't exist - skipping
06-26 18:25:00.194 253 253 W audio_route: Control 'AIF1 AD0L Mixer ADCL Switch' doesn't exist - skipping
06-26 18:25:00.194 253 253 W audio_route: Control 'AIF1 AD0R Mixer ADCR Switch' doesn't exist - skipping
06-26 18:25:00.194 253 253 W audio_route: Control 'AIF1OUT0L Mux' doesn't exist - skipping
06-26 18:25:00.194 253 253 W audio_route: Control 'AIF1OUT0R Mux' doesn't exist - skipping
06-26 18:25:00.194 253 253 W audio_route: Control 'AIF2 ADC volume' doesn't exist - skipping
06-26 18:25:00.194 253 253 W audio_route: Control 'LEFT ADC input Mixer MIC1 boost Switch' doesn't exist - skipping
06-26 18:25:00.194 253 253 W audio_route: Control 'ADCL Mux' doesn't exist - skipping
06-26 18:25:00.194 253 253 W audio_route: Control 'AIF2 ADL Mixer ADCL Switch' doesn't exist - skipping
06-26 18:25:00.194 253 253 W audio_route: Control 'AIF2OUTL Mux' doesn't exist - skipping
06-26 18:25:00.195 253 253 W audio_route: Control 'AIF2INL Mux' doesn't exist - skipping
06-26 18:25:00.195 253 253 W audio_route: Control 'AIF2INL Mux switch aif2inl aif2Switch' doesn't exist - skipping
06-26 18:25:00.195 253 253 W audio_route: Control 'DACL Mixer AIF2DACL Switch' doesn't exist - skipping
06-26 18:25:00.195 253 253 W audio_route: Control 'Right Output Mixer DACL Switch' doesn't exist - skipping
06-26 18:25:00.195 253 253 W audio_route: Control 'Left Output Mixer DACL Switch' doesn't exist - skipping
06-26 18:25:00.195 253 253 W audio_route: Control 'SPK_L Mux' doesn't exist - skipping
06-26 18:25:00.195 253 253 W audio_route: Control 'SPK_R Mux' doesn't exist - skipping
06-26 18:25:00.195 253 253 W audio_route: Control 'External Speaker Switch' doesn't exist - skipping
06-26 18:25:00.195 253 253 W audio_route: Control 'AIF2 ADC volume' doesn't exist - skipping
06-26 18:25:00.195 253 253 W audio_route: Control 'MIC2 SRC' doesn't exist - skipping
06-26 18:25:00.195 253 253 W audio_route: Control 'LEFT ADC input Mixer MIC2 boost Switch' doesn't exist - skipping
06-26 18:25:00.196 253 253 W audio_route: Control 'ADCL Mux' doesn't exist - skipping
06-26 18:25:00.196 253 253 W audio_route: Control 'AIF2 ADL Mixer ADCL Switch' doesn't exist - skipping
06-26 18:25:00.196 253 253 W audio_route: Control 'AIF2OUTL Mux' doesn't exist - skipping
06-26 18:25:00.196 253 253 W audio_route: Control 'AIF2INL Mux' doesn't exist - skipping
06-26 18:25:00.196 253 253 W audio_route: Control 'AIF2INL Mux switch aif2inl aif2Switch' doesn't exist - skipping
06-26 18:25:00.196 253 253 W audio_route: Control 'DACL Mixer AIF2DACL Switch' doesn't exist - skipping
06-26 18:25:00.196 253 253 W audio_route: Control 'Left Output Mixer DACL Switch' doesn't exist - skipping
06-26 18:25:00.196 253 253 W audio_route: Control 'Right Output Mixer DACL Switch' doesn't exist - skipping
06-26 18:25:00.196 253 253 W audio_route: Control 'HP_L Mux' doesn't exist - skipping
06-26 18:25:00.196 253 253 W audio_route: Control 'HP_R Mux' doesn't exist - skipping
06-26 18:25:00.196 253 253 W audio_route: Control 'Headphone Switch' doesn't exist - skipping
06-26 18:25:00.196 253 253 W audio_route: Control 'AIF2 ADC volume' doesn't exist - skipping
06-26 18:25:00.196 253 253 W audio_route: Control 'LEFT ADC input Mixer MIC1 boost Switch' doesn't exist - skipping
06-26 18:25:00.197 253 253 W audio_route: Control 'ADCL Mux' doesn't exist - skipping
06-26 18:25:00.197 253 253 W audio_route: Control 'AIF2 ADL Mixer ADCL Switch' doesn't exist - skipping
06-26 18:25:00.197 253 253 W audio_route: Control 'AIF2OUTL Mux' doesn't exist - skipping
06-26 18:25:00.197 253 253 W audio_route: Control 'AIF2INL Mux' doesn't exist - skipping
06-26 18:25:00.197 253 253 W audio_route: Control 'AIF2INL Mux switch aif2inl aif2Switch' doesn't exist - skipping
06-26 18:25:00.197 253 253 W audio_route: Control 'DACL Mixer AIF2DACL Switch' doesn't exist - skipping
06-26 18:25:00.197 253 253 W audio_route: Control 'Left Output Mixer DACL Switch' doesn't exist - skipping
06-26 18:25:00.197 253 253 W audio_route: Control 'Right Output Mixer DACL Switch' doesn't exist - skipping
06-26 18:25:00.197 253 253 W audio_route: Control 'HP_L Mux' doesn't exist - skipping
06-26 18:25:00.197 253 253 W audio_route: Control 'HP_R Mux' doesn't exist - skipping
06-26 18:25:00.197 253 253 W audio_route: Control 'Headphone Switch' doesn't exist - skipping
06-26 18:25:00.197 253 253 W audio_route: Control 'AIF2INL Mux' doesn't exist - skipping
06-26 18:25:00.197 253 253 W audio_route: Control 'AIF2INL Mux switch aif2inl aif2Switch' doesn't exist - skipping
06-26 18:25:00.197 253 253 W audio_route: Control 'AIF2 ADR Mixer AIF2 DACL Switch' doesn't exist - skipping
06-26 18:25:00.197 253 253 W audio_route: Control 'AIF3OUT Mux' doesn't exist - skipping
06-26 18:25:00.198 253 253 W audio_route: Control 'AIF2INR Mux VIR switch aif2inr aif3Switch' doesn't exist - skipping
06-26 18:25:00.198 253 253 W audio_route: Control 'AIF2 ADL Mixer AIF2 DACR Switch' doesn't exist - skipping
06-26 18:25:00.198 253 253 W audio_route: Control 'AIF2OUTL Mux' doesn't exist - skipping
06-26 18:25:00.198 253 253 W audio_route: Control 'AIF2 ADC volume' doesn't exist - skipping
06-26 18:25:00.198 253 253 W audio_route: Control 'LEFT ADC input Mixer MIC1 boost Switch' doesn't exist - skipping
06-26 18:25:00.198 253 253 W audio_route: Control 'ADCL Mux' doesn't exist - skipping
06-26 18:25:00.198 253 253 W audio_route: Control 'AIF2 ADL Mixer ADCL Switch' doesn't exist - skipping
06-26 18:25:00.198 253 253 W audio_route: Control 'AIF2OUTL Mux' doesn't exist - skipping
06-26 18:25:00.198 253 253 W audio_route: Control 'AIF2INL Mux' doesn't exist - skipping
06-26 18:25:00.198 253 253 W audio_route: Control 'AIF2INL Mux switch aif2inl aif2Switch' doesn't exist - skipping
06-26 18:25:00.198 253 253 W audio_route: Control 'DACL Mixer AIF2DACL Switch' doesn't exist - skipping
06-26 18:25:00.198 253 253 W audio_route: Control 'EAR Mux' doesn't exist - skipping
06-26 18:25:00.198 253 253 W audio_route: Control 'Earpiece Switch' doesn't exist - skipping
06-26 18:25:00.198 253 253 W audio_route: Control 'AIF1 AD0L Mixer ADCL Switch' doesn't exist - skipping
06-26 18:25:00.198 253 253 W audio_route: Control 'AIF1 AD0L Mixer AIF2 DACL Switch' doesn't exist - skipping
06-26 18:25:00.198 253 253 W audio_route: Control 'AIF1OUT0L Mux' doesn't exist - skipping
06-26 18:25:00.199 253 253 W audio_route: Control 'AIF1 AD0L Mixer ADCL Switch' doesn't exist - skipping
06-26 18:25:00.199 253 253 W audio_route: Control 'AIF1 AD0L Mixer AIF2 DACL Switch' doesn't exist - skipping
06-26 18:25:00.199 253 253 W audio_route: Control 'AIF1OUT0L Mux' doesn't exist - skipping
06-26 18:25:00.199 253 253 W audio_route: Control 'AIF1 AD0L Mixer AIF2 DACL Switch' doesn't exist - skipping
06-26 18:25:00.199 253 253 W audio_route: Control 'AIF1 AD0L Mixer AIF2 DACR Switch' doesn't exist - skipping
06-26 18:25:00.199 253 253 W audio_route: Control 'AIF1OUT0L Mux' doesn't exist - skipping
06-26 18:25:00.199 253 253 W audio_route: Control 'Line Out Mixer MIC1 boost Switch' doesn't exist - skipping
06-26 18:25:00.199 253 253 W audio_route: Control 'MIC2 SRC' doesn't exist - skipping
06-26 18:25:00.199 253 253 W audio_route: Control 'Line Out Mixer MIC2 boost Switch' doesn't exist - skipping
06-26 18:25:00.199 253 253 W audio_route: Control 'Left Output Mixer LINEINL-LINEINR Switch' doesn't exist - skipping
06-26 18:25:00.199 253 253 W audio_route: Control 'Right Output Mixer LINEINL-LINEINR Switch' doesn't exist - skipping
06-26 18:25:00.199 253 253 W audio_route: Control 'EAR Mux' doesn't exist - skipping
06-26 18:25:00.199 253 253 W audio_route: Control 'External Speaker Switch' doesn't exist - skipping
06-26 18:25:00.199 253 253 W audio_route: Control 'Headphone Switch' doesn't exist - skipping
06-26 18:25:00.199 253 253 W audio_route: Control 'Headphone Switch' doesn't exist - skipping
06-26 18:25:00.199 253 253 W audio_route: Control 'Earpiece Switch' doesn't exist - skipping
06-26 18:25:00.200 253 253 W audio_route: Control 'LEFT ADC input Mixer LININL-R Switch' doesn't exist - skipping
06-26 18:25:00.200 253 253 W audio_route: Control 'ADCL Mux' doesn't exist - skipping
06-26 18:25:00.200 253 253 W audio_route: Control 'AIF2 ADL Mixer ADCL Switch' doesn't exist - skipping
06-26 18:25:00.200 253 253 W audio_route: Control 'AIF3OUT Mux' doesn't exist - skipping
06-26 18:25:00.200 253 253 W audio_route: Control 'AIF2INL Mux switch aif2inl aif2Switch' doesn't exist - skipping
06-26 18:25:00.200 253 253 W audio_route: Control 'AIF2INR Mux VIR switch aif2inr aif3Switch' doesn't exist - skipping
06-26 18:25:00.200 253 253 W audio_route: Control 'DACR Mixer AIF2DACR Switch' doesn't exist - skipping
06-26 18:25:00.200 253 253 W audio_route: Control 'Right Output Mixer DACR Switch' doesn't exist - skipping
06-26 18:25:00.200 253 253 W audio_route: Control 'Line Out Mixer Right Output mixer Switch' doesn't exist - skipping
06-26 18:25:00.205 253 253 W audio_route: Control 'AIF1OUT0L Mux' doesn't exist - skipping
06-26 18:25:00.205 253 253 W audio_route: Control 'AIF1 AD0L Mixer ADCL Switch' doesn't exist - skipping
06-26 18:25:00.205 253 253 W audio_route: Control 'ADCL Mux' doesn't exist - skipping
06-26 18:25:00.205 253 253 W audio_route: Control 'LEFT ADC input Mixer MIC1 boost Switch' doesn't exist - skipping
06-26 18:25:00.205 253 253 W audio_route: Control 'LEFT ADC input Mixer LININL-R Switch' doesn't exist - skipping
06-26 18:25:00.205 253 253 W audio_route: Control 'AIF1OUT0L Mux' doesn't exist - skipping
06-26 18:25:00.205 253 253 W audio_route: Control 'AIF1 AD0L Mixer ADCL Switch' doesn't exist - skipping
06-26 18:25:00.205 253 253 W audio_route: Control 'ADCL Mux' doesn't exist - skipping
06-26 18:25:00.205 253 253 W audio_route: Control 'LEFT ADC input Mixer MIC2 boost Switch' doesn't exist - skipping
06-26 18:25:00.205 253 253 W audio_route: Control 'LEFT ADC input Mixer LININL-R Switch' doesn't exist - skipping
06-26 18:25:00.205 253 253 W audio_route: Control 'AIF1OUT0L Mux' doesn't exist - skipping
06-26 18:25:00.205 253 253 W audio_route: Control 'AIF1 AD0L Mixer ADCL Switch' doesn't exist - skipping
06-26 18:25:00.205 253 253 W audio_route: Control 'AIF1 AD0L Mixer AIF2 DACR Switch' doesn't exist - skipping
06-26 18:25:00.205 253 253 W audio_route: Control 'AIF1IN0L Mux' doesn't exist - skipping
06-26 18:25:00.205 253 253 W audio_route: Control 'AIF2 ADL Mixer AIF1 DA0L Switch' doesn't exist - skipping
06-26 18:25:00.205 253 253 W audio_route: Control 'AIF2 ADL Mixer AIF1 DA0L Switch' doesn't exist - skipping
06-26 18:25:00.205 253 253 W audio_route: Control 'AIF3OUT Mux' doesn't exist - skipping
06-26 18:25:00.206 253 253 W audio_route: Control 'AIF2INR Mux switch aif2inr aif2Switch' doesn't exist - skipping
06-26 18:25:00.206 253 253 W audio_route: Control 'AIF2INR Mux VIR switch aif2inr aif3Switch' doesn't exist - skipping
06-26 18:25:00.206 253 253 W audio_route: Control 'AIF1 AD0L Mixer AIF2 DACR Switch' doesn't exist - skipping
06-26 18:25:00.206 253 253 W audio_route: Control 'AIF1OUT0L Mux' doesn't exist - skipping
06-26 18:25:00.206 253 253 W audio_route: Control 'AC DACR mixer I2S_DACDATR Switch' doesn't exist - skipping
06-26 18:25:00.207 253 253 W audio_route: Control 'AC DACL mixer I2S_DACDATL Switch' doesn't exist - skipping
06-26 18:25:00.207 253 253 W audio_route: Control 'Right Output Mixer DACR Switch' doesn't exist - skipping
06-26 18:25:00.207 253 253 W audio_route: Control 'Left Output Mixer DACL Switch' doesn't exist - skipping
06-26 18:25:00.207 253 253 W audio_route: Control 'External Speaker Switch' doesn't exist - skipping
06-26 18:25:00.207 253 253 D audio_route: Apply path: media-speaker-headphones
06-26 18:25:00.207 253 253 D audio_route: Apply path: media-headset-mic
06-26 18:25:00.209 253 316 V audio_hw_primary: adev_get_master_volume, line: 3587
06-26 18:25:00.209 253 316 V audio_hw_primary: adev_set_master_volume, line: 3579
06-26 18:25:00.209 274 274 I AudioFlinger: loadHwModule() Loaded primary audio interface, handle 10
06-26 18:25:00.210 274 274 I AudioFlinger: openOutput() this 0xeb564000, module 10 Device type:0x2,@:, SamplingRate 48000, Format 0x000001, Channels 0x3, flags 0x2
06-26 18:25:00.211 253 316 D audio_hw_primary: adev_open_output_stream
06-26 18:25:00.211 253 316 V audio_hw_primary: adev_open_output_stream, flags: 2
06-26 18:25:00.211 253 316 V audio_hw_primary: +++++++++++++++ adev_open_output_stream: req_sample_rate: 44100, fmt: 1, channel_count: 3
06-26 18:25:00.212 274 274 I AudioFlinger: HAL output buffer size 960 frames, normal sink buffer size 960 frames
06-26 18:25:00.248 274 274 I BufferProvider: found effect "Multichannel Downmix To Stereo" from The Android Open Source Project
06-26 18:25:00.249 274 274 D AudioFlinger: Failed to add event callback
06-26 18:25:00.250 274 450 I AudioFlinger: AudioFlinger's thread 0xeb166bc0 tid=450 ready to run
06-26 18:25:00.251 274 450 W AudioFlinger: no wake lock to update, system not ready yet
06-26 18:25:00.251 274 450 D AudioFlinger: ro.audio.silent is ignored since no output device is set
06-26 18:25:00.251 253 253 D audio_hw_primary: out_standby
06-26 18:25:00.253 274 450 W AudioFlinger: no wake lock to update, system not ready yet
06-26 18:25:00.253 274 450 D AudioFlinger: ro.audio.silent is ignored since no output device is set
06-26 18:25:00.254 274 274 V APM_AudioPolicyManager: checkAndSetVolume cannot set volume group 3 volume when isn ot requested for comm
06-26 18:25:00.263 274 274 W AudioFlinger: moveEffects() bad srcOutput 0
06-26 18:25:00.263 274 274 V APM_AudioPolicyManager: selectOutputForMusicEffects selected output 13
06-26 18:25:00.263 274 274 V APM_AudioPolicyManager: setOutputDevices device {type:0x2,@:} delayMs 0
06-26 18:25:00.263 274 274 V APM_AudioPolicyManager: setOutputDevices() prevDevice {type:0x2,@:}
06-26 18:25:00.264 274 274 V APM_AudioPolicyManager: setOutputDevices changing device to {type:0x2,@:}
06-26 18:25:00.287 253 316 V audio_hw_primary: adev_create_audio_patch num_sources: 1, num_sinks: 1
06-26 18:25:00.287 253 316 V audio_hw_primary: playback device: 2
06-26 18:25:00.289 274 274 V APM_AudioPolicyManager: setOutputDevices() AF::createAudioPatch returned 0 patchHandle 12 num_sources 1 num_sinks 1
06-26 18:25:00.291 274 274 V APM_AudioPolicyManager: checkAndSetVolume cannot set volume group 3 volume when isn ot requested for comm
06-26 18:25:00.296 274 274 I AudioFlinger: openOutput() this 0xeb564000, module 10 Device type:0x2,@:, SamplingRate 32000, Format 0x000003, Channels 0x3, flags 0x1
06-26 18:25:00.296 253 316 D audio_hw_primary: adev_open_output_stream
06-26 18:25:00.296 253 316 V audio_hw_primary: adev_open_output_stream, flags: 1
06-26 18:25:00.297 253 316 D audio_hw_primary: config format 0x3 raw_flag 1
06-26 18:25:00.297 253 316 V audio_hw_primary: +++++++++++++++ adev_open_output_stream: req_sample_rate: 32000, fmt: 3, channel_count: 3
06-26 18:25:00.298 274 274 I AudioFlinger: HAL output buffer size 2048 frames, normal sink buffer size 2048 frames
06-26 18:25:00.299 274 274 D AudioFlinger: Failed to add event callback
06-26 18:25:00.301 274 452 I AudioFlinger: AudioFlinger's thread 0xeb2d4dc0 tid=452 ready to run
06-26 18:25:00.301 274 452 W AudioFlinger: no wake lock to update, system not ready yet
06-26 18:25:00.301 274 452 D AudioFlinger: ro.audio.silent is ignored since no output device is set
06-26 18:25:00.302 253 316 V audio_hw_primary: out_set_parameters: closing=true
06-26 18:25:00.302 253 316 D audio_hw_primary: out_standby
06-26 18:25:00.306 253 316 V audio_hw_primary: out_set_parameters: exiting=1
06-26 18:25:00.306 274 274 E AudioFlinger: Error when setting parameters on exit: -61
06-26 18:25:00.307 274 452 W AudioFlinger: no wake lock to update, system not ready yet
06-26 18:25:00.307 274 452 D AudioFlinger: ro.audio.silent is ignored since no output device is set
06-26 18:25:00.307 253 316 D audio_hw_primary: out_standby
06-26 18:25:00.308 274 274 W APM_AudioPolicyManager: Input profile contains no device on module primary
06-26 18:25:00.308 274 274 W APM_AudioPolicyManager: Input profile contains no device on module primary
06-26 18:25:00.313 253 316 D xm_audio: -->adev_open, name=audio_hw_if, socketthread_running=false, pth_listen=0
06-26 18:25:00.315 274 274 I AudioFlinger: loadHwModule() Loaded xm_hidraw audio interface, handle 18
06-26 18:25:00.316 253 253 D xm_audio: -->adev_open_input_stream
06-26 18:25:00.316 253 253 D xm_audio: -->adev_open_input_stream, config->sample_rate=16000
06-26 18:25:00.316 253 253 D xm_audio: -->adev_open_input_stream exit
06-26 18:25:00.317 253 253 I xm_audio: in_get_sample_rate
06-26 18:25:00.317 253 253 I xm_audio: in_get_channels
06-26 18:25:00.319 253 253 I xm_audio: in_get_sample_rate
06-26 18:25:00.320 253 253 I xm_audio: in_get_channels
06-26 18:25:00.320 253 253 I xm_audio: in_get_channels
06-26 18:25:00.321 253 253 I xm_audio: in_get_buffer_size
06-26 18:25:00.321 253 253 I xm_audio: in_get_buffer_size: fsize=512.000000, size=512
06-26 18:25:00.321 248 404 I zygote : Verified 2763 classes from mainline modules in 197.133ms
06-26 18:25:00.322 253 253 I xm_audio: in_get_buffer_size
06-26 18:25:00.322 253 253 I xm_audio: in_get_buffer_size: fsize=512.000000, size=512
06-26 18:25:00.322 253 253 I xm_audio: in_get_sample_rate
06-26 18:25:00.322 253 253 I xm_audio: in_get_channels
06-26 18:25:00.324 253 454 D xm_audio: socket_thread start
06-26 18:25:00.325 253 454 D xm_audio: create socket g_is_running4
06-26 18:25:00.325 253 454 D xm_audio: create socket g_is_running5
06-26 18:25:00.325 253 454 E xm_audio: so socket connect suc
06-26 18:25:00.325 274 455 I AudioFlinger: AudioFlinger's thread 0xeb0f7f80 tid=455 ready to run
06-26 18:25:00.325 320 327 D XM_HIDREAD: Client connected.
06-26 18:25:00.326 320 327 D XM_HIDREAD: accept before.
06-26 18:25:00.326 253 253 D xm_audio: -->adev_close_input_stream
06-26 18:25:00.326 253 253 D xm_audio: -->adev_close_input_stream ready free stream.
06-26 18:25:00.326 253 253 D xm_audio: -->adev_close_input_stream free stream finish.
06-26 18:25:00.327 320 458 D XM_HIDREAD: handle_client start.
06-26 18:25:00.327 253 457 D xm_audio: data_thread start
06-26 18:25:00.370 274 274 I bt_a2dp_hw: system/bt/audio_a2dp_hw/src/audio_a2dp_hw.cc:1893 adev_open: adev_open: adev_open in A2dp_hw module
06-26 18:25:00.370 274 274 I AudioFlinger: loadHwModule() Loaded a2dp audio interface, handle 26
06-26 18:25:00.370 274 274 V APM_AudioPolicyManager: onNewAudioModulesAvailableInt: Input device list is empty! for profile a2dp input
06-26 18:25:00.375 253 253 I r_submix: adev_open(name=audio_hw_if)
06-26 18:25:00.376 253 253 I r_submix: adev_init_check()
06-26 18:25:00.376 274 274 I AudioFlinger: loadHwModule() Loaded r_submix audio interface, handle 34
06-26 18:25:00.377 253 253 D r_submix: adev_open_input_stream(addr=0)
06-26 18:25:00.377 253 253 D r_submix: submix_audio_device_create_pipe_l(addr=0, idx=9)
06-26 18:25:00.377 253 253 D r_submix: now using address 0 for route 9
06-26 18:25:00.381 274 460 I AudioFlinger: AudioFlinger's thread 0xeb0f7940 tid=460 ready to run
06-26 18:25:00.382 253 253 I r_submix: in_standby()
06-26 18:25:00.382 274 460 W AudioFlinger: no wake lock to update, system not ready yet
06-26 18:25:00.382 253 253 I r_submix: in_standby()
06-26 18:25:00.385 274 460 W AudioFlinger: no wake lock to update, system not ready yet
06-26 18:25:00.385 253 253 D r_submix: adev_close_input_stream()
06-26 18:25:00.385 253 253 D r_submix: submix_audio_device_release_pipe_l(idx=9) addr=0
06-26 18:25:00.385 253 253 D r_submix: submix_audio_device_destroy_pipe_l(): pipe destroyed
06-26 18:25:00.390 274 274 I audioserver: Waiting for activity service
06-26 18:25:00.409 269 423 I android.hardware.usb.gadget@1.1-service.aw: GADGET pulled up
06-26 18:25:00.408 331 331 I xiriservice_All: type=1400 audit(0.0:303): avc: denied { read } for scontext=u:r:init:s0 tcontext=u:r:init:s0 tclass=netlink_kobject_uevent_socket permissive=1
06-26 18:25:00.410 403 424 I adbd : USB event: FUNCTIONFS_BIND
06-26 18:25:00.464 266 266 I EventThread: type=1400 audit(0.0:304): avc: denied { search } for name="extcon" dev="sysfs" ino=18109 scontext=u:r:hal_tv_cec_default:s0 tcontext=u:object_r:sysfs_extcon:s0 tclass=dir permissive=1
06-26 18:25:00.538 465 465 E cutils-trace: Error opening trace file: No such file or directory (2)
06-26 18:25:00.593 468 468 E cutils-trace: Error opening trace file: No such file or directory (2)
06-26 18:25:00.606 358 358 W awplayer: : Set log level to 3
06-26 18:25:00.620 248 248 D Zygote : VMRuntime.setVerifierEnabled(true)
06-26 18:25:00.652 358 358 I cedarc : : register avs decoder success!
06-26 18:25:00.652 358 358 I cedarc : : register h264 decoder success!
06-26 18:25:00.653 358 358 I cedarc : : register h265 decoder success!
06-26 18:25:00.653 358 358 I cedarc : : register mjpeg decoder success!
06-26 18:25:00.654 248 248 I zygote : Explicit concurrent copying GC freed 6063(607KB) AllocSpace objects, 0(0B) LOS objects, 68% free, 718KB/2254KB, paused 165us total 32.624ms
06-26 18:25:00.654 358 358 I cedarc : : register mjpegplus decoder success!
06-26 18:25:00.654 358 358 I cedarc : : register mpeg2 decoder success!
06-26 18:25:00.654 358 358 W awplayer: : Invalid plugin,function CedarPluginVDInit not found.
06-26 18:25:00.655 358 358 I cedarc : : register mpeg4dx decoder success!
06-26 18:25:00.655 358 358 I cedarc : : register mpeg4H263 decoder success!
06-26 18:25:00.655 358 358 I cedarc : : register mpeg4Normal decoder success!
06-26 18:25:00.655 358 358 I cedarc : : register Mpeg4Vp6 decoder success!
06-26 18:25:00.656 358 358 I cedarc : : register vp6Soft decoder success!
06-26 18:25:00.657 358 358 I cedarc : : register vp8 decoder success!
06-26 18:25:00.657 358 358 E cedarc : : register Wmv12Soft decoder failure!!!
06-26 18:25:00.657 358 358 I cedarc : : register vc1 decoder success!
06-26 18:25:00.657 358 358 D cedarc : : register Vp9Hw decoder success!
06-26 18:25:00.657 358 358 I cedarc : : register avs2 decoder success!
06-26 18:25:00.661 358 358 D awplayer: : aw stream init...
06-26 18:25:00.661 358 358 D awplayer: : Register stream rtp version v1.1
06-26 18:25:00.672 358 358 I mediaserver: ServiceManager: 0xe8665960
06-26 18:25:00.673 358 358 W BatteryNotifier: batterystats service unavailable!
06-26 18:25:00.674 358 358 W BatteryNotifier: batterystats service unavailable!
06-26 18:25:00.680 248 248 I zygote : Explicit concurrent copying GC freed 229(40KB) AllocSpace objects, 0(0B) LOS objects, 68% free, 710KB/2246KB, paused 71us total 25.330ms
06-26 18:25:00.757 248 248 D Zygote : Forked child process 477
06-26 18:25:00.757 248 248 I Zygote : System server process 477 has been created
06-26 18:25:00.759 248 248 I Zygote : Accepting command socket connections
06-26 18:25:00.913 403 418 I adbd : adbd mDNS service _adb._tcp registered: 1
06-26 18:25:00.914 403 425 I adbd : adbd mDNS service _adb-tls-connect._tcp registered: 1
06-26 18:25:01.074 477 477 I Zygote : seccomp disabled by setenforce 0
06-26 18:25:01.084 329 329 I rainbow_flow: type=1400 audit(0.0:305): avc: denied { ioctl } for path="/dev/spidev1.0" dev="tmpfs" ino=6605 ioctlcmd=0x6b00 scontext=u:r:init:s0 tcontext=u:object_r:device:s0 tclass=chr_file permissive=1
06-26 18:25:01.093 477 477 W system_server: Failed to upload odrefresh metrics: metrics file '/data/misc/odrefresh/odrefresh-metrics.txt' could not be opened: No such file or directory
06-26 18:25:01.102 403 421 I adbd : jdwp connection from 477
06-26 18:25:01.103 477 500 D Zygote : begin preload_base
06-26 18:25:01.104 477 500 I Zygote : Calling ZygoteHooks.beginPreload()
06-26 18:25:01.297 477 500 D ApplicationLoaders: Created zygote-cached class loader: /system/framework/android.hidl.base-V1.0-java.jar
06-26 18:25:01.303 477 500 D ApplicationLoaders: Created zygote-cached class loader: /system/framework/android.hidl.manager-V1.0-java.jar
06-26 18:25:01.310 477 500 D ApplicationLoaders: Created zygote-cached class loader: /system/framework/android.test.base.jar
06-26 18:25:01.311 477 500 I Zygote : Preloading resources...
06-26 18:25:01.335 477 500 W Resources: Preloaded drawable resource #0x1080286 (android:drawable/dialog_background_material) that varies with configuration!!
06-26 18:25:01.365 477 500 I Zygote : ...preloaded 64 resources in 54ms.
06-26 18:25:01.371 477 500 I Zygote : ...preloaded 41 resources in 6ms.
06-26 18:25:01.372 477 500 D Zygote : Zygote:ThreadPreadloadBase took 270ms.
06-26 18:25:01.374 477 508 D Zygote : Zygote:ThreadPreadloadClass start
06-26 18:25:01.378 477 509 I Zygote : Preloading classes...
06-26 18:25:01.384 477 477 I SystemServerTiming: InitBeforeStartServices
06-26 18:25:01.389 477 477 I SystemServer: Entered the Android system server!
06-26 18:25:01.413 477 510 D libEGL : loaded /vendor/lib/egl/libGLES_mali.so
06-26 18:25:01.464 266 266 I EventThread: type=1400 audit(0.0:306): avc: denied { search } for name="extcon" dev="sysfs" ino=18109 scontext=u:r:hal_tv_cec_default:s0 tcontext=u:object_r:sysfs_extcon:s0 tclass=dir permissive=1
06-26 18:25:01.473 477 509 I Typeface: Preloading /system/fonts/Roboto-Regular.ttf
06-26 18:25:01.503 375 375 D dom2reg : timezone change, new: Etc/GMT-8, pre:
06-26 18:25:01.504 375 375 W dom2reg : timezone [Etc/GMT-8] not in default tables, please check!
06-26 18:25:01.513 477 509 I Typeface: Preloading /system/fonts/RobotoStatic-Regular.ttf
06-26 18:25:01.617 477 509 I Typeface: Preloading /system/fonts/NotoSansCJK-Regular.ttc
06-26 18:25:01.617 477 509 I Typeface: Preloading /system/fonts/NotoSerifCJK-Regular.ttc
06-26 18:25:01.664 477 509 E ActivityRecognitionHardware: activity_recognition HAL is deprecated. class_init is effectively a no-op
06-26 18:25:01.671 280 280 D RenderEngine: shader cache generated - 48 shaders in 1945.512451 ms
06-26 18:25:01.680 280 280 I HidlServiceManagement: Registered android.frameworks.displayservice@1.0::IDisplayService/default
06-26 18:25:01.681 280 280 D SurfaceFlinger: Setting power mode 2 on display 0
06-26 18:25:01.681 262 262 D sunxihwc: setPowerMode: device(hdmi0) power mode: On
06-26 18:25:01.681 262 262 I sunxihwc: setRuntimeState: disp2 blank control [unblank], driver usage [1]
06-26 18:25:01.682 280 280 D SurfaceFlinger: Finished setting power mode 2 on display 0
06-26 18:25:01.759 477 477 E UsbAlsaJackDetectorJNI: Can't register UsbAlsaJackDetector native methods
06-26 18:25:01.787 477 477 I SystemServerInitThreadPool: Creating instance with 4 threads
06-26 18:25:01.789 477 477 I SystemServerTiming: StartServices
06-26 18:25:01.789 477 477 D SystemServer: VMRuntime.setVerifierEnabled(false)
06-26 18:25:01.789 477 477 I SystemServerTiming: startBootstrapServices
06-26 18:25:01.789 477 477 I SystemServerTiming: StartWatchdog
06-26 18:25:01.790 477 521 I SystemServerTimingAsync: InitThreadPoolExec:loadPreinstalledSystemFontMap
06-26 18:25:01.790 477 521 D SystemServerInitThreadPool: Started executing loadPreinstalledSystemFontMap
06-26 18:25:01.790 477 521 I SystemServerTimingAsync: loadPreinstalledSystemFontMap
06-26 18:25:01.808 477 477 I SystemServer: Reading configuration...
06-26 18:25:01.808 477 477 I SystemServerTiming: ReadingSystemConfig
06-26 18:25:01.812 477 529 I SystemServerTimingAsync: InitThreadPoolExec:ReadingSystemConfig
06-26 18:25:01.813 477 477 I SystemServerTiming: PlatformCompat
06-26 18:25:01.814 477 529 D SystemServerInitThreadPool: Started executing ReadingSystemConfig
06-26 18:25:01.816 477 477 D CompatConfig: Found a config file: /system/etc/compatconfig/documents-ui-compat-config.xml
06-26 18:25:01.818 477 477 D CompatConfig: Adding: com.android.server.compat.config.Change@27492d1
06-26 18:25:01.820 477 529 I SystemConfig: Reading permissions from /system/etc/sysconfig/preinstalled-packages-com.android.providers.media.module.xml
06-26 18:25:01.821 477 477 D CompatConfig: Found a config file: /system/etc/compatconfig/calendar-provider-compat-config.xml
06-26 18:25:01.822 477 477 D CompatConfig: Adding: com.android.server.compat.config.Change@f4e71a4
06-26 18:25:01.822 477 509 D MtpDeviceJNI: register_android_mtp_MtpDevice
06-26 18:25:01.823 477 477 D CompatConfig: Found a config file: /system/etc/compatconfig/framework-platform-compat-config.xml
06-26 18:25:01.830 477 477 D CompatConfig: Adding: com.android.server.compat.config.Change@d2d5ac2
06-26 18:25:01.831 477 477 D CompatConfig: Adding: com.android.server.compat.config.Change@202f0d3
06-26 18:25:01.831 477 477 D CompatConfig: Adding: com.android.server.compat.config.Change@6d30410
06-26 18:25:01.832 477 477 D CompatConfig: Adding: com.android.server.compat.config.Change@775cb09
06-26 18:25:01.832 477 477 D CompatConfig: Adding: com.android.server.compat.config.Change@2fa610e
06-26 18:25:01.832 477 477 D CompatConfig: Adding: com.android.server.compat.config.Change@d01c72f
06-26 18:25:01.833 477 477 D CompatConfig: Adding: com.android.server.compat.config.Change@1cc513c
06-26 18:25:01.833 477 477 D CompatConfig: Adding: com.android.server.compat.config.Change@5270ec5
06-26 18:25:01.836 477 477 D CompatConfig: Adding: com.android.server.compat.config.Change@97f801a
06-26 18:25:01.837 477 529 I incfs : Initial API level of the device: 31
06-26 18:25:01.837 477 529 I incfs : ro.incremental.enable: module:/vendor/lib/modules/incrementalfs.ko
06-26 18:25:01.837 477 477 D CompatConfig: Adding: com.android.server.compat.config.Change@26da74b
06-26 18:25:01.837 477 529 I incfs : isFsAvailable: false
06-26 18:25:01.837 477 529 I incfs : isFsAvailable: false
06-26 18:25:01.838 477 529 E incfs : could not open IncFs kernel module "/vendor/lib/modules/incrementalfs.ko": No such file or directory
06-26 18:25:01.838 477 477 D CompatConfig: Adding: com.android.server.compat.config.Change@ab4528
06-26 18:25:01.838 477 529 E incfs : IncFs_Features: failed to open features dir, assuming v1/none.: No such file or directory
06-26 18:25:01.838 477 477 D CompatConfig: Adding: com.android.server.compat.config.Change@ceed241
06-26 18:25:01.838 477 477 D CompatConfig: Adding: com.android.server.compat.config.Change@b6d6d27
06-26 18:25:01.839 477 529 I SystemConfig: Reading permissions from /system/etc/sysconfig/preinstalled-packages-platform.xml
06-26 18:25:01.839 477 477 D CompatConfig: Adding: com.android.server.compat.config.Change@8038bd4
06-26 18:25:01.839 477 477 D CompatConfig: Adding: com.android.server.compat.config.Change@815517d
06-26 18:25:01.839 477 477 D CompatConfig: Adding: com.android.server.compat.config.Change@395f872
06-26 18:25:01.840 477 477 D CompatConfig: Adding: com.android.server.compat.config.Change@2b9b4c3
06-26 18:25:01.840 477 477 D CompatConfig: Adding: com.android.server.compat.config.Change@ff79140
06-26 18:25:01.840 477 477 D CompatConfig: Adding: com.android.server.compat.config.Change@22a8879
06-26 18:25:01.841 477 477 D CompatConfig: Adding: com.android.server.compat.config.Change@84729be
06-26 18:25:01.841 477 477 D CompatConfig: Adding: com.android.server.compat.config.Change@e64816c
06-26 18:25:01.841 477 529 I SystemConfig: Reading permissions from /system/etc/sysconfig/hiddenapi-package-whitelist.xml
06-26 18:25:01.841 477 477 D CompatConfig: Adding: com.android.server.compat.config.Change@5c23335
06-26 18:25:01.842 477 477 D CompatConfig: Adding: com.android.server.compat.config.Change@f4823ca
06-26 18:25:01.842 477 477 D CompatConfig: Adding: com.android.server.compat.config.Change@4daf93b
06-26 18:25:01.842 477 477 D CompatConfig: Adding: com.android.server.compat.config.Change@7ce4858
06-26 18:25:01.842 477 477 D CompatConfig: Adding: com.android.server.compat.config.Change@8efcdb1
06-26 18:25:01.843 477 477 D CompatConfig: Adding: com.android.server.compat.config.Change@6acb296
06-26 18:25:01.843 477 477 D CompatConfig: Adding: com.android.server.compat.config.Change@bf5ee17
06-26 18:25:01.843 477 477 D CompatConfig: Adding: com.android.server.compat.config.Change@30b9204
06-26 18:25:01.844 477 477 D CompatConfig: Adding: com.android.server.compat.config.Change@58293ed
06-26 18:25:01.844 477 477 D CompatConfig: Adding: com.android.server.compat.config.Change@7f96222
06-26 18:25:01.844 477 477 D CompatConfig: Adding: com.android.server.compat.config.Change@96154b3
06-26 18:25:01.845 477 477 D CompatConfig: Adding: com.android.server.compat.config.Change@bb1ca70
06-26 18:25:01.845 477 477 D CompatConfig: Adding: com.android.server.compat.config.Change@90181e9
06-26 18:25:01.845 477 477 D CompatConfig: Adding: com.android.server.compat.config.Change@512890f
06-26 18:25:01.846 477 477 D CompatConfig: Adding: com.android.server.compat.config.Change@f411d9c
06-26 18:25:01.846 477 529 I SystemConfig: Reading permissions from /system/etc/sysconfig/preinstalled-packages-platform-full-base.xml
06-26 18:25:01.846 477 477 D CompatConfig: Adding: com.android.server.compat.config.Change@86753a5
06-26 18:25:01.847 477 477 D CompatConfig: Adding: com.android.server.compat.config.Change@619137a
06-26 18:25:01.847 477 477 D CompatConfig: Adding: com.android.server.compat.config.Change@6f8a72b
06-26 18:25:01.848 477 477 D CompatConfig: Adding: com.android.server.compat.config.Change@1107788
06-26 18:25:01.848 477 477 D CompatConfig: Adding: com.android.server.compat.config.Change@39e8521
06-26 18:25:01.849 477 477 D CompatConfig: Adding: com.android.server.compat.config.Change@cd88b07
06-26 18:25:01.849 477 529 I SystemConfig: Reading permissions from /system/etc/sysconfig/framework-sysconfig.xml
06-26 18:25:01.851 477 477 D CompatConfig: Adding: com.android.server.compat.config.Change@f98434
06-26 18:25:01.852 477 477 D CompatConfig: Adding: com.android.server.compat.config.Change@4bd525d
06-26 18:25:01.852 477 477 D CompatConfig: Adding: com.android.server.compat.config.Change@4a297d2
06-26 18:25:01.853 477 477 D CompatConfig: Adding: com.android.server.compat.config.Change@1e8d0a3
06-26 18:25:01.853 477 477 D CompatConfig: Adding: com.android.server.compat.config.Change@c4afa0
06-26 18:25:01.854 477 477 D CompatConfig: Adding: com.android.server.compat.config.Change@96e5f1e
06-26 18:25:01.854 477 529 I SystemConfig: Reading permissions from /system/etc/permissions/com.android.future.usb.accessory.xml
06-26 18:25:01.855 477 477 D CompatConfig: Adding: com.android.server.compat.config.Change@42dd3ff
06-26 18:25:01.855 477 477 D CompatConfig: Adding: com.android.server.compat.config.Change@45525cc
06-26 18:25:01.856 477 477 D CompatConfig: Adding: com.android.server.compat.config.Change@18d7015
06-26 18:25:01.856 477 477 D CompatConfig: Adding: com.android.server.compat.config.Change@69d4f2a
06-26 18:25:01.857 477 529 I SystemConfig: Reading permissions from /system/etc/permissions/com.android.networkstack.xml
06-26 18:25:01.857 477 477 D CompatConfig: Adding: com.android.server.compat.config.Change@894d2b8
06-26 18:25:01.857 477 477 D CompatConfig: Adding: com.android.server.compat.config.Change@1e1f891
06-26 18:25:01.858 477 477 D CompatConfig: Adding: com.android.server.compat.config.Change@81933f6
06-26 18:25:01.858 477 477 D CompatConfig: Adding: com.android.server.compat.config.Change@6d443f7
06-26 18:25:01.859 477 477 D CompatConfig: Adding: com.android.server.compat.config.Change@d206264
06-26 18:25:01.859 477 477 D CompatConfig: Adding: com.android.server.compat.config.Change@21c8ccd
06-26 18:25:01.860 477 477 D CompatConfig: Found a config file: /system/etc/compatconfig/services-platform-compat-config.xml
06-26 18:25:01.864 477 477 D CompatConfig: Adding: com.android.server.compat.config.Change@1ff2893
06-26 18:25:01.865 477 477 D CompatConfig: Adding: com.android.server.compat.config.Change@cb340d0
06-26 18:25:01.865 477 477 D CompatConfig: Adding: com.android.server.compat.config.Change@6f228c9
06-26 18:25:01.866 477 477 D CompatConfig: Adding: com.android.server.compat.config.Change@1fecbce
06-26 18:25:01.866 477 477 D CompatConfig: Adding: com.android.server.compat.config.Change@ae9baef
06-26 18:25:01.867 477 477 D CompatConfig: Adding: com.android.server.compat.config.Change@5399fc
06-26 18:25:01.867 477 477 D CompatConfig: Adding: com.android.server.compat.config.Change@16b8885
06-26 18:25:01.867 477 477 D CompatConfig: Adding: com.android.server.compat.config.Change@a3fd6da
06-26 18:25:01.868 477 477 D CompatConfig: Adding: com.android.server.compat.config.Change@741170b
06-26 18:25:01.868 477 477 D CompatConfig: Adding: com.android.server.compat.config.Change@93e59e8
06-26 18:25:01.869 477 477 D CompatConfig: Adding: com.android.server.compat.config.Change@612801
06-26 18:25:01.869 477 477 D CompatConfig: Adding: com.android.server.compat.config.Change@55486a6
06-26 18:25:01.869 477 477 D CompatConfig: Adding: com.android.server.compat.config.Change@6818e7
06-26 18:25:01.870 477 477 D CompatConfig: Adding: com.android.server.compat.config.Change@d932c94
06-26 18:25:01.870 477 477 D CompatConfig: Adding: com.android.server.compat.config.Change@db7433d
06-26 18:25:01.870 477 477 D CompatConfig: Adding: com.android.server.compat.config.Change@bb26732
06-26 18:25:01.871 477 477 D CompatConfig: Adding: com.android.server.compat.config.Change@9135c83
06-26 18:25:01.871 477 477 D CompatConfig: Adding: com.android.server.compat.config.Change@3c07e00
06-26 18:25:01.872 477 477 D CompatConfig: Adding: com.android.server.compat.config.Change@359d639
06-26 18:25:01.872 477 477 D CompatConfig: Adding: com.android.server.compat.config.Change@59bc47e
06-26 18:25:01.872 477 477 D CompatConfig: Adding: com.android.server.compat.config.Change@a53ddf
06-26 18:25:01.873 477 477 D CompatConfig: Adding: com.android.server.compat.config.Change@8af7a2c
06-26 18:25:01.873 477 477 D CompatConfig: Adding: com.android.server.compat.config.Change@3f89cf5
06-26 18:25:01.874 477 477 D CompatConfig: Adding: com.android.server.compat.config.Change@b2baa8a
06-26 18:25:01.874 477 477 D CompatConfig: Adding: com.android.server.compat.config.Change@49d8fb
06-26 18:25:01.874 477 477 D CompatConfig: Adding: com.android.server.compat.config.Change@cb00d18
06-26 18:25:01.875 477 477 D CompatConfig: Adding: com.android.server.compat.config.Change@3831371
06-26 18:25:01.875 477 477 D CompatConfig: Adding: com.android.server.compat.config.Change@921e556
06-26 18:25:01.875 477 477 D CompatConfig: Adding: com.android.server.compat.config.Change@dd309d7
06-26 18:25:01.876 477 477 D CompatConfig: Adding: com.android.server.compat.config.Change@324e2c4
06-26 18:25:01.876 477 477 D CompatConfig: Adding: com.android.server.compat.config.Change@b6475ad
06-26 18:25:01.877 477 477 D CompatConfig: Adding: com.android.server.compat.config.Change@66f00e2
06-26 18:25:01.877 477 477 D CompatConfig: Adding: com.android.server.compat.config.Change@546c73
06-26 18:25:01.878 477 477 D CompatConfig: Adding: com.android.server.compat.config.Change@ef6730
06-26 18:25:01.878 477 477 D CompatConfig: Adding: com.android.server.compat.config.Change@67fbfa9
06-26 18:25:01.878 477 477 D CompatConfig: Adding: com.android.server.compat.config.Change@680492e
06-26 18:25:01.879 477 477 D CompatConfig: Adding: com.android.server.compat.config.Change@27f5ccf
06-26 18:25:01.879 477 477 D CompatConfig: Adding: com.android.server.compat.config.Change@59bc65c
06-26 18:25:01.880 477 477 D CompatConfig: Adding: com.android.server.compat.config.Change@ebad65
06-26 18:25:01.880 477 477 D CompatConfig: Adding: com.android.server.compat.config.Change@44bca3a
06-26 18:25:01.881 477 477 D CompatConfig: Adding: com.android.server.compat.config.Change@ebef6eb
06-26 18:25:01.881 477 477 D CompatConfig: Adding: com.android.server.compat.config.Change@b4cec48
06-26 18:25:01.882 477 477 D CompatConfig: Adding: com.android.server.compat.config.Change@76ebae1
06-26 18:25:01.882 477 477 D CompatConfig: Adding: com.android.server.compat.config.Change@21c5006
06-26 18:25:01.883 477 477 D CompatConfig: Adding: com.android.server.compat.config.Change@11416c7
06-26 18:25:01.883 477 477 D CompatConfig: Adding: com.android.server.compat.config.Change@96884f4
06-26 18:25:01.884 477 477 D CompatConfig: Adding: com.android.server.compat.config.Change@2bb241d
06-26 18:25:01.884 477 477 D CompatConfig: Adding: com.android.server.compat.config.Change@a1d6692
06-26 18:25:01.885 477 477 D CompatConfig: Adding: com.android.server.compat.config.Change@ab15863
06-26 18:25:01.885 477 477 D CompatConfig: Adding: com.android.server.compat.config.Change@602fc60
06-26 18:25:01.885 477 529 I SystemConfig: Reading permissions from /system/etc/permissions/android.test.mock.xml
06-26 18:25:01.885 477 477 D CompatConfig: Adding: com.android.server.compat.config.Change@ba759de
06-26 18:25:01.886 477 477 D CompatConfig: Adding: com.android.server.compat.config.Change@35717bf
06-26 18:25:01.887 477 477 D CompatConfig: Found a config file: /system/etc/compatconfig/icu4j-platform-compat-config.xml
06-26 18:25:01.888 477 529 I SystemConfig: Reading permissions from /system/etc/permissions/org.apache.http.legacy.xml
06-26 18:25:01.890 477 529 I SystemConfig: Reading permissions from /system/etc/permissions/permissions-awbms.xml
06-26 18:25:01.890 477 477 D CompatConfig: Adding: com.android.server.compat.config.Change@46f70db
06-26 18:25:01.892 477 477 D CompatConfig: No directory /system/system_ext/etc/compatconfig, skipping
06-26 18:25:01.893 477 477 D CompatConfig: No directory /apex/com.android.wifi/etc/compatconfig, skipping
06-26 18:25:01.893 477 477 D CompatConfig: No directory /apex/com.android.vndk.v31/etc/compatconfig, skipping
06-26 18:25:01.893 477 477 D CompatConfig: No directory /apex/com.android.tzdata/etc/compatconfig, skipping
06-26 18:25:01.894 477 477 D CompatConfig: No directory /apex/com.android.tethering/etc/compatconfig, skipping
06-26 18:25:01.894 477 477 D CompatConfig: No directory /apex/com.android.sdkext/etc/compatconfig, skipping
06-26 18:25:01.894 477 477 D CompatConfig: No directory /apex/com.android.scheduling/etc/compatconfig, skipping
06-26 18:25:01.894 477 477 D CompatConfig: No directory /apex/com.android.runtime/etc/compatconfig, skipping
06-26 18:25:01.894 477 477 D CompatConfig: No directory /apex/com.android.resolv/etc/compatconfig, skipping
06-26 18:25:01.894 477 477 D CompatConfig: No directory /apex/com.android.permission/etc/compatconfig, skipping
06-26 18:25:01.894 477 477 D CompatConfig: No directory /apex/com.android.os.statsd/etc/compatconfig, skipping
06-26 18:25:01.894 477 477 D CompatConfig: No directory /apex/com.android.neuralnetworks/etc/compatconfig, skipping
06-26 18:25:01.895 477 477 D CompatConfig: Found a config file: /apex/com.android.mediaprovider/etc/compatconfig/media-provider-platform-compat-config.xml
06-26 18:25:01.897 477 477 D CompatConfig: Adding: com.android.server.compat.config.Change@b1e51
06-26 18:25:01.898 477 477 D CompatConfig: Adding: com.android.server.compat.config.Change@b9ec6b6
06-26 18:25:01.898 477 477 D CompatConfig: Adding: com.android.server.compat.config.Change@9ea3fb7
06-26 18:25:01.899 477 477 D CompatConfig: Adding: com.android.server.compat.config.Change@6b11324
06-26 18:25:01.899 477 477 D CompatConfig: Adding: com.android.server.compat.config.Change@f124e8d
06-26 18:25:01.899 477 477 D CompatConfig: Adding: com.android.server.compat.config.Change@cc89842
06-26 18:25:01.900 477 477 D CompatConfig: Adding: com.android.server.compat.config.Change@4d92053
06-26 18:25:01.901 477 477 D CompatConfig: No directory /apex/com.android.media.swcodec/etc/compatconfig, skipping
06-26 18:25:01.901 477 477 D CompatConfig: No directory /apex/com.android.media/etc/compatconfig, skipping
06-26 18:25:01.901 477 477 D CompatConfig: No directory /apex/com.android.ipsec/etc/compatconfig, skipping
06-26 18:25:01.901 477 477 D CompatConfig: No directory /apex/com.android.i18n/etc/compatconfig, skipping
06-26 18:25:01.901 477 477 D CompatConfig: No directory /apex/com.android.extservices/etc/compatconfig, skipping
06-26 18:25:01.901 477 477 D CompatConfig: No directory /apex/com.android.conscrypt/etc/compatconfig, skipping
06-26 18:25:01.902 477 477 D CompatConfig: Found a config file: /apex/com.android.art/etc/compatconfig/libcore-platform-compat-config.xml
06-26 18:25:01.903 477 477 D CompatConfig: Adding: com.android.server.compat.config.Change@8e24689
06-26 18:25:01.904 477 477 D CompatConfig: Adding: com.android.server.compat.config.Change@cbf68e
06-26 18:25:01.905 477 477 D CompatConfig: Adding: com.android.server.compat.config.Change@bcb6eaf
06-26 18:25:01.906 477 477 D CompatConfig: Adding: com.android.server.compat.config.Change@bb1a2bc
06-26 18:25:01.906 477 477 D CompatConfig: Adding: com.android.server.compat.config.Change@39fc245
06-26 18:25:01.907 477 477 D CompatConfig: No directory /apex/com.android.appsearch/etc/compatconfig, skipping
06-26 18:25:01.907 477 477 D CompatConfig: No directory /apex/com.android.adbd/etc/compatconfig, skipping
06-26 18:25:01.913 477 529 I SystemConfig: Reading permissions from /system/etc/permissions/com.android.documentsui.xml
06-26 18:25:01.913 477 477 I SystemServerTiming: StartFileIntegrityService
06-26 18:25:01.913 477 477 I SystemServiceManager: Starting com.android.server.security.FileIntegrityService
06-26 18:25:01.916 477 529 I SystemConfig: Reading permissions from /system/etc/permissions/com.android.media.remotedisplay.xml
06-26 18:25:01.921 477 529 I SystemConfig: Reading permissions from /system/etc/permissions/com.android.networkstack.tethering.xml
06-26 18:25:01.925 477 529 I SystemConfig: Reading permissions from /system/etc/permissions/android.software.controls.xml
06-26 18:25:01.927 477 529 I SystemConfig: Reading permissions from /system/etc/permissions/privapp-permissions-platform.xml
06-26 18:25:01.944 477 529 I SystemConfig: Reading permissions from /system/etc/permissions/android.test.base.xml
06-26 18:25:01.946 477 529 I SystemConfig: Reading permissions from /system/etc/permissions/android.software.live_wallpaper.xml
06-26 18:25:01.947 477 529 I SystemConfig: Reading permissions from /system/etc/permissions/com.android.location.provider.xml
06-26 18:25:01.949 477 529 I SystemConfig: Reading permissions from /system/etc/permissions/javax.obex.xml
06-26 18:25:01.951 477 529 I SystemConfig: Reading permissions from /system/etc/permissions/android.software.webview.xml
06-26 18:25:01.953 477 529 I SystemConfig: Reading permissions from /system/etc/permissions/oranth-privapp-permissions.xml
