06-26 18:25:11.793 1169 1169 D wpa_supplicant: wpa_driver_nl80211_set_key: ifindex=14 (wlan0) alg=0 addr=0x0 key_idx=0 set_tx=0 seq_len=0 key_len=0 key_flag=0x10
06-26 18:25:11.793 1169 1169 D wpa_supplicant: nl80211: DEL_KEY
06-26 18:25:11.793 1169 1169 D wpa_supplicant: broadcast key
06-26 18:25:11.794 1169 1169 D wpa_supplicant: wpa_driver_nl80211_set_key: ifindex=14 (wlan0) alg=0 addr=0x0 key_idx=1 set_tx=0 seq_len=0 key_len=0 key_flag=0x10
06-26 18:25:11.794 1169 1169 D wpa_supplicant: nl80211: DEL_KEY
06-26 18:25:11.794 1169 1169 D wpa_supplicant: broadcast key
06-26 18:25:11.794 1169 1169 D wpa_supplicant: wpa_driver_nl80211_set_key: ifindex=14 (wlan0) alg=0 addr=0x0 key_idx=2 set_tx=0 seq_len=0 key_len=0 key_flag=0x10
06-26 18:25:11.794 1169 1169 D wpa_supplicant: nl80211: DEL_KEY
06-26 18:25:11.794 1169 1169 D wpa_supplicant: broadcast key
06-26 18:25:11.794 1169 1169 D wpa_supplicant: wpa_driver_nl80211_set_key: ifindex=14 (wlan0) alg=0 addr=0x0 key_idx=3 set_tx=0 seq_len=0 key_len=0 key_flag=0x10
06-26 18:25:11.794 1169 1169 D wpa_supplicant: nl80211: DEL_KEY
06-26 18:25:11.794 1169 1169 D wpa_supplicant: broadcast key
06-26 18:25:11.795 671 671 E a2dp_vendor_aptx_hd_encoder: system/bt/stack/a2dp/a2dp_vendor_aptx_hd_encoder.cc:123 A2DP_VendorLoadEncoderAptxHd: A2DP_VendorLoadEncoderAptxHd: cannot open aptX-HD encoder library libaptXHD_encoder.so: dlopen failed: library "libaptXHD_encoder.so" not found
06-26 18:25:11.795 671 671 E a2dp_vendor_aptx_hd: system/bt/stack/a2dp/a2dp_vendor_aptx_hd.cc:483 init: init: cannot load the encoder
06-26 18:25:11.795 1169 1169 D wpa_supplicant: wpa_driver_nl80211_set_key: ifindex=14 (wlan0) alg=0 addr=0x0 key_idx=4 set_tx=0 seq_len=0 key_len=0 key_flag=0x10
06-26 18:25:11.795 1169 1169 D wpa_supplicant: nl80211: DEL_KEY
06-26 18:25:11.795 671 671 I a2dp_codec: system/bt/stack/a2dp/a2dp_codec_config.cc:113 createCodec: createCodec: codec LDAC
06-26 18:25:11.795 1169 1169 D wpa_supplicant: broadcast key
06-26 18:25:11.795 1169 1169 D wpa_supplicant: wpa_driver_nl80211_set_key: ifindex=14 (wlan0) alg=0 addr=0x0 key_idx=5 set_tx=0 seq_len=0 key_len=0 key_flag=0x10
06-26 18:25:11.795 1169 1169 D wpa_supplicant: nl80211: DEL_KEY
06-26 18:25:11.795 1169 1169 D wpa_supplicant: broadcast key
06-26 18:25:11.795 1169 1169 D wpa_supplicant: wlan0: RSN: flushing PMKID list in the driver
06-26 18:25:11.795 1169 1169 D wpa_supplicant: nl80211: Flush PMKIDs
06-26 18:25:11.797 1169 1169 D wpa_supplicant: wlan0: State: DISCONNECTED -> INACTIVE
06-26 18:25:11.797 1169 1169 D wpa_supplicant: Notifying state change event to hidl control: 2
06-26 18:25:11.811 403 421 I adbd : jdwp connection from 1203
06-26 18:25:11.817 671 671 I a2dp_codec: system/bt/stack/a2dp/a2dp_codec_config.cc:633 init: init: updated LDAC codec priority to 5001
06-26 18:25:11.817 671 671 I a2dp_codec: system/bt/stack/a2dp/a2dp_codec_config.cc:113 createCodec: createCodec: codec SBC SINK
06-26 18:25:11.817 671 671 I a2dp_codec: system/bt/stack/a2dp/a2dp_codec_config.cc:113 createCodec: createCodec: codec AAC SINK
06-26 18:25:11.817 671 671 I a2dp_codec: system/bt/stack/a2dp/a2dp_codec_config.cc:113 createCodec: createCodec: codec LDAC SINK
06-26 18:25:11.818 671 671 E a2dp_vendor_ldac_decoder: system/bt/stack/a2dp/a2dp_vendor_ldac_decoder.cc:134 A2DP_VendorLoadDecoderLdac: A2DP_VendorLoadDecoderLdac: cannot open LDAC decoder library libldacBT_bco.so: dlopen failed: library "libldacBT_bco.so" not found
06-26 18:25:11.818 671 671 E a2dp_vendor_ldac: system/bt/stack/a2dp/a2dp_vendor_ldac.cc:1418 init: init: cannot load the decoder
06-26 18:25:11.818 671 671 I a2dp_codec: system/bt/stack/a2dp/a2dp_codec_config.cc:658 init: init: initialized Source codec LDAC
06-26 18:25:11.818 671 671 I a2dp_codec: system/bt/stack/a2dp/a2dp_codec_config.cc:658 init: init: initialized Source codec AAC
06-26 18:25:11.818 671 671 I a2dp_codec: system/bt/stack/a2dp/a2dp_codec_config.cc:658 init: init: initialized Source codec SBC
06-26 18:25:11.818 671 671 I a2dp_codec: system/bt/stack/a2dp/a2dp_codec_config.cc:665 init: init: initialized Sink codec AAC SINK
06-26 18:25:11.818 671 671 I a2dp_codec: system/bt/stack/a2dp/a2dp_codec_config.cc:665 init: init: initialized Sink codec SBC SINK
06-26 18:25:11.819 671 671 I a2dp_codec: system/bt/stack/a2dp/a2dp_codec_config.cc:569 init: init
06-26 18:25:11.819 671 671 I a2dp_codec: system/bt/stack/a2dp/a2dp_codec_config.cc:113 createCodec: createCodec: codec SBC
06-26 18:25:11.819 671 671 I a2dp_codec: system/bt/stack/a2dp/a2dp_codec_config.cc:633 init: init: updated SBC codec priority to 1001
06-26 18:25:11.819 671 671 I a2dp_codec: system/bt/stack/a2dp/a2dp_codec_config.cc:113 createCodec: createCodec: codec AAC
06-26 18:25:11.819 671 671 I a2dp_codec: system/bt/stack/a2dp/a2dp_codec_config.cc:633 init: init: updated AAC codec priority to 2001
06-26 18:25:11.819 671 671 I a2dp_codec: system/bt/stack/a2dp/a2dp_codec_config.cc:113 createCodec: createCodec: codec aptX
06-26 18:25:11.820 671 671 E a2dp_vendor_aptx_encoder: system/bt/stack/a2dp/a2dp_vendor_aptx_encoder.cc:123 A2DP_VendorLoadEncoderAptx: A2DP_VendorLoadEncoderAptx: cannot open aptX encoder library libaptX_encoder.so: dlopen failed: library "libaptX_encoder.so" not found
06-26 18:25:11.820 671 671 E a2dp_vendor_aptx: system/bt/stack/a2dp/a2dp_vendor_aptx.cc:465 init: init: cannot load the encoder
06-26 18:25:11.820 671 671 I a2dp_codec: system/bt/stack/a2dp/a2dp_codec_config.cc:113 createCodec: createCodec: codec aptX-HD
06-26 18:25:11.821 1169 1169 D wpa_supplicant: TDLS: TDLS operation not supported by driver
06-26 18:25:11.821 1169 1169 D wpa_supplicant: TDLS: Driver uses internal link setup
06-26 18:25:11.821 1169 1169 D wpa_supplicant: TDLS: Driver does not support TDLS channel switching
06-26 18:25:11.822 1169 1169 D wpa_supplicant: wlan0: WPS: UUID based on MAC address: 9c907f24-96c2-56f2-9fdd-752c11c3bef8
06-26 18:25:11.823 1169 1169 D wpa_supplicant: EAPOL: SUPP_PAE entering state DISCONNECTED
06-26 18:25:11.824 1169 1169 D wpa_supplicant: EAPOL: Supplicant port status: Unauthorized
06-26 18:25:11.824 1169 1169 D wpa_supplicant: nl80211: Skip set_supp_port(unauthorized) while not associated
06-26 18:25:11.824 1169 1169 D wpa_supplicant: EAPOL: KEY_RX entering state NO_KEY_RECEIVE
06-26 18:25:11.824 1169 1169 D wpa_supplicant: EAPOL: SUPP_BE entering state INITIALIZE
06-26 18:25:11.824 1169 1169 D wpa_supplicant: EAP: EAP entering state DISABLED
06-26 18:25:11.824 1169 1169 D wpa_supplicant: Using existing control interface directory.
06-26 18:25:11.826 1169 1169 D wpa_supplicant: nl80211: Setting wowlan
06-26 18:25:11.829 1169 1169 D wpa_supplicant: MBO: Update non-preferred channels, non_pref_chan=N/A
06-26 18:25:11.829 1169 1169 D wpa_supplicant: Registering interface to hidl control: wlan0
06-26 18:25:11.829 1169 1169 D wpa_supplicant: wlan0: Added interface wlan0
06-26 18:25:11.829 1169 1169 D wpa_supplicant: wlan0: State: INACTIVE -> DISCONNECTED
06-26 18:25:11.829 1169 1169 D wpa_supplicant: nl80211: Set wlan0 operstate 0->0 (DORMANT)
06-26 18:25:11.829 1169 1169 D wpa_supplicant: netlink: Operstate: ifindex=14 linkmode=-1 (no change), operstate=5 (IF_OPER_DORMANT)
06-26 18:25:11.829 1169 1169 D wpa_supplicant: Notifying state change event to hidl control: 0
06-26 18:25:11.829 1169 1169 D wpa_supplicant: nl80211: Create interface iftype 10 (P2P_DEVICE)
06-26 18:25:11.830 1169 1169 D wpa_supplicant: nl80211: New P2P Device interface p2p-dev-wlan0 (0x3) created
06-26 18:25:11.830 1169 1169 D wpa_supplicant: Override interface parameter: ctrl_interface ('/data/vendor/wifi/wpa/sockets' -> '/data/vendor/wifi/wpa/sockets')
06-26 18:25:11.830 1169 1169 D wpa_supplicant: Initializing interface 'p2p-dev-wlan0' conf '/data/vendor/wifi/wpa/wpa_supplicant.conf' driver 'nl80211' ctrl_interface '/data/vendor/wifi/wpa/sockets' bridge 'N/A'
06-26 18:25:11.830 1169 1169 D wpa_supplicant: Configuration file '/data/vendor/wifi/wpa/wpa_supplicant.conf' -> '/data/vendor/wifi/wpa/wpa_supplicant.conf'
06-26 18:25:11.830 1169 1169 D wpa_supplicant: Reading configuration file '/data/vendor/wifi/wpa/wpa_supplicant.conf'
06-26 18:25:11.832 1169 1169 D wpa_supplicant: update_config=1
06-26 18:25:11.832 1169 1169 D wpa_supplicant: eapol_version=1
06-26 18:25:11.832 1169 1169 D wpa_supplicant: ap_scan=1
06-26 18:25:11.832 1169 1169 D wpa_supplicant: fast_reauth=1
06-26 18:25:11.832 1169 1169 D wpa_supplicant: pmf=1
06-26 18:25:11.832 1169 1169 D wpa_supplicant: p2p_add_cli_chan=1
06-26 18:25:11.833 1169 1169 D wpa_supplicant: oce=1
06-26 18:25:11.833 1169 1169 D wpa_supplicant: sae_pwe=2
06-26 18:25:11.835 1169 1169 D wpa_supplicant: nl80211: Supported cipher 00-0f-ac:1
06-26 18:25:11.835 1169 1169 D wpa_supplicant: nl80211: Supported cipher 00-0f-ac:5
06-26 18:25:11.835 1169 1169 D wpa_supplicant: nl80211: Supported cipher 00-0f-ac:2
06-26 18:25:11.835 1169 1169 D wpa_supplicant: nl80211: Supported cipher 00-0f-ac:4
06-26 18:25:11.835 1169 1169 D wpa_supplicant: nl80211: Supported cipher 00-14-72:1
06-26 18:25:11.835 1169 1169 D wpa_supplicant: nl80211: Supported cipher 00-0f-ac:6
06-26 18:25:11.835 1169 1169 D wpa_supplicant: nl80211: Supported cipher 00-0f-ac:255
06-26 18:25:11.835 1169 1169 D wpa_supplicant: nl80211: Supported vendor command: vendor_id=0x1374 subcmd=9
06-26 18:25:11.835 1169 1169 D wpa_supplicant: nl80211: Supported vendor command: vendor_id=0x1374 subcmd=12
06-26 18:25:11.835 1169 1169 D wpa_supplicant: nl80211: Supported vendor command: vendor_id=0x1374 subcmd=14
06-26 18:25:11.835 1169 1169 D wpa_supplicant: nl80211: Supported vendor command: vendor_id=0x1374 subcmd=15
06-26 18:25:11.835 1169 1169 D wpa_supplicant: nl80211: Supported vendor command: vendor_id=0x1374 subcmd=16
06-26 18:25:11.835 1169 1169 D wpa_supplicant: nl80211: Supported vendor command: vendor_id=0x1374 subcmd=20
06-26 18:25:11.835 1169 1169 D wpa_supplicant: nl80211: Supported vendor command: vendor_id=0x1a11 subcmd=6
06-26 18:25:11.835 1169 1169 D wpa_supplicant: nl80211: Supported vendor command: vendor_id=0x1374 subcmd=21
06-26 18:25:11.835 1169 1169 D wpa_supplicant: nl80211: Supported vendor command: vendor_id=0x1374 subcmd=22
06-26 18:25:11.835 1169 1169 D wpa_supplicant: nl80211: Supported vendor command: vendor_id=0x1374 subcmd=23
06-26 18:25:11.835 1169 1169 D wpa_supplicant: nl80211: Supported vendor command: vendor_id=0x1374 subcmd=24
06-26 18:25:11.835 1169 1169 D wpa_supplicant: nl80211: Supported vendor command: vendor_id=0x1374 subcmd=29
06-26 18:25:11.835 1169 1169 D wpa_supplicant: nl80211: Supported vendor command: vendor_id=0x1374 subcmd=30
06-26 18:25:11.835 1169 1169 D wpa_supplicant: nl80211: Supported vendor command: vendor_id=0x1374 subcmd=32
06-26 18:25:11.835 1169 1169 D wpa_supplicant: nl80211: Supported vendor command: vendor_id=0x1374 subcmd=33
06-26 18:25:11.835 1169 1169 D wpa_supplicant: nl80211: Supported vendor command: vendor_id=0x1374 subcmd=38
06-26 18:25:11.835 1169 1169 D wpa_supplicant: nl80211: Supported vendor command: vendor_id=0x1374 subcmd=39
06-26 18:25:11.835 1169 1169 D wpa_supplicant: nl80211: Supported vendor command: vendor_id=0x1374 subcmd=42
06-26 18:25:11.835 1169 1169 D wpa_supplicant: nl80211: Supported vendor command: vendor_id=0x1374 subcmd=55
06-26 18:25:11.835 1169 1169 D wpa_supplicant: nl80211: Supported vendor command: vendor_id=0x1374 subcmd=61
06-26 18:25:11.835 1169 1169 D wpa_supplicant: nl80211: Supported vendor command: vendor_id=0x1374 subcmd=62
06-26 18:25:11.835 1169 1169 D wpa_supplicant: nl80211: Supported vendor command: vendor_id=0x1374 subcmd=63
06-26 18:25:11.835 1169 1169 D wpa_supplicant: nl80211: Supported vendor command: vendor_id=0x1374 subcmd=64
06-26 18:25:11.835 1169 1169 D wpa_supplicant: nl80211: Supported vendor command: vendor_id=0x1374 subcmd=65
06-26 18:25:11.835 1169 1169 D wpa_supplicant: nl80211: Supported vendor command: vendor_id=0x1374 subcmd=66
06-26 18:25:11.835 1169 1169 D wpa_supplicant: nl80211: Supported vendor command: vendor_id=0x1374 subcmd=69
06-26 18:25:11.835 1169 1169 D wpa_supplicant: nl80211: Supported vendor command: vendor_id=0x1374 subcmd=70
06-26 18:25:11.836 1169 1169 D wpa_supplicant: nl80211: Supported vendor command: vendor_id=0x1374 subcmd=71
06-26 18:25:11.836 1169 1169 D wpa_supplicant: nl80211: Supported vendor command: vendor_id=0x1374 subcmd=76
06-26 18:25:11.836 1169 1169 D wpa_supplicant: nl80211: Supported vendor command: vendor_id=0x1374 subcmd=77
06-26 18:25:11.836 1169 1169 D wpa_supplicant: nl80211: Supported vendor command: vendor_id=0x1374 subcmd=79
06-26 18:25:11.836 1169 1169 D wpa_supplicant: nl80211: Supported vendor command: vendor_id=0x1374 subcmd=80
06-26 18:25:11.836 1169 1169 D wpa_supplicant: nl80211: Supported vendor command: vendor_id=0x1374 subcmd=82
06-26 18:25:11.836 1169 1169 D wpa_supplicant: nl80211: Supported vendor command: vendor_id=0x1374 subcmd=85
06-26 18:25:11.836 1169 1169 D wpa_supplicant: nl80211: Supported vendor command: vendor_id=0x1374 subcmd=146
06-26 18:25:11.836 1169 1169 D wpa_supplicant: nl80211: Supported vendor command: vendor_id=0x1374 subcmd=12
06-26 18:25:11.836 1169 1169 D wpa_supplicant: nl80211: Supported vendor command: vendor_id=0x1374 subcmd=128
06-26 18:25:11.836 1169 1169 D wpa_supplicant: nl80211: Supported vendor command: vendor_id=0x1374 subcmd=129
06-26 18:25:11.836 1169 1169 D wpa_supplicant: nl80211: Supported vendor command: vendor_id=0x1374 subcmd=130
06-26 18:25:11.836 1169 1169 D wpa_supplicant: nl80211: Supported vendor command: vendor_id=0x1374 subcmd=133
06-26 18:25:11.836 1169 1169 D wpa_supplicant: nl80211: Supported vendor command: vendor_id=0x1374 subcmd=176
06-26 18:25:11.836 1169 1169 D wpa_supplicant: nl80211: Supported vendor event: vendor_id=0x1374 subcmd=80
06-26 18:25:11.836 1169 1169 D wpa_supplicant: nl80211: Supported vendor event: vendor_id=0x1374 subcmd=1
06-26 18:25:11.836 1169 1169 D wpa_supplicant: nl80211: Supported vendor event: vendor_id=0x1374 subcmd=1
06-26 18:25:11.836 1169 1169 D wpa_supplicant: nl80211: Supported vendor event: vendor_id=0x1374 subcmd=1
06-26 18:25:11.836 1169 1169 D wpa_supplicant: nl80211: Supported vendor event: vendor_id=0x1374 subcmd=1
06-26 18:25:11.836 1169 1169 D wpa_supplicant: nl80211: Supported vendor event: vendor_id=0x1374 subcmd=1
06-26 18:25:11.836 1169 1169 D wpa_supplicant: nl80211: Supported vendor event: vendor_id=0x1374 subcmd=20
06-26 18:25:11.836 1169 1169 D wpa_supplicant: nl80211: Supported vendor event: vendor_id=0x1374 subcmd=21
06-26 18:25:11.836 1169 1169 D wpa_supplicant: nl80211: Supported vendor event: vendor_id=0x1374 subcmd=23
06-26 18:25:11.836 1169 1169 D wpa_supplicant: nl80211: Supported vendor event: vendor_id=0x1374 subcmd=24
06-26 18:25:11.836 1169 1169 D wpa_supplicant: nl80211: Supported vendor event: vendor_id=0x1374 subcmd=25
06-26 18:25:11.836 1169 1169 D wpa_supplicant: nl80211: Supported vendor event: vendor_id=0x1374 subcmd=26
06-26 18:25:11.836 1169 1169 D wpa_supplicant: nl80211: Supported vendor event: vendor_id=0x1374 subcmd=27
06-26 18:25:11.836 1169 1169 D wpa_supplicant: nl80211: Supported vendor event: vendor_id=0x1374 subcmd=28
06-26 18:25:11.836 1169 1169 D wpa_supplicant: nl80211: Supported vendor event: vendor_id=0x1374 subcmd=41
06-26 18:25:11.836 671 671 E a2dp_vendor_aptx_hd_encoder: system/bt/stack/a2dp/a2dp_vendor_aptx_hd_encoder.cc:123 A2DP_VendorLoadEncoderAptxHd: A2DP_VendorLoadEncoderAptxHd: cannot open aptX-HD encoder library libaptXHD_encoder.so: dlopen failed: library "libaptXHD_encoder.so" not found
06-26 18:25:11.836 1169 1169 D wpa_supplicant: nl80211: Supported vendor event: vendor_id=0x1374 subcmd=29
06-26 18:25:11.836 1169 1169 D wpa_supplicant: nl80211: Supported vendor event: vendor_id=0x1374 subcmd=30
06-26 18:25:11.836 671 671 E a2dp_vendor_aptx_hd: system/bt/stack/a2dp/a2dp_vendor_aptx_hd.cc:483 init: init: cannot load the encoder
06-26 18:25:11.836 1169 1169 D wpa_supplicant: nl80211: Supported vendor event: vendor_id=0x1374 subcmd=31
06-26 18:25:11.836 1169 1169 D wpa_supplicant: nl80211: Supported vendor event: vendor_id=0x1374 subcmd=32
06-26 18:25:11.836 1169 1169 D wpa_supplicant: nl80211: Supported vendor event: vendor_id=0x1374 subcmd=33
06-26 18:25:11.836 1169 1169 D wpa_supplicant: nl80211: Supported vendor event: vendor_id=0x0 subcmd=0
06-26 18:25:11.836 671 671 I a2dp_codec: system/bt/stack/a2dp/a2dp_codec_config.cc:113 createCodec: createCodec: codec LDAC
06-26 18:25:11.836 1169 1169 D wpa_supplicant: nl80211: Supported vendor event: vendor_id=0x0 subcmd=0
06-26 18:25:11.836 1169 1169 D wpa_supplicant: nl80211: Supported vendor event: vendor_id=0x0 subcmd=0
06-26 18:25:11.836 671 671 I a2dp_codec: system/bt/stack/a2dp/a2dp_codec_config.cc:633 init: init: updated LDAC codec priority to 5001
06-26 18:25:11.836 1169 1169 D wpa_supplicant: nl80211: Supported vendor event: vendor_id=0x0 subcmd=0
06-26 18:25:11.836 1169 1169 D wpa_supplicant: nl80211: Supported vendor event: vendor_id=0x0 subcmd=0
06-26 18:25:11.836 671 671 I a2dp_codec: system/bt/stack/a2dp/a2dp_codec_config.cc:113 createCodec: createCodec: codec SBC SINK
06-26 18:25:11.836 1169 1169 D wpa_supplicant: nl80211: Supported vendor event: vendor_id=0x0 subcmd=0
06-26 18:25:11.836 1169 1169 D wpa_supplicant: nl80211: Supported vendor event: vendor_id=0x0 subcmd=0
06-26 18:25:11.836 671 671 I a2dp_codec: system/bt/stack/a2dp/a2dp_codec_config.cc:113 createCodec: createCodec: codec AAC SINK
06-26 18:25:11.836 1169 1169 D wpa_supplicant: nl80211: Supported vendor event: vendor_id=0x0 subcmd=0
06-26 18:25:11.836 1169 1169 D wpa_supplicant: nl80211: Supported vendor event: vendor_id=0x0 subcmd=0
06-26 18:25:11.836 1169 1169 D wpa_supplicant: nl80211: Supported vendor event: vendor_id=0x0 subcmd=0
06-26 18:25:11.836 671 671 I a2dp_codec: system/bt/stack/a2dp/a2dp_codec_config.cc:113 createCodec: createCodec: codec LDAC SINK
06-26 18:25:11.836 1169 1169 D wpa_supplicant: nl80211: Supported vendor event: vendor_id=0x0 subcmd=0
06-26 18:25:11.836 1169 1169 D wpa_supplicant: nl80211: Supported vendor event: vendor_id=0x0 subcmd=0
06-26 18:25:11.836 1169 1169 D wpa_supplicant: nl80211: Supported vendor event: vendor_id=0x1374 subcmd=5120
06-26 18:25:11.836 1169 1169 D wpa_supplicant: nl80211: Supported vendor event: vendor_id=0x0 subcmd=0
06-26 18:25:11.836 1169 1169 D wpa_supplicant: nl80211: Supported vendor event: vendor_id=0x0 subcmd=0
06-26 18:25:11.836 1169 1169 D wpa_supplicant: nl80211: Supported vendor event: vendor_id=0x0 subcmd=0
06-26 18:25:11.836 1169 1169 D wpa_supplicant: nl80211: Supported vendor event: vendor_id=0x0 subcmd=0
06-26 18:25:11.836 1169 1169 D wpa_supplicant: nl80211: Supported vendor event: vendor_id=0x0 subcmd=0
06-26 18:25:11.836 1169 1169 D wpa_supplicant: nl80211: Supported vendor event: vendor_id=0x0 subcmd=0
06-26 18:25:11.836 1169 1169 D wpa_supplicant: nl80211: Supported vendor event: vendor_id=0x0 subcmd=0
06-26 18:25:11.836 1169 1169 D wpa_supplicant: nl80211: Supported vendor event: vendor_id=0x0 subcmd=0
06-26 18:25:11.836 1169 1169 D wpa_supplicant: nl80211: Supported vendor event: vendor_id=0x0 subcmd=0
06-26 18:25:11.836 1169 1169 D wpa_supplicant: nl80211: Supported vendor event: vendor_id=0x0 subcmd=0
06-26 18:25:11.836 1169 1169 D wpa_supplicant: nl80211: Supported vendor event: vendor_id=0x0 subcmd=0
06-26 18:25:11.836 1169 1169 D wpa_supplicant: nl80211: Supported vendor event: vendor_id=0x0 subcmd=0
06-26 18:25:11.836 1169 1169 D wpa_supplicant: nl80211: Supported vendor event: vendor_id=0x0 subcmd=0
06-26 18:25:11.836 1169 1169 D wpa_supplicant: nl80211: Supported vendor event: vendor_id=0x0 subcmd=0
06-26 18:25:11.836 1169 1169 D wpa_supplicant: nl80211: Supported vendor event: vendor_id=0x0 subcmd=0
06-26 18:25:11.836 1169 1169 D wpa_supplicant: nl80211: Supported vendor event: vendor_id=0x0 subcmd=0
06-26 18:25:11.836 1169 1169 D wpa_supplicant: nl80211: Supported vendor event: vendor_id=0x0 subcmd=0
06-26 18:25:11.836 1169 1169 D wpa_supplicant: nl80211: Supported vendor event: vendor_id=0x0 subcmd=0
06-26 18:25:11.836 1169 1169 D wpa_supplicant: nl80211: Supported vendor event: vendor_id=0x0 subcmd=0
06-26 18:25:11.836 1169 1169 D wpa_supplicant: nl80211: Supported vendor event: vendor_id=0x0 subcmd=0
06-26 18:25:11.836 1169 1169 D wpa_supplicant: nl80211: Supported vendor event: vendor_id=0x0 subcmd=0
06-26 18:25:11.836 1169 1169 D wpa_supplicant: nl80211: Supported vendor event: vendor_id=0x0 subcmd=0
06-26 18:25:11.836 1169 1169 D wpa_supplicant: nl80211: Supported vendor event: vendor_id=0x0 subcmd=0
06-26 18:25:11.836 1169 1169 D wpa_supplicant: nl80211: Supported vendor event: vendor_id=0x0 subcmd=0
06-26 18:25:11.836 1169 1169 D wpa_supplicant: nl80211: Supported vendor event: vendor_id=0x0 subcmd=0
06-26 18:25:11.836 1169 1169 D wpa_supplicant: nl80211: Supported vendor event: vendor_id=0x0 subcmd=0
06-26 18:25:11.836 1169 1169 D wpa_supplicant: nl80211: Supported vendor event: vendor_id=0x0 subcmd=0
06-26 18:25:11.836 1169 1169 D wpa_supplicant: nl80211: Supported vendor event: vendor_id=0x0 subcmd=0
06-26 18:25:11.836 1169 1169 D wpa_supplicant: nl80211: Supported vendor event: vendor_id=0x0 subcmd=0
06-26 18:25:11.836 1169 1169 D wpa_supplicant: nl80211: Supported vendor event: vendor_id=0x0 subcmd=0
06-26 18:25:11.836 1169 1169 D wpa_supplicant: nl80211: Supported vendor event: vendor_id=0x0 subcmd=0
06-26 18:25:11.836 1169 1169 D wpa_supplicant: nl80211: Supported vendor event: vendor_id=0x1374 subcmd=131
06-26 18:25:11.836 1169 1169 D wpa_supplicant: nl80211: Supported vendor event: vendor_id=0x1374 subcmd=132
06-26 18:25:11.836 1169 1169 D wpa_supplicant: nl80211: Supported vendor event: vendor_id=0x0 subcmd=0
06-26 18:25:11.837 1169 1169 D wpa_supplicant: nl80211: Supported vendor event: vendor_id=0x0 subcmd=0
06-26 18:25:11.837 1169 1169 D wpa_supplicant: nl80211: Supported vendor event: vendor_id=0x0 subcmd=0
06-26 18:25:11.837 1169 1169 D wpa_supplicant: nl80211: Supported vendor event: vendor_id=0x0 subcmd=0
06-26 18:25:11.837 1169 1169 D wpa_supplicant: nl80211: Supported vendor event: vendor_id=0x0 subcmd=0
06-26 18:25:11.837 1169 1169 D wpa_supplicant: nl80211: Supported vendor event: vendor_id=0x0 subcmd=0
06-26 18:25:11.837 1169 1169 D wpa_supplicant: nl80211: Supported vendor event: vendor_id=0x1374 subcmd=72
06-26 18:25:11.837 1169 1169 D wpa_supplicant: nl80211: Use separate P2P group interface (driver advertised support)
06-26 18:25:11.837 1169 1169 D wpa_supplicant: nl80211: Enable multi-channel concurrent (driver advertised support)
06-26 18:25:11.837 1169 1169 D wpa_supplicant: nl80211: use P2P_DEVICE support
06-26 18:25:11.837 671 671 E a2dp_vendor_ldac_decoder: system/bt/stack/a2dp/a2dp_vendor_ldac_decoder.cc:134 A2DP_VendorLoadDecoderLdac: A2DP_VendorLoadDecoderLdac: cannot open LDAC decoder library libldacBT_bco.so: dlopen failed: library "libldacBT_bco.so" not found
06-26 18:25:11.837 1169 1169 D wpa_supplicant: nl80211: key_mgmt=0xd0f enc=0x10f auth=0x7 flags=0x100100007a007ac0 rrm_flags=0x0 probe_resp_offloads=0x0 max_stations=10 max_remain_on_chan=5000 max_scan_ssids=12
06-26 18:25:11.837 671 671 E a2dp_vendor_ldac: system/bt/stack/a2dp/a2dp_vendor_ldac.cc:1418 init: init: cannot load the decoder
06-26 18:25:11.837 1169 1169 D wpa_supplicant: nl80211: interface p2p-dev-wlan0 in phy phy0
06-26 18:25:11.837 671 671 I a2dp_codec: system/bt/stack/a2dp/a2dp_codec_config.cc:658 init: init: initialized Source codec LDAC
06-26 18:25:11.837 671 671 I a2dp_codec: system/bt/stack/a2dp/a2dp_codec_config.cc:658 init: init: initialized Source codec AAC
06-26 18:25:11.837 671 671 I a2dp_codec: system/bt/stack/a2dp/a2dp_codec_config.cc:658 init: init: initialized Source codec SBC
06-26 18:25:11.838 671 671 I a2dp_codec: system/bt/stack/a2dp/a2dp_codec_config.cc:665 init: init: initialized Sink codec AAC SINK
06-26 18:25:11.838 671 671 I a2dp_codec: system/bt/stack/a2dp/a2dp_codec_config.cc:665 init: init: initialized Sink codec SBC SINK
06-26 18:25:11.838 671 671 I a2dp_codec: system/bt/stack/a2dp/a2dp_codec_config.cc:569 init: init
06-26 18:25:11.838 671 671 I a2dp_codec: system/bt/stack/a2dp/a2dp_codec_config.cc:113 createCodec: createCodec: codec SBC
06-26 18:25:11.838 671 671 I a2dp_codec: system/bt/stack/a2dp/a2dp_codec_config.cc:633 init: init: updated SBC codec priority to 1001
06-26 18:25:11.838 671 671 I a2dp_codec: system/bt/stack/a2dp/a2dp_codec_config.cc:113 createCodec: createCodec: codec AAC
06-26 18:25:11.838 671 671 I a2dp_codec: system/bt/stack/a2dp/a2dp_codec_config.cc:633 init: init: updated AAC codec priority to 2001
06-26 18:25:11.838 671 671 I a2dp_codec: system/bt/stack/a2dp/a2dp_codec_config.cc:113 createCodec: createCodec: codec aptX
06-26 18:25:11.838 1169 1169 D wpa_supplicant: nl80211: Set mode ifindex 0 iftype 10 (P2P_DEVICE)
06-26 18:25:11.838 1169 1169 D wpa_supplicant: nl80211: Failed to set interface 0 to mode 10: -22 (Invalid argument)
06-26 18:25:11.838 1169 1169 D wpa_supplicant: nl80211: Subscribe to mgmt frames with non-AP handle 0xf0d8c848
06-26 18:25:11.838 1169 1169 D wpa_supplicant: nl80211: Register frame type=0xb0 (WLAN_FC_STYPE_AUTH) nl_handle=0xf0d8c848 match=0300 multicast=0
06-26 18:25:11.838 1169 1169 D wpa_supplicant: nl80211: Register frame command failed (type=176): ret=-22 (Invalid argument)
06-26 18:25:11.838 1169 1169 D wpa_supplicant: nl80211: Register frame match - hexdump(len=2): 03 00
06-26 18:25:11.838 1169 1169 D wpa_supplicant: nl80211: Register frame type=0xd0 (WLAN_FC_STYPE_ACTION) nl_handle=0xf0d8c848 match=0104 multicast=0
06-26 18:25:11.838 1169 1169 D wpa_supplicant: nl80211: Register frame type=0xd0 (WLAN_FC_STYPE_ACTION) nl_handle=0xf0d8c848 match=040a multicast=0
06-26 18:25:11.839 1169 1169 D wpa_supplicant: nl80211: Register frame type=0xd0 (WLAN_FC_STYPE_ACTION) nl_handle=0xf0d8c848 match=040b multicast=0
06-26 18:25:11.839 1169 1169 D wpa_supplicant: nl80211: Register frame type=0xd0 (WLAN_FC_STYPE_ACTION) nl_handle=0xf0d8c848 match=040c multicast=0
06-26 18:25:11.839 671 671 E a2dp_vendor_aptx_encoder: system/bt/stack/a2dp/a2dp_vendor_aptx_encoder.cc:123 A2DP_VendorLoadEncoderAptx: A2DP_VendorLoadEncoderAptx: cannot open aptX encoder library libaptX_encoder.so: dlopen failed: library "libaptX_encoder.so" not found
06-26 18:25:11.839 671 671 E a2dp_vendor_aptx: system/bt/stack/a2dp/a2dp_vendor_aptx.cc:465 init: init: cannot load the encoder
06-26 18:25:11.839 671 671 I a2dp_codec: system/bt/stack/a2dp/a2dp_codec_config.cc:113 createCodec: createCodec: codec aptX-HD
06-26 18:25:11.839 1169 1169 D wpa_supplicant: nl80211: Register frame type=0xd0 (WLAN_FC_STYPE_ACTION) nl_handle=0xf0d8c848 match=040d multicast=0
06-26 18:25:11.839 1169 1169 D wpa_supplicant: nl80211: Register frame type=0xd0 (WLAN_FC_STYPE_ACTION) nl_handle=0xf0d8c848 match=090a multicast=0
06-26 18:25:11.839 1169 1169 D wpa_supplicant: nl80211: Register frame type=0xd0 (WLAN_FC_STYPE_ACTION) nl_handle=0xf0d8c848 match=090b multicast=0
06-26 18:25:11.839 1169 1169 D wpa_supplicant: nl80211: Register frame type=0xd0 (WLAN_FC_STYPE_ACTION) nl_handle=0xf0d8c848 match=090c multicast=0
06-26 18:25:11.839 1169 1169 D wpa_supplicant: nl80211: Register frame type=0xd0 (WLAN_FC_STYPE_ACTION) nl_handle=0xf0d8c848 match=090d multicast=0
06-26 18:25:11.839 1169 1169 D wpa_supplicant: nl80211: Register frame type=0xd0 (WLAN_FC_STYPE_ACTION) nl_handle=0xf0d8c848 match=0409506f9a09 multicast=0
06-26 18:25:11.840 1169 1169 D wpa_supplicant: nl80211: Register frame type=0xd0 (WLAN_FC_STYPE_ACTION) nl_handle=0xf0d8c848 match=7f506f9a09 multicast=0
06-26 18:25:11.840 1169 1169 D wpa_supplicant: nl80211: Register frame type=0xd0 (WLAN_FC_STYPE_ACTION) nl_handle=0xf0d8c848 match=0409506f9a1a multicast=0
06-26 18:25:11.840 1169 1169 D wpa_supplicant: nl80211: Register frame type=0xd0 (WLAN_FC_STYPE_ACTION) nl_handle=0xf0d8c848 match=0801 multicast=0
06-26 18:25:11.840 477 524 W IorapForwardingService: No service published for: iorapd
06-26 18:25:11.840 1169 1169 D wpa_supplicant: nl80211: Register frame type=0xd0 (WLAN_FC_STYPE_ACTION) nl_handle=0xf0d8c848 match=06 multicast=0
06-26 18:25:11.840 1169 1169 D wpa_supplicant: nl80211: Register frame type=0xd0 (WLAN_FC_STYPE_ACTION) nl_handle=0xf0d8c848 match=0a07 multicast=0
06-26 18:25:11.840 1169 1169 D wpa_supplicant: nl80211: Register frame type=0xd0 (WLAN_FC_STYPE_ACTION) nl_handle=0xf0d8c848 match=0a11 multicast=0
06-26 18:25:11.841 1169 1169 D wpa_supplicant: nl80211: Register frame type=0xd0 (WLAN_FC_STYPE_ACTION) nl_handle=0xf0d8c848 match=0a0b multicast=0
06-26 18:25:11.841 1169 1169 D wpa_supplicant: nl80211: Register frame type=0xd0 (WLAN_FC_STYPE_ACTION) nl_handle=0xf0d8c848 match=0a1a multicast=0
06-26 18:25:11.841 1169 1169 D wpa_supplicant: nl80211: Register frame type=0xd0 (WLAN_FC_STYPE_ACTION) nl_handle=0xf0d8c848 match=1101 multicast=0
06-26 18:25:11.841 1169 1169 D wpa_supplicant: nl80211: Register frame type=0xd0 (WLAN_FC_STYPE_ACTION) nl_handle=0xf0d8c848 match=1102 multicast=0
06-26 18:25:11.841 1169 1169 D wpa_supplicant: nl80211: Register frame type=0xd0 (WLAN_FC_STYPE_ACTION) nl_handle=0xf0d8c848 match=0505 multicast=0
06-26 18:25:11.841 1169 1169 D wpa_supplicant: nl80211: Register frame type=0xd0 (WLAN_FC_STYPE_ACTION) nl_handle=0xf0d8c848 match=0500 multicast=0
06-26 18:25:11.841 1169 1169 D wpa_supplicant: nl80211: Register frame type=0xd0 (WLAN_FC_STYPE_ACTION) nl_handle=0xf0d8c848 match=1305 multicast=0
06-26 18:25:11.842 1169 1169 I wpa_supplicant: rfkill: Cannot get wiphy information
06-26 18:25:11.842 1169 1169 D wpa_supplicant: nl80211: RFKILL status not available
06-26 18:25:11.843 671 671 E a2dp_vendor_aptx_hd_encoder: system/bt/stack/a2dp/a2dp_vendor_aptx_hd_encoder.cc:123 A2DP_VendorLoadEncoderAptxHd: A2DP_VendorLoadEncoderAptxHd: cannot open aptX-HD encoder library libaptXHD_encoder.so: dlopen failed: library "libaptXHD_encoder.so" not found
06-26 18:25:11.843 671 671 E a2dp_vendor_aptx_hd: system/bt/stack/a2dp/a2dp_vendor_aptx_hd.cc:483 init: init: cannot load the encoder
06-26 18:25:11.844 671 671 I a2dp_codec: system/bt/stack/a2dp/a2dp_codec_config.cc:113 createCodec: createCodec: codec LDAC
06-26 18:25:11.844 671 671 I a2dp_codec: system/bt/stack/a2dp/a2dp_codec_config.cc:633 init: init: updated LDAC codec priority to 5001
06-26 18:25:11.844 671 671 I a2dp_codec: system/bt/stack/a2dp/a2dp_codec_config.cc:113 createCodec: createCodec: codec SBC SINK
06-26 18:25:11.844 671 671 I a2dp_codec: system/bt/stack/a2dp/a2dp_codec_config.cc:113 createCodec: createCodec: codec AAC SINK
06-26 18:25:11.844 671 671 I a2dp_codec: system/bt/stack/a2dp/a2dp_codec_config.cc:113 createCodec: createCodec: codec LDAC SINK
06-26 18:25:11.845 671 671 E a2dp_vendor_ldac_decoder: system/bt/stack/a2dp/a2dp_vendor_ldac_decoder.cc:134 A2DP_VendorLoadDecoderLdac: A2DP_VendorLoadDecoderLdac: cannot open LDAC decoder library libldacBT_bco.so: dlopen failed: library "libldacBT_bco.so" not found
06-26 18:25:11.845 671 671 E a2dp_vendor_ldac: system/bt/stack/a2dp/a2dp_vendor_ldac.cc:1418 init: init: cannot load the decoder
06-26 18:25:11.845 671 671 I a2dp_codec: system/bt/stack/a2dp/a2dp_codec_config.cc:658 init: init: initialized Source codec LDAC
06-26 18:25:11.845 671 671 I a2dp_codec: system/bt/stack/a2dp/a2dp_codec_config.cc:658 init: init: initialized Source codec AAC
06-26 18:25:11.845 671 671 I a2dp_codec: system/bt/stack/a2dp/a2dp_codec_config.cc:658 init: init: initialized Source codec SBC
06-26 18:25:11.845 671 671 I a2dp_codec: system/bt/stack/a2dp/a2dp_codec_config.cc:665 init: init: initialized Sink codec AAC SINK
06-26 18:25:11.845 671 671 I a2dp_codec: system/bt/stack/a2dp/a2dp_codec_config.cc:665 init: init: initialized Sink codec SBC SINK
06-26 18:25:11.846 671 671 I a2dp_codec: system/bt/stack/a2dp/a2dp_codec_config.cc:569 init: init
06-26 18:25:11.846 671 671 I a2dp_codec: system/bt/stack/a2dp/a2dp_codec_config.cc:113 createCodec: createCodec: codec SBC
06-26 18:25:11.846 671 671 I a2dp_codec: system/bt/stack/a2dp/a2dp_codec_config.cc:633 init: init: updated SBC codec priority to 1001
06-26 18:25:11.846 671 671 I a2dp_codec: system/bt/stack/a2dp/a2dp_codec_config.cc:113 createCodec: createCodec: codec AAC
06-26 18:25:11.846 671 671 I a2dp_codec: system/bt/stack/a2dp/a2dp_codec_config.cc:633 init: init: updated AAC codec priority to 2001
06-26 18:25:11.846 671 671 I a2dp_codec: system/bt/stack/a2dp/a2dp_codec_config.cc:113 createCodec: createCodec: codec aptX
06-26 18:25:11.846 1169 1169 D wpa_supplicant: nl80211: Start P2P Device p2p-dev-wlan0 (0x3): Success
06-26 18:25:11.847 671 671 E a2dp_vendor_aptx_encoder: system/bt/stack/a2dp/a2dp_vendor_aptx_encoder.cc:123 A2DP_VendorLoadEncoderAptx: A2DP_VendorLoadEncoderAptx: cannot open aptX encoder library libaptX_encoder.so: dlopen failed: library "libaptX_encoder.so" not found
06-26 18:25:11.847 671 671 E a2dp_vendor_aptx: system/bt/stack/a2dp/a2dp_vendor_aptx.cc:465 init: init: cannot load the encoder
06-26 18:25:11.847 671 671 I a2dp_codec: system/bt/stack/a2dp/a2dp_codec_config.cc:113 createCodec: createCodec: codec aptX-HD
06-26 18:25:11.848 1169 1169 D wpa_supplicant: Add interface p2p-dev-wlan0 to existing radio phy0
06-26 18:25:11.849 1169 1169 D wpa_supplicant: nl80211: No channel number found for frequency 5920 MHz
06-26 18:25:11.849 1169 1169 D wpa_supplicant: nl80211: No channel number found for frequency 5940 MHz
06-26 18:25:11.849 1169 1169 D wpa_supplicant: nl80211: Regulatory information - country=00
06-26 18:25:11.849 1169 1169 D wpa_supplicant: nl80211: 755-928 @ 2 MHz 20 mBm (no IR)
06-26 18:25:11.849 1169 1169 D wpa_supplicant: nl80211: 2402-2472 @ 40 MHz 20 mBm
06-26 18:25:11.849 1169 1169 D wpa_supplicant: nl80211: 2457-2482 @ 20 MHz 20 mBm (no IR)
06-26 18:25:11.849 1169 1169 D wpa_supplicant: nl80211: 2474-2494 @ 20 MHz 20 mBm (no OFDM) (no IR)
06-26 18:25:11.850 1169 1169 D wpa_supplicant: nl80211: 5170-5250 @ 80 MHz 20 mBm (no IR)
06-26 18:25:11.850 1169 1169 D wpa_supplicant: nl80211: 5250-5330 @ 80 MHz 20 mBm (DFS) (no IR)
06-26 18:25:11.850 1169 1169 D wpa_supplicant: nl80211: 5490-5730 @ 160 MHz 20 mBm (DFS) (no IR)
06-26 18:25:11.850 1169 1169 D wpa_supplicant: nl80211: 5735-5835 @ 80 MHz 20 mBm (no IR)
06-26 18:25:11.850 1169 1169 D wpa_supplicant: nl80211: 57240-63720 @ 2160 MHz 0 mBm
06-26 18:25:11.850 1169 1169 D wpa_supplicant: nl80211: Added 802.11b mode based on 802.11g information
06-26 18:25:11.850 1169 1169 D wpa_supplicant: nl80211: Mode IEEE 802.11g: 2412 2417 2422 2427 2432 2437 2442 2447 2452 2457 2462 2467 2472 2484
06-26 18:25:11.850 1169 1169 D wpa_supplicant: nl80211: Mode IEEE 802.11a: 5170[DISABLED] 5180 5200 5220 5240 5260[RADAR] 5280[RADAR] 5300[RADAR] 5320[RADAR] 5500[RADAR] 5520[RADAR] 5540[RADAR] 5560[RADAR] 5580[RADAR] 5600[RADAR] 5620[RADAR] 5640[RADAR] 5660[RADAR]
06-26 18:25:11.850 1169 1169 D wpa_supplicant: nl80211: Mode IEEE 802.11b: 2412 2417 2422 2427 2432 2437 2442 2447 2452 2457 2462 2467 2472 2484
06-26 18:25:11.850 1169 1169 D wpa_supplicant: p2p-dev-wlan0: Own MAC address: b6:2f:03:15:e8:b9
06-26 18:25:11.850 1169 1169 D wpa_supplicant: p2p-dev-wlan0: RSN: flushing PMKID list in the driver
06-26 18:25:11.850 1169 1169 D wpa_supplicant: nl80211: Flush PMKIDs
06-26 18:25:11.850 1169 1169 D wpa_supplicant: p2p-dev-wlan0: State: DISCONNECTED -> INACTIVE
06-26 18:25:11.850 1169 1169 D wpa_supplicant: p2p-dev-wlan0: WPS: UUID from the first interface: 9c907f24-96c2-56f2-9fdd-752c11c3bef8
06-26 18:25:11.850 1169 1169 D wpa_supplicant: EAPOL: SUPP_PAE entering state DISCONNECTED
06-26 18:25:11.850 1169 1169 D wpa_supplicant: EAPOL: Supplicant port status: Unauthorized
06-26 18:25:11.850 1169 1169 D wpa_supplicant: nl80211: Skip set_supp_port(unauthorized) while not associated
06-26 18:25:11.851 1169 1169 D wpa_supplicant: EAPOL: KEY_RX entering state NO_KEY_RECEIVE
06-26 18:25:11.851 1169 1169 D wpa_supplicant: EAPOL: SUPP_BE entering state INITIALIZE
06-26 18:25:11.851 1169 1169 D wpa_supplicant: EAP: EAP entering state DISABLED
06-26 18:25:11.851 1169 1169 D wpa_supplicant: Using existing control interface directory.
06-26 18:25:11.851 1169 1169 D wpa_supplicant: P2P: Add operating class 81
06-26 18:25:11.851 1169 1169 D wpa_supplicant: P2P: Channels - hexdump(len=13): 01 02 03 04 05 06 07 08 09 0a 0b 0c 0d
06-26 18:25:11.851 1169 1169 D wpa_supplicant: P2P: Add operating class 115
06-26 18:25:11.851 1169 1169 D wpa_supplicant: P2P: Channels - hexdump(len=4): 24 28 2c 30
06-26 18:25:11.851 1169 1169 D wpa_supplicant: P2P: Add operating class 116
06-26 18:25:11.851 1169 1169 D wpa_supplicant: P2P: Channels - hexdump(len=2): 24 2c
06-26 18:25:11.851 1169 1169 D wpa_supplicant: P2P: Add operating class 117
06-26 18:25:11.851 1169 1169 D wpa_supplicant: P2P: Channels - hexdump(len=2): 28 30
06-26 18:25:11.851 1169 1169 D wpa_supplicant: P2P: Add operating class 124
06-26 18:25:11.851 1169 1169 D wpa_supplicant: P2P: Channels - hexdump(len=4): 95 99 9d a1
06-26 18:25:11.851 1169 1169 D wpa_supplicant: P2P: Add operating class 125
06-26 18:25:11.851 1169 1169 D wpa_supplicant: P2P: Channels - hexdump(len=5): 95 99 9d a1 a5
06-26 18:25:11.851 1169 1169 D wpa_supplicant: P2P: Add operating class 126
06-26 18:25:11.851 1169 1169 D wpa_supplicant: P2P: Channels - hexdump(len=2): 95 9d
06-26 18:25:11.851 1169 1169 D wpa_supplicant: P2P: Add operating class 127
06-26 18:25:11.851 1169 1169 D wpa_supplicant: P2P: Channels - hexdump(len=2): 99 a1
06-26 18:25:11.851 1169 1169 D wpa_supplicant: P2P: Add operating class 128
06-26 18:25:11.852 1169 1169 D wpa_supplicant: P2P: Channels - hexdump(len=8): 24 28 2c 30 95 99 9d a1
06-26 18:25:11.852 1169 1169 D wpa_supplicant: P2P: Add operating class 130
06-26 18:25:11.852 1169 1169 D wpa_supplicant: P2P: Channels - hexdump(len=9): 24 28 2c 30 95 99 9d a1 a5
06-26 18:25:11.852 1169 1169 D wpa_supplicant: P2P: Own listen channel: 81:6
06-26 18:25:11.852 1169 1169 D wpa_supplicant: P2P: Random operating channel: 81:11
06-26 18:25:11.853 671 671 E a2dp_vendor_aptx_hd_encoder: system/bt/stack/a2dp/a2dp_vendor_aptx_hd_encoder.cc:123 A2DP_VendorLoadEncoderAptxHd: A2DP_VendorLoadEncoderAptxHd: cannot open aptX-HD encoder library libaptXHD_encoder.so: dlopen failed: library "libaptXHD_encoder.so" not found
06-26 18:25:11.853 671 671 E a2dp_vendor_aptx_hd: system/bt/stack/a2dp/a2dp_vendor_aptx_hd.cc:483 init: init: cannot load the encoder
06-26 18:25:11.853 671 671 I a2dp_codec: system/bt/stack/a2dp/a2dp_codec_config.cc:113 createCodec: createCodec: codec LDAC
06-26 18:25:11.853 671 671 I a2dp_codec: system/bt/stack/a2dp/a2dp_codec_config.cc:633 init: init: updated LDAC codec priority to 5001
06-26 18:25:11.853 671 671 I a2dp_codec: system/bt/stack/a2dp/a2dp_codec_config.cc:113 createCodec: createCodec: codec SBC SINK
06-26 18:25:11.853 671 671 I a2dp_codec: system/bt/stack/a2dp/a2dp_codec_config.cc:113 createCodec: createCodec: codec AAC SINK
06-26 18:25:11.853 671 671 I a2dp_codec: system/bt/stack/a2dp/a2dp_codec_config.cc:113 createCodec: createCodec: codec LDAC SINK
06-26 18:25:11.855 1169 1169 D wpa_supplicant: P2P: initialized
06-26 18:25:11.855 1169 1169 D wpa_supplicant: P2P: channels: 81:1,2,3,4,5,6,7,8,9,10,11,12,13 115:36,40,44,48 116:36,44 117:40,48 124:149,153,157,161 125:149,153,157,161,165 126:149,157 127:153,161 128:36,40,44,48,149,153,157,161 130:36,40,44,48,149,153,157,161,165
06-26 18:25:11.855 1169 1169 D wpa_supplicant: P2P: cli_channels:
06-26 18:25:11.855 1169 1169 D wpa_supplicant: MBO: Update non-preferred channels, non_pref_chan=N/A
06-26 18:25:11.856 1169 1169 D wpa_supplicant: Registering interface to hidl control: p2p-dev-wlan0
06-26 18:25:11.856 1169 1169 D wpa_supplicant: p2p-dev-wlan0: Added interface p2p-dev-wlan0
06-26 18:25:11.856 1169 1169 D wpa_supplicant: p2p-dev-wlan0: State: INACTIVE -> DISCONNECTED
06-26 18:25:11.856 1169 1169 D wpa_supplicant: nl80211: Set p2p-dev-wlan0 operstate 0->0 (DORMANT)
06-26 18:25:11.856 1169 1169 D wpa_supplicant: netlink: Operstate: ifindex=0 linkmode=-1 (no change), operstate=5 (IF_OPER_DORMANT)
06-26 18:25:11.856 1169 1169 D wpa_supplicant: p2p-dev-wlan0: Determining shared radio frequencies (max len 2)
06-26 18:25:11.856 1169 1169 D wpa_supplicant: p2p-dev-wlan0: Shared frequencies (len=0): completed iteration
06-26 18:25:11.856 1169 1169 D wpa_supplicant: P2P: Add operating class 81
06-26 18:25:11.856 1169 1169 D wpa_supplicant: P2P: Channels - hexdump(len=13): 01 02 03 04 05 06 07 08 09 0a 0b 0c 0d
06-26 18:25:11.856 1169 1169 D wpa_supplicant: P2P: Add operating class 115
06-26 18:25:11.856 1169 1169 D wpa_supplicant: P2P: Channels - hexdump(len=4): 24 28 2c 30
06-26 18:25:11.856 1169 1169 D wpa_supplicant: P2P: Add operating class 116
06-26 18:25:11.856 1169 1169 D wpa_supplicant: P2P: Channels - hexdump(len=2): 24 2c
06-26 18:25:11.856 1169 1169 D wpa_supplicant: P2P: Add operating class 117
06-26 18:25:11.856 1169 1169 D wpa_supplicant: P2P: Channels - hexdump(len=2): 28 30
06-26 18:25:11.856 1169 1169 D wpa_supplicant: P2P: Add operating class 124
06-26 18:25:11.856 477 814 W StorageManagerService: Reporting emulated;0 unmounted due to system locked
06-26 18:25:11.856 1169 1169 D wpa_supplicant: P2P: Channels - hexdump(len=4): 95 99 9d a1
06-26 18:25:11.857 1169 1169 D wpa_supplicant: P2P: Add operating class 125
06-26 18:25:11.857 1169 1169 D wpa_supplicant: P2P: Channels - hexdump(len=5): 95 99 9d a1 a5
06-26 18:25:11.857 1169 1169 D wpa_supplicant: P2P: Add operating class 126
06-26 18:25:11.857 1169 1169 D wpa_supplicant: P2P: Channels - hexdump(len=2): 95 9d
06-26 18:25:11.857 1169 1169 D wpa_supplicant: P2P: Add operating class 127
06-26 18:25:11.857 1169 1169 D wpa_supplicant: P2P: Channels - hexdump(len=2): 99 a1
06-26 18:25:11.857 1169 1169 D wpa_supplicant: P2P: Add operating class 128
06-26 18:25:11.857 1169 1169 D wpa_supplicant: P2P: Channels - hexdump(len=8): 24 28 2c 30 95 99 9d a1
06-26 18:25:11.857 1169 1169 D wpa_supplicant: P2P: Add operating class 130
06-26 18:25:11.857 1169 1169 D wpa_supplicant: P2P: Channels - hexdump(len=9): 24 28 2c 30 95 99 9d a1 a5
06-26 18:25:11.857 1169 1169 D wpa_supplicant: P2P: Update channel list
06-26 18:25:11.857 1169 1169 D wpa_supplicant: P2P: channels: 81:1,2,3,4,5,6,7,8,9,10,11,12,13 115:36,40,44,48 116:36,44 117:40,48 124:149,153,157,161 125:149,153,157,161,165 126:149,157 127:153,161 128:36,40,44,48,149,153,157,161 130:36,40,44,48,149,153,157,161,165
06-26 18:25:11.857 1169 1169 D wpa_supplicant: P2P: cli_channels:
06-26 18:25:11.858 1095 1095 E hq : USBReceiver:::USBReceiver onReceive: list=1
06-26 18:25:11.858 1169 1169 D wpa_supplicant: RTM_NEWLINK: ifi_index=14 ifname=wlan0 operstate=5 linkmode=0 ifi_family=0 ifi_flags=0x11003 ([UP][LOWER_UP])
06-26 18:25:11.858 1169 1169 D wpa_supplicant: RTM_NEWLINK: ifi_index=14 ifname=wlan0 operstate=5 linkmode=1 ifi_family=0 ifi_flags=0x11003 ([UP][LOWER_UP])
06-26 18:25:11.865 1095 1223 D hq : NetWorkStateReceiver:::检查网络,并且持续更新 isConnect=false
06-26 18:25:11.870 671 671 E a2dp_vendor_ldac_decoder: system/bt/stack/a2dp/a2dp_vendor_ldac_decoder.cc:134 A2DP_VendorLoadDecoderLdac: A2DP_VendorLoadDecoderLdac: cannot open LDAC decoder library libldacBT_bco.so: dlopen failed: library "libldacBT_bco.so" not found
06-26 18:25:11.870 671 671 E a2dp_vendor_ldac: system/bt/stack/a2dp/a2dp_vendor_ldac.cc:1418 init: init: cannot load the decoder
06-26 18:25:11.870 671 671 I a2dp_codec: system/bt/stack/a2dp/a2dp_codec_config.cc:658 init: init: initialized Source codec LDAC
06-26 18:25:11.870 671 671 I a2dp_codec: system/bt/stack/a2dp/a2dp_codec_config.cc:658 init: init: initialized Source codec AAC
06-26 18:25:11.870 671 671 I a2dp_codec: system/bt/stack/a2dp/a2dp_codec_config.cc:658 init: init: initialized Source codec SBC
06-26 18:25:11.870 671 671 I a2dp_codec: system/bt/stack/a2dp/a2dp_codec_config.cc:665 init: init: initialized Sink codec AAC SINK
06-26 18:25:11.870 671 671 I a2dp_codec: system/bt/stack/a2dp/a2dp_codec_config.cc:665 init: init: initialized Sink codec SBC SINK
06-26 18:25:11.870 671 671 I a2dp_codec: system/bt/stack/a2dp/a2dp_codec_config.cc:569 init: init
06-26 18:25:11.870 671 671 I a2dp_codec: system/bt/stack/a2dp/a2dp_codec_config.cc:113 createCodec: createCodec: codec SBC
06-26 18:25:11.870 671 671 I a2dp_codec: system/bt/stack/a2dp/a2dp_codec_config.cc:633 init: init: updated SBC codec priority to 1001
06-26 18:25:11.870 671 671 I a2dp_codec: system/bt/stack/a2dp/a2dp_codec_config.cc:113 createCodec: createCodec: codec AAC
06-26 18:25:11.870 671 671 I a2dp_codec: system/bt/stack/a2dp/a2dp_codec_config.cc:633 init: init: updated AAC codec priority to 2001
06-26 18:25:11.870 671 671 I a2dp_codec: system/bt/stack/a2dp/a2dp_codec_config.cc:113 createCodec: createCodec: codec aptX
06-26 18:25:11.871 671 671 E a2dp_vendor_aptx_encoder: system/bt/stack/a2dp/a2dp_vendor_aptx_encoder.cc:123 A2DP_VendorLoadEncoderAptx: A2DP_VendorLoadEncoderAptx: cannot open aptX encoder library libaptX_encoder.so: dlopen failed: library "libaptX_encoder.so" not found
06-26 18:25:11.872 671 671 E a2dp_vendor_aptx: system/bt/stack/a2dp/a2dp_vendor_aptx.cc:465 init: init: cannot load the encoder
06-26 18:25:11.872 671 671 I a2dp_codec: system/bt/stack/a2dp/a2dp_codec_config.cc:113 createCodec: createCodec: codec aptX-HD
06-26 18:25:11.873 671 671 E a2dp_vendor_aptx_hd_encoder: system/bt/stack/a2dp/a2dp_vendor_aptx_hd_encoder.cc:123 A2DP_VendorLoadEncoderAptxHd: A2DP_VendorLoadEncoderAptxHd: cannot open aptX-HD encoder library libaptXHD_encoder.so: dlopen failed: library "libaptXHD_encoder.so" not found
06-26 18:25:11.873 671 671 E a2dp_vendor_aptx_hd: system/bt/stack/a2dp/a2dp_vendor_aptx_hd.cc:483 init: init: cannot load the encoder
06-26 18:25:11.873 671 671 I a2dp_codec: system/bt/stack/a2dp/a2dp_codec_config.cc:113 createCodec: createCodec: codec LDAC
06-26 18:25:11.873 671 671 I a2dp_codec: system/bt/stack/a2dp/a2dp_codec_config.cc:633 init: init: updated LDAC codec priority to 5001
06-26 18:25:11.873 671 671 I a2dp_codec: system/bt/stack/a2dp/a2dp_codec_config.cc:113 createCodec: createCodec: codec SBC SINK
06-26 18:25:11.873 671 671 I a2dp_codec: system/bt/stack/a2dp/a2dp_codec_config.cc:113 createCodec: createCodec: codec AAC SINK
06-26 18:25:11.873 671 671 I a2dp_codec: system/bt/stack/a2dp/a2dp_codec_config.cc:113 createCodec: createCodec: codec LDAC SINK
06-26 18:25:11.874 671 671 E a2dp_vendor_ldac_decoder: system/bt/stack/a2dp/a2dp_vendor_ldac_decoder.cc:134 A2DP_VendorLoadDecoderLdac: A2DP_VendorLoadDecoderLdac: cannot open LDAC decoder library libldacBT_bco.so: dlopen failed: library "libldacBT_bco.so" not found
06-26 18:25:11.874 671 671 E a2dp_vendor_ldac: system/bt/stack/a2dp/a2dp_vendor_ldac.cc:1418 init: init: cannot load the decoder
06-26 18:25:11.874 671 671 I a2dp_codec: system/bt/stack/a2dp/a2dp_codec_config.cc:658 init: init: initialized Source codec LDAC
06-26 18:25:11.874 671 671 I a2dp_codec: system/bt/stack/a2dp/a2dp_codec_config.cc:658 init: init: initialized Source codec AAC
06-26 18:25:11.874 671 671 I a2dp_codec: system/bt/stack/a2dp/a2dp_codec_config.cc:658 init: init: initialized Source codec SBC
06-26 18:25:11.874 671 671 I a2dp_codec: system/bt/stack/a2dp/a2dp_codec_config.cc:665 init: init: initialized Sink codec AAC SINK
06-26 18:25:11.874 671 671 I a2dp_codec: system/bt/stack/a2dp/a2dp_codec_config.cc:665 init: init: initialized Sink codec SBC SINK
06-26 18:25:11.874 671 671 I a2dp_codec: system/bt/stack/a2dp/a2dp_codec_config.cc:569 init: init
06-26 18:25:11.874 671 671 I a2dp_codec: system/bt/stack/a2dp/a2dp_codec_config.cc:113 createCodec: createCodec: codec SBC
06-26 18:25:11.874 671 671 I a2dp_codec: system/bt/stack/a2dp/a2dp_codec_config.cc:633 init: init: updated SBC codec priority to 1001
06-26 18:25:11.874 671 671 I a2dp_codec: system/bt/stack/a2dp/a2dp_codec_config.cc:113 createCodec: createCodec: codec AAC
06-26 18:25:11.874 671 671 I a2dp_codec: system/bt/stack/a2dp/a2dp_codec_config.cc:633 init: init: updated AAC codec priority to 2001
06-26 18:25:11.875 671 671 I a2dp_codec: system/bt/stack/a2dp/a2dp_codec_config.cc:113 createCodec: createCodec: codec aptX
06-26 18:25:11.878 477 759 D CompatibilityChangeReporter: Compat change id reported: 168419799; UID 1000; state: DISABLED
06-26 18:25:11.883 477 612 D SupplicantStaIfaceHal: Newer HAL is found, skip V1_3 remaining init flow.
06-26 18:25:11.883 477 612 D SupplicantStaIfaceHal: Newer HAL is found, skip V1_2 remaining init flow.
06-26 18:25:11.883 477 612 D SupplicantStaIfaceHal: Newer HAL is found, skip V1_1 remaining init flow.
06-26 18:25:11.883 477 612 D SupplicantStaIfaceHal: Newer HAL is found, skip V1_0 remaining init flow.
06-26 18:25:11.887 1095 1095 E DispatcherManager: publishMode=DBBOX-A2 piDispatcher=com.dangbei.launcher.dispatcher.function.BOXAXDispatcher@853fef6
06-26 18:25:11.899 662 662 I ieee80211 phy0: sprdwl_vendor_get_support_feature
06-26 18:25:11.904 662 662 I ieee80211 phy0: sprdwl_vendor_get_support_feature
06-26 18:25:11.895 671 671 E a2dp_vendor_aptx_encoder: system/bt/stack/a2dp/a2dp_vendor_aptx_encoder.cc:123 A2DP_VendorLoadEncoderAptx: A2DP_VendorLoadEncoderAptx: cannot open aptX encoder library libaptX_encoder.so: dlopen failed: library "libaptX_encoder.so" not found
06-26 18:25:11.895 671 671 E a2dp_vendor_aptx: system/bt/stack/a2dp/a2dp_vendor_aptx.cc:465 init: init: cannot load the encoder
06-26 18:25:11.898 671 671 I a2dp_codec: system/bt/stack/a2dp/a2dp_codec_config.cc:113 createCodec: createCodec: codec aptX-HD
06-26 18:25:11.899 662 662 E WifiHAL : wifi_get_logger_supported_feature_set: Error -5 happened.
06-26 18:25:11.903 662 662 E WifiHAL : wifi_get_logger_supported_feature_set: Error -5 happened.
06-26 18:25:11.907 1169 1169 D wpa_supplicant: Driver capability mask: 0xd
06-26 18:25:11.908 477 612 I WifiNative: Successfully switched to connectivity mode on iface=Iface:{Name=wlan0,Id=0,Type=STA_CONNECTIVITY}
