06-26 18:26:37.857 2835 2835 D StrictMode: at android.os.StrictMode.onFileUriExposed(StrictMode.java:2211)
06-26 18:26:37.857 2835 2835 D StrictMode: at android.net.Uri.checkFileUriExposed(Uri.java:2402)
06-26 18:26:37.857 2835 2835 D StrictMode: at android.content.Intent.prepareToLeaveProcess(Intent.java:11415)
06-26 18:26:37.857 2835 2835 D StrictMode: at android.content.Intent.prepareToLeaveProcess(Intent.java:11367)
06-26 18:26:37.857 2835 2835 D StrictMode: at android.app.Instrumentation.execStartActivity(Instrumentation.java:1742)
06-26 18:26:37.857 2835 2835 D StrictMode: at android.app.ContextImpl.startActivity(ContextImpl.java:1085)
06-26 18:26:37.857 2835 2835 D StrictMode: at android.app.ContextImpl.startActivity(ContextImpl.java:1056)
06-26 18:26:37.857 2835 2835 D StrictMode: at android.content.ContextWrapper.startActivity(ContextWrapper.java:411)
06-26 18:26:37.857 2835 2835 D StrictMode: at com.dangbei.lerad.filemanager.impl.open.FileTypePlayer.directlyOpen(FileTypePlayer.java:254)
06-26 18:26:37.857 2835 2835 D StrictMode: at com.dangbei.lerad.filemanager.impl.open.FileTypePlayer.play(FileTypePlayer.java:116)
06-26 18:26:37.857 2835 2835 D StrictMode: at com.dangbei.lerad.filemanager.impl.open.OpenFilterChain.run(OpenFilterChain.java:63)
06-26 18:26:37.857 2835 2835 D StrictMode: at com.dangbei.lerad.filemanager.impl.open.OpenFilterChain.execute(OpenFilterChain.java:35)
06-26 18:26:37.857 2835 2835 D StrictMode: at com.dangbei.lerad.filemanager.impl.open.OpenManager$1.onNext(OpenManager.java:109)
06-26 18:26:37.857 2835 2835 D StrictMode: at com.dangbei.lerad.filemanager.impl.open.OpenManager$1.onNext(OpenManager.java:101)
06-26 18:26:37.857 2835 2835 D StrictMode: at io.reactivex.internal.operators.observable.ObservableObserveOn$ObserveOnObserver.drainNormal(ObservableObserveOn.java:201)
06-26 18:26:37.857 2835 2835 D StrictMode: at io.reactivex.internal.operators.observable.ObservableObserveOn$ObserveOnObserver.run(ObservableObserveOn.java:255)
06-26 18:26:37.857 2835 2835 D StrictMode: at io.reactivex.android.schedulers.HandlerScheduler$ScheduledRunnable.run(HandlerScheduler.java:119)
06-26 18:26:37.857 2835 2835 D StrictMode: at android.os.Handler.handleCallback(Handler.java:938)
06-26 18:26:37.857 2835 2835 D StrictMode: at android.os.Handler.dispatchMessage(Handler.java:99)
06-26 18:26:37.857 2835 2835 D StrictMode: at android.os.Looper.loopOnce(Looper.java:201)
06-26 18:26:37.857 2835 2835 D StrictMode: at android.os.Looper.loop(Looper.java:288)
06-26 18:26:37.857 2835 2835 D StrictMode: at android.app.ActivityThread.main(ActivityThread.java:7854)
06-26 18:26:37.857 2835 2835 D StrictMode: at java.lang.reflect.Method.invoke(Native Method)
06-26 18:26:37.857 2835 2835 D StrictMode: at com.android.internal.os.RuntimeInit$MethodAndArgsCaller.run(RuntimeInit.java:548)
06-26 18:26:37.857 2835 2835 D StrictMode: at com.android.internal.os.ZygoteInit.main(ZygoteInit.java:1182)
06-26 18:26:37.857 477 623 D NsdService: Register service
06-26 18:26:37.857 477 623 D NsdService: registerService: 6 name: 当贝投屏H9, type: _airplay._tcp, host: null, port: 42309, txtRecord: srcvers=220.68features=0x527FFFF7,0x1E'pi=2e388006-13ba-4041-9a67-25dd4a43d536Cpk=b07727d6f6cd6e08b58ede525ec3cdeaa252ad9f683feb212ef8a205246554e7vv=2 flags=0x4model=AppleTV2,1deviceid=b4:2f:03:15:e8:b9
06-26 18:26:37.857 477 623 D NsdService: mdnssd [register, 6, 当贝投屏H9, _airplay._tcp, 42309, DnNyY3ZlcnM9MjIwLjY4GGZlYXR1cmVzPTB4NTI3RkZGRjcsMHgxRSdwaT0yZTM4ODAwNi0xM2JhLTQwNDEtOWE2Ny0yNWRkNGE0M2Q1MzZDcGs9YjA3NzI3ZDZmNmNkNmUwOGI1OGVkZTUyNWVjM2NkZWFhMjUyYWQ5ZjY4M2ZlYjIxMmVmOGEyMDUyNDY1NTRlNwR2dj0yCWZsYWdzPTB4NBBtb2RlbD1BcHBsZVRWMiwxGmRldmljZWlkPWI0OjJmOjAzOjE1OmU4OmI5]
06-26 18:26:37.859 477 501 I ActivityStarter: ---START u0 {act=android.intent.action.VIEW dat=file:///storage/FE88252F8824E83B/dolby/Dolby TrueHD/杜比sample-Sully 2016 UltraHD BluRay 2160p HDR HEVC BT2020 Dolby Atmos 7.1(8声道) -DDR.mkv typ=video/* flg=0x10000001 cmp=com.dangbei.lerad.videoposter/com.dangbei.leradplayer.activity.PlayerActivity} from uid 10049
06-26 18:26:37.859 477 623 D NsdService: Register 2 6
06-26 18:26:37.865 477 501 W ActivityTaskManager: Can't find TaskDisplayArea to determine support for multi window. Task id=111 attached=false
06-26 18:26:37.868 477 623 D NsdService: Register service
06-26 18:26:37.869 477 623 D NsdService: registerService: 7 name: b42f0315e8b9@当贝投屏H9, type: _raop._tcp, host: null, port: 44773, txtRecord: txtvers=1 am=AppleTV2,1ch=2
06-26 18:26:37.869 477 623 D NsdService: cn=0,1,2,3da=trueet=0,3,5ft=0x527FFFF7,0x1Emd=0,1,2Cpk=b07727d6f6cd6e08b58ede525ec3cdeaa252ad9f683feb212ef8a205246554e7pw=falsesf=0x4sr=44100ss=16sv=falsetp=UDPvn=65537 vs=220.68vv=2 rhd=5.6.0.0
06-26 18:26:37.870 477 623 D NsdService: mdnssd [register, 7, b42f0315e8b9@当贝投屏H9, _raop._tcp, 44773, CXR4dHZlcnM9MQ1hbT1BcHBsZVRWMiwxBGNoPTIKY249MCwxLDIsMwdkYT10cnVlCGV0PTAsMyw1EmZ0PTB4NTI3RkZGRjcsMHgxRQhtZD0wLDEsMkNwaz1iMDc3MjdkNmY2Y2Q2ZTA4YjU4ZWRlNTI1ZWMzY2RlYWEyNTJhZDlmNjgzZmViMjEyZWY4YTIwNTI0NjU1NGU3CHB3PWZhbHNlBnNmPTB4NAhzcj00NDEwMAVzcz0xNghzdj1mYWxzZQZ0cD1VRFAIdm49NjU1MzcJdnM9MjIwLjY4BHZ2PTILcmhkPTUuNi4wLjA=]
06-26 18:26:37.871 477 501 D CompatibilityChangeReporter: Compat change id reported: 174042980; UID 10036; state: DISABLED
06-26 18:26:37.872 477 501 D CompatibilityChangeReporter: Compat change id reported: 184838306; UID 10036; state: DISABLED
06-26 18:26:37.872 477 623 D NsdService: Register 3 7
06-26 18:26:37.874 477 501 D CompatibilityChangeReporter: Compat change id reported: 185004937; UID 10036; state: DISABLED
06-26 18:26:37.875 477 501 D CompatibilityChangeReporter: Compat change id reported: 181136395; UID 10036; state: DISABLED
06-26 18:26:37.877 477 501 D CompatibilityChangeReporter: Compat change id reported: 174042936; UID 10036; state: DISABLED
06-26 18:26:37.880 265 265 I AW_PowerHAL: Power setMode: LAUNCH to: 1
06-26 18:26:37.883 477 501 D CompatibilityChangeReporter: Compat change id reported: 168419799; UID 10036; state: DISABLED
06-26 18:26:37.883 477 501 V SplashScreenExceptionList: SplashScreen checking exception for package com.dangbei.lerad.videoposter (target sdk:26) -> false
06-26 18:26:37.888 672 843 D StartingSurfaceDrawer: addSplashScreen com.dangbei.lerad.videoposter theme=7f0d0007 task=111 suggestType=3
06-26 18:26:37.891 477 525 I ActivityManager: com.dangbei.lerad.videoposter is exempt from freezer
06-26 18:26:37.892 477 525 D CompatibilityChangeReporter: Compat change id reported: 135634846; UID 10036; state: DISABLED
06-26 18:26:37.897 477 536 D CompatibilityChangeReporter: Compat change id reported: 143937733; UID 10036; state: DISABLED
06-26 18:26:37.897 672 843 D StartingSurfaceDrawer: addSplashScreen: creating context based on task Configuration {1.0 ?mcc?mnc [zh_CN] ldltr sw720dp w1280dp h696dp 240dpi lrg long land television -touch qwerty/v/v dpad/v winConfig={ mBounds=Rect(0, 0 - 1920, 1080) mAppBounds=Rect(0, 0 - 1920, 1080) mMaxBounds=Rect(0, 0 - 1920, 1080) mWindowingMode=fullscreen mDisplayWindowingMode=fullscreen mActivityType=standard mAlwaysOnTop=undefined mRotation=ROTATION_0} s.1 fontWeightAdjustment=0} for splash screen
06-26 18:26:37.903 672 843 D StartingSurfaceDrawer: addSplashScreen: apply overrideConfig{1.0 ?mcc?mnc [zh_CN] ldltr sw720dp w1280dp h696dp 240dpi lrg long land television -touch qwerty/v/v dpad/v winConfig={ mBounds=Rect(0, 0 - 1920, 1080) mAppBounds=Rect(0, 0 - 1920, 1080) mMaxBounds=Rect(0, 0 - 1920, 1080) mWindowingMode=fullscreen mDisplayWindowingMode=fullscreen mActivityType=standard mAlwaysOnTop=undefined mRotation=ROTATION_0} s.1 fontWeightAdjustment=0} to starting window resId=2131165761
06-26 18:26:37.905 265 265 I AW_PowerHAL: cur-mode:LAUNCH
06-26 18:26:37.906 672 846 D StartingSurfaceDrawer: window attributes color: 0 icon null duration 0 brandImage null
06-26 18:26:37.916 248 248 D Zygote : Forked child process 3973
06-26 18:26:37.924 477 536 I ActivityManager: app.processName = com.dangbei.lerad.videoposter
06-26 18:26:37.924 477 536 I ActivityManager: Start proc 3973:com.dangbei.lerad.videoposter/u0a36 for pre-top-activity {com.dangbei.lerad.videoposter/com.dangbei.leradplayer.activity.PlayerActivity}
06-26 18:26:37.935 3973 3973 I Zygote : seccomp disabled by setenforce 0
06-26 18:26:37.943 280 280 I BpBinder: onLastStrongRef automatically unlinking death recipients:
06-26 18:26:37.948 2348 2348 I rainbow_flow: type=1400 audit(0.0:1952): avc: denied { ioctl } for path="/dev/spidev1.0" dev="tmpfs" ino=6605 ioctlcmd=0x6b00 scontext=u:r:init:s0 tcontext=u:object_r:device:s0 tclass=chr_file permissive=1
06-26 18:26:37.948 2570 2669 I TDLog : [APP] New data found, Submitting...
06-26 18:26:37.967 403 421 I adbd : jdwp connection from 3973
06-26 18:26:37.969 672 846 D SplashScreenView: Build android.window.SplashScreenView{7d3e03e V.E...... ......ID 0,0-0,0}
06-26 18:26:37.969 672 846 D SplashScreenView: Icon: view: null drawable: null size: 0
06-26 18:26:37.969 672 846 D SplashScreenView: Branding: view: android.view.View{17d8e9f G.ED..... ......I. 0,0-0,0 #10204a6 android:id/splashscreen_branding_view} drawable: null size w: 0 h: 0
06-26 18:26:37.969 672 846 D StartingSurfaceDrawer: fillViewWithIcon surfaceWindowView android.window.SplashScreenView{7d3e03e V.E...... ......ID 0,0-0,0}
06-26 18:26:37.988 2570 2669 I TDLog : [APP] Failed to submit data!
06-26 18:26:37.992 3636 3636 I Thread-33: type=1400 audit(0.0:1953): avc: denied { read } for name="address" dev="sysfs" ino=27837 scontext=u:r:platform_app:s0:c512,c768 tcontext=u:object_r:sysfs:s0 tclass=file permissive=1 app=com.dangbei.screencast
06-26 18:26:37.997 261 399 I gralloc : alloc buffer:W:1920 H:1080 S:1920 PL[1920 1080] SZ:8294400 fmt:1 if:0 af:1 usg:20000b00 fg:00000004
06-26 18:26:37.998 3969 3969 W audit : audit_lost=1367 audit_rate_limit=5 audit_backlog_limit=64
06-26 18:26:37.998 3969 3969 E audit : rate limit exceeded
06-26 18:26:38.011 261 399 I gralloc : alloc buffer:W:1920 H:1080 S:1920 PL[1920 1080] SZ:8294400 fmt:1 if:0 af:1 usg:20000b00 fg:00000004
06-26 18:26:38.014 261 399 I gralloc : alloc buffer:W:1920 H:1080 S:1920 PL[1920 1080] SZ:8294400 fmt:1 if:0 af:1 usg:20000b00 fg:00000004
06-26 18:26:38.016 672 672 D TvPipController: onTaskStackChanged()
06-26 18:26:38.062 477 1355 W ActivityManager: Slow operation: 56ms so far, now at attachApplicationLocked: immediately after bindApplication
06-26 18:26:38.063 477 1355 W ActivityManager: Slow operation: 56ms so far, now at attachApplicationLocked: after updateLruProcessLocked
06-26 18:26:38.063 477 1355 D AW_CODE : rotation =0
06-26 18:26:38.069 477 1355 W ActivityManager: Slow operation: 62ms so far, now at attachApplicationLocked: after mServices.attachApplicationLocked
06-26 18:26:38.073 3973 3973 D CompatibilityChangeReporter: Compat change id reported: 171979766; UID 10036; state: DISABLED
06-26 18:26:38.088 3973 3973 D ApplicationLoaders: Returning zygote-cached class loader: /system/framework/android.test.base.jar
06-26 18:26:38.088 3973 3973 D ApplicationLoaders: Returning zygote-cached class loader: /system/framework/android.hidl.manager-V1.0-java.jar
06-26 18:26:38.088 3973 3973 D ApplicationLoaders: Returning zygote-cached class loader: /system/framework/android.hidl.base-V1.0-java.jar
06-26 18:26:38.113 3820 3922 D nStackXCoAP: IsInSameNetwork:[276] :IsInSameNetwork exec
06-26 18:26:38.113 3820 3922 I nStackXDFinder: GetLocalInterfaceDetail:[461] :GetLocalInterfaceDetail in
06-26 18:26:38.113 3820 3922 E nStackXCoAP: IsInSameNetwork:[281] :IsInSameNetwork: not priority process
06-26 18:26:38.113 3820 3922 D nStackXCoAP: ParseServiceDiscover:[330] :new device join
06-26 18:26:38.113 3820 3922 E nStackXDFinder: GetLocalIp:[401] :GetLocalIp exec
06-26 18:26:38.133 477 524 W IorapForwardingService: No service published for: iorapd
06-26 18:26:38.257 477 623 D NsdService: Register service
06-26 18:26:38.257 477 623 D NsdService: registerService: 8 name: 当贝投屏H9, type: _db_cast_screen._tcp, host: null, port: 38351, txtRecord: au=1cV=20830mV=100h265=0maxR=4096-3152model=DBBOX-A2deviceid=20:02:FE:19:C2:0E
06-26 18:26:38.257 477 623 D NsdService: mdnssd [register, 8, 当贝投屏H9, _db_cast_screen._tcp, 38351, BGF1PTEIY1Y9MjA4MzAGbVY9MTAwBmgyNjU9MA5tYXhSPTQwOTYtMzE1Mg5tb2RlbD1EQkJPWC1BMhpkZXZpY2VpZD0yMDowMjpGRToxOTpDMjowRQ==]
06-26 18:26:38.260 477 623 D NsdService: Register 4 8
06-26 18:26:38.277 3973 3973 V GraphicsEnvironment: ANGLE Developer option for 'com.dangbei.lerad.videoposter' set to: 'default'
06-26 18:26:38.278 3973 3973 V GraphicsEnvironment: Neither updatable production driver nor prerelease driver is supported.
06-26 18:26:38.281 3973 3973 D NetworkSecurityConfig: Using Network Security Config from resource network_security_config debugBuild: false
06-26 18:26:38.285 3973 3973 D NetworkSecurityConfig: Using Network Security Config from resource network_security_config debugBuild: false
06-26 18:26:38.315 3973 3973 W SQLiteCompatibilityWalFlags: Cannot read global setting sqlite_compatibility_wal_flags - Application state not available
06-26 18:26:38.370 477 1352 D CompatibilityChangeReporter: Compat change id reported: 149924527; UID 10036; state: ENABLED
06-26 18:26:38.372 477 1352 D CompatibilityChangeReporter: Compat change id reported: 132649864; UID 10036; state: DISABLED
06-26 18:26:38.538 3973 4004 W Settings: Setting android_id has moved from android.provider.Settings.System to android.provider.Settings.Secure, returning read-only value.
06-26 18:26:38.692 477 623 D NsdService: Native daemon message SERVICE_REGISTERED: 606 7 "b42f0315e8b9@当贝投屏H9"
06-26 18:26:38.693 477 623 D NsdService: Native daemon message SERVICE_REGISTERED: 606 6 "当贝投屏H9"
06-26 18:26:38.717 3820 3922 D nStackXCoAP: IsInSameNetwork:[276] :IsInSameNetwork exec
06-26 18:26:38.718 3820 3922 I nStackXDFinder: GetLocalInterfaceDetail:[461] :GetLocalInterfaceDetail in
06-26 18:26:38.718 3820 3922 E nStackXCoAP: IsInSameNetwork:[281] :IsInSameNetwork: not priority process
06-26 18:26:38.718 3820 3922 D nStackXCoAP: ParseServiceDiscover:[330] :new device join
06-26 18:26:38.718 3820 3922 E nStackXDFinder: GetLocalIp:[401] :GetLocalIp exec
06-26 18:26:38.723 3636 3723 E accept : myIp:192.168.3.161
06-26 18:26:38.726 3636 3723 E accept : connect error
06-26 18:26:38.731 3636 3723 I UpnpServiceImpl: >>> Starting UPnP service...
06-26 18:26:38.731 3636 3723 I UpnpServiceImpl: Using configuration: org.fourthline.cling.android.AndroidUpnpServiceConfiguration
06-26 18:26:38.735 3636 3723 I Router : Creating Router: org.fourthline.cling.android.AndroidRouter
06-26 18:26:38.737 3636 3723 W Router : enable lock:org.fourthline.cling.android.AndroidRouter@b7f6380_java.util.concurrent.locks.ReentrantReadWriteLock$WriteLock@a8e8db9[Unlocked]
06-26 18:26:38.768 3636 3723 W tworkAddressFactoryImpl: Network interface may not be multicast capable: dummy0
06-26 18:26:38.773 274 633 W APM_AudioPolicyManager: getOutputForDevices() could not find output for stream 3, sampling rate 48000, format 0x22000000, channels 0x3, flags 0x1
06-26 18:26:38.774 274 633 E AudioFlinger: createTrack() getOutputForAttr() return error -38 or invalid output handle
06-26 18:26:38.775 3973 3973 E AudioTrack: createTrack_l(11): AudioFlinger could not create track, status: -38 output 0
06-26 18:26:38.776 3973 3973 E AudioTrack-JNI: Error -38 initializing AudioTrack
06-26 18:26:38.776 3973 3973 D AudioTrack: gather(): no metrics gathered, track status=-38
06-26 18:26:38.776 3973 3973 E android.media.AudioTrack: Error code -20 when initializing AudioTrack.
06-26 18:26:38.776 3973 3973 W AudioTrack: Use of stream types is deprecated for operations other than volume control
06-26 18:26:38.776 3973 3973 W AudioTrack: See the documentation of AudioTrack() for what to use instead with android.media.AudioAttributes to qualify your playback use case
06-26 18:26:38.782 3636 3723 I MulticastReceiver: Creating wildcard socket (for receiving multicast datagrams) on port: 1900
06-26 18:26:38.783 3636 3723 I MulticastReceiver: Joining multicast group: /239.255.255.250:1900 on network interface: wlan0
06-26 18:26:38.789 274 633 D AudioFlinger: Client defaulted notificationFrames to 4096 for frameCount 8192
06-26 18:26:38.791 274 633 D AF::TrackHandle: OpPlayAudio: track:61 usage:1 not muted
06-26 18:26:38.794 274 633 W AudioFlinger: isTrackAllowed_l: invalid format: 0x9000000
06-26 18:26:38.794 274 633 E AF::Track: Track(61): no more tracks available
06-26 18:26:38.794 274 633 E AudioFlinger: createTrack_l() initCheck failed -12; no control block?
06-26 18:26:38.796 3973 3973 E AudioTrack: createTrack_l(11): AudioFlinger could not create track, status: -12 output 0
06-26 18:26:38.796 3973 3973 E AudioTrack-JNI: Error -12 initializing AudioTrack
06-26 18:26:38.797 3973 3973 D AudioTrack: gather(): no metrics gathered, track status=-12
06-26 18:26:38.797 3973 3973 E android.media.AudioTrack: Error code -20 when initializing AudioTrack.
06-26 18:26:38.797 3973 3973 W AudioTrack: Use of stream types is deprecated for operations other than volume control
06-26 18:26:38.797 3973 3973 W AudioTrack: See the documentation of AudioTrack() for what to use instead with android.media.AudioAttributes to qualify your playback use case
06-26 18:26:38.800 2348 2348 I rainbow_flow: type=1400 audit(0.0:2424): avc: denied { ioctl } for path="/dev/spidev1.0" dev="tmpfs" ino=6605 ioctlcmd=0x6b00 scontext=u:r:init:s0 tcontext=u:object_r:device:s0 tclass=chr_file permissive=1
06-26 18:26:38.804 274 633 D AudioFlinger: Client defaulted notificationFrames to 2688 for frameCount 5376
06-26 18:26:38.807 274 633 D AF::TrackHandle: OpPlayAudio: track:62 usage:1 not muted
06-26 18:26:38.808 274 633 W AudioFlinger: isTrackAllowed_l: invalid format: 0xa000000
06-26 18:26:38.808 274 633 E AF::Track: Track(62): no more tracks available
06-26 18:26:38.808 274 633 E AudioFlinger: createTrack_l() initCheck failed -12; no control block?
06-26 18:26:38.808 3636 3723 E accept : Adding connector try: 192.168.3.161/192.168.3.161:33915
06-26 18:26:38.811 3973 3973 E AudioTrack: createTrack_l(538976288): AudioFlinger could not create track, status: -12 output 0
06-26 18:26:38.812 3636 3723 E accept : Adding connector result: 192.168.3.161/192.168.3.161:33915
06-26 18:26:38.834 3973 3973 E AudioTrack-JNI: Error -12 initializing AudioTrack
06-26 18:26:38.835 3973 3973 D AudioTrack: gather(): no metrics gathered, track status=-12
06-26 18:26:38.835 3973 3973 E android.media.AudioTrack: Error code -20 when initializing AudioTrack.
06-26 18:26:38.835 3973 3973 W AudioTrack: Use of stream types is deprecated for operations other than volume control
06-26 18:26:38.835 3973 3973 W AudioTrack: See the documentation of AudioTrack() for what to use instead with android.media.AudioAttributes to qualify your playback use case
06-26 18:26:38.845 274 633 D AudioFlinger: Client defaulted notificationFrames to 6000 for frameCount 12000
06-26 18:26:38.850 274 633 D AF::TrackHandle: OpPlayAudio: track:63 usage:1 not muted
06-26 18:26:38.851 274 633 W AudioFlinger: isTrackAllowed_l: invalid format: 0xb000000
06-26 18:26:38.851 274 633 E AF::Track: Track(63): no more tracks available
06-26 18:26:38.851 274 633 E AudioFlinger: createTrack_l() initCheck failed -12; no control block?
06-26 18:26:38.854 3973 3973 E AudioTrack: createTrack_l(1851877475): AudioFlinger could not create track, status: -12 output 0
06-26 18:26:38.855 3973 3973 E AudioTrack-JNI: Error -12 initializing AudioTrack
06-26 18:26:38.855 3973 3973 D AudioTrack: gather(): no metrics gathered, track status=-12
06-26 18:26:38.856 3973 3973 E android.media.AudioTrack: Error code -20 when initializing AudioTrack.
06-26 18:26:38.856 3973 3973 W AudioTrack: Use of stream types is deprecated for operations other than volume control
06-26 18:26:38.856 3973 3973 W AudioTrack: See the documentation of AudioTrack() for what to use instead with android.media.AudioAttributes to qualify your playback use case
06-26 18:26:38.862 274 633 I AudioFlinger: openOutput() this 0xeb564000, module 10 Device type:0x2,@:, SamplingRate 48000, Format 0xc000000, Channels 0x63f, flags 0x1
06-26 18:26:38.862 253 316 D audio_hw_primary: adev_open_output_stream
06-26 18:26:38.862 253 316 V audio_hw_primary: adev_open_output_stream, flags: 1
06-26 18:26:38.862 253 316 D audio_hw_primary: config format 0xc000000 raw_flag 11
06-26 18:26:38.862 253 316 V audio_hw_primary: +++++++++++++++ adev_open_output_stream: req_sample_rate: 48000, fmt: c000000, channel_count: 1599
06-26 18:26:38.867 274 633 I AudioFlinger: HAL output buffer size 2048 frames, normal sink buffer size 2048 frames
06-26 18:26:38.868 274 633 D AudioFlinger: Failed to add event callback
06-26 18:26:38.873 274 4064 I AudioFlinger: AudioFlinger's thread 0xeb0cc7c0 tid=4064 ready to run
06-26 18:26:38.876 274 4064 D AudioFlinger: ro.audio.silent is ignored since no output device is set
06-26 18:26:38.876 253 316 D audio_hw_primary: out_standby
06-26 18:26:38.877 274 4064 D AudioFlinger: ro.audio.silent is ignored since no output device is set
06-26 18:26:38.888 274 633 D AudioFlinger: Client defaulted notificationFrames to 17578 for frameCount 35156
06-26 18:26:38.896 274 633 D AF::TrackHandle: OpPlayAudio: track:64 usage:1 not muted
06-26 18:26:38.905 3973 3973 W AudioTrack: Use of stream types is deprecated for operations other than volume control
06-26 18:26:38.905 3973 3973 W AudioTrack: See the documentation of AudioTrack() for what to use instead with android.media.AudioAttributes to qualify your playback use case
06-26 18:26:38.914 253 316 V audio_hw_primary: out_set_parameters: closing=true
06-26 18:26:38.918 253 316 V audio_hw_primary: out_set_parameters: exiting=1
06-26 18:26:38.918 274 439 E AudioFlinger: Error when setting parameters on exit: -61
06-26 18:26:38.922 253 316 D audio_hw_primary: out_standby
06-26 18:26:38.924 274 446 W APM_AudioPolicyManager: getOutputForDevices() could not find output for stream 3, sampling rate 48000, format 0xe000000, channels 0x63f, flags 0x1
06-26 18:26:38.925 274 446 E AudioFlinger: createTrack() getOutputForAttr() return error -38 or invalid output handle
06-26 18:26:38.925 3973 3973 E AudioTrack: createTrack_l(19): AudioFlinger could not create track, status: -38 output 0
06-26 18:26:38.925 3973 3973 E AudioTrack-JNI: Error -38 initializing AudioTrack
06-26 18:26:38.925 3973 3973 D AudioTrack: gather(): no metrics gathered, track status=-38
06-26 18:26:38.925 3973 3973 E android.media.AudioTrack: Error code -20 when initializing AudioTrack.
06-26 18:26:38.925 3973 3973 W AudioTrack: Use of stream types is deprecated for operations other than volume control
06-26 18:26:38.925 3973 3973 W AudioTrack: See the documentation of AudioTrack() for what to use instead with android.media.AudioAttributes to qualify your playback use case
06-26 18:26:38.934 274 4068 W AudioFlinger: createTrack_l(): mismatch between requested flags (00000400) and output flags (00000002)
06-26 18:26:38.935 274 4068 D AudioFlinger: Client defaulted notificationFrames to 4096 for frameCount 8192
06-26 18:26:38.943 274 4068 D AF::TrackHandle: OpPlayAudio: track:65 usage:1 not muted
06-26 18:26:38.945 274 4068 W AudioFlinger: isTrackAllowed_l: invalid format: 0xd000000
06-26 18:26:38.945 274 4068 E AF::Track: Track(65): no more tracks available
06-26 18:26:38.945 274 4068 E AudioFlinger: createTrack_l() initCheck failed -12; no control block?
06-26 18:26:38.947 3973 3973 E AudioTrack: createTrack_l(19): AudioFlinger could not create track, status: -12 output 0
06-26 18:26:38.947 3973 3973 E AudioTrack-JNI: Error -12 initializing AudioTrack
06-26 18:26:38.947 3973 3973 D AudioTrack: gather(): no metrics gathered, track status=-12
06-26 18:26:38.947 3973 3973 E android.media.AudioTrack: Error code -20 when initializing AudioTrack.
06-26 18:26:38.947 3973 3973 W AudioTrack: Use of stream types is deprecated for operations other than volume control
06-26 18:26:38.947 3973 3973 W AudioTrack: See the documentation of AudioTrack() for what to use instead with android.media.AudioAttributes to qualify your playback use case
06-26 18:26:38.968 3636 3723 I JettyServletContainer: Registering UPnP servlet under context path: /upnp
06-26 18:26:38.968 3973 3973 I BuglyThread-2: type=1400 audit(0.0:2425): avc: denied { read } for name="type" dev="sysfs" ino=22523 scontext=u:r:untrusted_app_27:s0:c512,c768 tcontext=u:object_r:sysfs:s0 tclass=file permissive=1 app=com.dangbei.lerad.videoposter
06-26 18:26:38.968 3973 3973 I BuglyThread-2: type=1400 audit(0.0:2426): avc: denied { open } for path="/sys/devices/platform/soc@3000000/4022000.sdmmc/mmc_host/mmc0/mmc0:0001/type" dev="sysfs" ino=22523 scontext=u:r:untrusted_app_27:s0:c512,c768 tcontext=u:object_r:sysfs:s0 tclass=file permissive=1 app=com.dangbei.lerad.videoposter
06-26 18:26:38.968 3973 3973 I BuglyThread-2: type=1400 audit(0.0:2427): avc: denied { getattr } for path="/sys/devices/platform/soc@3000000/4022000.sdmmc/mmc_host/mmc0/mmc0:0001/type" dev="sysfs" ino=22523 scontext=u:r:untrusted_app_27:s0:c512,c768 tcontext=u:object_r:sysfs:s0 tclass=file permissive=1 app=com.dangbei.lerad.videoposter
06-26 18:26:38.975 3636 3723 I DatagramIO: Creating bound socket (for datagram input/output) on: 192.168.3.161/192.168.3.161
06-26 18:26:38.972 3973 3973 I BuglyThread-2: type=1400 audit(0.0:2428): avc: denied { open } for path="/proc/uptime" dev="proc" ino=4026532048 scontext=u:r:untrusted_app_27:s0:c512,c768 tcontext=u:object_r:proc_uptime:s0 tclass=file permissive=1 app=com.dangbei.lerad.videoposter
06-26 18:26:38.978 3636 4077 E JettyServletContainer: gogogo
06-26 18:26:38.979 3636 4077 I JettyServletContainer: Starting Jetty server...
06-26 18:26:38.980 3636 4077 W System.err: 2025-06-26 18:26:38.979:INFO:lcaf.p:jetty-8.y.z-SNAPSHOT
06-26 18:26:38.984 3636 3723 I Router : WiFi multicast lock acquired
06-26 18:26:38.989 477 583 I WifiService: acquireMulticastLock uid=10013
06-26 18:26:38.992 3636 3723 I Router : WiFi lock acquired
06-26 18:26:38.993 477 502 I WifiService: acquireWifiLock uid=10013 lockMode=3
06-26 18:26:39.001 3636 3723 W Router : enable unlock:org.fourthline.cling.android.AndroidRouter@b7f6380
06-26 18:26:39.001 3636 3723 I UpnpServiceImpl: <<< UPnP service started successfully
06-26 18:26:39.035 3636 4077 W System.err: 2025-06-26 18:26:39.035:INFO:lcaf.a:Started @192.168.3.161:33915
06-26 18:26:39.055 477 623 D NsdService: Native daemon message SERVICE_REGISTERED: 606 8 "当贝投屏H9"
06-26 18:26:39.102 3636 3723 E g : channel :os
06-26 18:26:39.118 3973 4050 E void Java_com_dangbei_media_smb_SambaConfiguration_setEnv(JNIEnv *, jobject, jstring, jstring)setEnv success
06-26 18:26:39.123 4049 4049 W audit : audit_lost=1838 audit_rate_limit=5 audit_backlog_limit=64
06-26 18:26:39.123 4049 4049 E audit : rate limit exceeded
06-26 18:26:39.129 3973 4091 D crashsdk: Native log stat thread 4091 setup, waiting
06-26 18:26:39.131 3973 4049 I crashsdk: begin hack android.os.Process
06-26 18:26:39.131 3973 4049 I crashsdk: end hack android.os.Process
06-26 18:26:39.136 477 524 W IorapForwardingService: No service published for: iorapd
06-26 18:26:39.143 477 1091 E TaskPersister: File error accessing recents directory (directory doesn't exist?).
06-26 18:26:39.153 3820 3922 D nStackXCoAP: IsInSameNetwork:[276] :IsInSameNetwork exec
06-26 18:26:39.154 3820 3922 I nStackXDFinder: GetLocalInterfaceDetail:[461] :GetLocalInterfaceDetail in
06-26 18:26:39.154 3820 3922 E nStackXCoAP: IsInSameNetwork:[281] :IsInSameNetwork: not priority process
06-26 18:26:39.154 3820 3922 D nStackXCoAP: ParseServiceDiscover:[330] :new device join
06-26 18:26:39.157 3820 3922 E nStackXDFinder: GetLocalIp:[401] :GetLocalIp exec
06-26 18:26:39.162 477 1001 W ZramWriteback: Writeback device is not set
06-26 18:26:39.163 3636 3691 I efs.base: lt=event`ev_ct=efs_core`ev_ac=log_lag`tm=2025-06-26 18:26:16`dn=884562d0-54da-4cce-9d74-00e5c75509d9`ps=com.dangbei.screencast`um_os=android`stime=1750933588856`pid=3636`fr=android`pkg=com.dangbei.screencast`vcode=20830`dsp_w=1920`uid=884562d0-54da-4cce-9d74-00e5c75509d9`rom=12`wid=884562d0-54da-4cce-9d74-00e5c75509d9`um_app_carrier=`um_access=wifi`um_app_channel=os`um_crash_sdk_version=1.4.0`ctime=1750933599`model=dbbox-a2`lang=zh`net=wifi`brand=dangbei`dsp_h=1080`um_network_type=0`ver=v2.8.3`cnt=1`build_model=DBBOX-A2`w_tm=1750933599`appid=5fc60c21094d637f3130af19`um_umid_header=ai1cc720f47734fc58e671cdbea6807313`sdk=31`tzone=Etc/GMT-8`sdk_ver=1.3.6.umeng
06-26 18:26:39.164 477 1001 D ZramWriteback: wait to flush
06-26 18:26:39.504 477 583 W TelephonyPermissions: reportAccessDeniedToReadIdentifiers:com.dangbei.lerad.videoposter:getSerial:-1
06-26 18:26:39.523 375 375 D dom2reg : timezone change, new: Etc/GMT-8, pre:
06-26 18:26:39.524 375 375 W dom2reg : timezone [Etc/GMT-8] not in default tables, please check!
06-26 18:26:39.617 3973 3973 D CompatibilityChangeReporter: Compat change id reported: 171228096; UID 10036; state: ENABLED
06-26 18:26:39.637 3973 3973 W AudioManager: Use of stream types is deprecated for operations other than volume control
06-26 18:26:39.637 3973 3973 W AudioManager: See the documentation of requestAudioFocus() for what to use instead with android.media.AudioAttributes to qualify your playback use case
06-26 18:26:39.640 477 583 I MediaFocusControl: requestAudioFocus() from uid/pid 10036/3973 AA=USAGE_MEDIA/CONTENT_TYPE_MUSIC clientId=android.media.AudioManager@69982fc callingPack=com.dangbei.lerad.videoposter req=1 flags=0x0 sdk=26
06-26 18:26:39.641 477 583 I AudioService.FadeOutManager: unfadeOutUid() uid:10036
06-26 18:26:39.659 477 583 W WindowManager: Failed looking up window session=Session{c700031 3973:u0a10036} callers=com.android.server.wm.WindowManagerService.windowForClientLocked:5702 com.android.server.wm.Session.insetsModified:629 android.view.IWindowSession$Stub.onTransact:1151
06-26 18:26:39.661 3820 3922 D nStackXCoAP: IsInSameNetwork:[276] :IsInSameNetwork exec
06-26 18:26:39.661 3820 3922 I nStackXDFinder: GetLocalInterfaceDetail:[461] :GetLocalInterfaceDetail in
06-26 18:26:39.661 3820 3922 E nStackXCoAP: IsInSameNetwork:[281] :IsInSameNetwork: not priority process
06-26 18:26:39.661 3820 3922 D nStackXCoAP: ParseServiceDiscover:[330] :new device join
06-26 18:26:39.661 3820 3922 E nStackXDFinder: GetLocalIp:[401] :GetLocalIp exec
06-26 18:26:39.669 3973 3973 I crashsdk: Catcher mask: 5000, 20480
06-26 18:26:39.671 3973 4106 W SQLiteLog: (28) double-quoted string literal: "UjftmJwNeB//pVBx7mhtEV/1BzdE3rInKIE13N9wIGeXun87qe+oTXGthkqaI4HN
06-26 18:26:39.671 3973 4106 W SQLiteLog: "
06-26 18:26:39.671 3973 4106 W SQLiteLog: (28) double-quoted string literal: "456085E80BD5CCBC6C456BDAEFD00A8E"
06-26 18:26:39.671 3973 3973 I crashsdk: Catcher thread 3978
06-26 18:26:39.672 3973 3973 D crashsdk: Register ANR handler ...
06-26 18:26:39.674 3973 4106 W SQLiteLog: (28) double-quoted string literal: "1750933415817"
06-26 18:26:39.675 3973 4106 W SQLiteLog: (28) double-quoted string literal: "456085E80BD5CCBC6C456BDAEFD00A8E"
06-26 18:26:39.696 3973 4106 W SQLiteLog: (28) double-quoted string literal: "1750933415817"
06-26 18:26:39.696 3973 4106 W SQLiteLog: (28) double-quoted string literal: "0"
06-26 18:26:39.696 3973 4106 W SQLiteLog: (28) double-quoted string literal: ""
06-26 18:26:39.696 3973 4106 W SQLiteLog: (28) double-quoted string literal: ""
06-26 18:26:39.696 3973 4106 W SQLiteLog: (28) double-quoted string literal: "456085E80BD5CCBC6C456BDAEFD00A8E"
06-26 18:26:39.707 477 526 D CompatibilityChangeReporter: Compat change id reported: 158002302; UID 10036; state: ENABLED
06-26 18:26:39.707 280 336 W ServiceManager: Permission failure: android.permission.ACCESS_SURFACE_FLINGER from uid=10036 pid=3973
06-26 18:26:39.707 280 336 D PermissionCache: checking android.permission.ACCESS_SURFACE_FLINGER for uid=10036 => denied (472 us)
06-26 18:26:39.708 280 336 W ServiceManager: Permission failure: android.permission.ROTATE_SURFACE_FLINGER from uid=10036 pid=3973
06-26 18:26:39.708 280 336 D PermissionCache: checking android.permission.ROTATE_SURFACE_FLINGER for uid=10036 => denied (537 us)
06-26 18:26:39.717 186 186 I hwservicemanager: getTransport: Cannot find entry android.hardware.configstore@1.0::ISurfaceFlingerConfigs/default in either framework or device VINTF manifest.
06-26 18:26:39.739 280 923 E HWComposer: getSupportedContentTypes: getSupportedContentTypes failed for display 0: Unsupported (8)
06-26 18:26:39.770 186 186 I hwservicemanager: getTransport: Cannot find entry android.hardware.graphics.mapper@4.0::IMapper/default in either framework or device VINTF manifest.
06-26 18:26:39.770 3973 4087 I Gralloc4: mapper 4.x is not supported
06-26 18:26:39.771 186 186 I hwservicemanager: getTransport: Cannot find entry android.hardware.graphics.mapper@3.0::IMapper/default in either framework or device VINTF manifest.
06-26 18:26:39.771 3973 4087 W Gralloc3: mapper 3.x is not supported
06-26 18:26:39.775 3973 4087 E gralloc : Arm Module v1.0
06-26 18:26:39.777 186 186 I hwservicemanager: getTransport: Cannot find entry android.hardware.graphics.allocator@4.0::IAllocator/default in either framework or device VINTF manifest.
06-26 18:26:39.777 3973 4087 W Gralloc4: allocator 4.x is not supported
06-26 18:26:39.778 186 186 I hwservicemanager: getTransport: Cannot find entry android.hardware.graphics.allocator@3.0::IAllocator/default in either framework or device VINTF manifest.
06-26 18:26:39.778 3973 4087 W Gralloc3: allocator 3.x is not supported
06-26 18:26:39.780 261 399 I gralloc : alloc buffer:W:1920 H:1080 S:1920 PL[1920 1080] SZ:8294400 fmt:1 if:0 af:1 usg:20000b00 fg:00000004
06-26 18:26:39.781 3973 4087 E ion : ioctl c0044901 failed with code -1: Inappropriate ioctl for device
06-26 18:26:39.809 3973 4106 W SQLiteLog: (28) double-quoted string literal: "5A5E2BECC3AF46C6154346656A2EB96D"
06-26 18:26:39.817 3973 4106 W SQLiteLog: (28) double-quoted string literal: "5A5E2BECC3AF46C6154346656A2EB96D"
06-26 18:26:39.817 3973 4106 W SQLiteLog: (28) double-quoted string literal: ""
06-26 18:26:39.818 3973 4106 W SQLiteLog: (28) double-quoted string literal: "5A5E2BECC3AF46C6154346656A2EB96D"
06-26 18:26:39.818 3973 4106 W SQLiteLog: (28) double-quoted string literal: "-1"
06-26 18:26:39.824 261 399 I gralloc : alloc buffer:W:1920 H:1080 S:1920 PL[1920 1080] SZ:8294400 fmt:1 if:0 af:1 usg:20000b00 fg:00000004
06-26 18:26:39.830 672 843 D StartingSurfaceDrawer: Task start finish, remove starting surface for task 111
06-26 18:26:39.830 672 843 V StartingSurfaceDrawer: Removing splash screen window for task: 111
06-26 18:26:39.841 261 399 I gralloc : alloc buffer:W:1920 H:1080 S:1920 PL[1920 1080] SZ:8294400 fmt:1 if:0 af:1 usg:20000b00 fg:00000004
06-26 18:26:39.852 477 522 I ActivityTaskManager: +++Displayed com.dangbei.lerad.videoposter/com.dangbei.leradplayer.activity.PlayerActivity: +1s971ms
06-26 18:26:39.853 265 265 I AW_PowerHAL: Power setMode: LAUNCH to: 0
06-26 18:26:39.857 265 265 I AW_PowerHAL: cur-mode:SCHEDUTIL
06-26 18:26:39.869 2539 2539 I DefaultIMS: onStartInput attribute=android.view.inputmethod.EditorInfo@8344a2e restarting=false inputType: 0
06-26 18:26:39.893 477 525 W ProcessStats: Tracking association SourceState{6966299 com.dangbei.leard.leradlauncher/1000 BTopFgs #507} whose proc state 2 is better than process ProcessState{b68c95e com.dangbei.screencast/10013 pkg=com.dangbei.screencast} proc state 3 (12 skipped)
06-26 18:26:39.920 3636 3636 I cling--ap-1: type=1400 audit(0.0:2439): avc: denied { read } for name="address" dev="sysfs" ino=27837 scontext=u:r:platform_app:s0:c512,c768 tcontext=u:object_r:sysfs:s0 tclass=file permissive=1 app=com.dangbei.screencast
06-26 18:26:39.920 3636 3636 I cling--ap-1: type=1400 audit(0.0:2440): avc: denied { open } for path="/sys/devices/platform/unisoc_wifi/net/wlan1/address" dev="sysfs" ino=27837 scontext=u:r:platform_app:s0:c512,c768 tcontext=u:object_r:sysfs:s0 tclass=file permissive=1 app=com.dangbei.screencast
06-26 18:26:39.920 3636 3636 I cling--ap-1: type=1400 audit(0.0:2441): avc: denied { getattr } for path="/sys/devices/platform/unisoc_wifi/net/wlan1/address" dev="sysfs" ino=27837 scontext=u:r:platform_app:s0:c512,c768 tcontext=u:object_r:sysfs:s0 tclass=file permissive=1 app=com.dangbei.screencast
06-26 18:26:39.978 261 399 I gralloc : alloc buffer:W:860 H:760 S:864 PL[860 760] SZ:2626560 fmt:1 if:0 af:1 usg:20000b00 fg:00000004
06-26 18:26:39.982 261 399 I gralloc : alloc buffer:W:860 H:760 S:864 PL[860 760] SZ:2626560 fmt:1 if:0 af:1 usg:20000b00 fg:00000004
06-26 18:26:39.988 261 399 I gralloc : alloc buffer:W:860 H:760 S:864 PL[860 760] SZ:2626560 fmt:1 if:0 af:1 usg:20000b00 fg:00000004
06-26 18:26:39.988 3973 3973 W pool-2-thread-2: type=1400 audit(0.0:2442): avc: granted { nlmsg_readpriv } for scontext=u:r:untrusted_app_27:s0:c512,c768 tcontext=u:r:untrusted_app_27:s0:c512,c768 tclass=netlink_route_socket app=com.dangbei.lerad.videoposter
06-26 18:26:39.996 3973 3973 I pool-2-thread-2: type=1400 audit(0.0:2443): avc: denied { search } for name="net" dev="sysfs" ino=10442 scontext=u:r:untrusted_app_27:s0:c512,c768 tcontext=u:object_r:sysfs_net:s0 tclass=dir permissive=1 app=com.dangbei.lerad.videoposter
06-26 18:26:40.102 2539 2539 I DefaultIMS: onStartInput attribute=android.view.inputmethod.EditorInfo@a71c9cf restarting=false inputType: 0
06-26 18:26:40.138 477 524 W IorapForwardingService: No service published for: iorapd
06-26 18:26:40.150 477 1355 W InputManager-JNI: Input channel object 'ce9da3d Splash Screen com.dangbei.lerad.videoposter (client)' was disposed without first being removed with the input manager!
06-26 18:26:40.227 662 662 E WifiHAL : wifi_get_link_stats: requestResponse Error:-5
06-26 18:26:40.231 477 612 E WifiVendorHal: getWifiLinkLayerStats_1_5_Internal(l.1191) failed {.code = ERROR_INVALID_ARGS, .description = }
06-26 18:26:40.300 3973 4006 W Settings: Setting android_id has moved from android.provider.Settings.System to android.provider.Settings.Secure, returning read-only value.
06-26 18:26:40.306 4006 4006 W audit : audit_lost=1848 audit_rate_limit=5 audit_backlog_limit=64
06-26 18:26:40.306 4006 4006 E audit : rate limit exceeded
06-26 18:26:40.438 3973 4106 W SQLiteLog: (28) double-quoted string literal: "456085E80BD5CCBC6C456BDAEFD00A8E"
06-26 18:26:40.446 3973 3982 I rad.videoposte: Background young concurrent copying GC freed 149012(8644KB) AllocSpace objects, 85(2512KB) LOS objects, 72% free, 9335KB/33MB, paused 3.990ms total 497.643ms
06-26 18:26:40.710 477 502 W TelephonyPermissions: reportAccessDeniedToReadIdentifiers:com.dangbei.screencast:getSerial:-1
06-26 18:26:40.793 3820 3918 V NFC : this device does not have NFC support
06-26 18:26:40.894 320 2255 D XM_HIDREAD: poll ret=1, event=1
06-26 18:26:40.894 320 2255 D XM_HIDREAD: [9 bytes]:01 00 00 28 00 00 00 00 00
06-26 18:26:40.895 477 600 D TvWindowManager: key event key = KEYCODE_DPAD_CENTER down = true
06-26 18:26:40.902 477 599 D GpioService: mFlickerEnable = true
06-26 18:26:40.972 320 2255 D XM_HIDREAD: poll ret=1, event=1
06-26 18:26:40.973 320 2255 D XM_HIDREAD: [9 bytes]:01 00 00 00 00 00 00 00 00
06-26 18:26:40.975 477 600 D TvWindowManager: key event key = KEYCODE_DPAD_CENTER down = false
06-26 18:26:40.967 1067 1067 E sprdwl : sprdwl_rx_rsp_process ctx_id 0 recv rsp[WIFI_CMD_TX_DATA] status[SPRDWL_CMD_STATUS_ERROR]
06-26 18:26:41.044 477 599 D GpioService: mFlickerEnable = true
06-26 18:26:41.048 2539 2539 I SogouIME: onKeyDown: keyoCode=23
06-26 18:26:41.048 2539 2539 I DefaultIMS: onKeyDown: keyoCode=23
06-26 18:26:41.050 2539 2539 I SogouIME: onKeyUp: keyoCode=23
06-26 18:26:41.051 2539 2539 I DefaultIMS: onKeyUp: keyoCode=23
06-26 18:26:41.053 3973 3973 V MediaPlayer: resetDrmState: mDrmInfo=null mDrmProvisioningThread=null mPrepareDrmInProgress=false mActiveDrmScheme=false
06-26 18:26:41.053 3973 3973 V MediaPlayer: cleanDrmObj: mDrmObj=null mDrmSessionId=null
06-26 18:26:41.067 1032 1386 W MediaProvider: Failed to fetch original file descriptor
06-26 18:26:41.067 1032 1386 W MediaProvider: java.io.FileNotFoundException: Input file descriptor is already original
06-26 18:26:41.067 1032 1386 W MediaProvider: at com.android.providers.media.MediaProvider.getOriginalMediaFormatFileDescriptor(MediaProvider.java:5774)
06-26 18:26:41.067 1032 1386 W MediaProvider: at com.android.providers.media.MediaProvider.openTypedAssetFileCommon(MediaProvider.java:7190)
06-26 18:26:41.067 1032 1386 W MediaProvider: at com.android.providers.media.MediaProvider.openTypedAssetFile(MediaProvider.java:7171)
06-26 18:26:41.067 1032 1386 W MediaProvider: at android.content.ContentProvider$Transport.openTypedAssetFile(ContentProvider.java:548)
06-26 18:26:41.067 1032 1386 W MediaProvider: at android.content.ContentProviderNative.onTransact(ContentProviderNative.java:327)
06-26 18:26:41.067 1032 1386 W MediaProvider: at android.os.Binder.execTransactInternal(Binder.java:1179)
06-26 18:26:41.067 1032 1386 W MediaProvider: at android.os.Binder.execTransact(Binder.java:1143)
06-26 18:26:41.140 477 524 W IorapForwardingService: No service published for: iorapd
06-26 18:26:41.163 477 583 I WifiService: startScan uid=10013
06-26 18:26:41.165 477 612 I WifiScanRequestProxy: Scan request from com.dangbei.screencast throttled
06-26 18:26:41.166 477 583 E WifiService: Failed to start scan
06-26 18:26:41.413 358 2904 D MediaPlayerFactory: Initialize getpersist = 0 value=
06-26 18:26:41.414 358 2904 D awplayer: : AwPlayer construct.
06-26 18:26:41.419 358 2904 D awplayer: : XPlayerCreate.
06-26 18:26:41.419 358 2904 D awplayer: :
06-26 18:26:41.419 358 2904 D awplayer: >>>>>>>>>>>>>>>>>>>>>>>>>>>>>>> CedarX <<<<<<<<<<<<<<<<<<<<<<<<<<<<<<<
06-26 18:26:41.419 358 2904 D awplayer: tag : CedarX-2.8.0
06-26 18:26:41.419 358 2904 D awplayer: branch: master
06-26 18:26:41.419 358 2904 D awplayer: commit: 967535b8ff6a073cb4f38e85a4ae5fa6008014d8
06-26 18:26:41.419 358 2904 D awplayer: date : Mon, 15 May 2017 01:30:22 +0000 (09:30 +0800)
06-26 18:26:41.419 358 2904 D awplayer: author:
06-26 18:26:41.419 358 2904 D awplayer: ----------------------------------------------------------------------
06-26 18:26:41.422 358 4209 D awplayer: : ==== process message XPLAYER_COMMAND_SET_SUBCTRL.
06-26 18:26:41.422 358 2904 D awplayer: : set deinterlace
06-26 18:26:41.422 358 4209 D awplayer: : ==== process message XPLAYER_COMMAND_SET_SUBCTRL.
06-26 18:26:41.425 358 2904 D awplayer: : : init
06-26 18:26:41.426 358 4209 I awplayer: : process message XPLAYER_COMMAND_SET_SOURCE.
06-26 18:26:41.426 358 2904 D awplayer: : prepare
06-26 18:26:41.426 358 4209 D awplayer: : process message XPLAYER_COMMAND_PREPARE. mPriData->mStatus: 1
06-26 18:26:41.426 358 4208 D demuxComponent: : process message DEMUX_COMMAND_PREPARE.
06-26 18:26:41.427 358 4208 D awplayer: : source uri 'fd://7?offset=0&length=144788276'
06-26 18:26:41.428 358 4208 D awplayer: <__FileStreamConnect:463>: (8/0/144788276) path:'file:///storage/FE88252F8824E83B/dolby/Dolby TrueHD/杜比sample-Sully 2016 UltraHD BluRay 2160p HDR HEVC BT2020 Dolby Atmos 7.1(8声道) -DDR.mkv'
06-26 18:26:41.441 358 4208 D awplayer: : Good, it's 'mkv'
06-26 18:26:41.471 358 4208 D awplayer: : track are already parsed while parsing seekhead
06-26 18:26:41.471 358 4208 D demuxComponent: : *********PrintMediaInfo begin*********
06-26 18:26:41.472 358 4208 D demuxComponent: : fileSize = 144788276, bSeekable = 1, duration = 31490, audioNum = 1, videoNum = 1, subtitleNum = 4
06-26 18:26:41.472 358 4208 D demuxComponent: : ***Video[0]*** eCodecFormat = 0x116, nWidth = 3840, nHeight = 1600, nFrameRate = 23976, nFrameDuration = 0, bIs3DStream = 0, bSecureFlag = 0
06-26 18:26:41.472 358 4208 D demuxComponent: : ***Audio[0]*** eCodecFormat = 0x5, eSubCodecFormat = 0x0, nChannelNum = 8, nBitsPerSample = 0, nSampleRate = 48000
06-26 18:26:41.472 358 4208 D demuxComponent: : ***Subtitle[0]*** eCodecFormat = 0x102, strLang = (English)
06-26 18:26:41.472 358 4208 D demuxComponent: : ***Subtitle[1]*** eCodecFormat = 0x102, strLang = (Spanish)
06-26 18:26:41.472 358 4208 D demuxComponent: : ***Subtitle[2]*** eCodecFormat = 0x200, strLang = (Forced-French)
06-26 18:26:41.472 358 4208 D demuxComponent: : ***Subtitle[3]*** eCodecFormat = 0x200, strLang = (Full-French)
06-26 18:26:41.472 358 4208 D demuxComponent: : *********PrintMediaInfo end*********
06-26 18:26:41.474 358 4208 D cedarc : : load conf file /vendor/etc/cedarc.conf ok!
06-26 18:26:41.474 358 4208 W awplayer: : Set log level to 4
06-26 18:26:41.474 358 4208 E cedarc : : now cedarc log level:4
06-26 18:26:41.474 358 4208 I cedarc : : CreateVideoDecoder p:0xe865e380
06-26 18:26:41.475 358 4208 I cedarc : : *** ic_version = 0x3301000012011,
06-26 18:26:41.477 358 4208 I cedarc : : This is HEVC main 10 profile bitstream.
06-26 18:26:41.477 358 4208 I cedarc : : This is HEVC main 10 profile bitstream.
06-26 18:26:41.478 4208 4208 D : enable_cedar_hw_clk,516
06-26 18:26:41.478 4208 4208 W VE : VE real_freq=648000000
06-26 18:26:41.504 358 2904 D SurfaceUtils: connecting to surface 0xe8669808, reason setVideoSurfaceTexture
06-26 18:26:41.507 358 4209 I awplayer: : xxxxxxxxxx video size: width = 3840, height = 1600
06-26 18:26:41.512 477 502 W InputManager-JNI: Input channel object '2d057a1 com.dangbei.lerad.videoposter/com.dangbei.leradplayer.activity.PlayerActivity (client)' was disposed without first being removed with the input manager!
06-26 18:26:41.521 3973 3973 W InputEventReceiver: Attempted to finish an input event but the input event receiver has already been disposed.
06-26 18:26:41.523 358 2904 I awplayer: : isPlaying
06-26 18:26:41.524 375 375 D dom2reg : timezone change, new: Etc/GMT-8, pre:
06-26 18:26:41.524 375 375 W dom2reg : timezone [Etc/GMT-8] not in default tables, please check!
06-26 18:26:41.535 358 4214 D Allwinner Audio Middle Layer: ver : 2017-8-4-18-00 Create Decoder!!=====
06-26 18:26:41.535 358 4214 D Allwinner Audio Middle Layer: ver : 2017-8-4-18-00 AudioDec_Installaudiolib ok
06-26 18:26:41.535 358 4214 D Allwinner Audio Middle Layer: ver : 2017-8-4-18-00 audio decoder init start ...
06-26 18:26:41.535 358 4214 D AllwinnerAlibs: ver : 2017-8-4-18-00
06-26 18:26:41.535 358 4214 D AllwinnerAlibs: >>>>>>>>>>>>>>>>>>>>>>>>>>>>>>> Audio <<<<<<<<<<<<<<<<<<<<<<<<<<<<<<<
06-26 18:26:41.535 358 4214 D AllwinnerAlibs: tag : audiocodec-v1.2
06-26 18:26:41.535 358 4214 D AllwinnerAlibs: branch: new
06-26 18:26:41.535 358 4214 D AllwinnerAlibs: commit: 3ba65962c01cbf1280ddda19d843009b6ef8ce85
06-26 18:26:41.535 358 4214 D AllwinnerAlibs: date : Tue Jan 8 16:25:27 2019 +0800
06-26 18:26:41.535 358 4214 D AllwinnerAlibs: ----------------------------------------------------------------------
06-26 18:26:41.536 358 4214 D AllwinnerAlibs: ver : 2017-8-4-18-00 ----Loading so success!
06-26 18:26:41.536 358 4214 D AllwinnerAlibs: ver : 2017-8-4-18-00 *************pAudioStreamInfo start******************
06-26 18:26:41.536 358 4214 D AllwinnerAlibs: ver : 2017-8-4-18-00 eCodecFormat :id(5), name(dolby audio)
06-26 18:26:41.536 358 4214 D AllwinnerAlibs: ver : 2017-8-4-18-00 eSubCodecFormat :0
06-26 18:26:41.536 358 4214 D AllwinnerAlibs: ver : 2017-8-4-18-00 nChannelNum :8
06-26 18:26:41.536 358 4214 D AllwinnerAlibs: ver : 2017-8-4-18-00 nBitsPerSample :16
06-26 18:26:41.536 358 4214 D AllwinnerAlibs: ver : 2017-8-4-18-00 nSampleRate :48000
06-26 18:26:41.536 358 4214 D AllwinnerAlibs: ver : 2017-8-4-18-00 nAvgBitrate :0
06-26 18:26:41.536 358 4214 D AllwinnerAlibs: ver : 2017-8-4-18-00 nMaxBitRate :0
06-26 18:26:41.536 358 4214 D AllwinnerAlibs: ver : 2017-8-4-18-00 nFileSize :0
06-26 18:26:41.536 358 4214 D AllwinnerAlibs: ver : 2017-8-4-18-00 eAudioBitstreamSource:0
06-26 18:26:41.536 358 4214 D AllwinnerAlibs: ver : 2017-8-4-18-00 eDataEncodeType :1
06-26 18:26:41.536 358 4214 D AllwinnerAlibs: ver : 2017-8-4-18-00 nCodecSpecificDataLen:0
06-26 18:26:41.536 358 4214 D AllwinnerAlibs: ver : 2017-8-4-18-00 pCodecSpecificData :0x0
06-26 18:26:41.536 358 4214 D AllwinnerAlibs: ver : 2017-8-4-18-00 nFlags :0
06-26 18:26:41.536 358 4214 D AllwinnerAlibs: ver : 2017-8-4-18-00 nBlockAlign :0
06-26 18:26:41.536 358 4214 D AllwinnerAlibs: ver : 2017-8-4-18-00 *************pAudioStreamInfo end ******************
06-26 18:26:41.537 358 4214 D Allwinner Audio Middle Layer: ver : 2017-8-4-18-00 AUDIO DECODE INIT OK...0
06-26 18:26:41.538 358 4218 D subInternal: : ***internal sub_type = 0x102, nCodecSpecificDataLen = 0
06-26 18:26:41.578 358 4215 I awplayer: : audio render process start message.
06-26 18:26:41.578 358 4215 W awplayer: : message 0x40a not handled.
06-26 18:26:41.579 358 4215 I awplayer: : audio render process pause message.
06-26 18:26:41.579 358 4215 W awplayer: <__SdPause:622>: Invalid pause operation, sound device not in start status.
06-26 18:26:41.588 358 4215 I awplayer: : audio render process reset message.
06-26 18:26:41.597 358 4215 I awplayer: : audio render process start message.
06-26 18:26:41.606 274 633 D AudioFlinger: Client defaulted notificationFrames to 2610 for frameCount 5220
06-26 18:26:41.609 274 633 D AF::TrackHandle: OpPlayAudio: track:66 usage:1 not muted
06-26 18:26:41.620 358 2904 I awplayer: : isPlaying
06-26 18:26:41.632 2539 2539 I DefaultIMS: onStartInput attribute=android.view.inputmethod.EditorInfo@42f7106 restarting=false inputType: 0
06-26 18:26:41.641 358 2145 I awplayer: : isPlaying
06-26 18:26:41.644 358 4208 W awplayer: : submit +++video+++ stream data , pts is 14556.000 ms
06-26 18:26:41.650 358 4208 W awplayer: : submit ---audio--- stream data , pts is 14556.000 ms
06-26 18:26:41.650 253 316 I EffectsFactory: EffectCreate() create_effect
06-26 18:26:41.666 358 4211 I cedarc : : This is HEVC main 10 profile bitstream.
06-26 18:26:41.666 358 4211 I cedarc : : This is HEVC main 10 profile bitstream.
06-26 18:26:41.670 358 4213 I cedarc : : Video Stream Information:
06-26 18:26:41.670 358 4213 I cedarc : : codec = H265
