06-26 18:25:25.397 477 536 W ActivityManager: Slow operation: 61ms so far, now at startProcess: starting to update pids map
06-26 18:25:25.401 477 536 W ActivityManager: Slow operation: 65ms so far, now at startProcess: done updating pids map
06-26 18:25:25.409 2796 2796 I Zygote : seccomp disabled by setenforce 0
06-26 18:25:25.411 1320 1320 W KIT_FWK_a: KitFwk is not installed, pls do not use related interfaces.
06-26 18:25:25.416 1320 1320 W KIT_FWK_a: KitFwk is not installed, pls do not use related interfaces.
06-26 18:25:25.418 1320 1320 E PlayerClient: bind player service by aar.
06-26 18:25:25.423 2570 2586 W System : A resource failed to call close.
06-26 18:25:25.435 477 599 D GpioService: mFlickerEnable = true
06-26 18:25:25.450 1320 1320 D PlayerClient: bind player sink service true
06-26 18:25:25.469 403 421 I adbd : jdwp connection from 2796
06-26 18:25:25.495 477 1355 W ActivityManager: Foreground service started from background can not have location/camera/microphone access: service com.dangbei.screencast/.huaweicast.service.HuaweiCastService
06-26 18:25:25.509 375 375 D dom2reg : timezone change, new: Etc/GMT-8, pre:
06-26 18:25:25.509 375 375 W dom2reg : timezone [Etc/GMT-8] not in default tables, please check!
06-26 18:25:25.514 1320 1320 E HuaweiCastService: startForeground!
06-26 18:25:25.529 1320 1320 E HuaweiCastService: onStartCommand in 0
06-26 18:25:25.562 2570 2640 I System.out: true
06-26 18:25:25.592 1320 1320 D HiSight-SinkService: onCreate.
06-26 18:25:25.606 1320 1320 D HiSight-ConnectionManager: start ConnectionManager
06-26 18:25:25.618 1320 1320 D HiSight-SinkService: onBind.
06-26 18:25:25.638 1320 1320 D PlayerClient: service connected.
06-26 18:25:25.638 1320 1320 D HiSight-SinkService: ITaskBinder registerCallback: true
06-26 18:25:25.638 1320 1320 D HiSight-HiSightManager: ITaskBinder registerCallback.
06-26 18:25:25.638 1320 1320 D HiSight-CallbackManager: addNewCallback. com.dangbei.screencast.huaweicast.service.HuaweiCastService$a@d9c2a73
06-26 18:25:25.649 477 502 D CompatibilityChangeReporter: Compat change id reported: 168419799; UID 10022; state: DISABLED
06-26 18:25:25.681 1320 1320 E HuaweiCastService: eventId: 4001
06-26 18:25:25.682 1320 1320 E HuaweiCastService: mPlayerClient is null.
06-26 18:25:25.684 1320 1320 D HiSight-HiSightManager: check capability vbr range not setting, using default value
06-26 18:25:25.684 1320 1320 E HuaweiCastService: mPlayerClient is null.
06-26 18:25:25.685 2796 2796 D CompatibilityChangeReporter: Compat change id reported: 171979766; UID 10022; state: ENABLED
06-26 18:25:25.687 1320 1320 D HiSight-SinkService: setAuthMode
06-26 18:25:25.687 1320 1320 W HiSight-ConnectionManager: mSinkId is empty
06-26 18:25:25.744 2796 2796 I externalstorage: type=1400 audit(0.0:1761): avc: denied { getattr } for path="/data/data/com.android.externalstorage" dev="mmcblk0p25" ino=690 scontext=u:r:platform_app:s0:c512,c768 tcontext=u:object_r:app_data_file:s0:c512,c768 tclass=dir permissive=1 app=com.android.externalstorage
06-26 18:25:25.780 1320 1320 I queued-work-loo: type=1400 audit(0.0:1762): avc: denied { search } for name="com.dangbei.screencast" dev="mmcblk0p25" ino=891 scontext=u:r:platform_app:s0:c512,c768 tcontext=u:object_r:app_data_file:s0:c512,c768 tclass=dir permissive=1 app=com.dangbei.screencast
06-26 18:25:25.790 1095 1107 I d.leradlaunche: Background concurrent copying GC freed 107201(6853KB) AllocSpace objects, 193(5716KB) LOS objects, 49% free, 21MB/43MB, paused 11.786ms total 1.209s
06-26 18:25:25.836 2796 2796 V GraphicsEnvironment: ANGLE Developer option for 'com.android.externalstorage' set to: 'default'
06-26 18:25:25.836 2796 2796 V GraphicsEnvironment: Neither updatable production driver nor prerelease driver is supported.
06-26 18:25:25.850 2796 2796 D NetworkSecurityConfig: No Network Security Config specified, using platform default
06-26 18:25:25.851 2796 2796 D NetworkSecurityConfig: No Network Security Config specified, using platform default
06-26 18:25:25.891 2796 2796 D ExternalStorage: After updating volumes, found 2 active roots
06-26 18:25:25.905 2796 2796 D ExternalStorage: After updating volumes, found 2 active roots
06-26 18:25:25.937 821 821 E DiskReceiver: Missing fsUuid, not launching activity.
06-26 18:25:25.937 477 599 W InputDispatcher: Dispatching key to 2364e47 com.dangbei.leard.leradlauncher/com.dangbei.launcher.home.LauncherActivity even though there are other unprocessed events
06-26 18:25:25.942 477 502 I ActivityManager: com.tv.filemanager.os is exempt from freezer
06-26 18:25:25.942 477 502 D CompatibilityChangeReporter: Compat change id reported: 135634846; UID 10049; state: DISABLED
06-26 18:25:25.942 477 502 D CompatibilityChangeReporter: Compat change id reported: 177438394; UID 10049; state: DISABLED
06-26 18:25:25.942 477 502 D CompatibilityChangeReporter: Compat change id reported: 135772972; UID 10049; state: DISABLED
06-26 18:25:25.942 477 502 D CompatibilityChangeReporter: Compat change id reported: 135754954; UID 10049; state: DISABLED
06-26 18:25:25.947 2673 2690 W System : A resource failed to call close.
06-26 18:25:25.950 2539 2539 I chromium: [0626/182525:INFO:config_service.cc(227)] Load config buffer. err_code = 3, err_msg = Line: 1, column: 1, Unexpected token.
06-26 18:25:25.954 477 536 D CompatibilityChangeReporter: Compat change id reported: 143937733; UID 10049; state: DISABLED
06-26 18:25:25.955 2673 2690 W System : A resource failed to call close.
06-26 18:25:25.957 477 524 W IorapForwardingService: No service published for: iorapd
06-26 18:25:25.982 248 248 D Zygote : Forked child process 2835
06-26 18:25:25.985 477 536 I ActivityManager: app.processName = com.tv.filemanager.os
06-26 18:25:25.985 477 536 I ActivityManager: Start proc 2835:com.tv.filemanager.os/u0a49 for broadcast {com.tv.filemanager.os/com.dangbei.lerad.filemanager.receives.USBReceiver}
06-26 18:25:25.998 2835 2835 I Zygote : seccomp disabled by setenforce 0
06-26 18:25:26.048 403 421 I adbd : jdwp connection from 2835
06-26 18:25:26.056 2570 2648 I TDLog : TalkingData App Analytics SDK init...
06-26 18:25:26.056 2570 2648 I TDLog : SDK_VERSION is: Android+TD+V4.0.22 gp Type:Native Build_Num:712
06-26 18:25:26.056 2570 2648 I TDLog : App ID is: 219DEBE67C3B47D799EED1190DEACA09
06-26 18:25:26.056 2570 2648 I TDLog : App Channel is: statisticSDK
06-26 18:25:26.056 2570 2648 I TDLog : SDK_OVC is: TDOVC+a004ba0d7e569531a3ac013fd19b4443+SaaS
06-26 18:25:26.103 1095 1370 D ExifInterface: No image meets the size requirements of a thumbnail image.
06-26 18:25:26.110 382 753 D BufferPoolAccessor2.0: bufferpool2 0xf62fb098 : 0(0 size) total buffers - 0(0 size) used buffers - 21/23 (recycle/alloc) - 2/22 (fetch/transfer)
06-26 18:25:26.110 382 753 D BufferPoolAccessor2.0: bufferpool2 0xf62fa2d8 : 0(0 size) total buffers - 0(0 size) used buffers - 23/28 (recycle/alloc) - 5/27 (fetch/transfer)
06-26 18:25:26.110 382 753 D BufferPoolAccessor2.0: evictor expired: 2, evicted: 2
06-26 18:25:26.114 477 900 D BufferPoolAccessor2.0: bufferpool2 0xe371dc98 : 0(0 size) total buffers - 0(0 size) used buffers - 1/7 (recycle/alloc) - 6/50 (fetch/transfer)
06-26 18:25:26.114 477 900 D BufferPoolAccessor2.0: bufferpool2 0xe3f75c18 : 0(0 size) total buffers - 0(0 size) used buffers - 2/7 (recycle/alloc) - 9/60 (fetch/transfer)
06-26 18:25:26.114 477 900 D BufferPoolAccessor2.0: evictor expired: 2, evicted: 2
06-26 18:25:26.143 477 1352 D CompatibilityChangeReporter: Compat change id reported: 168419799; UID 10049; state: DISABLED
06-26 18:25:26.144 2348 2348 I rainbow_flow: type=1400 audit(0.0:1763): avc: denied { ioctl } for path="/dev/spidev1.0" dev="tmpfs" ino=6605 ioctlcmd=0x6b00 scontext=u:r:init:s0 tcontext=u:object_r:device:s0 tclass=chr_file permissive=1
06-26 18:25:26.172 2835 2835 D CompatibilityChangeReporter: Compat change id reported: 171979766; UID 10049; state: DISABLED
06-26 18:25:26.223 2835 2835 D ApplicationLoaders: Returning zygote-cached class loader: /system/framework/android.test.base.jar
06-26 18:25:26.252 2539 2539 I CHInputSession: set engine mode: 2 layout: 2
06-26 18:25:26.320 2539 2539 D CHJNIDefault: setInputMode value=-1
06-26 18:25:26.320 2539 2539 I InputContext: onChanged: candidateWords=[]
06-26 18:25:26.321 2539 2539 I InputContext: onChanged: candidateWordInfo.size=0 global offset: 0pausedCandidateData = false
06-26 18:25:26.321 2539 2539 I InputContext: onChanged: composing=null
06-26 18:25:26.321 2539 2539 I InputContext: onChanged: forCompose=false
06-26 18:25:26.323 477 1355 I WifiService: startScan uid=1000
06-26 18:25:26.330 2539 2539 I nw : onChanged: input mode:languageID=0
06-26 18:25:26.330 2539 2539 I nw : scriptID=2
06-26 18:25:26.330 2539 2539 I nw : layoutID=2
06-26 18:25:26.331 2539 2539 I SogouIME: onKeyDown: keyoCode=4
06-26 18:25:26.331 2539 2539 I DefaultIMS: onKeyDown: keyoCode=4
06-26 18:25:26.333 2539 2539 I SogouIME: onKeyUp: keyoCode=4
06-26 18:25:26.333 2539 2539 I DefaultIMS: onKeyUp: keyoCode=4
06-26 18:25:26.445 2835 2835 V GraphicsEnvironment: ANGLE Developer option for 'com.tv.filemanager.os' set to: 'default'
06-26 18:25:26.445 2835 2835 V GraphicsEnvironment: Neither updatable production driver nor prerelease driver is supported.
06-26 18:25:26.449 2835 2835 D NetworkSecurityConfig: No Network Security Config specified, using platform default
06-26 18:25:26.450 2835 2835 D NetworkSecurityConfig: No Network Security Config specified, using platform default
06-26 18:25:26.454 2835 2835 I MultiDex: VM with version 2.1.0 has multidex support
06-26 18:25:26.454 2835 2835 I MultiDex: Installing application
06-26 18:25:26.454 2835 2835 I MultiDex: VM has multidex support, MultiDex support library is disabled.
06-26 18:25:26.532 477 1426 D CompatibilityChangeReporter: Compat change id reported: 149924527; UID 10049; state: ENABLED
06-26 18:25:26.535 477 1426 D CompatibilityChangeReporter: Compat change id reported: 132649864; UID 10049; state: DISABLED
06-26 18:25:26.532 266 266 I EventThread: type=1400 audit(0.0:1764): avc: denied { search } for name="extcon" dev="sysfs" ino=18109 scontext=u:r:hal_tv_cec_default:s0 tcontext=u:object_r:sysfs_extcon:s0 tclass=dir permissive=1
06-26 18:25:26.598 1032 1476 I MediaProvider: Deleted 1 0 0 0 0 0 0 items on external_primary due to scan triggered by reason: REASON_MOUNTED
06-26 18:25:26.605 1032 1476 I MediaProvider: Scanned external_primary due to REASON_MOUNTED, found 80 items in 3382ms, 0 inserts 10 updates 1 deletes
06-26 18:25:26.614 1032 1476 I MediaProvider: End Intent { act=com.android.providers.media.action.SCAN_VOLUME (has extras) }
06-26 18:25:26.632 1095 1466 E hq : ErrorCoroutineExceptionHandler:::runTry error:com.dangbei.leard.base.proider.error.EmptyApiException: 数据为空 from=requestMessageDialog from=requestMessageDialog
06-26 18:25:26.647 1032 1476 I MediaProvider: Begin Intent { act=com.android.providers.media.action.SCAN_VOLUME (has extras) }
06-26 18:25:26.726 2835 2835 I MultiDex: Installing application
06-26 18:25:26.727 2835 2835 I MultiDex: VM has multidex support, MultiDex support library is disabled.
06-26 18:25:26.737 2835 2835 W .filemanager.o: Accessing hidden field Landroid/app/ActivityThread;->mHiddenApiWarningShown:Z (max-target-o, reflection, denied)
06-26 18:25:26.738 2835 2835 W System.err: java.lang.NoSuchFieldException: No field mHiddenApiWarningShown in class Landroid/app/ActivityThread; (declaration of 'android.app.ActivityThread' appears in /system/framework/framework.jar)
06-26 18:25:26.738 2835 2835 W System.err: at java.lang.Class.getDeclaredField(Native Method)
06-26 18:25:26.738 2835 2835 W System.err: at com.dangbei.lerad.filemanager.application.App.disableAPIDialog(App.java:166)
06-26 18:25:26.738 2835 2835 W System.err: at com.dangbei.lerad.filemanager.application.App.onCreate(App.java:95)
06-26 18:25:26.738 2835 2835 W System.err: at android.app.Instrumentation.callApplicationOnCreate(Instrumentation.java:1211)
06-26 18:25:26.738 2835 2835 W System.err: at android.app.ActivityThread.handleBindApplication(ActivityThread.java:6740)
06-26 18:25:26.738 2835 2835 W System.err: at android.app.ActivityThread.access$1500(ActivityThread.java:247)
06-26 18:25:26.738 2835 2835 W System.err: at android.app.ActivityThread$H.handleMessage(ActivityThread.java:2053)
06-26 18:25:26.738 2835 2835 W System.err: at android.os.Handler.dispatchMessage(Handler.java:106)
06-26 18:25:26.738 2835 2835 W System.err: at android.os.Looper.loopOnce(Looper.java:201)
06-26 18:25:26.738 2835 2835 W System.err: at android.os.Looper.loop(Looper.java:288)
06-26 18:25:26.738 2835 2835 W System.err: at android.app.ActivityThread.main(ActivityThread.java:7854)
06-26 18:25:26.739 2835 2835 W System.err: at java.lang.reflect.Method.invoke(Native Method)
06-26 18:25:26.739 2835 2835 W System.err: at com.android.internal.os.RuntimeInit$MethodAndArgsCaller.run(RuntimeInit.java:548)
06-26 18:25:26.739 2835 2835 W System.err: at com.android.internal.os.ZygoteInit.main(ZygoteInit.java:1182)
06-26 18:25:26.747 2539 2539 I DefaultIMS: onStartInput attribute=android.view.inputmethod.EditorInfo@6262ce8 restarting=false inputType: 0
06-26 18:25:26.761 2835 2835 E ActivityThread: Failed to find provider info for lerad.provider.etna
06-26 18:25:26.763 1032 1476 I MediaProvider: Scanned internal due to REASON_MOUNTED, found 5 items in 92ms, 0 inserts 0 updates 0 deletes
06-26 18:25:26.780 1032 1476 W ModernMediaScanner: Failed to visit /oem/media: java.nio.file.NoSuchFileException: /oem/media
06-26 18:25:26.785 1032 1476 I MediaProvider: Scanned internal due to REASON_MOUNTED, found 0 items in 14ms, 0 inserts 0 updates 0 deletes
06-26 18:25:26.792 1320 1320 I SharedPreferenc: type=1400 audit(0.0:1765): avc: denied { open } for path="/data/user/0/com.dangbei.screencast/shared_prefs/tdid.xml" dev="mmcblk0p25" ino=2001 scontext=u:r:platform_app:s0:c512,c768 tcontext=u:object_r:app_data_file:s0:c512,c768 tclass=file permissive=1 app=com.dangbei.screencast
06-26 18:25:26.801 2835 2835 D USBReceiver: usb > onReceive: action = android.intent.action.MEDIA_MOUNTED
06-26 18:25:26.810 477 1352 I ActivityManager: Killing 1072:com.android.traceur/u0a31 (adj 985): empty #17
06-26 18:25:26.825 403 2882 I adbd : host-13: write thread spawning
06-26 18:25:26.829 403 2881 I adbd : host-13: read thread spawning
06-26 18:25:26.833 477 537 I libprocessgroup: Successfully killed process cgroup uid 10031 pid 1072 in 5ms
06-26 18:25:26.871 248 248 I Zygote : Process 1072 exited due to signal 9 (Killed)
06-26 18:25:26.893 477 1352 I ActivityManager: com.oranth.usbopenft is exempt from freezer
06-26 18:25:26.897 477 1352 D CompatibilityChangeReporter: Compat change id reported: 135634846; UID 1000; state: DISABLED
06-26 18:25:26.904 1320 1320 I locHandlerThrea: type=1400 audit(0.0:1766): avc: denied { lock } for path="/data/user/0/com.dangbei.screencast/files/TDCloud_Control_Cache_Param4" dev="mmcblk0p25" ino=2016 scontext=u:r:platform_app:s0:c512,c768 tcontext=u:object_r:app_data_file:s0:c512,c768 tclass=file permissive=1 app=com.dangbei.screencast
06-26 18:25:26.908 1320 1320 I locHandlerThrea: type=1400 audit(0.0:1767): avc: denied { search } for name="com.dangbei.screencast" dev="mmcblk0p25" ino=891 scontext=u:r:platform_app:s0:c512,c768 tcontext=u:object_r:app_data_file:s0:c512,c768 tclass=dir permissive=1 app=com.dangbei.screencast
06-26 18:25:26.924 248 248 D Zygote : Forked child process 2886
06-26 18:25:26.926 477 536 I ActivityManager: app.processName = com.oranth.usbopenft
06-26 18:25:26.926 477 536 I ActivityManager: Start proc 2886:com.oranth.usbopenft/1000 for broadcast {com.oranth.usbopenft/com.oranth.usbopenft.UsbReceiver}
06-26 18:25:26.932 477 1352 I WifiService: startScan uid=10013
06-26 18:25:26.936 2886 2886 I Zygote : seccomp disabled by setenforce 0
06-26 18:25:26.960 477 524 W IorapForwardingService: No service published for: iorapd
06-26 18:25:26.961 403 421 I adbd : jdwp connection from 2886
06-26 18:25:26.986 2886 2886 D CompatibilityChangeReporter: Compat change id reported: 171979766; UID 1000; state: ENABLED
06-26 18:25:27.030 403 403 I adbd : host-13: already offline
06-26 18:25:27.031 403 403 I adbd : Calling send_auth_request...
06-26 18:25:27.037 2886 2886 V GraphicsEnvironment: ANGLE Developer option for 'com.oranth.usbopenft' set to: 'default'
06-26 18:25:27.037 2886 2886 V GraphicsEnvironment: Neither updatable production driver nor prerelease driver is supported.
06-26 18:25:27.045 2886 2886 D NetworkSecurityConfig: No Network Security Config specified, using platform default
06-26 18:25:27.046 2886 2886 D NetworkSecurityConfig: No Network Security Config specified, using platform default
06-26 18:25:27.058 2796 2796 D ExternalStorage: After updating volumes, found 2 active roots
06-26 18:25:27.066 1032 1126 W MediaProvider: getVolumePath for unknown volume: internal
06-26 18:25:27.068 477 1352 I ActivityManager: Killing 1134:com.android.keychain/1000 (adj 985): empty #17
06-26 18:25:27.074 1032 1126 W MediaProvider: getVolumePath for unknown volume: internal
06-26 18:25:27.076 821 821 D DiskReceiver: Scanning volume: VolumeInfo{emulated;0}:
06-26 18:25:27.076 821 821 D DiskReceiver: type=EMULATED diskId=null partGuid= mountFlags=PRIMARY|VISIBLE
06-26 18:25:27.076 821 821 D DiskReceiver: mountUserId=0 state=MOUNTED
06-26 18:25:27.076 821 821 D DiskReceiver: fsType=null fsUuid=null fsLabel=null
06-26 18:25:27.076 821 821 D DiskReceiver: path=/storage/emulated internalPath=/data/media
06-26 18:25:27.109 2835 2835 D USBReceiver: usb > onReceive: action = android.intent.action.MEDIA_MOUNTED
06-26 18:25:27.113 477 537 I libprocessgroup: Successfully killed process cgroup uid 1000 pid 1134 in 43ms
06-26 18:25:27.116 2348 2348 I rainbow_flow: type=1400 audit(0.0:1768): avc: denied { ioctl } for path="/dev/spidev1.0" dev="tmpfs" ino=6605 ioctlcmd=0x6b00 scontext=u:r:init:s0 tcontext=u:object_r:device:s0 tclass=chr_file permissive=1
06-26 18:25:27.131 248 248 I Zygote : Process 1134 exited due to signal 9 (Killed)
06-26 18:25:27.171 2796 2796 D ExternalStorage: After updating volumes, found 2 active roots
06-26 18:25:27.178 821 821 E DiskReceiver: Missing fsUuid, not launching activity.
06-26 18:25:27.186 2796 2796 D ExternalStorage: After updating volumes, found 2 active roots
06-26 18:25:27.198 821 821 D DiskReceiver: Scanning volume: VolumeInfo{public:8,1}:
06-26 18:25:27.198 821 821 D DiskReceiver: type=PUBLIC diskId=disk:8,0 partGuid= mountFlags=VISIBLE mountUserId=0
06-26 18:25:27.198 821 821 D DiskReceiver: state=MOUNTED
06-26 18:25:27.198 821 821 D DiskReceiver: fsType=ntfs fsUuid=FE88252F8824E83B fsLabel=android
06-26 18:25:27.198 821 821 D DiskReceiver: path=/storage/FE88252F8824E83B internalPath=/mnt/media_rw/FE88252F8824E83B
06-26 18:25:27.204 2835 2835 D USBReceiver: usb > onReceive: action = android.intent.action.MEDIA_MOUNTED
06-26 18:25:27.207 2835 2835 W .filemanager.o: Accessing hidden method Landroid/os/storage/VolumeInfo;->getDescriptionComparator()Ljava/util/Comparator; (max-target-o, reflection, denied)
06-26 18:25:27.207 2835 2835 W System.err: java.lang.NoSuchMethodException: android.os.storage.VolumeInfo.getDescriptionComparator []
06-26 18:25:27.208 2835 2835 W System.err: at java.lang.Class.getMethod(Class.java:2103)
06-26 18:25:27.208 2835 2835 W System.err: at java.lang.Class.getMethod(Class.java:1724)
06-26 18:25:27.208 2835 2835 W System.err: at com.monster.godzilla.utlis.FileManagerSdcardUtils.getAllSDPath(FileManagerSdcardUtils.java:126)
06-26 18:25:27.208 2835 2835 W System.err: at com.dangbei.lerad.filemanager.receives.USBReceiver.onReceive(USBReceiver.java:43)
06-26 18:25:27.208 2835 2835 W System.err: at android.app.ActivityThread.handleReceiver(ActivityThread.java:4308)
06-26 18:25:27.208 2835 2835 W System.err: at android.app.ActivityThread.access$1600(ActivityThread.java:247)
06-26 18:25:27.208 2835 2835 W System.err: at android.app.ActivityThread$H.handleMessage(ActivityThread.java:2064)
06-26 18:25:27.208 2835 2835 W System.err: at android.os.Handler.dispatchMessage(Handler.java:106)
06-26 18:25:27.208 2835 2835 W System.err: at android.os.Looper.loopOnce(Looper.java:201)
06-26 18:25:27.208 2835 2835 W System.err: at android.os.Looper.loop(Looper.java:288)
06-26 18:25:27.208 2835 2835 W System.err: at android.app.ActivityThread.main(ActivityThread.java:7854)
06-26 18:25:27.208 2835 2835 W System.err: at java.lang.reflect.Method.invoke(Native Method)
06-26 18:25:27.208 2835 2835 W System.err: at com.android.internal.os.RuntimeInit$MethodAndArgsCaller.run(RuntimeInit.java:548)
06-26 18:25:27.208 2835 2835 W System.err: at com.android.internal.os.ZygoteInit.main(ZygoteInit.java:1182)
06-26 18:25:27.236 2907 2907 I mount : type=1400 audit(0.0:1769): avc: denied { getattr } for path="/metadata" dev="mmcblk0p19" ino=2 scontext=u:r:untrusted_app_29:s0:c49,c256,c512,c768 tcontext=u:object_r:metadata_file:s0 tclass=dir permissive=1 app=com.tv.filemanager.os
06-26 18:25:27.240 403 403 I adbd : adbd_auth: loading keys from /data/misc/adb/adb_keys
06-26 18:25:27.241 403 403 I adbd : adb client authorized
06-26 18:25:27.253 2907 2907 W audit : audit_lost=1279 audit_rate_limit=5 audit_backlog_limit=64
06-26 18:25:27.253 2907 2907 E audit : rate limit exceeded
06-26 18:25:27.248 2907 2907 I mount : type=1400 audit(0.0:1770): avc: denied { getattr } for path="/linkerconfig" dev="tmpfs" ino=6522 scontext=u:r:untrusted_app_29:s0:c49,c256,c512,c768 tcontext=u:object_r:linkerconfig_file:s0 tclass=dir permissive=1 app=com.tv.filemanager.os
06-26 18:25:27.271 2835 2835 D sss : 发现USB设备------------------>>2>/storage/FE88252F8824E83B
06-26 18:25:27.271 2835 2835 D USBReceiver: onReceive: rootPaths size = 1
06-26 18:25:27.467 2835 2835 D USBDialogUtils: show >>>
06-26 18:25:27.510 375 375 D dom2reg : timezone change, new: Etc/GMT-8, pre:
06-26 18:25:27.510 375 375 W dom2reg : timezone [Etc/GMT-8] not in default tables, please check!
06-26 18:25:27.544 477 526 D CompatibilityChangeReporter: Compat change id reported: 158002302; UID 10049; state: ENABLED
06-26 18:25:27.549 280 337 W ServiceManager: Permission failure: android.permission.ACCESS_SURFACE_FLINGER from uid=10049 pid=2835
06-26 18:25:27.549 280 337 D PermissionCache: checking android.permission.ACCESS_SURFACE_FLINGER for uid=10049 => denied (2725 us)
06-26 18:25:27.550 280 337 W ServiceManager: Permission failure: android.permission.ROTATE_SURFACE_FLINGER from uid=10049 pid=2835
06-26 18:25:27.550 280 337 D PermissionCache: checking android.permission.ROTATE_SURFACE_FLINGER for uid=10049 => denied (279 us)
06-26 18:25:27.565 186 186 I hwservicemanager: getTransport: Cannot find entry android.hardware.configstore@1.0::ISurfaceFlingerConfigs/default in either framework or device VINTF manifest.
06-26 18:25:27.579 320 2255 D XM_HIDREAD: poll ret=1, event=1
06-26 18:25:27.579 320 2255 D XM_HIDREAD: [9 bytes]:01 00 00 52 00 00 00 00 00
06-26 18:25:27.579 477 600 D TvWindowManager: key event key = KEYCODE_DPAD_UP down = true
06-26 18:25:27.586 477 599 D GpioService: mFlickerEnable = true
06-26 18:25:27.587 477 599 W InputDispatcher: Waiting because no window has focus but ActivityRecord{6783267 u0 com.dangbei.leard.leradlauncher/com.dangbei.launcher.home.LauncherActivity t109} may eventually add a window when it finishes starting up. Will wait for 10000ms
06-26 18:25:27.588 1049 1049 I dangbei111: cccccc on receiver=android.bluetooth.device.action.ACL_CONNECTED,mac=E4:BB:D3:57:C0:18
06-26 18:25:27.588 1049 1049 E dangbei111: cccccc cancelDiscovery begin
06-26 18:25:27.595 280 337 E HWComposer: getSupportedContentTypes: getSupportedContentTypes failed for display 0: Unsupported (8)
06-26 18:25:27.598 1049 1049 E dangbei111: cccccc 检查遥控器是否连接: Dangbei E4:BB:D3:57:C0:18
06-26 18:25:27.601 1049 1049 E dangbei111: cccccc 检查遥控器是否连接: 蓝牙的结果 Dangbei E4:BB:D3:57:C0:18 true
06-26 18:25:27.601 1049 1049 E dangbei111: cccccc 确实有遥控器 存在 取消check任务
06-26 18:25:27.601 1049 1049 E dangbei111: cccccc rc is connected, stop scan =E4:BB:D3:57:C0:18
06-26 18:25:27.602 671 685 D BluetoothAdapterService: cancelDiscovery
06-26 18:25:27.603 671 980 I bt_btif_dm: system/bt/btif/src/btif_dm.cc:1884 btif_dm_cancel_discovery: Cancel search
06-26 18:25:27.605 477 1352 W BroadcastQueue: Target SDK mismatch: receiver ActivityInfo{9ba3bf1 com.dangbei.screencast.startup.BootReceiver} targets 28 but delivery restricted to [0, 23] broadcasting Intent { act=android.net.conn.CONNECTIVITY_CHANGE flg=0x4200010 (has extras) } from android (pid=477, uid=1000) to com.dangbei.screencast/.startup.BootReceiver
06-26 18:25:27.605 186 186 I hwservicemanager: getTransport: Cannot find entry android.hardware.graphics.mapper@4.0::IMapper/default in either framework or device VINTF manifest.
06-26 18:25:27.605 2835 2927 I Gralloc4: mapper 4.x is not supported
06-26 18:25:27.606 477 535 W BroadcastQueue: Target SDK mismatch: receiver ActivityInfo{ff523d6 com.dangbei.euthenia.receiver.NetworkChangeReceiver} targets 26 but delivery restricted to [0, 23] broadcasting Intent { act=android.net.conn.CONNECTIVITY_CHANGE flg=0x4200010 (has extras) } from android (pid=477, uid=1000) to com.dangbei.lerad.videoposter/com.dangbei.euthenia.receiver.NetworkChangeReceiver
06-26 18:25:27.607 186 186 I hwservicemanager: getTransport: Cannot find entry android.hardware.graphics.mapper@3.0::IMapper/default in either framework or device VINTF manifest.
06-26 18:25:27.607 477 535 W BroadcastQueue: Target SDK mismatch: receiver ActivityInfo{9cfa657 com.dangbei.screencast.startup.BootReceiver} targets 28 but delivery restricted to [0, 23] broadcasting Intent { act=android.net.conn.CONNECTIVITY_CHANGE flg=0x4200010 (has extras) } from android (pid=477, uid=1000) to com.dangbei.screencast/.startup.BootReceiver
06-26 18:25:27.607 477 535 W BroadcastQueue: Target SDK mismatch: receiver ActivityInfo{628544 com.dangbei.euthenia.receiver.NetworkChangeReceiver} targets 26 but delivery restricted to [0, 23] broadcasting Intent { act=android.net.conn.CONNECTIVITY_CHANGE flg=0x4200010 (has extras) } from android (pid=477, uid=1000) to com.dangbei.lerad.videoposter/com.dangbei.euthenia.receiver.NetworkChangeReceiver
06-26 18:25:27.607 2835 2927 W Gralloc3: mapper 3.x is not supported
06-26 18:25:27.613 2835 2927 E gralloc : Arm Module v1.0
06-26 18:25:27.617 477 535 D CompatibilityChangeReporter: Compat change id reported: 168419799; UID 10021; state: DISABLED
06-26 18:25:27.617 186 186 I hwservicemanager: getTransport: Cannot find entry android.hardware.graphics.allocator@4.0::IAllocator/default in either framework or device VINTF manifest.
06-26 18:25:27.617 2835 2927 W Gralloc4: allocator 4.x is not supported
06-26 18:25:27.621 186 186 I hwservicemanager: getTransport: Cannot find entry android.hardware.graphics.allocator@3.0::IAllocator/default in either framework or device VINTF manifest.
06-26 18:25:27.621 2835 2927 W Gralloc3: allocator 3.x is not supported
06-26 18:25:27.625 261 399 I gralloc : alloc buffer:W:936 H:566 S:944 PL[936 566] SZ:2137216 fmt:1 if:0 af:1 usg:20000b00 fg:00000004
06-26 18:25:27.625 2835 2927 E ion : ioctl c0044901 failed with code -1: Inappropriate ioctl for device
06-26 18:25:27.626 261 399 I gralloc : alloc buffer:W:936 H:566 S:944 PL[936 566] SZ:2137216 fmt:1 if:0 af:1 usg:20000b00 fg:00000004
06-26 18:25:27.628 261 399 I gralloc : alloc buffer:W:936 H:566 S:944 PL[936 566] SZ:2137216 fmt:1 if:0 af:1 usg:20000b00 fg:00000004
06-26 18:25:27.633 2835 2835 D UsbDialogItem: usb name > android
06-26 18:25:27.690 2835 2835 E USBDialogUtils: usbdisk alert found
06-26 18:25:27.694 477 755 D TvWindowManager: key event key = KEYCODE_DPAD_DOWN down = true
06-26 18:25:27.702 662 662 E WifiHAL : wifi_get_link_stats: requestResponse Error:-5
06-26 18:25:27.704 477 612 E WifiVendorHal: getWifiLinkLayerStats_1_5_Internal(l.1191) failed {.code = ERROR_INVALID_ARGS, .description = }
06-26 18:25:27.737 477 599 D GpioService: mFlickerEnable = true
06-26 18:25:27.747 320 2255 D XM_HIDREAD: poll ret=1, event=1
06-26 18:25:27.747 320 2255 D XM_HIDREAD: [9 bytes]:01 00 00 00 00 00 00 00 00
06-26 18:25:27.747 477 600 D TvWindowManager: key event key = KEYCODE_DPAD_UP down = false
06-26 18:25:27.754 2539 2539 I DefaultIMS: onStartInput attribute=android.view.inputmethod.EditorInfo@2037b83 restarting=false inputType: 0
06-26 18:25:27.754 1032 1476 I MediaProvider: Scanned internal due to REASON_MOUNTED, found 230 items in 956ms, 0 inserts 7 updates 0 deletes
06-26 18:25:27.759 477 1352 D TvWindowManager: key event key = KEYCODE_DPAD_DOWN down = false
06-26 18:25:27.762 2539 2539 I SogouIME: onKeyUp: keyoCode=19
06-26 18:25:27.762 2539 2539 I DefaultIMS: onKeyUp: keyoCode=19
06-26 18:25:27.767 1032 1126 W MediaProvider: getVolumePath for unknown volume: internal
06-26 18:25:27.768 1032 1126 W MediaProvider: getVolumePath for unknown volume: internal
06-26 18:25:27.771 1032 1126 W MediaProvider: getVolumePath for unknown volume: internal
06-26 18:25:27.773 1032 1126 W MediaProvider: getVolumePath for unknown volume: internal
06-26 18:25:27.775 1032 1126 W MediaProvider: getVolumePath for unknown volume: internal
06-26 18:25:27.782 2539 2539 I SogouIME: onKeyUp: keyoCode=20
06-26 18:25:27.783 2539 2539 I DefaultIMS: onKeyUp: keyoCode=20
06-26 18:25:27.815 2367 2712 E ActivityThread: Failed to find provider info for com.tcl.xian.StartandroidService.MyContentProvider
06-26 18:25:27.962 477 524 W IorapForwardingService: No service published for: iorapd
06-26 18:25:27.968 477 477 W NotificationHistory: Attempted to add notif for locked/gone/disabled user 0
06-26 18:25:27.985 672 672 V TvNotificationHandler: Notification not added because it isn't relevant for tv
06-26 18:25:28.231 477 502 D WifiNl80211Manager: Scan result ready event
06-26 18:25:28.231 477 502 D WifiNative: Scan result ready event
06-26 18:25:28.302 477 617 D WificondScannerImpl: Filtering out 19 scan results.
06-26 18:25:28.334 1095 1095 E hq : NetWorkStateReceiver:::NetWorkStateReceiver onReceive: 网络变化广播 >>>> intent.action=android.net.wifi.SCAN_RESULTS
06-26 18:25:28.348 662 662 E WifiHAL : wifi_get_link_stats: requestResponse Error:-5
06-26 18:25:28.350 477 612 E WifiVendorHal: getWifiLinkLayerStats_1_5_Internal(l.1191) failed {.code = ERROR_INVALID_ARGS, .description = }
06-26 18:25:28.374 1095 1095 W eventbuscore: post Event:com.dangbei.leard.base.entity.event.NetWifiRssiEvent
06-26 18:25:28.378 2367 2712 D config.Worker: config,ver: null
06-26 18:25:28.379 2367 2712 D ab.Worker: ab,ver: null
06-26 18:25:28.404 1320 1320 I locHandlerThrea: type=1400 audit(0.0:1774): avc: denied { lock } for path="/data/user/0/com.dangbei.screencast/files/TDCloud_Control_Cache_Param4" dev="mmcblk0p25" ino=2016 scontext=u:r:platform_app:s0:c512,c768 tcontext=u:object_r:app_data_file:s0:c512,c768 tclass=file permissive=1 app=com.dangbei.screencast
06-26 18:25:28.432 1320 1320 I locHandlerThrea: type=1400 audit(0.0:1775): avc: denied { search } for name="com.dangbei.screencast" dev="mmcblk0p25" ino=891 scontext=u:r:platform_app:s0:c512,c768 tcontext=u:object_r:app_data_file:s0:c512,c768 tclass=dir permissive=1 app=com.dangbei.screencast
06-26 18:25:28.432 1320 1320 I locHandlerThrea: type=1400 audit(0.0:1776): avc: denied { write } for name="files" dev="mmcblk0p25" ino=1874 scontext=u:r:platform_app:s0:c512,c768 tcontext=u:object_r:app_data_file:s0:c512,c768 tclass=dir permissive=1 app=com.dangbei.screencast
06-26 18:25:28.432 1320 1320 I locHandlerThrea: type=1400 audit(0.0:1777): avc: denied { add_name } for name="TD_AES_DATA_LOCK" scontext=u:r:platform_app:s0:c512,c768 tcontext=u:object_r:app_data_file:s0:c512,c768 tclass=dir permissive=1 app=com.dangbei.screencast
06-26 18:25:28.436 1320 1320 I locHandlerThrea: type=1400 audit(0.0:1778): avc: denied { create } for name="TD_AES_DATA_LOCK" scontext=u:r:platform_app:s0:c512,c768 tcontext=u:object_r:app_data_file:s0:c512,c768 tclass=file permissive=1 app=com.dangbei.screencast
06-26 18:25:28.443 2007 2007 W audit : audit_lost=1282 audit_rate_limit=5 audit_backlog_limit=64
06-26 18:25:28.443 2007 2007 E audit : rate limit exceeded
06-26 18:25:28.614 320 2255 D XM_HIDREAD: poll ret=1, event=1
06-26 18:25:28.614 320 2255 D XM_HIDREAD: [9 bytes]:01 00 00 29 00 00 00 00 00
06-26 18:25:28.614 477 600 D TvWindowManager: key event key = KEYCODE_BACK down = true
06-26 18:25:28.620 477 599 D GpioService: mFlickerEnable = true
06-26 18:25:28.664 2367 2712 D config.Worker: config,ver: null
06-26 18:25:28.664 2367 2712 D ab.Worker: ab,ver: null
06-26 18:25:28.691 477 1355 I WifiService: startScan uid=1000
06-26 18:25:28.760 320 2255 D XM_HIDREAD: poll ret=1, event=1
06-26 18:25:28.760 320 2255 D XM_HIDREAD: [9 bytes]:01 00 00 00 00 00 00 00 00
06-26 18:25:28.760 477 600 D TvWindowManager: key event key = KEYCODE_BACK down = false
06-26 18:25:28.761 477 523 D AutofillManagerService: onBackKeyPressed()
06-26 18:25:28.765 477 599 D GpioService: mFlickerEnable = true
06-26 18:25:28.767 2539 2539 I SogouIME: onKeyDown: keyoCode=4
06-26 18:25:28.767 2539 2539 I DefaultIMS: onKeyDown: keyoCode=4
06-26 18:25:28.769 2539 2539 I SogouIME: onKeyUp: keyoCode=4
06-26 18:25:28.769 2539 2539 I DefaultIMS: onKeyUp: keyoCode=4
06-26 18:25:28.777 477 1355 W InputManager-JNI: Input channel object '9c32103 com.tv.filemanager.os (client)' was disposed without first being removed with the input manager!
06-26 18:25:28.790 2835 2835 W InputEventReceiver: Attempted to finish an input event but the input event receiver has already been disposed.
06-26 18:25:28.818 2539 2539 I DefaultIMS: onStartInput attribute=android.view.inputmethod.EditorInfo@ce9458a restarting=false inputType: 0
06-26 18:25:28.964 477 524 W IorapForwardingService: No service published for: iorapd
06-26 18:25:29.038 477 525 W NotificationHistory: Attempted to remove channel for locked/gone/disabled user 0
06-26 18:25:29.039 266 286 D hdmi-cec: receive invalid cec message!
06-26 18:25:29.039 266 286 D hdmi-cec: receive poll message [04], skip!
06-26 18:25:29.040 477 477 D CompatibilityChangeReporter: Compat change id reported: 175319604; UID 1000; state: DISABLED
06-26 18:25:29.040 477 477 D CompatibilityChangeReporter: Compat change id reported: 175319604; UID 1000; state: ENABLED
06-26 18:25:29.046 477 477 D CompatibilityChangeReporter: Compat change id reported: 175319604; UID 10075; state: DISABLED
06-26 18:25:29.054 477 477 D CompatibilityChangeReporter: Compat change id reported: 175319604; UID 10067; state: ENABLED
06-26 18:25:29.157 1 1 I init : processing action (debug.launcher3.exit=1) from (/vendor/etc/init/init.scheduler.rc:1)
06-26 18:25:29.393 1320 2080 I efs.base: lt=event`ev_ct=efs_core`ev_ac=config_coverage`tm=2025-06-26 18:25:39`dn=884562d0-54da-4cce-9d74-00e5c75509d9`ps=com.dangbei.screencast`um_os=android`stime=1750933517724`pid=1320`fr=android`pkg=com.dangbei.screencast`cver=1735614866`vcode=20830`dsp_w=1920`uid=884562d0-54da-4cce-9d74-00e5c75509d9`rom=12`wid=884562d0-54da-4cce-9d74-00e5c75509d9`um_app_carrier=`um_access=unknow`um_app_channel=os`um_crash_sdk_version=1.4.0`ctime=1750933529`model=dbbox-a2`lang=zh`net=wifi`brand=dangbei`dsp_h=1080`um_network_type=0`ver=v2.8.3`build_model=DBBOX-A2`w_tm=1750933529`appid=5fc60c21094d637f3130af19`um_umid_header=ai1cc720f47734fc58e671cdbea6807313`sdk=31`tzone=Etc/GMT-8`sdk_ver=1.3.6.umeng
06-26 18:25:29.393 1320 2017 I efs.config: config request succ, config is:
06-26 18:25:29.393 1320 2017 I efs.config: {"msg":"成功","code":0,"cip":"127.0.0.1","config":{"common":{"updateInteval":480,"gate_way_https":true},"sign":"f3NSWQVPdVNUZ18XDA==","app_configs":[{"conditions":[{"val":"0.0.0.0","opc":">=","fld":"ver"}],"actions":[{"opt":"apm_netperf_state","set":100},{"opt":"apm_netperf_day_limit","set":100},{"opt":"apm_netperf_res_bd_state","set":100},{"opt":"apm_oom_state","set":0},{"opt":"apm_netperf_data_rate","set":10},{"opt":"apm_native_h5perf_sampling_rate","set":5},{"opt":"apm_netperf_req_hd_state","set":100},{"opt":"apm_netperf_sampling_rate","set":1},{"opt":"flutter_dart_exception_max_count","set":20},{"opt":"flutter_pv_sampling_rate","set":5},{"opt":"apm_netperf_res_hd_state","set":100},{"opt":"flutter_page_state","set":100},{"opt":"flutter_page_rate","set":5},{"opt":"apm_memperf_sampling_rate","set":0},{"opt":"apm_crash_user_upload_type","set":1},{"opt":"apm_memperf_collect_max_period_sec","set":600},{"opt":"apm_crash_user_max_count","set":20},{"opt":"apm_netperf_bd_state","set":100},{"opt":"apm_native_h5_state","set":0},{"opt":"apm_mem_state","set":0},{"opt":"flutter_dart_exception_state","set":100},{"opt":"flutter_pv_max_count","set":200},{"opt":"apm_memperf_collect_interval","set":5},{"opt":"apm_flutter_state","set":100},{"opt":"apm_patrace_switch_rate","set":5},{"opt":"record_accumulation_time","set":60},{"opt":"apm_net_state","set":0},{"opt":"apm_startperf_sampling_rate","set":5},{"opt":"apm_oom_sampling_rate","set":5}]}]},"stm":1750933529,"cver":1735614866}
06-26 18:25:29.393 1320 2017 I efs.config: efs config is {"msg":"成功","code":0,"cip":"127.0.0.1","config":{"common":{"updateInteval":480,"gate_way_https":true},"sign":"f3NSWQVPdVNUZ18XDA==","app_configs":[{"conditions":[{"val":"0.0.0.0","opc":">=","fld":"ver"}],"actions":[{"opt":"apm_netperf_state","set":100},{"opt":"apm_netperf_day_limit","set":100},{"opt":"apm_netperf_res_bd_state","set":100},{"opt":"apm_oom_state","set":0},{"opt":"apm_netperf_data_rate","set":10},{"opt":"apm_native_h5perf_sampling_rate","set":5},{"opt":"apm_netperf_req_hd_state","set":100},{"opt":"apm_netperf_sampling_rate","set":1},{"opt":"flutter_dart_exception_max_count","set":20},{"opt":"flutter_pv_sampling_rate","set":5},{"opt":"apm_netperf_res_hd_state","set":100},{"opt":"flutter_page_state","set":100},{"opt":"flutter_page_rate","set":5},{"opt":"apm_memperf_sampling_rate","set":0},{"opt":"apm_crash_user_upload_type","set":1},{"opt":"apm_memperf_collect_max_period_sec","set":600},{"opt":"apm_crash_user_max_count","set":20},{"opt":"apm_netperf_bd_state","set":100},{"opt":"apm_native_h5_state","set":0},{"opt":"apm_mem_state","set":0},{"opt":"flutter_dart_exception_state","set":100},{"opt":"flutter_pv_max_count","set":200},{"opt":"apm_memperf_collect_interval","set":5},{"opt":"apm_flutter_state","set":100},{"opt":"apm_patrace_switch_rate","set":5},{"opt":"record_accumulation_time","set":60},{"opt":"apm_net_state","set":0},{"opt":"apm_startperf_sampling_rate","set":5},{"opt":"apm_oom_sampling_rate","set":5}]}]},"stm":1750933529,"cver":1735614866}
06-26 18:25:29.397 1320 2017 E efs.config: updateConfigCond error
06-26 18:25:29.397 1320 2017 E efs.config: java.lang.NumberFormatException: For input string: "v2"
06-26 18:25:29.397 1320 2017 E efs.config: at java.lang.Integer.parseInt(Integer.java:615)
06-26 18:25:29.397 1320 2017 E efs.config: at java.lang.Integer.parseInt(Integer.java:650)
06-26 18:25:29.397 1320 2017 E efs.config: at com.efs.sdk.base.core.config.a.d.a(Unknown Source:33)
06-26 18:25:29.397 1320 2017 E efs.config: at com.efs.sdk.base.core.config.a.d.a(Unknown Source:8)
06-26 18:25:29.397 1320 2017 E efs.config: at com.efs.sdk.base.core.config.a.d.a(Unknown Source:404)
06-26 18:25:29.397 1320 2017 E efs.config: at com.efs.sdk.base.core.config.a.d.a(Unknown Source:129)
06-26 18:25:29.397 1320 2017 E efs.config: at com.efs.sdk.base.core.config.a.c.a(Unknown Source:4)
06-26 18:25:29.397 1320 2017 E efs.config: at com.efs.sdk.base.core.config.a.c.e(Unknown Source:53)
06-26 18:25:29.397 1320 2017 E efs.config: at com.efs.sdk.base.core.config.a.c.handleMessage(Unknown Source:105)
06-26 18:25:29.397 1320 2017 E efs.config: at android.os.Handler.dispatchMessage(Handler.java:102)
06-26 18:25:29.397 1320 2017 E efs.config: at android.os.Looper.loopOnce(Looper.java:201)
06-26 18:25:29.397 1320 2017 E efs.config: at android.os.Looper.loop(Looper.java:288)
06-26 18:25:29.397 1320 2017 E efs.config: at android.os.HandlerThread.run(HandlerThread.java:67)
06-26 18:25:29.404 1320 2080 I efs.base: lt=event`ev_ct=efs_core`ev_ac=log_lag`tm=2025-06-26 18:25:40`dn=884562d0-54da-4cce-9d74-00e5c75509d9`ps=com.dangbei.screencast`um_os=android`stime=1750933517724`pid=1320`fr=android`pkg=com.dangbei.screencast`vcode=20830`dsp_w=1920`uid=884562d0-54da-4cce-9d74-00e5c75509d9`rom=12`wid=884562d0-54da-4cce-9d74-00e5c75509d9`um_app_carrier=`um_access=unknow`um_app_channel=os`um_crash_sdk_version=1.4.0`ctime=1750933529`model=dbbox-a2`lang=zh`net=wifi`brand=dangbei`dsp_h=1080`um_network_type=0`ver=v2.8.3`cnt=0`build_model=DBBOX-A2`w_tm=1750933529`appid=5fc60c21094d637f3130af19`um_umid_header=ai1cc720f47734fc58e671cdbea6807313`sdk=31`tzone=Etc/GMT-8`sdk_ver=1.3.6.umeng
06-26 18:25:29.406 1258 2213 E KOOM : [koom] koom start failed, check result: OS_VERSION_NO_COMPATIBILITY
06-26 18:25:29.435 320 2255 D XM_HIDREAD: poll ret=1, event=1
06-26 18:25:29.435 320 2255 D XM_HIDREAD: [9 bytes]:01 00 00 29 00 00 00 00 00
06-26 18:25:29.435 477 600 D TvWindowManager: key event key = KEYCODE_BACK down = true
06-26 18:25:29.443 477 599 D GpioService: mFlickerEnable = true
06-26 18:25:29.510 375 375 D dom2reg : timezone change, new: Etc/GMT-8, pre:
06-26 18:25:29.510 375 375 W dom2reg : timezone [Etc/GMT-8] not in default tables, please check!
06-26 18:25:29.536 266 266 I EventThread: type=1400 audit(0.0:1785): avc: denied { search } for name="extcon" dev="sysfs" ino=18109 scontext=u:r:hal_tv_cec_default:s0 tcontext=u:object_r:sysfs_extcon:s0 tclass=dir permissive=1
06-26 18:25:29.581 320 2255 D XM_HIDREAD: poll ret=1, event=1
06-26 18:25:29.582 477 600 D TvWindowManager: key event key = KEYCODE_BACK down = false
06-26 18:25:29.582 320 2255 D XM_HIDREAD: [9 bytes]:01 00 00 00 00 00 00 00 00
06-26 18:25:29.582 477 523 D AutofillManagerService: onBackKeyPressed()
06-26 18:25:29.586 477 599 D GpioService: mFlickerEnable = true
06-26 18:25:29.587 2539 2539 I SogouIME: onKeyDown: keyoCode=4
06-26 18:25:29.587 2539 2539 I DefaultIMS: onKeyDown: keyoCode=4
06-26 18:25:29.588 1095 1095 E SecondScreen: FirstScreenLayoutView dispatchKeyEvent 4
06-26 18:25:29.589 2539 2539 I SogouIME: onKeyUp: keyoCode=4
06-26 18:25:29.590 2539 2539 I DefaultIMS: onKeyUp: keyoCode=4
06-26 18:25:29.591 1095 1095 E SecondScreen: FirstScreenLayoutView dispatchKeyEvent 4
06-26 18:25:29.616 1320 1320 I ModuleDataForwa: type=1400 audit(0.0:1786): avc: denied { rename } for name="TD_IP_CACHE.xml" dev="mmcblk0p25" ino=41868 scontext=u:r:platform_app:s0:c512,c768 tcontext=u:object_r:app_data_file:s0:c512,c768 tclass=file permissive=1 app=com.dangbei.screencast
06-26 18:25:29.620 1320 1320 I ModuleDataForwa: type=1400 audit(0.0:1787): avc: denied { setattr } for name="TD_IP_CACHE.xml" dev="mmcblk0p25" ino=43160 scontext=u:r:platform_app:s0:c512,c768 tcontext=u:object_r:app_data_file:s0:c512,c768 tclass=file permissive=1 app=com.dangbei.screencast
06-26 18:25:29.620 1320 1320 I ModuleDataForwa: type=1400 audit(0.0:1788): avc: denied { unlink } for name="TD_IP_CACHE.xml.bak" dev="mmcblk0p25" ino=41868 scontext=u:r:platform_app:s0:c512,c768 tcontext=u:object_r:app_data_file:s0:c512,c768 tclass=file permissive=1 app=com.dangbei.screencast
06-26 18:25:29.923 477 757 D SntpClient: request time failed: java.net.SocketTimeoutException: Poll timed out
06-26 18:25:29.938 477 502 I WifiService: releaseMulticastLock uid=10013
06-26 18:25:29.941 477 502 I WifiService: releaseMulticastLock uid=10013
06-26 18:25:29.956 2348 2348 I rainbow_flow: type=1400 audit(0.0:1789): avc: denied { ioctl } for path="/dev/spidev1.0" dev="tmpfs" ino=6605 ioctlcmd=0x6b00 scontext=u:r:init:s0 tcontext=u:object_r:device:s0 tclass=chr_file permissive=1
06-26 18:25:29.960 1320 1320 D HiSight-SinkService: setDiscoverable true
06-26 18:25:29.963 1320 1320 D NearFieldManager: init.
06-26 18:25:29.963 1320 1320 D NearFieldManager: try check dmsdp
06-26 18:25:29.965 1095 1223 D wenhc : getScreenInfo uri = content://com.dangbei.screencast.parts.info/screen_cast
06-26 18:25:29.966 477 524 W IorapForwardingService: No service published for: iorapd
06-26 18:25:29.984 1320 1320 D NearFieldManager: package not exist
06-26 18:25:29.990 477 502 D CompatibilityChangeReporter: Compat change id reported: 135634846; UID 10013; state: DISABLED
06-26 18:25:29.991 477 536 D CompatibilityChangeReporter: Compat change id reported: 143937733; UID 10013; state: DISABLED
06-26 18:25:29.992 1320 1320 D NearFieldManager: bind nearfield service true
06-26 18:25:29.994 1320 1320 D NearFieldManager: registerCallback true
06-26 18:25:29.994 1320 1320 D HiSight-Discovery: set deviceInfo type:46
06-26 18:25:29.994 1320 1320 D HiSight-Discovery: startAdvertise 1
06-26 18:25:30.008 248 248 D Zygote : Forked child process 2969
06-26 18:25:30.010 477 536 I ActivityManager: app.processName = com.huawei.connection
06-26 18:25:30.010 477 536 I ActivityManager: Start proc 2969:com.huawei.connection/u0a13 for service {com.dangbei.screencast/com.huawei.connection.service.NearFieldManagerService}
06-26 18:25:30.016 2969 2969 I Zygote : seccomp disabled by setenforce 0
06-26 18:25:30.039 403 421 I adbd : jdwp connection from 2969
06-26 18:25:30.066 2969 2969 D CompatibilityChangeReporter: Compat change id reported: 171979766; UID 10013; state: DISABLED
06-26 18:25:30.073 2969 2969 D ApplicationLoaders: Returning zygote-cached class loader: /system/framework/android.test.base.jar
06-26 18:25:30.074 2969 2969 D ApplicationLoaders: Returning zygote-cached class loader: /system/framework/android.hidl.manager-V1.0-java.jar
06-26 18:25:30.074 2969 2969 D ApplicationLoaders: Returning zygote-cached class loader: /system/framework/android.hidl.base-V1.0-java.jar
06-26 18:25:30.101 2969 2969 W audit : audit_lost=1288 audit_rate_limit=5 audit_backlog_limit=64
06-26 18:25:30.101 2969 2969 E audit : rate limit exceeded
06-26 18:25:30.118 2969 2969 V GraphicsEnvironment: ANGLE Developer option for 'com.dangbei.screencast' set to: 'default'
06-26 18:25:30.118 2969 2969 V GraphicsEnvironment: Neither updatable production driver nor prerelease driver is supported.
06-26 18:25:30.121 2969 2969 D NetworkSecurityConfig: Using Network Security Config from resource network_security_config debugBuild: false
06-26 18:25:30.125 2969 2969 D NetworkSecurityConfig: Using Network Security Config from resource network_security_config debugBuild: false
06-26 18:25:30.127 2969 2969 I MultiDex: VM with version 2.1.0 has multidex support
06-26 18:25:30.127 2969 2969 I MultiDex: Installing application
06-26 18:25:30.127 2969 2969 I MultiDex: VM has multidex support, MultiDex support library is disabled.
06-26 18:25:30.216 2969 3008 I crashsdk: version unique build id: 6230cced
06-26 18:25:30.221 2969 3009 D crashsdk: Native log stat thread 3009 setup, waiting
06-26 18:25:30.225 2969 2993 I crashsdk: begin hack android.os.Process
06-26 18:25:30.225 2969 2993 I crashsdk: end hack android.os.Process
06-26 18:25:30.247 2969 3013 W efs.send_log: tryFileLock start!
06-26 18:25:30.250 2969 2993 I Matrix.AnrTracer: anrTrace, final mAnrBeatTime:400, mAnrBeatRate:400
06-26 18:25:30.252 2969 2993 E LaunchManager: Non main process !
06-26 18:25:30.253 2969 3013 I efs.config: --->>> 删除旧的配置文件 false
06-26 18:25:30.253 2969 2993 W System.err: java.lang.NullPointerException: Attempt to invoke virtual method 'boolean com.efs.sdk.launch.LaunchConfigManager.enableTracer()' on a null object reference
06-26 18:25:30.253 2969 2993 W System.err: at com.umeng.umcrash.UMCrash.init(Unknown Source:403)
06-26 18:25:30.253 2969 2993 W System.err: at java.lang.reflect.Method.invoke(Native Method)
06-26 18:25:30.253 2969 2993 W System.err: at com.umeng.commonsdk.UMConfigure.init(Unknown Source:811)
06-26 18:25:30.253 2969 2993 W System.err: at b.f.f.b.a(:4)
06-26 18:25:30.253 2969 2993 W System.err: at h.o.a.run(Unknown Source:2)
06-26 18:25:30.254 2969 3013 I efs.config: current config version (-1) is older than another (1735614866)
06-26 18:25:30.255 2969 3013 I efs.config: load config from storage and notify observer
06-26 18:25:30.255 2969 3020 I efs.base: lt=event`ev_ct=efs_core`ev_ac=pvuv`tm=2025-06-26 18:25:25`dn=884562d0-54da-4cce-9d74-00e5c75509d9`ps=com.huawei.connection`um_os=android`stime=1750933530006`pid=2969`fr=android`pkg=com.dangbei.screencast`vcode=20830`dsp_w=1920`uid=884562d0-54da-4cce-9d74-00e5c75509d9`rom=12`wid=884562d0-54da-4cce-9d74-00e5c75509d9`um_app_carrier=`um_access=wifi`um_app_channel=os`um_crash_sdk_version=1.4.0`ctime=1750933530`model=dbbox-a2`lang=zh`net=wifi`brand=dangbei`dsp_h=1080`um_network_type=0`ver=v2.8.3`build_model=DBBOX-A2`w_tm=1750933530`appid=5fc60c21094d637f3130af19`um_umid_header=ai1cc720f47734fc58e671cdbea6807313`sdk=31`tzone=Etc/GMT-8`sdk_ver=1.3.6.umeng
06-26 18:25:30.256 2969 2969 I TDLog : setReportUncaughtExceptions: true
06-26 18:25:30.257 2969 2969 E Application: onCreate:Version:v2.8.3/20830/883432e
06-26 18:25:30.269 2969 2969 D NearFieldManagerService: NearFieldManagerService.
06-26 18:25:30.286 2969 2969 D NearFieldManagerService: onCreate, enter.
06-26 18:25:30.287 2969 2969 I NearFieldManagerService: onBind, enter.
06-26 18:25:30.287 2969 2969 D NearFieldManagerService: initService
06-26 18:25:30.287 2969 2969 D NearFieldManagerService: NearField starting...
06-26 18:25:30.288 2969 2969 D NearFieldUtils: checkSystemProperty in
06-26 18:25:30.290 2969 2969 D NearFieldUtils: checkSystemProperty: systemProperties:
06-26 18:25:30.290 2969 2969 E NearFieldUtils: validProperty: priority is null
06-26 18:25:30.291 477 1426 W ServiceManager: Permission failure: android.permission.HIGH_SAMPLING_RATE_SENSORS from uid=10013 pid=2969
06-26 18:25:30.295 1320 1320 D NearFieldManager: service connected.
06-26 18:25:30.296 1320 1320 D HiSight-Discovery: eventId: 4001
06-26 18:25:30.297 1320 2968 D HiSight-Discovery: msg 4001
06-26 18:25:30.297 1320 2968 D HiSight-Discovery: bind success, status Ready
06-26 18:25:30.297 1320 2968 D HiSight-Discovery: startAdvertise 2
06-26 18:25:30.297 1320 2968 D HiSight-Discovery: stopAdvertise.
06-26 18:25:30.297 1320 2968 D HiSight-Discovery: nearFieldStartListen deviceType 46
