06-26 18:24:58.672 315 315 I pgrep : type=1400 audit(0.0:194): avc: denied { open } for path="/proc/273/stat" dev="proc" ino=8643 scontext=u:r:toolbox:s0 tcontext=u:r:hal_rebootescrow_default:s0 tclass=file permissive=1
06-26 18:24:58.672 315 315 I pgrep : type=1400 audit(0.0:195): avc: denied { getattr } for path="/proc/274" dev="proc" ino=2001 scontext=u:r:toolbox:s0 tcontext=u:r:audioserver:s0 tclass=dir permissive=1
06-26 18:24:58.672 315 315 I pgrep : type=1400 audit(0.0:196): avc: denied { search } for name="274" dev="proc" ino=2001 scontext=u:r:toolbox:s0 tcontext=u:r:audioserver:s0 tclass=dir permissive=1
06-26 18:24:58.672 315 315 I pgrep : type=1400 audit(0.0:197): avc: denied { open } for path="/proc/274/stat" dev="proc" ino=8644 scontext=u:r:toolbox:s0 tcontext=u:r:audioserver:s0 tclass=file permissive=1
06-26 18:24:58.672 315 315 I pgrep : type=1400 audit(0.0:198): avc: denied { getattr } for path="/proc/275" dev="proc" ino=2773 scontext=u:r:toolbox:s0 tcontext=u:r:credstore:s0 tclass=dir permissive=1
06-26 18:24:58.672 315 315 I pgrep : type=1400 audit(0.0:199): avc: denied { search } for name="275" dev="proc" ino=2773 scontext=u:r:toolbox:s0 tcontext=u:r:credstore:s0 tclass=dir permissive=1
06-26 18:24:58.672 315 315 I pgrep : type=1400 audit(0.0:200): avc: denied { open } for path="/proc/275/stat" dev="proc" ino=8645 scontext=u:r:toolbox:s0 tcontext=u:r:credstore:s0 tclass=file permissive=1
06-26 18:24:58.672 315 315 I pgrep : type=1400 audit(0.0:201): avc: denied { getattr } for path="/proc/277" dev="proc" ino=8294 scontext=u:r:toolbox:s0 tcontext=u:r:gpuservice:s0 tclass=dir permissive=1
06-26 18:24:58.672 315 315 I pgrep : type=1400 audit(0.0:202): avc: denied { search } for name="277" dev="proc" ino=8294 scontext=u:r:toolbox:s0 tcontext=u:r:gpuservice:s0 tclass=dir permissive=1
06-26 18:24:58.672 315 315 I pgrep : type=1400 audit(0.0:203): avc: denied { open } for path="/proc/277/stat" dev="proc" ino=8646 scontext=u:r:toolbox:s0 tcontext=u:r:gpuservice:s0 tclass=file permissive=1
06-26 18:24:58.672 315 315 I pgrep : type=1400 audit(0.0:204): avc: denied { getattr } for path="/proc/280" dev="proc" ino=2892 scontext=u:r:toolbox:s0 tcontext=u:r:surfaceflinger:s0 tclass=dir permissive=1
06-26 18:24:58.672 315 315 I pgrep : type=1400 audit(0.0:205): avc: denied { search } for name="280" dev="proc" ino=2892 scontext=u:r:toolbox:s0 tcontext=u:r:surfaceflinger:s0 tclass=dir permissive=1
06-26 18:24:58.672 315 315 I pgrep : type=1400 audit(0.0:206): avc: denied { open } for path="/proc/280/stat" dev="proc" ino=8647 scontext=u:r:toolbox:s0 tcontext=u:r:surfaceflinger:s0 tclass=file permissive=1
06-26 18:24:58.672 315 315 I pgrep : type=1400 audit(0.0:207): avc: denied { getattr } for path="/proc/282" dev="proc" ino=2812 scontext=u:r:toolbox:s0 tcontext=u:r:pqd:s0 tclass=dir permissive=1
06-26 18:24:58.672 315 315 I pgrep : type=1400 audit(0.0:208): avc: denied { search } for name="282" dev="proc" ino=2812 scontext=u:r:toolbox:s0 tcontext=u:r:pqd:s0 tclass=dir permissive=1
06-26 18:24:58.672 315 315 I pgrep : type=1400 audit(0.0:209): avc: denied { open } for path="/proc/282/stat" dev="proc" ino=8648 scontext=u:r:toolbox:s0 tcontext=u:r:pqd:s0 tclass=file permissive=1
06-26 18:24:58.676 313 313 I xiriservice_All: type=1400 audit(0.0:210): avc: denied { read } for name="lib" dev="mmcblk0p25" ino=41639 scontext=u:r:init:s0 tcontext=u:object_r:radio_data_file:s0 tclass=lnk_file permissive=1
06-26 18:24:58.676 313 313 I xiriservice_All: type=1400 audit(0.0:211): avc: denied { search } for name="com.android.modulemetadata" dev="mmcblk0p25" ino=790 scontext=u:r:init:s0 tcontext=u:object_r:app_data_file:s0:c58,c256,c512,c768 tclass=dir permissive=1
06-26 18:24:58.676 313 313 I xiriservice_All: type=1400 audit(0.0:212): avc: denied { search } for name="com.google.android.apps.searchlite.overlay" dev="mmcblk0p25" ino=814 scontext=u:r:init:s0 tcontext=u:object_r:app_data_file:s0:c5,c256,c512,c768 tclass=dir permissive=1
06-26 18:24:58.676 313 313 I xiriservice_All: type=1400 audit(0.0:213): avc: denied { search } for name="com.android.internal.systemui.navbar.threebutton" dev="mmcblk0p25" ino=822 scontext=u:r:init:s0 tcontext=u:object_r:app_data_file:s0:c4,c256,c512,c768 tclass=dir permissive=1
06-26 18:24:58.676 313 313 I xiriservice_All: type=1400 audit(0.0:214): avc: denied { search } for name="com.google.android.networkstackconfig" dev="mmcblk0p25" ino=830 scontext=u:r:init:s0 tcontext=u:object_r:app_data_file:s0:c7,c256,c512,c768 tclass=dir permissive=1
06-26 18:24:58.680 313 313 I xiriservice_All: type=1400 audit(0.0:215): avc: denied { search } for name="com.android.internal.systemui.navbar.gestural_extra_wide_back" dev="mmcblk0p25" ino=911 scontext=u:r:init:s0 tcontext=u:object_r:app_data_file:s0:c3,c256,c512,c768 tclass=dir permissive=1
06-26 18:24:58.680 313 313 I xiriservice_All: type=1400 audit(0.0:216): avc: denied { search } for name="com.android.printspooler" dev="mmcblk0p25" ino=935 scontext=u:r:init:s0 tcontext=u:object_r:app_data_file:s0:c41,c256,c512,c768 tclass=dir permissive=1
06-26 18:24:58.680 313 313 I xiriservice_All: type=1400 audit(0.0:217): avc: denied { read } for name="lib" dev="mmcblk0p25" ino=41645 scontext=u:r:init:s0 tcontext=u:object_r:app_data_file:s0:c41,c256,c512,c768 tclass=lnk_file permissive=1
06-26 18:24:58.684 313 313 I xiriservice_All: type=1400 audit(0.0:218): avc: denied { search } for name="com.android.dreams.basic" dev="mmcblk0p25" ino=943 scontext=u:r:init:s0 tcontext=u:object_r:app_data_file:s0:c42,c256,c512,c768 tclass=dir permissive=1
06-26 18:24:58.684 313 313 I xiriservice_All: type=1400 audit(0.0:219): avc: denied { search } for name="com.android.webview" dev="mmcblk0p25" ino=951 scontext=u:r:init:s0 tcontext=u:object_r:app_data_file:s0:c60,c256,c512,c768 tclass=dir permissive=1
06-26 18:24:58.684 313 313 I xiriservice_All: type=1400 audit(0.0:220): avc: denied { read } for name="lib" dev="mmcblk0p25" ino=41647 scontext=u:r:init:s0 tcontext=u:object_r:app_data_file:s0:c60,c256,c512,c768 tclass=lnk_file permissive=1
06-26 18:24:58.684 319 319 I init : type=1400 audit(0.0:221): avc: denied { execute } for name="led_switch.sh" dev="dm-1" ino=129 scontext=u:r:init:s0 tcontext=u:object_r:vendor_file:s0 tclass=file permissive=1
06-26 18:24:58.684 313 313 I xiriservice_All: type=1400 audit(0.0:222): avc: denied { read } for name="lib" dev="mmcblk0p25" ino=41649 scontext=u:r:init:s0 tcontext=u:object_r:privapp_data_file:s0:c512,c768 tclass=lnk_file permissive=1
06-26 18:24:58.688 319 319 I init : type=1400 audit(0.0:223): avc: denied { execute_no_trans } for path="/vendor/bin/led_switch.sh" dev="dm-1" ino=129 scontext=u:r:init:s0 tcontext=u:object_r:vendor_file:s0 tclass=file permissive=1
06-26 18:24:58.688 313 313 I xiriservice_All: type=1400 audit(0.0:224): avc: denied { search } for name="com.android.printservice.recommendation" dev="mmcblk0p25" ino=1023 scontext=u:r:init:s0 tcontext=u:object_r:app_data_file:s0:c33,c256,c512,c768 tclass=dir permissive=1
06-26 18:24:58.688 313 313 I xiriservice_All: type=1400 audit(0.0:225): avc: denied { search } for name="com.google.android.networkstack.tetheringconfig" dev="mmcblk0p25" ino=1031 scontext=u:r:init:s0 tcontext=u:object_r:app_data_file:s0:c0,c256,c512,c768 tclass=dir permissive=1
06-26 18:24:58.688 313 313 I xiriservice_All: type=1400 audit(0.0:226): avc: denied { search } for name="com.android.theme.font.notoserifsource" dev="mmcblk0p25" ino=1060 scontext=u:r:init:s0 tcontext=u:object_r:app_data_file:s0:c9,c256,c512,c768 tclass=dir permissive=1
06-26 18:24:58.692 313 313 I xiriservice_All: type=1400 audit(0.0:227): avc: denied { search } for name="com.android.smspush" dev="mmcblk0p25" ino=1121 scontext=u:r:init:s0 tcontext=u:object_r:app_data_file:s0:c69,c256,c512,c768 tclass=dir permissive=1
06-26 18:24:58.696 313 313 I xiriservice_All: type=1400 audit(0.0:228): avc: denied { search } for name="com.tv.filemanager.os" dev="mmcblk0p25" ino=1137 scontext=u:r:init:s0 tcontext=u:object_r:app_data_file:s0:c49,c256,c512,c768 tclass=dir permissive=1
06-26 18:24:58.700 313 313 I xiriservice_All: type=1400 audit(0.0:229): avc: denied { search } for name="com.android.bookmarkprovider" dev="mmcblk0p25" ino=1161 scontext=u:r:init:s0 tcontext=u:object_r:app_data_file:s0:c45,c256,c512,c768 tclass=dir permissive=1
06-26 18:24:58.700 313 313 I xiriservice_All: type=1400 audit(0.0:230): avc: denied { search } for name="com.android.cts.ctsshim" dev="mmcblk0p25" ino=1177 scontext=u:r:init:s0 tcontext=u:object_r:app_data_file:s0:c43,c256,c512,c768 tclass=dir permissive=1
06-26 18:24:58.700 313 313 I xiriservice_All: type=1400 audit(0.0:231): avc: denied { search } for name="com.dangbei.lerad.screensaver" dev="mmcblk0p25" ino=1185 scontext=u:r:init:s0 tcontext=u:object_r:app_data_file:s0:c51,c256,c512,c768 tclass=dir permissive=1
06-26 18:24:58.700 313 313 I xiriservice_All: type=1400 audit(0.0:232): avc: denied { read } for name="lib" dev="mmcblk0p25" ino=41663 scontext=u:r:init:s0 tcontext=u:object_r:app_data_file:s0:c51,c256,c512,c768 tclass=lnk_file permissive=1
06-26 18:24:58.700 313 313 I xiriservice_All: type=1400 audit(0.0:233): avc: denied { search } for name="com.android.remoteprovisioner" dev="mmcblk0p25" ino=1193 scontext=u:r:init:s0 tcontext=u:object_r:app_data_file:s0:c61,c256,c512,c768 tclass=dir permissive=1
06-26 18:24:58.700 313 313 I xiriservice_All: type=1400 audit(0.0:234): avc: denied { search } for name="com.softwinner.theme.icon" dev="mmcblk0p25" ino=1201 scontext=u:r:init:s0 tcontext=u:object_r:app_data_file:s0:c10,c256,c512,c768 tclass=dir permissive=1
06-26 18:24:58.700 313 313 I xiriservice_All: type=1400 audit(0.0:235): avc: denied { search } for name="com.android.music" dev="mmcblk0p25" ino=1225 scontext=u:r:init:s0 tcontext=u:object_r:app_data_file:s0:c52,c256,c512,c768 tclass=dir permissive=1
06-26 18:24:58.704 320 320 I check_xm_hidraw: type=1400 audit(0.0:236): avc: denied { execute_no_trans } for path="/system/bin/xm_hidread" dev="dm-0" ino=1298 scontext=u:r:init:s0 tcontext=u:object_r:system_file:s0 tclass=file permissive=1
06-26 18:24:58.704 313 313 I xiriservice_All: type=1400 audit(0.0:237): avc: denied { search } for name="com.android.providers.media.module" dev="mmcblk0p25" ino=1257 scontext=u:r:init:s0 tcontext=u:object_r:privapp_data_file:s0:c74,c256,c512,c768 tclass=dir permissive=1
06-26 18:24:58.704 313 313 I xiriservice_All: type=1400 audit(0.0:238): avc: denied { read } for name="lib" dev="mmcblk0p25" ino=41665 scontext=u:r:init:s0 tcontext=u:object_r:privapp_data_file:s0:c74,c256,c512,c768 tclass=lnk_file permissive=1
06-26 18:24:58.704 313 313 I xiriservice_All: type=1400 audit(0.0:239): avc: denied { search } for name="com.softwinner.theme.color" dev="mmcblk0p25" ino=1265 scontext=u:r:init:s0 tcontext=u:object_r:app_data_file:s0:c11,c256,c512,c768 tclass=dir permissive=1
06-26 18:24:58.704 313 313 I xiriservice_All: type=1400 audit(0.0:240): avc: denied { search } for name="com.android.hotspot2.osulogin" dev="mmcblk0p25" ino=1281 scontext=u:r:init:s0 tcontext=u:object_r:app_data_file:s0:c71,c256,c512,c768 tclass=dir permissive=1
06-26 18:24:58.704 313 313 I xiriservice_All: type=1400 audit(0.0:241): avc: denied { search } for name="com.android.internal.systemui.navbar.gestural" dev="mmcblk0p25" ino=1289 scontext=u:r:init:s0 tcontext=u:object_r:app_data_file:s0:c1,c256,c512,c768 tclass=dir permissive=1
06-26 18:24:58.708 313 313 I xiriservice_All: type=1400 audit(0.0:242): avc: denied { search } for name="com.android.bluetoothmidiservice" dev="mmcblk0p25" ino=1305 scontext=u:r:init:s0 tcontext=u:object_r:app_data_file:s0:c44,c256,c512,c768 tclass=dir permissive=1
06-26 18:24:58.708 313 313 I xiriservice_All: type=1400 audit(0.0:243): avc: denied { search } for name="com.android.traceur" dev="mmcblk0p25" ino=1329 scontext=u:r:init:s0 tcontext=u:object_r:app_data_file:s0:c31,c256,c512,c768 tclass=dir permissive=1
06-26 18:24:58.708 313 313 I xiriservice_All: type=1400 audit(0.0:244): avc: denied { read } for name="lib" dev="mmcblk0p25" ino=41672 scontext=u:r:init:s0 tcontext=u:object_r:bluetooth_data_file:s0 tclass=lnk_file permissive=1
06-26 18:24:58.708 313 313 I xiriservice_All: type=1400 audit(0.0:245): avc: denied { search } for name="com.android.captiveportallogin" dev="mmcblk0p25" ino=1353 scontext=u:r:init:s0 tcontext=u:object_r:app_data_file:s0:c54,c256,c512,c768 tclass=dir permissive=1
06-26 18:24:58.708 313 313 I xiriservice_All: type=1400 audit(0.0:246): avc: denied { search } for name="com.android.internal.systemui.navbar.gestural_narrow_back" dev="mmcblk0p25" ino=1361 scontext=u:r:init:s0 tcontext=u:object_r:app_data_file:s0:c2,c256,c512,c768 tclass=dir permissive=1
06-26 18:24:58.720 313 313 I xiriservice_All: type=1400 audit(0.0:247): avc: denied { search } for name="com.tencent.start.tv" dev="mmcblk0p25" ino=34196 scontext=u:r:init:s0 tcontext=u:object_r:app_data_file:s0:c84,c256,c512,c768 tclass=dir permissive=1
06-26 18:24:58.720 313 313 I xiriservice_All: type=1400 audit(0.0:248): avc: denied { read } for name="lib" dev="mmcblk0p25" ino=41630 scontext=u:r:init:s0 tcontext=u:object_r:app_data_file:s0:c84,c256,c512,c768 tclass=lnk_file permissive=1
06-26 18:24:58.720 313 313 I xiriservice_All: type=1400 audit(0.0:249): avc: denied { search } for name="android.auto_generated_rro_vendor__" dev="mmcblk0p25" ino=1369 scontext=u:r:init:s0 tcontext=u:object_r:app_data_file:s0:c12,c256,c512,c768 tclass=dir permissive=1
06-26 18:24:58.720 313 313 I xiriservice_All: type=1400 audit(0.0:250): avc: denied { search } for name="com.dangbei.hqmedia" dev="mmcblk0p25" ino=3095 scontext=u:r:init:s0 tcontext=u:object_r:app_data_file:s0:c76,c256,c512,c768 tclass=dir permissive=1
06-26 18:24:58.724 313 313 I xiriservice_All: type=1400 audit(0.0:251): avc: denied { read } for name="lib" dev="mmcblk0p25" ino=41652 scontext=u:r:init:s0 tcontext=u:object_r:app_data_file:s0:c76,c256,c512,c768 tclass=lnk_file permissive=1
06-26 18:24:58.724 313 313 I xiriservice_All: type=1400 audit(0.0:252): avc: denied { search } for name="com.dangbeimarket" dev="mmcblk0p25" ino=32681 scontext=u:r:init:s0 tcontext=u:object_r:app_data_file:s0:c77,c256,c512,c768 tclass=dir permissive=1
06-26 18:24:58.724 313 313 I xiriservice_All: type=1400 audit(0.0:253): avc: denied { read } for name="lib" dev="mmcblk0p25" ino=41667 scontext=u:r:init:s0 tcontext=u:object_r:app_data_file:s0:c77,c256,c512,c768 tclass=lnk_file permissive=1
06-26 18:24:58.728 313 313 I xiriservice_All: type=1400 audit(0.0:254): avc: denied { search } for name="com.starcor.mango" dev="mmcblk0p25" ino=33241 scontext=u:r:init:s0 tcontext=u:object_r:app_data_file:s0:c78,c256,c512,c768 tclass=dir permissive=1
06-26 18:24:58.728 313 313 I xiriservice_All: type=1400 audit(0.0:255): avc: denied { read } for name="lib" dev="mmcblk0p25" ino=41646 scontext=u:r:init:s0 tcontext=u:object_r:app_data_file:s0:c78,c256,c512,c768 tclass=lnk_file permissive=1
06-26 18:24:58.728 319 319 I led_switch.sh: type=1400 audit(0.0:256): avc: denied { write } for name="tmp" dev="mmcblk0p25" ino=85 scontext=u:r:init:s0 tcontext=u:object_r:shell_data_file:s0 tclass=dir permissive=1 bug=b/77873135
06-26 18:24:58.732 319 319 I led_switch.sh: type=1400 audit(0.0:257): avc: denied { add_name } for name="led_swith.txt" scontext=u:r:init:s0 tcontext=u:object_r:shell_data_file:s0 tclass=dir permissive=1 bug=b/77873135
06-26 18:24:58.732 319 319 I led_switch.sh: type=1400 audit(0.0:258): avc: denied { create } for name="led_swith.txt" scontext=u:r:init:s0 tcontext=u:object_r:shell_data_file:s0 tclass=file permissive=1 bug=b/77873135
06-26 18:24:58.736 319 319 I led_switch.sh: type=1400 audit(0.0:259): avc: denied { write } for name="led_swith.txt" dev="mmcblk0p25" ino=221 scontext=u:r:init:s0 tcontext=u:object_r:shell_data_file:s0 tclass=file permissive=1 bug=b/77873135
06-26 18:24:58.736 319 319 I led_switch.sh: type=1400 audit(0.0:260): avc: denied { open } for path="/data/local/tmp/led_swith.txt" dev="mmcblk0p25" ino=221 scontext=u:r:init:s0 tcontext=u:object_r:shell_data_file:s0 tclass=file permissive=1 bug=b/77873135
06-26 18:24:58.736 313 313 I xiriservice_All: type=1400 audit(0.0:261): avc: denied { search } for name="com.tencent.karaoketv" dev="mmcblk0p25" ino=34033 scontext=u:r:init:s0 tcontext=u:object_r:app_data_file:s0:c83,c256,c512,c768 tclass=dir permissive=1
06-26 18:24:58.736 313 313 I xiriservice_All: type=1400 audit(0.0:262): avc: denied { read } for name="lib" dev="mmcblk0p25" ino=41651 scontext=u:r:init:s0 tcontext=u:object_r:app_data_file:s0:c83,c256,c512,c768 tclass=lnk_file permissive=1
06-26 18:24:58.739 320 320 D XM_HIDREAD: hidread running 0429 d06.
06-26 18:24:58.740 320 320 D XM_HIDREAD: addr_len_t:26,addr_len:26
06-26 18:24:58.740 320 320 D XM_HIDREAD: server_socket:4
06-26 18:24:58.740 320 320 D XM_HIDREAD: pthread_join listen_thread before
06-26 18:24:58.740 325 325 I led_switch.sh: type=1400 audit(0.0:264): avc: denied { execute_no_trans } for path="/vendor/bin/toolbox" dev="dm-1" ino=229 scontext=u:r:init:s0 tcontext=u:object_r:vendor_toolbox_exec:s0 tclass=file permissive=1
06-26 18:24:58.742 320 326 D XM_HIDREAD: >> start monitor uevent ...
06-26 18:24:58.736 320 320 I xm_hidread: type=1400 audit(0.0:263): avc: denied { create } for scontext=u:r:init:s0 tcontext=u:r:init:s0 tclass=netlink_kobject_uevent_socket permissive=1
06-26 18:24:58.740 320 320 I xm_hidread: type=1400 audit(0.0:265): avc: denied { setopt } for scontext=u:r:init:s0 tcontext=u:r:init:s0 tclass=netlink_kobject_uevent_socket permissive=1
06-26 18:24:58.740 320 320 I xm_hidread: type=1400 audit(0.0:266): avc: denied { bind } for scontext=u:r:init:s0 tcontext=u:r:init:s0 tclass=netlink_kobject_uevent_socket permissive=1
06-26 18:24:58.740 320 320 I xm_hidread: type=1400 audit(0.0:267): avc: denied { read } for scontext=u:r:init:s0 tcontext=u:r:init:s0 tclass=netlink_kobject_uevent_socket permissive=1
06-26 18:24:58.744 320 327 D XM_HIDREAD: listener_thread has start 4.
06-26 18:24:58.745 320 327 D XM_HIDREAD: accept before.
06-26 18:24:58.744 313 313 I xiriservice_All: type=1400 audit(0.0:268): avc: denied { search } for name="com.hongen.app.word.ott" dev="mmcblk0p25" ino=34509 scontext=u:r:init:s0 tcontext=u:object_r:app_data_file:s0:c86,c256,c512,c768 tclass=dir permissive=1
06-26 18:24:58.748 313 313 I xiriservice_All: type=1400 audit(0.0:269): avc: denied { read } for name="lib" dev="mmcblk0p25" ino=41659 scontext=u:r:init:s0 tcontext=u:object_r:app_data_file:s0:c86,c256,c512,c768 tclass=lnk_file permissive=1
06-26 18:24:58.773 248 248 D AndroidRuntime: >>>>>> START com.android.internal.os.ZygoteInit uid 0 <<<<<<
06-26 18:24:58.815 313 313 D XiriService: read SYSTEM APP lib
06-26 18:24:58.822 331 331 D DONGLE_SERVICE: ble_rc_service version is 2.0.26601
06-26 18:24:58.822 331 331 D DONGLE_SERVICE: init command center ...
06-26 18:24:58.822 331 331 D DONGLE_SERVICE: trying to scan for smart ctrl hidraw...
06-26 18:24:58.823 331 331 D DONGLE_SERVICE: command center, start working...
06-26 18:24:58.820 329 329 I rainbow_flow: type=1400 audit(0.0:270): avc: denied { write } for name="spidev1.0" dev="tmpfs" ino=6605 scontext=u:r:init:s0 tcontext=u:object_r:device:s0 tclass=chr_file permissive=1
06-26 18:24:58.824 329 329 I rainbow_flow: type=1400 audit(0.0:271): avc: denied { open } for path="/dev/spidev1.0" dev="tmpfs" ino=6605 scontext=u:r:init:s0 tcontext=u:object_r:device:s0 tclass=chr_file permissive=1
06-26 18:24:58.826 248 248 I AndroidRuntime: Using default boot image
06-26 18:24:58.826 248 248 I AndroidRuntime: Leaving lock profiling enabled
06-26 18:24:58.824 329 329 I rainbow_flow: type=1400 audit(0.0:272): avc: denied { ioctl } for path="/dev/spidev1.0" dev="tmpfs" ino=6605 ioctlcmd=0x6b01 scontext=u:r:init:s0 tcontext=u:object_r:device:s0 tclass=chr_file permissive=1
06-26 18:24:58.827 331 333 D DONGLE_SERVICE: >> start monitor uevent ...
06-26 18:24:58.832 248 248 E cutils-trace: Error opening trace file: No such file or directory (2)
06-26 18:24:58.834 248 248 I zygote : option[0]=-Xzygote
06-26 18:24:58.834 248 248 I zygote : option[1]=-Xdeny-art-apex-data-files
06-26 18:24:58.834 248 248 I zygote : option[2]=exit
06-26 18:24:58.834 248 248 I zygote : option[3]=vfprintf
06-26 18:24:58.834 248 248 I zygote : option[4]=sensitiveThread
06-26 18:24:58.834 248 248 I zygote : option[5]=-verbose:gc
06-26 18:24:58.834 248 248 I zygote : option[6]=-XX:PerfettoHprof=true
06-26 18:24:58.834 248 248 I zygote : option[7]=-XX:PerfettoJavaHeapStackProf=true
06-26 18:24:58.834 248 248 I zygote : option[8]=-Xprimaryzygote
06-26 18:24:58.834 248 248 I zygote : option[9]=-Xms5m
06-26 18:24:58.834 248 248 I zygote : option[10]=-Xmx512m
06-26 18:24:58.834 248 248 I zygote : option[11]=-XX:HeapGrowthLimit=256m
06-26 18:24:58.835 248 248 I zygote : option[12]=-XX:HeapMinFree=512k
06-26 18:24:58.835 248 248 I zygote : option[13]=-XX:HeapMaxFree=8m
06-26 18:24:58.835 248 248 I zygote : option[14]=-XX:HeapTargetUtilization=0.75
06-26 18:24:58.835 248 248 I zygote : option[15]=-Xusejit:true
06-26 18:24:58.835 248 248 I zygote : option[16]=-Xjitsaveprofilinginfo
06-26 18:24:58.835 248 248 I zygote : option[17]=-XMadviseWillNeedVdexFileSize:104857600
06-26 18:24:58.835 248 248 I zygote : option[18]=-XMadviseWillNeedOdexFileSize:104857600
06-26 18:24:58.835 248 248 I zygote : option[19]=-XMadviseWillNeedArtFileSize:4294967295
06-26 18:24:58.835 248 248 I zygote : option[20]=-XjdwpOptions:suspend=n,server=y
06-26 18:24:58.835 248 248 I zygote : option[21]=-XjdwpProvider:default
06-26 18:24:58.835 248 248 I zygote : option[22]=-Xopaque-jni-ids:swapable
06-26 18:24:58.835 248 248 I zygote : option[23]=-Xcompiler-option
06-26 18:24:58.835 248 248 I zygote : option[24]=--instruction-set-variant=cortex-a7
06-26 18:24:58.835 248 248 I zygote : option[25]=-Xcompiler-option
06-26 18:24:58.835 248 248 I zygote : option[26]=--instruction-set-features=default
06-26 18:24:58.832 313 313 I xiriservice_All: type=1400 audit(0.0:273): avc: denied { watch } for path="/data/data" dev="mmcblk0p25" ino=87 scontext=u:r:init:s0 tcontext=u:object_r:system_data_file:s0:c512,c768 tclass=dir permissive=1
06-26 18:24:58.835 248 248 I zygote : option[27]=-Xcompiler-option
06-26 18:24:58.835 248 248 I zygote : option[28]=--generate-mini-debug-info
06-26 18:24:58.835 248 248 I zygote : option[29]=-Ximage-compiler-option
06-26 18:24:58.835 248 248 I zygote : option[30]=--runtime-arg
06-26 18:24:58.835 248 248 I zygote : option[31]=-Ximage-compiler-option
06-26 18:24:58.835 248 248 I zygote : option[32]=-Xms64m
06-26 18:24:58.835 248 248 I zygote : option[33]=-Ximage-compiler-option
06-26 18:24:58.835 248 248 I zygote : option[34]=--runtime-arg
06-26 18:24:58.835 248 248 I zygote : option[35]=-Ximage-compiler-option
06-26 18:24:58.835 248 248 I zygote : option[36]=-Xmx64m
06-26 18:24:58.835 248 248 I zygote : option[37]=-Ximage-compiler-option
06-26 18:24:58.835 248 248 I zygote : option[38]=--dirty-image-objects=/system/etc/dirty-image-objects
06-26 18:24:58.835 248 248 I zygote : option[39]=-Ximage-compiler-option
06-26 18:24:58.835 248 248 I zygote : option[40]=--instruction-set-variant=cortex-a7
06-26 18:24:58.835 248 248 I zygote : option[41]=-Ximage-compiler-option
06-26 18:24:58.835 248 248 I zygote : option[42]=--instruction-set-features=default
06-26 18:24:58.835 248 248 I zygote : option[43]=-Ximage-compiler-option
06-26 18:24:58.835 248 248 I zygote : option[44]=--generate-mini-debug-info
06-26 18:24:58.835 248 248 I zygote : option[45]=-Duser.locale=zh-CN
06-26 18:24:58.835 248 248 I zygote : option[46]=--cpu-abilist=armeabi-v7a,armeabi
06-26 18:24:58.835 248 248 I zygote : option[47]=-Xfingerprint:Dangbei/raven/raven:12/SP1A.211105.004/20250625.113549:user/release-keys
06-26 18:24:58.853 1 1 W FAT-fs (mmcblk0p24): Volume was not properly unmounted. Some data may be corrupt. Please run fsck.
06-26 18:24:58.856 248 248 W zygote : ART APEX data files are untrusted.
06-26 18:24:58.859 274 274 I FastMixerState: sMaxFastTracks = 8
06-26 18:24:58.867 330 330 I bootstat: Service started: /system/bin/bootstat --set_system_boot_reason
06-26 18:24:58.870 274 274 V MediaUtils: physMem: 2055442432
06-26 18:24:58.870 274 274 V MediaUtils: requested limit: 411088480
06-26 18:24:58.870 274 274 I libc : malloc_limit: Allocation limit enabled, max size 411088480 bytes
06-26 18:24:58.870 280 280 E cutils-trace: Error opening trace file: No such file or directory (2)
06-26 18:24:58.872 186 186 I hwservicemanager: getTransport: Cannot find entry android.hardware.configstore@1.0::ISurfaceFlingerConfigs/default in either framework or device VINTF manifest.
06-26 18:24:58.868 329 329 I rainbow_flow: type=1400 audit(0.0:274): avc: denied { ioctl } for path="/dev/spidev1.0" dev="tmpfs" ino=6605 ioctlcmd=0x6b00 scontext=u:r:init:s0 tcontext=u:object_r:device:s0 tclass=chr_file permissive=1
06-26 18:24:58.872 274 274 I audioserver: ServiceManager: 0xeb681420
06-26 18:24:58.874 274 274 W BatteryNotifier: batterystats service unavailable!
06-26 18:24:58.875 274 274 E cutils-trace: Error opening trace file: No such file or directory (2)
06-26 18:24:58.877 330 330 I bootstat: Canonical boot reason: reboot,
06-26 18:24:58.878 330 330 I bootstat: Canonical boot reason: reboot,
06-26 18:24:58.889 280 280 I SurfaceFlinger: Using HWComposer service: default
06-26 18:24:58.889 280 280 I SurfaceFlinger: SurfaceFlinger is starting
06-26 18:24:58.890 186 186 I hwservicemanager: getTransport: Cannot find entry android.hardware.configstore@1.1::ISurfaceFlingerConfigs/default in either framework or device VINTF manifest.
06-26 18:24:58.891 280 280 I SurfaceFlinger: Disabling blur effects, they are not supported.
06-26 18:24:58.901 334 334 I perfetto: probes.cc:84 Starting /system/bin/traced_probes service
06-26 18:24:58.903 334 341 I perfetto: _activity_trigger.cc:71 mm_events ftrace instance not found. Triggering of traces on memory pressure will not be available on this device.
06-26 18:24:58.905 334 334 I perfetto: probes_producer.cc:129 Disconnected from tracing service
06-26 18:24:58.910 330 330 I bootstat: Last reboot reason read from /metadata/bootstat/persist.sys.boot.reason : reboot,. Last reboot reason read from persist.sys.boot.reason : reboot,
06-26 18:24:58.910 330 330 I bootstat: Normalized last reboot reason : reboot,
06-26 18:24:58.912 338 338 W perfetto: service.cc:207 Started traced, listening on /dev/socket/traced_producer /dev/socket/traced_consumer
06-26 18:24:58.920 280 280 I SurfaceFlinger: SurfaceFlinger's main thread ready to run. Initializing graphics H/W...
06-26 18:24:58.920 280 280 D RenderEngine: RenderEngine with GLES Backend
06-26 18:24:58.948 343 343 I preloaddata: type=1400 audit(0.0:275): avc: denied { write search } for name="tmp" dev="mmcblk0p25" ino=85 scontext=u:r:toolbox:s0 tcontext=u:object_r:shell_data_file:s0 tclass=dir permissive=1
06-26 18:24:58.948 343 343 I preloaddata: type=1400 audit(0.0:276): avc: denied { getattr } for path="/data/local/tmp" dev="mmcblk0p25" ino=85 scontext=u:r:toolbox:s0 tcontext=u:object_r:shell_data_file:s0 tclass=dir permissive=1
06-26 18:24:58.960 266 266 I EventThread: type=1400 audit(0.0:277): avc: denied { search } for name="extcon" dev="sysfs" ino=18109 scontext=u:r:hal_tv_cec_default:s0 tcontext=u:object_r:sysfs_extcon:s0 tclass=dir permissive=1
06-26 18:24:58.960 266 266 I EventThread: type=1400 audit(0.0:278): avc: denied { read } for name="u:object_r:default_prop:s0" dev="tmpfs" ino=6281 scontext=u:r:hal_tv_cec_default:s0 tcontext=u:object_r:default_prop:s0 tclass=file permissive=1
06-26 18:24:58.960 266 266 I EventThread: type=1400 audit(0.0:279): avc: denied { open } for path="/dev/__properties__/u:object_r:default_prop:s0" dev="tmpfs" ino=6281 scontext=u:r:hal_tv_cec_default:s0 tcontext=u:object_r:default_prop:s0 tclass=file permissive=1
06-26 18:24:58.960 266 266 I EventThread: type=1400 audit(0.0:280): avc: denied { getattr } for path="/dev/__properties__/u:object_r:default_prop:s0" dev="tmpfs" ino=6281 scontext=u:r:hal_tv_cec_default:s0 tcontext=u:object_r:default_prop:s0 tclass=file permissive=1
06-26 18:24:58.960 266 266 I EventThread: type=1400 audit(0.0:281): avc: denied { map } for path="/dev/__properties__/u:object_r:default_prop:s0" dev="tmpfs" ino=6281 scontext=u:r:hal_tv_cec_default:s0 tcontext=u:object_r:default_prop:s0 tclass=file permissive=1
06-26 18:24:59.002 320 326 D XM_HIDREAD: add@ add@/devices/platform/uwe_bsp.0
06-26 18:24:59.003 320 326 D XM_HIDREAD: add@ add@/devices/platform/uwe_bsp.0/wakeup/wakeup8
06-26 18:24:59.004 168 168 I WCN : marlin_init entry!
06-26 18:24:59.005 168 168 I WCN : unisoc wcn driver version: W25.26.3, build time: Jun 25 2025 10:19:59 (UTC)
06-26 18:24:59.005 168 168 I WCN : wcn config keep power on
06-26 18:24:59.005 168 168 I WCN : wcn config bt wake host
06-26 18:24:59.005 168 168 I WCN : marlin_registsr_bt_wake bt_hostwake gpio=208 intnum=237
06-26 18:24:59.005 168 168 I sdiohal : sdiohal_parse_dt adma_tx:1, adma_rx:1, pwrseq:0, irq type:data, gpio_num:0, blksize:840
06-26 18:24:59.015 320 326 D XM_HIDREAD: add@ add@/class/slog_wcn
06-26 18:24:59.015 320 326 D XM_HIDREAD: add@ add@/devices/virtual/slog_wcn/slog_wcn0
06-26 18:24:59.016 320 326 D XM_HIDREAD: add@ add@/devices/virtual/slog_wcn/slog_wcn1
06-26 18:24:59.016 320 326 D XM_HIDREAD: add@ add@/devices/virtual/misc/wcn_op
06-26 18:24:59.008 168 168 E sdiohal err: sdio, BITS =64, PageSize =4096, order=6, 3
06-26 18:24:59.017 168 168 I sdiohal : sdiohal_init ok
06-26 18:24:59.018 168 168 I WCN : marlin_probe ok!
06-26 18:24:59.016 320 326 D XM_HIDREAD: add@ add@/bus/platform/drivers/uwe_bsp
06-26 18:24:59.017 320 326 D XM_HIDREAD: add@ add@/module/uwe5621_bsp_sdio
06-26 18:24:59.026 274 274 I ServiceManager: Waiting for service 'media.metrics' on '/dev/binder'...
06-26 18:24:59.058 320 326 D XM_HIDREAD: add@ add@/devices/platform/mtty.0
06-26 18:24:59.059 320 326 D XM_HIDREAD: add@ add@/devices/virtual/tty/ttyBT0
06-26 18:24:59.055 168 168 E : uwe5621_bt_tty_init
06-26 18:24:59.062 168 168 E : mtty_probe unisoc soc, continue
06-26 18:24:59.062 168 168 I : mtty_probe init device addr: 0x00000000f3402e1b
06-26 18:24:59.068 168 168 E : rfkill_bluetooth_init
06-26 18:24:59.070 320 326 D XM_HIDREAD: add@ add@/devices/platform/mtty.0/rfkill/rfkill1
06-26 18:24:59.073 168 168 E : rfkill_bluetooth_init end
06-26 18:24:59.078 168 168 E : marlin_sdio_init
06-26 18:24:59.080 320 326 D XM_HIDREAD: add@ add@/bus/platform/drivers/mtty
06-26 18:24:59.081 320 326 D XM_HIDREAD: add@ add@/module/sprdbt_tty
06-26 18:24:59.114 334 334 I perfetto: probes_producer.cc:112 Connected to the service
06-26 18:24:59.156 1 1 I init : type=1400 audit(0.0:282): avc: denied { read } for name="ext_csd" dev="debugfs" ino=6194 scontext=u:r:init:s0 tcontext=u:object_r:debugfs_mmc:s0 tclass=file permissive=1
06-26 18:24:59.156 1 1 I init : type=1400 audit(0.0:283): avc: denied { open } for path="/sys/kernel/debug/mmc0/mmc0:0001/ext_csd" dev="debugfs" ino=6194 scontext=u:r:init:s0 tcontext=u:object_r:debugfs_mmc:s0 tclass=file permissive=1
06-26 18:24:59.198 280 280 D libEGL : loaded /vendor/lib/egl/libGLES_mali.so
06-26 18:24:59.225 354 354 I installd: installd firing up
06-26 18:24:59.248 360 360 I storaged: type=1400 audit(0.0:284): avc: denied { read } for path="/sys/kernel/debug/mmc0/mmc0:0001/ext_csd" dev="debugfs" ino=6194 scontext=u:r:storaged:s0 tcontext=u:object_r:debugfs_mmc:s0 tclass=file permissive=1
06-26 18:24:59.260 329 329 I rainbow_flow: type=1400 audit(0.0:285): avc: denied { ioctl } for path="/dev/spidev1.0" dev="tmpfs" ino=6605 ioctlcmd=0x6b00 scontext=u:r:init:s0 tcontext=u:object_r:device:s0 tclass=chr_file permissive=1
06-26 18:24:59.361 280 280 I RenderEngine: Realtime priority unsupported, degrading gracefully to high priority
06-26 18:24:59.423 373 373 I wificond: wificond is starting up...
06-26 18:24:59.445 373 373 E cutils-trace: Error opening trace file: No such file or directory (2)
06-26 18:24:59.446 186 186 I hwservicemanager: getTransport: Cannot find entry android.hardware.graphics.mapper@4.0::IMapper/default in either framework or device VINTF manifest.
06-26 18:24:59.463 373 373 I HidlServiceManagement: Registered android.system.wifi.keystore@1.0::IKeystore/default
06-26 18:24:59.460 266 266 I EventThread: type=1400 audit(0.0:286): avc: denied { search } for name="extcon" dev="sysfs" ino=18109 scontext=u:r:hal_tv_cec_default:s0 tcontext=u:object_r:sysfs_extcon:s0 tclass=dir permissive=1
06-26 18:24:59.447 280 280 I Gralloc4: mapper 4.x is not supported
06-26 18:24:59.467 186 186 I hwservicemanager: getTransport: Cannot find entry android.hardware.graphics.mapper@3.0::IMapper/default in either framework or device VINTF manifest.
06-26 18:24:59.471 280 280 W Gralloc3: mapper 3.x is not supported
06-26 18:24:59.502 351 351 D gpioservice: main gpio service is running.
06-26 18:24:59.503 375 375 D dom2reg : timezone change, new: Etc/GMT-8, pre:
06-26 18:24:59.503 375 375 W dom2reg : timezone [Etc/GMT-8] not in default tables, please check!
06-26 18:24:59.509 376 376 D WifiHWInfo: Start to load wireless module hardware info table...
06-26 18:24:59.515 376 376 D WifiHWInfo: Entry [01], BUS: SDIO, ID: 0x024C8179, Name: rtl8189es.
06-26 18:24:59.515 376 376 D WifiHWInfo: Entry [02], BUS: SDIO, ID: 0x024CB723, Name: rtl8723bs_vq0.
06-26 18:24:59.515 376 376 D WifiHWInfo: Entry [03], BUS: SDIO, ID: 0x024CB703, Name: rtl8723cs.
06-26 18:24:59.515 376 376 D WifiHWInfo: Entry [04], BUS: SDIO, ID: 0x024CD723, Name: rtl8723ds.
06-26 18:24:59.515 376 376 D WifiHWInfo: Entry [05], BUS: SDIO, ID: 0x024CF179, Name: rtl8189fs.
06-26 18:24:59.515 376 376 D WifiHWInfo: Entry [06], BUS: SDIO, ID: 0x024CB822, Name: rtl88x2bs.
06-26 18:24:59.515 376 376 D WifiHWInfo: Entry [07], BUS: USB, ID: 0x0BDAD723, Name: rtl8723du.
06-26 18:24:59.515 376 376 D WifiHWInfo: Entry [08], BUS: USB, ID: 0x0BDA8179, Name: rtl8188etv.
06-26 18:24:59.515 376 376 D WifiHWInfo: Entry [09], BUS: USB, ID: 0x0BDA0179, Name: rtl8188eu.
06-26 18:24:59.515 376 376 D WifiHWInfo: Entry [10], BUS: USB, ID: 0x0BDA818B, Name: rtl8192eu.
06-26 18:24:59.515 376 376 D WifiHWInfo: Entry [11], BUS: USB, ID: 0x0BDAB720, Name: rtl8723bu.
06-26 18:24:59.515 376 376 D WifiHWInfo: Entry [12], BUS: USB, ID: 0x0BDAC82C, Name: rtl8822cu.
06-26 18:24:59.515 376 376 D WifiHWInfo: Entry [13], BUS: USB, ID: 0x0BDAF179, Name: rtl8188fu.
06-26 18:24:59.515 376 376 D WifiHWInfo: Entry [14], BUS: SDIO, ID: 0x02D0A9A6, Name: ap6212.
06-26 18:24:59.515 376 376 D WifiHWInfo: Entry [15], BUS: SDIO, ID: 0x02D04330, Name: ap6330.
06-26 18:24:59.515 376 376 D WifiHWInfo: Entry [16], BUS: SDIO, ID: 0x02D04356, Name: ap6356s.
06-26 18:24:59.515 376 376 D WifiHWInfo: Entry [17], BUS: SDIO, ID: 0x02D0A9BF, Name: ap6255.
06-26 18:24:59.515 376 376 D WifiHWInfo: Entry [18], BUS: SDIO, ID: 0x02D04334, Name: bcm43342.
06-26 18:24:59.515 376 376 D WifiHWInfo: Entry [19], BUS: SDIO, ID: 0x00202281, Name: xr819.
06-26 18:24:59.516 376 376 D WifiHWInfo: Entry [20], BUS: SDIO, ID: 0x0A9E2282, Name: xr829.
06-26 18:24:59.516 376 376 D WifiHWInfo: Entry [21], BUS: SDIO, ID: 0x0271050A, Name: qca6174a.
06-26 18:24:59.516 376 376 D WifiHWInfo: Entry [22], BUS: SDIO, ID: 0x30303030, Name: ssv6x5x.
06-26 18:24:59.516 376 376 D WifiHWInfo: Entry [23], BUS: SDIO, ID: 0x00000000, Name: uwe5621.
06-26 18:24:59.516 376 376 D WifiHWInfo: Entry [24], BUS: SDIO, ID: 0x54490145, Name: aic8800.
06-26 18:24:59.516 376 376 D WifiHWInfo: Entry [25], BUS: SDIO, ID: 0xC8A1C08D, Name: aic8800.
06-26 18:24:59.516 376 376 D WifiHWInfo: Entry [26], BUS: USB, ID: 0xA69C8800, Name: aic8800.
06-26 18:24:59.516 376 376 D WifiHWInfo: Entry [27], BUS: USB, ID: 0x007A8888, Name: atbm6023is.
06-26 18:24:59.516 376 376 D WifiHWInfo: Entry [28], BUS: SDIO, ID: 0x02E79086, Name: 9012p.
06-26 18:24:59.516 376 376 D WifiHWInfo: Entry [29], BUS: SDIO, ID: 0x007A6011, Name: atbm613x_wifi_sdio.
06-26 18:24:59.516 376 376 D WifiHWInfo: Entry [30], BUS: SDIO, ID: 0x024CC822, Name: 88x2cs.
06-26 18:24:59.516 376 376 D WifiHWInfo: Entry [31], BUS: SDIO, ID: 0x000018F0, Name: dummy.
06-26 18:24:59.516 376 376 D HWINFO : ********** Wireless information **********
06-26 18:24:59.516 376 376 D HWINFO : module vendor: sprd
06-26 18:24:59.516 376 376 D HWINFO : module name : uwe5621
06-26 18:24:59.516 376 376 D HWINFO : wifi hal name: libwifi-hal-sprd.so
06-26 18:24:59.516 376 376 D HWINFO : libbt-vendor : libbt-sprd.so
06-26 18:24:59.516 376 376 D HWINFO : is bt support: 1
06-26 18:24:59.516 376 376 D HWINFO : ******************************************
06-26 18:24:59.520 351 351 I gpioservice: ServiceManager: 0xf2fbacc0
06-26 18:24:59.520 351 351 D GpioService: GpioService created
06-26 18:24:59.521 185 185 E SELinux : avc: denied { add } for pid=351 uid=0 name=softwinner.gpio scontext=u:r:gpioservice:s0 tcontext=u:object_r:default_android_service:s0 tclass=service_manager permissive=1
06-26 18:24:59.522 270 270 W HidlServiceManagement: Waited one second for vendor.display.config@1.0::IDisplayConfig/default
06-26 18:24:59.522 186 186 I hwservicemanager: Since vendor.display.config@1.0::IDisplayConfig/default is not registered, trying to start it as a lazy HAL.
06-26 18:24:59.523 270 270 I HidlServiceManagement: getService: Trying again for vendor.display.config@1.0::IDisplayConfig/default...
06-26 18:24:59.529 280 280 E gralloc : Arm Module v1.0
06-26 18:24:59.532 186 186 I hwservicemanager: getTransport: Cannot find entry android.hardware.graphics.allocator@4.0::IAllocator/default in either framework or device VINTF manifest.
06-26 18:24:59.533 280 280 W Gralloc4: allocator 4.x is not supported
06-26 18:24:59.533 186 186 I hwservicemanager: getTransport: Cannot find entry android.hardware.graphics.allocator@3.0::IAllocator/default in either framework or device VINTF manifest.
06-26 18:24:59.536 280 280 W Gralloc3: allocator 3.x is not supported
06-26 18:24:59.580 261 303 E ion : ioctl c0044901 failed with code -1: Inappropriate ioctl for device
06-26 18:24:59.581 261 303 I gralloc : alloc buffer:W:1 H:1 S:16 PL[1 1] SZ:64 fmt:1 if:0 af:1 usg:300 fg:00000004
06-26 18:24:59.609 186 384 W libc : Unable to set property "ctl.interface_start" to "vendor.display.config@1.0::IDisplayConfig/default": error code: 0x20
06-26 18:24:59.610 186 384 I hwservicemanager: Tried to start vendor.display.config@1.0::IDisplayConfig/default as a lazy service, but was unable to. Usually this happens when a service is not installed, but if the service is intended to be used as a lazy service, then it may be configured incorrectly.
06-26 18:24:59.608 1 1 I init : type=1400 audit(0.0:287): avc: denied { add_name } for name="panic" scontext=u:r:init:s0 tcontext=u:object_r:sysfs:s0 tclass=dir permissive=1
06-26 18:24:59.625 280 280 E ion : ioctl c0044901 failed with code -1: Inappropriate ioctl for device
06-26 18:24:59.637 280 280 I RenderEngine: OpenGL ES informations:
06-26 18:24:59.637 280 280 I RenderEngine: vendor : ARM
06-26 18:24:59.637 280 280 I RenderEngine: renderer : Mali-G31
06-26 18:24:59.637 280 280 I RenderEngine: version : OpenGL ES 3.2 v1.r20p0-01rel0.9f6475d0baffb05079096179e1278b1d
06-26 18:24:59.637 280 280 I RenderEngine: extensions: GL_EXT_debug_marker GL_ARM_rgba8 GL_ARM_mali_shader_binary GL_OES_depth24 GL_OES_depth_texture GL_OES_depth_texture_cube_map GL_OES_packed_depth_stencil GL_OES_rgb8_rgba8 GL_EXT_read_format_bgra GL_OES_compressed_paletted_texture GL_OES_compressed_ETC1_RGB8_texture GL_OES_standard_derivatives GL_OES_EGL_image GL_OES_EGL_image_external GL_OES_EGL_image_external_essl3 GL_OES_EGL_sync GL_OES_texture_npot GL_OES_vertex_half_float GL_OES_required_internalformat GL_OES_vertex_array_object GL_OES_mapbuffer GL_EXT_texture_format_BGRA8888 GL_EXT_texture_rg GL_EXT_texture_type_2_10_10_10_REV GL_OES_fbo_render_mipmap GL_OES_element_index_uint GL_EXT_shadow_samplers GL_OES_texture_compression_astc GL_KHR_texture_compression_astc_ldr GL_KHR_texture_compression_astc_hdr GL_KHR_texture_compression_astc_sliced_3d GL_EXT_texture_compression_astc_decode_mode GL_EXT_texture_compression_astc_decode_mode_rgb9e5 GL_KHR_debug GL_EXT_occlusion_query_boolean GL_EXT_disjoint_timer_query GL_EXT_blend_minmax GL_EXT_discard_
06-26 18:24:59.637 280 280 I RenderEngine: GL_MAX_TEXTURE_SIZE = 8192
06-26 18:24:59.637 280 280 I RenderEngine: GL_MAX_VIEWPORT_DIMS = 8192
06-26 18:24:59.637 280 280 W libprocessgroup: Failed to open /dev/cpuset/system-background/tasks: Permission denied: Permission denied
06-26 18:24:59.637 280 280 W libprocessgroup: Failed to apply SFMainPolicy task profile: Permission denied
06-26 18:24:59.643 356 356 I main_extractorservice: enable media.extractor memory limits
06-26 18:24:59.649 248 248 D zygote : Time zone APEX ICU file found: /apex/com.android.tzdata/etc/icu/icu_tzdata.dat
06-26 18:24:59.650 186 186 I hwservicemanager: getTransport: Cannot find entry android.hardware.graphics.mapper@4.0::IMapper/default in either framework or device VINTF manifest.
06-26 18:24:59.650 262 262 I ComposerResources: failed to get mapper 4.0 service, falling back to mapper 3.0
06-26 18:24:59.650 356 356 V MediaUtils: physMem: 2055442432
06-26 18:24:59.650 356 356 V MediaUtils: requested limit: 411088480
06-26 18:24:59.651 356 356 I libc : malloc_limit: Allocation limit enabled, max size 411088480 bytes
06-26 18:24:59.651 248 248 D zygote : I18n APEX ICU file found: /apex/com.android.i18n/etc/icu/icudt68l.dat
06-26 18:24:59.651 186 186 I hwservicemanager: getTransport: Cannot find entry android.hardware.graphics.mapper@3.0::IMapper/default in either framework or device VINTF manifest.
06-26 18:24:59.651 262 262 I ComposerResources: failed to get mapper 3.0 service, falling back to mapper 2.0
06-26 18:24:59.652 329 329 I rainbow_flow: type=1400 audit(0.0:288): avc: denied { ioctl } for path="/dev/spidev1.0" dev="tmpfs" ino=6605 ioctlcmd=0x6b00 scontext=u:r:init:s0 tcontext=u:object_r:device:s0 tclass=chr_file permissive=1
06-26 18:24:59.660 262 262 E gralloc : Arm Module v1.0
06-26 18:24:59.667 262 262 I sunxihwc: createDeviceFactory: IDeviceFactory from hardware/aw/display/hwc-hal/disp2/HomletDeviceFactory.cpp
06-26 18:24:59.667 262 262 I sunxihwc: Device name: raven
06-26 18:24:59.671 262 262 D sunxihwc: Device config file: /vendor/etc/dispconfigs/homlet-default.json
06-26 18:24:59.673 262 262 D sunxihwc: Parse 'Display0' config
06-26 18:24:59.673 262 262 D sunxihwc: Parse 'Display1' config
06-26 18:24:59.681 262 389 I sunxihwc: threadLoop: EventThread start
06-26 18:24:59.681 262 390 W displayd: xxxxxxx: threadedStartup begin
06-26 18:24:59.681 262 390 I sunxihwc: Device name: raven
06-26 18:24:59.681 262 390 D sunxihwc: Device config file: /vendor/etc/dispconfigs/homlet-default.json
06-26 18:24:59.682 262 390 D sunxihwc: Parse 'Display0' config
06-26 18:24:59.682 262 390 D sunxihwc: Parse 'Display1' config
06-26 18:24:59.682 262 390 W displayd: xxxxxxx: HAL device config file: /vendor/etc/dispconfigs/homlet-default.json
06-26 18:24:59.682 262 390 W displayd: Displays (2 entries)
06-26 18:24:59.682 262 390 W displayd: + Display{id=0, framebuffer=1920x1080(override=1), dpi=160x160}
06-26 18:24:59.682 262 390 W displayd: DisplayEnginePortId=0
06-26 18:24:59.682 262 390 W displayd: InterfaceType=HDMI
06-26 18:24:59.682 262 390 W displayd: DefaultOutputMode=0
06-26 18:24:59.682 262 390 W displayd: HotplugSupported=0
06-26 18:24:59.682 262 390 W displayd: AfbcSupported=0
06-26 18:24:59.682 262 390 W displayd: HardwareRotateSupported=0
06-26 18:24:59.682 262 390 W displayd: BandwidthLimited=338800 Bytes per frame
06-26 18:24:59.682 262 390 W displayd: + Display{id=1, framebuffer=1920x1080(override=1), dpi=160x160}
06-26 18:24:59.682 262 390 W displayd: DisplayEnginePortId=1
06-26 18:24:59.682 262 390 W displayd: InterfaceType=CVBS
06-26 18:24:59.682 262 390 W displayd: DefaultOutputMode=0
06-26 18:24:59.682 262 390 W displayd: HotplugSupported=0
06-26 18:24:59.682 262 390 W displayd: AfbcSupported=0
06-26 18:24:59.682 262 390 W displayd: HardwareRotateSupported=0
06-26 18:24:59.682 262 390 W displayd: BandwidthLimited=338800 Bytes per frame
06-26 18:24:59.683 262 390 W displayd: xxxxxxx: display output policy: dual
06-26 18:24:59.683 262 390 W displayd: xxxxxxx: Display.0 output type: 4
06-26 18:24:59.680 262 262 I MQ-Thread: type=1400 audit(0.0:289): avc: denied { read } for name="u:object_r:system_prop:s0" dev="tmpfs" ino=6408 scontext=u:r:hal_graphics_composer_default:s0 tcontext=u:object_r:system_prop:s0 tclass=file permissive=1
06-26 18:24:59.680 262 262 I MQ-Thread: type=1400 audit(0.0:290): avc: denied { open } for path="/dev/__properties__/u:object_r:system_prop:s0" dev="tmpfs" ino=6408 scontext=u:r:hal_graphics_composer_default:s0 tcontext=u:object_r:system_prop:s0 tclass=file permissive=1
06-26 18:24:59.680 262 262 I MQ-Thread: type=1400 audit(0.0:291): avc: denied { getattr } for path="/dev/__properties__/u:object_r:system_prop:s0" dev="tmpfs" ino=6408 scontext=u:r:hal_graphics_composer_default:s0 tcontext=u:object_r:system_prop:s0 tclass=file permissive=1
06-26 18:24:59.680 262 262 I MQ-Thread: type=1400 audit(0.0:292): avc: denied { map } for path="/dev/__properties__/u:object_r:system_prop:s0" dev="tmpfs" ino=6408 scontext=u:r:hal_graphics_composer_default:s0 tcontext=u:object_r:system_prop:s0 tclass=file permissive=1
06-26 18:24:59.685 262 262 I HidlServiceManagement: Registered vendor.display.config@1.0::IDisplayConfig/default
06-26 18:24:59.685 262 262 D android.hardware.graphics.composer@2.2-service: IDisplayConfig register: ok
06-26 18:24:59.685 262 262 I sunxihwc: initialize: DisplayConfigService init: ok
06-26 18:24:59.685 262 262 D sunxihwc: setHotplugState: mbHotplug = 1
06-26 18:24:59.685 262 262 E sunxihwc: notifyDeviceChanged: DeviceChangedListener not register yet!
06-26 18:24:59.685 262 262 I sunxihwc: setVendorInterface: register IVendorInterface: 0xf1f8e310
06-26 18:24:59.685 262 262 D sunxihwc: HAL device config file: /vendor/etc/dispconfigs/homlet-default.json
06-26 18:24:59.685 262 262 D sunxihwc: Displays (2 entries)
06-26 18:24:59.685 262 262 D sunxihwc: + Display{id=0, framebuffer=1920x1080(override=1), dpi=160x160}
06-26 18:24:59.685 262 262 D sunxihwc: DisplayEnginePortId=0
06-26 18:24:59.685 262 262 D sunxihwc: InterfaceType=HDMI
06-26 18:24:59.685 262 262 D sunxihwc: DefaultOutputMode=0
06-26 18:24:59.685 262 262 D sunxihwc: HotplugSupported=0
06-26 18:24:59.685 262 262 D sunxihwc: AfbcSupported=0
06-26 18:24:59.685 262 262 D sunxihwc: HardwareRotateSupported=0
06-26 18:24:59.685 262 262 D sunxihwc: BandwidthLimited=338800 Bytes per frame
06-26 18:24:59.685 262 262 D sunxihwc: + Display{id=1, framebuffer=1920x1080(override=1), dpi=160x160}
06-26 18:24:59.685 262 262 D sunxihwc: DisplayEnginePortId=1
06-26 18:24:59.685 262 262 D sunxihwc: InterfaceType=CVBS
06-26 18:24:59.685 262 262 D sunxihwc: DefaultOutputMode=0
06-26 18:24:59.685 262 262 D sunxihwc: HotplugSupported=0
06-26 18:24:59.685 262 262 D sunxihwc: AfbcSupported=0
06-26 18:24:59.685 262 262 D sunxihwc: HardwareRotateSupported=0
06-26 18:24:59.685 262 262 D sunxihwc: BandwidthLimited=338800 Bytes per frame
06-26 18:24:59.685 262 262 W sunxihwc: bringupDevices: display.1 was off, request type 2, try to bringup it!
06-26 18:24:59.685 262 262 I sunxihwc: scanConnectedDevice: wait for device connect
06-26 18:24:59.686 356 356 W mediaextractor: Could not read additional policy file '/vendor/etc/seccomp_policy/mediaextractor.policy'
06-26 18:24:59.687 356 356 W mediaextractor: libminijail[356]: failed to get path of fd 4: No such file or directory
06-26 18:24:59.687 356 356 W mediaextractor: libminijail[356]: allowing syscall: clock_gettime
06-26 18:24:59.687 356 356 W mediaextractor: libminijail[356]: allowing syscall: connect
06-26 18:24:59.687 356 356 W mediaextractor: libminijail[356]: allowing syscall: fcntl64
06-26 18:24:59.687 356 356 W mediaextractor: libminijail[356]: allowing syscall: socket
06-26 18:24:59.688 356 356 W mediaextractor: libminijail[356]: allowing syscall: writev
06-26 18:24:59.689 262 390 W displayd: xxxxxxx: Display.1 output type: 2
06-26 18:24:59.689 262 390 W displayd: xxxxxxx: createDevice: type=4 on port 0
06-26 18:24:59.690 262 390 W displayd: xxxxxxx: Device hdmi init
06-26 18:24:59.690 262 390 W displayd: xxxxxxx: createDevice: type=2 on port 1
06-26 18:24:59.688 262 262 I MQ-Thread: type=1400 audit(0.0:293): avc: denied { read } for name="u:object_r:default_prop:s0" dev="tmpfs" ino=6281 scontext=u:r:hal_graphics_composer_default:s0 tcontext=u:object_r:default_prop:s0 tclass=file permissive=1
06-26 18:24:59.691 262 390 W displayd: xxxxxxx: Device cvbs init
06-26 18:24:59.691 262 390 W displayd: xxxxxxx: Initizlize display device mapping
06-26 18:24:59.688 262 262 I MQ-Thread: type=1400 audit(0.0:294): avc: denied { open } for path="/dev/__properties__/u:object_r:default_prop:s0" dev="tmpfs" ino=6281 scontext=u:r:hal_graphics_composer_default:s0 tcontext=u:object_r:default_prop:s0 tclass=file permissive=1
06-26 18:24:59.691 262 390 D displayd: xxxxxxx: updateConnectState: type=-1 connected=-1
06-26 18:24:59.688 262 262 I MQ-Thread: type=1400 audit(0.0:295): avc: denied { getattr } for path="/dev/__properties__/u:object_r:default_prop:s0" dev="tmpfs" ino=6281 scontext=u:r:hal_graphics_composer_default:s0 tcontext=u:object_r:default_prop:s0 tclass=file permissive=1
06-26 18:24:59.688 262 262 I MQ-Thread: type=1400 audit(0.0:296): avc: denied { map } for path="/dev/__properties__/u:object_r:default_prop:s0" dev="tmpfs" ino=6281 scontext=u:r:hal_graphics_composer_default:s0 tcontext=u:object_r:default_prop:s0 tclass=file permissive=1
06-26 18:24:59.691 262 390 W displayd: xxxxxxx: platformGetDeviceConnectStatePath:
06-26 18:24:59.691 262 390 W displayd: hdmi: /sys/class/extcon/extcon0/state
06-26 18:24:59.691 262 390 W displayd: cvbs: /sys/class/extcon/extcon1/state
