06-26 18:26:33.382 3502 3569 E efs.config: at com.efs.sdk.base.core.config.a.c.handleMessage(Unknown Source:105)
06-26 18:26:33.382 3502 3569 E efs.config: at android.os.Handler.dispatchMessage(Handler.java:102)
06-26 18:26:33.382 3502 3569 E efs.config: at android.os.Looper.loopOnce(Looper.java:201)
06-26 18:26:33.382 3502 3569 E efs.config: at android.os.Looper.loop(Looper.java:288)
06-26 18:26:33.382 3502 3569 E efs.config: at android.os.HandlerThread.run(HandlerThread.java:67)
06-26 18:26:33.429 477 810 W TelephonyPermissions: reportAccessDeniedToReadIdentifiers:com.dangbei.screencast:getSerial:-1
06-26 18:26:33.455 3636 3693 V NFC : this device does not have NFC support
06-26 18:26:33.522 375 375 D dom2reg : timezone change, new: Etc/GMT-8, pre:
06-26 18:26:33.523 375 375 W dom2reg : timezone [Etc/GMT-8] not in default tables, please check!
06-26 18:26:33.609 2570 2663 D UtilLog : 日志批量上报 进行正常循环 !!!!!!本次有0次请求,共0条数据
06-26 18:26:33.704 477 759 I WifiService: startScan uid=10013
06-26 18:26:33.762 320 2255 D XM_HIDREAD: poll ret=1, event=1
06-26 18:26:33.762 320 2255 D XM_HIDREAD: [9 bytes]:01 00 00 4F 00 00 00 00 00
06-26 18:26:33.762 477 600 D TvWindowManager: key event key = KEYCODE_DPAD_RIGHT down = true
06-26 18:26:33.767 477 599 D GpioService: mFlickerEnable = true
06-26 18:26:33.768 2539 2539 I SogouIME: onKeyDown: keyoCode=22
06-26 18:26:33.768 2539 2539 I DefaultIMS: onKeyDown: keyoCode=22
06-26 18:26:33.781 2539 2539 I DefaultIMS: onStartInput attribute=android.view.inputmethod.EditorInfo@15b7088 restarting=false inputType: 0
06-26 18:26:33.851 320 2255 D XM_HIDREAD: poll ret=1, event=1
06-26 18:26:33.852 320 2255 D XM_HIDREAD: [9 bytes]:01 00 00 00 00 00 00 00 00
06-26 18:26:33.852 477 600 D TvWindowManager: key event key = KEYCODE_DPAD_RIGHT down = false
06-26 18:26:33.853 2539 2539 I SogouIME: onKeyUp: keyoCode=22
06-26 18:26:33.853 2539 2539 I DefaultIMS: onKeyUp: keyoCode=22
06-26 18:26:33.942 320 2255 D XM_HIDREAD: poll ret=1, event=1
06-26 18:26:33.942 320 2255 D XM_HIDREAD: [9 bytes]:01 00 00 4F 00 00 00 00 00
06-26 18:26:33.942 477 600 D TvWindowManager: key event key = KEYCODE_DPAD_RIGHT down = true
06-26 18:26:33.945 477 599 D GpioService: mFlickerEnable = true
06-26 18:26:33.946 2539 2539 I SogouIME: onKeyDown: keyoCode=22
06-26 18:26:33.946 2539 2539 I DefaultIMS: onKeyDown: keyoCode=22
06-26 18:26:33.964 2539 2539 I DefaultIMS: onStartInput attribute=android.view.inputmethod.EditorInfo@1688a21 restarting=false inputType: 0
06-26 18:26:34.009 320 2255 D XM_HIDREAD: poll ret=1, event=1
06-26 18:26:34.009 320 2255 D XM_HIDREAD: [9 bytes]:01 00 00 00 00 00 00 00 00
06-26 18:26:34.009 477 600 D TvWindowManager: key event key = KEYCODE_DPAD_RIGHT down = false
06-26 18:26:34.011 2539 2539 I SogouIME: onKeyUp: keyoCode=22
06-26 18:26:34.011 2539 2539 I DefaultIMS: onKeyUp: keyoCode=22
06-26 18:26:34.127 477 524 W IorapForwardingService: No service published for: iorapd
06-26 18:26:34.206 662 662 E WifiHAL : wifi_get_link_stats: requestResponse Error:-5
06-26 18:26:34.207 477 612 E WifiVendorHal: getWifiLinkLayerStats_1_5_Internal(l.1191) failed {.code = ERROR_INVALID_ARGS, .description = }
06-26 18:26:34.267 320 2255 D XM_HIDREAD: poll ret=1, event=1
06-26 18:26:34.268 320 2255 D XM_HIDREAD: [9 bytes]:01 00 00 28 00 00 00 00 00
06-26 18:26:34.268 477 600 D TvWindowManager: key event key = KEYCODE_DPAD_CENTER down = true
06-26 18:26:34.273 477 599 D GpioService: mFlickerEnable = true
06-26 18:26:34.280 477 759 I WifiService: releaseMulticastLock uid=10013
06-26 18:26:34.281 477 759 I WifiService: releaseMulticastLock uid=10013
06-26 18:26:34.301 3636 3636 D HiSight-SinkService: setDiscoverable true
06-26 18:26:34.302 1095 2515 D wenhc : getScreenInfo uri = content://com.dangbei.screencast.parts.info/screen_cast
06-26 18:26:34.303 3636 3636 D NearFieldManager: init.
06-26 18:26:34.303 3636 3636 D NearFieldManager: try check dmsdp
06-26 18:26:34.318 3636 3636 D NearFieldManager: package not exist
06-26 18:26:34.322 477 502 D CompatibilityChangeReporter: Compat change id reported: 135634846; UID 10013; state: DISABLED
06-26 18:26:34.323 477 536 D CompatibilityChangeReporter: Compat change id reported: 143937733; UID 10013; state: DISABLED
06-26 18:26:34.324 3636 3636 D NearFieldManager: bind nearfield service true
06-26 18:26:34.326 3636 3636 D NearFieldManager: registerCallback true
06-26 18:26:34.326 3636 3636 D HiSight-Discovery: set deviceInfo type:46
06-26 18:26:34.327 3636 3636 D HiSight-Discovery: startAdvertise 1
06-26 18:26:34.336 248 248 D Zygote : Forked child process 3820
06-26 18:26:34.337 477 536 I ActivityManager: app.processName = com.huawei.connection
06-26 18:26:34.337 477 536 I ActivityManager: Start proc 3820:com.huawei.connection/u0a13 for service {com.dangbei.screencast/com.huawei.connection.service.NearFieldManagerService}
06-26 18:26:34.344 3820 3820 I Zygote : seccomp disabled by setenforce 0
06-26 18:26:34.348 2348 2348 I rainbow_flow: type=1400 audit(0.0:1924): avc: denied { ioctl } for path="/dev/spidev1.0" dev="tmpfs" ino=6605 ioctlcmd=0x6b00 scontext=u:r:init:s0 tcontext=u:object_r:device:s0 tclass=chr_file permissive=1
06-26 18:26:34.357 403 421 I adbd : jdwp connection from 3820
06-26 18:26:34.376 3820 3820 D CompatibilityChangeReporter: Compat change id reported: 171979766; UID 10013; state: DISABLED
06-26 18:26:34.380 320 2255 D XM_HIDREAD: poll ret=1, event=1
06-26 18:26:34.380 320 2255 D XM_HIDREAD: [9 bytes]:01 00 00 00 00 00 00 00 00
06-26 18:26:34.381 477 600 D TvWindowManager: key event key = KEYCODE_DPAD_CENTER down = false
06-26 18:26:34.384 3820 3820 D ApplicationLoaders: Returning zygote-cached class loader: /system/framework/android.test.base.jar
06-26 18:26:34.384 3820 3820 D ApplicationLoaders: Returning zygote-cached class loader: /system/framework/android.hidl.manager-V1.0-java.jar
06-26 18:26:34.385 3820 3820 D ApplicationLoaders: Returning zygote-cached class loader: /system/framework/android.hidl.base-V1.0-java.jar
06-26 18:26:34.419 477 599 D GpioService: mFlickerEnable = true
06-26 18:26:34.421 3820 3820 V GraphicsEnvironment: ANGLE Developer option for 'com.dangbei.screencast' set to: 'default'
06-26 18:26:34.421 3820 3820 V GraphicsEnvironment: Neither updatable production driver nor prerelease driver is supported.
06-26 18:26:34.423 2539 2539 I SogouIME: onKeyDown: keyoCode=23
06-26 18:26:34.423 2539 2539 I DefaultIMS: onKeyDown: keyoCode=23
06-26 18:26:34.423 3820 3820 D NetworkSecurityConfig: Using Network Security Config from resource network_security_config debugBuild: false
06-26 18:26:34.425 2539 2539 I SogouIME: onKeyUp: keyoCode=23
06-26 18:26:34.426 2539 2539 I DefaultIMS: onKeyUp: keyoCode=23
06-26 18:26:34.426 3820 3820 D NetworkSecurityConfig: Using Network Security Config from resource network_security_config debugBuild: false
06-26 18:26:34.426 3820 3820 I MultiDex: VM with version 2.1.0 has multidex support
06-26 18:26:34.426 3820 3820 I MultiDex: Installing application
06-26 18:26:34.426 3820 3820 I MultiDex: VM has multidex support, MultiDex support library is disabled.
06-26 18:26:34.435 477 502 I ActivityStarter: ---START u0 {cmp=com.tv.filemanager.os/com.dangbei.lerad.filemanager.ui.info.ManagerFileListActivity (has extras)} from uid 10049
06-26 18:26:34.439 265 265 I AW_PowerHAL: Power setMode: LAUNCH to: 1
06-26 18:26:34.453 265 265 I AW_PowerHAL: cur-mode:LAUNCH
06-26 18:26:34.458 477 810 W ActivityTaskManager: Tried to set launchTime (0) < mLastActivityLaunchTime (45004)
06-26 18:26:34.464 477 810 D AW_CODE : rotation =0
06-26 18:26:34.484 477 502 D ActivityTaskManager: homlet: skip orientation settings: 0
06-26 18:26:34.493 280 280 I BpBinder: onLastStrongRef automatically unlinking death recipients:
06-26 18:26:34.539 477 810 W WindowManager: Failed looking up window session=Session{20c9567 2835:u0a10049} callers=com.android.server.wm.WindowManagerService.windowForClientLocked:5702 com.android.server.wm.Session.insetsModified:629 android.view.IWindowSession$Stub.onTransact:1151
06-26 18:26:34.564 261 261 I gralloc : alloc buffer:W:1920 H:1080 S:1920 PL[1920 1080] SZ:8294400 fmt:1 if:0 af:1 usg:20000b00 fg:00000004
06-26 18:26:34.565 261 399 I gralloc : alloc buffer:W:1920 H:1080 S:1920 PL[1920 1080] SZ:8294400 fmt:1 if:0 af:1 usg:20000b00 fg:00000004
06-26 18:26:34.566 261 261 I gralloc : alloc buffer:W:1920 H:1080 S:1920 PL[1920 1080] SZ:8294400 fmt:1 if:0 af:1 usg:20000b00 fg:00000004
06-26 18:26:34.572 3820 3862 I crashsdk: version unique build id: 6230cced
06-26 18:26:34.574 672 672 D TvPipController: onTaskStackChanged()
06-26 18:26:34.576 3820 3820 I Thread-3: type=1400 audit(0.0:1925): avc: denied { read } for name="version" dev="proc" ino=4026532049 scontext=u:r:platform_app:s0:c512,c768 tcontext=u:object_r:proc_version:s0 tclass=file permissive=1 app=com.dangbei.screencast
06-26 18:26:34.580 3820 3820 I Thread-3: type=1400 audit(0.0:1926): avc: denied { open } for path="/proc/version" dev="proc" ino=4026532049 scontext=u:r:platform_app:s0:c512,c768 tcontext=u:object_r:proc_version:s0 tclass=file permissive=1 app=com.dangbei.screencast
06-26 18:26:34.580 3820 3820 I Thread-3: type=1400 audit(0.0:1927): avc: denied { getattr } for path="/proc/version" dev="proc" ino=4026532049 scontext=u:r:platform_app:s0:c512,c768 tcontext=u:object_r:proc_version:s0 tclass=file permissive=1 app=com.dangbei.screencast
06-26 18:26:34.588 3820 3844 I crashsdk: begin hack android.os.Process
06-26 18:26:34.588 3820 3844 I crashsdk: end hack android.os.Process
06-26 18:26:34.591 3820 3865 D crashsdk: Native log stat thread 3865 setup, waiting
06-26 18:26:34.603 2835 2835 I BaseRequest: complete
06-26 18:26:34.603 2835 2835 I BaseRequest: success!=nulltrue
06-26 18:26:34.607 477 522 I ActivityTaskManager: +++Displayed com.tv.filemanager.os/com.dangbei.lerad.filemanager.ui.info.ManagerFileListActivity: +162ms
06-26 18:26:34.632 2835 2835 E hq_file : diskinfo_onSaveInstanceState
06-26 18:26:34.641 3820 3820 W audit : audit_lost=1352 audit_rate_limit=5 audit_backlog_limit=64
06-26 18:26:34.641 3820 3820 E audit : rate limit exceeded
06-26 18:26:34.636 3820 3820 I awei.connection: type=1400 audit(0.0:1928): avc: denied { read } for name="address" dev="sysfs" ino=27837 scontext=u:r:platform_app:s0:c512,c768 tcontext=u:object_r:sysfs:s0 tclass=file permissive=1 app=com.dangbei.screencast
06-26 18:26:34.653 2539 2539 I DefaultIMS: onStartInput attribute=android.view.inputmethod.EditorInfo@43da02a restarting=false inputType: 0
06-26 18:26:34.667 3820 3844 I Matrix.AnrTracer: anrTrace, final mAnrBeatTime:400, mAnrBeatRate:400
06-26 18:26:34.673 3820 3844 E LaunchManager: Non main process !
06-26 18:26:34.674 3820 3844 W System.err: java.lang.NullPointerException: Attempt to invoke virtual method 'boolean com.efs.sdk.launch.LaunchConfigManager.enableTracer()' on a null object reference
06-26 18:26:34.674 3820 3844 W System.err: at com.umeng.umcrash.UMCrash.init(Unknown Source:403)
06-26 18:26:34.674 3820 3844 W System.err: at java.lang.reflect.Method.invoke(Native Method)
06-26 18:26:34.674 3820 3844 W System.err: at com.umeng.commonsdk.UMConfigure.init(Unknown Source:811)
06-26 18:26:34.674 3820 3844 W System.err: at b.f.f.b.a(:4)
06-26 18:26:34.674 3820 3844 W System.err: at h.o.a.run(Unknown Source:2)
06-26 18:26:34.677 3636 3636 D HiSight-SinkService: setDiscoverable true
06-26 18:26:34.677 3636 3636 D HiSight-Discovery: set deviceInfo type:46
06-26 18:26:34.677 3636 3636 D HiSight-Discovery: startAdvertise 1
06-26 18:26:34.683 1095 2515 D wenhc : getScreenInfo uri = content://com.dangbei.screencast.parts.info/screen_cast
06-26 18:26:34.716 2835 2835 W View : requestLayout() improperly called by com.dangbei.lerad.libui.control.layout.FitFrameLayout{2f45f3d V.E...... ......ID 0,0-255,250 #7f0a02ee app:id/view_file_item_ll} during layout: running second layout pass
06-26 18:26:34.728 1095 2515 D wenhc : getScreenInfo uri = content://com.dangbei.screencast.parts.info/screen_cast
06-26 18:26:34.729 3636 3636 D HiSight-SinkService: setDiscoverable true
06-26 18:26:34.730 3636 3636 D HiSight-Discovery: set deviceInfo type:46
06-26 18:26:34.730 3636 3636 D HiSight-Discovery: startAdvertise 1
06-26 18:26:34.730 3636 3636 E HuaweiCastService: onStartCommand in 0
06-26 18:26:34.737 3820 3869 W efs.send_log: tryFileLock start!
06-26 18:26:34.765 2539 2539 I DefaultIMS: onStartInput attribute=android.view.inputmethod.EditorInfo@f862e1b restarting=false inputType: 0
06-26 18:26:34.805 3820 3869 I efs.config: --->>> 删除旧的配置文件 false
06-26 18:26:34.807 2835 2835 W View : requestLayout() improperly called by com.dangbei.lerad.libui.control.layout.FitFrameLayout{3ddf2b6 V.E...... ......ID 0,0-255,250 #7f0a02ee app:id/view_file_item_ll} during layout: running second layout pass
06-26 18:26:34.811 3820 3885 I efs.base: lt=event`ev_ct=efs_core`ev_ac=pvuv`tm=2025-06-26 18:26:79`dn=884562d0-54da-4cce-9d74-00e5c75509d9`ps=com.huawei.connection`um_os=android`stime=1750933594455`pid=3820`fr=android`pkg=com.dangbei.screencast`vcode=20830`dsp_w=1920`uid=884562d0-54da-4cce-9d74-00e5c75509d9`rom=12`wid=884562d0-54da-4cce-9d74-00e5c75509d9`um_app_carrier=`um_access=wifi`um_app_channel=os`um_crash_sdk_version=1.4.0`ctime=1750933594`model=dbbox-a2`lang=zh`net=wifi`brand=dangbei`dsp_h=1080`um_network_type=0`ver=v2.8.3`build_model=DBBOX-A2`w_tm=1750933594`appid=5fc60c21094d637f3130af19`um_umid_header=ai1cc720f47734fc58e671cdbea6807313`sdk=31`tzone=Etc/GMT-8`sdk_ver=1.3.6.umeng
06-26 18:26:34.815 3820 3869 I efs.config: current config version (-1) is older than another (1735614866)
06-26 18:26:34.815 3820 3869 I efs.config: load config from storage and notify observer
06-26 18:26:34.820 2539 2539 I DefaultIMS: onStartInput attribute=android.view.inputmethod.EditorInfo@2100bb8 restarting=false inputType: 0
06-26 18:26:34.828 265 265 I AW_PowerHAL: Power setMode: LAUNCH to: 0
06-26 18:26:34.831 265 265 I AW_PowerHAL: cur-mode:SCHEDUTIL
06-26 18:26:35.128 477 524 W IorapForwardingService: No service published for: iorapd
06-26 18:26:35.295 3636 3707 E raop : JavaCallback init
06-26 18:26:35.509 477 759 D WifiNl80211Manager: Scan result ready event
06-26 18:26:35.509 477 759 D WifiNative: Scan result ready event
06-26 18:26:35.523 375 375 D dom2reg : timezone change, new: Etc/GMT-8, pre:
06-26 18:26:35.523 375 375 W dom2reg : timezone [Etc/GMT-8] not in default tables, please check!
06-26 18:26:35.537 477 617 D WificondScannerImpl: Filtering out 21 scan results.
06-26 18:26:35.553 1095 1095 E hq : NetWorkStateReceiver:::NetWorkStateReceiver onReceive: 网络变化广播 >>>> intent.action=android.net.wifi.SCAN_RESULTS
06-26 18:26:35.562 662 662 E WifiHAL : wifi_get_link_stats: requestResponse Error:-5
06-26 18:26:35.565 477 612 E WifiVendorHal: getWifiLinkLayerStats_1_5_Internal(l.1191) failed {.code = ERROR_INVALID_ARGS, .description = }
06-26 18:26:35.588 1095 1095 W eventbuscore: post Event:com.dangbei.leard.base.entity.event.NetWifiRssiEvent
06-26 18:26:35.606 320 2255 D XM_HIDREAD: poll ret=1, event=1
06-26 18:26:35.606 320 2255 D XM_HIDREAD: [9 bytes]:01 00 00 4F 00 00 00 00 00
06-26 18:26:35.607 477 600 D TvWindowManager: key event key = KEYCODE_DPAD_RIGHT down = true
06-26 18:26:35.609 3820 3820 I TDLog : setReportUncaughtExceptions: true
06-26 18:26:35.609 3820 3820 E Application: onCreate:Version:v2.8.3/20830/883432e
06-26 18:26:35.612 477 599 D GpioService: mFlickerEnable = true
06-26 18:26:35.614 2539 2539 I SogouIME: onKeyDown: keyoCode=22
06-26 18:26:35.614 2539 2539 I DefaultIMS: onKeyDown: keyoCode=22
06-26 18:26:35.629 477 755 W ServiceManager: Permission failure: android.permission.HIGH_SAMPLING_RATE_SENSORS from uid=10013 pid=3820
06-26 18:26:35.633 3820 3820 D NearFieldManagerService: NearFieldManagerService.
06-26 18:26:35.633 3820 3820 D NearFieldManagerService: onCreate, enter.
06-26 18:26:35.634 3820 3820 I NearFieldManagerService: onBind, enter.
06-26 18:26:35.634 3820 3820 D NearFieldManagerService: initService
06-26 18:26:35.634 3820 3820 D NearFieldManagerService: NearField starting...
06-26 18:26:35.635 3820 3820 D NearFieldUtils: checkSystemProperty in
06-26 18:26:35.635 3820 3820 D NearFieldUtils: checkSystemProperty: systemProperties:
06-26 18:26:35.635 3820 3820 E NearFieldUtils: validProperty: priority is null
06-26 18:26:35.636 2539 2539 I DefaultIMS: onStartInput attribute=android.view.inputmethod.EditorInfo@1e24593 restarting=false inputType: 0
06-26 18:26:35.637 3820 3845 I TDLog : TalkingData SDK init...
06-26 18:26:35.637 3820 3845 I TDLog : SDK_VERSION is: Android+TD+V5.0.7 gp Type:Native Build_Num:2141
06-26 18:26:35.637 3820 3845 I TDLog : App ID is: B9D7815EC975466AB1332111FCE62DF5
06-26 18:26:35.637 3820 3845 I TDLog : App Channel is: os
06-26 18:26:35.637 3820 3845 I TDLog : App Custom is:
06-26 18:26:35.637 3820 3845 I TDLog : SDK_OVC is: TDOVC+a3bb7754719798526508b6caad480dd7+SaaS
06-26 18:26:35.644 3636 3636 D NearFieldManager: service connected.
06-26 18:26:35.646 3636 3636 D HiSight-Discovery: eventId: 4001
06-26 18:26:35.646 3636 3819 D HiSight-Discovery: msg 4001
06-26 18:26:35.646 3636 3819 D HiSight-Discovery: bind success, status Ready
06-26 18:26:35.646 3636 3819 D HiSight-Discovery: startAdvertise 2
06-26 18:26:35.647 3636 3819 D HiSight-Discovery: stopAdvertise.
06-26 18:26:35.647 3636 3819 D HiSight-Discovery: nearFieldStartListen deviceType 46
06-26 18:26:35.648 3820 3835 I NearFieldManagerImpl: setDeviceInfo, sDeviceId changes
06-26 18:26:35.648 3820 3835 I NearFieldManagerImpl: setDeviceInfo, sDeviceName changes
06-26 18:26:35.648 3820 3835 D NearFieldManagerImpl: setServiceData, sServiceData=[], serviceData=[32]
06-26 18:26:35.649 3636 3819 E NearFieldManager: setIdnNetworkPriority: networkPortPriority is empty
06-26 18:26:35.649 3636 3819 D NearFieldManager: StartListen moduleId: CastPlusDiscoveryModule
06-26 18:26:35.649 3820 3820 I crashsdk: Catcher mask: 5000, 20480
06-26 18:26:35.650 3820 3835 D NearFieldManagerImpl: startListen: moduleId: CastPlusDiscoveryModule
06-26 18:26:35.650 3820 3835 D NearFieldUtils: getPreferredIpAddress exec
06-26 18:26:35.650 3820 3835 D NearFieldUtils: getPreferredIpAddress by custom priority
06-26 18:26:35.650 3820 3835 D NearFieldUtils: getIpByInterfaceSetting customIdnNetworkPriority:[]
06-26 18:26:35.650 3820 3835 D NearFieldUtils: getPreferredIpAddress by default priority
06-26 18:26:35.651 3820 3820 I crashsdk: Catcher thread 3825
06-26 18:26:35.651 3820 3820 D crashsdk: Register ANR handler ...
06-26 18:26:35.648 3820 3820 I Binder:3820_3: type=1400 audit(0.0:1940): avc: denied { search } for name="net" dev="sysfs" ino=10442 scontext=u:r:platform_app:s0:c512,c768 tcontext=u:object_r:sysfs_net:s0 tclass=dir permissive=1 app=com.dangbei.screencast
06-26 18:26:35.653 3820 3885 W efs.info.manager: network change: wifi
06-26 18:26:35.653 3820 3820 D NearFieldManagerImpl: onReceive action get:android.net.conn.CONNECTIVITY_CHANGE
06-26 18:26:35.656 3820 3820 D NearFieldUtils: getPreferredIpAddress exec
06-26 18:26:35.656 3820 3820 D NearFieldUtils: getPreferredIpAddress by custom priority
06-26 18:26:35.656 3820 3820 D NearFieldUtils: getIpByInterfaceSetting customIdnNetworkPriority:[]
06-26 18:26:35.656 3820 3820 D NearFieldUtils: getPreferredIpAddress by default priority
06-26 18:26:35.677 3820 3820 D NearFieldUtils: to get wlan0 ip address
06-26 18:26:35.677 3820 3820 D NearFieldUtils: get wlan0 IP succeed.
06-26 18:26:35.677 3820 3820 E NearFieldManagerImpl: notifyByPriority: interfaceNameInUse is null
06-26 18:26:35.677 3820 3820 D NearFieldManagerImpl: handleConnectivityAction: notified by default
06-26 18:26:35.681 3820 3835 D NearFieldUtils: to get wlan0 ip address
06-26 18:26:35.681 3820 3835 D NearFieldUtils: get wlan0 IP succeed.
06-26 18:26:35.681 3820 3835 D NearFieldManagerImpl: sDeviceType: 46
06-26 18:26:35.681 3820 3835 D NearFieldManagerImpl: registerDevice() is called.
06-26 18:26:35.681 3820 3835 E NearFieldManagerUtilsNative: Begin System.loadLibrary()
06-26 18:26:35.699 3820 3820 D NearFieldUtils: to get wlan0 ip address
06-26 18:26:35.699 3820 3820 D NearFieldUtils: get wlan0 IP succeed.
06-26 18:26:35.699 3820 3820 I NearFieldManagerImpl: wlan Connected
06-26 18:26:35.700 3820 3835 I HicomNfTimerManager: epoll fd:128 create success
06-26 18:26:35.700 3820 3835 I HicomNfTimerManager: epoll add fd:129--->128 success
06-26 18:26:35.700 3820 3835 I HicomNfTimerManager: time fd:129 add to epoll success
06-26 18:26:35.719 320 2255 D XM_HIDREAD: poll ret=1, event=1
06-26 18:26:35.719 320 2255 D XM_HIDREAD: [9 bytes]:01 00 00 00 00 00 00 00 00
06-26 18:26:35.719 477 600 D TvWindowManager: key event key = KEYCODE_DPAD_RIGHT down = false
06-26 18:26:35.722 2539 2539 I SogouIME: onKeyUp: keyoCode=22
06-26 18:26:35.722 2539 2539 I DefaultIMS: onKeyUp: keyoCode=22
06-26 18:26:35.726 3820 3835 D nStackXDFinder: NSTACKX_Init:[146] :nstack ctrl creat epollfd 130
06-26 18:26:35.729 3820 3820 I HicomNf_java_to_c: notifyNetworkStateChanged with maskStr, networkType: 0, networkState: 0, mask:
06-26 18:26:35.729 3820 3820 I HicomNfMainCtrlManager: NotifyNetworkStateChanged is called with networkState: 0
06-26 18:26:35.729 3820 3820 I HicomNfMainCtrlManager: P2P and USB are both disconnected
06-26 18:26:35.730 3820 3820 I HicomNfSecureManager: stop listening
06-26 18:26:35.730 3820 3820 I HicomNfSecureManager: StopListening, m_sessionInfoLock out, before calling NSTACKX_DMsgClose 2
06-26 18:26:35.730 3820 3820 I HicomNfSecureManager: StopListening, after calling NSTACKX_DMsgClose 2
06-26 18:26:35.732 3820 3835 I nStackXDFinder: InitDefaultInterfaceName:[779] :InitDefaultInterfaceName exec
06-26 18:26:35.733 3820 3835 D nStackXCoAP: CoapServerInit:[174] :CoapServerInit is called
06-26 18:26:35.734 3820 3835 E nStackXDFinder: GetLocalIp:[401] :GetLocalIp exec
06-26 18:26:35.734 3820 3835 E nStackXDFinder: GetLocalIp:[407] :GetLocalIp, ifInfo is null
06-26 18:26:35.734 3820 3835 I HicomNfMainCtrlManager: NSTACKX_RegisterDevice is called
06-26 18:26:35.734 3820 3922 I nStackXDFinder: UpdateLocalNetworkInterface:[472] :UpdateLocalNetworkInterface exec,initerfaceName:wlan0
06-26 18:26:35.734 3820 3922 E nStackXDFinder: GetLocalIp:[401] :GetLocalIp exec
06-26 18:26:35.734 3820 3922 E nStackXDFinder: GetLocalIp:[407] :GetLocalIp, ifInfo is null
06-26 18:26:35.734 3820 3922 I nStackXDFinder: UpdateLocalNetworkInterface:[498] :UpdateLocalNetworkInterface copy ip value in default process
06-26 18:26:35.734 3820 3922 E nStackXDFinder: GetLocalIp:[401] :GetLocalIp exec
06-26 18:26:35.734 3820 3922 D nStackXCoAP: CoapServerInit:[174] :CoapServerInit is called
06-26 18:26:35.734 3820 3922 E nStackXDFinder: GetLocalIp:[401] :GetLocalIp exec
06-26 18:26:35.734 3820 3922 I nStackXUtil: BindToDevice:[352] :BindToDevice exec
06-26 18:26:35.734 3820 3922 I nStackXUtil: GetInterfaceByPriority:[279] :GetInterfaceByPriority exec
06-26 18:26:35.735 3820 3922 I nStackXUtil: GetInterfaceByDefault:[309] :GetInterfaceByDefault exec
06-26 18:26:35.735 3820 3922 I nStackXUtil: GetInterfaceByDefault:[316] :GetInterfaceByDefault, ndevice name: lo
06-26 18:26:35.735 3820 3922 I nStackXUtil: GetInterfaceByDefault:[316] :GetInterfaceByDefault, ndevice name: wlan0
06-26 18:26:35.735 3820 3922 I nStackXUtil: BindToDevice:[374] :BindToDevice, Bind localAddr name: wlan0
06-26 18:26:35.735 3820 3922 E nStackXUtil: BindToDeviceInner:[188] :setsockopt fail, errno = 1
06-26 18:26:35.736 3820 3922 E nStackXCoAP: CoapGetContext:[250] :bind to device fail
06-26 18:26:35.736 3820 3922 D nStackXCoAP: CoapInitResources:[744] :CoapInitResources g_wlanOrEthContext update
06-26 18:26:35.736 3820 3835 D NearFieldManagerImpl: Register device success.
06-26 18:26:35.736 3820 3835 I NearFieldManagerImpl: serviceName is castPlus
06-26 18:26:35.737 3820 3835 D NearFieldManagerImpl: registerCapability() called with: capabilityBitmapNum = 1, capabilityBitmap = [8]
06-26 18:26:35.737 3820 3835 I HicomNf_java_to_c: registerCapability, capabilityBitmapNum: 1
06-26 18:26:35.737 3820 3835 I HicomNfMainCtrlManager: RegisterCapability: 1, 8
06-26 18:26:35.737 3820 3835 D NearFieldManagerImpl: Register capability succeed with capabilityBitmapNum = 1, capabilityBitmap = [8]
06-26 18:26:35.737 3820 3835 D NearFieldManagerImpl: registerServiceData() called with: serviceData = 32
06-26 18:26:35.737 3820 3922 I nStackXDFinder: RegisterServiceData:[728] :RegisterServiceData, serviceData=[32]
06-26 18:26:35.737 3820 3835 D NearFieldManagerImpl: registerModule() called with: packageModuleName = com.huawei.connection+CastPlusDiscoveryModule
06-26 18:26:35.738 3820 3835 I HicomNf_java_to_c: registerModule, moduleName: com.huawei.connection+CastPlusDiscoveryModule
06-26 18:26:35.738 3820 3835 I HicomNfMainCtrlManager: Enter RegisterModule
06-26 18:26:35.738 3820 3835 I HicomNfRegManager: RegisterModule OK, add module name com.huawei.connection+CastPlusDiscoveryModule
06-26 18:26:35.741 3636 3819 I Hisight-DeviceListManager: init DeviceListManager.
06-26 18:26:35.750 3636 3819 D Hisight-DeviceListManager: get old secret key
06-26 18:26:35.769 3636 3819 E Hisight-ConnectAuthCallBack: readSecureFile failed, no such file
06-26 18:26:35.769 3636 3819 W Hisight-DeviceListManager: deviceRecords is empty
06-26 18:26:35.770 3636 3819 W Hisight-DeviceListManager: occur error, clear all the list
06-26 18:26:35.770 3636 3819 D Hisight-HiChainAuthControl: start HiChainAuthControl
06-26 18:26:35.781 3636 3819 I ConnectAuthJNI: JNI_OnLoad begin load
06-26 18:26:35.781 3636 3819 I ConnectAuthJNI: RegisterNativeMethod begin
06-26 18:26:35.783 3636 3819 I ConnectAuthJNI: RegisterNativeMethod end
06-26 18:26:35.783 3636 3819 I ConnectAuthJNI: RegisterNativeMethod 1004 methodLen=10
06-26 18:26:35.783 3636 3819 I ConnectAuthJNI: RegisterNativeMethod 1007 RegisterNatives=0
06-26 18:26:35.783 3636 3819 I ConnectAuthJNI: InitArraylist 1013
06-26 18:26:35.784 3636 3819 I ConnectAuthJNI: InitConnectAuthStaticJNIMethod 1114 methodRet=0
06-26 18:26:35.784 3636 3819 E ConnectAuthJNI: JNI_OnLoad finish....1138
06-26 18:26:35.784 3636 3819 D Hisight-HiChainAuthControl: setupAuthIfNeeded, HiChainInstance hasn't been initialized
06-26 18:26:35.784 3636 3819 I ConnectAuthJNI: Java_com_huawei_hisight_security_ConnectAuthNative_nativeSetup 795 call HiChainNativeSetup
06-26 18:26:35.784 3636 3819 I ConnectAuthJNI: HiChainNativeSetup 565 registe_log
06-26 18:26:35.784 3636 3819 I ConnectAuthJNI: HksStorageRegisterFileCallbacks 245 register hks file callback status =0
06-26 18:26:35.784 3636 3819 I ConnectAuthJNI: HksRegisterGetDeviceIdCallback 268 register hks get hardware udid callback status =0
06-26 18:26:35.784 3636 3819 D ConnectAuthJNI: [HiChain] get_instance Begin get instance
06-26 18:26:35.789 3636 3819 I ConnectAuthJNI: [HKS] hks_service_key_info_init hks init : begin
06-26 18:26:35.789 3636 3819 I ConnectAuthJNI: FileRead 113 FileRead
06-26 18:26:35.789 3636 3819 I ConnectAuthJNI: FileRead 122 FileRead call readSecureFile begin
06-26 18:26:35.789 3820 3820 I HicomNf_java_to_c: notifyNetworkStateChanged with maskStr, networkType: 0, networkState: 1, mask: 255.255.254.0
06-26 18:26:35.789 3636 3819 E Hisight-ConnectAuthCallBack: readSecureFile failed, no such file
06-26 18:26:35.789 3820 3820 I HicomNfMainCtrlManager: NotifyNetworkStateChanged is called with networkState: 1
06-26 18:26:35.789 3636 3819 W ConnectAuthJNI: FileRead 132 FileRead call readSecureFile byteArray is null
06-26 18:26:35.789 3820 3820 I HicomNfSecureManager: StartListening, before calling NSTACKX_DMsgServer
06-26 18:26:35.789 3820 3820 I nStackXDMsg: NSTACKX_DMsgServer:[1335] :msgReceiver is not NULL
06-26 18:26:35.790 3636 3819 I ConnectAuthJNI: [HKS] hks_rkc_init RKC init:begin, is_key_info_exist=0
06-26 18:26:35.790 3636 3819 I ConnectAuthJNI: [HKS] hks_rkc_init_entropy the entropy is empty
06-26 18:26:35.790 3636 3819 I ConnectAuthJNI: FileSize 214 FileSize
06-26 18:26:35.790 3636 3819 I ConnectAuthJNI: FileSize 230 fileSize=258
06-26 18:26:35.790 3636 3819 I ConnectAuthJNI: FileRead 113 FileRead
06-26 18:26:35.790 3636 3819 I ConnectAuthJNI: FileRead 122 FileRead call readSecureFile begin
06-26 18:26:35.790 3820 3820 D nStackXDMsg: StartDMsgMainThread:[1274] :pthread_create
06-26 18:26:35.790 3820 3820 I HicomNfSecureManager: StartListening, after calling NSTACKX_DMsgServer
06-26 18:26:35.790 3820 3820 I HicomNfSecureManager: OnehopSecureCtrlManager: succeeded to StartListening with type 0
06-26 18:26:35.790 3636 3819 I ConnectAuthJNI: FileRead 135 FileRead call readSecureFile end
06-26 18:26:35.790 3636 3819 I ConnectAuthJNI: FileRead 150 fileBuff size 258, buf len 258
06-26 18:26:35.790 3636 3819 I ConnectAuthJNI: FileSize 214 FileSize
06-26 18:26:35.790 3636 3819 I ConnectAuthJNI: FileSize 230 fileSize=258
06-26 18:26:35.790 3636 3819 I ConnectAuthJNI: FileRead 113 FileRead
06-26 18:26:35.790 3636 3819 I ConnectAuthJNI: FileRead 122 FileRead call readSecureFile begin
06-26 18:26:35.791 3636 3819 I ConnectAuthJNI: FileRead 135 FileRead call readSecureFile end
06-26 18:26:35.791 3636 3819 I ConnectAuthJNI: FileRead 150 fileBuff size 258, buf len 258
06-26 18:26:35.791 3636 3819 I ConnectAuthJNI: [HKS] hks_rkc_load_ksf load ksf success
06-26 18:26:35.791 3636 3819 I ConnectAuthJNI: [HKS] hks_rkc_init root key component init success
06-26 18:26:35.791 3636 3819 I ConnectAuthJNI: [HKS] hks_rkc_init RKC init:end,rc=0
06-26 18:26:35.791 3636 3819 I ConnectAuthJNI: [HKS] hks_service_key_info_init hks init : end
06-26 18:26:35.791 3636 3819 I ConnectAuthJNI: GetHiChainProtocolParamsCallback 371 GetHiChainProtocolParamsCallback operation_code= 99
06-26 18:26:35.791 3636 3819 I ConnectAuthJNI: paramLen is ,=0
06-26 18:26:35.791 3636 3819 I ConnectAuthJNI: paramLen is ,=0
06-26 18:26:35.791 3636 3819 I ConnectAuthJNI: GetHiChainProtocolParamsCallback 402 GetHiChainProtocolParamsCallback end
06-26 18:26:35.791 3636 3819 I ConnectAuthJNI: [HiChain] get_instance Get instance success
06-26 18:26:35.791 3636 3819 I ConnectAuthJNI: Java_com_huawei_hisight_security_ConnectAuthNative_nativeGetHiChainInstance 598 get instance success
06-26 18:26:35.791 3636 3819 D Hisight-HiChainAuthControl: destroyAuth
06-26 18:26:35.791 3636 3819 I ConnectAuthJNI: Java_com_huawei_hisight_security_ConnectAuthNative_nativeDestroy 603 destroy
06-26 18:26:35.791 3636 3819 D Hisight-HiChainAuthControl: setupAuthIfNeeded, HiChainInstance hasn't been initialized
06-26 18:26:35.791 3636 3819 I ConnectAuthJNI: Java_com_huawei_hisight_security_ConnectAuthNative_nativeSetup 795 call HiChainNativeSetup
06-26 18:26:35.791 3636 3819 I ConnectAuthJNI: HiChainNativeSetup 565 registe_log
06-26 18:26:35.791 3636 3819 I ConnectAuthJNI: HksStorageRegisterFileCallbacks 245 register hks file callback status =0
06-26 18:26:35.791 3636 3819 I ConnectAuthJNI: HksRegisterGetDeviceIdCallback 268 register hks get hardware udid callback status =0
06-26 18:26:35.792 3636 3819 D ConnectAuthJNI: [HiChain] get_instance Begin get instance
06-26 18:26:35.792 3636 3819 I ConnectAuthJNI: [HKS] hks_service_key_info_init hks init : begin
06-26 18:26:35.792 3636 3819 I ConnectAuthJNI: [HKS] hks_service_key_info_init hks init : end
06-26 18:26:35.792 3636 3819 I ConnectAuthJNI: GetHiChainProtocolParamsCallback 371 GetHiChainProtocolParamsCallback operation_code= 99
06-26 18:26:35.792 3636 3819 I ConnectAuthJNI: paramLen is ,=0
06-26 18:26:35.792 3636 3819 I ConnectAuthJNI: paramLen is ,=0
06-26 18:26:35.792 3636 3819 I ConnectAuthJNI: GetHiChainProtocolParamsCallback 402 GetHiChainProtocolParamsCallback end
06-26 18:26:35.792 3636 3819 I ConnectAuthJNI: [HiChain] get_instance Get instance success
06-26 18:26:35.792 3636 3819 I ConnectAuthJNI: Java_com_huawei_hisight_security_ConnectAuthNative_nativeGetHiChainInstance 598 get instance success
06-26 18:26:35.792 3636 3819 W ConnectAuthJNI: GetListTrustPeers 899 trustPeerSize=0
06-26 18:26:35.792 3636 3819 D Hisight-HiChainAuthControl: destroyAuth
06-26 18:26:35.792 3636 3819 I ConnectAuthJNI: Java_com_huawei_hisight_security_ConnectAuthNative_nativeDestroy 603 destroy
06-26 18:26:35.792 3636 3819 D Hisight-HiChainAuthControl: setupAuthIfNeeded, HiChainInstance hasn't been initialized
06-26 18:26:35.792 3636 3819 I ConnectAuthJNI: Java_com_huawei_hisight_security_ConnectAuthNative_nativeSetup 795 call HiChainNativeSetup
06-26 18:26:35.792 3636 3819 I ConnectAuthJNI: HiChainNativeSetup 565 registe_log
06-26 18:26:35.792 3636 3819 I ConnectAuthJNI: HksStorageRegisterFileCallbacks 245 register hks file callback status =0
06-26 18:26:35.792 3636 3819 I ConnectAuthJNI: HksRegisterGetDeviceIdCallback 268 register hks get hardware udid callback status =0
06-26 18:26:35.792 3636 3819 D ConnectAuthJNI: [HiChain] get_instance Begin get instance
06-26 18:26:35.792 3636 3819 I ConnectAuthJNI: [HKS] hks_service_key_info_init hks init : begin
06-26 18:26:35.792 3636 3819 I ConnectAuthJNI: [HKS] hks_service_key_info_init hks init : end
06-26 18:26:35.792 3636 3819 I ConnectAuthJNI: GetHiChainProtocolParamsCallback 371 GetHiChainProtocolParamsCallback operation_code= 99
06-26 18:26:35.792 3636 3819 I ConnectAuthJNI: paramLen is ,=0
06-26 18:26:35.792 3636 3819 I ConnectAuthJNI: paramLen is ,=0
06-26 18:26:35.792 3636 3819 I ConnectAuthJNI: GetHiChainProtocolParamsCallback 402 GetHiChainProtocolParamsCallback end
06-26 18:26:35.792 3636 3819 I ConnectAuthJNI: [HiChain] get_instance Get instance success
06-26 18:26:35.792 3636 3819 I ConnectAuthJNI: Java_com_huawei_hisight_security_ConnectAuthNative_nativeGetHiChainInstance 598 get instance success
06-26 18:26:35.792 3636 3819 W ConnectAuthJNI: GetListTrustPeers 899 trustPeerSize=0
06-26 18:26:35.803 3636 3819 D Hisight-DeviceListManager: init trusted list size: 0
06-26 18:26:35.804 3636 3819 D HiSight-ConnectionManager: setAuthInfo, authMode: 1
06-26 18:26:35.809 320 2255 D XM_HIDREAD: poll ret=1, event=1
06-26 18:26:35.809 320 2255 D XM_HIDREAD: [9 bytes]:01 00 00 4F 00 00 00 00 00
06-26 18:26:35.809 477 600 D TvWindowManager: key event key = KEYCODE_DPAD_RIGHT down = true
06-26 18:26:35.813 477 599 D GpioService: mFlickerEnable = true
06-26 18:26:35.814 2539 2539 I SogouIME: onKeyDown: keyoCode=22
06-26 18:26:35.814 2539 2539 I DefaultIMS: onKeyDown: keyoCode=22
06-26 18:26:35.833 477 496 I system_server: Background young concurrent copying GC freed 373019(14MB) AllocSpace objects, 41(948KB) LOS objects, 47% free, 16MB/30MB, paused 330us total 310.953ms
06-26 18:26:35.837 2539 2539 I DefaultIMS: onStartInput attribute=android.view.inputmethod.EditorInfo@13c99d0 restarting=false inputType: 0
06-26 18:26:35.847 477 498 W System : A resource failed to call release.
06-26 18:26:35.851 3820 3922 D nStackXCoAP: IsInSameNetwork:[276] :IsInSameNetwork exec
06-26 18:26:35.851 3820 3922 I nStackXDFinder: GetLocalInterfaceDetail:[461] :GetLocalInterfaceDetail in
06-26 18:26:35.851 3820 3922 E nStackXCoAP: IsInSameNetwork:[281] :IsInSameNetwork: not priority process
06-26 18:26:35.852 3820 3922 D nStackXCoAP: ParseServiceDiscover:[330] :new device join
06-26 18:26:35.852 3820 3922 I nStackXDFinder: NotifyDeviceListChanged:[540] :notify callback: device list changed callback is null
06-26 18:26:35.852 3820 3922 E nStackXDFinder: GetLocalIp:[401] :GetLocalIp exec
06-26 18:26:35.921 320 2255 D XM_HIDREAD: poll ret=1, event=1
06-26 18:26:35.921 320 2255 D XM_HIDREAD: [9 bytes]:01 00 00 00 00 00 00 00 00
06-26 18:26:35.922 477 600 D TvWindowManager: key event key = KEYCODE_DPAD_RIGHT down = false
06-26 18:26:35.923 2539 2539 I SogouIME: onKeyUp: keyoCode=22
06-26 18:26:35.924 2539 2539 I DefaultIMS: onKeyUp: keyoCode=22
06-26 18:26:35.989 320 2255 D XM_HIDREAD: poll ret=1, event=1
06-26 18:26:35.989 320 2255 D XM_HIDREAD: [9 bytes]:01 00 00 4F 00 00 00 00 00
06-26 18:26:35.990 477 600 D TvWindowManager: key event key = KEYCODE_DPAD_RIGHT down = true
06-26 18:26:35.988 3502 3502 I efs-base: type=1400 audit(0.0:1941): avc: denied { rmdir } for name="1320" dev="mmcblk0p25" ino=43107 scontext=u:r:platform_app:s0:c512,c768 tcontext=u:object_r:app_data_file:s0:c512,c768 tclass=dir permissive=1 app=com.dangbei.screencast
06-26 18:26:35.993 477 599 D GpioService: mFlickerEnable = true
06-26 18:26:35.994 2539 2539 I SogouIME: onKeyDown: keyoCode=22
06-26 18:26:35.994 2539 2539 I DefaultIMS: onKeyDown: keyoCode=22
06-26 18:26:35.995 3502 3577 I efs.base: lt=event`ev_ct=efs_core`ev_ac=log_lag`tm=2025-06-26 18:26:99`dn=884562d0-54da-4cce-9d74-00e5c75509d9`ps=com.dangbei.screencast:bg_guard`um_os=android`stime=1750933585727`pid=3502`fr=android`pkg=com.dangbei.screencast`vcode=20830`dsp_w=1920`uid=884562d0-54da-4cce-9d74-00e5c75509d9`rom=12`wid=884562d0-54da-4cce-9d74-00e5c75509d9`um_app_carrier=`um_access=wifi`um_app_channel=os`um_crash_sdk_version=1.4.0`ctime=1750933595`model=dbbox-a2`lang=zh`net=wifi`brand=dangbei`dsp_h=1080`um_network_type=0`ver=v2.8.3`cnt=0`build_model=DBBOX-A2`w_tm=1750933595`appid=5fc60c21094d637f3130af19`um_umid_header=ai1cc720f47734fc58e671cdbea6807313`sdk=31`tzone=Etc/GMT-8`sdk_ver=1.3.6.umeng
06-26 18:26:36.004 3502 3502 E GuardService: killMyselfRunnable:
06-26 18:26:36.004 3502 3502 I crashsdk: android_os_Process_sendSignal. PID: 3502 SIG: 9
06-26 18:26:36.004 3502 3502 I crashsdk: onKillProcess. SIG: 9
06-26 18:26:36.004 3502 3502 I encast:bg_guard: type=1400 audit(0.0:1942): avc: denied { open } for path="/data/user/0/com.dangbei.screencast/crashsdk/tags/DRAUG2GB1TSACNEERCS0IEBGNAD0MOC.ss" dev="mmcblk0p25" ino=3454 scontext=u:r:platform_app:s0:c512,c768 tcontext=u:object_r:app_data_file:s0:c512,c768 tclass=file permissive=1 app=com.dangbei.screencast
06-26 18:26:36.007 3502 3502 I crashsdk: Kill PID: 3502 (com.dangbei.screencast:bg_guard) by pid: 3502 (com.dangbei.screencast:bg_guard) tid: 3502 (main)
06-26 18:26:36.007 3502 3502 I crashsdk: SIG: 9, fg: false, exiting: false, main process: false, time: 20250626182636
06-26 18:26:36.007 3502 3502 I crashsdk: State in disk: 'b'
06-26 18:26:36.007 3502 3502 I crashsdk: at android.os.Process.sendSignal(Native Method)
06-26 18:26:36.007 3502 3502 I crashsdk: at android.os.Process.killProcess(Process.java:1153)
06-26 18:26:36.007 3502 3502 I crashsdk: at com.dangbei.screencast.startup.GuardService$a.run(:2)
06-26 18:26:36.007 3502 3502 I crashsdk: at android.os.Handler.handleCallback(Handler.java:938)
06-26 18:26:36.007 3502 3502 I crashsdk: at android.os.Handler.dispatchMessage(Handler.java:99)
06-26 18:26:36.007 3502 3502 I crashsdk: at android.os.Looper.loopOnce(Looper.java:201)
06-26 18:26:36.007 3502 3502 I crashsdk: at android.os.Looper.loop(Looper.java:288)
06-26 18:26:36.007 3502 3502 I crashsdk: at android.app.ActivityThread.main(ActivityThread.java:7854)
06-26 18:26:36.007 3502 3502 I crashsdk: at java.lang.reflect.Method.invoke(Native Method)
06-26 18:26:36.007 3502 3502 I crashsdk: at com.android.internal.os.RuntimeInit$MethodAndArgsCaller.run(RuntimeInit.java:548)
06-26 18:26:36.007 3502 3502 I crashsdk: at com.android.internal.os.ZygoteInit.main(ZygoteInit.java:1182)
06-26 18:26:36.004 3502 3502 I encast:bg_guard: type=1400 audit(0.0:1943): avc: denied { create } for name="DRAUG2GB1TSACNEERCS0IEBGNAD0MOC.kill" scontext=u:r:platform_app:s0:c512,c768 tcontext=u:object_r:app_data_file:s0:c512,c768 tclass=file permissive=1 app=com.dangbei.screencast
06-26 18:26:36.015 2539 2539 I DefaultIMS: onStartInput attribute=android.view.inputmethod.EditorInfo@48b0dc9 restarting=false inputType: 0
06-26 18:26:36.016 3502 3502 I Process : Sending signal. PID: 3502 SIG: 9
06-26 18:26:36.040 3636 3636 I Timer-1 : type=1400 audit(0.0:1944): avc: denied { lock } for path="/data/user/0/com.dangbei.screencast/files/TDCloud_Control_Cache_Param4" dev="mmcblk0p25" ino=2016 scontext=u:r:platform_app:s0:c512,c768 tcontext=u:object_r:app_data_file:s0:c512,c768 tclass=file permissive=1 app=com.dangbei.screencast
06-26 18:26:36.059 477 759 I ActivityManager: Process com.dangbei.screencast:bg_guard (pid 3502) has died: prcp FGS
06-26 18:26:36.061 3636 3686 W efs.send_log: tryFileLock sendlock sucess! processname: com.dangbei.screencast
06-26 18:26:36.062 477 537 I libprocessgroup: Successfully killed process cgroup uid 10013 pid 3502 in 0ms
06-26 18:26:36.062 248 248 I Zygote : Process 3502 exited due to signal 9 (Killed)
06-26 18:26:36.063 1 1 I init : Untracked pid 3590 exited with status 0
06-26 18:26:36.079 320 2255 D XM_HIDREAD: poll ret=1, event=1
06-26 18:26:36.079 320 2255 D XM_HIDREAD: [9 bytes]:01 00 00 00 00 00 00 00 00
06-26 18:26:36.080 477 600 D TvWindowManager: key event key = KEYCODE_DPAD_RIGHT down = false
06-26 18:26:36.082 2539 2539 I SogouIME: onKeyUp: keyoCode=22
06-26 18:26:36.083 2539 2539 I DefaultIMS: onKeyUp: keyoCode=22
06-26 18:26:36.129 477 524 W IorapForwardingService: No service published for: iorapd
06-26 18:26:36.157 3820 3922 D nStackXCoAP: IsInSameNetwork:[276] :IsInSameNetwork exec
06-26 18:26:36.157 3820 3922 I nStackXDFinder: GetLocalInterfaceDetail:[461] :GetLocalInterfaceDetail in
06-26 18:26:36.157 3820 3922 E nStackXCoAP: IsInSameNetwork:[281] :IsInSameNetwork: not priority process
06-26 18:26:36.157 3820 3922 D nStackXCoAP: ParseServiceDiscover:[330] :new device join
06-26 18:26:36.157 3820 3922 I nStackXDFinder: NotifyDeviceListChanged:[540] :notify callback: device list changed callback is null
06-26 18:26:36.157 3820 3922 E nStackXDFinder: GetLocalIp:[401] :GetLocalIp exec
06-26 18:26:36.257 3939 3939 W audit : audit_lost=1363 audit_rate_limit=5 audit_backlog_limit=64
06-26 18:26:36.257 3939 3939 E audit : rate limit exceeded
06-26 18:26:36.311 1117 1117 D aaa : LedStatusService onStartCommand begin
06-26 18:26:36.313 1117 3947 D aaa : topPkg is -------------- :com.tv.filemanager.os
06-26 18:26:36.317 1203 1203 D bbb : onStartCommand begin !!!!!!! data分区剩余 23329MB
06-26 18:26:36.461 320 2255 D XM_HIDREAD: poll ret=1, event=1
06-26 18:26:36.461 320 2255 D XM_HIDREAD: [9 bytes]:01 00 00 28 00 00 00 00 00
06-26 18:26:36.461 477 600 D TvWindowManager: key event key = KEYCODE_DPAD_CENTER down = true
06-26 18:26:36.467 477 599 D GpioService: mFlickerEnable = true
06-26 18:26:36.551 320 2255 D XM_HIDREAD: poll ret=1, event=1
06-26 18:26:36.551 320 2255 D XM_HIDREAD: [9 bytes]:01 00 00 00 00 00 00 00 00
06-26 18:26:36.551 477 600 D TvWindowManager: key event key = KEYCODE_DPAD_CENTER down = false
06-26 18:26:36.612 477 599 D GpioService: mFlickerEnable = true
06-26 18:26:36.614 2539 2539 I SogouIME: onKeyDown: keyoCode=23
06-26 18:26:36.614 2539 2539 I DefaultIMS: onKeyDown: keyoCode=23
06-26 18:26:36.616 2539 2539 I SogouIME: onKeyUp: keyoCode=23
06-26 18:26:36.616 2539 2539 I DefaultIMS: onKeyUp: keyoCode=23
06-26 18:26:36.619 477 810 I ActivityStarter: ---START u0 {cmp=com.tv.filemanager.os/com.dangbei.lerad.filemanager.ui.info.ManagerFileListActivity (has extras)} from uid 10049
06-26 18:26:36.622 265 265 I AW_PowerHAL: Power setMode: LAUNCH to: 1
06-26 18:26:36.638 477 759 W ActivityTaskManager: Tried to set launchTime (0) < mLastActivityLaunchTime (102404)
06-26 18:26:36.639 477 759 D AW_CODE : rotation =0
06-26 18:26:36.645 265 265 I AW_PowerHAL: cur-mode:LAUNCH
06-26 18:26:36.661 477 1120 D ActivityTaskManager: homlet: skip orientation settings: 0
06-26 18:26:36.672 3820 3922 D nStackXCoAP: IsInSameNetwork:[276] :IsInSameNetwork exec
06-26 18:26:36.672 3820 3922 I nStackXDFinder: GetLocalInterfaceDetail:[461] :GetLocalInterfaceDetail in
06-26 18:26:36.672 3820 3922 E nStackXCoAP: IsInSameNetwork:[281] :IsInSameNetwork: not priority process
06-26 18:26:36.672 3820 3922 D nStackXCoAP: ParseServiceDiscover:[330] :new device join
06-26 18:26:36.672 3820 3922 E nStackXDFinder: GetLocalIp:[401] :GetLocalIp exec
06-26 18:26:36.676 280 280 I BpBinder: onLastStrongRef automatically unlinking death recipients:
06-26 18:26:36.702 477 1120 W WindowManager: Failed looking up window session=Session{20c9567 2835:u0a10049} callers=com.android.server.wm.WindowManagerService.windowForClientLocked:5702 com.android.server.wm.Session.insetsModified:629 android.view.IWindowSession$Stub.onTransact:1151
06-26 18:26:36.722 261 261 I gralloc : alloc buffer:W:1920 H:1080 S:1920 PL[1920 1080] SZ:8294400 fmt:1 if:0 af:1 usg:20000b00 fg:00000004
06-26 18:26:36.723 261 399 I gralloc : alloc buffer:W:1920 H:1080 S:1920 PL[1920 1080] SZ:8294400 fmt:1 if:0 af:1 usg:20000b00 fg:00000004
06-26 18:26:36.725 261 399 I gralloc : alloc buffer:W:1920 H:1080 S:1920 PL[1920 1080] SZ:8294400 fmt:1 if:0 af:1 usg:20000b00 fg:00000004
06-26 18:26:36.748 477 522 I ActivityTaskManager: +++Displayed com.tv.filemanager.os/com.dangbei.lerad.filemanager.ui.info.ManagerFileListActivity: +128ms
06-26 18:26:36.754 672 672 D TvPipController: onTaskStackChanged()
06-26 18:26:36.762 2835 2835 I BaseRequest: complete
06-26 18:26:36.765 2835 2835 I BaseRequest: success!=nulltrue
06-26 18:26:36.803 2539 2539 I DefaultIMS: onStartInput attribute=android.view.inputmethod.EditorInfo@4c1a32c restarting=false inputType: 0
06-26 18:26:36.837 2835 2835 W View : requestLayout() improperly called by com.dangbei.lerad.libui.control.layout.FitFrameLayout{d63952d V.E...... ......ID 0,0-255,250 #7f0a02ee app:id/view_file_item_ll} during layout: running second layout pass
06-26 18:26:36.847 2539 2539 I DefaultIMS: onStartInput attribute=android.view.inputmethod.EditorInfo@63211f5 restarting=false inputType: 0
06-26 18:26:36.853 265 265 I AW_PowerHAL: Power setMode: LAUNCH to: 0
06-26 18:26:36.857 265 265 I AW_PowerHAL: cur-mode:SCHEDUTIL
06-26 18:26:36.895 758 768 I rkstack.proces: Background concurrent copying GC freed 797899(23MB) AllocSpace objects, 8(480KB) LOS objects, 49% free, 3080KB/6161KB, paused 105us total 155.137ms
06-26 18:26:37.131 477 524 W IorapForwardingService: No service published for: iorapd
06-26 18:26:37.198 3820 3922 D nStackXCoAP: IsInSameNetwork:[276] :IsInSameNetwork exec
06-26 18:26:37.198 3820 3922 I nStackXDFinder: GetLocalInterfaceDetail:[461] :GetLocalInterfaceDetail in
06-26 18:26:37.198 3820 3922 E nStackXCoAP: IsInSameNetwork:[281] :IsInSameNetwork: not priority process
06-26 18:26:37.198 3820 3922 D nStackXCoAP: ParseServiceDiscover:[330] :new device join
06-26 18:26:37.198 3820 3922 E nStackXDFinder: GetLocalIp:[401] :GetLocalIp exec
06-26 18:26:37.215 662 662 E WifiHAL : wifi_get_link_stats: requestResponse Error:-5
06-26 18:26:37.217 477 612 E WifiVendorHal: getWifiLinkLayerStats_1_5_Internal(l.1191) failed {.code = ERROR_INVALID_ARGS, .description = }
06-26 18:26:37.523 375 375 D dom2reg : timezone change, new: Etc/GMT-8, pre:
06-26 18:26:37.523 375 375 W dom2reg : timezone [Etc/GMT-8] not in default tables, please check!
06-26 18:26:37.565 274 450 D AF::Track: interceptBuffer: took 1152us to intercept 0 tracks
06-26 18:26:37.620 320 2255 D XM_HIDREAD: poll ret=1, event=1
06-26 18:26:37.620 320 2255 D XM_HIDREAD: [9 bytes]:01 00 00 28 00 00 00 00 00
06-26 18:26:37.620 477 600 D TvWindowManager: key event key = KEYCODE_DPAD_CENTER down = true
06-26 18:26:37.625 477 599 D GpioService: mFlickerEnable = true
06-26 18:26:37.694 3820 3922 D nStackXCoAP: IsInSameNetwork:[276] :IsInSameNetwork exec
06-26 18:26:37.694 3820 3922 I nStackXDFinder: GetLocalInterfaceDetail:[461] :GetLocalInterfaceDetail in
06-26 18:26:37.694 3820 3922 E nStackXCoAP: IsInSameNetwork:[281] :IsInSameNetwork: not priority process
06-26 18:26:37.694 3820 3922 D nStackXCoAP: ParseServiceDiscover:[330] :new device join
06-26 18:26:37.695 3820 3922 E nStackXDFinder: GetLocalIp:[401] :GetLocalIp exec
06-26 18:26:37.708 3636 3636 I MirrorHelper: type=1400 audit(0.0:1949): avc: denied { read } for name="address" dev="sysfs" ino=16906 scontext=u:r:platform_app:s0:c512,c768 tcontext=u:object_r:sysfs_net:s0 tclass=file permissive=1 app=com.dangbei.screencast
06-26 18:26:37.708 3636 3636 I MirrorHelper: type=1400 audit(0.0:1950): avc: denied { open } for path="/sys/devices/virtual/net/dummy0/address" dev="sysfs" ino=16906 scontext=u:r:platform_app:s0:c512,c768 tcontext=u:object_r:sysfs_net:s0 tclass=file permissive=1 app=com.dangbei.screencast
06-26 18:26:37.708 3636 3636 I MirrorHelper: type=1400 audit(0.0:1951): avc: denied { getattr } for path="/sys/devices/virtual/net/dummy0/address" dev="sysfs" ino=16906 scontext=u:r:platform_app:s0:c512,c768 tcontext=u:object_r:sysfs_net:s0 tclass=file permissive=1 app=com.dangbei.screencast
06-26 18:26:37.755 320 2255 D XM_HIDREAD: poll ret=1, event=1
06-26 18:26:37.755 320 2255 D XM_HIDREAD: [9 bytes]:01 00 00 00 00 00 00 00 00
06-26 18:26:37.755 477 600 D TvWindowManager: key event key = KEYCODE_DPAD_CENTER down = false
06-26 18:26:37.757 3636 3969 I PlatformDependent: Your platform does not provide complete low-level API for accessing direct buffers reliably. Unless explicitly requested, heap buffer will always be preferred to avoid potential system instability.
06-26 18:26:37.759 1067 1067 E sprdwl : sprdwl_rx_rsp_process ctx_id 0 recv rsp[WIFI_CMD_TX_DATA] status[SPRDWL_CMD_STATUS_ERROR]
06-26 18:26:37.771 477 599 D GpioService: mFlickerEnable = true
06-26 18:26:37.784 2539 2539 I SogouIME: onKeyDown: keyoCode=23
06-26 18:26:37.784 2539 2539 I DefaultIMS: onKeyDown: keyoCode=23
06-26 18:26:37.789 2539 2539 I SogouIME: onKeyUp: keyoCode=23
06-26 18:26:37.789 2539 2539 I DefaultIMS: onKeyUp: keyoCode=23
06-26 18:26:37.783 1067 1067 E sprdwl : sprdwl_rx_rsp_process ctx_id 0 recv rsp[WIFI_CMD_TX_DATA] status[SPRDWL_CMD_STATUS_ERROR]
06-26 18:26:37.803 1067 1067 E sprdwl : sprdwl_rx_rsp_process ctx_id 0 recv rsp[WIFI_CMD_TX_DATA] status[SPRDWL_CMD_STATUS_ERROR]
06-26 18:26:37.842 3636 3707 W VideoCapabilities: Unrecognized profile/level 0/3 for video/mpeg2
06-26 18:26:37.857 2835 2835 D StrictMode: StrictMode policy violation: android.os.strictmode.FileUriExposedViolation: file:///storage/FE88252F8824E83B/dolby/Dolby%20TrueHD/%E6%9D%9C%E6%AF%94sample-Sully%202016%20UltraHD%20BluRay%202160p%20HDR%20HEVC%20BT2020%20Dolby%20Atmos%207.1%EF%BC%888%E5%A3%B0%E9%81%93%EF%BC%89%20-DDR.mkv exposed beyond app through Intent.getData()
