06-26 18:25:14.084 477 477 W Looper : Slow dispatch took 235ms main h=com.android.server.job.JobSchedulerService$JobHandler c=null m=4
06-26 18:25:14.080 1462 1462 I rgb_led_ctl: type=1400 audit(0.0:506): avc: denied { open } for path="/dev/spidev1.0" dev="tmpfs" ino=6605 scontext=u:r:init:s0 tcontext=u:object_r:device:s0 tclass=chr_file permissive=1
06-26 18:25:14.080 1462 1462 I rgb_led_ctl: type=1400 audit(0.0:507): avc: denied { ioctl } for path="/dev/spidev1.0" dev="tmpfs" ino=6605 ioctlcmd=0x6b01 scontext=u:r:init:s0 tcontext=u:object_r:device:s0 tclass=chr_file permissive=1
06-26 18:25:14.094 671 671 V MediaPlayerList: onActiveSessionsChanged: number of controllers: 0
06-26 18:25:14.099 226 226 I sd 0 : 0:0:0: [sda] 1953525167 512-byte logical blocks: (1.00 TB/932 GiB)
06-26 18:25:14.099 226 226 I sd 0 : 0:0:0: [sda] 4096-byte physical blocks
06-26 18:25:14.099 226 226 I sd 0 : 0:0:0: [sda] Write Protect is off
06-26 18:25:14.099 226 226 D sd 0 : 0:0:0: [sda] Mode Sense: 53 00 00 08
06-26 18:25:14.101 226 226 I sd 0 : 0:0:0: [sda] Write cache: enabled, read cache: enabled, doesn't support DPO or FUA
06-26 18:25:14.100 320 326 D XM_HIDREAD: add@ add@/devices/virtual/bdi/8:0
06-26 18:25:14.102 226 226 W sd 0 : 0:0:0: [sda] Optimal transfer size 33553920 bytes not a multiple of physical block size (4096 bytes)
06-26 18:25:14.096 331 331 I xiriservice_All: type=1400 audit(0.0:508): avc: denied { read } for scontext=u:r:init:s0 tcontext=u:r:init:s0 tclass=netlink_kobject_uevent_socket permissive=1
06-26 18:25:14.129 1095 1095 E hq : AdHelper:::启动延迟检查,支持广告的最长播放时间:25000 isLoadAd=false
06-26 18:25:14.140 672 672 D SystemUIBootTiming: SystemUIService: bootcomplete com.android.systemui.globalactions.GlobalActionsComponent took 369 ms
06-26 18:25:14.140 672 672 D SystemUIService: loading: com.android.systemui.usb.StorageNotification
06-26 18:25:14.149 1095 1095 D OsInitLaunch: send cache: launchAd, playAd, start, null
06-26 18:25:14.149 672 672 D SystemUIService: running: com.android.systemui.usb.StorageNotification@4365f57
06-26 18:25:14.156 1095 1095 I dangbei ad sdk: ADSDK::play splash ad
06-26 18:25:14.162 477 526 E ActivityRecord: real home.....com.dangbei.leard.leradlauncher/com.dangbei.launcher.home.LauncherActivity
06-26 18:25:14.162 477 526 E +++ActivityRecord: pre led_switch = 5
06-26 18:25:14.169 1250 1250 D music_MusicApp: add mount callback: com.android.music.MediaPlaybackService@8c08c0e
06-26 18:25:14.170 1 1 I init : processing action (vendor.led_switch=*) from (/vendor/etc/init/hw/init.oranth.rc:139)
06-26 18:25:14.172 1 1 I init : starting service 'exec 19 (/vendor/bin/led_switch.sh 5)'...
06-26 18:25:14.181 1 1 I init : SVC_EXEC service 'exec 19 (/vendor/bin/led_switch.sh 5)' pid 1487 (uid 0 gid 0+0 context default) started; waiting...
06-26 18:25:14.199 1095 1095 I dangbei ad sdk: AdSplashView::show offline ad
06-26 18:25:14.209 1250 1250 D music_MediaPlaybackSer: OnGetRoot: clientPackageName=com.android.bluetooth; clientUid=1002 ; rootHints=null
06-26 18:25:14.218 671 671 I AvrcpBrowsedPlayerWrapper: onConnected: com.android.music is connected
06-26 18:25:14.218 671 671 I AvrcpBrowsedPlayerWrapper: getFolderItems: Connected to browsable player: com.android.music
06-26 18:25:14.222 477 842 D CompatibilityChangeReporter: Compat change id reported: 182734110; UID 10074; state: DISABLED
06-26 18:25:14.226 1 1 I init : Sending signal 9 to service 'idmap2d' (pid 352) process group...
06-26 18:25:14.232 1 1 I libprocessgroup: Successfully killed process cgroup uid 1000 pid 352 in 5ms
06-26 18:25:14.232 1250 1250 D music_MediaPlaybackSer: OnLoadChildren: parentMediaId=__ROOT__
06-26 18:25:14.232 1250 1250 D MusicProvider: retrieveMediaAsync called
06-26 18:25:14.234 519 532 D BootAnimation: BootAnimationStopTiming start time: 22174ms
06-26 18:25:14.244 672 672 D StorageNotification: Notifying about private volume: VolumeInfo{private}:
06-26 18:25:14.244 672 672 D StorageNotification: type=PRIVATE diskId=null partGuid=null mountFlags=0 mountUserId=-10000
06-26 18:25:14.244 672 672 D StorageNotification: state=MOUNTED
06-26 18:25:14.244 672 672 D StorageNotification: fsType=null fsUuid=null fsLabel=null
06-26 18:25:14.244 672 672 D StorageNotification: path=/data internalPath=null
06-26 18:25:14.255 477 1356 W OverlayManager: service 'idmap' died
06-26 18:25:14.260 1 1 I init : Control message: Processed ctl.stop for 'idmap2d' from pid: 477 (system_server)
06-26 18:25:14.260 1 1 I init : Service 'idmap2d' (pid 352) received signal 9
06-26 18:25:14.267 1363 1363 D ApplicationLoaders: Returning zygote-cached class loader: /system/framework/android.test.base.jar
06-26 18:25:14.267 1363 1363 D ApplicationLoaders: Returning zygote-cached class loader: /system/framework/android.hidl.manager-V1.0-java.jar
06-26 18:25:14.267 1363 1363 D ApplicationLoaders: Returning zygote-cached class loader: /system/framework/android.hidl.base-V1.0-java.jar
06-26 18:25:14.271 1390 1390 V GraphicsEnvironment: ANGLE Developer option for 'com.android.localtransport' set to: 'default'
06-26 18:25:14.275 1 1 I init : Control message: Processed ctl.stop for 'rainbow_flow' from pid: 1492 (stop rainbow_flow voice breathe flow_led net_disconnect)
06-26 18:25:14.282 672 672 D SystemUIBootTiming: SystemUIService: bootcomplete com.android.systemui.usb.StorageNotification took 142 ms
06-26 18:25:14.285 1 1 I init : Control message: Processed ctl.stop for 'voice' from pid: 1492 (stop rainbow_flow voice breathe flow_led net_disconnect)
06-26 18:25:14.286 1 1 I init : Control message: Processed ctl.stop for 'breathe' from pid: 1492 (stop rainbow_flow voice breathe flow_led net_disconnect)
06-26 18:25:14.289 672 672 D SystemUIService: loading: com.android.systemui.power.PowerUI
06-26 18:25:14.289 477 526 I WindowManager: ******* TELLING SURFACE FLINGER WE ARE BOOTED!
06-26 18:25:14.289 280 336 I SurfaceFlinger: Boot is finished (15407 ms)
06-26 18:25:14.290 1095 1467 E hq : ErrorCoroutineExceptionHandler:::runTry error:java.net.UnknownHostException: Unable to resolve host "ottdbui-tyapiqun7.yysh.mgtv.com": No address associated with hostname from=requestUserAgreement
06-26 18:25:14.290 1095 1467 E UserProtocolInterceptorImpl: isAgree: 20210615 20210615 true
06-26 18:25:14.291 1095 1467 E UserProtocolInterceptorImpl: version===>0
06-26 18:25:14.292 1390 1390 V GraphicsEnvironment: Neither updatable production driver nor prerelease driver is supported.
06-26 18:25:14.292 672 672 D SystemUIService: running: com.android.systemui.power.PowerUI@55799f3
06-26 18:25:14.305 1095 1370 D ExifInterface: No image meets the size requirements of a thumbnail image.
06-26 18:25:14.313 1032 1476 I MediaProvider: Begin Intent { act=com.android.providers.media.action.SCAN_VOLUME (has extras) }
06-26 18:25:14.314 185 185 I servicemanager: Found android.hardware.power.IPower/default in device VINTF manifest.
06-26 18:25:14.315 280 605 I PowerAdvisor: Loaded AIDL Power HAL service
06-26 18:25:14.315 265 265 I AW_PowerHAL: check: Mode 6 not Supported ,do nothing
06-26 18:25:14.316 265 265 I AW_PowerHAL: isBoostSupported: 1
06-26 18:25:14.329 1390 1390 D NetworkSecurityConfig: No Network Security Config specified, using platform default
06-26 18:25:14.332 1390 1390 D NetworkSecurityConfig: No Network Security Config specified, using platform default
06-26 18:25:14.363 1032 1163 V MediaStore: Examining volume emulated;0 with name external_primary and state mounted
06-26 18:25:14.376 1049 1071 E ccc : cccccc etnaService addListener com.dangbei.lerad.etna.aidl.IEtnaAidlListener$Stub$Proxy@89e3056 com.dangbei.leard.leradlauncher
06-26 18:25:14.377 1095 1095 E hq : Etna:::etnaClient connectState=true
06-26 18:25:14.379 1095 1095 E getHdmiStatus: sourceInputStatus=null mEtnaAdapter=com.dangbei.launcher.etna.EtnaAdapter@879d2e8
06-26 18:25:14.389 1095 1467 D View :
06-26 18:25:14.390 1095 1467 D View :
06-26 18:25:14.391 1095 1467 D View :
06-26 18:25:14.393 1095 1467 D View :
06-26 18:25:14.396 1095 1467 D View :
06-26 18:25:14.403 1095 1467 D View :
06-26 18:25:14.406 1095 1467 D View :
06-26 18:25:14.410 1095 1467 D View :
06-26 18:25:14.426 1095 1095 E hq : AdHelper:::notFetchAd: main
06-26 18:25:14.427 1117 1117 D aaa : LedStatusService onStartCommand begin
06-26 18:25:14.430 1117 1514 D aaa : topPkg is -------------- :com.dangbei.leard.leradlauncher
06-26 18:25:14.432 1095 1095 E hq : AdHelper:::onComplete:main
06-26 18:25:14.432 1095 1095 E hq : AdHelper:::adFinish: com.dangbei.launcher.home.callback.LauncherCallback$onAttach$1$1@f75fb39
06-26 18:25:14.432 1095 1095 E hq : LauncherCallback:::onDetach
06-26 18:25:14.433 1095 1095 E hq : AdHelper:::handleFinishAd: true
06-26 18:25:14.454 1095 1095 E DangXiaoBeiManager: setMessageList: false
06-26 18:25:14.459 1095 1095 E hq : 当小贝:::显示消息type=SIMPLE_TEXT ,data.isShowInCur=false ,delay=60000 ,message.mandatoryMessage=null , message=null
06-26 18:25:14.459 1095 1095 E hq : 当小贝:::当前显示了消息,不显示新消息
06-26 18:25:14.475 1095 1467 D View :
06-26 18:25:14.477 1095 1095 D OsInitLaunch: send cache: launchAd, playAd, complete, null
06-26 18:25:14.489 1095 1095 E hq : NetWorkStateReceiver:::NetWorkStateReceiver onReceive: 网络变化广播 >>>> intent.action=android.net.wifi.SCAN_RESULTS
06-26 18:25:14.490 1095 1467 D View :
06-26 18:25:14.491 1095 1467 D View :
06-26 18:25:14.501 1095 1466 E hq : ErrorCoroutineExceptionHandler:::runTry error:java.net.UnknownHostException: Unable to resolve host "ottdbui-tyapiqun7.yysh.mgtv.com": No address associated with hostname from=requestMessageDialog
06-26 18:25:14.502 1095 1467 D View :
06-26 18:25:14.503 1095 1467 D View :
06-26 18:25:14.504 1095 1467 D View :
06-26 18:25:14.511 1095 1467 D View :
06-26 18:25:14.512 1095 1467 D View :
06-26 18:25:14.512 662 662 E WifiHAL : wifi_get_link_stats: requestResponse Error:-5
06-26 18:25:14.513 1095 1467 D View :
06-26 18:25:14.513 1095 1467 D View :
06-26 18:25:14.514 1095 1467 D View :
06-26 18:25:14.515 1095 1467 D View :
06-26 18:25:14.515 124 124 I : HDMI cable is connected
06-26 18:25:14.520 1095 1467 D View :
06-26 18:25:14.521 1095 1467 D View :
06-26 18:25:14.522 1095 1467 D View :
06-26 18:25:14.523 1095 1467 D View :
06-26 18:25:14.523 1095 1467 D View :
06-26 18:25:14.524 1095 1467 D View :
06-26 18:25:14.528 477 477 I TransportClient: LocalTransportService#0: Notifying [TransportManager.registerTransport()] transport = IBackupTransport
06-26 18:25:14.531 1095 1467 D View :
06-26 18:25:14.532 1095 1307 I UtilCommon: bluetoothMac=B4:2F:03:15:73:2F
06-26 18:25:14.532 1095 1307 E wangli : env: 0_false
06-26 18:25:14.550 477 1027 D BackupTransportManager: Transport com.android.localtransport/.LocalTransportService registered
06-26 18:25:14.550 477 1027 D BackupManagerService: [UserID:0] Transport com.android.localtransport/.LocalTransport registered 4234ms after first request (delay = 3000ms)
06-26 18:25:14.552 477 612 E WifiVendorHal: getWifiLinkLayerStats_1_5_Internal(l.1191) failed {.code = ERROR_INVALID_ARGS, .description = }
06-26 18:25:14.557 1095 1467 D View :
06-26 18:25:14.558 1095 1467 D View :
06-26 18:25:14.558 1095 1467 D View :
06-26 18:25:14.558 1095 1467 D View :
06-26 18:25:14.569 1095 1467 D View :
06-26 18:25:14.570 1095 1467 D View :
06-26 18:25:14.570 1095 1467 D View :
06-26 18:25:14.571 1095 1467 D View :
06-26 18:25:14.571 1095 1467 D View :
06-26 18:25:14.597 672 672 D SystemUIBootTiming: SystemUIService: bootcomplete com.android.systemui.power.PowerUI took 308 ms
06-26 18:25:14.598 672 672 D SystemUIService: loading: com.android.systemui.media.RingtonePlayer
06-26 18:25:14.599 672 672 D SystemUIService: running: com.android.systemui.media.RingtonePlayer@9c2dba
06-26 18:25:14.618 672 672 D SystemUIBootTiming: SystemUIService: bootcomplete com.android.systemui.media.RingtonePlayer took 20 ms
06-26 18:25:14.619 672 672 D SystemUIService: loading: com.android.systemui.keyboard.KeyboardUI
06-26 18:25:14.631 672 672 D SystemUIService: running: com.android.systemui.keyboard.KeyboardUI@b20bbc8
06-26 18:25:14.646 1095 1467 D View :
06-26 18:25:14.647 1095 1467 D View :
06-26 18:25:14.647 1095 1467 D View :
06-26 18:25:14.648 1095 1467 D View :
06-26 18:25:14.648 1095 1467 D View :
06-26 18:25:14.658 1095 1467 D View :
06-26 18:25:14.659 1095 1467 D View :
06-26 18:25:14.659 1095 1467 D View :
06-26 18:25:14.660 1095 1467 D View :
06-26 18:25:14.660 1095 1467 D View :
06-26 18:25:14.685 965 965 W audit : audit_lost=102 audit_rate_limit=5 audit_backlog_limit=64
06-26 18:25:14.685 965 965 E audit : rate limit exceeded
06-26 18:25:14.668 477 1027 I BackupManagerService: [UserID:0] Found 141 stale backup journal(s), scheduling.
06-26 18:25:14.674 477 1027 V BackupManagerConstants: getKeyValueBackupIntervalMilliseconds(...) returns 14400000
06-26 18:25:14.675 477 1027 V BackupManagerConstants: getKeyValueBackupFuzzMilliseconds(...) returns 600000
06-26 18:25:14.675 477 1027 V BackupManagerConstants: getKeyValueBackupRequiredNetworkType(...) returns 1
06-26 18:25:14.675 477 1027 V BackupManagerConstants: getKeyValueBackupRequireCharging(...) returns true
06-26 18:25:14.675 477 1027 V KeyValueBackupJob: Scheduling k/v pass in 244 minutes
06-26 18:25:14.675 1095 1467 D View :
06-26 18:25:14.676 672 672 D SystemUIBootTiming: SystemUIService: bootcomplete com.android.systemui.keyboard.KeyboardUI took 57 ms
06-26 18:25:14.676 672 672 D SystemUIService: loading: com.android.systemui.shortcut.ShortcutKeyDispatcher
06-26 18:25:14.677 1095 1467 D View :
06-26 18:25:14.677 1095 1467 D View :
06-26 18:25:14.678 1095 1467 D View :
06-26 18:25:14.678 1095 1467 D View :
06-26 18:25:14.679 1095 1467 D View :
06-26 18:25:14.679 1095 1467 D View :
06-26 18:25:14.680 1095 1467 D View :
06-26 18:25:14.680 1095 1467 D View :
06-26 18:25:14.681 477 522 W Looper : Slow dispatch took 349ms android.fg h=android.os.Handler c=com.android.server.wm.ActivityMetricsLogger$$ExternalSyntheticLambda1@967b58d m=0
06-26 18:25:14.681 477 522 I ActivityTaskManager: +++Displayed com.dangbei.leard.leradlauncher/com.dangbei.launcher.home.LauncherActivity: +3s703ms
06-26 18:25:14.681 477 522 W Looper : Slow delivery took 353ms android.fg h=android.os.Handler c=com.android.server.wm.ActivityMetricsLogger$$ExternalSyntheticLambda2@fd65f53 m=0
06-26 18:25:14.693 477 759 W InputManager-JNI: Input channel object 'a5ce54a com.android.tv.settings/com.android.tv.settings.system.FallbackHome (client)' was disposed without first being removed with the input manager!
06-26 18:25:14.706 672 672 D SystemUIService: running: com.android.systemui.shortcut.ShortcutKeyDispatcher@9cf6b86
06-26 18:25:14.712 262 398 D displayd: hotplug change: name=6000000.hdmi, state=HDMI=1
06-26 18:25:14.712 262 398 D displayd: HotplugMonitor: 6000000.hdmi connected=1
06-26 18:25:14.712 262 398 D displayd: xxxxxxx: updateConnectState: type=-1 connected=1
06-26 18:25:14.713 262 398 D displayd: xxxxxxx: updated: type=2 connected=0
06-26 18:25:14.713 262 398 D displayd: xxxxxxx: updated: type=4 connected=1
06-26 18:25:14.713 262 398 E displayd: xxxxxxx: [cvbs] Saved attribute is not match, saved mode=11, actual mode=0
06-26 18:25:14.713 262 398 W edid : Parse block0:
06-26 18:25:14.713 262 398 W edid : Extension block count: 1
06-26 18:25:14.713 262 398 W edid : Parse CEA extension block (version: 3)
06-26 18:25:14.713 262 398 W edid : CEA data length: 89 bytes
06-26 18:25:14.714 262 398 W displayd: xxxxxxx: performOptimalMode: hdmi mode user setting auto, try perfect modes
06-26 18:25:14.714 262 398 W displayd: xxxxxxx: performOptimalMode: use perfect hdmi mode(34)
06-26 18:25:14.714 262 398 W displayd: xxxxxxx: Device config: type[4] mode[34] pixelformat[3] bits[0] eotf[4] colorspace[257]
06-26 18:25:14.714 262 398 I sunxihwc: switchDevice: display[1]: type=2 mode=0 enable=0
06-26 18:25:14.714 262 398 I sunxihwc: switchDevice: display[0]: type=4 mode=34 enable=1
06-26 18:25:14.714 262 398 D sunxihwc: setHotplugState: mbHotplug = 1
06-26 18:25:14.715 262 398 I sunxihwc: updateConnectedDevices: display[0] connected=1 type=4 device=0xf1f96d0c
06-26 18:25:14.715 262 398 I sunxihwc: updateConnectedDevices: display[1] connected=0 type=2 device=0x0
06-26 18:25:14.715 262 398 D sunxihwc: enqueueEvent: enqueueEvent: event 1
06-26 18:25:14.715 262 398 I sunxihwc: setMargin: display[0]: margin 100 100 100 100
06-26 18:25:14.715 262 389 D sunxihwc: setHotplugState: mbHotplug = 0
06-26 18:25:14.715 262 398 W displayd: xxxxxxx: Turen on display(0), margin(100,100,100,100)
06-26 18:25:14.715 262 398 W displayd: xxxxxxx: reset layer mode: 2D-ORIGINAL
06-26 18:25:14.715 262 398 W displayd: xxxxxxx: Request layer mode: 2D-ORIGINAL
06-26 18:25:14.715 262 398 I sunxihwc: set3DMode: display[0]: mode=0
06-26 18:25:14.715 262 398 W displayd: xxxxxxx: Current device mapping:
06-26 18:25:14.715 262 398 W displayd: + display [1]: enable=0 type=2 mode=0
06-26 18:25:14.715 262 398 W displayd: + display [0]: enable=1 type=4 mode=34
06-26 18:25:14.717 477 598 D AW_CODE : rotation =0
06-26 18:25:14.721 1095 1467 D View :
06-26 18:25:14.721 1095 1467 D View :
06-26 18:25:14.722 1095 1467 D View :
06-26 18:25:14.722 1095 1467 D View :
06-26 18:25:14.723 1095 1467 D View :
06-26 18:25:14.723 1095 1467 D View :
06-26 18:25:14.724 1095 1467 D View :
06-26 18:25:14.724 1095 1467 D View :
06-26 18:25:14.725 477 522 W Looper : Drained
06-26 18:25:14.726 672 672 D SystemUIBootTiming: SystemUIService: bootcomplete com.android.systemui.shortcut.ShortcutKeyDispatcher took 50 ms
06-26 18:25:14.730 672 672 D SystemUIService: loading: com.android.systemui.VendorServices
06-26 18:25:14.730 672 672 D SystemUIService: running: com.android.systemui.VendorServices@769cc74
06-26 18:25:14.730 672 672 D SystemUIBootTiming: SystemUIService: bootcomplete com.android.systemui.VendorServices took 0 ms
06-26 18:25:14.730 672 672 D SystemUIService: loading: com.android.systemui.SliceBroadcastRelayHandler
06-26 18:25:14.731 672 672 D SystemUIService: running: com.android.systemui.SliceBroadcastRelayHandler@a0f959d
06-26 18:25:14.731 672 672 D SystemUIBootTiming: SystemUIService: bootcomplete com.android.systemui.SliceBroadcastRelayHandler took 1 ms
06-26 18:25:14.731 672 672 D SystemUIService: loading: com.android.systemui.statusbar.notification.InstantAppNotifier
06-26 18:25:14.734 354 616 D installd: Found quota mount /dev/block/by-name/userdata at /data
06-26 18:25:14.734 354 616 D installd: Found quota mount /dev/block/by-name/userdata at /data/user/0
06-26 18:25:14.735 354 616 D installd: Found quota mount /dev/block/by-name/userdata at /mnt/pass_through/0/emulated
06-26 18:25:14.735 354 616 D installd: Found quota mount /dev/block/by-name/userdata at /mnt/user/0/emulated/0/Android/data
06-26 18:25:14.735 354 616 D installd: Found quota mount /dev/block/by-name/userdata at /storage/emulated/0/Android/data
06-26 18:25:14.735 354 616 D installd: Found quota mount /dev/block/by-name/userdata at /mnt/androidwritable/0/emulated/0/Android/data
06-26 18:25:14.735 354 616 D installd: Found quota mount /dev/block/by-name/userdata at /mnt/installer/0/emulated/0/Android/data
06-26 18:25:14.735 354 616 D installd: Found quota mount /dev/block/by-name/userdata at /mnt/user/0/emulated/0/Android/obb
06-26 18:25:14.735 354 616 D installd: Found quota mount /dev/block/by-name/userdata at /storage/emulated/0/Android/obb
06-26 18:25:14.735 354 616 D installd: Found quota mount /dev/block/by-name/userdata at /mnt/androidwritable/0/emulated/0/Android/obb
06-26 18:25:14.735 354 616 D installd: Found quota mount /dev/block/by-name/userdata at /mnt/installer/0/emulated/0/Android/obb
06-26 18:25:14.736 354 616 D installd: Found storage mount /dev/block/by-name/userdata at /mnt/pass_through/0/emulated
06-26 18:25:14.748 672 672 D SystemUIService: running: com.android.systemui.statusbar.notification.InstantAppNotifier@ca6ba12
06-26 18:25:14.750 1032 1032 V MediaStore: Examining volume emulated;0 with name external_primary and state mounted
06-26 18:25:14.753 1095 1467 D View :
06-26 18:25:14.754 1095 1467 D View :
06-26 18:25:14.754 1095 1467 D View :
06-26 18:25:14.754 1095 1467 D View :
06-26 18:25:14.755 1095 1467 D View :
06-26 18:25:14.755 1095 1467 D View :
06-26 18:25:14.756 1095 1467 D View :
06-26 18:25:14.758 1320 1320 V GraphicsEnvironment: ANGLE Developer option for 'com.dangbei.screencast' set to: 'default'
06-26 18:25:14.760 477 606 D StorageManagerService: Volume emulated;0 broadcasting mounted to UserHandle{0}
06-26 18:25:14.763 320 326 D XM_HIDREAD: add@ add@/devices/platform/soc@3000000/5101000.ehci0-controller/usb1/1-1/1-1:1.0/host0/target0:0:0/0:0:0:0/block/sda
06-26 18:25:14.763 320 326 D XM_HIDREAD: add@ add@/devices/platform/soc@3000000/5101000.ehci0-controller/usb1/1-1/1-1:1.0/host0/target0:0:0/0:0:0:0/block/sda/sda1
06-26 18:25:14.765 477 606 D StorageManagerService: Volume emulated;0 broadcasting mounted to UserHandle{0}
06-26 18:25:14.765 1250 1250 D music_MusicApp: received action: android.intent.action.MEDIA_MOUNTED
06-26 18:25:14.765 1250 1250 D music_MediaPlaybackSer: mount changed: isMounted: true, stop playing ...
06-26 18:25:14.763 226 226 I sda : sda1
06-26 18:25:14.770 1250 1250 D music_MusicApp: received action: android.intent.action.MEDIA_MOUNTED
06-26 18:25:14.770 1250 1250 D music_MediaPlaybackSer: mount changed: isMounted: true, stop playing ...
06-26 18:25:14.773 1032 1032 V MediaStore: Examining volume emulated;0 with name external_primary and state mounted
06-26 18:25:14.775 190 205 D vold : /system/bin/sgdisk
06-26 18:25:14.775 190 205 D vold : --android-dump
06-26 18:25:14.775 190 205 D vold : /dev/block/vold/disk:8,0
06-26 18:25:14.778 226 226 I sd 0 : 0:0:0: [sda] Attached SCSI disk
06-26 18:25:14.799 1320 1320 V GraphicsEnvironment: Neither updatable production driver nor prerelease driver is supported.
06-26 18:25:14.800 672 672 D SystemUIBootTiming: SystemUIService: bootcomplete com.android.systemui.statusbar.notification.InstantAppNotifier took 69 ms
06-26 18:25:14.810 1095 1467 D View :
06-26 18:25:14.811 1095 1467 D View :
06-26 18:25:14.811 1095 1467 D View :
06-26 18:25:14.812 1095 1467 D View :
06-26 18:25:14.812 672 672 D SystemUIService: loading: com.android.systemui.toast.ToastUI
06-26 18:25:14.812 1095 1467 D View :
06-26 18:25:14.815 190 205 D vold : DISK mbr
06-26 18:25:14.815 190 205 D vold : PART 1 7
06-26 18:25:14.817 1320 1320 D NetworkSecurityConfig: Using Network Security Config from resource network_security_config debugBuild: false
06-26 18:25:14.819 672 672 D SystemUIService: running: com.android.systemui.toast.ToastUI@c32655e
06-26 18:25:14.826 1095 1467 D View :
06-26 18:25:14.827 1095 1467 D View :
06-26 18:25:14.828 1095 1467 D View :
06-26 18:25:14.828 1095 1467 D View :
06-26 18:25:14.829 477 606 I StorageManagerService: Mounting volume VolumeInfo{public:8,1}:
06-26 18:25:14.829 477 606 I StorageManagerService: type=PUBLIC diskId=disk:8,0 partGuid= mountFlags=VISIBLE mountUserId=0
06-26 18:25:14.829 477 606 I StorageManagerService: state=UNMOUNTED
06-26 18:25:14.829 477 606 I StorageManagerService: fsType=null fsUuid=null fsLabel=null
06-26 18:25:14.829 477 606 I StorageManagerService: path=null internalPath=null
06-26 18:25:14.830 190 235 D vold : /system/bin/blkid
06-26 18:25:14.830 190 235 D vold : -c
06-26 18:25:14.830 190 235 D vold : /dev/null
06-26 18:25:14.830 190 235 D vold : -s
06-26 18:25:14.830 190 235 D vold : TYPE
06-26 18:25:14.830 190 235 D vold : -s
06-26 18:25:14.830 190 235 D vold : UUID
06-26 18:25:14.830 190 235 D vold : -s
06-26 18:25:14.830 190 235 D vold : LABEL
06-26 18:25:14.830 190 235 D vold : /dev/block/vold/public:8,1
06-26 18:25:14.850 1095 1467 D View :
06-26 18:25:14.850 1095 1467 D View :
06-26 18:25:14.851 672 672 D SystemUIBootTiming: SystemUIService: bootcomplete com.android.systemui.toast.ToastUI took 39 ms
06-26 18:25:14.851 1095 1467 D View :
06-26 18:25:14.851 1095 1467 D View :
06-26 18:25:14.851 672 672 D SystemUIService: loading: com.android.systemui.wmshell.WMShell
06-26 18:25:14.852 1095 1467 D View :
06-26 18:25:14.852 1095 1467 D View :
06-26 18:25:14.853 477 524 W IorapForwardingService: No service published for: iorapd
06-26 18:25:14.854 672 672 D SystemUIService: running: com.android.systemui.wmshell.WMShell@10bfd3f
06-26 18:25:14.855 477 1027 I BackupManagerService: [UserID:0] Stale backup journals: Scheduled 8 package(s) total
06-26 18:25:14.864 477 1356 D CompatibilityChangeReporter: Compat change id reported: 149924527; UID 10052; state: ENABLED
06-26 18:25:14.865 1095 1467 D View :
06-26 18:25:14.865 1095 1467 D View :
06-26 18:25:14.866 1095 1467 D View :
06-26 18:25:14.866 1095 1467 D View :
06-26 18:25:14.867 1095 1467 D View :
06-26 18:25:14.867 1095 1467 D View :
06-26 18:25:14.867 1095 1467 D View :
06-26 18:25:14.868 1095 1467 D View :
06-26 18:25:14.871 1095 1467 D View :
06-26 18:25:14.872 1095 1467 D View :
06-26 18:25:14.872 1095 1467 D View :
06-26 18:25:14.875 477 1356 D CompatibilityChangeReporter: Compat change id reported: 132649864; UID 10052; state: DISABLED
06-26 18:25:14.878 1320 1320 D NetworkSecurityConfig: Using Network Security Config from resource network_security_config debugBuild: false
06-26 18:25:14.886 672 672 D SystemUIBootTiming: SystemUIService: bootcomplete com.android.systemui.wmshell.WMShell took 35 ms
06-26 18:25:14.886 672 672 D SystemUIService: loading: com.android.systemui.media.systemsounds.HomeSoundEffectController
06-26 18:25:14.886 672 672 D SystemUIService: running: com.android.systemui.media.systemsounds.HomeSoundEffectController@c4d2e5b
06-26 18:25:14.887 672 672 D SystemUIBootTiming: SystemUIService: bootcomplete com.android.systemui.media.systemsounds.HomeSoundEffectController took 1 ms
06-26 18:25:14.895 672 672 I ManagerService: --------------------- system activated! ---------------
06-26 18:25:14.895 672 672 D SystemUIBootTiming: SystemUIService: bootcomplete com.android.systemui.oranth.ManagerService took 8 ms
06-26 18:25:14.895 672 1246 I vol.Events: writeEvent internal_ringer_mode_changed normal
06-26 18:25:14.897 1095 1467 D View :
06-26 18:25:14.898 1095 1467 D View :
06-26 18:25:14.899 1095 1467 D View :
06-26 18:25:14.899 1095 1467 D View :
06-26 18:25:14.899 1095 1467 D View :
06-26 18:25:14.900 1095 1467 D View :
06-26 18:25:14.900 1095 1467 D View :
06-26 18:25:14.903 477 754 D CompatibilityChangeReporter: Compat change id reported: 168419799; UID 1000; state: DISABLED
06-26 18:25:14.903 477 477 D NetworkSecurityConfig: No Network Security Config specified, using platform default
06-26 18:25:14.904 1280 1440 I CallLogProvider: Syncing call composer pics -- source user=0, isShadow=true, forAllUser=false
06-26 18:25:14.905 1280 1440 I CallLogProvider: Fetching list of Uris to sync
06-26 18:25:14.907 477 477 E BootReceiver: Could not open /sys/kernel/tracing/instances/bootreceiver/trace_pipe
06-26 18:25:14.907 477 477 E BootReceiver: android.system.ErrnoException: open failed: ENOENT (No such file or directory)
06-26 18:25:14.907 477 477 E BootReceiver: at libcore.io.Linux.open(Native Method)
06-26 18:25:14.907 477 477 E BootReceiver: at libcore.io.ForwardingOs.open(ForwardingOs.java:567)
06-26 18:25:14.907 477 477 E BootReceiver: at libcore.io.BlockGuardOs.open(BlockGuardOs.java:273)
06-26 18:25:14.907 477 477 E BootReceiver: at android.system.Os.open(Os.java:501)
06-26 18:25:14.907 477 477 E BootReceiver: at com.android.server.BootReceiver.onReceive(BootReceiver.java:167)
06-26 18:25:14.907 477 477 E BootReceiver: at android.app.ActivityThread.handleReceiver(ActivityThread.java:4308)
06-26 18:25:14.907 477 477 E BootReceiver: at android.app.ActivityThread.access$1600(ActivityThread.java:247)
06-26 18:25:14.907 477 477 E BootReceiver: at android.app.ActivityThread$H.handleMessage(ActivityThread.java:2064)
06-26 18:25:14.907 477 477 E BootReceiver: at android.os.Handler.dispatchMessage(Handler.java:106)
06-26 18:25:14.907 477 477 E BootReceiver: at android.os.Looper.loopOnce(Looper.java:201)
06-26 18:25:14.907 477 477 E BootReceiver: at android.os.Looper.loop(Looper.java:288)
06-26 18:25:14.907 477 477 E BootReceiver: at com.android.server.SystemServer.run(SystemServer.java:966)
06-26 18:25:14.907 477 477 E BootReceiver: at com.android.server.SystemServer.main(SystemServer.java:628)
06-26 18:25:14.907 477 477 E BootReceiver: at java.lang.reflect.Method.invoke(Native Method)
06-26 18:25:14.907 477 477 E BootReceiver: at com.android.internal.os.RuntimeInit$MethodAndArgsCaller.run(RuntimeInit.java:548)
06-26 18:25:14.907 477 477 E BootReceiver: at com.android.internal.os.ZygoteInit.main(ZygoteInit.java:1160)
06-26 18:25:14.912 821 821 W ContextImpl: Calling a method in the system process without a qualified user: android.app.ContextImpl.startService:1816 android.content.ContextWrapper.startService:774 android.content.ContextWrapper.startService:774 com.android.tv.settings.users.UserSwitchListenerService$BootReceiver.onReceive:50 android.app.ActivityThread.handleReceiver:4308
06-26 18:25:14.913 1095 1467 D View :
06-26 18:25:14.918 477 754 D CompatibilityChangeReporter: Compat change id reported: 182734110; UID 10052; state: DISABLED
06-26 18:25:14.920 1280 1485 D ContactsDatabaseHelper: WAL enabled for contacts2.db: true
06-26 18:25:14.930 477 477 V AudioDeviceManagerObserver: AudioDeviceManagerObserver init()
06-26 18:25:14.931 477 477 D AudioDeviceManagerObserver: AudioDeviceManagerObserver: newCardId: /sys/class/sound/card0/id
06-26 18:25:14.932 477 477 D AudioDeviceManagerObserver: AudioDeviceManagerObserver: devName: pcmC0D0p
06-26 18:25:14.932 477 477 D AudioDeviceManagerObserver: ~~~~~~~~ AudioDeviceManagerObserver: findNameMap: id: audiocodec
06-26 18:25:14.932 477 477 D AudioDeviceManagerObserver: AudioDeviceManagerObserver: name_linux: audiocodec, name_android: AUDIO_CODEC
06-26 18:25:14.934 477 1541 I RecoverySystem: No recovery log file
06-26 18:25:14.938 477 477 D AudioDeviceManagerObserver: AudioDeviceManagerObserver: newCardId: /sys/class/sound/card1/id
06-26 18:25:14.939 477 477 D AudioDeviceManagerObserver: AudioDeviceManagerObserver: devName: pcmC1D0c
06-26 18:25:14.942 477 477 D AudioDeviceManagerObserver: ~~~~~~~~ AudioDeviceManagerObserver: findNameMap: id: sndspdif
06-26 18:25:14.942 477 477 D AudioDeviceManagerObserver: AudioDeviceManagerObserver: devName: pcmC1D0p
06-26 18:25:14.942 477 477 D AudioDeviceManagerObserver: ~~~~~~~~ AudioDeviceManagerObserver: findNameMap: id: sndspdif
06-26 18:25:14.942 477 477 D AudioDeviceManagerObserver: AudioDeviceManagerObserver: name_linux: sndspdif, name_android: AUDIO_SPDIF
06-26 18:25:14.943 477 477 D AudioDeviceManagerObserver: AudioDeviceManagerObserver: newCardId: /sys/class/sound/card2/id
06-26 18:25:14.944 477 477 D AudioDeviceManagerObserver: AudioDeviceManagerObserver: name_linux: ahubdam, name_android: AUDIO_SPDIF
06-26 18:25:14.944 477 477 D AudioDeviceManagerObserver: AudioDeviceManagerObserver: newCardId: /sys/class/sound/card3/id
06-26 18:25:14.945 477 477 D AudioDeviceManagerObserver: AudioDeviceManagerObserver: devName: pcmC3D0c
06-26 18:25:14.945 477 477 D AudioDeviceManagerObserver: ~~~~~~~~ AudioDeviceManagerObserver: findNameMap: id: ahubhdmi
06-26 18:25:14.945 477 477 D AudioDeviceManagerObserver: AudioDeviceManagerObserver: devName: pcmC3D0p
06-26 18:25:14.945 1095 1467 D View :
06-26 18:25:14.945 477 477 D AudioDeviceManagerObserver: ~~~~~~~~ AudioDeviceManagerObserver: findNameMap: id: ahubhdmi
06-26 18:25:14.946 477 477 D AudioDeviceManagerObserver: AudioDeviceManagerObserver: name_linux: ahubhdmi, name_android: AUDIO_USB_ahubhdmi
06-26 18:25:14.946 477 477 D AudioDeviceManagerObserver: AudioDeviceManagerObserver: newCardId: /sys/class/sound/card4/id
06-26 18:25:14.947 477 477 D AudioDeviceManagerObserver: AudioDeviceManagerObserver: devName: pcmC4D0c
06-26 18:25:14.948 477 477 D AudioDeviceManagerObserver: ~~~~~~~~ AudioDeviceManagerObserver: findNameMap: id: ahubi2s2
06-26 18:25:14.949 477 477 D AudioDeviceManagerObserver: AudioDeviceManagerObserver: devName: pcmC4D0p
06-26 18:25:14.949 477 477 D AudioDeviceManagerObserver: ~~~~~~~~ AudioDeviceManagerObserver: findNameMap: id: ahubi2s2
06-26 18:25:14.949 477 477 D AudioDeviceManagerObserver: AudioDeviceManagerObserver: name_linux: ahubi2s2, name_android: AUDIO_USB_ahubi2s2
06-26 18:25:14.950 477 477 D AudioDeviceManagerObserver: AudioDeviceManagerObserver: newCardId: /sys/class/sound/card5/id
06-26 18:25:14.950 477 477 V AudioDeviceManagerObserver: This kernel does not have sound card5
06-26 18:25:14.951 1320 1320 I MultiDex: VM with version 2.1.0 has multidex support
06-26 18:25:14.953 1320 1320 I MultiDex: Installing application
06-26 18:25:14.953 1320 1320 I MultiDex: VM has multidex support, MultiDex support library is disabled.
06-26 18:25:14.958 1095 1467 D View :
06-26 18:25:14.959 1095 1467 D View :
06-26 18:25:14.959 477 477 D AudioManagerEx: AudioManagerEx
06-26 18:25:14.961 253 253 D audio_hw_primary: getAudioDevices()
06-26 18:25:14.961 253 253 D audio_hw_primary: out dev:AUDIO_CODEC
06-26 18:25:14.961 253 253 D audio_hw_primary: in dev:AUDIO_SPDIF
06-26 18:25:14.961 253 253 D audio_hw_primary: out dev:AUDIO_SPDIF
06-26 18:25:14.961 253 253 D audio_hw_primary: in dev:AUDIO_HDMI
06-26 18:25:14.961 253 253 D audio_hw_primary: out dev:AUDIO_HDMI
06-26 18:25:14.961 253 253 D audio_hw_primary: in dev:AUDIO_I2S2
06-26 18:25:14.961 253 253 D audio_hw_primary: out playback: AUDIO_CODEC,AUDIO_SPDIF,AUDIO_HDMI
06-26 18:25:14.962 253 316 D xm_audio: adev_get_parameters
06-26 18:25:14.962 274 447 I hash_map_utils: system/bt/osi/src/hash_map_utils.cc:81 hash_map_utils_dump_string_keys_string_values: key: 'audio_devices_out' value: ''
06-26 18:25:14.965 1095 1467 D View :
06-26 18:25:14.966 1095 1467 D View :
06-26 18:25:14.966 477 1541 I DropBoxManagerService: add tag=SYSTEM_BOOT isTagEnabled=true flags=0x2
06-26 18:25:14.967 477 477 D AudioManagerEx: type audio_devices_out list AUDIO_CODEC,AUDIO_SPDIF,AUDIO_HDMI=
06-26 18:25:14.968 477 477 D AudioManagerPolicy: get AUDIO_MANAGE_POLICY is 2
06-26 18:25:14.978 477 477 E AudioDeviceManagerObserver: Could not parse switch state for /sys/devices/virtual/switch/h2w/state ,fail because /sys/devices/virtual/switch/h2w/state: open failed: ENOENT (No such file or directory)
06-26 18:25:14.978 1095 1467 D View :
06-26 18:25:14.978 477 477 D AudioManagerPolicy: no usb audio i=3 size=3
06-26 18:25:14.978 1095 1467 D View :
06-26 18:25:14.980 1095 1467 D View :
06-26 18:25:14.980 1095 1467 D View :
06-26 18:25:14.981 477 477 D AudioManagerPolicy: curType4 isHdmiPlugin =true
06-26 18:25:14.982 477 477 D AudioManagerPolicy: hdmi is available on init.
06-26 18:25:14.990 477 1541 I BootReceiver: Copying audit failures to DropBox
06-26 18:25:14.992 477 477 D AudioManagerPolicy: notifyHdmiAvailable hdmi is available
06-26 18:25:14.998 1095 1467 D View :
06-26 18:25:14.999 477 1541 I BootReceiver: Checking for fsck errors
06-26 18:25:15.014 1320 1320 E PartsInfoProvider: onCreate:
06-26 18:25:15.014 1095 1467 D View :
06-26 18:25:15.016 1095 1467 D View :
06-26 18:25:15.021 1095 1467 D View :
06-26 18:25:15.023 477 502 W ActivityManager: Background start not allowed: service Intent { act=com.dangbei.screencast.STARTUP pkg=com.dangbei.screencast } to com.dangbei.screencast/.startup.StartupService from pid=1320 uid=10013 pkg=com.dangbei.screencast startFg?=false
06-26 18:25:15.024 190 235 D vold : /dev/block/vold/public:8,1: UUID="FE88252F8824E83B" LABEL="android" TYPE="ntfs"
06-26 18:25:15.025 1320 1320 W System.err: android.app.BackgroundServiceStartNotAllowedException: Not allowed to start service Intent { act=com.dangbei.screencast.STARTUP pkg=com.dangbei.screencast }: app is in background uid UidRecord{b483d32 u0a13 RCVR idle change:idle|uncached procs:0 seq(0,0,0)}
06-26 18:25:15.025 1320 1320 W System.err: at android.app.ContextImpl.startServiceCommon(ContextImpl.java:1861)
06-26 18:25:15.025 1320 1320 W System.err: at android.app.ContextImpl.startService(ContextImpl.java:1817)
06-26 18:25:15.025 1320 1320 W System.err: at android.content.ContextWrapper.startService(ContextWrapper.java:774)
06-26 18:25:15.025 1320 1320 W System.err: at b.f.f.h.g.k.a(Unknown Source:20)
06-26 18:25:15.026 190 235 D vold : /system/bin/ntfs-3g.probe
06-26 18:25:15.026 1320 1320 W System.err: at com.dangbei.screencast.provider.PartsInfoProvider.onCreate(:2)
06-26 18:25:15.026 190 235 D vold : --readwrite
06-26 18:25:15.026 190 235 D vold : /dev/block/vold/public:8,1
06-26 18:25:15.026 1320 1320 W System.err: at android.content.ContentProvider.attachInfo(ContentProvider.java:2404)
06-26 18:25:15.026 1320 1320 W System.err: at android.content.ContentProvider.attachInfo(ContentProvider.java:2374)
06-26 18:25:15.026 1320 1320 W System.err: at android.app.ActivityThread.installProvider(ActivityThread.java:7437)
06-26 18:25:15.026 1320 1320 W System.err: at android.app.ActivityThread.installContentProviders(ActivityThread.java:6954)
06-26 18:25:15.026 1320 1320 W System.err: at android.app.ActivityThread.handleBindApplication(ActivityThread.java:6725)
06-26 18:25:15.026 1320 1320 W System.err: at android.app.ActivityThread.access$1500(ActivityThread.java:247)
06-26 18:25:15.026 1320 1320 W System.err: at android.app.ActivityThread$H.handleMessage(ActivityThread.java:2053)
06-26 18:25:15.026 1320 1320 W System.err: at android.os.Handler.dispatchMessage(Handler.java:106)
06-26 18:25:15.026 1320 1320 W System.err: at android.os.Looper.loopOnce(Looper.java:201)
06-26 18:25:15.026 1320 1320 W System.err: at android.os.Looper.loop(Looper.java:288)
06-26 18:25:15.026 1320 1320 W System.err: at android.app.ActivityThread.main(ActivityThread.java:7854)
06-26 18:25:15.026 1320 1320 W System.err: at java.lang.reflect.Method.invoke(Native Method)
06-26 18:25:15.027 1320 1320 W System.err: at com.android.internal.os.RuntimeInit$MethodAndArgsCaller.run(RuntimeInit.java:548)
06-26 18:25:15.027 1320 1320 W System.err: at com.android.internal.os.ZygoteInit.main(ZygoteInit.java:1182)
06-26 18:25:15.035 477 754 W ActivityManager: Background start not allowed: service Intent { act=com.dangbei.screencast.STARTUP pkg=com.dangbei.screencast } to com.dangbei.screencast/.startup.StartupService from pid=1320 uid=10013 pkg=com.dangbei.screencast startFg?=false
06-26 18:25:15.037 1363 1363 V GraphicsEnvironment: ANGLE Developer option for 'com.dangbei.lerad.rocky' set to: 'default'
06-26 18:25:15.038 1363 1363 V GraphicsEnvironment: Neither updatable production driver nor prerelease driver is supported.
06-26 18:25:15.044 266 266 I EventThread: type=1400 audit(0.0:559): avc: denied { search } for name="extcon" dev="sysfs" ino=18109 scontext=u:r:hal_tv_cec_default:s0 tcontext=u:object_r:sysfs_extcon:s0 tclass=dir permissive=1
06-26 18:25:15.049 1320 1320 W System.err: android.app.BackgroundServiceStartNotAllowedException: Not allowed to start service Intent { act=com.dangbei.screencast.STARTUP pkg=com.dangbei.screencast }: app is in background uid UidRecord{b483d32 u0a13 RCVR idle change:idle|uncached procs:0 seq(0,0,0)}
06-26 18:25:15.049 1320 1320 W System.err: at android.app.ContextImpl.startServiceCommon(ContextImpl.java:1861)
06-26 18:25:15.049 1320 1320 W System.err: at android.app.ContextImpl.startService(ContextImpl.java:1817)
06-26 18:25:15.049 1320 1320 W System.err: at android.content.ContextWrapper.startService(ContextWrapper.java:774)
06-26 18:25:15.049 1320 1320 W System.err: at b.f.f.h.g.k.a(Unknown Source:20)
06-26 18:25:15.049 1320 1320 W System.err: at com.dangbei.screencast.common.utils.remotepreferences.ScreenCastPreferenceProvider.onCreate(Unknown Source:11)
06-26 18:25:15.049 1320 1320 W System.err: at android.content.ContentProvider.attachInfo(ContentProvider.java:2404)
06-26 18:25:15.049 1320 1320 W System.err: at android.content.ContentProvider.attachInfo(ContentProvider.java:2374)
06-26 18:25:15.049 1320 1320 W System.err: at android.app.ActivityThread.installProvider(ActivityThread.java:7437)
06-26 18:25:15.049 1320 1320 W System.err: at android.app.ActivityThread.installContentProviders(ActivityThread.java:6954)
06-26 18:25:15.049 1320 1320 W System.err: at android.app.ActivityThread.handleBindApplication(ActivityThread.java:6725)
06-26 18:25:15.049 1320 1320 W System.err: at android.app.ActivityThread.access$1500(ActivityThread.java:247)
06-26 18:25:15.049 1320 1320 W System.err: at android.app.ActivityThread$H.handleMessage(ActivityThread.java:2053)
06-26 18:25:15.050 1320 1320 W System.err: at android.os.Handler.dispatchMessage(Handler.java:106)
06-26 18:25:15.050 1320 1320 W System.err: at android.os.Looper.loopOnce(Looper.java:201)
06-26 18:25:15.050 1320 1320 W System.err: at android.os.Looper.loop(Looper.java:288)
06-26 18:25:15.050 1320 1320 W System.err: at android.app.ActivityThread.main(ActivityThread.java:7854)
06-26 18:25:15.050 1320 1320 W System.err: at java.lang.reflect.Method.invoke(Native Method)
06-26 18:25:15.050 1320 1320 W System.err: at com.android.internal.os.RuntimeInit$MethodAndArgsCaller.run(RuntimeInit.java:548)
06-26 18:25:15.050 1320 1320 W System.err: at com.android.internal.os.ZygoteInit.main(ZygoteInit.java:1182)
06-26 18:25:15.062 1363 1363 D NetworkSecurityConfig: No Network Security Config specified, using platform default
06-26 18:25:15.081 1363 1363 D NetworkSecurityConfig: No Network Security Config specified, using platform default
06-26 18:25:15.084 1363 1363 I MultiDex: VM with version 2.1.0 has multidex support
06-26 18:25:15.091 1258 1276 I odianshi.tv.ys: Background young concurrent copying GC freed 10924(619KB) AllocSpace objects, 0(0B) LOS objects, 88% free, 3182KB/27MB, paused 119.956ms total 678.809ms
06-26 18:25:15.092 1250 1260 I m.android.musi: Background young concurrent copying GC freed 9456(594KB) AllocSpace objects, 0(0B) LOS objects, 89% free, 3019KB/26MB, paused 174us total 687.816ms
06-26 18:25:15.094 1363 1363 I MultiDex: Installing application
06-26 18:25:15.094 1363 1363 I MultiDex: VM has multidex support, MultiDex support library is disabled.
06-26 18:25:15.105 253 316 D audio_hw_primary: Mic get_audio_devices_active:
06-26 18:25:15.104 1095 1095 I Thread-18: type=1400 audit(0.0:560): avc: denied { search } for name="tmp" dev="mmcblk0p25" ino=85 scontext=u:r:system_app:s0 tcontext=u:object_r:shell_data_file:s0 tclass=dir permissive=1
06-26 18:25:15.107 253 316 D audio_hw_primary: get_audio_devices_active: AUDIO_HDMI
06-26 18:25:15.108 253 253 D xm_audio: adev_get_parameters
06-26 18:25:15.108 274 447 I hash_map_utils: system/bt/osi/src/hash_map_utils.cc:81 hash_map_utils_dump_string_keys_string_values: key: 'audio_devices_out_active' value: ''
06-26 18:25:15.109 477 477 D AudioManagerEx: type audio_devices_out_active list AUDIO_HDMI=
06-26 18:25:15.110 477 477 D AudioManagerEx: AudioManagerEx
06-26 18:25:15.110 477 477 D AudioManagerPolicy: save audio is AUDIO_HDMI
06-26 18:25:15.113 477 477 D AudioManagerPolicy: get AUDIO_MANAGE_POLICY is 2
06-26 18:25:15.113 477 477 D AudioManagerPolicy: POLICY_2 Remove USB Audio or No USB Audio Output Device Connected!
06-26 18:25:15.117 477 477 D AudioManagerEx: state=audio_devices_out_active,dev=[AUDIO_HDMI]
06-26 18:25:15.118 477 477 D AudioManagerEx: enablePassThrough = true
06-26 18:25:15.122 477 477 D AudioManagerEx: Hdmi status true,true,1
06-26 18:25:15.122 477 477 D AudioManagerEx: HDMI AUDIO_HDMI
06-26 18:25:15.122 477 477 D AudioManagerEx: AUDIO_NAME_HDMI
06-26 18:25:15.125 253 316 V audio_hw_primary: adev_set_parameters, mediasw.sft.rawdata=HDMI_RAW
06-26 18:25:15.128 477 477 D AudioManagerEx: audio=AUDIO_HDMI
06-26 18:25:15.128 253 316 V audio_hw_primary: adev_set_parameters, audio_devices_out_active=AUDIO_HDMI
06-26 18:25:15.129 253 316 V audio_hw_primary: out AUDIO_PARAMETER_DEVICES_OUT_ACTIVE: AUDIO_HDMI
06-26 18:25:15.134 253 316 V audio_hw_primary: set property persist.vendor.audio.output.active: AUDIO_HDMI ok
06-26 18:25:15.134 253 316 V audio_hw_primary: AUDIO_HDMI output device will be active
06-26 18:25:15.136 477 477 D AudioManagerEx: Update Settings.System.AUDIO_OUTPUT_CHANNEL, now save audio is AUDIO_HDMI
06-26 18:25:15.137 477 477 D AudioManagerPolicy: get AUDIO_MANAGE_POLICY is 2
06-26 18:25:15.138 253 316 D audio_hw_primary: getAudioDevices()
06-26 18:25:15.138 253 316 D audio_hw_primary: out dev:AUDIO_CODEC
06-26 18:25:15.138 253 316 D audio_hw_primary: in dev:AUDIO_SPDIF
06-26 18:25:15.138 253 316 D audio_hw_primary: out dev:AUDIO_SPDIF
06-26 18:25:15.138 253 316 D audio_hw_primary: in dev:AUDIO_HDMI
06-26 18:25:15.138 253 316 D audio_hw_primary: out dev:AUDIO_HDMI
06-26 18:25:15.138 253 316 D audio_hw_primary: in dev:AUDIO_I2S2
06-26 18:25:15.138 253 316 D audio_hw_primary: in capture: AUDIO_SPDIF,AUDIO_HDMI,AUDIO_I2S2
06-26 18:25:15.139 253 253 D xm_audio: adev_get_parameters
06-26 18:25:15.139 274 633 I hash_map_utils: system/bt/osi/src/hash_map_utils.cc:81 hash_map_utils_dump_string_keys_string_values: key: 'audio_devices_in' value: ''
06-26 18:25:15.136 1561 1561 I preinstall.sh: type=1400 audit(0.0:561): avc: denied { write search } for name="tmp" dev="mmcblk0p25" ino=85 scontext=u:r:preinstall:s0 tcontext=u:object_r:shell_data_file:s0 tclass=dir permissive=1
06-26 18:25:15.136 1561 1561 I preinstall.sh: type=1400 audit(0.0:562): avc: denied { getattr } for path="/data/local/tmp" dev="mmcblk0p25" ino=85 scontext=u:r:preinstall:s0 tcontext=u:object_r:shell_data_file:s0 tclass=dir permissive=1
06-26 18:25:15.140 477 477 D AudioManagerEx: type audio_devices_in list AUDIO_SPDIF,AUDIO_HDMI,AUDIO_I2S2=
06-26 18:25:15.141 477 477 D AudioManagerEx: state=audio_devices_in_active,dev=[AUDIO_CODEC]
06-26 18:25:15.141 477 477 D AudioManagerEx: enablePassThrough = true
06-26 18:25:15.141 477 477 D AudioManagerEx: audio=AUDIO_CODEC
06-26 18:25:15.142 253 316 V audio_hw_primary: adev_set_parameters, audio_devices_in_active=AUDIO_CODEC
06-26 18:25:15.142 253 316 V audio_hw_primary: in AUDIO_PARAMETER_DEVICES_IN_ACTIVE: AUDIO_CODEC
06-26 18:25:15.144 1280 1440 I CallLogProvider: Will sync following Uris:[]
06-26 18:25:15.144 1280 1440 I CallLogProvider: Syncing call composer pics -- got []
06-26 18:25:15.146 253 316 V audio_hw_primary: set property persist.vendor.audio.input.active: AUDIO_CODEC ok
06-26 18:25:15.149 1363 1363 D RockyApplication: init: false
06-26 18:25:15.148 1320 1320 I gbei.screencast: type=1400 audit(0.0:563): avc: denied { search } for name="com.dangbei.screencast" dev="mmcblk0p25" ino=891 scontext=u:r:platform_app:s0:c512,c768 tcontext=u:object_r:app_data_file:s0:c512,c768 tclass=dir permissive=1 app=com.dangbei.screencast
06-26 18:25:15.153 477 477 W Looper : Slow dispatch took 223ms main h=android.app.ActivityThread$H c=android.app.LoadedApk$ReceiverDispatcher$Args$$ExternalSyntheticLambda0@5980a73 m=0
06-26 18:25:15.154 477 477 D AudioDeviceManagerObserver: name: AUDIO_HDMI, state: 1, type: 1
06-26 18:25:15.157 266 266 D hdmi-cec: cec physical address: 1.0.0.0
06-26 18:25:15.157 190 235 I vold : Filesystem check completed OK
06-26 18:25:15.157 266 266 D hdmi-cec: cec physical address: 1.0.0.0
06-26 18:25:15.157 190 235 D vold : /system/bin/ntfs-3g
06-26 18:25:15.157 190 235 D vold : -o
06-26 18:25:15.157 190 235 D vold : uid=1023,gid=1023,fmask=7,dmask=7,big_writes,async,noatime
06-26 18:25:15.158 190 235 D vold : /dev/block/vold/public:8,1
06-26 18:25:15.158 190 235 D vold : /mnt/media_rw/FE88252F8824E83B
06-26 18:25:15.158 266 266 D hdmi-cec: cec physical address: 1.0.0.0
06-26 18:25:15.161 266 266 D hdmi-cec: reset logical address to broadcast
06-26 18:25:15.176 672 672 V TvNotificationHandler: Notification not added because it isn't relevant for tv
06-26 18:25:15.179 477 477 D AudioManagerPolicy: On Audio device plug in/out receive,name=AUDIO_HDMI type=1 state=1 extra=null
06-26 18:25:15.180 477 477 D AudioManagerPolicy: notifyHdmiAvailable hdmi is available
06-26 18:25:15.186 1280 1292 I d.process.acor: Background young concurrent copying GC freed 11410(672KB) AllocSpace objects, 2(40KB) LOS objects, 87% free, 3354KB/27MB, paused 209us total 727.634ms
06-26 18:25:15.208 1320 1320 D AndroidAutoSize: designWidthInDp = 360, designHeightInDp = 640, screenWidth = 1920, screenHeight = 1080
06-26 18:25:15.210 1320 1320 D AndroidAutoSize: initDensity = 1.5, initScaledDensity = 1.5
06-26 18:25:15.286 253 316 D audio_hw_primary: Mic get_audio_devices_active:
06-26 18:25:15.286 253 316 D audio_hw_primary: get_audio_devices_active: AUDIO_HDMI
06-26 18:25:15.286 253 253 D xm_audio: adev_get_parameters
06-26 18:25:15.287 274 633 I hash_map_utils: system/bt/osi/src/hash_map_utils.cc:81 hash_map_utils_dump_string_keys_string_values: key: 'audio_devices_out_active' value: ''
06-26 18:25:15.287 477 477 D AudioManagerEx: type audio_devices_out_active list AUDIO_HDMI=
06-26 18:25:15.287 477 477 V AudioManagerPolicy: chengkan------------- hdmi active
06-26 18:25:15.290 477 477 D AudioManagerPolicy: i come
06-26 18:25:15.290 477 477 D AudioManagerPolicy: list audio port success
06-26 18:25:15.291 477 477 D AudioManagerPolicy: get AUDIO_MANAGE_POLICY is 2
06-26 18:25:15.291 477 477 D AudioManagerPolicy: Policy2 HDMI Plug Out/In Switch! Booting
06-26 18:25:15.293 477 477 D AudioManagerEx: AudioManagerEx
06-26 18:25:15.293 477 477 D AudioManagerPolicy: save audio is AUDIO_HDMI
06-26 18:25:15.297 477 477 D AudioManagerPolicy: get AUDIO_MANAGE_POLICY is 2
06-26 18:25:15.301 477 477 D AudioManagerPolicy: POLICY_2 Remove USB Audio or No USB Audio Output Device Connected!
06-26 18:25:15.302 477 477 D AudioManagerEx: state=audio_devices_out_active,dev=[AUDIO_HDMI]
06-26 18:25:15.302 477 477 D AudioManagerEx: enablePassThrough = true
06-26 18:25:15.303 477 477 D AudioManagerEx: Hdmi status true,true,1
06-26 18:25:15.303 477 477 D AudioManagerEx: HDMI AUDIO_HDMI
06-26 18:25:15.303 477 477 D AudioManagerEx: AUDIO_NAME_HDMI
06-26 18:25:15.306 253 316 V audio_hw_primary: adev_set_parameters, mediasw.sft.rawdata=HDMI_RAW
