06-26 18:27:08.699 672 672 D TvPipController: onTaskStackChanged()
06-26 18:27:08.753 261 399 I gralloc : alloc buffer:W:1920 H:1080 S:1920 PL[1920 1080] SZ:8294400 fmt:1 if:0 af:1 usg:20000b00 fg:00000004
06-26 18:27:08.755 261 399 I gralloc : alloc buffer:W:1920 H:1080 S:1920 PL[1920 1080] SZ:8294400 fmt:1 if:0 af:1 usg:20000b00 fg:00000004
06-26 18:27:08.757 261 399 I gralloc : alloc buffer:W:1920 H:1080 S:1920 PL[1920 1080] SZ:8294400 fmt:1 if:0 af:1 usg:20000b00 fg:00000004
06-26 18:27:08.775 477 522 I ActivityTaskManager: +++Displayed com.tv.filemanager.os/com.dangbei.lerad.filemanager.ui.info.ManagerFileListActivity: +203ms
06-26 18:27:08.777 2835 2835 I BaseRequest: complete
06-26 18:27:08.778 2835 2835 I BaseRequest: success!=nulltrue
06-26 18:27:08.819 2539 2539 I DefaultIMS: onStartInput attribute=android.view.inputmethod.EditorInfo@614b9f8 restarting=false inputType: 0
06-26 18:27:08.855 2835 2835 W View : requestLayout() improperly called by com.dangbei.lerad.libui.control.layout.FitFrameLayout{d64dde2 V.E...... ......ID 0,0-255,250 #7f0a02ee app:id/view_file_item_ll} during layout: running second layout pass
06-26 18:27:08.873 2539 2539 I DefaultIMS: onStartInput attribute=android.view.inputmethod.EditorInfo@54ceed1 restarting=false inputType: 0
06-26 18:27:08.886 265 265 I AW_PowerHAL: Power setMode: LAUNCH to: 0
06-26 18:27:08.888 265 265 I AW_PowerHAL: cur-mode:SCHEDUTIL
06-26 18:27:09.080 3636 3636 I cling--ap-1: type=1400 audit(0.0:2497): avc: denied { read } for name="address" dev="sysfs" ino=27837 scontext=u:r:platform_app:s0:c512,c768 tcontext=u:object_r:sysfs:s0 tclass=file permissive=1 app=com.dangbei.screencast
06-26 18:27:09.080 3636 3636 I cling--ap-1: type=1400 audit(0.0:2498): avc: denied { open } for path="/sys/devices/platform/unisoc_wifi/net/wlan1/address" dev="sysfs" ino=27837 scontext=u:r:platform_app:s0:c512,c768 tcontext=u:object_r:sysfs:s0 tclass=file permissive=1 app=com.dangbei.screencast
06-26 18:27:09.080 3636 3636 I cling--ap-1: type=1400 audit(0.0:2499): avc: denied { getattr } for path="/sys/devices/platform/unisoc_wifi/net/wlan1/address" dev="sysfs" ino=27837 scontext=u:r:platform_app:s0:c512,c768 tcontext=u:object_r:sysfs:s0 tclass=file permissive=1 app=com.dangbei.screencast
06-26 18:27:09.166 477 1001 W ZramWriteback: Writeback device is not set
06-26 18:27:09.166 477 1001 D ZramWriteback: wait to flush
06-26 18:27:09.220 477 524 W IorapForwardingService: No service published for: iorapd
06-26 18:27:09.531 375 375 D dom2reg : timezone change, new: Etc/GMT-8, pre:
06-26 18:27:09.531 375 375 W dom2reg : timezone [Etc/GMT-8] not in default tables, please check!
06-26 18:27:09.862 320 2255 D XM_HIDREAD: poll ret=1, event=1
06-26 18:27:09.862 320 2255 D XM_HIDREAD: [9 bytes]:01 00 00 28 00 00 00 00 00
06-26 18:27:09.862 477 600 D TvWindowManager: key event key = KEYCODE_DPAD_CENTER down = true
06-26 18:27:09.870 477 599 D GpioService: mFlickerEnable = true
06-26 18:27:09.986 320 2255 D XM_HIDREAD: poll ret=1, event=1
06-26 18:27:09.986 320 2255 D XM_HIDREAD: [9 bytes]:01 00 00 00 00 00 00 00 00
06-26 18:27:09.986 477 600 D TvWindowManager: key event key = KEYCODE_DPAD_CENTER down = false
06-26 18:27:10.013 477 599 D GpioService: mFlickerEnable = true
06-26 18:27:10.018 2539 2539 I SogouIME: onKeyDown: keyoCode=23
06-26 18:27:10.018 2539 2539 I DefaultIMS: onKeyDown: keyoCode=23
06-26 18:27:10.023 2539 2539 I SogouIME: onKeyUp: keyoCode=23
06-26 18:27:10.023 2539 2539 I DefaultIMS: onKeyUp: keyoCode=23
06-26 18:27:10.060 2835 2835 D StrictMode: StrictMode policy violation: android.os.strictmode.FileUriExposedViolation: file:///storage/FE88252F8824E83B/dolby/Dolby/THD/Dolby_Leaf_Lossless_ATMOS.mkv exposed beyond app through Intent.getData()
06-26 18:27:10.060 2835 2835 D StrictMode: at android.os.StrictMode.onFileUriExposed(StrictMode.java:2211)
06-26 18:27:10.060 2835 2835 D StrictMode: at android.net.Uri.checkFileUriExposed(Uri.java:2402)
06-26 18:27:10.060 2835 2835 D StrictMode: at android.content.Intent.prepareToLeaveProcess(Intent.java:11415)
06-26 18:27:10.060 2835 2835 D StrictMode: at android.content.Intent.prepareToLeaveProcess(Intent.java:11367)
06-26 18:27:10.060 2835 2835 D StrictMode: at android.app.Instrumentation.execStartActivity(Instrumentation.java:1742)
06-26 18:27:10.060 2835 2835 D StrictMode: at android.app.ContextImpl.startActivity(ContextImpl.java:1085)
06-26 18:27:10.060 2835 2835 D StrictMode: at android.app.ContextImpl.startActivity(ContextImpl.java:1056)
06-26 18:27:10.060 2835 2835 D StrictMode: at android.content.ContextWrapper.startActivity(ContextWrapper.java:411)
06-26 18:27:10.060 2835 2835 D StrictMode: at com.dangbei.lerad.filemanager.impl.open.FileTypePlayer.directlyOpen(FileTypePlayer.java:254)
06-26 18:27:10.060 2835 2835 D StrictMode: at com.dangbei.lerad.filemanager.impl.open.FileTypePlayer.play(FileTypePlayer.java:116)
06-26 18:27:10.060 2835 2835 D StrictMode: at com.dangbei.lerad.filemanager.impl.open.OpenFilterChain.run(OpenFilterChain.java:63)
06-26 18:27:10.060 2835 2835 D StrictMode: at com.dangbei.lerad.filemanager.impl.open.OpenFilterChain.execute(OpenFilterChain.java:35)
06-26 18:27:10.060 2835 2835 D StrictMode: at com.dangbei.lerad.filemanager.impl.open.OpenManager$1.onNext(OpenManager.java:109)
06-26 18:27:10.060 2835 2835 D StrictMode: at com.dangbei.lerad.filemanager.impl.open.OpenManager$1.onNext(OpenManager.java:101)
06-26 18:27:10.060 2835 2835 D StrictMode: at io.reactivex.internal.operators.observable.ObservableObserveOn$ObserveOnObserver.drainNormal(ObservableObserveOn.java:201)
06-26 18:27:10.060 2835 2835 D StrictMode: at io.reactivex.internal.operators.observable.ObservableObserveOn$ObserveOnObserver.run(ObservableObserveOn.java:255)
06-26 18:27:10.060 2835 2835 D StrictMode: at io.reactivex.android.schedulers.HandlerScheduler$ScheduledRunnable.run(HandlerScheduler.java:119)
06-26 18:27:10.060 2835 2835 D StrictMode: at android.os.Handler.handleCallback(Handler.java:938)
06-26 18:27:10.060 2835 2835 D StrictMode: at android.os.Handler.dispatchMessage(Handler.java:99)
06-26 18:27:10.060 2835 2835 D StrictMode: at android.os.Looper.loopOnce(Looper.java:201)
06-26 18:27:10.060 2835 2835 D StrictMode: at android.os.Looper.loop(Looper.java:288)
06-26 18:27:10.060 2835 2835 D StrictMode: at android.app.ActivityThread.main(ActivityThread.java:7854)
06-26 18:27:10.060 2835 2835 D StrictMode: at java.lang.reflect.Method.invoke(Native Method)
06-26 18:27:10.060 2835 2835 D StrictMode: at com.android.internal.os.RuntimeInit$MethodAndArgsCaller.run(RuntimeInit.java:548)
06-26 18:27:10.060 2835 2835 D StrictMode: at com.android.internal.os.ZygoteInit.main(ZygoteInit.java:1182)
06-26 18:27:10.062 477 583 I ActivityStarter: ---START u0 {act=android.intent.action.VIEW dat=file:///storage/FE88252F8824E83B/dolby/Dolby/THD/Dolby_Leaf_Lossless_ATMOS.mkv typ=video/* flg=0x10000001 cmp=com.dangbei.lerad.videoposter/com.dangbei.leradplayer.activity.PlayerActivity} from uid 10049
06-26 18:27:10.063 477 583 W ActivityTaskManager: Can't find TaskDisplayArea to determine support for multi window. Task id=112 attached=false
06-26 18:27:10.067 265 265 I AW_PowerHAL: Power setMode: LAUNCH to: 1
06-26 18:27:10.068 477 583 V SplashScreenExceptionList: SplashScreen checking exception for package com.dangbei.lerad.videoposter (target sdk:26) -> false
06-26 18:27:10.069 672 843 D StartingSurfaceDrawer: addSplashScreen com.dangbei.lerad.videoposter theme=7f0d0007 task=112 suggestType=3
06-26 18:27:10.072 672 843 D StartingSurfaceDrawer: addSplashScreen: creating context based on task Configuration {1.0 ?mcc?mnc [zh_CN] ldltr sw720dp w1280dp h696dp 240dpi lrg long land television -touch qwerty/v/v dpad/v winConfig={ mBounds=Rect(0, 0 - 1920, 1080) mAppBounds=Rect(0, 0 - 1920, 1080) mMaxBounds=Rect(0, 0 - 1920, 1080) mWindowingMode=fullscreen mDisplayWindowingMode=fullscreen mActivityType=standard mAlwaysOnTop=undefined mRotation=ROTATION_0} s.1 fontWeightAdjustment=0} for splash screen
06-26 18:27:10.074 672 843 D StartingSurfaceDrawer: addSplashScreen: apply overrideConfig{1.0 ?mcc?mnc [zh_CN] ldltr sw720dp w1280dp h696dp 240dpi lrg long land television -touch qwerty/v/v dpad/v winConfig={ mBounds=Rect(0, 0 - 1920, 1080) mAppBounds=Rect(0, 0 - 1920, 1080) mMaxBounds=Rect(0, 0 - 1920, 1080) mWindowingMode=fullscreen mDisplayWindowingMode=fullscreen mActivityType=standard mAlwaysOnTop=undefined mRotation=ROTATION_0} s.1 fontWeightAdjustment=0} to starting window resId=2131165761
06-26 18:27:10.085 672 846 D StartingSurfaceDrawer: window attributes color: 0 icon null duration 0 brandImage null
06-26 18:27:10.087 672 846 D SplashScreenView: Build android.window.SplashScreenView{fb14ad8 V.E...... ......ID 0,0-0,0}
06-26 18:27:10.087 672 846 D SplashScreenView: Icon: view: null drawable: null size: 0
06-26 18:27:10.087 672 846 D SplashScreenView: Branding: view: android.view.View{e5ade31 G.ED..... ......I. 0,0-0,0 #10204a6 android:id/splashscreen_branding_view} drawable: null size w: 0 h: 0
06-26 18:27:10.087 672 846 D StartingSurfaceDrawer: fillViewWithIcon surfaceWindowView android.window.SplashScreenView{fb14ad8 V.E...... ......ID 0,0-0,0}
06-26 18:27:10.089 265 265 I AW_PowerHAL: cur-mode:LAUNCH
06-26 18:27:10.090 477 754 W ActivityTaskManager: Tried to set launchTime (0) < mLastActivityLaunchTime (106004)
06-26 18:27:10.091 477 754 D AW_CODE : rotation =0
06-26 18:27:10.109 280 280 I BpBinder: onLastStrongRef automatically unlinking death recipients:
06-26 18:27:10.129 261 399 I gralloc : alloc buffer:W:1920 H:1080 S:1920 PL[1920 1080] SZ:8294400 fmt:1 if:0 af:1 usg:20000b00 fg:00000004
06-26 18:27:10.138 261 399 I gralloc : alloc buffer:W:1920 H:1080 S:1920 PL[1920 1080] SZ:8294400 fmt:1 if:0 af:1 usg:20000b00 fg:00000004
06-26 18:27:10.139 261 399 I gralloc : alloc buffer:W:1920 H:1080 S:1920 PL[1920 1080] SZ:8294400 fmt:1 if:0 af:1 usg:20000b00 fg:00000004
06-26 18:27:10.201 672 672 D TvPipController: onTaskStackChanged()
06-26 18:27:10.221 477 524 W IorapForwardingService: No service published for: iorapd
06-26 18:27:10.364 3973 3973 W AudioManager: Use of stream types is deprecated for operations other than volume control
06-26 18:27:10.365 3973 3973 W AudioManager: See the documentation of requestAudioFocus() for what to use instead with android.media.AudioAttributes to qualify your playback use case
06-26 18:27:10.368 477 754 I MediaFocusControl: requestAudioFocus() from uid/pid 10036/3973 AA=USAGE_MEDIA/CONTENT_TYPE_MUSIC clientId=android.media.AudioManager@75370eb callingPack=com.dangbei.lerad.videoposter req=1 flags=0x0 sdk=26
06-26 18:27:10.369 477 754 I AudioService.FadeOutManager: unfadeOutUid() uid:10036
06-26 18:27:10.381 477 501 W WindowManager: Failed looking up window session=Session{c700031 3973:u0a10036} callers=com.android.server.wm.WindowManagerService.windowForClientLocked:5702 com.android.server.wm.Session.insetsModified:629 android.view.IWindowSession$Stub.onTransact:1151
06-26 18:27:10.389 3973 4106 W SQLiteLog: (28) double-quoted string literal: "5A5E2BECC3AF46C6154346656A2EB96D"
06-26 18:27:10.389 3973 4106 W SQLiteLog: (28) double-quoted string literal: ""
06-26 18:27:10.389 3973 4106 W SQLiteLog: (28) double-quoted string literal: "5A5E2BECC3AF46C6154346656A2EB96D"
06-26 18:27:10.389 3973 4106 W SQLiteLog: (28) double-quoted string literal: "-1"
06-26 18:27:10.417 261 399 I gralloc : alloc buffer:W:1920 H:1080 S:1920 PL[1920 1080] SZ:8294400 fmt:1 if:0 af:1 usg:20000b00 fg:00000004
06-26 18:27:10.437 261 399 I gralloc : alloc buffer:W:1920 H:1080 S:1920 PL[1920 1080] SZ:8294400 fmt:1 if:0 af:1 usg:20000b00 fg:00000004
06-26 18:27:10.445 672 843 D StartingSurfaceDrawer: Task start finish, remove starting surface for task 112
06-26 18:27:10.445 672 843 V StartingSurfaceDrawer: Removing splash screen window for task: 112
06-26 18:27:10.470 261 399 I gralloc : alloc buffer:W:1920 H:1080 S:1920 PL[1920 1080] SZ:8294400 fmt:1 if:0 af:1 usg:20000b00 fg:00000004
06-26 18:27:10.505 662 662 E WifiHAL : wifi_get_link_stats: requestResponse Error:-5
06-26 18:27:10.508 477 612 E WifiVendorHal: getWifiLinkLayerStats_1_5_Internal(l.1191) failed {.code = ERROR_INVALID_ARGS, .description = }
06-26 18:27:10.523 3973 3973 V MediaPlayer: resetDrmState: mDrmInfo=null mDrmProvisioningThread=null mPrepareDrmInProgress=false mActiveDrmScheme=false
06-26 18:27:10.523 3973 3973 V MediaPlayer: cleanDrmObj: mDrmObj=null mDrmSessionId=null
06-26 18:27:10.547 1032 1386 W MediaProvider: Failed to fetch original file descriptor
06-26 18:27:10.547 1032 1386 W MediaProvider: java.io.FileNotFoundException: Input file descriptor is already original
06-26 18:27:10.547 1032 1386 W MediaProvider: at com.android.providers.media.MediaProvider.getOriginalMediaFormatFileDescriptor(MediaProvider.java:5774)
06-26 18:27:10.547 1032 1386 W MediaProvider: at com.android.providers.media.MediaProvider.openTypedAssetFileCommon(MediaProvider.java:7190)
06-26 18:27:10.547 1032 1386 W MediaProvider: at com.android.providers.media.MediaProvider.openTypedAssetFile(MediaProvider.java:7171)
06-26 18:27:10.547 1032 1386 W MediaProvider: at android.content.ContentProvider$Transport.openTypedAssetFile(ContentProvider.java:548)
06-26 18:27:10.547 1032 1386 W MediaProvider: at android.content.ContentProviderNative.onTransact(ContentProviderNative.java:327)
06-26 18:27:10.547 1032 1386 W MediaProvider: at android.os.Binder.execTransactInternal(Binder.java:1179)
06-26 18:27:10.547 1032 1386 W MediaProvider: at android.os.Binder.execTransact(Binder.java:1143)
06-26 18:27:10.554 477 522 W Looper : Slow dispatch took 114ms android.fg h=android.os.Handler c=com.android.server.wm.ActivityMetricsLogger$$ExternalSyntheticLambda1@b02cf0 m=0
06-26 18:27:10.555 477 522 I ActivityTaskManager: +++Displayed com.dangbei.lerad.videoposter/com.dangbei.leradplayer.activity.PlayerActivity: +377ms
06-26 18:27:10.773 477 501 W InputManager-JNI: Input channel object '8571bbc Splash Screen com.dangbei.lerad.videoposter (client)' was disposed without first being removed with the input manager!
06-26 18:27:10.937 358 2145 D MediaPlayerFactory: Initialize getpersist = 0 value=
06-26 18:27:10.944 358 4419 I awplayer: : process message XPLAYER_COMMAND_SET_SOURCE.
06-26 18:27:10.978 358 4418 W awplayer: : Set log level to 4
06-26 18:27:10.978 358 4418 E cedarc : : now cedarc log level:4
06-26 18:27:10.978 358 4418 I cedarc : : CreateVideoDecoder p:0xe865e380
06-26 18:27:10.978 358 4418 I cedarc : : *** ic_version = 0x3301000012011,
06-26 18:27:10.981 4418 4418 D : enable_cedar_hw_clk,516
06-26 18:27:10.981 4418 4418 W VE : VE real_freq=648000000
06-26 18:27:10.984 358 2145 D SurfaceUtils: connecting to surface 0xe8669808, reason setVideoSurfaceTexture
06-26 18:27:10.986 358 4419 I awplayer: : xxxxxxxxxx video size: width = 1920, height = 1080
06-26 18:27:10.991 2539 2539 I DefaultIMS: onStartInput attribute=android.view.inputmethod.EditorInfo@73eec1a restarting=false inputType: 0
06-26 18:27:11.001 358 2145 I awplayer: : isPlaying
06-26 18:27:11.018 358 4423 D Allwinner Audio Middle Layer: ver : 2017-8-4-18-00 Create Decoder!!=====
06-26 18:27:11.018 358 4423 D Allwinner Audio Middle Layer: ver : 2017-8-4-18-00 AudioDec_Installaudiolib ok
06-26 18:27:11.018 358 4423 D Allwinner Audio Middle Layer: ver : 2017-8-4-18-00 audio decoder init start ...
06-26 18:27:11.018 358 4423 D AllwinnerAlibs: ver : 2017-8-4-18-00
06-26 18:27:11.018 358 4423 D AllwinnerAlibs: >>>>>>>>>>>>>>>>>>>>>>>>>>>>>>> Audio <<<<<<<<<<<<<<<<<<<<<<<<<<<<<<<
06-26 18:27:11.018 358 4423 D AllwinnerAlibs: tag : audiocodec-v1.2
06-26 18:27:11.018 358 4423 D AllwinnerAlibs: branch: new
06-26 18:27:11.018 358 4423 D AllwinnerAlibs: commit: 3ba65962c01cbf1280ddda19d843009b6ef8ce85
06-26 18:27:11.018 358 4423 D AllwinnerAlibs: date : Tue Jan 8 16:25:27 2019 +0800
06-26 18:27:11.018 358 4423 D AllwinnerAlibs: ----------------------------------------------------------------------
06-26 18:27:11.018 358 4423 D AllwinnerAlibs: ver : 2017-8-4-18-00 ----Loading so success!
06-26 18:27:11.018 358 4423 D AllwinnerAlibs: ver : 2017-8-4-18-00 *************pAudioStreamInfo start******************
06-26 18:27:11.018 358 4423 D AllwinnerAlibs: ver : 2017-8-4-18-00 eCodecFormat :id(5), name(dolby audio)
06-26 18:27:11.018 358 4423 D AllwinnerAlibs: ver : 2017-8-4-18-00 eSubCodecFormat :0
06-26 18:27:11.018 358 4423 D AllwinnerAlibs: ver : 2017-8-4-18-00 nChannelNum :8
06-26 18:27:11.018 358 4423 D AllwinnerAlibs: ver : 2017-8-4-18-00 nBitsPerSample :16
06-26 18:27:11.018 358 4423 D AllwinnerAlibs: ver : 2017-8-4-18-00 nSampleRate :48000
06-26 18:27:11.018 358 4423 D AllwinnerAlibs: ver : 2017-8-4-18-00 nAvgBitrate :0
06-26 18:27:11.018 358 4423 D AllwinnerAlibs: ver : 2017-8-4-18-00 nMaxBitRate :0
06-26 18:27:11.018 358 4423 D AllwinnerAlibs: ver : 2017-8-4-18-00 nFileSize :0
06-26 18:27:11.018 358 4423 D AllwinnerAlibs: ver : 2017-8-4-18-00 eAudioBitstreamSource:0
06-26 18:27:11.018 358 4423 D AllwinnerAlibs: ver : 2017-8-4-18-00 eDataEncodeType :1
06-26 18:27:11.018 358 4423 D AllwinnerAlibs: ver : 2017-8-4-18-00 nCodecSpecificDataLen:0
06-26 18:27:11.018 358 4423 D AllwinnerAlibs: ver : 2017-8-4-18-00 pCodecSpecificData :0x0
06-26 18:27:11.018 358 4423 D AllwinnerAlibs: ver : 2017-8-4-18-00 nFlags :0
06-26 18:27:11.018 358 4423 D AllwinnerAlibs: ver : 2017-8-4-18-00 nBlockAlign :0
06-26 18:27:11.018 358 4423 D AllwinnerAlibs: ver : 2017-8-4-18-00 *************pAudioStreamInfo end ******************
06-26 18:27:11.019 358 4423 D Allwinner Audio Middle Layer: ver : 2017-8-4-18-00 AUDIO DECODE INIT OK...0
06-26 18:27:11.021 358 4424 I awplayer: : audio render process start message.
06-26 18:27:11.021 358 4424 W awplayer: : message 0x40a not handled.
06-26 18:27:11.024 358 2145 I awplayer: : isPlaying
06-26 18:27:11.045 358 4422 I cedarc : : Video Stream Information:
06-26 18:27:11.045 358 4422 I cedarc : : codec = H264
06-26 18:27:11.045 358 4422 I cedarc : : width = 1920 pixels
06-26 18:27:11.045 358 4422 I cedarc : : height = 1080 pixels
06-26 18:27:11.045 358 4422 I cedarc : : frame rate = 24000
06-26 18:27:11.045 358 4422 I cedarc : : frame duration = 0 us
06-26 18:27:11.045 358 4422 I cedarc : : aspect ratio = 0
06-26 18:27:11.045 358 4422 I cedarc : : is 3D stream = no
06-26 18:27:11.045 358 4422 I cedarc : : Video Stream Information:
06-26 18:27:11.045 358 4422 I cedarc : : codec = H264
06-26 18:27:11.045 358 4422 I cedarc : : width = 1920 pixels
06-26 18:27:11.045 358 4422 I cedarc : : height = 1080 pixels
06-26 18:27:11.045 358 4422 I cedarc : : frame rate = 24000
06-26 18:27:11.045 358 4422 I cedarc : : frame duration = 0 us
06-26 18:27:11.045 358 4422 I cedarc : : aspect ratio = 0
06-26 18:27:11.046 358 4422 I cedarc : : is 3D stream = no
06-26 18:27:11.049 261 399 I gralloc : alloc buffer:W:1920 H:1088 S:1920 PL[1920 1088] SZ:3133504 fmt:842094169 if:0 af:842094169 usg:410960 fg:00000004
06-26 18:27:11.054 265 265 I AW_PowerHAL: Power setMode: LAUNCH to: 0
06-26 18:27:11.057 265 265 I AW_PowerHAL: cur-mode:SCHEDUTIL
06-26 18:27:11.091 358 4422 W [Gralloc-Warning]: mali_gralloc_lock:288 Buffers with YUV compatible formats should be locked using GRALLOC1_FUNCTION_LOCK_FLEX. Requested format is:0x32315659
06-26 18:27:11.093 261 399 I gralloc : alloc buffer:W:1920 H:1088 S:1920 PL[1920 1088] SZ:3133504 fmt:842094169 if:0 af:842094169 usg:410960 fg:00000004
06-26 18:27:11.094 358 4422 W [Gralloc-Warning]: mali_gralloc_lock:288 Buffers with YUV compatible formats should be locked using GRALLOC1_FUNCTION_LOCK_FLEX. Requested format is:0x32315659
06-26 18:27:11.095 261 399 I gralloc : alloc buffer:W:1920 H:1088 S:1920 PL[1920 1088] SZ:3133504 fmt:842094169 if:0 af:842094169 usg:410960 fg:00000004
06-26 18:27:11.096 358 4422 W [Gralloc-Warning]: mali_gralloc_lock:288 Buffers with YUV compatible formats should be locked using GRALLOC1_FUNCTION_LOCK_FLEX. Requested format is:0x32315659
06-26 18:27:11.097 261 399 I gralloc : alloc buffer:W:1920 H:1088 S:1920 PL[1920 1088] SZ:3133504 fmt:842094169 if:0 af:842094169 usg:410960 fg:00000004
06-26 18:27:11.098 358 4422 W [Gralloc-Warning]: mali_gralloc_lock:288 Buffers with YUV compatible formats should be locked using GRALLOC1_FUNCTION_LOCK_FLEX. Requested format is:0x32315659
06-26 18:27:11.099 261 399 I gralloc : alloc buffer:W:1920 H:1088 S:1920 PL[1920 1088] SZ:3133504 fmt:842094169 if:0 af:842094169 usg:410960 fg:00000004
06-26 18:27:11.100 358 4422 W [Gralloc-Warning]: mali_gralloc_lock:288 Buffers with YUV compatible formats should be locked using GRALLOC1_FUNCTION_LOCK_FLEX. Requested format is:0x32315659
06-26 18:27:11.101 261 399 I gralloc : alloc buffer:W:1920 H:1088 S:1920 PL[1920 1088] SZ:3133504 fmt:842094169 if:0 af:842094169 usg:410960 fg:00000004
06-26 18:27:11.102 358 4422 W [Gralloc-Warning]: mali_gralloc_lock:288 Buffers with YUV compatible formats should be locked using GRALLOC1_FUNCTION_LOCK_FLEX. Requested format is:0x32315659
06-26 18:27:11.103 261 399 I gralloc : alloc buffer:W:1920 H:1088 S:1920 PL[1920 1088] SZ:3133504 fmt:842094169 if:0 af:842094169 usg:410960 fg:00000004
06-26 18:27:11.104 358 4422 W [Gralloc-Warning]: mali_gralloc_lock:288 Buffers with YUV compatible formats should be locked using GRALLOC1_FUNCTION_LOCK_FLEX. Requested format is:0x32315659
06-26 18:27:11.105 261 399 I gralloc : alloc buffer:W:1920 H:1088 S:1920 PL[1920 1088] SZ:3133504 fmt:842094169 if:0 af:842094169 usg:410960 fg:00000004
06-26 18:27:11.106 358 4422 W [Gralloc-Warning]: mali_gralloc_lock:288 Buffers with YUV compatible formats should be locked using GRALLOC1_FUNCTION_LOCK_FLEX. Requested format is:0x32315659
06-26 18:27:11.107 261 399 I gralloc : alloc buffer:W:1920 H:1088 S:1920 PL[1920 1088] SZ:3133504 fmt:842094169 if:0 af:842094169 usg:410960 fg:00000004
06-26 18:27:11.108 358 4422 W [Gralloc-Warning]: mali_gralloc_lock:288 Buffers with YUV compatible formats should be locked using GRALLOC1_FUNCTION_LOCK_FLEX. Requested format is:0x32315659
06-26 18:27:11.108 358 4420 I cedarc : : Video Stream Information:
06-26 18:27:11.108 358 4420 I cedarc : : codec = H264
06-26 18:27:11.108 358 4420 I cedarc : : width = 1920 pixels
06-26 18:27:11.108 358 4420 I cedarc : : height = 1080 pixels
06-26 18:27:11.109 358 4420 I cedarc : : frame rate = 24000
06-26 18:27:11.109 358 4420 I cedarc : : frame duration = 0 us
06-26 18:27:11.109 358 4420 I cedarc : : aspect ratio = 0
06-26 18:27:11.109 358 4420 I cedarc : : is 3D stream = no
06-26 18:27:11.110 261 399 I gralloc : alloc buffer:W:1920 H:1088 S:1920 PL[1920 1088] SZ:3133504 fmt:842094169 if:0 af:842094169 usg:410960 fg:00000004
06-26 18:27:11.112 358 4422 W [Gralloc-Warning]: mali_gralloc_lock:288 Buffers with YUV compatible formats should be locked using GRALLOC1_FUNCTION_LOCK_FLEX. Requested format is:0x32315659
06-26 18:27:11.113 261 399 I gralloc : alloc buffer:W:1920 H:1088 S:1920 PL[1920 1088] SZ:3133504 fmt:842094169 if:0 af:842094169 usg:410960 fg:00000004
06-26 18:27:11.115 358 4422 W [Gralloc-Warning]: mali_gralloc_lock:288 Buffers with YUV compatible formats should be locked using GRALLOC1_FUNCTION_LOCK_FLEX. Requested format is:0x32315659
06-26 18:27:11.118 261 399 I gralloc : alloc buffer:W:1920 H:1088 S:1920 PL[1920 1088] SZ:3133504 fmt:842094169 if:0 af:842094169 usg:410960 fg:00000004
06-26 18:27:11.120 358 4422 W [Gralloc-Warning]: mali_gralloc_lock:288 Buffers with YUV compatible formats should be locked using GRALLOC1_FUNCTION_LOCK_FLEX. Requested format is:0x32315659
06-26 18:27:11.121 261 399 I gralloc : alloc buffer:W:1920 H:1088 S:1920 PL[1920 1088] SZ:3133504 fmt:842094169 if:0 af:842094169 usg:410960 fg:00000004
06-26 18:27:11.127 358 4422 W [Gralloc-Warning]: mali_gralloc_lock:288 Buffers with YUV compatible formats should be locked using GRALLOC1_FUNCTION_LOCK_FLEX. Requested format is:0x32315659
06-26 18:27:11.129 261 399 I gralloc : alloc buffer:W:1920 H:1088 S:1920 PL[1920 1088] SZ:3133504 fmt:842094169 if:0 af:842094169 usg:410960 fg:00000004
06-26 18:27:11.131 358 4422 W [Gralloc-Warning]: mali_gralloc_lock:288 Buffers with YUV compatible formats should be locked using GRALLOC1_FUNCTION_LOCK_FLEX. Requested format is:0x32315659
06-26 18:27:11.132 358 4422 I awplayer: : xxxxxxxxxx video size : width = 1920, height = 1080
06-26 18:27:11.133 3973 3988 W MediaPlayerNative: info/warning (3, 0)
06-26 18:27:11.134 358 2145 I awplayer: : isPlaying
06-26 18:27:11.224 477 524 W IorapForwardingService: No service published for: iorapd
06-26 18:27:11.531 375 375 D dom2reg : timezone change, new: Etc/GMT-8, pre:
06-26 18:27:11.531 375 375 W dom2reg : timezone [Etc/GMT-8] not in default tables, please check!
06-26 18:27:11.723 358 4418 W awplayer: : submit ---audio--- stream data , pts is 10000.000 ms
06-26 18:27:11.728 358 4418 W awplayer: : submit +++video+++ stream data , pts is 10083.000 ms
06-26 18:27:12.227 477 524 W IorapForwardingService: No service published for: iorapd
06-26 18:27:12.487 358 4418 W awplayer: : submit ---audio--- stream data , pts is 20000.000 ms
06-26 18:27:12.488 358 4418 W awplayer: : submit +++video+++ stream data , pts is 20000.000 ms
06-26 18:27:12.546 358 4418 W cedarc : : request stream buffer fail, 7278435 bytes valid data in SBM[0], total buffer size is 7340032 bytes.
06-26 18:27:12.547 358 4418 I demuxComponent: : waiting for video stream buffer.
06-26 18:27:12.711 477 1091 E TaskPersister: File error accessing recents directory (directory doesn't exist?).
06-26 18:27:12.747 358 4418 W cedarc : : request stream buffer fail, 7278435 bytes valid data in SBM[0], total buffer size is 7340032 bytes.
06-26 18:27:12.747 358 4418 I demuxComponent: : waiting for video stream buffer.
06-26 18:27:12.947 358 4418 W cedarc : : request stream buffer fail, 7278435 bytes valid data in SBM[0], total buffer size is 7340032 bytes.
06-26 18:27:12.947 358 4418 I demuxComponent: : waiting for video stream buffer.
06-26 18:27:13.147 358 4418 W cedarc : : request stream buffer fail, 7278435 bytes valid data in SBM[0], total buffer size is 7340032 bytes.
06-26 18:27:13.148 358 4418 I demuxComponent: : waiting for video stream buffer.
06-26 18:27:13.229 477 524 W IorapForwardingService: No service published for: iorapd
06-26 18:27:13.348 358 4418 W cedarc : : request stream buffer fail, 7278435 bytes valid data in SBM[0], total buffer size is 7340032 bytes.
06-26 18:27:13.348 358 4418 I demuxComponent: : waiting for video stream buffer.
06-26 18:27:13.531 375 375 D dom2reg : timezone change, new: Etc/GMT-8, pre:
06-26 18:27:13.531 375 375 W dom2reg : timezone [Etc/GMT-8] not in default tables, please check!
06-26 18:27:13.548 358 4418 W cedarc : : request stream buffer fail, 7278435 bytes valid data in SBM[0], total buffer size is 7340032 bytes.
06-26 18:27:13.548 358 4418 I demuxComponent: : waiting for video stream buffer.
06-26 18:27:13.556 662 662 E WifiHAL : wifi_get_link_stats: requestResponse Error:-5
06-26 18:27:13.558 477 612 E WifiVendorHal: getWifiLinkLayerStats_1_5_Internal(l.1191) failed {.code = ERROR_INVALID_ARGS, .description = }
06-26 18:27:13.605 2570 2663 D UtilLog : 日志批量上报 进行正常循环 !!!!!!本次有0次请求,共0条数据
06-26 18:27:13.748 358 4418 W cedarc : : request stream buffer fail, 7278435 bytes valid data in SBM[0], total buffer size is 7340032 bytes.
06-26 18:27:13.748 358 4418 I demuxComponent: : waiting for video stream buffer.
06-26 18:27:13.948 358 4418 W cedarc : : request stream buffer fail, 7278435 bytes valid data in SBM[0], total buffer size is 7340032 bytes.
06-26 18:27:13.948 358 4418 I demuxComponent: : waiting for video stream buffer.
06-26 18:27:14.149 358 4418 W cedarc : : request stream buffer fail, 7278435 bytes valid data in SBM[0], total buffer size is 7340032 bytes.
06-26 18:27:14.149 358 4418 I demuxComponent: : waiting for video stream buffer.
06-26 18:27:14.231 477 524 W IorapForwardingService: No service published for: iorapd
06-26 18:27:14.235 266 286 D hdmi-cec: receive invalid cec message!
06-26 18:27:14.235 266 286 D hdmi-cec: receive poll message [04], skip!
06-26 18:27:14.349 358 4418 W cedarc : : request stream buffer fail, 7278435 bytes valid data in SBM[0], total buffer size is 7340032 bytes.
06-26 18:27:14.349 358 4418 I demuxComponent: : waiting for video stream buffer.
06-26 18:27:14.549 358 4418 W cedarc : : request stream buffer fail, 7278435 bytes valid data in SBM[0], total buffer size is 7340032 bytes.
06-26 18:27:14.549 358 4418 I demuxComponent: : waiting for video stream buffer.
06-26 18:27:14.749 358 4418 W cedarc : : request stream buffer fail, 7278435 bytes valid data in SBM[0], total buffer size is 7340032 bytes.
06-26 18:27:14.749 358 4418 I demuxComponent: : waiting for video stream buffer.
06-26 18:27:14.950 358 4418 W cedarc : : request stream buffer fail, 7278435 bytes valid data in SBM[0], total buffer size is 7340032 bytes.
06-26 18:27:14.950 358 4418 I demuxComponent: : waiting for video stream buffer.
06-26 18:27:15.150 358 4418 W cedarc : : request stream buffer fail, 7278435 bytes valid data in SBM[0], total buffer size is 7340032 bytes.
06-26 18:27:15.150 358 4418 I demuxComponent: : waiting for video stream buffer.
06-26 18:27:15.198 358 4422 W awplayer: : break audio video first sync.
06-26 18:27:15.234 477 524 W IorapForwardingService: No service published for: iorapd
06-26 18:27:15.350 358 4418 W cedarc : : request stream buffer fail, 7277371 bytes valid data in SBM[0], total buffer size is 7340032 bytes.
06-26 18:27:15.350 358 4418 I demuxComponent: : waiting for video stream buffer.
06-26 18:27:15.531 375 375 D dom2reg : timezone change, new: Etc/GMT-8, pre:
06-26 18:27:15.532 375 375 W dom2reg : timezone [Etc/GMT-8] not in default tables, please check!
06-26 18:27:15.550 358 4418 W cedarc : : request stream buffer fail, 7276507 bytes valid data in SBM[0], total buffer size is 7340032 bytes.
06-26 18:27:15.550 358 4418 I demuxComponent: : waiting for video stream buffer.
06-26 18:27:15.751 358 4418 W cedarc : : request stream buffer fail, 7275971 bytes valid data in SBM[0], total buffer size is 7340032 bytes.
06-26 18:27:15.751 358 4418 I demuxComponent: : waiting for video stream buffer.
06-26 18:27:15.951 358 4418 W cedarc : : request stream buffer fail, 7275621 bytes valid data in SBM[0], total buffer size is 7340032 bytes.
06-26 18:27:15.951 358 4418 I demuxComponent: : waiting for video stream buffer.
06-26 18:27:16.151 358 4418 W cedarc : : request stream buffer fail, 7275271 bytes valid data in SBM[0], total buffer size is 7340032 bytes.
06-26 18:27:16.151 358 4418 I demuxComponent: : waiting for video stream buffer.
06-26 18:27:16.236 477 524 W IorapForwardingService: No service published for: iorapd
06-26 18:27:16.351 358 4418 W cedarc : : request stream buffer fail, 7274757 bytes valid data in SBM[0], total buffer size is 7340032 bytes.
06-26 18:27:16.351 358 4418 I demuxComponent: : waiting for video stream buffer.
06-26 18:27:16.399 253 316 D audio_hw_primary: out_standby
06-26 18:27:16.484 4428 4428 I Thread-2: type=1400 audit(0.0:2500): avc: denied { execute } for name="am" dev="dm-1" ino=1160 scontext=u:r:system_app:s0 tcontext=u:object_r:vendor_file:s0 tclass=file permissive=1
06-26 18:27:16.484 4428 4428 I Thread-2: type=1400 audit(0.0:2501): avc: denied { read open } for path="/vendor/xbin/am" dev="dm-1" ino=1160 scontext=u:r:system_app:s0 tcontext=u:object_r:vendor_file:s0 tclass=file permissive=1
06-26 18:27:16.484 4428 4428 I Thread-2: type=1400 audit(0.0:2502): avc: denied { execute_no_trans } for path="/vendor/xbin/am" dev="dm-1" ino=1160 scontext=u:r:system_app:s0 tcontext=u:object_r:vendor_file:s0 tclass=file permissive=1
06-26 18:27:16.537 1117 1117 D aaa : LedStatusService onStartCommand begin
06-26 18:27:16.540 1203 1203 D bbb : onStartCommand begin !!!!!!! data分区剩余 23330MB
06-26 18:27:16.541 1117 4436 D aaa : topPkg is -------------- :com.dangbei.lerad.videoposter
06-26 18:27:16.552 358 4418 W cedarc : : request stream buffer fail, 7274585 bytes valid data in SBM[0], total buffer size is 7340032 bytes.
06-26 18:27:16.552 358 4418 I demuxComponent: : waiting for video stream buffer.
06-26 18:27:16.567 662 662 E WifiHAL : wifi_get_link_stats: requestResponse Error:-5
06-26 18:27:16.569 477 612 E WifiVendorHal: getWifiLinkLayerStats_1_5_Internal(l.1191) failed {.code = ERROR_INVALID_ARGS, .description = }
06-26 18:27:16.752 358 4418 W cedarc : : request stream buffer fail, 7274235 bytes valid data in SBM[0], total buffer size is 7340032 bytes.
06-26 18:27:16.752 358 4418 I demuxComponent: : waiting for video stream buffer.
06-26 18:27:16.952 358 4418 W cedarc : : request stream buffer fail, 7274057 bytes valid data in SBM[0], total buffer size is 7340032 bytes.
06-26 18:27:16.952 358 4418 I demuxComponent: : waiting for video stream buffer.
06-26 18:27:17.152 358 4418 W cedarc : : request stream buffer fail, 7273885 bytes valid data in SBM[0], total buffer size is 7340032 bytes.
06-26 18:27:17.152 358 4418 I demuxComponent: : waiting for video stream buffer.
06-26 18:27:17.220 320 2255 D XM_HIDREAD: poll ret=1, event=1
06-26 18:27:17.220 320 2255 D XM_HIDREAD: [9 bytes]:01 00 00 51 00 00 00 00 00
06-26 18:27:17.220 477 600 D TvWindowManager: key event key = KEYCODE_DPAD_DOWN down = true
06-26 18:27:17.226 477 599 D GpioService: mFlickerEnable = true
06-26 18:27:17.226 253 2307 D audio_hw_primary: start_output_stream out->format : 0x00000000
06-26 18:27:17.226 253 2307 V audio_hw_primary: start_output_stream, line: 1503
06-26 18:27:17.226 253 2307 V audio_hw_primary: use AUDIO_HDMI to playback audio
06-26 18:27:17.226 253 2307 D audio_hw_primary: open card=3, port=0
06-26 18:27:17.226 253 2307 D audio_hw_primary: config:2 44100 960 2 0 5760 1 0
06-26 18:27:17.226 253 2307 D audio_hw_primary: set_raw_flag(card=3, raw_flag=1)
06-26 18:27:17.227 253 2307 D audio_hw_primary: set_raw_flag control_name = audio data format control_value PCM)
06-26 18:27:17.227 253 2307 V audio_hw_primary: do not use out resampler
06-26 18:27:17.237 477 524 W IorapForwardingService: No service published for: iorapd
06-26 18:27:17.249 274 450 D AudioFlinger: mixer(0xeb166bc0) throttle end: throttle time(10)
06-26 18:27:17.352 358 4418 W cedarc : : request stream buffer fail, 7273444 bytes valid data in SBM[0], total buffer size is 7340032 bytes.
06-26 18:27:17.352 358 4418 I demuxComponent: : waiting for video stream buffer.
06-26 18:27:17.354 320 2255 D XM_HIDREAD: poll ret=1, event=1
06-26 18:27:17.354 320 2255 D XM_HIDREAD: [9 bytes]:01 00 00 00 00 00 00 00 00
06-26 18:27:17.355 477 600 D TvWindowManager: key event key = KEYCODE_DPAD_DOWN down = false
06-26 18:27:17.372 477 599 D GpioService: mFlickerEnable = true
06-26 18:27:17.375 2539 2539 I SogouIME: onKeyDown: keyoCode=20
06-26 18:27:17.375 2539 2539 I DefaultIMS: onKeyDown: keyoCode=20
06-26 18:27:17.395 2539 2539 I SogouIME: onKeyUp: keyoCode=20
06-26 18:27:17.395 2539 2539 I DefaultIMS: onKeyUp: keyoCode=20
06-26 18:27:17.532 375 375 D dom2reg : timezone change, new: Etc/GMT-8, pre:
06-26 18:27:17.532 375 375 W dom2reg : timezone [Etc/GMT-8] not in default tables, please check!
06-26 18:27:17.553 358 4418 W cedarc : : request stream buffer fail, 7273007 bytes valid data in SBM[0], total buffer size is 7340032 bytes.
06-26 18:27:17.553 358 4418 I demuxComponent: : waiting for video stream buffer.
06-26 18:27:17.753 358 4418 W cedarc : : request stream buffer fail, 7272394 bytes valid data in SBM[0], total buffer size is 7340032 bytes.
06-26 18:27:17.753 358 4418 I demuxComponent: : waiting for video stream buffer.
06-26 18:27:17.953 358 4418 W cedarc : : request stream buffer fail, 7272044 bytes valid data in SBM[0], total buffer size is 7340032 bytes.
06-26 18:27:17.953 358 4418 I demuxComponent: : waiting for video stream buffer.
06-26 18:27:18.032 3636 3636 I cling--ap-2: type=1400 audit(0.0:2503): avc: denied { search } for name="net" dev="sysfs" ino=10442 scontext=u:r:platform_app:s0:c512,c768 tcontext=u:object_r:sysfs_net:s0 tclass=dir permissive=1 app=com.dangbei.screencast
06-26 18:27:18.154 358 4418 W cedarc : : request stream buffer fail, 7271680 bytes valid data in SBM[0], total buffer size is 7340032 bytes.
06-26 18:27:18.154 358 4418 I demuxComponent: : waiting for video stream buffer.
06-26 18:27:18.240 477 524 W IorapForwardingService: No service published for: iorapd
06-26 18:27:18.354 358 4418 W cedarc : : request stream buffer fail, 7271156 bytes valid data in SBM[0], total buffer size is 7340032 bytes.
06-26 18:27:18.354 358 4418 I demuxComponent: : waiting for video stream buffer.
06-26 18:27:18.554 358 4418 W cedarc : : request stream buffer fail, 7270735 bytes valid data in SBM[0], total buffer size is 7340032 bytes.
06-26 18:27:18.554 358 4418 I demuxComponent: : waiting for video stream buffer.
06-26 18:27:18.648 320 2255 D XM_HIDREAD: poll ret=1, event=1
06-26 18:27:18.648 320 2255 D XM_HIDREAD: [9 bytes]:01 00 00 52 00 00 00 00 00
06-26 18:27:18.649 477 600 D TvWindowManager: key event key = KEYCODE_DPAD_UP down = true
06-26 18:27:18.655 477 599 D GpioService: mFlickerEnable = true
06-26 18:27:18.656 2539 2539 I SogouIME: onKeyDown: keyoCode=19
06-26 18:27:18.656 2539 2539 I DefaultIMS: onKeyDown: keyoCode=19
06-26 18:27:18.754 358 4418 W cedarc : : request stream buffer fail, 7270285 bytes valid data in SBM[0], total buffer size is 7340032 bytes.
06-26 18:27:18.754 358 4418 I demuxComponent: : waiting for video stream buffer.
06-26 18:27:18.772 320 2255 D XM_HIDREAD: poll ret=1, event=1
06-26 18:27:18.772 320 2255 D XM_HIDREAD: [9 bytes]:01 00 00 00 00 00 00 00 00
06-26 18:27:18.772 477 600 D TvWindowManager: key event key = KEYCODE_DPAD_UP down = false
06-26 18:27:18.774 2539 2539 I SogouIME: onKeyUp: keyoCode=19
06-26 18:27:18.774 2539 2539 I DefaultIMS: onKeyUp: keyoCode=19
06-26 18:27:18.955 358 4418 W cedarc : : request stream buffer fail, 7264617 bytes valid data in SBM[0], total buffer size is 7340032 bytes.
06-26 18:27:18.955 358 4418 I demuxComponent: : waiting for video stream buffer.
06-26 18:27:19.155 358 4418 W cedarc : : request stream buffer fail, 7254927 bytes valid data in SBM[0], total buffer size is 7340032 bytes.
06-26 18:27:19.155 358 4418 I demuxComponent: : waiting for video stream buffer.
06-26 18:27:19.243 477 524 W IorapForwardingService: No service published for: iorapd
06-26 18:27:19.355 358 4418 W cedarc : : request stream buffer fail, 7246450 bytes valid data in SBM[0], total buffer size is 7340032 bytes.
06-26 18:27:19.355 358 4418 I demuxComponent: : waiting for video stream buffer.
06-26 18:27:19.532 375 375 D dom2reg : timezone change, new: Etc/GMT-8, pre:
06-26 18:27:19.532 375 375 W dom2reg : timezone [Etc/GMT-8] not in default tables, please check!
06-26 18:27:19.556 358 4418 W cedarc : : request stream buffer fail, 7239198 bytes valid data in SBM[0], total buffer size is 7340032 bytes.
06-26 18:27:19.556 358 4418 I demuxComponent: : waiting for video stream buffer.
06-26 18:27:19.584 662 662 E WifiHAL : wifi_get_link_stats: requestResponse Error:-5
06-26 18:27:19.586 477 612 E WifiVendorHal: getWifiLinkLayerStats_1_5_Internal(l.1191) failed {.code = ERROR_INVALID_ARGS, .description = }
06-26 18:27:19.740 320 2255 D XM_HIDREAD: poll ret=1, event=1
06-26 18:27:19.740 320 2255 D XM_HIDREAD: [9 bytes]:01 00 00 28 00 00 00 00 00
06-26 18:27:19.740 477 600 D TvWindowManager: key event key = KEYCODE_DPAD_CENTER down = true
06-26 18:27:19.750 477 599 D GpioService: mFlickerEnable = true
06-26 18:27:19.756 358 4418 W cedarc : : request stream buffer fail, 7226402 bytes valid data in SBM[0], total buffer size is 7340032 bytes.
06-26 18:27:19.756 358 4418 I demuxComponent: : waiting for video stream buffer.
06-26 18:27:19.841 320 2255 D XM_HIDREAD: poll ret=1, event=1
06-26 18:27:19.841 320 2255 D XM_HIDREAD: [9 bytes]:01 00 00 00 00 00 00 00 00
06-26 18:27:19.841 477 600 D TvWindowManager: key event key = KEYCODE_DPAD_CENTER down = false
06-26 18:27:19.890 477 599 D GpioService: mFlickerEnable = true
06-26 18:27:19.893 2539 2539 I SogouIME: onKeyDown: keyoCode=23
06-26 18:27:19.893 2539 2539 I DefaultIMS: onKeyDown: keyoCode=23
06-26 18:27:19.901 2539 2539 I SogouIME: onKeyUp: keyoCode=23
06-26 18:27:19.901 2539 2539 I DefaultIMS: onKeyUp: keyoCode=23
06-26 18:27:19.927 358 4424 I awplayer: : audio render process stop message.
06-26 18:27:19.927 358 4424 W awplayer: : Sound device already stopped.
06-26 18:27:19.977 358 4423 D AllwinnerAlibs: ver : 2017-8-4-18-00 ----dlclose so success!
06-26 18:27:20.007 3973 3992 E BufferQueueProducer: [SurfaceView[com.dangbei.lerad.videoposter/com.dangbei.leradplayer.activity.PlayerActivity]#5(BLAST Consumer)5](id:f8500000005,api:3,p:358,c:3973) connect: already connected (cur=3 req=3)
06-26 18:27:20.011 358 4424 W awplayer: : Sound device already stopped.
06-26 18:27:20.027 358 4419 I cedarc : : DestroyVideoDecoder, pDecoder=0xe865e380
06-26 18:27:20.053 358 4419 I cedarc : : not malloc locks
06-26 18:27:20.057 3973 3973 V MediaPlayer: resetDrmState: mDrmInfo=null mDrmProvisioningThread=null mPrepareDrmInProgress=false mActiveDrmScheme=false
06-26 18:27:20.055 4419 4419 D : disable_cedar_hw_clk,546
06-26 18:27:20.057 3973 3973 V MediaPlayer: cleanDrmObj: mDrmObj=null mDrmSessionId=null
06-26 18:27:20.059 358 2145 W awplayer: : reset...
06-26 18:27:20.067 358 2145 D SurfaceUtils: disconnecting from surface 0xe8669808, reason disconnectNativeWindow
06-26 18:27:20.068 3973 3973 E BufferQueueProducer: [SurfaceView[com.dangbei.lerad.videoposter/com.dangbei.leradplayer.activity.PlayerActivity]#5(BLAST Consumer)5](id:f8500000005,api:0,p:-1,c:3973) disconnect: not connected (req=3)
06-26 18:27:20.068 358 2145 E SurfaceUtils: Failed to disconnect from surface 0xe8669808, err -19
06-26 18:27:20.068 358 2145 W MediaPlayerService: nativeWindowDisconnect returned an error: No such device (-19)
06-26 18:27:20.068 358 2145 W awplayer: : XPlayerDestroy
06-26 18:27:20.068 358 2145 W awplayer: : reset...
06-26 18:27:20.070 358 2145 D RefBase : RefBase: Explicit destruction, weak count = 0 (in 0xe88a0600)
06-26 18:27:20.070 358 2145 W RefBase : CallStack::getCurrentInternal not linked, returning null
06-26 18:27:20.070 358 2145 W RefBase : CallStack::logStackInternal not linked
06-26 18:27:20.092 3973 3973 V MediaPlayer: resetDrmState: mDrmInfo=null mDrmProvisioningThread=null mPrepareDrmInProgress=false mActiveDrmScheme=false
06-26 18:27:20.092 3973 3973 V MediaPlayer: cleanDrmObj: mDrmObj=null mDrmSessionId=null
06-26 18:27:20.103 1032 1386 W MediaProvider: Failed to fetch original file descriptor
06-26 18:27:20.103 1032 1386 W MediaProvider: java.io.FileNotFoundException: Input file descriptor is already original
06-26 18:27:20.103 1032 1386 W MediaProvider: at com.android.providers.media.MediaProvider.getOriginalMediaFormatFileDescriptor(MediaProvider.java:5774)
06-26 18:27:20.103 1032 1386 W MediaProvider: at com.android.providers.media.MediaProvider.openTypedAssetFileCommon(MediaProvider.java:7190)
06-26 18:27:20.103 1032 1386 W MediaProvider: at com.android.providers.media.MediaProvider.openTypedAssetFile(MediaProvider.java:7171)
06-26 18:27:20.103 1032 1386 W MediaProvider: at android.content.ContentProvider$Transport.openTypedAssetFile(ContentProvider.java:548)
06-26 18:27:20.103 1032 1386 W MediaProvider: at android.content.ContentProviderNative.onTransact(ContentProviderNative.java:327)
06-26 18:27:20.103 1032 1386 W MediaProvider: at android.os.Binder.execTransactInternal(Binder.java:1179)
06-26 18:27:20.103 1032 1386 W MediaProvider: at android.os.Binder.execTransact(Binder.java:1143)
06-26 18:27:20.198 358 2145 D MediaPlayerFactory: Initialize getpersist = 0 value=
06-26 18:27:20.202 358 4451 I awplayer: : process message XPLAYER_COMMAND_SET_SOURCE.
06-26 18:27:20.245 477 524 W IorapForwardingService: No service published for: iorapd
06-26 18:27:20.288 358 4450 W awplayer: : Set log level to 4
06-26 18:27:20.288 358 4450 E cedarc : : now cedarc log level:4
06-26 18:27:20.288 358 4450 I cedarc : : CreateVideoDecoder p:0xe865e380
06-26 18:27:20.291 4450 4450 D : enable_cedar_hw_clk,516
06-26 18:27:20.291 4450 4450 W VE : VE real_freq=648000000
06-26 18:27:20.288 358 4450 I cedarc : : *** ic_version = 0x3301000012011,
06-26 18:27:20.293 358 2904 D SurfaceUtils: connecting to surface 0xe8669808, reason setVideoSurfaceTexture
06-26 18:27:20.294 358 4451 I awplayer: : xxxxxxxxxx video size: width = 1920, height = 1080
06-26 18:27:20.295 358 2904 I awplayer: : isPlaying
06-26 18:27:20.306 358 4455 D Allwinner Audio Middle Layer: ver : 2017-8-4-18-00 Create Decoder!!=====
06-26 18:27:20.306 358 4455 D Allwinner Audio Middle Layer: ver : 2017-8-4-18-00 AudioDec_Installaudiolib ok
06-26 18:27:20.306 358 4455 D Allwinner Audio Middle Layer: ver : 2017-8-4-18-00 audio decoder init start ...
06-26 18:27:20.306 358 4455 D AllwinnerAlibs: ver : 2017-8-4-18-00
06-26 18:27:20.306 358 4455 D AllwinnerAlibs: >>>>>>>>>>>>>>>>>>>>>>>>>>>>>>> Audio <<<<<<<<<<<<<<<<<<<<<<<<<<<<<<<
06-26 18:27:20.306 358 4455 D AllwinnerAlibs: tag : audiocodec-v1.2
06-26 18:27:20.306 358 4455 D AllwinnerAlibs: branch: new
06-26 18:27:20.306 358 4455 D AllwinnerAlibs: commit: 3ba65962c01cbf1280ddda19d843009b6ef8ce85
06-26 18:27:20.306 358 4455 D AllwinnerAlibs: date : Tue Jan 8 16:25:27 2019 +0800
06-26 18:27:20.306 358 4455 D AllwinnerAlibs: ----------------------------------------------------------------------
06-26 18:27:20.306 358 4455 D AllwinnerAlibs: ver : 2017-8-4-18-00 ----Loading so success!
06-26 18:27:20.306 358 4455 D AllwinnerAlibs: ver : 2017-8-4-18-00 *************pAudioStreamInfo start******************
06-26 18:27:20.307 358 4455 D AllwinnerAlibs: ver : 2017-8-4-18-00 eCodecFormat :id(5), name(dolby audio)
06-26 18:27:20.307 358 4455 D AllwinnerAlibs: ver : 2017-8-4-18-00 eSubCodecFormat :0
06-26 18:27:20.307 358 4455 D AllwinnerAlibs: ver : 2017-8-4-18-00 nChannelNum :8
06-26 18:27:20.307 358 4455 D AllwinnerAlibs: ver : 2017-8-4-18-00 nBitsPerSample :16
06-26 18:27:20.307 358 4455 D AllwinnerAlibs: ver : 2017-8-4-18-00 nSampleRate :48000
06-26 18:27:20.307 358 4455 D AllwinnerAlibs: ver : 2017-8-4-18-00 nAvgBitrate :0
06-26 18:27:20.307 358 4455 D AllwinnerAlibs: ver : 2017-8-4-18-00 nMaxBitRate :0
06-26 18:27:20.307 358 4455 D AllwinnerAlibs: ver : 2017-8-4-18-00 nFileSize :0
06-26 18:27:20.307 358 4455 D AllwinnerAlibs: ver : 2017-8-4-18-00 eAudioBitstreamSource:0
06-26 18:27:20.307 358 4455 D AllwinnerAlibs: ver : 2017-8-4-18-00 eDataEncodeType :1
06-26 18:27:20.307 358 4455 D AllwinnerAlibs: ver : 2017-8-4-18-00 nCodecSpecificDataLen:0
06-26 18:27:20.307 358 4455 D AllwinnerAlibs: ver : 2017-8-4-18-00 pCodecSpecificData :0x0
06-26 18:27:20.307 358 4455 D AllwinnerAlibs: ver : 2017-8-4-18-00 nFlags :0
06-26 18:27:20.307 358 4455 D AllwinnerAlibs: ver : 2017-8-4-18-00 nBlockAlign :0
06-26 18:27:20.307 358 4455 D AllwinnerAlibs: ver : 2017-8-4-18-00 *************pAudioStreamInfo end ******************
06-26 18:27:20.307 358 4455 D Allwinner Audio Middle Layer: ver : 2017-8-4-18-00 AUDIO DECODE INIT OK...0
06-26 18:27:20.309 358 4456 I awplayer: : audio render process start message.
06-26 18:27:20.309 358 4456 W awplayer: : message 0x40a not handled.
06-26 18:27:20.311 358 2904 I awplayer: : isPlaying
06-26 18:27:20.333 358 4454 I cedarc : : Video Stream Information:
06-26 18:27:20.333 358 4454 I cedarc : : codec = H264
06-26 18:27:20.333 358 4454 I cedarc : : width = 1920 pixels
06-26 18:27:20.333 358 4454 I cedarc : : height = 1080 pixels
06-26 18:27:20.333 358 4454 I cedarc : : frame rate = 24000
06-26 18:27:20.333 358 4454 I cedarc : : frame duration = 0 us
06-26 18:27:20.333 358 4454 I cedarc : : aspect ratio = 0
06-26 18:27:20.333 358 4454 I cedarc : : is 3D stream = no
06-26 18:27:20.333 358 4454 I cedarc : : Video Stream Information:
06-26 18:27:20.333 358 4454 I cedarc : : codec = H264
06-26 18:27:20.333 358 4454 I cedarc : : width = 1920 pixels
06-26 18:27:20.333 358 4454 I cedarc : : height = 1080 pixels
06-26 18:27:20.333 358 4454 I cedarc : : frame rate = 24000
06-26 18:27:20.333 358 4454 I cedarc : : frame duration = 0 us
06-26 18:27:20.333 358 4454 I cedarc : : aspect ratio = 0
06-26 18:27:20.333 358 4454 I cedarc : : is 3D stream = no
06-26 18:27:20.335 261 399 I gralloc : alloc buffer:W:1920 H:1088 S:1920 PL[1920 1088] SZ:3133504 fmt:842094169 if:0 af:842094169 usg:410960 fg:00000004
06-26 18:27:20.336 358 4454 W [Gralloc-Warning]: mali_gralloc_lock:288 Buffers with YUV compatible formats should be locked using GRALLOC1_FUNCTION_LOCK_FLEX. Requested format is:0x32315659
06-26 18:27:20.337 261 399 I gralloc : alloc buffer:W:1920 H:1088 S:1920 PL[1920 1088] SZ:3133504 fmt:842094169 if:0 af:842094169 usg:410960 fg:00000004
06-26 18:27:20.338 358 4454 W [Gralloc-Warning]: mali_gralloc_lock:288 Buffers with YUV compatible formats should be locked using GRALLOC1_FUNCTION_LOCK_FLEX. Requested format is:0x32315659
06-26 18:27:20.339 261 399 I gralloc : alloc buffer:W:1920 H:1088 S:1920 PL[1920 1088] SZ:3133504 fmt:842094169 if:0 af:842094169 usg:410960 fg:00000004
06-26 18:27:20.340 358 4454 W [Gralloc-Warning]: mali_gralloc_lock:288 Buffers with YUV compatible formats should be locked using GRALLOC1_FUNCTION_LOCK_FLEX. Requested format is:0x32315659
06-26 18:27:20.341 261 399 I gralloc : alloc buffer:W:1920 H:1088 S:1920 PL[1920 1088] SZ:3133504 fmt:842094169 if:0 af:842094169 usg:410960 fg:00000004
06-26 18:27:20.342 358 4454 W [Gralloc-Warning]: mali_gralloc_lock:288 Buffers with YUV compatible formats should be locked using GRALLOC1_FUNCTION_LOCK_FLEX. Requested format is:0x32315659
06-26 18:27:20.343 261 399 I gralloc : alloc buffer:W:1920 H:1088 S:1920 PL[1920 1088] SZ:3133504 fmt:842094169 if:0 af:842094169 usg:410960 fg:00000004
06-26 18:27:20.345 358 4454 W [Gralloc-Warning]: mali_gralloc_lock:288 Buffers with YUV compatible formats should be locked using GRALLOC1_FUNCTION_LOCK_FLEX. Requested format is:0x32315659
