06-26 18:25:08.814 671 847 I bt_bte : system/bt/main/bte_logmsg.cc:248 load_levels_from_config: BTE_InitTraceLevels -- TRC_SDP : Level 2
06-26 18:25:08.814 671 847 I bt_bte : system/bt/main/bte_logmsg.cc:248 load_levels_from_config: BTE_InitTraceLevels -- TRC_SMP : Level 2
06-26 18:25:08.814 671 847 I bt_bte : system/bt/main/bte_logmsg.cc:248 load_levels_from_config: BTE_InitTraceLevels -- TRC_HID_DEV : Level 2
06-26 18:25:08.814 671 847 I bt_bte : system/bt/main/bte_logmsg.cc:248 load_levels_from_config: BTE_InitTraceLevels -- TRC_BTAPP : Level 2
06-26 18:25:08.815 671 847 I bt_bte : system/bt/main/bte_logmsg.cc:248 load_levels_from_config: BTE_InitTraceLevels -- TRC_BTIF : Level 2
06-26 18:25:08.819 671 980 I bt_stack: [INFO:message_loop_thread.cc(224)] Run: message loop starting for thread bt_main_thread
06-26 18:25:08.823 671 847 I bt_core_module: system/bt/btcore/src/module.cc:85 module_start_up: module_start_up Starting module "controller_module"
06-26 18:25:08.845 672 672 E libEGL : validate_display:538 error 3001 (EGL_NOT_INITIALIZED)
06-26 18:25:08.866 349 349 E : recv_kernel_event address b4:2f:03:15:73:2f
06-26 18:25:08.913 477 974 D CCodecBufferChannel: [c2.android.vorbis.decoder#959] MediaCodec discarded an unknown buffer
06-26 18:25:08.913 477 974 D CCodecBufferChannel: [c2.android.vorbis.decoder#959] MediaCodec discarded an unknown buffer
06-26 18:25:08.915 477 982 I hw-BpHwBinder: onLastStrongRef automatically unlinking death recipients
06-26 18:25:08.951 477 971 D CCodecBufferChannel: [c2.android.vorbis.decoder#444] MediaCodec discarded an unknown buffer
06-26 18:25:08.951 477 971 D CCodecBufferChannel: [c2.android.vorbis.decoder#444] MediaCodec discarded an unknown buffer
06-26 18:25:08.951 477 971 D CCodecBufferChannel: [c2.android.vorbis.decoder#444] MediaCodec discarded an unknown buffer
06-26 18:25:08.957 477 971 I hw-BpHwBinder: onLastStrongRef automatically unlinking death recipients
06-26 18:25:08.958 382 427 I hw-BpHwBinder: onLastStrongRef automatically unlinking death recipients
06-26 18:25:08.961 382 427 V C2Store : in ~ComponentModule
06-26 18:25:08.962 382 427 V C2Store : unloading dll
06-26 18:25:09.004 477 526 D CompatibilityChangeReporter: Compat change id reported: 158002302; UID 10067; state: ENABLED
06-26 18:25:09.005 672 672 V WallpaperService: Setting wallpaper dimming: 0
06-26 18:25:09.022 186 186 I hwservicemanager: getTransport: Cannot find entry android.hardware.configstore@1.0::ISurfaceFlingerConfigs/default in either framework or device VINTF manifest.
06-26 18:25:09.024 672 954 D EglHelper: createEglContext start
06-26 18:25:09.031 672 954 D EglHelper: createEglContext done
06-26 18:25:09.031 672 954 D EglHelper: createEglSurface start
06-26 18:25:09.033 672 954 D EglHelper: createEglSurface done
06-26 18:25:09.040 672 672 I ImageWallpaper: type=1400 audit(0.0:390): avc: denied { open } for path="/data/user_de/0/com.android.systemui/code_cache/com.android.opengl.shaders_cache" dev="mmcblk0p25" ino=34578 scontext=u:r:platform_app:s0:c512,c768 tcontext=u:object_r:app_data_file:s0:c512,c768 tclass=file permissive=1 app=com.softwinner.screenshot
06-26 18:25:09.057 477 525 I ActivityManagerTiming: FinishBooting
06-26 18:25:09.058 248 248 W Zygote : forkRepeatedly terminated due to non-simple command
06-26 18:25:09.058 248 248 D Zygote : mbuffer starts with 1 , nice name is , mEnd = 19, mNext = 19, mLinesLeft = 0, mFd = 4
06-26 18:25:09.061 477 525 I ActivityManager: About to commit checkpoint
06-26 18:25:09.063 477 525 I SystemServiceManager: Starting phase 1000
06-26 18:25:09.063 477 525 I ActivityManagerTiming: OnBootPhase_1000
06-26 18:25:09.064 477 525 E PowerStatsService: Failed to start PowerStatsService loggers
06-26 18:25:09.067 477 558 V DisplayPowerController[0]: Brightness [0.39763778] reason changing to: 'manual', previous reason: 'override'.
06-26 18:25:09.072 477 586 D AppStandbyController: Loading headless system app cache. appIdleEnabled=false
06-26 18:25:09.075 477 589 D RollbackManager: mRollbackLifetimeDurationInMillis=1209600000
06-26 18:25:09.094 477 525 D IorapForwardingService: BgJob Scheduled (jobId=283673059, interval: 86400000ms)
06-26 18:25:09.094 477 606 D StorageManagerService: Thinking about init, mBootCompleted=true, mDaemonConnected=true
06-26 18:25:09.094 477 525 D TestHarnessModeService: Completing Test Harness Mode setup.
06-26 18:25:09.094 477 606 D StorageManagerService: Setting up emulation state, initlocked=false
06-26 18:25:09.094 190 190 D vold : fscrypt_unlock_user_key 0 serial=0
06-26 18:25:09.095 477 606 D StorageManagerService: Thinking about reset, mBootCompleted=true, mDaemonConnected=true
06-26 18:25:09.095 477 606 I StorageSessionController: Started resetting external storage service...
06-26 18:25:09.095 477 606 I StorageSessionController: Finished resetting external storage service
06-26 18:25:09.096 477 606 I StorageManagerService: Resetting vold...
06-26 18:25:09.096 477 606 I StorageManagerService: Reset vold
06-26 18:25:09.096 190 190 I vold : onUserAdded: 0
06-26 18:25:09.119 477 612 D WifiService: Handle boot completed
06-26 18:25:09.119 477 522 D AdbService: boot completed
06-26 18:25:09.120 477 525 D SoundTriggerService: onBootPhase: 1000 : false
06-26 18:25:09.122 477 997 I HibernationStateDiskStore: No hibernation file on disk for file /data/system/hibernation/states
06-26 18:25:09.122 477 522 E AdbDebuggingManager: Expected keyStore, but got tag=adbKey
06-26 18:25:09.123 477 525 D CompatibilityChangeReporter: Compat change id reported: 168936375; UID 1000; state: DISABLED
06-26 18:25:09.123 477 522 E AdbDebuggingManager: Expected keyStore, but got tag=adbKey
06-26 18:25:09.123 477 525 D CompatibilityChangeReporter: Compat change id reported: 168936375; UID 1000; state: ENABLED
06-26 18:25:09.126 758 845 I Tethering: USB bcast connected:false configured:false rndis:false ncm:false
06-26 18:25:09.132 477 525 D CompatibilityChangeReporter: Compat change id reported: 73144566; UID 1000; state: DISABLED
06-26 18:25:09.132 477 525 D CompatibilityChangeReporter: Compat change id reported: 73144566; UID 1000; state: ENABLED
06-26 18:25:09.136 477 612 I WifiScoreCard: Installing MemoryStore
06-26 18:25:09.140 477 525 D GameManagerService: onBootCompleted
06-26 18:25:09.141 403 416 I adbd : adbd_auth: received a new framework connection
06-26 18:25:09.141 403 416 I adbd : adbd_auth: received new framework fd 31 (current = -1)
06-26 18:25:09.144 477 612 I WifiHealthMonitor: Installing MemoryStore
06-26 18:25:09.149 477 525 D AppSearchStatsCollector: atoms registered
06-26 18:25:09.149 477 525 D ActivityManagerTiming: TotalBootTime took to complete: 7774ms
06-26 18:25:09.149 477 525 D SystemServerInitThreadPool: Shutdown requested
06-26 18:25:09.149 477 525 I SystemServerTiming: WaitInitThreadPoolShutdown
06-26 18:25:09.156 1 1 I init : processing action (sys.boot_completed=1) from (/system/etc/init/hw/init.rc:1130)
06-26 18:25:09.157 1 1 I init : starting service 'exec 16 (/bin/rm -rf /data/per_boot)'...
06-26 18:25:09.152 477 525 D SystemServerInitThreadPool: Shutdown successful
06-26 18:25:09.154 477 525 D ActivityManager: refreshZramWriteback
06-26 18:25:09.154 477 525 D ActivityManager: real start flush
06-26 18:25:09.157 477 1001 W ZramWriteback: Writeback device is not set
06-26 18:25:09.157 477 1001 D ZramWriteback: wait to flush
06-26 18:25:09.160 477 525 I ActivityManager: User 0 state changed from BOOTING to RUNNING_LOCKED
06-26 18:25:09.160 477 525 W ActivityManager: UserLifecycleEvent 4 received without an active userJourneySession.
06-26 18:25:09.166 1 1 I init : SVC_EXEC service 'exec 16 (/bin/rm -rf /data/per_boot)' pid 1002 (uid 1000 gid 1000+0 context default) started; waiting...
06-26 18:25:09.167 477 525 D StorageManagerService: unlockUserKey: 0 isFileEncryptedNativeOrEmulated: false hasToken: false hasSecret: false
06-26 18:25:09.168 477 525 W ActivityManager: UserLifecycleEvent 5 received without an active userJourneySession.
06-26 18:25:09.169 477 525 D ActivityManager: Started unlocking user 0
06-26 18:25:09.169 477 525 D ActivityManager: Unlocking user 0 progress 0
06-26 18:25:09.171 477 525 D ActivityManager: Unlocking user 0 progress 5
06-26 18:25:09.172 190 190 D vold : fscrypt_prepare_user_storage for volume null, user 0, serial 0, flags 2
06-26 18:25:09.172 190 190 D vold : Preparing: /data/system_ce/0
06-26 18:25:09.172 190 190 D vold : Preparing: /data/misc_ce/0
06-26 18:25:09.172 190 190 D vold : Preparing: /data/vendor_ce/0
06-26 18:25:09.173 190 190 D vold : Preparing: /data/media/0
06-26 18:25:09.173 190 190 D vold : Preparing: /data/data
06-26 18:25:09.173 190 190 D vold : Starting restorecon of /data/system_ce/0
06-26 18:25:09.180 190 190 D vold : Finished restorecon of /data/system_ce/0
06-26 18:25:09.180 190 190 D vold : Starting restorecon of /data/vendor_ce/0
06-26 18:25:09.181 1004 1004 I selinux : SELinux: Skipping restorecon on directory(/data/system_ce/0)
06-26 18:25:09.181 1004 1004 I selinux :
06-26 18:25:09.186 190 190 D vold : Finished restorecon of /data/vendor_ce/0
06-26 18:25:09.186 190 190 D vold : Starting restorecon of /data/misc_ce/0
06-26 18:25:09.187 1005 1005 I selinux : SELinux: Skipping restorecon on directory(/data/vendor_ce/0)
06-26 18:25:09.187 1005 1005 I selinux :
06-26 18:25:09.190 190 190 D vold : Finished restorecon of /data/misc_ce/0
06-26 18:25:09.190 190 190 D vold : /system/bin/vold_prepare_subdirs
06-26 18:25:09.190 190 190 D vold : prepare
06-26 18:25:09.190 190 190 D vold :
06-26 18:25:09.190 190 190 D vold : 0
06-26 18:25:09.190 190 190 D vold : 2
06-26 18:25:09.192 1006 1006 I selinux : SELinux: Skipping restorecon on directory(/data/misc_ce/0)
06-26 18:25:09.192 1006 1006 I selinux :
06-26 18:25:09.195 1 1 I init : Service 'exec 16 (/bin/rm -rf /data/per_boot)' (pid 1002) exited with status 0 waiting took 0.035000 seconds
06-26 18:25:09.195 1 1 I init : Sending signal 9 to service 'exec 16 (/bin/rm -rf /data/per_boot)' (pid 1002) process group...
06-26 18:25:09.195 1 1 I libprocessgroup: Successfully killed process cgroup uid 1000 pid 1002 in 0ms
06-26 18:25:09.237 1007 1007 D vold_prepare_subdirs: Setting up mode 771 uid 1000 gid 1000 context u:object_r:system_data_file:s0:c512,c768 on path: /data/data
06-26 18:25:09.239 1007 1007 D vold_prepare_subdirs: Setting up mode 700 uid 0 gid 0 context u:object_r:vold_data_file:s0 on path: /data/misc_ce/0/vold
06-26 18:25:09.240 1007 1007 D vold_prepare_subdirs: Setting up mode 700 uid 0 gid 0 context u:object_r:storaged_data_file:s0 on path: /data/misc_ce/0/storaged
06-26 18:25:09.241 1007 1007 D vold_prepare_subdirs: Setting up mode 700 uid 0 gid 0 context u:object_r:rollback_data_file:s0 on path: /data/misc_ce/0/rollback
06-26 18:25:09.242 1007 1007 D vold_prepare_subdirs: Setting up mode 700 uid 0 gid 0 context u:object_r:apex_rollback_data_file:s0 on path: /data/misc_ce/0/apexrollback
06-26 18:25:09.243 1007 1007 D vold_prepare_subdirs: Setting up mode 711 uid 0 gid 0 context u:object_r:apex_module_data_file:s0 on path: /data/misc_ce/0/apexdata
06-26 18:25:09.244 1007 1007 D vold_prepare_subdirs: Setting up mode 771 uid 0 gid 1000 context u:object_r:apex_wifi_data_file:s0 on path: /data/misc_ce/0/apexdata/com.android.wifi
06-26 18:25:09.245 1007 1007 D vold_prepare_subdirs: Setting up mode 771 uid 0 gid 1000 context u:object_r:apex_module_data_file:s0 on path: /data/misc_ce/0/apexdata/com.android.vndk.v31
06-26 18:25:09.246 1007 1007 D vold_prepare_subdirs: Setting up mode 771 uid 0 gid 1000 context u:object_r:apex_module_data_file:s0 on path: /data/misc_ce/0/apexdata/com.android.tzdata
06-26 18:25:09.247 1007 1007 D vold_prepare_subdirs: Setting up mode 771 uid 0 gid 1000 context u:object_r:apex_module_data_file:s0 on path: /data/misc_ce/0/apexdata/com.android.tethering
06-26 18:25:09.248 1007 1007 D vold_prepare_subdirs: Setting up mode 771 uid 0 gid 1000 context u:object_r:apex_module_data_file:s0 on path: /data/misc_ce/0/apexdata/com.android.sdkext
06-26 18:25:09.249 1007 1007 D vold_prepare_subdirs: Setting up mode 771 uid 0 gid 1000 context u:object_r:apex_module_data_file:s0 on path: /data/misc_ce/0/apexdata/com.android.scheduling
06-26 18:25:09.250 1007 1007 D vold_prepare_subdirs: Setting up mode 771 uid 0 gid 1000 context u:object_r:apex_module_data_file:s0 on path: /data/misc_ce/0/apexdata/com.android.runtime
06-26 18:25:09.251 1007 1007 D vold_prepare_subdirs: Setting up mode 771 uid 0 gid 1000 context u:object_r:apex_module_data_file:s0 on path: /data/misc_ce/0/apexdata/com.android.resolv
06-26 18:25:09.251 1007 1007 D vold_prepare_subdirs: Setting up mode 771 uid 0 gid 1000 context u:object_r:apex_permission_data_file:s0 on path: /data/misc_ce/0/apexdata/com.android.permission
06-26 18:25:09.252 1007 1007 D vold_prepare_subdirs: Setting up mode 771 uid 0 gid 1000 context u:object_r:apex_module_data_file:s0 on path: /data/misc_ce/0/apexdata/com.android.os.statsd
06-26 18:25:09.253 1007 1007 D vold_prepare_subdirs: Setting up mode 771 uid 0 gid 1000 context u:object_r:apex_module_data_file:s0 on path: /data/misc_ce/0/apexdata/com.android.neuralnetworks
06-26 18:25:09.254 1007 1007 D vold_prepare_subdirs: Setting up mode 771 uid 0 gid 1000 context u:object_r:apex_module_data_file:s0 on path: /data/misc_ce/0/apexdata/com.android.mediaprovider
06-26 18:25:09.255 1007 1007 D vold_prepare_subdirs: Setting up mode 771 uid 0 gid 1000 context u:object_r:apex_module_data_file:s0 on path: /data/misc_ce/0/apexdata/com.android.media.swcodec
06-26 18:25:09.256 1007 1007 D vold_prepare_subdirs: Setting up mode 771 uid 0 gid 1000 context u:object_r:apex_module_data_file:s0 on path: /data/misc_ce/0/apexdata/com.android.media
06-26 18:25:09.261 1007 1007 D vold_prepare_subdirs: Setting up mode 771 uid 0 gid 1000 context u:object_r:apex_module_data_file:s0 on path: /data/misc_ce/0/apexdata/com.android.ipsec
06-26 18:25:09.262 1007 1007 D vold_prepare_subdirs: Setting up mode 771 uid 0 gid 1000 context u:object_r:apex_module_data_file:s0 on path: /data/misc_ce/0/apexdata/com.android.i18n
06-26 18:25:09.263 1007 1007 D vold_prepare_subdirs: Setting up mode 771 uid 0 gid 1000 context u:object_r:apex_module_data_file:s0 on path: /data/misc_ce/0/apexdata/com.android.extservices
06-26 18:25:09.265 1007 1007 D vold_prepare_subdirs: Setting up mode 771 uid 0 gid 1000 context u:object_r:apex_module_data_file:s0 on path: /data/misc_ce/0/apexdata/com.android.conscrypt
06-26 18:25:09.267 1007 1007 D vold_prepare_subdirs: Setting up mode 771 uid 0 gid 1000 context u:object_r:apex_module_data_file:s0 on path: /data/misc_ce/0/apexdata/com.android.art
06-26 18:25:09.268 1007 1007 D vold_prepare_subdirs: Setting up mode 771 uid 0 gid 1000 context u:object_r:apex_appsearch_data_file:s0 on path: /data/misc_ce/0/apexdata/com.android.appsearch
06-26 18:25:09.269 1007 1007 D vold_prepare_subdirs: Setting up mode 771 uid 0 gid 1000 context u:object_r:apex_module_data_file:s0 on path: /data/misc_ce/0/apexdata/com.android.adbd
06-26 18:25:09.270 1007 1007 D vold_prepare_subdirs: Setting up mode 700 uid 1000 gid 1000 context u:object_r:backup_data_file:s0 on path: /data/system_ce/0/backup
06-26 18:25:09.271 1007 1007 D vold_prepare_subdirs: Setting up mode 700 uid 1000 gid 1000 context u:object_r:backup_data_file:s0 on path: /data/system_ce/0/backup_stage
06-26 18:25:09.272 1007 1007 D vold_prepare_subdirs: Setting up mode 700 uid 1000 gid 1000 context u:object_r:face_vendor_data_file:s0 on path: /data/vendor_ce/0/facedata
06-26 18:25:09.275 477 525 V UserDataPreparer: Found /data/user/0 with serial number 0
06-26 18:25:09.275 477 525 V UserDataPreparer: Found /data/system_ce/0 with serial number 0
06-26 18:25:09.278 477 525 D UserDataPreparer: Setting property: sys.user.0.ce_available=true
06-26 18:25:09.279 477 525 V PackageManager: reconcileAppsData for null u0 0x2 migrateAppData=false
06-26 18:25:09.452 253 253 V audio_hw_primary: adev_set_parameters, A2dpSuspended=false
06-26 18:25:09.465 253 253 V audio_hw_primary: adev_set_parameters, BT_SCO=off
06-26 18:25:09.466 477 631 I AS.AudioDeviceInventory: removePreferredDevicesForStrategySync, strategy: 14
06-26 18:25:09.495 821 835 I oid.tv.setting: Background young concurrent copying GC freed 9317(768KB) AllocSpace objects, 0(0B) LOS objects, 89% free, 3023KB/26MB, paused 258us total 142.652ms
06-26 18:25:09.505 186 186 I hwservicemanager: Notifying android.hardware.wifi@1.5::IWifi/default they have clients: 1
06-26 18:25:09.505 375 375 D dom2reg : timezone change, new: Etc/GMT-8, pre:
06-26 18:25:09.505 375 375 W dom2reg : timezone [Etc/GMT-8] not in default tables, please check!
06-26 18:25:09.512 662 662 I HidlLazyUtils: Process has 1 (of 1 available) client(s) in use after notification android.hardware.wifi@1.5::IWifi/default has clients: 1
06-26 18:25:09.528 266 266 I EventThread: type=1400 audit(0.0:391): avc: denied { search } for name="extcon" dev="sysfs" ino=18109 scontext=u:r:hal_tv_cec_default:s0 tcontext=u:object_r:sysfs_extcon:s0 tclass=dir permissive=1
06-26 18:25:09.536 329 329 I rainbow_flow: type=1400 audit(0.0:392): avc: denied { ioctl } for path="/dev/spidev1.0" dev="tmpfs" ino=6605 ioctlcmd=0x6b00 scontext=u:r:init:s0 tcontext=u:object_r:device:s0 tclass=chr_file permissive=1
06-26 18:25:09.544 168 168 I init : type=1400 audit(0.0:393): avc: denied { write } for name="dirty_expire_centisecs" dev="proc" ino=13674 scontext=u:r:vendor_init:s0 tcontext=u:object_r:proc_dirty:s0 tclass=file permissive=1
06-26 18:25:09.548 168 168 I init (168): drop_caches: 3
06-26 18:25:09.569 320 326 D XM_HIDREAD: add@ add@/kernel/slab/:0000008
06-26 18:25:09.568 331 331 I xiriservice_All: type=1400 audit(0.0:394): avc: denied { read } for scontext=u:r:init:s0 tcontext=u:r:init:s0 tclass=netlink_kobject_uevent_socket permissive=1
06-26 18:25:09.573 1 1 I zram0 : detected capacity change from 0 to 1541578752
06-26 18:25:09.576 672 672 D Tonal : Tonal Palette - index: 4. Main color: ff1e447a
06-26 18:25:09.576 672 672 D Tonal : Colors: ff060d1a, ff0b162e, ff102343, ff17305c, ff1e447a, ff254a99, ff2d58b7, ff6180c3, ff6f8adc, ff889ce2, ffa5b0e9, ffced4f3, ffeaedfa
06-26 18:25:09.576 672 672 D Tonal : Gradients:
06-26 18:25:09.576 672 672 D Tonal : Normal GradientColors(ff1e447a, ff1e447a)
06-26 18:25:09.576 672 672 D Tonal : Dark GradientColors(ff17305c, ff17305c)
06-26 18:25:09.576 672 672 D Tonal : Extra dark: GradientColors(ff102343, ff102343)
06-26 18:25:09.578 672 672 D Tonal : Tonal Palette - index: 4. Main color: ff1e447a
06-26 18:25:09.578 672 672 D Tonal : Colors: ff060d1a, ff0b162e, ff102343, ff17305c, ff1e447a, ff254a99, ff2d58b7, ff6180c3, ff6f8adc, ff889ce2, ffa5b0e9, ffced4f3, ffeaedfa
06-26 18:25:09.578 672 672 D Tonal : Gradients:
06-26 18:25:09.578 672 672 D Tonal : Normal GradientColors(ff1e447a, ff1e447a)
06-26 18:25:09.578 672 672 D Tonal : Dark GradientColors(ff17305c, ff17305c)
06-26 18:25:09.578 672 672 D Tonal : Extra dark: GradientColors(ff102343, ff102343)
06-26 18:25:09.584 844 860 I id.ext.service: Background young concurrent copying GC freed 8093(485KB) AllocSpace objects, 0(0B) LOS objects, 89% free, 2961KB/26MB, paused 16.260ms total 83.814ms
06-26 18:25:09.630 1 1 I mkswap : Swapspace size: 1505444k, UUID=d619f604-b78e-4153-bf27-742b600de2f7
06-26 18:25:09.651 1 1 I : Adding 1505444k swap on /dev/block/zram0. Priority:-2 extents:1 across:1505444k SS
06-26 18:25:09.652 1009 1009 I init : type=1400 audit(0.0:395): avc: denied { entrypoint } for path="/system/bin/appsdisable" dev="dm-0" ino=892 scontext=u:r:shell:s0 tcontext=u:object_r:system_file:s0 tclass=file permissive=1
06-26 18:25:09.701 672 954 V WallpaperService: Setting wallpaper dimming: 0.05
06-26 18:25:09.730 1010 1010 I bootstat: Service started: /system/bin/bootstat --record_boot_complete --record_boot_reason --record_time_since_factory_reset -l
06-26 18:25:09.736 1010 1010 E bootstat: Failed to read /data/misc/bootstat/post_decrypt_time_elapsed: No such file or directory
06-26 18:25:09.736 1010 1010 E bootstat: Failed to parse boot time record: /data/misc/bootstat/post_decrypt_time_elapsed
06-26 18:25:09.744 313 313 D XiriService: check file name: /data/data/com.android.cts.priv.ctsshim/lib
06-26 18:25:09.740 313 313 I xiriservice_All: type=1400 audit(0.0:396): avc: denied { search } for name="com.android.cts.priv.ctsshim" dev="mmcblk0p25" ino=567 scontext=u:r:init:s0 tcontext=u:object_r:privapp_data_file:s0:c512,c768 tclass=dir permissive=1
06-26 18:25:09.744 313 313 I xiriservice_All: type=1400 audit(0.0:397): avc: denied { read } for name="lib" dev="mmcblk0p25" ino=42849 scontext=u:r:init:s0 tcontext=u:object_r:privapp_data_file:s0:c512,c768 tclass=lnk_file permissive=1
06-26 18:25:09.747 313 313 D XiriService: check file name: /data/data/com.android.cts.priv.ctsshim/lib
06-26 18:25:09.747 313 313 D XiriService: check file name: /data/data/com.android.dynsystem/lib
06-26 18:25:09.744 313 313 I xiriservice_All: type=1400 audit(0.0:398): avc: denied { search } for name="com.android.dynsystem" dev="mmcblk0p25" ino=575 scontext=u:r:init:s0 tcontext=u:object_r:system_app_data_file:s0 tclass=dir permissive=1
06-26 18:25:09.744 313 313 I xiriservice_All: type=1400 audit(0.0:399): avc: denied { read } for name="lib" dev="mmcblk0p25" ino=42852 scontext=u:r:init:s0 tcontext=u:object_r:system_app_data_file:s0 tclass=lnk_file permissive=1
06-26 18:25:09.749 313 313 D XiriService: check file name: /data/data/com.android.dynsystem/lib
06-26 18:25:09.750 313 313 D XiriService: check file name: /data/data/com.android.dynsystem/lib
06-26 18:25:09.750 313 313 D XiriService: check file name: /data/data/com.android.dynsystem/lib
06-26 18:25:09.752 313 313 D XiriService: check file name: /data/data/com.dangbei.lerad.rocky/lib
06-26 18:25:09.755 313 313 D XiriService: check file name: /data/data/com.dangbei.lerad.rocky/lib
06-26 18:25:09.757 313 313 D XiriService: check file name: /data/data/com.tencent.start.tv/lib
06-26 18:25:09.756 313 313 I xiriservice_All: type=1400 audit(0.0:400): avc: denied { search } for name="com.tencent.start.tv" dev="mmcblk0p25" ino=34196 scontext=u:r:init:s0 tcontext=u:object_r:app_data_file:s0:c84,c256,c512,c768 tclass=dir permissive=1
06-26 18:25:09.756 313 313 I xiriservice_All: type=1400 audit(0.0:401): avc: denied { read } for name="lib" dev="mmcblk0p25" ino=42890 scontext=u:r:init:s0 tcontext=u:object_r:app_data_file:s0:c84,c256,c512,c768 tclass=lnk_file permissive=1
06-26 18:25:09.760 313 313 D XiriService: check file name: /data/data/com.tencent.start.tv/lib
06-26 18:25:09.760 313 313 D XiriService: check file name: /data/data/com.tencent.start.tv/lib
06-26 18:25:09.764 313 313 D XiriService: check file name: /data/data/com.android.tv.settings/lib
06-26 18:25:09.765 313 313 D XiriService: check file name: /data/data/com.xiaodianshi.tv.yst/lib
06-26 18:25:09.764 313 313 I xiriservice_All: type=1400 audit(0.0:402): avc: denied { search } for name="com.xiaodianshi.tv.yst" dev="mmcblk0p25" ino=33503 scontext=u:r:init:s0 tcontext=u:object_r:app_data_file:s0:c512,c768 tclass=dir permissive=1
06-26 18:25:09.764 313 313 I xiriservice_All: type=1400 audit(0.0:403): avc: denied { read } for name="lib" dev="mmcblk0p25" ino=42893 scontext=u:r:init:s0 tcontext=u:object_r:app_data_file:s0:c512,c768 tclass=lnk_file permissive=1
06-26 18:25:09.767 313 313 D XiriService: check file name: /data/data/com.xiaodianshi.tv.yst/lib
06-26 18:25:09.768 313 313 D XiriService: check file name: /data/data/com.oranth.factory/lib
06-26 18:25:09.769 1010 1010 W bootstat: LogBootEvents, atomInfo not defined for events:last_boot_time_utc,build_date,ro.boottime.init.cold_boot_wait,boot_reason,system_boot_reason,time_since_last_boot
06-26 18:25:09.774 313 313 D XiriService: check file name: /data/data/com.oranth.factory/lib
06-26 18:25:09.775 313 313 D XiriService: check file name: /data/data/com.dangbei.zhushou.os/lib
06-26 18:25:09.776 313 313 D XiriService: check file name: /data/data/com.dangbei.zhushou.os/lib
06-26 18:25:09.778 313 313 D XiriService: check file name: /data/data/com.sohu.inputmethod.sogou.tv/lib
06-26 18:25:09.776 313 313 I xiriservice_All: type=1400 audit(0.0:404): avc: denied { search } for name="com.sohu.inputmethod.sogou.tv" dev="mmcblk0p25" ino=1406 scontext=u:r:init:s0 tcontext=u:object_r:app_data_file:s0:c48,c256,c512,c768 tclass=dir permissive=1
06-26 18:25:09.779 313 313 D XiriService: check file name: /data/data/com.sohu.inputmethod.sogou.tv/lib
06-26 18:25:09.776 313 313 I xiriservice_All: type=1400 audit(0.0:405): avc: denied { read } for name="lib" dev="mmcblk0p25" ino=42992 scontext=u:r:init:s0 tcontext=u:object_r:app_data_file:s0 tclass=lnk_file permissive=1
06-26 18:25:09.780 313 313 D XiriService: check file name: /data/data/com.sohu.inputmethod.sogou.tv/lib
06-26 18:25:09.780 313 313 I xiriservice_All: type=1400 audit(0.0:406): avc: denied { read } for name="lib" dev="mmcblk0p25" ino=42992 scontext=u:r:init:s0 tcontext=u:object_r:app_data_file:s0:c48,c256,c512,c768 tclass=lnk_file permissive=1
06-26 18:25:09.782 313 313 D XiriService: check file name: /data/data/com.oranth.ledstatus/lib
06-26 18:25:09.780 313 313 I xiriservice_All: type=1400 audit(0.0:407): avc: denied { search } for name="com.oranth.ledstatus" dev="mmcblk0p25" ino=739 scontext=u:r:init:s0 tcontext=u:object_r:system_app_data_file:s0 tclass=dir permissive=1
06-26 18:25:09.783 313 313 D XiriService: check file name: /data/data/com.oranth.ledstatus/lib
06-26 18:25:09.785 313 313 D XiriService: check file name: /data/data/com.ktcp.video/lib
06-26 18:25:09.791 313 313 D XiriService: check file name: /data/data/com.ktcp.video/lib
06-26 18:25:09.791 313 313 D XiriService: check file name: /data/data/com.dangbei.lerad.videoposter/lib
06-26 18:25:09.796 313 313 D XiriService: check file name: /data/data/com.android.networkstack/lib
06-26 18:25:09.792 313 313 I xiriservice_All: type=1400 audit(0.0:408): avc: denied { read } for name="lib" dev="mmcblk0p25" ino=42906 scontext=u:r:init:s0 tcontext=u:object_r:radio_data_file:s0 tclass=lnk_file permissive=1
06-26 18:25:09.797 313 313 D XiriService: check file name: /data/data/com.android.networkstack/lib
06-26 18:25:09.800 313 313 D XiriService: check file name: /data/data/android/lib
06-26 18:25:09.801 313 313 D XiriService: check file name: /data/data/android/lib
06-26 18:25:09.801 313 313 D XiriService: check file name: /data/data/android/lib
06-26 18:25:09.804 313 313 D XiriService: check file name: /data/data/com.dangbei.screencast/lib
06-26 18:25:09.806 313 313 D XiriService: check file name: /data/data/com.dangbei.screencast/lib
06-26 18:25:09.809 313 313 D XiriService: check file name: /data/data/com.dangbei.leard.leradlauncher/lib
06-26 18:25:09.810 313 313 D XiriService: check file name: /data/data/com.dangbei.leard.leradlauncher/lib
06-26 18:25:09.810 313 313 D XiriService: check file name: /data/data/com.dangbei.leard.leradlauncher/lib
06-26 18:25:09.812 313 313 D XiriService: check file name: /data/data/com.android.providers.settings/lib
06-26 18:25:09.813 313 313 D XiriService: check file name: /data/data/com.android.providers.settings/lib
06-26 18:25:09.814 313 313 D XiriService: check file name: /data/data/com.android.printspooler/lib
06-26 18:25:09.812 313 313 I xiriservice_All: type=1400 audit(0.0:409): avc: denied { search } for name="com.android.printspooler" dev="mmcblk0p25" ino=935 scontext=u:r:init:s0 tcontext=u:object_r:app_data_file:s0:c41,c256,c512,c768 tclass=dir permissive=1
06-26 18:25:09.812 313 313 I xiriservice_All: type=1400 audit(0.0:410): avc: denied { read } for name="lib" dev="mmcblk0p25" ino=42912 scontext=u:r:init:s0 tcontext=u:object_r:app_data_file:s0:c41,c256,c512,c768 tclass=lnk_file permissive=1
06-26 18:25:09.818 477 524 W IorapForwardingService: No service published for: iorapd
06-26 18:25:09.819 186 186 I hwservicemanager: getTransport: Cannot find entry android.hardware.graphics.mapper@4.0::IMapper/default in either framework or device VINTF manifest.
06-26 18:25:09.819 313 313 D XiriService: check file name: /data/data/com.android.printspooler/lib
06-26 18:25:09.819 672 954 I Gralloc4: mapper 4.x is not supported
06-26 18:25:09.820 313 313 D XiriService: check file name: /data/data/com.starcor.mango/lib
06-26 18:25:09.816 313 313 I xiriservice_All: type=1400 audit(0.0:411): avc: denied { search } for name="com.starcor.mango" dev="mmcblk0p25" ino=33241 scontext=u:r:init:s0 tcontext=u:object_r:app_data_file:s0:c78,c256,c512,c768 tclass=dir permissive=1
06-26 18:25:09.820 186 186 I hwservicemanager: getTransport: Cannot find entry android.hardware.graphics.mapper@3.0::IMapper/default in either framework or device VINTF manifest.
06-26 18:25:09.816 313 313 I xiriservice_All: type=1400 audit(0.0:412): avc: denied { read } for name="lib" dev="mmcblk0p25" ino=42913 scontext=u:r:init:s0 tcontext=u:object_r:app_data_file:s0:c78,c256,c512,c768 tclass=lnk_file permissive=1
06-26 18:25:09.821 672 954 W Gralloc3: mapper 3.x is not supported
06-26 18:25:09.824 313 313 D XiriService: check file name: /data/data/com.starcor.mango/lib
06-26 18:25:09.824 313 313 D XiriService: check file name: /data/data/com.android.webview/lib
06-26 18:25:09.827 313 313 W audit : audit_lost=1 audit_rate_limit=5 audit_backlog_limit=64
06-26 18:25:09.827 313 313 E audit : rate limit exceeded
06-26 18:25:09.831 313 313 D XiriService: check file name: /data/data/com.android.inputdevices/lib
06-26 18:25:09.833 313 313 D XiriService: check file name: /data/data/com.android.inputdevices/lib
06-26 18:25:09.834 672 954 E gralloc : Arm Module v1.0
06-26 18:25:09.834 313 313 D XiriService: check file name: /data/data/com.android.bips/lib
06-26 18:25:09.836 186 186 I hwservicemanager: getTransport: Cannot find entry android.hardware.graphics.allocator@4.0::IAllocator/default in either framework or device VINTF manifest.
06-26 18:25:09.836 313 313 D XiriService: check file name: /data/data/com.android.bips/lib
06-26 18:25:09.836 313 313 D XiriService: check file name: /data/data/com.oranth.inputmacsn/lib
06-26 18:25:09.837 672 954 W Gralloc4: allocator 4.x is not supported
06-26 18:25:09.837 313 313 D XiriService: check file name: /data/data/com.oranth.inputmacsn/lib
06-26 18:25:09.837 186 186 I hwservicemanager: getTransport: Cannot find entry android.hardware.graphics.allocator@3.0::IAllocator/default in either framework or device VINTF manifest.
06-26 18:25:09.837 672 954 W Gralloc3: allocator 3.x is not supported
06-26 18:25:09.838 313 313 D XiriService: check file name: /data/data/com.tencent.karaoketv/lib
06-26 18:25:09.844 320 326 D XM_HIDREAD: add@ add@/class/hci_reg
06-26 18:25:09.844 320 326 D XM_HIDREAD: add@ add@/module/sunxi_hci
06-26 18:25:09.846 261 399 I gralloc : alloc buffer:W:1920 H:1080 S:1920 PL[1920 1080] SZ:8294400 fmt:43 if:0 af:43 usg:20000b00 fg:00000004
06-26 18:25:09.847 672 954 E ion : ioctl c0044901 failed with code -1: Inappropriate ioctl for device
06-26 18:25:09.849 313 313 D XiriService: check file name: /data/data/com.tencent.karaoketv/lib
06-26 18:25:09.849 313 313 D XiriService: check file name: /data/data/com.dangbei.hqmedia/lib
06-26 18:25:09.863 262 262 W sunxihwc: computeLayerMemoryFootprint: Unknown pixelformat(-1)
06-26 18:25:09.864 313 313 D XiriService: check file name: /data/data/com.android.keychain/lib
06-26 18:25:09.865 313 313 D XiriService: check file name: /data/data/android.ext.services/lib
06-26 18:25:09.865 261 399 I gralloc : alloc buffer:W:1920 H:1080 S:1920 PL[1920 1080] SZ:8294400 fmt:43 if:0 af:43 usg:20000b00 fg:00000004
06-26 18:25:09.866 313 313 D XiriService: check file name: /data/data/android.ext.services/lib
06-26 18:25:09.866 313 313 D XiriService: check file name: /data/data/com.android.localtransport/lib
06-26 18:25:09.867 313 313 D XiriService: check file name: /data/data/com.android.packageinstaller/lib
06-26 18:25:09.872 313 313 D XiriService: check file name: /data/data/com.oranth.usbopenft/lib
06-26 18:25:09.876 168 168 W sunxi-ehci: EHCI SUNXI driver
06-26 18:25:09.877 313 313 D XiriService: check file name: /data/data/com.oranth.usbopenft/lib
06-26 18:25:09.880 168 168 W : sunxi ehci0-controller don't init wakeup source
06-26 18:25:09.880 168 168 W [sunxi-ehci0]: probe, pdev->name: 5101000.ehci0-controller, sunxi_ehci: 0xffffffc008f81018, 0x:ffffffc012155000, irq_no:32
06-26 18:25:09.882 320 326 D XM_HIDREAD: add@ add@/devices/virtual/devlink/regulator.8--5101000.ehci0-controller
06-26 18:25:09.885 313 313 D XiriService: check file name: /data/data/com.android.networkstack.tethering/lib
06-26 18:25:09.887 313 313 D XiriService: check file name: /data/data/com.android.networkstack.tethering/lib
06-26 18:25:09.888 168 168 I sunxi-ehci 5101000.ehci0-controller: EHCI Host Controller
06-26 18:25:09.888 168 168 I sunxi-ehci 5101000.ehci0-controller: new USB bus registered, assigned bus number 1
06-26 18:25:09.891 313 313 D XiriService: check file name: /data/data/com.hongen.app.word.ott/lib
06-26 18:25:09.892 168 168 I sunxi-ehci 5101000.ehci0-controller: irq 50, io mem 0x05101000
06-26 18:25:09.895 313 313 D XiriService: check file name: /data/data/com.hongen.app.word.ott/lib
06-26 18:25:09.896 313 313 D XiriService: check file name: /data/data/com.dangbei.lerad.etna.haqu/lib
06-26 18:25:09.896 313 313 D XiriService: check file name: /data/data/com.dangbei.lerad.etna.haqu/lib
06-26 18:25:09.897 313 313 D XiriService: check file name: /data/data/com.oranth.powerwindow/lib
06-26 18:25:09.898 313 313 D XiriService: check file name: /data/data/com.oranth.powerwindow/lib
06-26 18:25:09.898 313 313 D XiriService: check file name: /data/data/com.android.networkstack.permissionconfig/lib
06-26 18:25:09.899 313 313 D XiriService: check file name: /data/data/com.android.networkstack.permissionconfig/lib
06-26 18:25:09.900 313 313 D XiriService: check file name: /data/data/com.dangbei.lerad.screensaver/lib
06-26 18:25:09.901 313 313 D XiriService: check file name: /data/data/com.dangbei.lerad.screensaver/lib
06-26 18:25:09.902 313 313 D XiriService: check file name: /data/data/com.android.wallpaperbackup/lib
06-26 18:25:09.903 313 313 D XiriService: check file name: /data/data/com.android.wallpaperbackup/lib
06-26 18:25:09.904 313 313 D XiriService: check file name: /data/data/com.android.providers.media.module/lib
06-26 18:25:09.905 313 313 D XiriService: check file name: /data/data/com.android.providers.media.module/lib
06-26 18:25:09.906 313 313 D XiriService: check file name: /data/data/com.oranth.storage/lib
06-26 18:25:09.907 313 313 D XiriService: check file name: /data/data/com.oranth.storage/lib
06-26 18:25:09.907 313 313 D XiriService: check file name: /data/data/com.oranth.storage/lib
06-26 18:25:09.907 313 313 D XiriService: check file name: /data/data/com.oranth.storage/lib
06-26 18:25:09.908 313 313 D XiriService: check file name: /data/data/com.dangbeimarket/lib
06-26 18:25:09.908 168 168 I sunxi-ehci 5101000.ehci0-controller: USB 2.0 started, EHCI 1.00
06-26 18:25:09.908 168 168 I usb1 : New USB device found, idVendor=1d6b, idProduct=0002, bcdDevice= 5.04
06-26 18:25:09.908 168 168 I usb1 : New USB device strings: Mfr=3, Product=2, SerialNumber=1
06-26 18:25:09.908 168 168 I usb1 : Product: EHCI Host Controller
06-26 18:25:09.908 168 168 I usb1 : Manufacturer: Linux 5.4.125+ ehci_hcd
06-26 18:25:09.908 168 168 I usb1 : SerialNumber: sunxi-ehci
06-26 18:25:09.911 320 326 D XM_HIDREAD: add@ add@/devices/platform/soc@3000000/5101000.ehci0-controller/usb1
06-26 18:25:09.912 313 313 D XiriService: check file name: /data/data/com.dangbeimarket/lib
06-26 18:25:09.914 320 326 D XM_HIDREAD: add@ add@/devices/platform/soc@3000000/5101000.ehci0-controller/usb1/1-0:1.0
06-26 18:25:09.917 168 168 I hub 1-0 : 1.0: USB hub found
06-26 18:25:09.917 168 168 I hub 1-0 : 1.0: 1 port detected
06-26 18:25:09.918 313 313 D XiriService: check file name: /data/data/com.android.location.fused/lib
06-26 18:25:09.919 313 313 D XiriService: check file name: /data/data/com.android.location.fused/lib
06-26 18:25:09.920 313 313 D XiriService: check file name: /data/data/com.android.location.fused/lib
06-26 18:25:09.920 313 313 D XiriService: check file name: /data/data/com.dangbei.haqusetting/lib
06-26 18:25:09.922 313 313 D XiriService: check file name: /data/data/com.dangbei.haqusetting/lib
06-26 18:25:09.923 313 313 D XiriService: check file name: /data/data/com.softwinner.miracastReceiver/lib
06-26 18:25:09.924 313 313 D XiriService: check file name: /data/data/com.softwinner.miracastReceiver/lib
06-26 18:25:09.924 320 326 D XM_HIDREAD: add@ add@/devices/virtual/devlink/regulator.8--5200000.ehci1-controller
06-26 18:25:09.925 313 313 D XiriService: check file name: /data/data/com.gitvdemo.video/lib
06-26 18:25:09.925 168 168 W : sunxi ehci1-controller don't init wakeup source
06-26 18:25:09.925 168 168 W [sunxi-ehci1]: probe, pdev->name: 5200000.ehci1-controller, sunxi_ehci: 0xffffffc008f816d8, 0x:ffffffc012235000, irq_no:34
06-26 18:25:09.930 168 168 I sunxi-ehci 5200000.ehci1-controller: EHCI Host Controller
06-26 18:25:09.930 168 168 I sunxi-ehci 5200000.ehci1-controller: new USB bus registered, assigned bus number 2
06-26 18:25:09.930 313 313 D XiriService: check file name: /data/data/com.gitvdemo.video/lib
06-26 18:25:09.931 313 313 D XiriService: check file name: /data/data/com.android.bluetooth/lib
06-26 18:25:09.931 168 168 I sunxi-ehci 5200000.ehci1-controller: irq 52, io mem 0x05200000
06-26 18:25:09.937 313 313 D XiriService: check file name: /data/data/com.cibn.tv/lib
06-26 18:25:09.937 477 525 V PackageManager: reconcileAppsData finished 123 packages
06-26 18:25:09.938 477 525 I ActivityManager: User 0 state changed from RUNNING_LOCKED to RUNNING_UNLOCKING
06-26 18:25:09.939 313 313 D XiriService: check file name: /data/data/com.jxhy.keepdance/lib
06-26 18:25:09.939 477 525 D ActivityManager: Unlocking user 0 progress 20
06-26 18:25:09.941 313 313 D XiriService: check file name: /data/data/com.jxhy.keepdance/lib
06-26 18:25:09.947 477 612 D WifiNetworkFactory: Registering NetworkFactory
06-26 18:25:09.949 477 535 I SystemServerTimingAsync: ssm.UnlockingUser-0
06-26 18:25:09.949 477 535 I SystemServiceManager: Calling onUnlockingUser 0
06-26 18:25:09.949 477 525 D AW_CODE : rotation =0
06-26 18:25:09.950 477 535 D BluetoothManagerService: User 0 unlocked
06-26 18:25:09.950 477 535 D StorageManagerService: onUnlockUser 0
06-26 18:25:09.950 477 535 I StorageSessionController: On user unlock 0
06-26 18:25:09.950 477 535 I StorageSessionController: Initialialising...
06-26 18:25:09.950 477 524 D BluetoothManagerService: MESSAGE_USER_UNLOCKED
06-26 18:25:09.951 190 190 I vold : onUserStarted: 0
06-26 18:25:09.947 168 168 I sunxi-ehci 5200000.ehci1-controller: USB 2.0 started, EHCI 1.00
06-26 18:25:09.947 168 168 E debugfs : Directory 'sunxi-ehci' with parent 'ehci' already present!
06-26 18:25:09.954 477 812 V StorageManagerService: Found primary storage at VolumeInfo{emulated;0}:
06-26 18:25:09.954 477 812 V StorageManagerService: type=EMULATED diskId=null partGuid= mountFlags=0 mountUserId=0
06-26 18:25:09.954 477 812 V StorageManagerService: state=UNMOUNTED
06-26 18:25:09.954 477 812 V StorageManagerService: fsType=null fsUuid=null fsLabel=null
06-26 18:25:09.954 477 812 V StorageManagerService: path=null internalPath=null
06-26 18:25:09.956 477 606 I StorageManagerService: Mounting volume VolumeInfo{emulated;0}:
06-26 18:25:09.956 477 606 I StorageManagerService: type=EMULATED diskId=null partGuid= mountFlags=PRIMARY|VISIBLE
06-26 18:25:09.956 477 606 I StorageManagerService: mountUserId=0 state=UNMOUNTED
06-26 18:25:09.956 477 606 I StorageManagerService: fsType=null fsUuid=null fsLabel=null
06-26 18:25:09.956 477 606 I StorageManagerService: path=null internalPath=null
06-26 18:25:09.958 168 168 I usb2 : New USB device found, idVendor=1d6b, idProduct=0002, bcdDevice= 5.04
06-26 18:25:09.958 168 168 I usb2 : New USB device strings: Mfr=3, Product=2, SerialNumber=1
06-26 18:25:09.958 168 168 I usb2 : Product: EHCI Host Controller
06-26 18:25:09.958 168 168 I usb2 : Manufacturer: Linux 5.4.125+ ehci_hcd
06-26 18:25:09.958 168 168 I usb2 : SerialNumber: sunxi-ehci
06-26 18:25:09.957 320 326 D XM_HIDREAD: add@ add@/devices/platform/soc@3000000/5200000.ehci1-controller/usb2
06-26 18:25:09.958 477 525 D AW_CODE : rotation =0
06-26 18:25:09.958 190 190 I vold : Mounting emulated fuse volume
06-26 18:25:09.959 320 326 D XM_HIDREAD: add@ add@/devices/platform/soc@3000000/5200000.ehci1-controller/usb2/2-0:1.0
06-26 18:25:09.962 168 168 I hub 2-0 : 1.0: USB hub found
06-26 18:25:09.962 168 168 I hub 2-0 : 1.0: 1 port detected
06-26 18:25:09.966 477 525 D ColorDisplayService: setUp: currentUser=0
06-26 18:25:09.970 320 326 D XM_HIDREAD: add@ add@/devices/virtual/devlink/regulator.8--5310000.ehci2-controller
06-26 18:25:09.971 477 612 D UntrustedWifiNetworkFactory: Registering NetworkFactory
06-26 18:25:09.971 477 620 D ConnectivityService: Got NetworkProvider Messenger for WifiNetworkFactory
06-26 18:25:09.971 477 612 D OemPaidWifiNetworkFactory: Registering NetworkFactory
06-26 18:25:09.971 477 620 D ConnectivityService: Got NetworkProvider Messenger for UntrustedWifiNetworkFactory
06-26 18:25:09.971 477 620 D ConnectivityService: Got NetworkProvider Messenger for OemPaidWifiNetworkFactory
06-26 18:25:09.971 168 168 W : sunxi ehci2-controller don't init wakeup source
06-26 18:25:09.971 168 168 W [sunxi-ehci2]: probe, pdev->name: 5310000.ehci2-controller, sunxi_ehci: 0xffffffc008f81d98, 0x:ffffffc0122f4000, irq_no:36
06-26 18:25:09.972 168 168 I sunxi-ehci 5310000.ehci2-controller: EHCI Host Controller
06-26 18:25:09.972 168 168 I sunxi-ehci 5310000.ehci2-controller: new USB bus registered, assigned bus number 3
06-26 18:25:09.973 168 168 I sunxi-ehci 5310000.ehci2-controller: irq 54, io mem 0x05310000
06-26 18:25:09.978 477 525 D ColorDisplayService: onNightDisplayAutoModeChanged: autoMode=0
06-26 18:25:09.978 477 525 I ColorDisplayService: Turning off night display
06-26 18:25:09.980 477 525 D ColorDisplayService: Setting bright color reduction level: 50
06-26 18:25:09.989 477 522 I AdbDebuggingManager: Not connected to any wireless network. Not enabling adbwifi.
06-26 18:25:09.990 477 522 W Looper : Slow dispatch took 862ms android.fg h=com.android.server.adb.AdbDebuggingManager$AdbDebuggingHandler c=null m=11
06-26 18:25:09.987 168 168 I sunxi-ehci 5310000.ehci2-controller: USB 2.0 started, EHCI 1.00
06-26 18:25:09.987 168 168 E debugfs : Directory 'sunxi-ehci' with parent 'ehci' already present!
06-26 18:25:09.997 320 326 D XM_HIDREAD: add@ add@/devices/virtual/bdi/0:47
06-26 18:25:09.997 477 612 D WifiNetworkFactory: got request NetworkRequest [ REQUEST id=10, [ Capabilities: INTERNET&NOT_RESTRICTED&TRUSTED&NOT_VCN_MANAGED Uid: 1000 RequestorUid: 1000 RequestorPkg: android] ]
06-26 18:25:09.998 477 612 D WifiNetworkFactory: got request NetworkRequest [ REQUEST id=1, [ Capabilities: INTERNET&NOT_RESTRICTED&TRUSTED&NOT_VPN&NOT_VCN_MANAGED RequestorUid: 1000 RequestorPkg: android] ]
06-26 18:25:09.998 477 612 D WifiNetworkFactory: got request NetworkRequest [ REQUEST id=17, [ Capabilities: INTERNET&NOT_RESTRICTED&TRUSTED&NOT_VCN_MANAGED Uid: 1000 RequestorUid: 1000 RequestorPkg: android] ]
06-26 18:25:09.998 477 612 D WifiNetworkFactory: got request NetworkRequest [ REQUEST id=19, [ Capabilities: INTERNET&NOT_RESTRICTED&TRUSTED&NOT_VCN_MANAGED Uid: 1073 RequestorUid: 1073 RequestorPkg: com.android.networkstack] ]
06-26 18:25:09.998 477 612 D WifiNetworkFactory: got request NetworkRequest [ REQUEST id=3, [ Transports: WIFI Capabilities: INTERNET&NOT_RESTRICTED&TRUSTED&NOT_VPN&NOT_VCN_MANAGED RequestorUid: 1000 RequestorPkg: android] ]
06-26 18:25:09.998 477 612 D UntrustedWifiNetworkFactory: got request NetworkRequest [ REQUEST id=10, [ Capabilities: INTERNET&NOT_RESTRICTED&TRUSTED&NOT_VCN_MANAGED Uid: 1000 RequestorUid: 1000 RequestorPkg: android] ]
06-26 18:25:09.998 477 612 D UntrustedWifiNetworkFactory: got request NetworkRequest [ REQUEST id=1, [ Capabilities: INTERNET&NOT_RESTRICTED&TRUSTED&NOT_VPN&NOT_VCN_MANAGED RequestorUid: 1000 RequestorPkg: android] ]
06-26 18:25:09.999 190 190 I vold : Bind mounting /data/media to /mnt/pass_through/0/emulated
06-26 18:25:09.999 477 612 D UntrustedWifiNetworkFactory: got request NetworkRequest [ REQUEST id=17, [ Capabilities: INTERNET&NOT_RESTRICTED&TRUSTED&NOT_VCN_MANAGED Uid: 1000 RequestorUid: 1000 RequestorPkg: android] ]
06-26 18:25:09.999 477 612 D UntrustedWifiNetworkFactory: got request NetworkRequest [ REQUEST id=19, [ Capabilities: INTERNET&NOT_RESTRICTED&TRUSTED&NOT_VCN_MANAGED Uid: 1073 RequestorUid: 1073 RequestorPkg: com.android.networkstack] ]
06-26 18:25:10.002 168 168 I usb3 : New USB device found, idVendor=1d6b, idProduct=0002, bcdDevice= 5.04
06-26 18:25:10.002 168 168 I usb3 : New USB device strings: Mfr=3, Product=2, SerialNumber=1
06-26 18:25:10.002 168 168 I usb3 : Product: EHCI Host Controller
06-26 18:25:10.003 168 168 I usb3 : Manufacturer: Linux 5.4.125+ ehci_hcd
06-26 18:25:10.003 168 168 I usb3 : SerialNumber: sunxi-ehci
06-26 18:25:10.002 320 326 D XM_HIDREAD: add@ add@/devices/platform/soc@3000000/5310000.ehci2-controller/usb3
06-26 18:25:10.003 320 326 D XM_HIDREAD: add@ add@/devices/platform/soc@3000000/5310000.ehci2-controller/usb3/3-0:1.0
06-26 18:25:10.005 168 168 I hub 3-0 : 1.0: USB hub found
06-26 18:25:10.006 168 168 I hub 3-0 : 1.0: 1 port detected
06-26 18:25:10.006 477 477 W InputMethodUtils: Found no fallback locale. imis=[InputMethodInfo{com.sohu.inputmethod.sogou.tv/.SogouIME, settings: com.sohu.inputmethod.sogou.SogouIMESettingsLauncher}]
06-26 18:25:10.008 320 326 D XM_HIDREAD: add@ add@/devices/virtual/devlink/regulator.8--5311000.ehci3-controller
06-26 18:25:10.008 477 477 W InputMethodUtils: No software keyboard is found. imis=[InputMethodInfo{com.sohu.inputmethod.sogou.tv/.SogouIME, settings: com.sohu.inputmethod.sogou.SogouIMESettingsLauncher}] systemLocale=zh_CN fallbackLocale=null
06-26 18:25:10.009 168 168 W : sunxi ehci3-controller don't init wakeup source
06-26 18:25:10.009 168 168 W [sunxi-ehci3]: probe, pdev->name: 5311000.ehci3-controller, sunxi_ehci: 0xffffffc008f82458, 0x:ffffffc0132e5000, irq_no:38
06-26 18:25:10.010 168 168 I sunxi-ehci 5311000.ehci3-controller: EHCI Host Controller
06-26 18:25:10.010 168 168 I sunxi-ehci 5311000.ehci3-controller: new USB bus registered, assigned bus number 4
06-26 18:25:10.011 168 168 I sunxi-ehci 5311000.ehci3-controller: irq 56, io mem 0x05311000
06-26 18:25:10.009 477 612 D UntrustedWifiNetworkFactory: got request NetworkRequest [ REQUEST id=3, [ Transports: WIFI Capabilities: INTERNET&NOT_RESTRICTED&TRUSTED&NOT_VPN&NOT_VCN_MANAGED RequestorUid: 1000 RequestorPkg: android] ]
06-26 18:25:10.010 477 612 D OemPaidWifiNetworkFactory: got request NetworkRequest [ REQUEST id=10, [ Capabilities: INTERNET&NOT_RESTRICTED&TRUSTED&NOT_VCN_MANAGED Uid: 1000 RequestorUid: 1000 RequestorPkg: android] ]
06-26 18:25:10.010 477 612 D OemPaidWifiNetworkFactory: got request NetworkRequest [ REQUEST id=1, [ Capabilities: INTERNET&NOT_RESTRICTED&TRUSTED&NOT_VPN&NOT_VCN_MANAGED RequestorUid: 1000 RequestorPkg: android] ]
06-26 18:25:10.012 477 612 D OemPaidWifiNetworkFactory: got request NetworkRequest [ REQUEST id=17, [ Capabilities: INTERNET&NOT_RESTRICTED&TRUSTED&NOT_VCN_MANAGED Uid: 1000 RequestorUid: 1000 RequestorPkg: android] ]
06-26 18:25:10.012 477 612 D OemPaidWifiNetworkFactory: got request NetworkRequest [ REQUEST id=19, [ Capabilities: INTERNET&NOT_RESTRICTED&TRUSTED&NOT_VCN_MANAGED Uid: 1073 RequestorUid: 1073 RequestorPkg: com.android.networkstack] ]
06-26 18:25:10.012 477 612 D OemPaidWifiNetworkFactory: got request NetworkRequest [ REQUEST id=3, [ Transports: WIFI Capabilities: INTERNET&NOT_RESTRICTED&TRUSTED&NOT_VPN&NOT_VCN_MANAGED RequestorUid: 1000 RequestorPkg: android] ]
06-26 18:25:10.016 672 672 D SystemUIService: Starting Wifi now
06-26 18:25:10.019 477 606 I StorageSessionController: On volume mount VolumeInfo{emulated;0}:
06-26 18:25:10.019 477 606 I StorageSessionController: type=EMULATED diskId=null partGuid= mountFlags=PRIMARY|VISIBLE
06-26 18:25:10.019 477 606 I StorageSessionController: mountUserId=0 state=CHECKING
06-26 18:25:10.019 477 606 I StorageSessionController: fsType=null fsUuid=null fsLabel=null
06-26 18:25:10.019 477 606 I StorageSessionController: path=/storage/emulated internalPath=/data/media
06-26 18:25:10.019 477 522 W Looper : Slow delivery took 865ms android.fg h=com.android.server.adb.AdbDebuggingManager$AdbDebuggingHandler c=null m=8
06-26 18:25:10.020 477 535 W TextServicesManagerService: no available spell checker services found
06-26 18:25:10.021 477 535 D WifiService: Handle user unlock 0
06-26 18:25:10.022 477 535 I WallpaperManagerService: on-unlock-user-0
06-26 18:25:10.025 477 477 I NotificationHistory: Attempted to unlock gone/disabled user 0
06-26 18:25:10.025 477 523 D AW_CODE : rotation =0
06-26 18:25:10.026 477 606 I StorageSessionController: Creating connection for user: 0
06-26 18:25:10.026 477 606 I StorageSessionController: Creating and starting session with id: emulated;0
06-26 18:25:10.027 477 522 W Looper : Drained
06-26 18:25:10.027 477 606 I StorageUserConnection: Binding to the ExternalStorageService for user 0
06-26 18:25:10.027 477 522 D AdbService: setAdbEnabled(true), mIsAdbUsbEnabled=true, mIsAdbWifiEnabled=true, transportType=1
06-26 18:25:10.028 477 535 W VoiceInteractionManager: no available voice recognition services found for user 0
06-26 18:25:10.023 168 168 I sunxi-ehci 5311000.ehci3-controller: USB 2.0 started, EHCI 1.00
06-26 18:25:10.023 168 168 E debugfs : Directory 'sunxi-ehci' with parent 'ehci' already present!
06-26 18:25:10.032 477 644 I BackupManagerService: Starting service for user: 0
06-26 18:25:10.032 477 534 I UsageStatsService: User[0] Rollover scheduled @ 2025-06-27 17:54:15(1751018055451)
06-26 18:25:10.034 168 168 I usb4 : New USB device found, idVendor=1d6b, idProduct=0002, bcdDevice= 5.04
