06-26 18:25:04.770 477 582 I HidlServiceManagement: Registered android.frameworks.sensorservice@1.0::ISensorManager/default
06-26 18:25:04.771 186 186 I hwservicemanager: getTransport: Cannot find entry android.frameworks.schedulerservice@1.0::ISchedulingPolicyService/default in either framework or device VINTF manifest.
06-26 18:25:04.771 477 582 W system_server: android.frameworks.schedulerservice@1.0::ISchedulingPolicyService is deprecated. Skipping registration.
06-26 18:25:04.771 477 582 D SystemServerInitThreadPool: Finished executing StartHidlServices
06-26 18:25:04.771 477 477 I InputManager: Enabling motion classifier because just booted: feature enabled, long press timeout = 400
06-26 18:25:04.771 477 477 I InputClassifier: Enabling motion classifier
06-26 18:25:04.772 186 186 I hwservicemanager: getTransport: Cannot find entry android.hardware.input.classifier@1.0::IInputClassifier/default in either framework or device VINTF manifest.
06-26 18:25:04.773 477 477 I SystemServerTiming: DisplayManagerWindowManagerAndInputReady
06-26 18:25:04.773 477 601 I InputClassifier: Could not obtain InputClassifier HAL
06-26 18:25:04.773 477 477 I SystemServerTiming: StartBluetoothService
06-26 18:25:04.773 477 525 I LogicalDisplayMapper: Requesting Transition to state: 0
06-26 18:25:04.774 477 477 I SystemServiceManager: Starting com.android.server.BluetoothService
06-26 18:25:04.774 477 525 I LogicalDisplayMapper: Applying layout: [{addr: {port=0}, dispId: 0(ON)}], Previous layout: [{addr: {port=0}, dispId: 0(ON)}]
06-26 18:25:04.776 477 600 D EventHub: No input device configuration file found for device 'sunxi-ir-uinput'.
06-26 18:25:04.777 477 477 D BluetoothManagerService: Loading stored name and address
06-26 18:25:04.777 477 477 D BluetoothManagerService: Stored bluetooth Name=DBBOX-A2,Address=B4:2F:03:15:73:2F
06-26 18:25:04.777 477 477 D BluetoothManagerService: Bluetooth persisted state: 1
06-26 18:25:04.777 477 477 D BluetoothManagerService: Startup: Bluetooth persisted state is ON.
06-26 18:25:04.778 477 477 D BluetoothManagerService: Detected SystemUiUid: 10067
06-26 18:25:04.778 477 477 I SystemServerTiming: IpConnectivityMetrics
06-26 18:25:04.778 477 477 I SystemServiceManager: Starting com.android.server.connectivity.IpConnectivityMetrics
06-26 18:25:04.781 477 477 I SystemServerTiming: NetworkWatchlistService
06-26 18:25:04.781 477 477 I SystemServiceManager: Starting com.android.server.net.watchlist.NetworkWatchlistService$Lifecycle
06-26 18:25:04.784 320 326 D XM_HIDREAD: add@ add@/devices/virtual/wakeup/wakeup23
06-26 18:25:04.787 477 600 I EventHub: usingClockIoctl=true
06-26 18:25:04.787 477 600 I EventHub: New device: id=1, fd=164, path='/dev/input/event1', name='sunxi-ir-uinput', classes=KEYBOARD | ALPHAKEY | CURSOR | DPAD, configuration='', keyLayout='/system/usr/keylayout/sunxi-ir-uinput.kl', keyCharacterMap='/system/usr/keychars/Generic.kcm', builtinKeyboard=false,
06-26 18:25:04.787 477 477 I WatchlistSettings: Reload watchlist settings done
06-26 18:25:04.788 477 600 D EventHub: No input device configuration file found for device 'sunxi-ir'.
06-26 18:25:04.789 477 602 I WatchlistLoggingHandler: No need to aggregate record yet.
06-26 18:25:04.789 477 602 I WatchlistLoggingHandler: Milliseconds spent on tryAggregateRecords(): 0
06-26 18:25:04.790 477 477 I SystemServerTiming: PinnerService
06-26 18:25:04.790 477 477 I SystemServiceManager: Starting com.android.server.PinnerService
06-26 18:25:04.791 477 477 V HistoricalRegistry: Interaction before persistence initialized
06-26 18:25:04.793 477 477 I SystemServerTiming: IorapForwardingService
06-26 18:25:04.793 477 477 I SystemServiceManager: Starting com.google.android.startop.iorap.IorapForwardingService
06-26 18:25:04.795 320 326 D XM_HIDREAD: add@ add@/devices/virtual/wakeup/wakeup24
06-26 18:25:04.796 477 477 W IorapForwardingService: No service published for: iorapd
06-26 18:25:04.797 477 600 I EventHub: usingClockIoctl=true
06-26 18:25:04.797 477 600 I EventHub: New device: id=2, fd=168, path='/dev/input/event0', name='sunxi-ir', classes=KEYBOARD, configuration='', keyLayout='/system/usr/keylayout/sunxi-ir.kl', keyCharacterMap='/system/usr/keychars/Generic.kcm', builtinKeyboard=false,
06-26 18:25:04.798 477 477 I SystemServerTiming: SignedConfigService
06-26 18:25:04.799 477 477 I SystemServerTiming: AppIntegrityService
06-26 18:25:04.799 477 477 I SystemServiceManager: Starting com.android.server.integrity.AppIntegrityManagerService
06-26 18:25:04.806 477 600 I InputReader: Device added: id=-1, eventHubId=-1, name='Virtual', descriptor='a718a782d34bc767f4689c232d64d527998ea7fd',sources=0x00000301
06-26 18:25:04.806 477 600 I InputReader: Device added: id=2, eventHubId=2, name='sunxi-ir', descriptor='485d69228e24f5e46da1598745890b214130dbc4',sources=0x00000101
06-26 18:25:04.807 477 477 E IntegrityFileManager: Error creating staging and rules directory
06-26 18:25:04.807 477 600 W InputReader: Can't find the designated viewport with ID 0 to update cursor input mapper. Fall back to default display
06-26 18:25:04.807 477 600 E InputReader: Still can't find a viable viewport to update cursor input mapper. Skip setting it to PointerController.
06-26 18:25:04.807 477 600 I InputReader: Device added: id=3, eventHubId=1, name='sunxi-ir-uinput', descriptor='0a253e777d1b2169367be63d7c9054e7991953a6',sources=0x00002303
06-26 18:25:04.811 477 477 I WindowManager: SAFE MODE not enabled
06-26 18:25:04.811 477 477 I SystemServerTiming: StartInputMethodManagerLifecycle
06-26 18:25:04.811 477 477 I SystemServiceManager: Starting com.android.server.inputmethod.InputMethodManagerService$Lifecycle
06-26 18:25:04.817 477 477 I SystemServerTiming: StartAccessibilityManagerService
06-26 18:25:04.817 477 477 I SystemServiceManager: Starting com.android.server.accessibility.AccessibilityManagerService$Lifecycle
06-26 18:25:04.829 477 477 I SystemServerTiming: MakeDisplayReady
06-26 18:25:04.832 477 477 W InputReader: Device sunxi-ir-uinput is associated with display ADISPLAY_ID_NONE.
06-26 18:25:04.833 477 477 W InputReader: Device sunxi-ir-uinput is associated with display ADISPLAY_ID_NONE.
06-26 18:25:04.834 477 477 I ActivityTaskManager: Config changes=20005df8 {1.0 ?mcc?mnc [zh_CN] ldltr sw720dp w1280dp h696dp 240dpi xlrg long land ?uimode ?night -touch qwerty/v/v dpad/v winConfig={ mBounds=Rect(0, 0 - 1920, 1080) mAppBounds=Rect(0, 0 - 1920, 1080) mMaxBounds=Rect(0, 0 - 1920, 1080) mWindowingMode=fullscreen mDisplayWindowingMode=fullscreen mActivityType=undefined mAlwaysOnTop=undefined mRotation=ROTATION_0} s.2 ?fontWeightAdjustment}
06-26 18:25:04.839 477 477 I WindowManager: Override config changes=60007dfc {1.0 ?mcc?mnc [zh_CN] ldltr sw720dp w1280dp h696dp 240dpi xlrg long land ?uimode ?night -touch qwerty/v/v dpad/v winConfig={ mBounds=Rect(0, 0 - 1920, 1080) mAppBounds=Rect(0, 0 - 1920, 1080) mMaxBounds=Rect(0, 0 - 1920, 1080) mWindowingMode=fullscreen mDisplayWindowingMode=fullscreen mActivityType=undefined mAlwaysOnTop=undefined mRotation=ROTATION_0} s.2 ?fontWeightAdjustment} for displayId=0
06-26 18:25:04.855 1 1 I init : processing action (sys.sysctl.extra_free_kbytes=*) from (/system/etc/init/hw/init.rc:1139)
06-26 18:25:04.854 477 525 I InputManager-JNI: Viewport [0] to add: local:0, isActive: false
06-26 18:25:04.855 477 600 I InputReader: Reconfiguring input devices, changes=DISPLAY_INFO |
06-26 18:25:04.874 477 477 I SystemServerTiming: StartStorageManagerService
06-26 18:25:04.874 477 477 I SystemServiceManager: Starting com.android.server.StorageManagerService$Lifecycle
06-26 18:25:04.881 354 587 D installd: Found quota mount /dev/block/by-name/userdata at /data
06-26 18:25:04.881 354 587 D installd: Found quota mount /dev/block/by-name/userdata at /data/user/0
06-26 18:25:04.887 477 606 D StorageManagerService: Thinking about init, mBootCompleted=false, mDaemonConnected=true
06-26 18:25:04.887 477 606 D StorageManagerService: Thinking about reset, mBootCompleted=false, mDaemonConnected=true
06-26 18:25:04.888 477 606 D StorageManagerService: Thinking about init, mBootCompleted=false, mDaemonConnected=true
06-26 18:25:04.888 477 477 I SystemServerTiming: StartStorageStatsService
06-26 18:25:04.888 477 606 D StorageManagerService: Thinking about reset, mBootCompleted=false, mDaemonConnected=true
06-26 18:25:04.888 477 477 I SystemServiceManager: Starting com.android.server.usage.StorageStatsService$Lifecycle
06-26 18:25:04.890 354 587 D installd: Found quota mount /dev/block/by-name/userdata at /data
06-26 18:25:04.891 354 587 D installd: Found quota mount /dev/block/by-name/userdata at /data/user/0
06-26 18:25:04.893 354 587 D installd: Found quota mount /dev/block/by-name/userdata at /data
06-26 18:25:04.893 354 587 D installd: Found quota mount /dev/block/by-name/userdata at /data/user/0
06-26 18:25:04.896 477 477 I SystemServerTiming: StartUiModeManager
06-26 18:25:04.896 477 477 I SystemServiceManager: Starting com.android.server.UiModeManagerService
06-26 18:25:04.898 477 521 I SystemServerTimingAsync: InitThreadPoolExec:UiModeManager.onStart
06-26 18:25:04.898 477 521 D SystemServerInitThreadPool: Started executing UiModeManager.onStart
06-26 18:25:04.899 477 477 I SystemServerTiming: UpdatePackagesIfNeeded
06-26 18:25:04.899 477 477 I Watchdog: Pausing HandlerChecker: main thread for reason: dexopt. Pause count: 1
06-26 18:25:04.899 477 477 I Watchdog: Resuming HandlerChecker: main thread for reason: dexopt. Pause count: 0
06-26 18:25:04.899 477 477 I SystemServerTiming: PerformFstrimIfNeeded
06-26 18:25:04.904 477 521 D SystemServerInitThreadPool: Finished executing UiModeManager.onStart
06-26 18:25:04.905 477 477 I SystemServerTiming: StartLockSettingsService
06-26 18:25:04.905 477 477 I SystemServiceManager: Starting com.android.server.locksettings.LockSettingsService$Lifecycle
06-26 18:25:04.913 248 248 D MtpDeviceJNI: register_android_mtp_MtpDevice
06-26 18:25:04.930 477 477 I SystemServerTiming: StartPersistentDataBlock
06-26 18:25:04.930 477 477 I SystemServiceManager: Starting com.android.server.PersistentDataBlockService
06-26 18:25:04.931 477 477 I SystemServerTiming: StartTestHarnessMode
06-26 18:25:04.931 477 477 I SystemServiceManager: Starting com.android.server.testharness.TestHarnessModeService
06-26 18:25:04.931 477 582 I SystemServerTimingAsync: InitThreadPoolExec:PersistentDataBlockService.onStart
06-26 18:25:04.931 477 582 D SystemServerInitThreadPool: Started executing PersistentDataBlockService.onStart
06-26 18:25:04.932 477 477 I SystemServerTiming: StartOemLockService
06-26 18:25:04.932 477 477 I SystemServiceManager: Starting com.android.server.oemlock.OemLockService
06-26 18:25:04.933 186 186 I hwservicemanager: getTransport: Cannot find entry android.hardware.oemlock@1.0::IOemLock/default in either framework or device VINTF manifest.
06-26 18:25:04.936 477 477 I OemLock : OemLock HAL not present on device
06-26 18:25:04.937 477 477 I OemLock : Using persistent data block based lock
06-26 18:25:04.938 477 477 I SystemServerTiming: StartDeviceIdleController
06-26 18:25:04.938 477 477 I SystemServiceManager: Starting com.android.server.DeviceIdleController
06-26 18:25:04.945 477 477 I SystemServerTiming: StartDevicePolicyManager
06-26 18:25:04.945 477 477 I SystemServiceManager: Starting com.android.server.devicepolicy.DevicePolicyManagerService$Lifecycle
06-26 18:25:04.950 477 582 D SystemServerInitThreadPool: Finished executing PersistentDataBlockService.onStart
06-26 18:25:04.957 477 477 I SystemServerTiming: StartStatusBarManagerService
06-26 18:25:04.958 477 477 D SystemServer: MusicRecognitionManagerService not defined by OEM or disabled by flag
06-26 18:25:04.958 477 477 D SystemServer: ContentCaptureService disabled because resource is not overlaid
06-26 18:25:04.958 477 477 D SystemServer: AttentionService is not configured on this device
06-26 18:25:04.959 477 477 D SystemServer: RotationResolverService is not configured on this device
06-26 18:25:04.959 477 477 D SystemServer: SystemCaptionsManagerService disabled because resource is not overlaid
06-26 18:25:04.959 477 477 I SystemServerTiming: StartTextToSpeechManagerService
06-26 18:25:04.959 477 477 I SystemServiceManager: Starting com.android.server.texttospeech.TextToSpeechManagerService
06-26 18:25:04.962 477 477 I SystemServerTiming: StartSpeechRecognitionManagerService
06-26 18:25:04.963 477 477 I SystemServiceManager: Starting com.android.server.speech.SpeechRecognitionManagerService
06-26 18:25:04.966 477 477 D SystemServer: AppPredictionService not defined by OEM
06-26 18:25:04.966 477 477 D SystemServer: ContentSuggestionsService not defined by OEM
06-26 18:25:04.966 477 477 I SystemServerTiming: StartSearchUiService
06-26 18:25:04.966 477 477 I SystemServiceManager: Starting com.android.server.searchui.SearchUiManagerService
06-26 18:25:04.968 477 477 I SystemServerTiming: StartSmartspaceService
06-26 18:25:04.969 477 477 I SystemServiceManager: Starting com.android.server.smartspace.SmartspaceManagerService
06-26 18:25:04.971 477 477 I SystemServerTiming: InitConnectivityModuleConnector
06-26 18:25:04.971 477 477 D ConnectivityModuleConnector: Network stack init
06-26 18:25:04.974 313 313 D XiriService: check file name: /data/data/com.android.cts.priv.ctsshim/lib
06-26 18:25:04.972 313 313 I xiriservice_All: type=1400 audit(0.0:318): avc: denied { search } for name="com.android.cts.priv.ctsshim" dev="mmcblk0p25" ino=567 scontext=u:r:init:s0 tcontext=u:object_r:privapp_data_file:s0:c512,c768 tclass=dir permissive=1
06-26 18:25:04.972 313 313 I xiriservice_All: type=1400 audit(0.0:319): avc: denied { read } for name="lib" dev="mmcblk0p25" ino=41627 scontext=u:r:init:s0 tcontext=u:object_r:privapp_data_file:s0:c512,c768 tclass=lnk_file permissive=1
06-26 18:25:04.976 313 313 D XiriService: check file name: /data/data/com.android.cts.priv.ctsshim/lib
06-26 18:25:04.976 313 313 D XiriService: check file name: /data/data/com.android.cts.priv.ctsshim/lib
06-26 18:25:04.977 477 477 I SystemServerTiming: InitNetworkStackClient
06-26 18:25:04.979 477 477 I SystemServerTiming: StartNetworkManagementService
06-26 18:25:04.982 313 313 D XiriService: check file name: /data/data/com.android.cts.priv.ctsshim/lib
06-26 18:25:04.982 313 313 D XiriService: check file name: /data/data/com.android.cts.priv.ctsshim/lib
06-26 18:25:04.982 313 313 D XiriService: check file name: /data/data/com.android.cts.priv.ctsshim/lib
06-26 18:25:04.983 313 313 D XiriService: check file name: /data/data/com.android.dynsystem/lib
06-26 18:25:04.983 313 313 D XiriService: check file name: /data/data/com.android.dynsystem/lib
06-26 18:25:04.980 313 313 I xiriservice_All: type=1400 audit(0.0:320): avc: denied { search } for name="com.android.dynsystem" dev="mmcblk0p25" ino=575 scontext=u:r:init:s0 tcontext=u:object_r:system_app_data_file:s0 tclass=dir permissive=1
06-26 18:25:04.984 313 313 D XiriService: check file name: /data/data/com.android.dynsystem/lib
06-26 18:25:04.980 313 313 I xiriservice_All: type=1400 audit(0.0:321): avc: denied { read } for name="lib" dev="mmcblk0p25" ino=42851 scontext=u:r:init:s0 tcontext=u:object_r:system_app_data_file:s0 tclass=lnk_file permissive=1
06-26 18:25:04.989 313 313 D XiriService: check file name: /data/data/com.android.dynsystem/lib
06-26 18:25:04.989 313 313 D XiriService: check file name: /data/data/com.android.dynsystem/lib
06-26 18:25:04.990 313 313 D XiriService: check file name: /data/data/com.android.dynsystem/lib
06-26 18:25:04.990 313 313 D XiriService: check file name: /data/data/com.android.dynsystem/lib
06-26 18:25:04.990 313 313 D XiriService: check file name: /data/data/com.dangbei.lerad.rocky/lib
06-26 18:25:04.990 313 313 D XiriService: check file name: /data/data/com.dangbei.lerad.rocky/lib
06-26 18:25:04.990 313 313 D XiriService: check file name: /data/data/com.dangbei.lerad.rocky/lib
06-26 18:25:04.991 313 313 D XiriService: check file name: /data/data/com.dangbei.lerad.rocky/lib
06-26 18:25:04.993 477 477 I SystemServerTiming: StartIpSecService
06-26 18:25:04.998 313 313 D XiriService: check file name: /data/data/com.dangbei.lerad.rocky/lib
06-26 18:25:04.998 313 313 D XiriService: check file name: /data/data/com.dangbei.lerad.rocky/lib
06-26 18:25:04.998 313 313 D XiriService: check file name: /data/data/com.dangbei.lerad.rocky/lib
06-26 18:25:04.998 313 313 D XiriService: check file name: /data/data/com.dangbei.lerad.rocky/lib
06-26 18:25:04.998 477 477 I SystemServerTiming: StartTextServicesManager
06-26 18:25:04.998 477 521 I SystemServerTimingAsync: InitThreadPoolExec:START_FONT_MANAGER_SERVICE
06-26 18:25:04.998 477 521 D SystemServerInitThreadPool: Started executing START_FONT_MANAGER_SERVICE
06-26 18:25:04.999 477 477 I SystemServiceManager: Starting com.android.server.textservices.TextServicesManagerService$Lifecycle
06-26 18:25:04.999 477 521 I SystemServerTimingAsync: START_FONT_MANAGER_SERVICE
06-26 18:25:05.000 477 477 I SystemServerTiming: StartTextClassificationManagerService
06-26 18:25:05.000 477 477 I SystemServiceManager: Starting com.android.server.textclassifier.TextClassificationManagerService$Lifecycle
06-26 18:25:05.004 477 477 I SystemServerTiming: StartNetworkScoreService
06-26 18:25:05.004 477 477 I SystemServiceManager: Starting com.android.server.NetworkScoreService$Lifecycle
06-26 18:25:05.005 477 477 I NetworkScoreService: Registering network_score
06-26 18:25:05.005 313 313 D XiriService: check file name: /data/data/com.tencent.start.tv/lib
06-26 18:25:05.005 313 313 D XiriService: check file name: /data/data/com.tencent.start.tv/lib
06-26 18:25:05.004 313 313 I xiriservice_All: type=1400 audit(0.0:322): avc: denied { search } for name="com.tencent.start.tv" dev="mmcblk0p25" ino=34196 scontext=u:r:init:s0 tcontext=u:object_r:app_data_file:s0:c84,c256,c512,c768 tclass=dir permissive=1
06-26 18:25:05.006 313 313 D XiriService: check file name: /data/data/com.tencent.start.tv/lib
06-26 18:25:05.006 477 477 I SystemServerTiming: StartNetworkStatsService
06-26 18:25:05.004 313 313 I xiriservice_All: type=1400 audit(0.0:323): avc: denied { read } for name="lib" dev="mmcblk0p25" ino=42890 scontext=u:r:init:s0 tcontext=u:object_r:app_data_file:s0:c84,c256,c512,c768 tclass=lnk_file permissive=1
06-26 18:25:05.013 313 313 D XiriService: check file name: /data/data/com.android.tv.settings/lib
06-26 18:25:05.013 313 313 D XiriService: check file name: /data/data/com.android.tv.settings/lib
06-26 18:25:05.013 313 313 D XiriService: check file name: /data/data/com.android.tv.settings/lib
06-26 18:25:05.013 313 313 D XiriService: check file name: /data/data/com.android.tv.settings/lib
06-26 18:25:05.014 477 477 I SystemServerTiming: StartNetworkPolicyManagerService
06-26 18:25:05.019 313 313 D XiriService: check file name: /data/data/com.android.tv.settings/lib
06-26 18:25:05.020 313 313 D XiriService: check file name: /data/data/com.android.tv.settings/lib
06-26 18:25:05.020 313 313 D XiriService: check file name: /data/data/com.android.tv.settings/lib
06-26 18:25:05.020 313 313 I xiriservice_All: type=1400 audit(0.0:324): avc: denied { search } for name="com.xiaodianshi.tv.yst" dev="mmcblk0p25" ino=33503 scontext=u:r:init:s0 tcontext=u:object_r:app_data_file:s0:c512,c768 tclass=dir permissive=1
06-26 18:25:05.022 313 313 D XiriService: check file name: /data/data/com.xiaodianshi.tv.yst/lib
06-26 18:25:05.023 313 313 D XiriService: check file name: /data/data/com.xiaodianshi.tv.yst/lib
06-26 18:25:05.020 313 313 I xiriservice_All: type=1400 audit(0.0:325): avc: denied { read } for name="lib" dev="mmcblk0p25" ino=42893 scontext=u:r:init:s0 tcontext=u:object_r:app_data_file:s0:c512,c768 tclass=lnk_file permissive=1
06-26 18:25:05.023 477 477 I SystemServerTiming: StartWifi
06-26 18:25:05.034 313 313 D XiriService: check file name: /data/data/com.oranth.factory/lib
06-26 18:25:05.034 313 313 D XiriService: check file name: /data/data/com.oranth.factory/lib
06-26 18:25:05.034 313 313 D XiriService: check file name: /data/data/com.oranth.factory/lib
06-26 18:25:05.034 313 313 D XiriService: check file name: /data/data/com.oranth.factory/lib
06-26 18:25:05.040 313 313 D XiriService: check file name: /data/data/com.oranth.factory/lib
06-26 18:25:05.041 313 313 D XiriService: check file name: /data/data/com.oranth.factory/lib
06-26 18:25:05.041 313 313 D XiriService: check file name: /data/data/com.oranth.factory/lib
06-26 18:25:05.047 313 313 D XiriService: check file name: /data/data/com.dangbei.zhushou.os/lib
06-26 18:25:05.048 313 313 D XiriService: check file name: /data/data/com.dangbei.zhushou.os/lib
06-26 18:25:05.048 313 313 D XiriService: check file name: /data/data/com.dangbei.zhushou.os/lib
06-26 18:25:05.048 313 313 D XiriService: check file name: /data/data/com.dangbei.zhushou.os/lib
06-26 18:25:05.053 313 313 D XiriService: check file name: /data/data/com.dangbei.zhushou.os/lib
06-26 18:25:05.054 313 313 D XiriService: check file name: /data/data/com.dangbei.zhushou.os/lib
06-26 18:25:05.054 313 313 D XiriService: check file name: /data/data/com.dangbei.zhushou.os/lib
06-26 18:25:05.054 313 313 D XiriService: check file name: /data/data/com.dangbei.zhushou.os/lib
06-26 18:25:05.056 477 477 I SystemServiceManager: Starting com.android.server.wifi.WifiService
06-26 18:25:05.077 477 477 I WifiContext: Found Wifi Resources APK at: com.android.wifi.resources
06-26 18:25:05.079 313 313 D XiriService: check file name: /data/data/com.sohu.inputmethod.sogou.tv/lib
06-26 18:25:05.079 313 313 D XiriService: check file name: /data/data/com.sohu.inputmethod.sogou.tv/lib
06-26 18:25:05.076 313 313 I xiriservice_All: type=1400 audit(0.0:326): avc: denied { search } for name="com.sohu.inputmethod.sogou.tv" dev="mmcblk0p25" ino=1406 scontext=u:r:init:s0 tcontext=u:object_r:app_data_file:s0:c48,c256,c512,c768 tclass=dir permissive=1
06-26 18:25:05.076 313 313 I xiriservice_All: type=1400 audit(0.0:327): avc: denied { read } for name="lib" dev="mmcblk0p25" ino=42898 scontext=u:r:init:s0 tcontext=u:object_r:app_data_file:s0:c48,c256,c512,c768 tclass=lnk_file permissive=1
06-26 18:25:05.080 313 313 D XiriService: check file name: /data/data/com.sohu.inputmethod.sogou.tv/lib
06-26 18:25:05.086 313 313 D XiriService: check file name: /data/data/com.sohu.inputmethod.sogou.tv/lib
06-26 18:25:05.087 313 313 D XiriService: check file name: /data/data/com.sohu.inputmethod.sogou.tv/lib
06-26 18:25:05.087 313 313 D XiriService: check file name: /data/data/com.sohu.inputmethod.sogou.tv/lib
06-26 18:25:05.093 477 477 V NetworkScoreManager: registerNetworkScoreCallback: callback=com.android.server.wifi.WifiNetworkScoreCache@4f38d40, executor=com.android.wifi.x.android.os.HandlerExecutor@3cd479
06-26 18:25:05.122 477 477 D ScanMetrics: Settings package: com.android.tv.settings
06-26 18:25:05.123 477 477 E ScanMetrics: Can't get GMS uid
06-26 18:25:05.130 313 313 D XiriService: check file name: /data/data/com.oranth.ledstatus/lib
06-26 18:25:05.138 313 313 D XiriService: check file name: /data/data/com.oranth.ledstatus/lib
06-26 18:25:05.139 313 313 D XiriService: check file name: /data/data/com.ktcp.video/lib
06-26 18:25:05.141 313 313 D XiriService: check file name: /data/data/com.dangbei.lerad.videoposter/lib
06-26 18:25:05.141 313 313 D XiriService: check file name: /data/data/com.dangbei.lerad.videoposter/lib
06-26 18:25:05.142 313 313 D XiriService: check file name: /data/data/com.dangbei.lerad.videoposter/lib
06-26 18:25:05.142 313 313 D XiriService: check file name: /data/data/com.dangbei.lerad.videoposter/lib
06-26 18:25:05.146 477 477 I WifiCoexManager: Default coex algorithm is disabled.
06-26 18:25:05.152 313 313 D XiriService: check file name: /data/data/com.dangbei.lerad.videoposter/lib
06-26 18:25:05.152 313 313 D XiriService: check file name: /data/data/com.dangbei.lerad.videoposter/lib
06-26 18:25:05.152 313 313 D XiriService: check file name: /data/data/com.dangbei.lerad.videoposter/lib
06-26 18:25:05.178 248 248 W Zygote : Class not found for preloading: android.view.SurfaceView$2
06-26 18:25:05.180 313 313 D XiriService: check file name: /data/data/com.android.networkstack/lib
06-26 18:25:05.176 313 313 I xiriservice_All: type=1400 audit(0.0:328): avc: denied { read } for name="lib" dev="mmcblk0p25" ino=42905 scontext=u:r:init:s0 tcontext=u:object_r:radio_data_file:s0 tclass=lnk_file permissive=1
06-26 18:25:05.197 313 313 D XiriService: check file name: /data/data/com.android.networkstack/lib
06-26 18:25:05.197 313 313 D XiriService: check file name: /data/data/com.android.networkstack/lib
06-26 18:25:05.197 313 313 D XiriService: check file name: /data/data/com.android.networkstack/lib
06-26 18:25:05.197 313 313 D XiriService: check file name: /data/data/com.android.networkstack/lib
06-26 18:25:05.201 477 477 D WifiOpenNetworkNotifier: Settings toggle enabled=true
06-26 18:25:05.207 477 477 D WifiNl80211Manager: registerCountryCodeEventListener called
06-26 18:25:05.207 373 373 I wificond: New wificond event callback registered
06-26 18:25:05.208 477 477 D WifiCountryCode: Default country code from system property ro.boot.wificountrycode is CN
06-26 18:25:05.216 477 477 D WakeupController: WifiWake enabled
06-26 18:25:05.219 477 477 V HistoricalRegistry: Interaction before persistence initialized
06-26 18:25:05.232 477 477 I WifiService: Registering wifi
06-26 18:25:05.234 477 477 I SystemServerTiming: StartWifiScanning
06-26 18:25:05.234 477 477 I SystemServiceManager: Starting com.android.server.wifi.scanner.WifiScanningService
06-26 18:25:05.234 477 477 I WifiScanningService: Creating wifiscanner
06-26 18:25:05.252 477 477 I WifiScanningService: Publishing wifiscanner
06-26 18:25:05.253 477 477 I SystemServerTiming: StartWifiP2P
06-26 18:25:05.254 477 477 I SystemServiceManager: Starting com.android.server.wifi.p2p.WifiP2pService
06-26 18:25:05.268 477 477 I WifiP2pService: Registering wifip2p
06-26 18:25:05.269 477 477 I SystemServerTiming: StartEthernet
06-26 18:25:05.271 477 477 I SystemServiceManager: Starting com.android.server.ethernet.EthernetService
06-26 18:25:05.272 477 477 I EthernetService: Registering service ethernet
06-26 18:25:05.273 477 477 I SystemServerTiming: StartPacProxyService
06-26 18:25:05.279 477 477 I SystemServerTiming: StartPppoe
06-26 18:25:05.279 477 477 I SystemServiceManager: Starting com.android.server.pppoe.PppoeService
06-26 18:25:05.281 477 477 I PppoeServiceImpl: Creating PppoeServiceImpl
06-26 18:25:05.292 313 313 D XiriService: check file name: /data/data/com.dangbei.screencast/lib
06-26 18:25:05.293 477 477 I PppoeService: Registering service pppoe
06-26 18:25:05.294 477 477 I SystemServerTiming: StartConnectivityService
06-26 18:25:05.298 313 313 D XiriService: check file name: /data/data/com.dangbei.screencast/lib
06-26 18:25:05.299 313 313 D XiriService: check file name: /data/data/com.dangbei.screencast/lib
06-26 18:25:05.299 313 313 D XiriService: check file name: /data/data/com.dangbei.screencast/lib
06-26 18:25:05.299 313 313 D XiriService: check file name: /data/data/com.dangbei.screencast/lib
06-26 18:25:05.315 313 313 D XiriService: check file name: /data/data/com.dangbei.leard.leradlauncher/lib
06-26 18:25:05.315 313 313 D XiriService: check file name: /data/data/com.dangbei.leard.leradlauncher/lib
06-26 18:25:05.315 313 313 D XiriService: check file name: /data/data/com.dangbei.leard.leradlauncher/lib
06-26 18:25:05.315 313 313 D XiriService: check file name: /data/data/com.dangbei.leard.leradlauncher/lib
06-26 18:25:05.320 477 477 I SystemServiceManager: Starting com.android.server.ConnectivityServiceInitializer
06-26 18:25:05.322 313 313 D XiriService: check file name: /data/data/com.dangbei.leard.leradlauncher/lib
06-26 18:25:05.322 313 313 D XiriService: check file name: /data/data/com.dangbei.leard.leradlauncher/lib
06-26 18:25:05.322 313 313 D XiriService: check file name: /data/data/com.dangbei.leard.leradlauncher/lib
06-26 18:25:05.322 313 313 D XiriService: check file name: /data/data/com.dangbei.leard.leradlauncher/lib
06-26 18:25:05.330 313 313 D XiriService: check file name: /data/data/com.android.printspooler/lib
06-26 18:25:05.330 313 313 D XiriService: check file name: /data/data/com.android.printspooler/lib
06-26 18:25:05.328 313 313 I xiriservice_All: type=1400 audit(0.0:329): avc: denied { search } for name="com.android.printspooler" dev="mmcblk0p25" ino=935 scontext=u:r:init:s0 tcontext=u:object_r:app_data_file:s0:c41,c256,c512,c768 tclass=dir permissive=1
06-26 18:25:05.330 313 313 D XiriService: check file name: /data/data/com.android.printspooler/lib
06-26 18:25:05.328 313 313 I xiriservice_All: type=1400 audit(0.0:330): avc: denied { read } for name="lib" dev="mmcblk0p25" ino=42911 scontext=u:r:init:s0 tcontext=u:object_r:app_data_file:s0:c41,c256,c512,c768 tclass=lnk_file permissive=1
06-26 18:25:05.338 477 521 D SystemServerInitThreadPool: Finished executing START_FONT_MANAGER_SERVICE
06-26 18:25:05.339 313 313 D XiriService: check file name: /data/data/com.android.printspooler/lib
06-26 18:25:05.339 313 313 D XiriService: check file name: /data/data/com.android.printspooler/lib
06-26 18:25:05.339 313 313 D XiriService: check file name: /data/data/com.android.printspooler/lib
06-26 18:25:05.339 313 313 D XiriService: check file name: /data/data/com.android.printspooler/lib
06-26 18:25:05.340 313 313 D XiriService: check file name: /data/data/com.starcor.mango/lib
06-26 18:25:05.340 313 313 D XiriService: check file name: /data/data/com.starcor.mango/lib
06-26 18:25:05.336 313 313 I xiriservice_All: type=1400 audit(0.0:331): avc: denied { search } for name="com.starcor.mango" dev="mmcblk0p25" ino=33241 scontext=u:r:init:s0 tcontext=u:object_r:app_data_file:s0:c78,c256,c512,c768 tclass=dir permissive=1
06-26 18:25:05.340 313 313 D XiriService: check file name: /data/data/com.starcor.mango/lib
06-26 18:25:05.341 313 313 D XiriService: check file name: /data/data/com.starcor.mango/lib
06-26 18:25:05.340 313 313 I xiriservice_All: type=1400 audit(0.0:332): avc: denied { read } for name="lib" dev="mmcblk0p25" ino=42913 scontext=u:r:init:s0 tcontext=u:object_r:app_data_file:s0:c78,c256,c512,c768 tclass=lnk_file permissive=1
06-26 18:25:05.350 313 313 D XiriService: check file name: /data/data/com.android.webview/lib
06-26 18:25:05.350 313 313 D XiriService: check file name: /data/data/com.android.webview/lib
06-26 18:25:05.348 313 313 I xiriservice_All: type=1400 audit(0.0:333): avc: denied { search } for name="com.android.webview" dev="mmcblk0p25" ino=951 scontext=u:r:init:s0 tcontext=u:object_r:app_data_file:s0:c60,c256,c512,c768 tclass=dir permissive=1
06-26 18:25:05.350 313 313 D XiriService: check file name: /data/data/com.android.webview/lib
06-26 18:25:05.350 313 313 D XiriService: check file name: /data/data/com.android.webview/lib
06-26 18:25:05.348 313 313 I xiriservice_All: type=1400 audit(0.0:334): avc: denied { read } for name="lib" dev="mmcblk0p25" ino=42914 scontext=u:r:init:s0 tcontext=u:object_r:app_data_file:s0:c60,c256,c512,c768 tclass=lnk_file permissive=1
06-26 18:25:05.352 477 477 D ConnectivityService: ConnectivityService starting up
06-26 18:25:05.355 477 477 D pppoeNRI:: uid/pid:1000/477 activeRequest: null callbackRequest: 5 [NetworkRequest [ REQUEST id=5, [ Transports: PPPOE Capabilities: INTERNET&NOT_RESTRICTED&TRUSTED&NOT_VPN&NOT_VCN_MANAGED RequestorUid: 1000 RequestorPkg: android] ]] callback flags: 1 priority: 2147483647
06-26 18:25:05.357 313 313 D XiriService: check file name: /data/data/com.android.webview/lib
06-26 18:25:05.357 313 313 D XiriService: check file name: /data/data/com.android.webview/lib
06-26 18:25:05.357 313 313 D XiriService: check file name: /data/data/com.android.webview/lib
06-26 18:25:05.357 313 313 D XiriService: check file name: /data/data/com.android.webview/lib
06-26 18:25:05.361 477 477 E TAG : Exception = android.content.pm.PackageManager$NameNotFoundException: android.telephony.cts
06-26 18:25:05.361 477 477 E TAG : Exception = android.content.pm.PackageManager$NameNotFoundException: android.net.cts
06-26 18:25:05.370 313 313 D XiriService: check file name: /data/data/com.android.bips/lib
06-26 18:25:05.370 313 313 D XiriService: check file name: /data/data/com.android.bips/lib
06-26 18:25:05.371 313 313 D XiriService: check file name: /data/data/com.android.bips/lib
06-26 18:25:05.371 313 313 D XiriService: check file name: /data/data/com.android.bips/lib
06-26 18:25:05.377 313 313 D XiriService: check file name: /data/data/com.android.bips/lib
06-26 18:25:05.377 313 313 D XiriService: check file name: /data/data/com.android.bips/lib
06-26 18:25:05.378 313 313 D XiriService: check file name: /data/data/com.android.bips/lib
06-26 18:25:05.378 313 313 D XiriService: check file name: /data/data/com.android.bips/lib
06-26 18:25:05.379 313 313 D XiriService: check file name: /data/data/com.oranth.inputmacsn/lib
06-26 18:25:05.379 313 313 D XiriService: check file name: /data/data/com.oranth.inputmacsn/lib
06-26 18:25:05.379 313 313 D XiriService: check file name: /data/data/com.oranth.inputmacsn/lib
06-26 18:25:05.379 313 313 D XiriService: check file name: /data/data/com.oranth.inputmacsn/lib
06-26 18:25:05.387 313 313 D XiriService: check file name: /data/data/com.oranth.inputmacsn/lib
06-26 18:25:05.387 313 313 D XiriService: check file name: /data/data/com.oranth.inputmacsn/lib
06-26 18:25:05.387 313 313 D XiriService: check file name: /data/data/com.oranth.inputmacsn/lib
06-26 18:25:05.387 313 313 D XiriService: check file name: /data/data/com.oranth.inputmacsn/lib
06-26 18:25:05.388 477 477 D CompatibilityChangeReporter: Compat change id reported: 182478738; UID 1000; state: ENABLED
06-26 18:25:05.395 313 313 D XiriService: check file name: /data/data/com.tencent.karaoketv/lib
06-26 18:25:05.395 313 313 D XiriService: check file name: /data/data/com.tencent.karaoketv/lib
06-26 18:25:05.392 313 313 I xiriservice_All: type=1400 audit(0.0:335): avc: denied { search } for name="com.tencent.karaoketv" dev="mmcblk0p25" ino=34033 scontext=u:r:init:s0 tcontext=u:object_r:app_data_file:s0:c83,c256,c512,c768 tclass=dir permissive=1
06-26 18:25:05.396 313 313 D XiriService: check file name: /data/data/com.tencent.karaoketv/lib
06-26 18:25:05.396 313 313 D XiriService: check file name: /data/data/com.tencent.karaoketv/lib
06-26 18:25:05.392 313 313 I xiriservice_All: type=1400 audit(0.0:336): avc: denied { read } for name="lib" dev="mmcblk0p25" ino=42920 scontext=u:r:init:s0 tcontext=u:object_r:app_data_file:s0:c83,c256,c512,c768 tclass=lnk_file permissive=1
06-26 18:25:05.399 477 477 I ConnectivityServiceInitializer: Registering connectivity
06-26 18:25:05.400 477 477 I SystemServerTiming: StartVpnManagerService
06-26 18:25:05.404 313 313 D XiriService: check file name: /data/data/com.dangbei.hqmedia/lib
06-26 18:25:05.404 313 313 D XiriService: check file name: /data/data/com.dangbei.hqmedia/lib
06-26 18:25:05.400 313 313 I xiriservice_All: type=1400 audit(0.0:337): avc: denied { search } for name="com.dangbei.hqmedia" dev="mmcblk0p25" ino=3095 scontext=u:r:init:s0 tcontext=u:object_r:app_data_file:s0:c76,c256,c512,c768 tclass=dir permissive=1
06-26 18:25:05.404 313 313 D XiriService: check file name: /data/data/com.dangbei.hqmedia/lib
06-26 18:25:05.405 477 477 D VpnManagerService: VpnManagerService starting up
06-26 18:25:05.404 313 313 I xiriservice_All: type=1400 audit(0.0:338): avc: denied { read } for name="lib" dev="mmcblk0p25" ino=42921 scontext=u:r:init:s0 tcontext=u:object_r:app_data_file:s0:c76,c256,c512,c768 tclass=lnk_file permissive=1
06-26 18:25:05.406 477 477 I SystemServerTiming: StartVcnManagementService
06-26 18:25:05.410 477 477 I SystemServerTiming: StartNsdService
06-26 18:25:05.411 313 313 D XiriService: check file name: /data/data/com.android.keychain/lib
06-26 18:25:05.412 313 313 D XiriService: check file name: /data/data/com.android.keychain/lib
06-26 18:25:05.412 313 313 D XiriService: check file name: /data/data/com.android.keychain/lib
06-26 18:25:05.412 313 313 D XiriService: check file name: /data/data/com.android.keychain/lib
06-26 18:25:05.413 477 477 D NsdService: Network service discovery is enabled
06-26 18:25:05.416 477 477 I SystemServerTiming: StartSystemUpdateManagerService
06-26 18:25:05.417 477 477 I SystemUpdateManagerService: No existing info file /data/system/system-update-info.xml
06-26 18:25:05.418 477 477 I SystemServerTiming: StartUpdateLockService
06-26 18:25:05.418 313 313 D XiriService: check file name: /data/data/com.android.keychain/lib
06-26 18:25:05.418 313 313 D XiriService: check file name: /data/data/com.android.keychain/lib
06-26 18:25:05.419 477 477 I SystemServerTiming: StartNotificationManager
06-26 18:25:05.419 477 477 I SystemServiceManager: Starting com.android.server.notification.NotificationManagerService
06-26 18:25:05.419 313 313 D XiriService: check file name: /data/data/com.android.keychain/lib
06-26 18:25:05.419 313 313 D XiriService: check file name: /data/data/com.android.keychain/lib
06-26 18:25:05.435 477 477 D ConditionProviders.SCP: new ScheduleConditionProvider()
06-26 18:25:05.436 313 313 D XiriService: check file name: /data/data/com.android.localtransport/lib
06-26 18:25:05.436 313 313 D XiriService: check file name: /data/data/com.android.localtransport/lib
06-26 18:25:05.436 313 313 D XiriService: check file name: /data/data/com.android.localtransport/lib
06-26 18:25:05.443 313 313 D XiriService: check file name: /data/data/com.android.localtransport/lib
06-26 18:25:05.443 313 313 D XiriService: check file name: /data/data/com.android.localtransport/lib
06-26 18:25:05.444 313 313 D XiriService: check file name: /data/data/com.android.localtransport/lib
06-26 18:25:05.444 313 313 D XiriService: check file name: /data/data/com.android.localtransport/lib
06-26 18:25:05.444 313 313 D XiriService: check file name: /data/data/com.android.packageinstaller/lib
06-26 18:25:05.444 313 313 D XiriService: check file name: /data/data/com.android.packageinstaller/lib
06-26 18:25:05.445 313 313 D XiriService: check file name: /data/data/com.android.packageinstaller/lib
06-26 18:25:05.445 313 313 D XiriService: check file name: /data/data/com.android.packageinstaller/lib
06-26 18:25:05.448 248 248 I Zygote : ...preloaded 7337 classes in 948ms.
06-26 18:25:05.451 313 313 D XiriService: check file name: /data/data/com.android.packageinstaller/lib
06-26 18:25:05.451 313 313 D XiriService: check file name: /data/data/com.android.packageinstaller/lib
06-26 18:25:05.452 313 313 D XiriService: check file name: /data/data/com.android.packageinstaller/lib
06-26 18:25:05.452 313 313 D XiriService: check file name: /data/data/com.android.packageinstaller/lib
06-26 18:25:05.454 248 248 D ApplicationLoaders: Created zygote-cached class loader: /system/framework/android.hidl.base-V1.0-java.jar
06-26 18:25:05.455 477 477 I NotificationAssistants: Read notification assistant permissions from xml
06-26 18:25:05.456 477 477 I ConditionProviders: Read condition provider permissions from xml
06-26 18:25:05.456 477 477 I ConditionProviders: Read condition provider permissions from xml
06-26 18:25:05.456 477 477 D NotificationAssistants: Approving default notification assistant for user 0
06-26 18:25:05.457 477 477 I ConditionProviders: Allowing condition provider android.ext.services/android.ext.services.notification.Assistant (userSet: true)
06-26 18:25:05.458 248 248 D ApplicationLoaders: Created zygote-cached class loader: /system/framework/android.hidl.manager-V1.0-java.jar
06-26 18:25:05.459 477 477 D CompatibilityChangeReporter: Compat change id reported: 147600208; UID 1000; state: ENABLED
06-26 18:25:05.461 477 477 D CompatibilityChangeReporter: Compat change id reported: 157233955; UID 1000; state: ENABLED
06-26 18:25:05.463 248 248 D ApplicationLoaders: Created zygote-cached class loader: /system/framework/android.test.base.jar
06-26 18:25:05.463 248 248 I Zygote : Preloading resources...
06-26 18:25:05.471 477 477 I SystemServerTiming: StartDeviceMonitor
06-26 18:25:05.471 477 477 I SystemServiceManager: Starting com.android.server.storage.DeviceStorageMonitorService
06-26 18:25:05.471 313 313 D XiriService: check file name: /data/data/com.oranth.usbopenft/lib
06-26 18:25:05.471 313 313 D XiriService: check file name: /data/data/com.oranth.usbopenft/lib
06-26 18:25:05.472 313 313 D XiriService: check file name: /data/data/com.oranth.usbopenft/lib
06-26 18:25:05.473 477 477 I SystemServerTiming: StartLocationManagerService
06-26 18:25:05.473 477 477 I SystemServiceManager: Starting com.android.server.location.LocationManagerService$Lifecycle
06-26 18:25:05.481 477 477 I SystemServerTiming: StartCountryDetectorService
06-26 18:25:05.482 477 477 I SystemServerTiming: StartTimeDetectorService
06-26 18:25:05.482 477 477 I SystemServiceManager: Starting com.android.server.timedetector.TimeDetectorService$Lifecycle
06-26 18:25:05.483 248 248 W Resources: Preloaded drawable resource #0x1080286 (android:drawable/dialog_background_material) that varies with configuration!!
06-26 18:25:05.484 313 313 D XiriService: check file name: /data/data/com.oranth.usbopenft/lib
06-26 18:25:05.484 313 313 D XiriService: check file name: /data/data/com.oranth.usbopenft/lib
06-26 18:25:05.485 313 313 D XiriService: check file name: /data/data/com.oranth.usbopenft/lib
06-26 18:25:05.485 477 477 I SystemServerTiming: StartTimeZoneDetectorService
06-26 18:25:05.486 477 477 I SystemServiceManager: Starting com.android.server.timezonedetector.TimeZoneDetectorService$Lifecycle
06-26 18:25:05.486 313 313 D XiriService: check file name: /data/data/com.android.networkstack.tethering/lib
06-26 18:25:05.486 313 313 D XiriService: check file name: /data/data/com.android.networkstack.tethering/lib
06-26 18:25:05.487 313 313 D XiriService: check file name: /data/data/com.android.networkstack.tethering/lib
06-26 18:25:05.487 313 313 D XiriService: check file name: /data/data/com.android.networkstack.tethering/lib
06-26 18:25:05.489 477 477 I SystemServerTiming: StartLocationTimeZoneManagerService
06-26 18:25:05.489 477 477 I SystemServiceManager: Starting com.android.server.timezonedetector.location.LocationTimeZoneManagerService$Lifecycle
06-26 18:25:05.490 477 477 I SystemServerTiming: StartSearchManagerService
06-26 18:25:05.490 477 477 I SystemServiceManager: Starting com.android.server.search.SearchManagerService$Lifecycle
06-26 18:25:05.493 477 477 I SystemServerTiming: StartWallpaperManagerService
06-26 18:25:05.493 477 477 I SystemServiceManager: Starting com.android.server.wallpaper.WallpaperManagerService$Lifecycle
06-26 18:25:05.494 313 313 D XiriService: check file name: /data/data/com.android.networkstack.tethering/lib
06-26 18:25:05.494 313 313 D XiriService: check file name: /data/data/com.android.networkstack.tethering/lib
06-26 18:25:05.494 313 313 D XiriService: check file name: /data/data/com.android.networkstack.tethering/lib
06-26 18:25:05.494 477 477 I SystemServerTiming: StartAudioService
06-26 18:25:05.495 477 477 I SystemServiceManager: Starting com.android.server.audio.AudioService$Lifecycle
06-26 18:25:05.495 313 313 D XiriService: check file name: /data/data/com.hongen.app.word.ott/lib
06-26 18:25:05.492 313 313 I xiriservice_All: type=1400 audit(0.0:339): avc: denied { search } for name="com.hongen.app.word.ott" dev="mmcblk0p25" ino=34509 scontext=u:r:init:s0 tcontext=u:object_r:app_data_file:s0:c86,c256,c512,c768 tclass=dir permissive=1
06-26 18:25:05.496 313 313 D XiriService: check file name: /data/data/com.hongen.app.word.ott/lib
06-26 18:25:05.492 313 313 I xiriservice_All: type=1400 audit(0.0:340): avc: denied { read } for name="lib" dev="mmcblk0p25" ino=42932 scontext=u:r:init:s0 tcontext=u:object_r:app_data_file:s0:c86,c256,c512,c768 tclass=lnk_file permissive=1
06-26 18:25:05.504 313 313 D XiriService: check file name: /data/data/com.dangbei.lerad.etna.haqu/lib
06-26 18:25:05.504 313 313 D XiriService: check file name: /data/data/com.dangbei.lerad.etna.haqu/lib
06-26 18:25:05.504 375 375 D dom2reg : timezone change, new: Etc/GMT-8, pre:
06-26 18:25:05.505 375 375 W dom2reg : timezone [Etc/GMT-8] not in default tables, please check!
06-26 18:25:05.514 313 313 D XiriService: check file name: /data/data/com.dangbei.lerad.etna.haqu/lib
06-26 18:25:05.514 313 313 D XiriService: check file name: /data/data/com.dangbei.lerad.etna.haqu/lib
06-26 18:25:05.514 313 313 D XiriService: check file name: /data/data/com.dangbei.lerad.etna.haqu/lib
06-26 18:25:05.515 313 313 D XiriService: check file name: /data/data/com.dangbei.lerad.etna.haqu/lib
06-26 18:25:05.529 248 248 I Zygote : ...preloaded 64 resources in 66ms.
06-26 18:25:05.540 313 313 D XiriService: check file name: /data/data/com.oranth.powerwindow/lib
06-26 18:25:05.540 313 313 D XiriService: check file name: /data/data/com.oranth.powerwindow/lib
06-26 18:25:05.541 313 313 D XiriService: check file name: /data/data/com.oranth.powerwindow/lib
06-26 18:25:05.541 313 313 D XiriService: check file name: /data/data/com.oranth.powerwindow/lib
06-26 18:25:05.541 248 248 I Zygote : ...preloaded 41 resources in 11ms.
06-26 18:25:05.548 313 313 D XiriService: check file name: /data/data/com.oranth.powerwindow/lib
06-26 18:25:05.548 313 313 D XiriService: check file name: /data/data/com.oranth.powerwindow/lib
06-26 18:25:05.548 313 313 D XiriService: check file name: /data/data/com.oranth.powerwindow/lib
06-26 18:25:05.549 313 313 D XiriService: check file name: /data/data/com.oranth.powerwindow/lib
06-26 18:25:05.557 477 477 I android_os_HwBinder: HwBinder: Starting thread pool for getting: android.hidl.manager@1.0::IServiceManager/default
06-26 18:25:05.563 313 313 D XiriService: check file name: /data/data/com.android.networkstack.permissionconfig/lib
06-26 18:25:05.564 313 313 D XiriService: check file name: /data/data/com.android.networkstack.permissionconfig/lib
06-26 18:25:05.564 313 313 D XiriService: check file name: /data/data/com.android.networkstack.permissionconfig/lib
06-26 18:25:05.564 313 313 D XiriService: check file name: /data/data/com.android.networkstack.permissionconfig/lib
06-26 18:25:05.569 248 248 D libEGL : loaded /vendor/lib/egl/libGLES_mali.so
06-26 18:25:05.570 313 313 D XiriService: check file name: /data/data/com.android.networkstack.permissionconfig/lib
06-26 18:25:05.570 313 313 D XiriService: check file name: /data/data/com.android.networkstack.permissionconfig/lib
06-26 18:25:05.571 313 313 D XiriService: check file name: /data/data/com.android.networkstack.permissionconfig/lib
06-26 18:25:05.571 313 313 D XiriService: check file name: /data/data/com.android.networkstack.permissionconfig/lib
06-26 18:25:05.575 274 450 W AudioFlinger: no wake lock to update, system not ready yet
06-26 18:25:05.580 274 274 D PermissionCache: checking android.permission.MODIFY_AUDIO_ROUTING for uid=1000 => granted (1283 us)
06-26 18:25:05.581 313 313 D XiriService: check file name: /data/data/com.dangbei.lerad.screensaver/lib
06-26 18:25:05.580 313 313 I xiriservice_All: type=1400 audit(0.0:341): avc: denied { search } for name="com.dangbei.lerad.screensaver" dev="mmcblk0p25" ino=1185 scontext=u:r:init:s0 tcontext=u:object_r:app_data_file:s0:c51,c256,c512,c768 tclass=dir permissive=1
06-26 18:25:05.580 313 313 I xiriservice_All: type=1400 audit(0.0:342): avc: denied { read } for name="lib" dev="mmcblk0p25" ino=42939 scontext=u:r:init:s0 tcontext=u:object_r:app_data_file:s0:c51,c256,c512,c768 tclass=lnk_file permissive=1
06-26 18:25:05.590 313 313 D XiriService: check file name: /data/data/com.dangbei.lerad.screensaver/lib
06-26 18:25:05.590 313 313 D XiriService: check file name: /data/data/com.dangbei.lerad.screensaver/lib
06-26 18:25:05.591 313 313 D XiriService: check file name: /data/data/com.dangbei.lerad.screensaver/lib
06-26 18:25:05.600 274 446 D PermissionCache: checking android.permission.MODIFY_AUDIO_SETTINGS for uid=1000 => granted (488 us)
06-26 18:25:05.605 274 446 D AudioFlinger: isLowRamDevice:false totalMemory:2055442432 mClientSharedHeapSize:4194304
06-26 18:25:05.607 477 477 I SystemServerTiming: StartSoundTriggerMiddlewareService
06-26 18:25:05.608 477 477 I SystemServiceManager: Starting com.android.server.soundtrigger_middleware.SoundTriggerMiddlewareService$Lifecycle
06-26 18:25:05.610 477 477 D SoundTriggerMiddlewareService: Connecting to default ISoundTriggerHw
06-26 18:25:05.611 186 186 I hwservicemanager: getTransport: Cannot find entry android.hardware.soundtrigger@2.0::ISoundTriggerHw/default in either framework or device VINTF manifest.
06-26 18:25:05.615 477 477 E SoundTriggerMiddlewareImpl: Failed to add a SoundTriggerModule instance
06-26 18:25:05.615 477 477 E SoundTriggerMiddlewareImpl: java.util.NoSuchElementException
06-26 18:25:05.615 477 477 E SoundTriggerMiddlewareImpl: at android.os.HwBinder.getService(Native Method)
06-26 18:25:05.615 477 477 E SoundTriggerMiddlewareImpl: at android.hardware.soundtrigger.V2_0.ISoundTriggerHw.getService(ISoundTriggerHw.java:57)
06-26 18:25:05.615 477 477 E SoundTriggerMiddlewareImpl: at android.hardware.soundtrigger.V2_0.ISoundTriggerHw.getService(ISoundTriggerHw.java:64)
06-26 18:25:05.615 477 477 E SoundTriggerMiddlewareImpl: at com.android.server.soundtrigger_middleware.SoundTriggerMiddlewareService$Lifecycle.lambda$onStart$0(SoundTriggerMiddlewareService.java:238)
06-26 18:25:05.615 477 477 E SoundTriggerMiddlewareImpl: at com.android.server.soundtrigger_middleware.SoundTriggerMiddlewareService$Lifecycle$$ExternalSyntheticLambda0.create(Unknown Source:0)
06-26 18:25:05.615 477 477 E SoundTriggerMiddlewareImpl: at com.android.server.soundtrigger_middleware.SoundTriggerModule.attachToHal(SoundTriggerModule.java:222)
06-26 18:25:05.615 477 477 E SoundTriggerMiddlewareImpl: at com.android.server.soundtrigger_middleware.SoundTriggerModule.(SoundTriggerModule.java:112)
