06-26 18:25:12.471 671 671 V BluetoothDatabase: getProfileConnectionPolicy: E4:BB:D3:57:C0:18, profile=4, connectionPolicy = 100
06-26 18:25:12.472 477 524 D BluetoothManagerService: Sending State Change: TURNING_ON > ON
06-26 18:25:12.478 403 421 I adbd : jdwp connection from 1258
06-26 18:25:12.483 403 421 I adbd : jdwp connection from 1280
06-26 18:25:12.490 671 875 D BluetoothActiveDeviceManager: handleMessage(MESSAGE_ADAPTER_ACTION_STATE_CHANGED): newState=12
06-26 18:25:12.491 190 190 I vold : Bind mounting //data/media/0/Android/data on /mnt/user/0/emulated/0/Android/data
06-26 18:25:12.492 190 190 I vold : Bind mounted //data/media/0/Android/data on /mnt/user/0/emulated/0/Android/data
06-26 18:25:12.492 190 190 I vold : Bind mounting //data/media/0/Android/obb on /mnt/user/0/emulated/0/Android/obb
06-26 18:25:12.493 1095 1095 E hq : 检查user:::更新前的信息: null
06-26 18:25:12.493 1095 1095 E hq : 更新后的信息: Users{userId=-1, nickName='游客', avatarUrl='null', wxToken='null', vip='null', mobile='null', sex=null, description='null', city='null', province='null', country='null', launcherMode=null, token='null', token='null'}
06-26 18:25:12.494 190 190 I vold : Bind mounted //data/media/0/Android/obb on /mnt/user/0/emulated/0/Android/obb
06-26 18:25:12.494 190 190 I vold : Configuring read_ahead of /mnt/user/0/emulated fuse filesystem to 256kb
06-26 18:25:12.494 190 190 I vold : Writing 256 to /sys/class/bdi/0:47/read_ahead_kb
06-26 18:25:12.494 190 190 I vold : Configuring max_ratio of /mnt/user/0/emulated fuse filesystem to 40
06-26 18:25:12.495 190 190 I vold : Writing 40 to /sys/class/bdi/0:47/max_ratio
06-26 18:25:12.497 477 606 I StorageManagerService: Mounted volume VolumeInfo{emulated;0}:
06-26 18:25:12.497 477 606 I StorageManagerService: type=EMULATED diskId=null partGuid= mountFlags=PRIMARY|VISIBLE
06-26 18:25:12.497 477 606 I StorageManagerService: mountUserId=0 state=MOUNTED
06-26 18:25:12.497 477 606 I StorageManagerService: fsType=null fsUuid=null fsLabel=null
06-26 18:25:12.497 477 606 I StorageManagerService: path=/storage/emulated internalPath=/data/media
06-26 18:25:12.498 1095 1095 D TheRouter::RouterInject: interception::===interface com.dangbei.leard.protocol.home.HomeManagerInterface===HomeManagerInterfaceImpl110688471
06-26 18:25:12.499 1095 1095 D AdHelper: ad server environment is official? false
06-26 18:25:12.499 477 606 I StorageSessionController: Notifying volume state changed for session with id: emulated;0
06-26 18:25:12.499 1095 1095 D AdHelper: ad server environment is official? false
06-26 18:25:12.499 1095 1095 D AdHelper: ad server environment is official? false
06-26 18:25:12.499 1095 1095 D AdHelper: ad server environment is official? false
06-26 18:25:12.503 671 685 D CompatibilityChangeReporter: Compat change id reported: 150939131; UID 1002; state: ENABLED
06-26 18:25:12.507 477 612 I WifiService: onDriverCountryCodeChanged CN
06-26 18:25:12.518 477 755 D CompatibilityChangeReporter: Compat change id reported: 168419799; UID 10052; state: DISABLED
06-26 18:25:12.526 671 671 D BluetoothAdapterService: isQuetModeEnabled() - Enabled = false
06-26 18:25:12.526 671 671 I BluetoothPhonePolicy: autoConnect: Initiate auto connection on BT on...
06-26 18:25:12.526 671 671 E BluetoothPhonePolicy: autoConnect: most recently active a2dp device is null
06-26 18:25:12.526 671 671 D BtOppService: start Socket Listeners
06-26 18:25:12.526 671 671 D BtOppService: stopListeners: mServerSocket is null
06-26 18:25:12.526 671 671 D ObexServerSockets: create(rfcomm = -2, l2capPsm = -2)
06-26 18:25:12.530 1049 1049 E ccc : cccccc updateHelper 通知更新
06-26 18:25:12.537 671 671 I bt_btif_sock_rfcomm: system/bt/btif/src/btif_sock_rfc.cc:303 btsock_rfc_listen: Adding listening socket service_name: (null) - channel: -2
06-26 18:25:12.538 671 980 I bt_stack: [INFO:port_api.cc(234)] RFCOMM_CreateConnection: bd_addr=ff:ff:ff:ff:ff:ff, scn=5, is_server=1, mtu=990, uuid=000000, dlci=10, signal_state=0x0b, p_port=0xba06ec0c
06-26 18:25:12.538 671 671 D BluetoothAdapter: listenUsingInsecureL2capOn: port=-2
06-26 18:25:12.551 671 671 I bluetooth: system/bt/btif/src/btif_sock_l2cap.cc:316 btsock_l2cap_alloc_l: Allocated l2cap socket structure socket_id:2
06-26 18:25:12.552 671 980 I bt_l2cap: system/bt/stack/l2cap/l2c_api.cc:134 L2CA_Register: L2CAP Registered service classic PSM: 0x1003
06-26 18:25:12.552 671 980 I bluetooth: system/bt/btif/src/btif_sock_l2cap.cc:341 send_app_psm_or_chan_l: Sending l2cap socket socket_id:2 channel:4099
06-26 18:25:12.555 1095 1095 D AdHelper: AdHelper init: end
06-26 18:25:12.555 1250 1250 D CompatibilityChangeReporter: Compat change id reported: 171979766; UID 10052; state: DISABLED
06-26 18:25:12.559 477 583 D CompatibilityChangeReporter: Compat change id reported: 168419799; UID 10028; state: DISABLED
06-26 18:25:12.569 477 524 D BluetoothHeadset: Proxy object connected
06-26 18:25:12.577 477 842 W ActivityManager: Receiver with filter android.content.IntentFilter@c7c0801 already registered for pid 672, callerPackage is com.android.systemui
06-26 18:25:12.578 1280 1280 D CompatibilityChangeReporter: Compat change id reported: 171979766; UID 10028; state: ENABLED
06-26 18:25:12.578 671 671 D BluetoothAdapter: listenUsingInsecureL2capOn: set assigned channel to 4099
06-26 18:25:12.578 671 671 D ObexServerSockets: Succeed to create listening sockets
06-26 18:25:12.578 671 671 D ObexServerSockets1: startAccept()
06-26 18:25:12.579 671 671 D BluetoothSdpJni: sdpCreateOppOpsRecordNative
06-26 18:25:12.581 1095 1095 E xxxxxxxxxxxxxxx: onConfigurationChanged2===>{1.0 ?mcc?mnc [zh_CN] ldltr sw720dp w1280dp h696dp 240dpi xlrg long land television -touch qwerty/v/v dpad/v winConfig={ mBounds=Rect(0, 0 - 1920, 1080) mAppBounds=Rect(0, 0 - 1920, 1080) mMaxBounds=Rect(0, 0 - 1920, 1080) mWindowingMode=fullscreen mDisplayWindowingMode=fullscreen mActivityType=undefined mAlwaysOnTop=undefined mRotation=ROTATION_0} s.6 fontWeightAdjustment=0}
06-26 18:25:12.582 1095 1095 E memInfo.totalMem: memInfo.totalMem=2055442432 1073741824
06-26 18:25:12.580 1095 1095 I nd.statics.boot: type=1400 audit(0.0:472): avc: denied { read } for name="u:object_r:serialno_prop:s0" dev="tmpfs" ino=6392 scontext=u:r:system_app:s0 tcontext=u:object_r:serialno_prop:s0 tclass=file permissive=1
06-26 18:25:12.591 672 873 D BluetoothHeadset: Proxy object connected
06-26 18:25:12.592 671 980 I bt_bta_dm: system/bt/bta/dm/bta_dm_act.cc:3191 bta_dm_eir_update_uuid: EIR Adding UUID=0x1105 into extended inquiry response
06-26 18:25:12.592 671 980 I bt_bta_dm: system/bt/bta/dm/bta_dm_act.cc:2890 bta_dm_set_eir: Generating extended inquiry response packet EIR
06-26 18:25:12.592 671 671 D BluetoothSdpJni: SDP Create record success - handle: 1
06-26 18:25:12.593 1307 1307 W audit : audit_lost=53 audit_rate_limit=5 audit_backlog_limit=64
06-26 18:25:12.593 1307 1307 E audit : rate limit exceeded
06-26 18:25:12.605 477 631 I AS.BtHelper: setBtScoActiveDevice: (null) -> (null)
06-26 18:25:12.608 671 671 D BtOppService: mOppSdpHandle :1
06-26 18:25:12.609 671 1308 D ObexServerSockets1: Accepting socket connection...
06-26 18:25:12.609 671 1309 D ObexServerSockets1: Accepting socket connection...
06-26 18:25:12.584 1095 1095 I nd.statics.boot: type=1400 audit(0.0:473): avc: denied { open } for path="/dev/__properties__/u:object_r:serialno_prop:s0" dev="tmpfs" ino=6392 scontext=u:r:system_app:s0 tcontext=u:object_r:serialno_prop:s0 tclass=file permissive=1
06-26 18:25:12.588 1095 1095 I nd.statics.boot: type=1400 audit(0.0:474): avc: denied { getattr } for path="/dev/__properties__/u:object_r:serialno_prop:s0" dev="tmpfs" ino=6392 scontext=u:r:system_app:s0 tcontext=u:object_r:serialno_prop:s0 tclass=file permissive=1
06-26 18:25:12.615 662 662 E WifiHAL : wifi_get_link_stats: requestResponse Error:-5
06-26 18:25:12.617 477 612 E WifiVendorHal: getWifiLinkLayerStats_1_5_Internal(l.1191) failed {.code = ERROR_INVALID_ARGS, .description = }
06-26 18:25:12.622 1095 1095 D TheRouter::FlowTask: Virtual Flow Task TheRouter_activity_splash done
06-26 18:25:12.626 1095 1095 D OsInitLaunch: send cache: homeCreate, null, null, null
06-26 18:25:12.635 477 810 D CompatibilityChangeReporter: Compat change id reported: 168419799; UID 10079; state: DISABLED
06-26 18:25:12.660 1250 1250 D ApplicationLoaders: Returning zygote-cached class loader: /system/framework/android.test.base.jar
06-26 18:25:12.667 1095 1222 I WebViewFactory: Loading com.android.webview version 91.0.4472.114 (code 447211450)
06-26 18:25:12.668 1095 1307 D getEthernetMacAddr: getEthernetMacAddr use eth0
06-26 18:25:12.680 477 759 D CompatibilityChangeReporter: Compat change id reported: 135634846; UID 10013; state: DISABLED
06-26 18:25:12.681 477 536 D CompatibilityChangeReporter: Compat change id reported: 143937733; UID 10013; state: DISABLED
06-26 18:25:12.692 1258 1258 D CompatibilityChangeReporter: Compat change id reported: 171979766; UID 10079; state: DISABLED
06-26 18:25:12.706 1049 1049 E ccc : cccccc etna-service onCreate
06-26 18:25:12.708 248 248 D Zygote : Forked child process 1320
06-26 18:25:12.711 1049 1049 W ContextImpl: Calling a method in the system process without a qualified user: android.app.ContextImpl.sendBroadcast:1173 android.content.ContextWrapper.sendBroadcast:479 com.dangbei.lerad.etna.core.EtnaManager.sendRebootBroadcast:82 com.dangbei.lerad.etna.core.EtnaService.onStartCommand:89 android.app.ActivityThread.handleServiceArgs:4639
06-26 18:25:12.719 477 536 I ActivityManager: app.processName = com.dangbei.screencast
06-26 18:25:12.719 477 536 I ActivityManager: Start proc 1320:com.dangbei.screencast/u0a13 for broadcast {com.dangbei.screencast/com.dangbei.screencast.usb.UsbEventBroadcastReceiver}
06-26 18:25:12.729 1320 1320 I Zygote : seccomp disabled by setenforce 0
06-26 18:25:12.742 477 810 E ActivityManager: Sending non-protected broadcast lerad.service.etna.haqu from system 1049:com.dangbei.lerad.etna.haqu/1000 pkg com.dangbei.lerad.etna.haqu
06-26 18:25:12.742 477 810 E ActivityManager: java.lang.Throwable
06-26 18:25:12.742 477 810 E ActivityManager: at com.android.server.am.ActivityManagerService.checkBroadcastFromSystem(ActivityManagerService.java:12816)
06-26 18:25:12.742 477 810 E ActivityManager: at com.android.server.am.ActivityManagerService.broadcastIntentLocked(ActivityManagerService.java:13416)
06-26 18:25:12.742 477 810 E ActivityManager: at com.android.server.am.ActivityManagerService.broadcastIntentLocked(ActivityManagerService.java:12833)
06-26 18:25:12.742 477 810 E ActivityManager: at com.android.server.am.ActivityManagerService.broadcastIntentWithFeature(ActivityManagerService.java:13670)
06-26 18:25:12.742 477 810 E ActivityManager: at android.app.IActivityManager$Stub.onTransact(IActivityManager.java:2326)
06-26 18:25:12.742 477 810 E ActivityManager: at com.android.server.am.ActivityManagerService.onTransact(ActivityManagerService.java:2509)
06-26 18:25:12.742 477 810 E ActivityManager: at android.os.Binder.execTransactInternal(Binder.java:1179)
06-26 18:25:12.742 477 810 E ActivityManager: at android.os.Binder.execTransact(Binder.java:1143)
06-26 18:25:12.744 477 810 E ActivityManager: Sending non-protected broadcast lerad.service.etna.haqu from system 1049:com.dangbei.lerad.etna.haqu/1000 pkg com.dangbei.lerad.etna.haqu
06-26 18:25:12.744 477 810 E ActivityManager: java.lang.Throwable
06-26 18:25:12.744 477 810 E ActivityManager: at com.android.server.am.ActivityManagerService.checkBroadcastFromSystem(ActivityManagerService.java:12816)
06-26 18:25:12.744 477 810 E ActivityManager: at com.android.server.am.ActivityManagerService.broadcastIntentLocked(ActivityManagerService.java:13513)
06-26 18:25:12.744 477 810 E ActivityManager: at com.android.server.am.ActivityManagerService.broadcastIntentLocked(ActivityManagerService.java:12833)
06-26 18:25:12.744 477 810 E ActivityManager: at com.android.server.am.ActivityManagerService.broadcastIntentWithFeature(ActivityManagerService.java:13670)
06-26 18:25:12.744 477 810 E ActivityManager: at android.app.IActivityManager$Stub.onTransact(IActivityManager.java:2326)
06-26 18:25:12.744 477 810 E ActivityManager: at com.android.server.am.ActivityManagerService.onTransact(ActivityManagerService.java:2509)
06-26 18:25:12.744 477 810 E ActivityManager: at android.os.Binder.execTransactInternal(Binder.java:1179)
06-26 18:25:12.744 477 810 E ActivityManager: at android.os.Binder.execTransact(Binder.java:1143)
06-26 18:25:12.745 1049 1049 E ccc : cccccc etna-service onStartCommand
06-26 18:25:12.745 477 535 I DropBoxManagerService: add tag=system_server_wtf isTagEnabled=true flags=0x2
06-26 18:25:12.755 477 535 I DropBoxManagerService: add tag=system_server_wtf isTagEnabled=true flags=0x2
06-26 18:25:12.765 1258 1258 D ApplicationLoaders: Returning zygote-cached class loader: /system/framework/android.test.base.jar
06-26 18:25:12.771 1095 1307 D TheRouter::RouterInject: interception::===interface com.dangbei.leard.protocol.IProviderProtocol===ProviderManager211491657
06-26 18:25:12.786 1049 1049 E CoreService: onStartCommand
06-26 18:25:12.789 403 421 I adbd : jdwp connection from 1320
06-26 18:25:12.787 1280 1280 V GraphicsEnvironment: ANGLE Developer option for 'com.android.providers.contacts' set to: 'default'
06-26 18:25:12.791 1280 1280 V GraphicsEnvironment: Neither updatable production driver nor prerelease driver is supported.
06-26 18:25:12.794 1049 1336 W ContextImpl: Calling a method in the system process without a qualified user: android.app.ContextImpl.bindService:1895 android.content.ContextWrapper.bindService:810 com.dangbei.lerad.etna.lib.client.EtnaClient.bindServer:138 com.dangbei.lerad.etna.lib.client.EtnaClient.access$600:29 com.dangbei.lerad.etna.lib.client.EtnaClient$3.call:205
06-26 18:25:12.798 672 890 D LocalBluetoothProfileManager: Current Profiles[]
06-26 18:25:12.801 477 900 D BufferPoolAccessor2.0: bufferpool2 0xe4a49c58 : 0(0 size) total buffers - 0(0 size) used buffers - 2/7 (recycle/alloc) - 11/294 (fetch/transfer)
06-26 18:25:12.801 477 900 D BufferPoolAccessor2.0: evictor expired: 1, evicted: 1
06-26 18:25:12.805 1049 1236 W ContextImpl: Calling a method in the system process without a qualified user: android.app.ContextImpl.bindService:1895 android.content.ContextWrapper.bindService:810 com.dangbei.lerad.etna.lib.client.EtnaClient.bindServer:138 com.dangbei.lerad.etna.lib.client.EtnaClient.access$600:29 com.dangbei.lerad.etna.lib.client.EtnaClient$3.call:205
06-26 18:25:12.808 382 753 D BufferPoolAccessor2.0: bufferpool2 0xf62f9dd8 : 0(0 size) total buffers - 0(0 size) used buffers - 137/145 (recycle/alloc) - 8/144 (fetch/transfer)
06-26 18:25:12.809 382 753 D BufferPoolAccessor2.0: bufferpool2 0xf62f9f18 : 0(0 size) total buffers - 0(0 size) used buffers - 138/145 (recycle/alloc) - 7/144 (fetch/transfer)
06-26 18:25:12.809 382 753 D BufferPoolAccessor2.0: evictor expired: 2, evicted: 2
06-26 18:25:12.817 1049 1232 W ContextImpl: Calling a method in the system process without a qualified user: android.app.ContextImpl.bindService:1895 android.content.ContextWrapper.bindService:810 com.dangbei.lerad.etna.lib.client.EtnaClient.bindServer:138 com.dangbei.lerad.etna.lib.client.EtnaClient.access$600:29 com.dangbei.lerad.etna.lib.client.EtnaClient$3.call:205
06-26 18:25:12.827 1049 1049 E ccc : cccccc etnaService addListener com.dangbei.lerad.etna.lib.client.EtnaServerListener@56fb100 com.dangbei.etna.setting
06-26 18:25:12.827 1049 1049 E ccc : cccccc SettingHelper onServerConnected
06-26 18:25:12.830 1049 1049 E ccc : cccccc etnaService addListener com.dangbei.lerad.etna.lib.client.EtnaServerListener@125af7e com.dangbei.etna.update
06-26 18:25:12.830 1280 1280 D NetworkSecurityConfig: No Network Security Config specified, using platform default
06-26 18:25:12.830 1049 1049 E ccc : cccccc UpdateHelper onServerConnected
06-26 18:25:12.831 1280 1280 D NetworkSecurityConfig: No Network Security Config specified, using platform default
06-26 18:25:12.832 1049 1049 E ccc : cccccc etnaService addListener com.dangbei.lerad.etna.lib.client.EtnaServerListener@125af7e com.dangbei.etna.update
06-26 18:25:12.832 1049 1049 E ccc : cccccc UpdateHelper onServerConnected
06-26 18:25:12.832 1049 1049 E ccc : cccccc etnaService addListener com.dangbei.lerad.etna.lib.client.EtnaServerListener@56fb100 com.dangbei.etna.setting
06-26 18:25:12.832 1049 1049 E ccc : cccccc SettingHelper onServerConnected
06-26 18:25:12.833 1049 1049 E ccc : cccccc etnaService addListener com.dangbei.lerad.etna.lib.client.EtnaServerListener@1f84cdf com.dangbei.lerad.etna.haqu.andes
06-26 18:25:12.839 1032 1163 V MediaStore: Examining volume emulated;0 with name external_primary and state mounted
06-26 18:25:12.842 672 890 D BluetoothMap: getConnectionState(E4:BB:D3:57:C0:18)
06-26 18:25:12.847 477 524 W IorapForwardingService: No service published for: iorapd
06-26 18:25:12.873 1095 1222 D nativeloader: classloader namespace configured for unbundled product apk. library_path=/product/app/webview/lib/arm:/product/app/webview/webview.apk!/lib/armeabi-v7a:/product/lib:/system/product/lib
06-26 18:25:12.875 1095 1095 E hq : LauncherCallback:::onViewCreate
06-26 18:25:12.875 1095 1095 E hq : LauncherCallback:::onAttach
06-26 18:25:12.892 1049 1061 I lerad.etna.haq: Background young concurrent copying GC freed 11442(694KB) AllocSpace objects, 0(0B) LOS objects, 87% free, 3363KB/27MB, paused 12.379ms total 650.052ms
06-26 18:25:12.894 671 685 D BluetoothPbapService: getConnectionState: E4:BB:D3:57:C0:18
06-26 18:25:12.904 1049 1238 E ccc : cccccc sendCycleCheckBootGuideStatusMessage
06-26 18:25:12.905 1049 1235 E ccc : cccccc sendCycleCheckBootGuideStatusMessage
06-26 18:25:12.910 1049 1238 W ContextImpl: Calling a method in the system process without a qualified user: android.app.ContextImpl.startService:1816 android.content.ContextWrapper.startService:774 com.dangbei.etna.setting.core.SettingHelper.startRocky:260 com.dangbei.etna.setting.core.SettingHelper.sendCycleCheckBootGuideStatusMessage:206 com.dangbei.etna.setting.core.SettingHelper.startLoop:195
06-26 18:25:12.917 821 918 D BufferPoolAccessor2.0: bufferpool2 0xe637b6d8 : 0(0 size) total buffers - 0(0 size) used buffers - 1/7 (recycle/alloc) - 6/92 (fetch/transfer)
06-26 18:25:12.917 821 918 D BufferPoolAccessor2.0: evictor expired: 1, evicted: 1
06-26 18:25:12.921 1049 1235 W ContextImpl: Calling a method in the system process without a qualified user: android.app.ContextImpl.startService:1816 android.content.ContextWrapper.startService:774 com.dangbei.etna.setting.core.SettingHelper.startRocky:260 com.dangbei.etna.setting.core.SettingHelper.sendCycleCheckBootGuideStatusMessage:206 com.dangbei.etna.setting.core.SettingHelper.startLoop:195
06-26 18:25:12.934 477 810 I ActivityManager: com.dangbei.lerad.rocky is exempt from freezer
06-26 18:25:12.935 477 810 D CompatibilityChangeReporter: Compat change id reported: 135634846; UID 1000; state: DISABLED
06-26 18:25:12.940 1049 1238 E ccc : cccccc sendCycleCheckBroadcast
06-26 18:25:12.941 1049 1238 W ContextImpl: Calling a method in the system process without a qualified user: android.app.ContextImpl.sendBroadcast:1173 android.content.ContextWrapper.sendBroadcast:479 com.dangbei.etna.setting.core.SettingHelper.sendCycleToProjector:250 com.dangbei.etna.setting.core.SettingHelper.sendCycleCheckBroadcast:219 com.dangbei.etna.setting.core.SettingHelper.sendCycleCheckBootGuideStatusMessage:207
06-26 18:25:12.946 477 623 D NsdService: New client listening to asynchronous messages
06-26 18:25:12.948 477 623 D NsdService: New client, channel: com.android.internal.util.AsyncChannel@5e3c3f9 messenger: android.os.Messenger@3467f3e
06-26 18:25:12.949 1032 1043 I FuseDaemon: Background young concurrent copying GC freed 14982(961KB) AllocSpace objects, 4(80KB) LOS objects, 88% free, 3132KB/27MB, paused 17.399ms total 794.264ms
06-26 18:25:12.956 1049 1049 D CompatibilityChangeReporter: Compat change id reported: 191844585; UID 1000; state: DISABLED
06-26 18:25:12.970 477 623 D NsdService: mdnssd [start-service]
06-26 18:25:12.974 477 623 E NsdService: Failed to execute mdnssd [start-service]
06-26 18:25:12.974 477 623 E NsdService: com.android.server.NativeDaemonConnector$NativeDaemonFailureException: command '1 mdnssd start-service' failed with '402 1 Service already running'
06-26 18:25:12.974 477 623 E NsdService: at com.android.server.NativeDaemonConnector.executeForList(NativeDaemonConnector.java:516)
06-26 18:25:12.974 477 623 E NsdService: at com.android.server.NativeDaemonConnector.execute(NativeDaemonConnector.java:412)
06-26 18:25:12.974 477 623 E NsdService: at com.android.server.NativeDaemonConnector.execute(NativeDaemonConnector.java:407)
06-26 18:25:12.974 477 623 E NsdService: at com.android.server.NsdService$DaemonConnection.execute(NsdService.java:743)
06-26 18:25:12.974 477 623 E NsdService: at com.android.server.NsdService$DaemonConnection.maybeStart(NsdService.java:758)
06-26 18:25:12.974 477 623 E NsdService: at com.android.server.NsdService$NsdStateMachine.maybeStartDaemon(NsdService.java:100)
06-26 18:25:12.974 477 623 E NsdService: at com.android.server.NsdService$NsdStateMachine.access$1600(NsdService.java:88)
06-26 18:25:12.974 477 623 E NsdService: at com.android.server.NsdService$NsdStateMachine$DefaultState.processMessage(NsdService.java:223)
06-26 18:25:12.974 477 623 E NsdService: at com.android.internal.util.StateMachine$SmHandler.processMsg(StateMachine.java:993)
06-26 18:25:12.974 477 623 E NsdService: at com.android.internal.util.StateMachine$SmHandler.handleMessage(StateMachine.java:810)
06-26 18:25:12.974 477 623 E NsdService: at android.os.Handler.dispatchMessage(Handler.java:106)
06-26 18:25:12.974 477 623 E NsdService: at android.os.Looper.loopOnce(Looper.java:201)
06-26 18:25:12.974 477 623 E NsdService: at android.os.Looper.loop(Looper.java:288)
06-26 18:25:12.974 477 623 E NsdService: at android.os.HandlerThread.run(HandlerThread.java:67)
06-26 18:25:12.997 1095 1095 E hq : LauncherCallback:::inspect
06-26 18:25:12.999 1095 1095 E hq : AdHelper:::后台配置是否展现广告: true
06-26 18:25:13.008 1095 1095 D OsInitLaunch: send cache: launchHome, launchMainActivity, null, 1
06-26 18:25:13.026 477 525 D ColorDisplayService: NightDisplayTintController Animation cancelled: false to matrix:
06-26 18:25:13.026 477 525 D ColorDisplayService: 1.000000 0.000000 0.000000 0.000000 0.000000 1.000000 0.000000 0.000000 0.000000 0.000000 1.000000 0.000000 0.000000 0.000000 0.000000 1.000000 min matrix coefficients:
06-26 18:25:13.026 477 525 D ColorDisplayService: 1.000000 0.000000 0.000000 0.000000 0.000000 1.000000 0.000000 0.000000 0.000000 0.000000 1.000000 0.000000 0.000000 0.000000 0.000000 1.000000 max matrix coefficients:
06-26 18:25:13.026 477 525 D ColorDisplayService: 1.000000 0.000000 0.000000 0.000000 0.000000 1.000000 0.000000 0.000000 0.000000 0.000000 1.000000 0.000000 0.000000 0.000000 0.000000 1.000000
06-26 18:25:13.036 266 266 I EventThread: type=1400 audit(0.0:483): avc: denied { search } for name="extcon" dev="sysfs" ino=18109 scontext=u:r:hal_tv_cec_default:s0 tcontext=u:object_r:sysfs_extcon:s0 tclass=dir permissive=1
06-26 18:25:13.232 672 1246 I vol.Events: writeEvent level_changed STREAM_VOICE_CALL 15
06-26 18:25:13.267 1258 1258 W System : ClassLoader referenced unknown path:
06-26 18:25:13.267 1258 1258 W odianshi.tv.ys: Unsupported class loader
06-26 18:25:13.285 672 1246 I vol.Events: writeEvent level_changed STREAM_SYSTEM 5
06-26 18:25:13.286 1250 1250 V GraphicsEnvironment: ANGLE Developer option for 'com.android.music' set to: 'default'
06-26 18:25:13.286 1250 1250 V GraphicsEnvironment: Neither updatable production driver nor prerelease driver is supported.
06-26 18:25:13.288 1049 1235 E ccc : cccccc sendCycleCheckBroadcast
06-26 18:25:13.289 1049 1235 W ContextImpl: Calling a method in the system process without a qualified user: android.app.ContextImpl.sendBroadcast:1173 android.content.ContextWrapper.sendBroadcast:479 com.dangbei.etna.setting.core.SettingHelper.sendCycleToProjector:250 com.dangbei.etna.setting.core.SettingHelper.sendCycleCheckBroadcast:219 com.dangbei.etna.setting.core.SettingHelper.sendCycleCheckBootGuideStatusMessage:207
06-26 18:25:13.289 1049 1238 W ContextImpl: Calling a method in the system process without a qualified user: android.app.ContextImpl.sendBroadcast:1173 android.content.ContextWrapper.sendBroadcast:479 com.dangbei.etna.setting.core.SettingHelper.sendCycleToVoice:235 com.dangbei.etna.setting.core.SettingHelper.sendCycleCheckBroadcast:220 com.dangbei.etna.setting.core.SettingHelper.sendCycleCheckBootGuideStatusMessage:207
06-26 18:25:13.290 672 1246 I vol.Events: writeEvent level_changed STREAM_RING 5
06-26 18:25:13.290 477 759 D CompatibilityChangeReporter: Compat change id reported: 168419799; UID 10013; state: DISABLED
06-26 18:25:13.296 477 759 D CompatibilityChangeReporter: Compat change id reported: 181136395; UID 1000; state: DISABLED
06-26 18:25:13.298 477 759 D CompatibilityChangeReporter: Compat change id reported: 174042936; UID 1000; state: DISABLED
06-26 18:25:13.301 672 890 D LocalBluetoothProfileManager: New Profiles[HID]
06-26 18:25:13.312 1320 1320 D CompatibilityChangeReporter: Compat change id reported: 171979766; UID 10013; state: DISABLED
06-26 18:25:13.314 248 248 D Zygote : Forked child process 1363
06-26 18:25:13.315 477 536 W ActivityManager: Slow operation: 384ms so far, now at startProcess: returned from zygote!
06-26 18:25:13.325 1363 1363 I Zygote : seccomp disabled by setenforce 0
06-26 18:25:13.336 329 329 I rainbow_flow: type=1400 audit(0.0:484): avc: denied { ioctl } for path="/dev/spidev1.0" dev="tmpfs" ino=6605 ioctlcmd=0x6b00 scontext=u:r:init:s0 tcontext=u:object_r:device:s0 tclass=chr_file permissive=1
06-26 18:25:13.337 477 842 E ActivityManager: Sending non-protected broadcast com.dangbei.etna.setting.action_cycle_check_broadcast from system 1049:com.dangbei.lerad.etna.haqu/1000 pkg com.dangbei.lerad.etna.haqu
06-26 18:25:13.337 477 842 E ActivityManager: java.lang.Throwable
06-26 18:25:13.337 477 842 E ActivityManager: at com.android.server.am.ActivityManagerService.checkBroadcastFromSystem(ActivityManagerService.java:12816)
06-26 18:25:13.337 477 842 E ActivityManager: at com.android.server.am.ActivityManagerService.broadcastIntentLocked(ActivityManagerService.java:13513)
06-26 18:25:13.337 477 842 E ActivityManager: at com.android.server.am.ActivityManagerService.broadcastIntentLocked(ActivityManagerService.java:12833)
06-26 18:25:13.337 477 842 E ActivityManager: at com.android.server.am.ActivityManagerService.broadcastIntentWithFeature(ActivityManagerService.java:13670)
06-26 18:25:13.337 477 842 E ActivityManager: at android.app.IActivityManager$Stub.onTransact(IActivityManager.java:2326)
06-26 18:25:13.337 477 842 E ActivityManager: at com.android.server.am.ActivityManagerService.onTransact(ActivityManagerService.java:2509)
06-26 18:25:13.337 477 842 E ActivityManager: at android.os.Binder.execTransactInternal(Binder.java:1179)
06-26 18:25:13.337 477 842 E ActivityManager: at android.os.Binder.execTransact(Binder.java:1143)
06-26 18:25:13.342 477 535 I DropBoxManagerService: add tag=system_server_wtf isTagEnabled=true flags=0x2
06-26 18:25:13.346 477 536 W ActivityManager: Slow operation: 416ms so far, now at startProcess: done updating battery stats
06-26 18:25:13.347 1049 1235 W ContextImpl: Calling a method in the system process without a qualified user: android.app.ContextImpl.sendBroadcast:1173 android.content.ContextWrapper.sendBroadcast:479 com.dangbei.etna.setting.core.SettingHelper.sendCycleToVoice:235 com.dangbei.etna.setting.core.SettingHelper.sendCycleCheckBroadcast:220 com.dangbei.etna.setting.core.SettingHelper.sendCycleCheckBootGuideStatusMessage:207
06-26 18:25:13.350 1258 1258 V GraphicsEnvironment: ANGLE Developer option for 'com.xiaodianshi.tv.yst' set to: 'default'
06-26 18:25:13.352 1258 1258 V GraphicsEnvironment: Neither updatable production driver nor prerelease driver is supported.
06-26 18:25:13.347 477 536 W ActivityManager: Slow operation: 416ms so far, now at startProcess: building log message
06-26 18:25:13.353 477 536 I ActivityManager: app.processName = com.dangbei.lerad.rocky
06-26 18:25:13.353 477 536 I ActivityManager: Start proc 1363:com.dangbei.lerad.rocky/1000 for service {com.dangbei.lerad.rocky/com.dangbei.rocky.RockyService}
06-26 18:25:13.354 1250 1250 D NetworkSecurityConfig: No Network Security Config specified, using platform default
06-26 18:25:13.355 672 672 D SystemUIService: running: com.android.systemui.volume.VolumeUI@dc76f20
06-26 18:25:13.357 477 536 W ActivityManager: Slow operation: 426ms so far, now at startProcess: starting to update pids map
06-26 18:25:13.359 1049 1049 D WanCommander: handleConnection:
06-26 18:25:13.360 477 536 W ActivityManager: Slow operation: 429ms so far, now at startProcess: done updating pids map
06-26 18:25:13.362 477 754 E ActivityManager: Sending non-protected broadcast com.dangbei.etna.setting.action_cycle_check_broadcast from system 1049:com.dangbei.lerad.etna.haqu/1000 pkg com.dangbei.lerad.etna.haqu
06-26 18:25:13.362 477 754 E ActivityManager: java.lang.Throwable
06-26 18:25:13.362 477 754 E ActivityManager: at com.android.server.am.ActivityManagerService.checkBroadcastFromSystem(ActivityManagerService.java:12816)
06-26 18:25:13.362 477 754 E ActivityManager: at com.android.server.am.ActivityManagerService.broadcastIntentLocked(ActivityManagerService.java:13513)
06-26 18:25:13.362 477 754 E ActivityManager: at com.android.server.am.ActivityManagerService.broadcastIntentLocked(ActivityManagerService.java:12833)
06-26 18:25:13.362 477 754 E ActivityManager: at com.android.server.am.ActivityManagerService.broadcastIntentWithFeature(ActivityManagerService.java:13670)
06-26 18:25:13.362 477 754 E ActivityManager: at android.app.IActivityManager$Stub.onTransact(IActivityManager.java:2326)
06-26 18:25:13.362 477 754 E ActivityManager: at com.android.server.am.ActivityManagerService.onTransact(ActivityManagerService.java:2509)
06-26 18:25:13.362 477 754 E ActivityManager: at android.os.Binder.execTransactInternal(Binder.java:1179)
06-26 18:25:13.362 477 754 E ActivityManager: at android.os.Binder.execTransact(Binder.java:1143)
06-26 18:25:13.370 1049 1049 E EtnaListener: onServerConnected
06-26 18:25:13.372 477 535 I DropBoxManagerService: add tag=system_server_wtf isTagEnabled=true flags=0x2
06-26 18:25:13.373 672 1246 I vol.Events: writeEvent level_changed STREAM_MUSIC 20
06-26 18:25:13.376 672 1246 I vol.Events: writeEvent level_changed STREAM_ALARM 17
06-26 18:25:13.380 1250 1250 D NetworkSecurityConfig: No Network Security Config specified, using platform default
06-26 18:25:13.384 672 672 I queued-work-loo: type=1400 audit(0.0:485): avc: denied { search } for name="com.android.systemui" dev="mmcblk0p25" ino=484 scontext=u:r:platform_app:s0:c512,c768 tcontext=u:object_r:app_data_file:s0:c512,c768 tclass=dir permissive=1 app=com.softwinner.screenshot
06-26 18:25:13.390 1258 1258 D NetworkSecurityConfig: Using Network Security Config from resource arg debugBuild: false
06-26 18:25:13.390 403 421 I adbd : jdwp connection from 1363
06-26 18:25:13.395 672 672 D SystemUIBootTiming: SystemUIService: bootcomplete com.android.systemui.volume.VolumeUI took 1132 ms
06-26 18:25:13.395 672 672 D SystemUIService: loading: com.android.systemui.privacy.television.TvOngoingPrivacyChip
06-26 18:25:13.396 672 1246 I vol.Events: writeEvent level_changed STREAM_BLUETOOTH_SCO 15
06-26 18:25:13.398 1095 1307 D CompatibilityChangeReporter: Compat change id reported: 147600208; UID 1000; state: DISABLED
06-26 18:25:13.405 1258 1258 D NetworkSecurityConfig: Using Network Security Config from resource arg debugBuild: false
06-26 18:25:13.426 477 1027 I ActivityManager: com.android.localtransport is exempt from freezer
06-26 18:25:13.442 477 606 I StorageSessionController: Notifying volume state changed for session with id: emulated;0
06-26 18:25:13.454 248 248 D Zygote : Forked child process 1390
06-26 18:25:13.457 477 536 I ActivityManager: app.processName = com.android.localtransport
06-26 18:25:13.457 477 536 I ActivityManager: Start proc 1390:com.android.localtransport/1000 for service {com.android.localtransport/com.android.localtransport.LocalTransportService}
06-26 18:25:13.457 1250 1250 D music_MediaPlaybackSer: onCreate()
06-26 18:25:13.457 1250 1250 D music_MediaPlaybackSer: Create MusicProvider
06-26 18:25:13.458 1250 1250 D music_MediaPlaybackSer: Create MediaSession
06-26 18:25:13.471 671 671 V MediaPlayerList: onActiveSessionsChanged: number of controllers: 0
06-26 18:25:13.472 1320 1320 D ApplicationLoaders: Returning zygote-cached class loader: /system/framework/android.test.base.jar
06-26 18:25:13.473 672 890 D CachedBluetoothDevice: updating profiles for Dangbei
06-26 18:25:13.473 1390 1390 I Zygote : seccomp disabled by setenforce 0
06-26 18:25:13.474 1032 1163 I ExternalStorageServiceImpl: Ignoring volume state for vol:external_primary. State: checking
06-26 18:25:13.481 1095 1095 D TheRouter::RouterInject: interception::===interface com.dangbei.leard.protocol.etna.EtnaManagerInterface===EtnaManagerInterfaceImpl161582978
06-26 18:25:13.482 1095 1095 E getHdmiStatus: sourceInputStatus=null mEtnaAdapter=null
06-26 18:25:13.484 672 672 I queued-work-loo: type=1400 audit(0.0:486): avc: denied { search } for name="com.android.systemui" dev="mmcblk0p25" ino=484 scontext=u:r:platform_app:s0:c512,c768 tcontext=u:object_r:app_data_file:s0:c512,c768 tclass=dir permissive=1 app=com.softwinner.screenshot
06-26 18:25:13.486 477 842 D WifiNl80211Manager: Scan result ready event
06-26 18:25:13.488 477 842 D WifiNative: Scan result ready event
06-26 18:25:13.500 672 672 D SystemUIService: running: com.android.systemui.privacy.television.TvOngoingPrivacyChip@f5e12aa
06-26 18:25:13.502 672 1246 I vol.Events: writeEvent zen_mode_config_changed [disallowAlarms=false disallowMedia=false disallowSystem=true disallowRinger=false]
06-26 18:25:13.506 375 375 D dom2reg : timezone change, new: Etc/GMT-8, pre:
06-26 18:25:13.506 375 375 W dom2reg : timezone [Etc/GMT-8] not in default tables, please check!
06-26 18:25:13.509 672 672 D SystemUIBootTiming: SystemUIService: bootcomplete com.android.systemui.privacy.television.TvOngoingPrivacyChip took 114 ms
06-26 18:25:13.509 672 672 D SystemUIService: loading: com.android.systemui.statusbar.tv.TvStatusBar
06-26 18:25:13.509 672 672 D SystemUIService: running: com.android.systemui.statusbar.tv.TvStatusBar@e39ee9b
06-26 18:25:13.520 477 754 I StatusBarManagerService: registerStatusBar bar=com.android.internal.statusbar.IStatusBar$Stub$Proxy@b306157
06-26 18:25:13.524 1250 1250 D CompatibilityChangeReporter: Compat change id reported: 160794467; UID 10052; state: DISABLED
06-26 18:25:13.525 403 421 I adbd : jdwp connection from 1390
06-26 18:25:13.533 672 672 D SystemUIBootTiming: SystemUIService: bootcomplete com.android.systemui.statusbar.tv.TvStatusBar took 24 ms
06-26 18:25:13.533 672 672 D SystemUIService: loading: com.android.systemui.statusbar.tv.notifications.TvNotificationPanel
06-26 18:25:13.534 672 672 D SystemUIService: running: com.android.systemui.statusbar.tv.notifications.TvNotificationPanel@c400238
06-26 18:25:13.534 672 672 D SystemUIBootTiming: SystemUIService: bootcomplete com.android.systemui.statusbar.tv.notifications.TvNotificationPanel took 1 ms
06-26 18:25:13.534 672 672 D SystemUIService: loading: com.android.systemui.statusbar.tv.notifications.TvNotificationHandler
06-26 18:25:13.472 1320 1320 D ApplicationLoaders: Returning zygote-cached class loader: /system/framework/android.hidl.manager-V1.0-java.jar
06-26 18:25:13.542 1320 1320 D ApplicationLoaders: Returning zygote-cached class loader: /system/framework/android.hidl.base-V1.0-java.jar
06-26 18:25:13.536 266 266 I EventThread: type=1400 audit(0.0:487): avc: denied { search } for name="extcon" dev="sysfs" ino=18109 scontext=u:r:hal_tv_cec_default:s0 tcontext=u:object_r:sysfs_extcon:s0 tclass=dir permissive=1
06-26 18:25:13.549 672 672 D SystemUIService: running: com.android.systemui.statusbar.tv.notifications.TvNotificationHandler@73e3211
06-26 18:25:13.551 672 890 V CachedBluetoothDevice: Class: 1f00
06-26 18:25:13.551 672 890 V CachedBluetoothDevice: UUID:
06-26 18:25:13.551 672 890 V CachedBluetoothDevice: 00001812-0000-1000-8000-00805f9b34fb
06-26 18:25:13.553 1280 1280 I ContactsPerf: VoicemailContentProvider.onCreate start
06-26 18:25:13.561 1095 1095 D OsInitLaunch: send cache: mangoAuth, null, AUTH_NO_NETWORK, null
06-26 18:25:13.582 672 672 D SystemUIBootTiming: SystemUIService: bootcomplete com.android.systemui.statusbar.tv.notifications.TvNotificationHandler took 48 ms
06-26 18:25:13.582 672 672 D SystemUIService: loading: com.android.systemui.statusbar.tv.VpnStatusObserver
06-26 18:25:13.586 1095 1212 D TheRouter::RouterInject: interception::===interface com.dangbei.leard.protocol.down.DownProtocol===DownProtocolProxy158299335
06-26 18:25:13.589 477 812 D ConnectivityService: requestNetwork for uid/pid:1000/1095 activeRequest: null callbackRequest: 26 [NetworkRequest [ REQUEST id=27, [ Capabilities: INTERNET&NOT_RESTRICTED&TRUSTED&NOT_VCN_MANAGED Uid: 1000 RequestorUid: 1000 RequestorPkg: com.dangbei.leard.leradlauncher] ]] callback flags: 0 priority: 2147483647
06-26 18:25:13.591 477 620 D ConnectivityService: NetReassign [no changes]
06-26 18:25:13.591 477 659 D PPPOE : got request NetworkRequest [ REQUEST id=27, [ Capabilities: INTERNET&NOT_RESTRICTED&TRUSTED&NOT_VCN_MANAGED Uid: 1000 RequestorUid: 1000 RequestorPkg: com.dangbei.leard.leradlauncher] ]
06-26 18:25:13.593 477 658 D Ethernet: got request NetworkRequest [ REQUEST id=27, [ Capabilities: INTERNET&NOT_RESTRICTED&TRUSTED&NOT_VCN_MANAGED Uid: 1000 RequestorUid: 1000 RequestorPkg: com.dangbei.leard.leradlauncher] ]
06-26 18:25:13.594 477 658 D EthernetNetworkFactory: acceptRequest, request: NetworkRequest [ REQUEST id=27, [ Capabilities: INTERNET&NOT_RESTRICTED&TRUSTED&NOT_VCN_MANAGED Uid: 1000 RequestorUid: 1000 RequestorPkg: com.dangbei.leard.leradlauncher] ]
06-26 18:25:13.594 477 658 I EthernetNetworkFactory: networkForRequest, request: NetworkRequest [ REQUEST id=27, [ Capabilities: INTERNET&NOT_RESTRICTED&TRUSTED&NOT_VCN_MANAGED Uid: 1000 RequestorUid: 1000 RequestorPkg: com.dangbei.leard.leradlauncher] ], network: null
06-26 18:25:13.594 477 612 D WifiNetworkFactory: got request NetworkRequest [ REQUEST id=27, [ Capabilities: INTERNET&NOT_RESTRICTED&TRUSTED&NOT_VCN_MANAGED Uid: 1000 RequestorUid: 1000 RequestorPkg: com.dangbei.leard.leradlauncher] ]
06-26 18:25:13.595 477 612 D UntrustedWifiNetworkFactory: got request NetworkRequest [ REQUEST id=27, [ Capabilities: INTERNET&NOT_RESTRICTED&TRUSTED&NOT_VCN_MANAGED Uid: 1000 RequestorUid: 1000 RequestorPkg: com.dangbei.leard.leradlauncher] ]
06-26 18:25:13.595 477 612 D OemPaidWifiNetworkFactory: got request NetworkRequest [ REQUEST id=27, [ Capabilities: INTERNET&NOT_RESTRICTED&TRUSTED&NOT_VCN_MANAGED Uid: 1000 RequestorUid: 1000 RequestorPkg: com.dangbei.leard.leradlauncher] ]
06-26 18:25:13.603 1095 1230 E FactoryResetOperateImpl: isFirstBoot 1
06-26 18:25:13.604 1095 1230 E FactoryResetOperateImpl: isFirstBoot 1
06-26 18:25:13.610 1250 1250 D music_MediaPlaybackSer: updatePlaybackState, playback state=0
06-26 18:25:13.622 477 502 W StorageManagerService: Reporting emulated;0 unmounted due to system locked
06-26 18:25:13.627 1095 1212 D TheRouter::RouterInject: interception::===interface com.dangbei.leard.protocol.install.IInstallProtocol===InstallAppManagerInterface104933194
06-26 18:25:13.629 477 755 D CompatibilityChangeReporter: Compat change id reported: 168419799; UID 1000; state: DISABLED
06-26 18:25:13.631 1032 1163 V MediaStore: Examining volume emulated;0 with name external_primary and state mounted
06-26 18:25:13.632 477 755 W ActivityManager: Slow operation: 54ms so far, now at attachApplicationLocked: immediately before bindApplication
06-26 18:25:13.637 477 502 W WindowManager: Failed looking up window session=Session{5d875c8 1095:1000} callers=com.android.server.wm.WindowManagerService.windowForClientLocked:5702 com.android.server.wm.Session.insetsModified:629 android.view.IWindowSession$Stub.onTransact:1151
06-26 18:25:13.658 1095 1095 I Choreographer: Skipped 115 frames! The application may be doing too much work on its main thread.
06-26 18:25:13.665 477 526 D CompatibilityChangeReporter: Compat change id reported: 158002302; UID 1000; state: ENABLED
06-26 18:25:13.667 1379 1379 W audit : audit_lost=61 audit_rate_limit=5 audit_backlog_limit=64
06-26 18:25:13.667 1379 1379 E audit : rate limit exceeded
06-26 18:25:13.694 1250 1250 D music_MusicApp: add mount callback: com.android.music.MediaPlaybackService@2264fd3
06-26 18:25:13.727 477 606 I StorageSessionController: Notifying volume state changed for session with id: emulated;0
06-26 18:25:13.731 1095 1222 E hq : ErrorCoroutineExceptionHandler:::runTry error:java.net.UnknownHostException: Unable to resolve host "ottdbui-tyapiqun7.yysh.mgtv.com": No address associated with hostname from=requestAppBarData_loadData
06-26 18:25:13.738 1095 1347 D MobclickAgent: Report policy : ReportAtLaunch
06-26 18:25:13.743 477 620 D ConnectivityService: NetReassign [no changes]
06-26 18:25:13.766 672 672 D SystemUIService: running: com.android.systemui.statusbar.tv.VpnStatusObserver@37fb17c
06-26 18:25:13.767 477 755 W ActivityManager: Slow operation: 189ms so far, now at attachApplicationLocked: immediately after bindApplication
06-26 18:25:13.768 477 755 W ActivityManager: Slow operation: 190ms so far, now at attachApplicationLocked: after updateLruProcessLocked
06-26 18:25:13.769 672 672 D SystemUIBootTiming: SystemUIService: bootcomplete com.android.systemui.statusbar.tv.VpnStatusObserver took 187 ms
06-26 18:25:13.769 1032 1032 V MediaStore: Examining volume emulated;0 with name external_primary and state mounted
06-26 18:25:13.771 672 672 D SystemUIService: loading: com.android.systemui.globalactions.GlobalActionsComponent
06-26 18:25:13.776 186 186 I hwservicemanager: getTransport: Cannot find entry android.hardware.configstore@1.0::ISurfaceFlingerConfigs/default in either framework or device VINTF manifest.
06-26 18:25:13.777 477 755 W ActivityManager: Slow operation: 199ms so far, now at attachApplicationLocked: after mServices.attachApplicationLocked
06-26 18:25:13.783 1280 1280 I ContactsPerf: VoicemailContentProvider.onCreate finish
06-26 18:25:13.796 477 842 D CompatibilityChangeReporter: Compat change id reported: 168419799; UID 1000; state: DISABLED
06-26 18:25:13.799 1250 1250 D music_MediaPlaybackSer: OnGetRoot: clientPackageName=com.android.bluetooth; clientUid=1002 ; rootHints=null
06-26 18:25:13.802 477 900 D BufferPoolAccessor2.0: bufferpool2 0xe4a49898 : 0(0 size) total buffers - 0(0 size) used buffers - 2/7 (recycle/alloc) - 13/294 (fetch/transfer)
06-26 18:25:13.802 477 900 D BufferPoolAccessor2.0: bufferpool2 0xe5c827d8 : 0(0 size) total buffers - 0(0 size) used buffers - 1/7 (recycle/alloc) - 6/68 (fetch/transfer)
06-26 18:25:13.802 477 900 D BufferPoolAccessor2.0: bufferpool2 0xe4cf3798 : 0(0 size) total buffers - 0(0 size) used buffers - 1/7 (recycle/alloc) - 6/46 (fetch/transfer)
06-26 18:25:13.802 477 900 D BufferPoolAccessor2.0: bufferpool2 0xe5c82698 : 0(0 size) total buffers - 0(0 size) used buffers - 0/7 (recycle/alloc) - 6/76 (fetch/transfer)
06-26 18:25:13.802 477 900 D BufferPoolAccessor2.0: bufferpool2 0xe4cf33d8 : 0(0 size) total buffers - 0(0 size) used buffers - 2/7 (recycle/alloc) - 6/42 (fetch/transfer)
06-26 18:25:13.802 477 900 D BufferPoolAccessor2.0: evictor expired: 5, evicted: 5
06-26 18:25:13.804 671 671 I AvrcpBrowsedPlayerWrapper: onConnected: com.android.music is connected
06-26 18:25:13.807 671 671 D AvrcpBrowsablePlayerConnector: Browse player callback called: package=com.android.music : status=0
06-26 18:25:13.808 671 671 D AvrcpBrowsablePlayerConnector: Received a message: msg.what=1
06-26 18:25:13.810 382 753 D BufferPoolAccessor2.0: bufferpool2 0xf62fa2d8 : 0(0 size) total buffers - 0(0 size) used buffers - 16/19 (recycle/alloc) - 3/18 (fetch/transfer)
06-26 18:25:13.811 382 753 D BufferPoolAccessor2.0: bufferpool2 0xf62fb1d8 : 0(0 size) total buffers - 0(0 size) used buffers - 17/21 (recycle/alloc) - 4/20 (fetch/transfer)
06-26 18:25:13.811 382 753 D BufferPoolAccessor2.0: bufferpool2 0xf62fa918 : 0(0 size) total buffers - 0(0 size) used buffers - 28/32 (recycle/alloc) - 4/31 (fetch/transfer)
06-26 18:25:13.811 382 753 D BufferPoolAccessor2.0: bufferpool2 0xf62fae18 : 0(0 size) total buffers - 0(0 size) used buffers - 42/46 (recycle/alloc) - 4/45 (fetch/transfer)
06-26 18:25:13.811 382 753 D BufferPoolAccessor2.0: bufferpool2 0xf62facd8 : 0(0 size) total buffers - 0(0 size) used buffers - 40/44 (recycle/alloc) - 4/43 (fetch/transfer)
06-26 18:25:13.811 382 753 D BufferPoolAccessor2.0: bufferpool2 0xf62fa418 : 0(0 size) total buffers - 0(0 size) used buffers - 32/36 (recycle/alloc) - 4/35 (fetch/transfer)
06-26 18:25:13.811 382 753 D BufferPoolAccessor2.0: evictor expired: 6, evicted: 6
06-26 18:25:13.817 671 671 I AvrcpBrowsablePlayerConnector: Checking root contents for com.android.music
06-26 18:25:13.824 1095 1213 E hq : LookupControler:::startLookupControllerTimer
06-26 18:25:13.838 1250 1250 D music_MediaPlaybackSer: onDestroy
06-26 18:25:13.838 1250 1250 D music_MusicApp: remove mount callback: com.android.music.MediaPlaybackService@2264fd3
06-26 18:25:13.838 1250 1250 D music_MediaPlaybackSer: handleStopRequest: mState=0 error=destroy
06-26 18:25:13.839 1250 1250 D music_MediaPlaybackSer: updatePlaybackState, playback state=1
06-26 18:25:13.841 1250 1250 D Playback: giveUpAudioFocus
06-26 18:25:13.841 1250 1250 D Playback: relaxResources. releaseMediaPlayer=true
06-26 18:25:13.842 1390 1390 D CompatibilityChangeReporter: Compat change id reported: 171979766; UID 1000; state: ENABLED
06-26 18:25:13.850 477 524 W IorapForwardingService: No service published for: iorapd
06-26 18:25:13.855 1250 1250 D music_MediaPlaybackSer: updatePlaybackState, playback state=1
06-26 18:25:13.858 280 336 E HWComposer: getSupportedContentTypes: getSupportedContentTypes failed for display 0: Unsupported (8)
06-26 18:25:13.862 186 186 I hwservicemanager: getTransport: Cannot find entry android.hardware.graphics.mapper@4.0::IMapper/default in either framework or device VINTF manifest.
06-26 18:25:13.864 1095 1445 I Gralloc4: mapper 4.x is not supported
06-26 18:25:13.871 1095 1212 D hq : NetWorkStateReceiver:::检查网络,并且持续更新 isConnect=false
06-26 18:25:13.871 186 186 I hwservicemanager: getTransport: Cannot find entry android.hardware.graphics.mapper@3.0::IMapper/default in either framework or device VINTF manifest.
06-26 18:25:13.873 1095 1445 W Gralloc3: mapper 3.x is not supported
06-26 18:25:13.884 1095 1442 W ContextImpl: Calling a method in the system process without a qualified user: android.app.ContextImpl.bindService:1895 android.content.ContextWrapper.bindService:810 be.b.h:57 be.b$c.call:3 de.c$a.run:5
06-26 18:25:13.889 1095 1445 E gralloc : Arm Module v1.0
06-26 18:25:13.898 1363 1363 D CompatibilityChangeReporter: Compat change id reported: 171979766; UID 1000; state: DISABLED
06-26 18:25:13.903 186 186 I hwservicemanager: getTransport: Cannot find entry android.hardware.graphics.allocator@4.0::IAllocator/default in either framework or device VINTF manifest.
06-26 18:25:13.903 1095 1445 W Gralloc4: allocator 4.x is not supported
06-26 18:25:13.904 186 186 I hwservicemanager: getTransport: Cannot find entry android.hardware.graphics.allocator@3.0::IAllocator/default in either framework or device VINTF manifest.
06-26 18:25:13.904 1095 1445 W Gralloc3: allocator 3.x is not supported
06-26 18:25:13.923 261 399 I gralloc : alloc buffer:W:1920 H:1080 S:1920 PL[1920 1080] SZ:8294400 fmt:1 if:0 af:1 usg:20000b00 fg:00000004
06-26 18:25:13.924 1095 1445 E ion : ioctl c0044901 failed with code -1: Inappropriate ioctl for device
06-26 18:25:13.929 261 399 I gralloc : alloc buffer:W:1920 H:1080 S:1920 PL[1920 1080] SZ:8294400 fmt:1 if:0 af:1 usg:20000b00 fg:00000004
06-26 18:25:13.935 261 399 I gralloc : alloc buffer:W:1920 H:1080 S:1920 PL[1920 1080] SZ:8294400 fmt:1 if:0 af:1 usg:20000b00 fg:00000004
06-26 18:25:13.957 821 918 D BufferPoolAccessor2.0: bufferpool2 0xe637c0d8 : 0(0 size) total buffers - 0(0 size) used buffers - 2/7 (recycle/alloc) - 5/96 (fetch/transfer)
06-26 18:25:13.957 821 918 D BufferPoolAccessor2.0: evictor expired: 1, evicted: 1
06-26 18:25:14.003 477 759 D CompatibilityChangeReporter: Compat change id reported: 168419799; UID 10074; state: DISABLED
06-26 18:25:14.023 477 755 D CountryDetector: The first listener is added
06-26 18:25:14.025 1280 1280 I ContactsDatabaseHelper: updateUseStrictPhoneNumberComparison: CN
06-26 18:25:14.035 477 842 D CompatibilityChangeReporter: Compat change id reported: 168419799; UID 10052; state: DISABLED
06-26 18:25:14.043 1095 1095 E xxxxxxxxxxxxxxx: onReceive:mIsHDMIPlugged = false
06-26 18:25:14.040 266 266 I EventThread: type=1400 audit(0.0:504): avc: denied { search } for name="extcon" dev="sysfs" ino=18109 scontext=u:r:hal_tv_cec_default:s0 tcontext=u:object_r:sysfs_extcon:s0 tclass=dir permissive=1
06-26 18:25:14.048 1250 1250 D music_MediaPlaybackSer: onCreate()
06-26 18:25:14.049 1250 1250 D music_MediaPlaybackSer: Create MusicProvider
06-26 18:25:14.049 1250 1250 D music_MediaPlaybackSer: Create MediaSession
06-26 18:25:14.072 1250 1250 D music_MediaPlaybackSer: updatePlaybackState, playback state=0
06-26 18:25:14.076 672 672 D SystemUIService: running: com.android.systemui.globalactions.GlobalActionsComponent@933e226
06-26 18:25:14.080 1462 1462 I rgb_led_ctl: type=1400 audit(0.0:505): avc: denied { write } for name="spidev1.0" dev="tmpfs" ino=6605 scontext=u:r:init:s0 tcontext=u:object_r:device:s0 tclass=chr_file permissive=1
