06-26 18:25:37.419 2539 2539 I DefaultIMS: onStartInput attribute=android.view.inputmethod.EditorInfo@3b84974 restarting=false inputType: 0
06-26 18:25:37.433 265 265 I AW_PowerHAL: Power setMode: LAUNCH to: 0
06-26 18:25:37.438 265 265 I AW_PowerHAL: cur-mode:SCHEDUTIL
06-26 18:25:37.463 2835 2835 I BaseRequest: complete
06-26 18:25:37.463 2835 2835 I BaseRequest: success!=nulltrue
06-26 18:25:37.512 375 375 D dom2reg : timezone change, new: Etc/GMT-8, pre:
06-26 18:25:37.512 375 375 W dom2reg : timezone [Etc/GMT-8] not in default tables, please check!
06-26 18:25:37.556 266 266 I EventThread: type=1400 audit(0.0:1847): avc: denied { search } for name="extcon" dev="sysfs" ino=18109 scontext=u:r:hal_tv_cec_default:s0 tcontext=u:object_r:sysfs_extcon:s0 tclass=dir permissive=1
06-26 18:25:37.692 320 2255 D XM_HIDREAD: poll ret=1, event=1
06-26 18:25:37.692 320 2255 D XM_HIDREAD: [3 bytes]:03 E9 00
06-26 18:25:37.693 477 600 D TvWindowManager: key event key = KEYCODE_VOLUME_UP down = true
06-26 18:25:37.695 477 599 D GpioService: mFlickerEnable = true
06-26 18:25:37.722 2835 3256 W ExifInterface: Invalid image: ExifInterface got an unsupported image format file(ExifInterface supports JPEG and some RAW image formats only) or a corrupted JPEG file to ExifInterface.
06-26 18:25:37.722 2835 3256 W ExifInterface: java.io.IOException: Invalid byte order: 424d
06-26 18:25:37.722 2835 3256 W ExifInterface: at android.media.ExifInterface.readByteOrder(ExifInterface.java:3990)
06-26 18:25:37.722 2835 3256 W ExifInterface: at android.media.ExifInterface.parseTiffHeaders(ExifInterface.java:3997)
06-26 18:25:37.722 2835 3256 W ExifInterface: at android.media.ExifInterface.getRawAttributes(ExifInterface.java:2963)
06-26 18:25:37.722 2835 3256 W ExifInterface: at android.media.ExifInterface.loadAttributes(ExifInterface.java:2024)
06-26 18:25:37.722 2835 3256 W ExifInterface: at android.media.ExifInterface.(ExifInterface.java:1641)
06-26 18:25:37.722 2835 3256 W ExifInterface: at android.media.ExifInterface.(ExifInterface.java:1592)
06-26 18:25:37.722 2835 3256 W ExifInterface: at com.bumptech.glide.load.resource.bitmap.ExifInterfaceImageHeaderParser.getOrientation(ExifInterfaceImageHeaderParser.java:40)
06-26 18:25:37.722 2835 3256 W ExifInterface: at com.bumptech.glide.load.ImageHeaderParserUtils.getOrientation(ImageHeaderParserUtils.java:91)
06-26 18:25:37.722 2835 3256 W ExifInterface: at com.bumptech.glide.load.resource.bitmap.Downsampler.decodeFromWrappedStreams(Downsampler.java:236)
06-26 18:25:37.722 2835 3256 W ExifInterface: at com.bumptech.glide.load.resource.bitmap.Downsampler.decode(Downsampler.java:206)
06-26 18:25:37.722 2835 3256 W ExifInterface: at com.bumptech.glide.load.resource.bitmap.StreamBitmapDecoder.decode(StreamBitmapDecoder.java:62)
06-26 18:25:37.722 2835 3256 W ExifInterface: at com.bumptech.glide.load.resource.bitmap.StreamBitmapDecoder.decode(StreamBitmapDecoder.java:18)
06-26 18:25:37.722 2835 3256 W ExifInterface: at com.bumptech.glide.load.engine.DecodePath.decodeResourceWithList(DecodePath.java:72)
06-26 18:25:37.722 2835 3256 W ExifInterface: at com.bumptech.glide.load.engine.DecodePath.decodeResource(DecodePath.java:55)
06-26 18:25:37.722 2835 3256 W ExifInterface: at com.bumptech.glide.load.engine.DecodePath.decode(DecodePath.java:45)
06-26 18:25:37.722 2835 3256 W ExifInterface: at com.bumptech.glide.load.engine.LoadPath.loadWithExceptionList(LoadPath.java:58)
06-26 18:25:37.722 2835 3256 W ExifInterface: at com.bumptech.glide.load.engine.LoadPath.load(LoadPath.java:43)
06-26 18:25:37.722 2835 3256 W ExifInterface: at com.bumptech.glide.load.engine.DecodeJob.runLoadPath(DecodeJob.java:507)
06-26 18:25:37.722 2835 3256 W ExifInterface: at com.bumptech.glide.load.engine.DecodeJob.decodeFromFetcher(DecodeJob.java:472)
06-26 18:25:37.722 2835 3256 W ExifInterface: at com.bumptech.glide.load.engine.DecodeJob.decodeFromData(DecodeJob.java:458)
06-26 18:25:37.722 2835 3256 W ExifInterface: at com.bumptech.glide.load.engine.DecodeJob.decodeFromRetrievedData(DecodeJob.java:410)
06-26 18:25:37.722 2835 3256 W ExifInterface: at com.bumptech.glide.load.engine.DecodeJob.onDataFetcherReady(DecodeJob.java:379)
06-26 18:25:37.722 2835 3256 W ExifInterface: at com.bumptech.glide.load.engine.SourceGenerator.onDataReady(SourceGenerator.java:112)
06-26 18:25:37.722 2835 3256 W ExifInterface: at com.bumptech.glide.load.model.MultiModelLoader$MultiFetcher.onDataReady(MultiModelLoader.java:135)
06-26 18:25:37.722 2835 3256 W ExifInterface: at com.bumptech.glide.load.data.LocalUriFetcher.loadData(LocalUriFetcher.java:52)
06-26 18:25:37.722 2835 3256 W ExifInterface: at com.bumptech.glide.load.model.MultiModelLoader$MultiFetcher.loadData(MultiModelLoader.java:99)
06-26 18:25:37.722 2835 3256 W ExifInterface: at com.bumptech.glide.load.engine.SourceGenerator.startNext(SourceGenerator.java:62)
06-26 18:25:37.722 2835 3256 W ExifInterface: at com.bumptech.glide.load.engine.DecodeJob.runGenerators(DecodeJob.java:302)
06-26 18:25:37.722 2835 3256 W ExifInterface: at com.bumptech.glide.load.engine.DecodeJob.runWrapped(DecodeJob.java:272)
06-26 18:25:37.722 2835 3256 W ExifInterface: at com.bumptech.glide.load.engine.DecodeJob.run(DecodeJob.java:233)
06-26 18:25:37.722 2835 3256 W ExifInterface: at java.util.concurrent.ThreadPoolExecutor.runWorker(ThreadPoolExecutor.java:1167)
06-26 18:25:37.722 2835 3256 W ExifInterface: at java.util.concurrent.ThreadPoolExecutor$Worker.run(ThreadPoolExecutor.java:641)
06-26 18:25:37.722 2835 3256 W ExifInterface: at java.lang.Thread.run(Thread.java:920)
06-26 18:25:37.722 2835 3256 W ExifInterface: at com.bumptech.glide.load.engine.executor.GlideExecutor$DefaultThreadFactory$1.run(GlideExecutor.java:446)
06-26 18:25:37.838 320 2255 D XM_HIDREAD: poll ret=1, event=1
06-26 18:25:37.839 320 2255 D XM_HIDREAD: [3 bytes]:03 00 00
06-26 18:25:37.839 477 600 D TvWindowManager: key event key = KEYCODE_VOLUME_UP down = false
06-26 18:25:37.843 477 599 D GpioService: mFlickerEnable = true
06-26 18:25:37.850 2539 2539 I SogouIME: onKeyDown: keyoCode=24
06-26 18:25:37.851 2539 2539 I DefaultIMS: onKeyDown: keyoCode=24
06-26 18:25:37.855 477 1355 D MediaSessionService: dispatchVolumeKeyEvent, pkg=com.tv.filemanager.os, opPkg=com.tv.filemanager.os, pid=2835, uid=10049, asSystem=true, event=KeyEvent { action=ACTION_DOWN, keyCode=KEYCODE_VOLUME_UP, scanCode=115, metaState=0, flags=0x8, repeatCount=0, eventTime=45631, downTime=45631, deviceId=4, source=0x101, displayId=-1 }, stream=-2147483648, musicOnly=false
06-26 18:25:37.855 477 1355 D MediaSessionService: Adjusting suggestedStream=-2147483648 by 1. flags=4113, preferSuggestedStream=false, session=null
06-26 18:25:37.866 2539 2539 I SogouIME: onKeyUp: keyoCode=24
06-26 18:25:37.866 2539 2539 I DefaultIMS: onKeyUp: keyoCode=24
06-26 18:25:37.868 477 755 D MediaSessionService: dispatchVolumeKeyEvent, pkg=com.tv.filemanager.os, opPkg=com.tv.filemanager.os, pid=2835, uid=10049, asSystem=true, event=KeyEvent { action=ACTION_UP, keyCode=KEYCODE_VOLUME_UP, scanCode=115, metaState=0, flags=0x8, repeatCount=0, eventTime=45778, downTime=45631, deviceId=4, source=0x101, displayId=-1 }, stream=-2147483648, musicOnly=false
06-26 18:25:37.868 477 755 D MediaSessionService: Adjusting suggestedStream=-2147483648 by 0. flags=4116, preferSuggestedStream=false, session=null
06-26 18:25:37.896 672 1246 I vol.Events: writeEvent level_changed STREAM_MUSIC 7
06-26 18:25:37.903 672 1246 I vol.Events: writeEvent key STREAM_MUSIC 7
06-26 18:25:37.915 672 672 I vol.Events: writeEvent show_dialog volume_changed keyguard=false
06-26 18:25:37.928 320 2255 D XM_HIDREAD: poll ret=1, event=1
06-26 18:25:37.928 320 2255 D XM_HIDREAD: [3 bytes]:03 E9 00
06-26 18:25:37.929 477 600 D TvWindowManager: key event key = KEYCODE_VOLUME_UP down = true
06-26 18:25:37.931 477 599 D GpioService: mFlickerEnable = true
06-26 18:25:37.990 477 524 W IorapForwardingService: No service published for: iorapd
06-26 18:25:38.007 320 2255 D XM_HIDREAD: poll ret=1, event=1
06-26 18:25:38.007 320 2255 D XM_HIDREAD: [3 bytes]:03 00 00
06-26 18:25:38.008 477 600 D TvWindowManager: key event key = KEYCODE_VOLUME_UP down = false
06-26 18:25:38.074 320 2255 D XM_HIDREAD: poll ret=1, event=1
06-26 18:25:38.074 320 2255 D XM_HIDREAD: [3 bytes]:03 E9 00
06-26 18:25:38.075 477 600 D TvWindowManager: key event key = KEYCODE_VOLUME_UP down = true
06-26 18:25:38.079 477 599 D GpioService: mFlickerEnable = true
06-26 18:25:38.153 320 2255 D XM_HIDREAD: poll ret=1, event=1
06-26 18:25:38.153 320 2255 D XM_HIDREAD: [3 bytes]:03 00 00
06-26 18:25:38.154 477 600 D TvWindowManager: key event key = KEYCODE_VOLUME_UP down = false
06-26 18:25:38.209 320 2255 D XM_HIDREAD: poll ret=1, event=1
06-26 18:25:38.209 320 2255 D XM_HIDREAD: [3 bytes]:03 E9 00
06-26 18:25:38.210 477 600 D TvWindowManager: key event key = KEYCODE_VOLUME_UP down = true
06-26 18:25:38.226 477 599 D GpioService: mFlickerEnable = true
06-26 18:25:38.288 320 2255 D XM_HIDREAD: poll ret=1, event=1
06-26 18:25:38.288 320 2255 D XM_HIDREAD: [3 bytes]:03 00 00
06-26 18:25:38.288 477 600 D TvWindowManager: key event key = KEYCODE_VOLUME_UP down = false
06-26 18:25:38.360 477 599 D GpioService: mFlickerEnable = true
06-26 18:25:38.362 2539 2539 I SogouIME: onKeyDown: keyoCode=24
06-26 18:25:38.362 2539 2539 I DefaultIMS: onKeyDown: keyoCode=24
06-26 18:25:38.364 477 1355 D MediaSessionService: dispatchVolumeKeyEvent, pkg=com.tv.filemanager.os, opPkg=com.tv.filemanager.os, pid=2835, uid=10049, asSystem=true, event=KeyEvent { action=ACTION_DOWN, keyCode=KEYCODE_VOLUME_UP, scanCode=115, metaState=0, flags=0x8, repeatCount=0, eventTime=45867, downTime=45867, deviceId=4, source=0x101, displayId=-1 }, stream=-2147483648, musicOnly=false
06-26 18:25:38.364 477 1355 D MediaSessionService: Adjusting suggestedStream=-2147483648 by 1. flags=4113, preferSuggestedStream=false, session=null
06-26 18:25:38.365 477 599 D GpioService: mFlickerEnable = true
06-26 18:25:38.366 2539 2539 I SogouIME: onKeyUp: keyoCode=24
06-26 18:25:38.366 2539 2539 I DefaultIMS: onKeyUp: keyoCode=24
06-26 18:25:38.368 477 1355 D MediaSessionService: dispatchVolumeKeyEvent, pkg=com.tv.filemanager.os, opPkg=com.tv.filemanager.os, pid=2835, uid=10049, asSystem=true, event=KeyEvent { action=ACTION_UP, keyCode=KEYCODE_VOLUME_UP, scanCode=115, metaState=0, flags=0x8, repeatCount=0, eventTime=45946, downTime=45867, deviceId=4, source=0x101, displayId=-1 }, stream=-2147483648, musicOnly=false
06-26 18:25:38.368 477 1355 D MediaSessionService: Adjusting suggestedStream=-2147483648 by 0. flags=4116, preferSuggestedStream=false, session=null
06-26 18:25:38.370 2539 2539 I SogouIME: onKeyDown: keyoCode=24
06-26 18:25:38.370 2539 2539 I DefaultIMS: onKeyDown: keyoCode=24
06-26 18:25:38.372 477 1355 D MediaSessionService: dispatchVolumeKeyEvent, pkg=com.tv.filemanager.os, opPkg=com.tv.filemanager.os, pid=2835, uid=10049, asSystem=true, event=KeyEvent { action=ACTION_DOWN, keyCode=KEYCODE_VOLUME_UP, scanCode=115, metaState=0, flags=0x8, repeatCount=0, eventTime=46014, downTime=46014, deviceId=4, source=0x101, displayId=-1 }, stream=-2147483648, musicOnly=false
06-26 18:25:38.372 477 1355 D MediaSessionService: Adjusting suggestedStream=-2147483648 by 1. flags=4113, preferSuggestedStream=false, session=null
06-26 18:25:38.373 477 599 D GpioService: mFlickerEnable = true
06-26 18:25:38.375 2539 2539 I SogouIME: onKeyUp: keyoCode=24
06-26 18:25:38.375 2539 2539 I DefaultIMS: onKeyUp: keyoCode=24
06-26 18:25:38.377 477 1355 D MediaSessionService: dispatchVolumeKeyEvent, pkg=com.tv.filemanager.os, opPkg=com.tv.filemanager.os, pid=2835, uid=10049, asSystem=true, event=KeyEvent { action=ACTION_UP, keyCode=KEYCODE_VOLUME_UP, scanCode=115, metaState=0, flags=0x8, repeatCount=0, eventTime=46092, downTime=46014, deviceId=4, source=0x101, displayId=-1 }, stream=-2147483648, musicOnly=false
06-26 18:25:38.377 477 1355 D MediaSessionService: Adjusting suggestedStream=-2147483648 by 0. flags=4116, preferSuggestedStream=false, session=null
06-26 18:25:38.380 2539 2539 I SogouIME: onKeyDown: keyoCode=24
06-26 18:25:38.380 2539 2539 I DefaultIMS: onKeyDown: keyoCode=24
06-26 18:25:38.382 477 755 D MediaSessionService: dispatchVolumeKeyEvent, pkg=com.tv.filemanager.os, opPkg=com.tv.filemanager.os, pid=2835, uid=10049, asSystem=true, event=KeyEvent { action=ACTION_DOWN, keyCode=KEYCODE_VOLUME_UP, scanCode=115, metaState=0, flags=0x8, repeatCount=0, eventTime=46149, downTime=46149, deviceId=4, source=0x101, displayId=-1 }, stream=-2147483648, musicOnly=false
06-26 18:25:38.382 477 755 D MediaSessionService: Adjusting suggestedStream=-2147483648 by 1. flags=4113, preferSuggestedStream=false, session=null
06-26 18:25:38.382 672 1246 I vol.Events: writeEvent level_changed STREAM_MUSIC 8
06-26 18:25:38.384 2539 2539 I SogouIME: onKeyUp: keyoCode=24
06-26 18:25:38.384 2539 2539 I DefaultIMS: onKeyUp: keyoCode=24
06-26 18:25:38.386 477 755 D MediaSessionService: dispatchVolumeKeyEvent, pkg=com.tv.filemanager.os, opPkg=com.tv.filemanager.os, pid=2835, uid=10049, asSystem=true, event=KeyEvent { action=ACTION_UP, keyCode=KEYCODE_VOLUME_UP, scanCode=115, metaState=0, flags=0x8, repeatCount=0, eventTime=46227, downTime=46149, deviceId=4, source=0x101, displayId=-1 }, stream=-2147483648, musicOnly=false
06-26 18:25:38.386 477 755 D MediaSessionService: Adjusting suggestedStream=-2147483648 by 0. flags=4116, preferSuggestedStream=false, session=null
06-26 18:25:38.410 672 672 I vol.Events: writeEvent show_dialog volume_changed keyguard=false
06-26 18:25:38.419 672 1246 I vol.Events: writeEvent level_changed STREAM_MUSIC 9
06-26 18:25:38.422 672 1246 I vol.Events: writeEvent key STREAM_MUSIC 9
06-26 18:25:38.439 672 1246 I vol.Events: writeEvent level_changed STREAM_MUSIC 10
06-26 18:25:38.443 672 1246 I vol.Events: writeEvent key STREAM_MUSIC 10
06-26 18:25:38.443 672 1246 I vol.Events: writeEvent level_changed STREAM_MUSIC 9
06-26 18:25:38.452 672 1246 I vol.Events: writeEvent level_changed STREAM_MUSIC 10
06-26 18:25:38.457 672 1246 I vol.Events: writeEvent key STREAM_MUSIC 10
06-26 18:25:38.468 672 672 I vol.Events: writeEvent show_dialog volume_changed keyguard=false
06-26 18:25:38.483 672 672 I vol.Events: writeEvent show_dialog volume_changed keyguard=false
06-26 18:25:38.569 320 2255 D XM_HIDREAD: poll ret=1, event=1
06-26 18:25:38.569 320 2255 D XM_HIDREAD: [3 bytes]:03 E9 00
06-26 18:25:38.569 477 600 D TvWindowManager: key event key = KEYCODE_VOLUME_UP down = true
06-26 18:25:38.572 477 599 D GpioService: mFlickerEnable = true
06-26 18:25:38.671 320 2255 D XM_HIDREAD: poll ret=1, event=1
06-26 18:25:38.671 320 2255 D XM_HIDREAD: [3 bytes]:03 00 00
06-26 18:25:38.671 477 600 D TvWindowManager: key event key = KEYCODE_VOLUME_UP down = false
06-26 18:25:38.720 477 599 D GpioService: mFlickerEnable = true
06-26 18:25:38.721 2539 2539 I SogouIME: onKeyDown: keyoCode=24
06-26 18:25:38.721 2539 2539 I DefaultIMS: onKeyDown: keyoCode=24
06-26 18:25:38.723 477 755 D MediaSessionService: dispatchVolumeKeyEvent, pkg=com.tv.filemanager.os, opPkg=com.tv.filemanager.os, pid=2835, uid=10049, asSystem=true, event=KeyEvent { action=ACTION_DOWN, keyCode=KEYCODE_VOLUME_UP, scanCode=115, metaState=0, flags=0x8, repeatCount=0, eventTime=46508, downTime=46508, deviceId=4, source=0x101, displayId=-1 }, stream=-2147483648, musicOnly=false
06-26 18:25:38.723 477 755 D MediaSessionService: Adjusting suggestedStream=-2147483648 by 1. flags=4113, preferSuggestedStream=false, session=null
06-26 18:25:38.724 2539 2539 I SogouIME: onKeyUp: keyoCode=24
06-26 18:25:38.724 2539 2539 I DefaultIMS: onKeyUp: keyoCode=24
06-26 18:25:38.726 477 755 D MediaSessionService: dispatchVolumeKeyEvent, pkg=com.tv.filemanager.os, opPkg=com.tv.filemanager.os, pid=2835, uid=10049, asSystem=true, event=KeyEvent { action=ACTION_UP, keyCode=KEYCODE_VOLUME_UP, scanCode=115, metaState=0, flags=0x8, repeatCount=0, eventTime=46610, downTime=46508, deviceId=4, source=0x101, displayId=-1 }, stream=-2147483648, musicOnly=false
06-26 18:25:38.726 477 755 D MediaSessionService: Adjusting suggestedStream=-2147483648 by 0. flags=4116, preferSuggestedStream=false, session=null
06-26 18:25:38.740 672 1246 I vol.Events: writeEvent level_changed STREAM_MUSIC 11
06-26 18:25:38.745 672 1246 I vol.Events: writeEvent key STREAM_MUSIC 11
06-26 18:25:38.745 672 672 I vol.Events: writeEvent show_dialog volume_changed keyguard=false
06-26 18:25:38.984 1032 1476 I MediaProvider: Scanned fe88252f8824e83b due to REASON_MOUNTED, found 2456 items in 11210ms, 0 inserts 0 updates 0 deletes
06-26 18:25:38.987 1032 1476 I MediaProvider: End Intent { act=com.android.providers.media.action.SCAN_VOLUME (has extras) }
06-26 18:25:38.988 1032 1476 I MediaProvider: Begin Intent { act=android.intent.action.MEDIA_MOUNTED dat=file:///storage/emulated/0 flg=0x5000010 cmp=com.android.providers.media.module/com.android.providers.media.MediaService (has extras) }
06-26 18:25:38.989 1032 1476 I MediaProvider: Volume MediaVolume name: [external_primary] id: [emulated;0] user: [UserHandle{0}] path: [/storage/emulated/0] already attached
06-26 18:25:38.989 1032 1476 I MediaProvider: End Intent { act=android.intent.action.MEDIA_MOUNTED dat=file:///storage/emulated/0 flg=0x5000010 cmp=com.android.providers.media.module/com.android.providers.media.MediaService (has extras) }
06-26 18:25:38.990 1032 1476 I MediaProvider: Begin Intent { act=android.intent.action.MEDIA_MOUNTED dat=file:///storage/emulated/0 flg=0x5000010 cmp=com.android.providers.media.module/com.android.providers.media.MediaService (has extras) }
06-26 18:25:38.990 1032 1476 I MediaProvider: Volume MediaVolume name: [external_primary] id: [emulated;0] user: [UserHandle{0}] path: [/storage/emulated/0] already attached
06-26 18:25:38.990 1032 1476 I MediaProvider: End Intent { act=android.intent.action.MEDIA_MOUNTED dat=file:///storage/emulated/0 flg=0x5000010 cmp=com.android.providers.media.module/com.android.providers.media.MediaService (has extras) }
06-26 18:25:38.991 1032 1476 I MediaProvider: Begin Intent { act=android.intent.action.MEDIA_MOUNTED dat=file:///storage/FE88252F8824E83B flg=0x5000010 cmp=com.android.providers.media.module/com.android.providers.media.MediaService (has extras) }
06-26 18:25:38.991 1032 1476 I MediaProvider: Volume MediaVolume name: [fe88252f8824e83b] id: [public:8,1] user: [UserHandle{0}] path: [/storage/FE88252F8824E83B] already attached
06-26 18:25:38.991 1032 1476 I MediaProvider: End Intent { act=android.intent.action.MEDIA_MOUNTED dat=file:///storage/FE88252F8824E83B flg=0x5000010 cmp=com.android.providers.media.module/com.android.providers.media.MediaService (has extras) }
06-26 18:25:38.993 477 524 W IorapForwardingService: No service published for: iorapd
06-26 18:25:39.158 477 1001 W ZramWriteback: Writeback device is not set
06-26 18:25:39.158 477 1001 D ZramWriteback: wait to flush
06-26 18:25:39.278 320 2255 D XM_HIDREAD: poll ret=1, event=1
06-26 18:25:39.278 320 2255 D XM_HIDREAD: [9 bytes]:01 00 00 51 00 00 00 00 00
06-26 18:25:39.279 477 600 D TvWindowManager: key event key = KEYCODE_DPAD_DOWN down = true
06-26 18:25:39.286 477 599 D GpioService: mFlickerEnable = true
06-26 18:25:39.402 320 2255 D XM_HIDREAD: poll ret=1, event=1
06-26 18:25:39.402 320 2255 D XM_HIDREAD: [9 bytes]:01 00 00 00 00 00 00 00 00
06-26 18:25:39.402 477 600 D TvWindowManager: key event key = KEYCODE_DPAD_DOWN down = false
06-26 18:25:39.428 477 599 D GpioService: mFlickerEnable = true
06-26 18:25:39.429 2539 2539 I SogouIME: onKeyDown: keyoCode=20
06-26 18:25:39.429 2539 2539 I DefaultIMS: onKeyDown: keyoCode=20
06-26 18:25:39.437 2539 2539 I DefaultIMS: onStartInput attribute=android.view.inputmethod.EditorInfo@cecf81f restarting=false inputType: 0
06-26 18:25:39.438 2539 2539 I SogouIME: onKeyUp: keyoCode=20
06-26 18:25:39.438 2539 2539 I DefaultIMS: onKeyUp: keyoCode=20
06-26 18:25:39.456 1320 1320 I efs-base: type=1400 audit(0.0:1848): avc: denied { rmdir } for name="2969" dev="mmcblk0p25" ino=43163 scontext=u:r:platform_app:s0:c512,c768 tcontext=u:object_r:app_data_file:s0:c512,c768 tclass=dir permissive=1 app=com.dangbei.screencast
06-26 18:25:39.481 320 2255 D XM_HIDREAD: poll ret=1, event=1
06-26 18:25:39.481 320 2255 D XM_HIDREAD: [9 bytes]:01 00 00 51 00 00 00 00 00
06-26 18:25:39.481 477 600 D TvWindowManager: key event key = KEYCODE_DPAD_DOWN down = true
06-26 18:25:39.483 477 599 D GpioService: mFlickerEnable = true
06-26 18:25:39.512 375 375 D dom2reg : timezone change, new: Etc/GMT-8, pre:
06-26 18:25:39.512 375 375 W dom2reg : timezone [Etc/GMT-8] not in default tables, please check!
06-26 18:25:39.571 320 2255 D XM_HIDREAD: poll ret=1, event=1
06-26 18:25:39.571 320 2255 D XM_HIDREAD: [9 bytes]:01 00 00 00 00 00 00 00 00
06-26 18:25:39.571 477 600 D TvWindowManager: key event key = KEYCODE_DPAD_DOWN down = false
06-26 18:25:39.632 477 599 D GpioService: mFlickerEnable = true
06-26 18:25:39.634 2539 2539 I SogouIME: onKeyDown: keyoCode=20
06-26 18:25:39.634 2539 2539 I DefaultIMS: onKeyDown: keyoCode=20
06-26 18:25:39.637 2539 2539 I SogouIME: onKeyUp: keyoCode=20
06-26 18:25:39.637 2539 2539 I DefaultIMS: onKeyUp: keyoCode=20
06-26 18:25:39.647 2539 2539 I DefaultIMS: onStartInput attribute=android.view.inputmethod.EditorInfo@b79476c restarting=false inputType: 0
06-26 18:25:39.895 662 662 E WifiHAL : wifi_get_link_stats: requestResponse Error:-5
06-26 18:25:39.896 477 612 E WifiVendorHal: getWifiLinkLayerStats_1_5_Internal(l.1191) failed {.code = ERROR_INVALID_ARGS, .description = }
06-26 18:25:39.941 477 757 D SntpClient: request time failed: java.net.SocketTimeoutException: Poll timed out
06-26 18:25:39.941 477 757 D SntpClient: request time failed
06-26 18:25:39.996 477 524 W IorapForwardingService: No service published for: iorapd
06-26 18:25:40.016 3292 3292 I Thread-2: type=1400 audit(0.0:1849): avc: denied { execute } for name="am" dev="dm-1" ino=1160 scontext=u:r:system_app:s0 tcontext=u:object_r:vendor_file:s0 tclass=file permissive=1
06-26 18:25:40.016 3292 3292 I Thread-2: type=1400 audit(0.0:1850): avc: denied { read open } for path="/vendor/xbin/am" dev="dm-1" ino=1160 scontext=u:r:system_app:s0 tcontext=u:object_r:vendor_file:s0 tclass=file permissive=1
06-26 18:25:40.016 3292 3292 I Thread-2: type=1400 audit(0.0:1851): avc: denied { execute_no_trans } for path="/vendor/xbin/am" dev="dm-1" ino=1160 scontext=u:r:system_app:s0 tcontext=u:object_r:vendor_file:s0 tclass=file permissive=1
06-26 18:25:40.062 1117 1117 D aaa : LedStatusService onStartCommand begin
06-26 18:25:40.067 1203 1203 D bbb : onStartCommand begin !!!!!!! data分区剩余 23329MB
06-26 18:25:40.070 1117 3300 D aaa : topPkg is -------------- :com.tv.filemanager.os
06-26 18:25:40.083 477 757 D SntpClient: round trip: 73ms, clock offset: 220ms
06-26 18:25:40.092 477 1091 E TaskPersister: File error accessing recents directory (directory doesn't exist?).
06-26 18:25:40.311 1320 2109 I efs.base: wa upload succ, HttpResponse {succ=true, code=200, data='暂不支持该服务', extra={req_url=https://errlog.umeng.com/api/crashsdk/logcollect}}
06-26 18:25:40.991 209 3043 I keystore2: keystore2::watchdog: Watchdog thread idle -> terminating. Have a great day.
06-26 18:25:40.997 477 524 W IorapForwardingService: No service published for: iorapd
06-26 18:25:41.506 320 2255 D XM_HIDREAD: poll ret=1, event=1
06-26 18:25:41.506 320 2255 D XM_HIDREAD: [9 bytes]:01 00 00 4F 00 00 00 00 00
06-26 18:25:41.506 477 600 D TvWindowManager: key event key = KEYCODE_DPAD_RIGHT down = true
06-26 18:25:41.511 477 599 D GpioService: mFlickerEnable = true
06-26 18:25:41.512 2539 2539 I SogouIME: onKeyDown: keyoCode=22
06-26 18:25:41.512 2539 2539 I DefaultIMS: onKeyDown: keyoCode=22
06-26 18:25:41.512 375 375 D dom2reg : timezone change, new: Etc/GMT-8, pre:
06-26 18:25:41.512 375 375 W dom2reg : timezone [Etc/GMT-8] not in default tables, please check!
06-26 18:25:41.532 2539 2539 I DefaultIMS: onStartInput attribute=android.view.inputmethod.EditorInfo@41c6fe9 restarting=false inputType: 0
06-26 18:25:41.584 320 2255 D XM_HIDREAD: poll ret=1, event=1
06-26 18:25:41.584 320 2255 D XM_HIDREAD: [9 bytes]:01 00 00 00 00 00 00 00 00
06-26 18:25:41.585 477 600 D TvWindowManager: key event key = KEYCODE_DPAD_RIGHT down = false
06-26 18:25:41.587 2539 2539 I SogouIME: onKeyUp: keyoCode=22
06-26 18:25:41.587 2539 2539 I DefaultIMS: onKeyUp: keyoCode=22
06-26 18:25:41.686 320 2255 D XM_HIDREAD: poll ret=1, event=1
06-26 18:25:41.686 320 2255 D XM_HIDREAD: [9 bytes]:01 00 00 4F 00 00 00 00 00
06-26 18:25:41.686 477 600 D TvWindowManager: key event key = KEYCODE_DPAD_RIGHT down = true
06-26 18:25:41.689 477 599 D GpioService: mFlickerEnable = true
06-26 18:25:41.690 2539 2539 I SogouIME: onKeyDown: keyoCode=22
06-26 18:25:41.690 2539 2539 I DefaultIMS: onKeyDown: keyoCode=22
06-26 18:25:41.700 2539 2539 I DefaultIMS: onStartInput attribute=android.view.inputmethod.EditorInfo@16ad46e restarting=false inputType: 0
06-26 18:25:41.746 672 672 I vol.Events: writeEvent dismiss_dialog timeout
06-26 18:25:41.749 672 1246 I vol.Events: writeEvent active_stream_changed UNKNOWN_STREAM_-1
06-26 18:25:41.776 320 2255 D XM_HIDREAD: poll ret=1, event=1
06-26 18:25:41.776 320 2255 D XM_HIDREAD: [9 bytes]:01 00 00 00 00 00 00 00 00
06-26 18:25:41.776 477 600 D TvWindowManager: key event key = KEYCODE_DPAD_RIGHT down = false
06-26 18:25:41.778 2539 2539 I SogouIME: onKeyUp: keyoCode=22
06-26 18:25:41.778 2539 2539 I DefaultIMS: onKeyUp: keyoCode=22
06-26 18:25:41.779 477 595 D CompatibilityChangeReporter: Compat change id reported: 168419799; UID 10017; state: DISABLED
06-26 18:25:41.789 477 612 E WifiHealthMonitor: Hit PackageManager exception
06-26 18:25:41.789 477 612 E WifiHealthMonitor: android.content.pm.PackageManager$NameNotFoundException: No module info for package: com.android.wifi
06-26 18:25:41.789 477 612 E WifiHealthMonitor: at android.app.ApplicationPackageManager.getModuleInfo(ApplicationPackageManager.java:1079)
06-26 18:25:41.789 477 612 E WifiHealthMonitor: at com.android.server.wifi.WifiHealthMonitor.getWifiStackVersion(WifiHealthMonitor.java:366)
06-26 18:25:41.789 477 612 E WifiHealthMonitor: at com.android.server.wifi.WifiHealthMonitor.extractCurrentSoftwareBuildInfo(WifiHealthMonitor.java:587)
06-26 18:25:41.789 477 612 E WifiHealthMonitor: at com.android.server.wifi.WifiHealthMonitor.postBootSwBuildCheck(WifiHealthMonitor.java:522)
06-26 18:25:41.789 477 612 E WifiHealthMonitor: at com.android.server.wifi.WifiHealthMonitor.postBootDetectionHandler(WifiHealthMonitor.java:513)
06-26 18:25:41.789 477 612 E WifiHealthMonitor: at com.android.server.wifi.WifiHealthMonitor.access$500(WifiHealthMonitor.java:71)
06-26 18:25:41.789 477 612 E WifiHealthMonitor: at com.android.server.wifi.WifiHealthMonitor$2.onAlarm(WifiHealthMonitor.java:190)
06-26 18:25:41.789 477 612 E WifiHealthMonitor: at android.app.AlarmManager$ListenerWrapper.run(AlarmManager.java:323)
06-26 18:25:41.789 477 612 E WifiHealthMonitor: at android.os.Handler.handleCallback(Handler.java:938)
06-26 18:25:41.789 477 612 E WifiHealthMonitor: at android.os.Handler.dispatchMessage(Handler.java:99)
06-26 18:25:41.789 477 612 E WifiHealthMonitor: at android.os.Looper.loopOnce(Looper.java:201)
06-26 18:25:41.789 477 612 E WifiHealthMonitor: at android.os.Looper.loop(Looper.java:288)
06-26 18:25:41.789 477 612 E WifiHealthMonitor: at android.os.HandlerThread.run(HandlerThread.java:67)
06-26 18:25:41.791 662 662 E WifiHAL : wifi_get_driver_version: Error -5 happened.
06-26 18:25:41.791 662 662 E android.hardware.wifi@1.0-service-lazy: Failed to get driver version: INVALID_ARGS
06-26 18:25:41.794 477 612 E WifiVendorHal: requestChipDebugInfo(l.2167) failed {.code = ERROR_INVALID_ARGS, .description = failed to get driver version}
06-26 18:25:41.794 477 612 I WifiVendorHal: Driver: null Firmware: null
06-26 18:25:41.795 662 662 E WifiHAL : wifi_get_driver_version: Error -5 happened.
06-26 18:25:41.795 662 662 E android.hardware.wifi@1.0-service-lazy: Failed to get driver version: INVALID_ARGS
06-26 18:25:41.800 477 612 E WifiVendorHal: requestChipDebugInfo(l.2167) failed {.code = ERROR_INVALID_ARGS, .description = failed to get driver version}
06-26 18:25:41.801 2155 3307 D EpgDataCleanupService: Received intent: Intent { act=com.android.providers.tv.intent.CLEAN_UP_EPG_DATA cmp=com.android.providers.tv/.EpgDataCleanupService }
06-26 18:25:41.801 477 612 I WifiVendorHal: Driver: null Firmware: null
06-26 18:25:41.840 247 247 I Binder:247_1: type=1400 audit(0.0:1852): avc: denied { add_name } for name="globalAlert" scontext=u:r:netd:s0 tcontext=u:object_r:proc_net:s0 tclass=dir permissive=1
06-26 18:25:41.840 247 247 I Binder:247_1: type=1400 audit(0.0:1853): avc: denied { create } for name="globalAlert" scontext=u:r:netd:s0 tcontext=u:object_r:proc_net:s0 tclass=file permissive=1
06-26 18:25:41.979 320 2255 D XM_HIDREAD: poll ret=1, event=1
06-26 18:25:41.979 320 2255 D XM_HIDREAD: [9 bytes]:01 00 00 4F 00 00 00 00 00
06-26 18:25:41.979 477 600 D TvWindowManager: key event key = KEYCODE_DPAD_RIGHT down = true
06-26 18:25:41.984 477 599 D GpioService: mFlickerEnable = true
06-26 18:25:41.985 2539 2539 I SogouIME: onKeyDown: keyoCode=22
06-26 18:25:41.986 2539 2539 I DefaultIMS: onKeyDown: keyoCode=22
06-26 18:25:41.999 477 524 W IorapForwardingService: No service published for: iorapd
06-26 18:25:42.002 2539 2539 I DefaultIMS: onStartInput attribute=android.view.inputmethod.EditorInfo@24a270f restarting=false inputType: 0
06-26 18:25:42.046 320 2255 D XM_HIDREAD: poll ret=1, event=1
06-26 18:25:42.046 320 2255 D XM_HIDREAD: [9 bytes]:01 00 00 00 00 00 00 00 00
06-26 18:25:42.046 477 600 D TvWindowManager: key event key = KEYCODE_DPAD_RIGHT down = false
06-26 18:25:42.048 2539 2539 I SogouIME: onKeyUp: keyoCode=22
06-26 18:25:42.048 2539 2539 I DefaultIMS: onKeyUp: keyoCode=22
06-26 18:25:42.194 0 0 I [ C0] nf_conntrack: default automatic helper assignment has been turned off for security reasons and CT-based firewall rule not found. Use the iptables CT target to attach helpers instead.
06-26 18:25:42.217 477 755 W InputManager-JNI: Input channel object '14fdd45 VolumeDialogImpl (client)' was disposed without first being removed with the input manager!
06-26 18:25:42.227 477 755 D WifiNl80211Manager: Scan result ready event
06-26 18:25:42.228 477 755 D WifiNative: Scan result ready event
06-26 18:25:42.272 477 617 D WificondScannerImpl: Filtering out 23 scan results.
06-26 18:25:42.290 662 662 E WifiHAL : wifi_get_link_stats: requestResponse Error:-5
06-26 18:25:42.292 477 612 E WifiVendorHal: getWifiLinkLayerStats_1_5_Internal(l.1191) failed {.code = ERROR_INVALID_ARGS, .description = }
06-26 18:25:42.676 320 2255 D XM_HIDREAD: poll ret=1, event=1
06-26 18:25:42.676 320 2255 D XM_HIDREAD: [9 bytes]:01 00 00 4F 00 00 00 00 00
06-26 18:25:42.676 477 600 D TvWindowManager: key event key = KEYCODE_DPAD_RIGHT down = true
06-26 18:25:42.681 477 599 D GpioService: mFlickerEnable = true
06-26 18:25:42.682 2539 2539 I SogouIME: onKeyDown: keyoCode=22
06-26 18:25:42.682 2539 2539 I DefaultIMS: onKeyDown: keyoCode=22
06-26 18:25:42.698 2539 2539 I DefaultIMS: onStartInput attribute=android.view.inputmethod.EditorInfo@c11852a restarting=false inputType: 0
06-26 18:25:42.788 320 2255 D XM_HIDREAD: poll ret=1, event=1
06-26 18:25:42.788 320 2255 D XM_HIDREAD: [9 bytes]:01 00 00 00 00 00 00 00 00
06-26 18:25:42.788 477 600 D TvWindowManager: key event key = KEYCODE_DPAD_RIGHT down = false
06-26 18:25:42.790 2539 2539 I SogouIME: onKeyUp: keyoCode=22
06-26 18:25:42.790 2539 2539 I DefaultIMS: onKeyUp: keyoCode=22
06-26 18:25:42.904 662 662 E WifiHAL : wifi_get_link_stats: requestResponse Error:-5
06-26 18:25:42.905 477 612 E WifiVendorHal: getWifiLinkLayerStats_1_5_Internal(l.1191) failed {.code = ERROR_INVALID_ARGS, .description = }
06-26 18:25:43.001 477 524 W IorapForwardingService: No service published for: iorapd
06-26 18:25:43.351 320 2255 D XM_HIDREAD: poll ret=1, event=1
06-26 18:25:43.351 320 2255 D XM_HIDREAD: [9 bytes]:01 00 00 50 00 00 00 00 00
06-26 18:25:43.351 477 600 D TvWindowManager: key event key = KEYCODE_DPAD_LEFT down = true
06-26 18:25:43.356 477 599 D GpioService: mFlickerEnable = true
06-26 18:25:43.357 2539 2539 I SogouIME: onKeyDown: keyoCode=21
06-26 18:25:43.357 2539 2539 I DefaultIMS: onKeyDown: keyoCode=21
06-26 18:25:43.382 2539 2539 I DefaultIMS: onStartInput attribute=android.view.inputmethod.EditorInfo@8e39acd restarting=false inputType: 0
06-26 18:25:43.513 375 375 D dom2reg : timezone change, new: Etc/GMT-8, pre:
06-26 18:25:43.513 375 375 W dom2reg : timezone [Etc/GMT-8] not in default tables, please check!
06-26 18:25:43.519 320 2255 D XM_HIDREAD: poll ret=1, event=1
06-26 18:25:43.519 320 2255 D XM_HIDREAD: [9 bytes]:01 00 00 00 00 00 00 00 00
06-26 18:25:43.520 477 600 D TvWindowManager: key event key = KEYCODE_DPAD_LEFT down = false
06-26 18:25:43.521 2539 2539 I SogouIME: onKeyUp: keyoCode=21
06-26 18:25:43.521 2539 2539 I DefaultIMS: onKeyUp: keyoCode=21
06-26 18:25:43.592 2570 2663 D UtilLog : 日志批量上报 进行正常循环 !!!!!!本次有0次请求,共0条数据
06-26 18:25:43.598 320 2255 D XM_HIDREAD: poll ret=1, event=1
06-26 18:25:43.598 320 2255 D XM_HIDREAD: [9 bytes]:01 00 00 50 00 00 00 00 00
06-26 18:25:43.598 477 600 D TvWindowManager: key event key = KEYCODE_DPAD_LEFT down = true
06-26 18:25:43.600 477 599 D GpioService: mFlickerEnable = true
06-26 18:25:43.602 2539 2539 I SogouIME: onKeyDown: keyoCode=21
06-26 18:25:43.602 2539 2539 I DefaultIMS: onKeyDown: keyoCode=21
06-26 18:25:43.615 2539 2539 I DefaultIMS: onStartInput attribute=android.view.inputmethod.EditorInfo@9a18f82 restarting=false inputType: 0
06-26 18:25:43.733 320 2255 D XM_HIDREAD: poll ret=1, event=1
06-26 18:25:43.733 320 2255 D XM_HIDREAD: [9 bytes]:01 00 00 00 00 00 00 00 00
06-26 18:25:43.734 477 600 D TvWindowManager: key event key = KEYCODE_DPAD_LEFT down = false
06-26 18:25:43.736 2539 2539 I SogouIME: onKeyUp: keyoCode=21
06-26 18:25:43.736 2539 2539 I DefaultIMS: onKeyUp: keyoCode=21
06-26 18:25:44.003 477 524 W IorapForwardingService: No service published for: iorapd
06-26 18:25:44.069 266 286 D hdmi-cec: receive invalid cec message!
06-26 18:25:44.070 266 286 D hdmi-cec: receive poll message [04], skip!
06-26 18:25:45.005 477 524 W IorapForwardingService: No service published for: iorapd
06-26 18:25:45.233 254 979 E bt_upio : upio_set : /proc/bluetooth/sleep/btwrite(-1) incorrent
06-26 18:25:45.252 1320 1320 I cling--ap-1: type=1400 audit(0.0:1854): avc: denied { search } for name="net" dev="sysfs" ino=10442 scontext=u:r:platform_app:s0:c512,c768 tcontext=u:object_r:sysfs_net:s0 tclass=dir permissive=1 app=com.dangbei.screencast
06-26 18:25:45.513 375 375 D dom2reg : timezone change, new: Etc/GMT-8, pre:
06-26 18:25:45.513 375 375 W dom2reg : timezone [Etc/GMT-8] not in default tables, please check!
06-26 18:25:45.914 662 662 E WifiHAL : wifi_get_link_stats: requestResponse Error:-5
06-26 18:25:45.916 477 612 E WifiVendorHal: getWifiLinkLayerStats_1_5_Internal(l.1191) failed {.code = ERROR_INVALID_ARGS, .description = }
06-26 18:25:46.008 477 524 W IorapForwardingService: No service published for: iorapd
06-26 18:25:46.434 320 2255 D XM_HIDREAD: poll ret=1, event=1
06-26 18:25:46.434 320 2255 D XM_HIDREAD: [9 bytes]:01 00 00 4F 00 00 00 00 00
06-26 18:25:46.434 477 600 D TvWindowManager: key event key = KEYCODE_DPAD_RIGHT down = true
06-26 18:25:46.439 477 599 D GpioService: mFlickerEnable = true
06-26 18:25:46.440 2539 2539 I SogouIME: onKeyDown: keyoCode=22
06-26 18:25:46.440 2539 2539 I DefaultIMS: onKeyDown: keyoCode=22
06-26 18:25:46.447 2539 2539 I DefaultIMS: onStartInput attribute=android.view.inputmethod.EditorInfo@33c76e7 restarting=false inputType: 0
06-26 18:25:46.613 320 2255 D XM_HIDREAD: poll ret=1, event=1
06-26 18:25:46.613 320 2255 D XM_HIDREAD: [9 bytes]:01 00 00 00 00 00 00 00 00
06-26 18:25:46.613 477 600 D TvWindowManager: key event key = KEYCODE_DPAD_RIGHT down = false
06-26 18:25:46.616 2539 2539 I SogouIME: onKeyUp: keyoCode=22
06-26 18:25:46.616 2539 2539 I DefaultIMS: onKeyUp: keyoCode=22
06-26 18:25:47.009 477 524 W IorapForwardingService: No service published for: iorapd
06-26 18:25:47.095 2570 2669 I TDLog : [APP] New data found, Submitting...
06-26 18:25:47.131 2570 2669 I TDLog : [APP] Failed to submit data!
06-26 18:25:47.138 477 502 I WifiService: startScan uid=1000
06-26 18:25:47.513 375 375 D dom2reg : timezone change, new: Etc/GMT-8, pre:
06-26 18:25:47.513 375 375 W dom2reg : timezone [Etc/GMT-8] not in default tables, please check!
06-26 18:25:47.624 477 586 I ActivityManager: Killing 1280:android.process.acore/u0a28 (adj 985): empty #17
06-26 18:25:47.629 477 537 I libprocessgroup: Successfully killed process cgroup uid 10028 pid 1280 in 0ms
06-26 18:25:47.665 477 754 D CountryDetector: No listener is left
06-26 18:25:47.668 248 248 I Zygote : Process 1280 exited due to signal 9 (Killed)
06-26 18:25:48.012 477 524 W IorapForwardingService: No service published for: iorapd
06-26 18:25:48.127 1117 1117 D aaa : LedStatusService onStartCommand begin
06-26 18:25:48.129 1117 3343 D aaa : topPkg is -------------- :com.tv.filemanager.os
06-26 18:25:48.130 1203 1203 D bbb : onStartCommand begin !!!!!!! data分区剩余 23329MB
06-26 18:25:48.196 1320 1320 I cling--ap-2: type=1400 audit(0.0:1855): avc: denied { read } for name="address" dev="sysfs" ino=16906 scontext=u:r:platform_app:s0:c512,c768 tcontext=u:object_r:sysfs_net:s0 tclass=file permissive=1 app=com.dangbei.screencast
06-26 18:25:48.196 1320 1320 I cling--ap-2: type=1400 audit(0.0:1856): avc: denied { open } for path="/sys/devices/virtual/net/dummy0/address" dev="sysfs" ino=16906 scontext=u:r:platform_app:s0:c512,c768 tcontext=u:object_r:sysfs_net:s0 tclass=file permissive=1 app=com.dangbei.screencast
06-26 18:25:48.196 1320 1320 I cling--ap-2: type=1400 audit(0.0:1857): avc: denied { getattr } for path="/sys/devices/virtual/net/dummy0/address" dev="sysfs" ino=16906 scontext=u:r:platform_app:s0:c512,c768 tcontext=u:object_r:sysfs_net:s0 tclass=file permissive=1 app=com.dangbei.screencast
06-26 18:25:48.347 1320 1331 I gbei.screencas: Background young concurrent copying GC freed 106714(11MB) AllocSpace objects, 9(496KB) LOS objects, 59% free, 8111KB/19MB, paused 261us total 131.596ms
06-26 18:25:48.927 662 662 E WifiHAL : wifi_get_link_stats: requestResponse Error:-5
06-26 18:25:48.930 477 612 E WifiVendorHal: getWifiLinkLayerStats_1_5_Internal(l.1191) failed {.code = ERROR_INVALID_ARGS, .description = }
06-26 18:25:48.936 477 814 D WifiNl80211Manager: Scan result ready event
06-26 18:25:48.937 477 814 D WifiNative: Scan result ready event
06-26 18:25:48.989 477 617 D WificondScannerImpl: Filtering out 17 scan results.
06-26 18:25:49.008 1095 1095 E hq : NetWorkStateReceiver:::NetWorkStateReceiver onReceive: 网络变化广播 >>>> intent.action=android.net.wifi.SCAN_RESULTS
06-26 18:25:49.013 477 524 W IorapForwardingService: No service published for: iorapd
06-26 18:25:49.020 662 662 E WifiHAL : wifi_get_link_stats: requestResponse Error:-5
06-26 18:25:49.022 477 612 E WifiVendorHal: getWifiLinkLayerStats_1_5_Internal(l.1191) failed {.code = ERROR_INVALID_ARGS, .description = }
06-26 18:25:49.060 1095 1095 W eventbuscore: post Event:com.dangbei.leard.base.entity.event.NetWifiRssiEvent
06-26 18:25:49.514 375 375 D dom2reg : timezone change, new: Etc/GMT-8, pre:
06-26 18:25:49.514 375 375 W dom2reg : timezone [Etc/GMT-8] not in default tables, please check!
06-26 18:25:50.016 477 524 W IorapForwardingService: No service published for: iorapd
06-26 18:25:50.360 1320 1320 I efs-base: type=1400 audit(0.0:1858): avc: denied { search } for name="com.dangbei.screencast" dev="mmcblk0p25" ino=891 scontext=u:r:platform_app:s0:c512,c768 tcontext=u:object_r:app_data_file:s0:c512,c768 tclass=dir permissive=1 app=com.dangbei.screencast
06-26 18:25:50.360 1320 1320 I efs-base: type=1400 audit(0.0:1859): avc: denied { getattr } for path="/data/user/0/com.dangbei.screencast/app_UApm/5fc60c21094d637f3130af19/ready" dev="mmcblk0p25" ino=1948 scontext=u:r:platform_app:s0:c512,c768 tcontext=u:object_r:app_data_file:s0:c512,c768 tclass=dir permissive=1 app=com.dangbei.screencast
06-26 18:25:50.360 1320 1320 I efs-base: type=1400 audit(0.0:1860): avc: denied { read } for name="ready" dev="mmcblk0p25" ino=1948 scontext=u:r:platform_app:s0:c512,c768 tcontext=u:object_r:app_data_file:s0:c512,c768 tclass=dir permissive=1 app=com.dangbei.screencast
06-26 18:25:50.360 1320 1320 I efs-base: type=1400 audit(0.0:1861): avc: denied { open } for path="/data/user/0/com.dangbei.screencast/app_UApm/5fc60c21094d637f3130af19/ready" dev="mmcblk0p25" ino=1948 scontext=u:r:platform_app:s0:c512,c768 tcontext=u:object_r:app_data_file:s0:c512,c768 tclass=dir permissive=1 app=com.dangbei.screencast
06-26 18:25:51.017 477 524 W IorapForwardingService: No service published for: iorapd
06-26 18:25:51.514 375 375 D dom2reg : timezone change, new: Etc/GMT-8, pre:
06-26 18:25:51.514 375 375 W dom2reg : timezone [Etc/GMT-8] not in default tables, please check!
06-26 18:25:51.947 662 662 E WifiHAL : wifi_get_link_stats: requestResponse Error:-5
06-26 18:25:51.950 477 612 E WifiVendorHal: getWifiLinkLayerStats_1_5_Internal(l.1191) failed {.code = ERROR_INVALID_ARGS, .description = }
06-26 18:25:52.019 477 524 W IorapForwardingService: No service published for: iorapd
06-26 18:25:52.799 253 316 D audio_hw_primary: out_standby
06-26 18:25:53.022 477 524 W IorapForwardingService: No service published for: iorapd
06-26 18:25:53.514 375 375 D dom2reg : timezone change, new: Etc/GMT-8, pre:
06-26 18:25:53.515 375 375 W dom2reg : timezone [Etc/GMT-8] not in default tables, please check!
06-26 18:25:53.596 2570 2663 D UtilLog : 日志批量上报 进行正常循环 !!!!!!本次有0次请求,共0条数据
06-26 18:25:54.024 477 524 W IorapForwardingService: No service published for: iorapd
06-26 18:25:54.970 662 662 E WifiHAL : wifi_get_link_stats: requestResponse Error:-5
06-26 18:25:54.973 477 612 E WifiVendorHal: getWifiLinkLayerStats_1_5_Internal(l.1191) failed {.code = ERROR_INVALID_ARGS, .description = }
06-26 18:25:55.027 477 524 W IorapForwardingService: No service published for: iorapd
06-26 18:25:55.515 375 375 D dom2reg : timezone change, new: Etc/GMT-8, pre:
06-26 18:25:55.515 375 375 W dom2reg : timezone [Etc/GMT-8] not in default tables, please check!
06-26 18:25:56.029 477 524 W IorapForwardingService: No service published for: iorapd
06-26 18:25:56.153 1203 1203 D bbb : onStartCommand begin !!!!!!! data分区剩余 23329MB
06-26 18:25:56.155 1117 1117 D aaa : LedStatusService onStartCommand begin
06-26 18:25:56.158 1117 3352 D aaa : topPkg is -------------- :com.tv.filemanager.os
06-26 18:25:57.032 477 524 W IorapForwardingService: No service published for: iorapd
06-26 18:25:57.515 375 375 D dom2reg : timezone change, new: Etc/GMT-8, pre:
06-26 18:25:57.515 375 375 W dom2reg : timezone [Etc/GMT-8] not in default tables, please check!
06-26 18:25:57.986 662 662 E WifiHAL : wifi_get_link_stats: requestResponse Error:-5
06-26 18:25:57.989 477 612 E WifiVendorHal: getWifiLinkLayerStats_1_5_Internal(l.1191) failed {.code = ERROR_INVALID_ARGS, .description = }
06-26 18:25:58.035 477 524 W IorapForwardingService: No service published for: iorapd
06-26 18:25:59.037 477 524 W IorapForwardingService: No service published for: iorapd
06-26 18:25:59.095 266 286 D hdmi-cec: receive invalid cec message!
06-26 18:25:59.095 266 286 D hdmi-cec: receive poll message [04], skip!
06-26 18:25:59.515 375 375 D dom2reg : timezone change, new: Etc/GMT-8, pre:
06-26 18:25:59.516 375 375 W dom2reg : timezone [Etc/GMT-8] not in default tables, please check!
06-26 18:25:59.708 1320 1320 I ModuleDataForwa: type=1400 audit(0.0:1862): avc: denied { write } for name="files" dev="mmcblk0p25" ino=1874 scontext=u:r:platform_app:s0:c512,c768 tcontext=u:object_r:app_data_file:s0:c512,c768 tclass=dir permissive=1 app=com.dangbei.screencast
06-26 18:25:59.708 1320 1320 I ModuleDataForwa: type=1400 audit(0.0:1863): avc: denied { add_name } for name="TD__Env_Synchronous_Lock__" scontext=u:r:platform_app:s0:c512,c768 tcontext=u:object_r:app_data_file:s0:c512,c768 tclass=dir permissive=1 app=com.dangbei.screencast
06-26 18:25:59.708 1320 1320 I ModuleDataForwa: type=1400 audit(0.0:1864): avc: denied { create } for name="TD__Env_Synchronous_Lock__" scontext=u:r:platform_app:s0:c512,c768 tcontext=u:object_r:app_data_file:s0:c512,c768 tclass=file permissive=1 app=com.dangbei.screencast
06-26 18:25:59.712 1320 1320 I ModuleDataForwa: type=1400 audit(0.0:1865): avc: denied { open } for path="/data/user/0/com.dangbei.screencast/files/TD__Env_Synchronous_Lock__" dev="mmcblk0p25" ino=2612 scontext=u:r:platform_app:s0:c512,c768 tcontext=u:object_r:app_data_file:s0:c512,c768 tclass=file permissive=1 app=com.dangbei.screencast
06-26 18:25:59.712 1320 1320 I ModuleDataForwa: type=1400 audit(0.0:1866): avc: denied { lock } for path="/data/user/0/com.dangbei.screencast/files/TD__Env_Synchronous_Lock__" dev="mmcblk0p25" ino=2612 scontext=u:r:platform_app:s0:c512,c768 tcontext=u:object_r:app_data_file:s0:c512,c768 tclass=file permissive=1 app=com.dangbei.screencast
06-26 18:25:59.964 1320 1320 I ModuleDataForwa: type=1400 audit(0.0:1867): avc: denied { remove_name } for name="1750933528844_1320" dev="mmcblk0p25" ino=43157 scontext=u:r:platform_app:s0:c512,c768 tcontext=u:object_r:app_data_file:s0:c512,c768 tclass=dir permissive=1 app=com.dangbei.screencast
06-26 18:25:59.964 1320 1320 I ModuleDataForwa: type=1400 audit(0.0:1868): avc: denied { unlink } for name="1750933528844_1320" dev="mmcblk0p25" ino=43157 scontext=u:r:platform_app:s0:c512,c768 tcontext=u:object_r:app_data_file:s0:c512,c768 tclass=file permissive=1 app=com.dangbei.screencast
06-26 18:26:00.040 477 524 W IorapForwardingService: No service published for: iorapd
06-26 18:26:00.798 2214 2304 E ServerInterface: Server timed out
06-26 18:26:00.798 2214 2304 E ServerInterface: java.net.SocketTimeoutException: failed to connect to remoteprovisioning.googleapis.com/142.251.215.234 (port 443) from /192.168.3.161 (port 56788) after 5000ms
06-26 18:26:00.798 2214 2304 E ServerInterface: at libcore.io.IoBridge.connectErrno(IoBridge.java:236)
06-26 18:26:00.798 2214 2304 E ServerInterface: at libcore.io.IoBridge.connect(IoBridge.java:180)
06-26 18:26:00.798 2214 2304 E ServerInterface: at java.net.PlainSocketImpl.socketConnect(PlainSocketImpl.java:142)
06-26 18:26:00.798 2214 2304 E ServerInterface: at java.net.AbstractPlainSocketImpl.doConnect(AbstractPlainSocketImpl.java:390)
06-26 18:26:00.798 2214 2304 E ServerInterface: at java.net.AbstractPlainSocketImpl.connectToAddress(AbstractPlainSocketImpl.java:230)
06-26 18:26:00.798 2214 2304 E ServerInterface: at java.net.AbstractPlainSocketImpl.connect(AbstractPlainSocketImpl.java:212)
06-26 18:26:00.798 2214 2304 E ServerInterface: at java.net.SocksSocketImpl.connect(SocksSocketImpl.java:436)
06-26 18:26:00.798 2214 2304 E ServerInterface: at java.net.Socket.connect(Socket.java:621)
06-26 18:26:00.798 2214 2304 E ServerInterface: at com.android.okhttp.internal.Platform.connectSocket(Platform.java:182)
06-26 18:26:00.798 2214 2304 E ServerInterface: at com.android.okhttp.internal.io.RealConnection.connectSocket(RealConnection.java:145)
06-26 18:26:00.798 2214 2304 E ServerInterface: at com.android.okhttp.internal.io.RealConnection.connect(RealConnection.java:116)
06-26 18:26:00.798 2214 2304 E ServerInterface: at com.android.okhttp.internal.http.StreamAllocation.findConnection(StreamAllocation.java:186)
06-26 18:26:00.798 2214 2304 E ServerInterface: at com.android.okhttp.internal.http.StreamAllocation.findHealthyConnection(StreamAllocation.java:128)
06-26 18:26:00.798 2214 2304 E ServerInterface: at com.android.okhttp.internal.http.StreamAllocation.newStream(StreamAllocation.java:97)
06-26 18:26:00.798 2214 2304 E ServerInterface: at com.android.okhttp.internal.http.HttpEngine.connect(HttpEngine.java:289)
06-26 18:26:00.798 2214 2304 E ServerInterface: at com.android.okhttp.internal.http.HttpEngine.sendRequest(HttpEngine.java:232)
06-26 18:26:00.798 2214 2304 E ServerInterface: at com.android.okhttp.internal.huc.HttpURLConnectionImpl.execute(HttpURLConnectionImpl.java:465)
06-26 18:26:00.798 2214 2304 E ServerInterface: at com.android.okhttp.internal.huc.HttpURLConnectionImpl.connect(HttpURLConnectionImpl.java:131)
06-26 18:26:00.798 2214 2304 E ServerInterface: at com.android.okhttp.internal.huc.HttpURLConnectionImpl.getOutputStream(HttpURLConnectionImpl.java:262)
06-26 18:26:00.798 2214 2304 E ServerInterface: at com.android.okhttp.internal.huc.DelegatingHttpsURLConnection.getOutputStream(DelegatingHttpsURLConnection.java:219)
06-26 18:26:00.798 2214 2304 E ServerInterface: at com.android.okhttp.internal.huc.HttpsURLConnectionImpl.getOutputStream(HttpsURLConnectionImpl.java:30)
06-26 18:26:00.798 2214 2304 E ServerInterface: at com.android.remoteprovisioner.ServerInterface.fetchGeek(ServerInterface.java:120)
06-26 18:26:00.798 2214 2304 E ServerInterface: at com.android.remoteprovisioner.PeriodicProvisioner$ProvisionerThread.run(PeriodicProvisioner.java:135)
06-26 18:26:00.798 2214 2304 E RemoteProvisioningService: Failed to get a response from the server.
06-26 18:26:01.009 662 662 E WifiHAL : wifi_get_link_stats: requestResponse Error:-5
06-26 18:26:01.012 477 612 E WifiVendorHal: getWifiLinkLayerStats_1_5_Internal(l.1191) failed {.code = ERROR_INVALID_ARGS, .description = }
06-26 18:26:01.042 477 524 W IorapForwardingService: No service published for: iorapd
06-26 18:26:01.516 375 375 D dom2reg : timezone change, new: Etc/GMT-8, pre:
06-26 18:26:01.516 375 375 W dom2reg : timezone [Etc/GMT-8] not in default tables, please check!
06-26 18:26:02.044 477 524 W IorapForwardingService: No service published for: iorapd
06-26 18:26:02.499 320 2255 D XM_HIDREAD: poll ret=1, event=1
06-26 18:26:02.499 320 2255 D XM_HIDREAD: [9 bytes]:01 00 00 50 00 00 00 00 00
