06-26 18:24:59.691 262 390 D displayd: xxxxxxx: updated: type=2 connected=0
06-26 18:24:59.688 262 262 I MQ-Thread: type=1400 audit(0.0:297): avc: denied { getattr } for path="/sys/devices/platform/soc@3000000/6520000.tv0/extcon/extcon1/state" dev="sysfs" ino=19386 scontext=u:r:hal_graphics_composer_default:s0 tcontext=u:object_r:sysfs:s0 tclass=file permissive=1
06-26 18:24:59.691 262 390 D displayd: xxxxxxx: updated: type=4 connected=1
06-26 18:24:59.692 262 390 E displayd: xxxxxxx: [cvbs] Saved attribute is not match, saved mode=11, actual mode=0
06-26 18:24:59.692 262 390 W displayd: xxxxxxx: setupDefaultOutput: hdmi user strategy: 255
06-26 18:24:59.692 262 390 W edid : Parse block0:
06-26 18:24:59.692 374 374 I android.hardware.media.omx@1.0-service: mediacodecservice starting
06-26 18:24:59.692 262 390 W edid : Extension block count: 1
06-26 18:24:59.692 262 390 W edid : Parse CEA extension block (version: 3)
06-26 18:24:59.692 262 390 W edid : CEA data length: 89 bytes
06-26 18:24:59.693 270 270 I display.output-service: platform is homlet
06-26 18:24:59.692 1 1 I /system/bin/init: type=1107 audit(0.0:298): uid=0 auid=4294967295 ses=4294967295 subj=u:r:init:s0 msg='avc: denied { set } for property=vendor.sys.tv_vdid_fex pid=262 uid=1000 gid=1003 scontext=u:r:hal_graphics_composer_default:s0 tcontext=u:object_r:vendor_default_prop:s0 tclass=property_service permissive=1'
06-26 18:24:59.694 356 356 W mediaextractor: libminijail[356]: compile_file: /apex/com.android.media/etc/seccomp_policy/crash_dump.arm.policy(1): syscall read redefined here
06-26 18:24:59.694 356 356 W mediaextractor: libminijail[356]: compile_file: (19): previous definition here
06-26 18:24:59.694 356 356 W mediaextractor: libminijail[356]: compile_file: /apex/com.android.media/etc/seccomp_policy/crash_dump.arm.policy(2): syscall write redefined here
06-26 18:24:59.694 356 356 W mediaextractor: libminijail[356]: compile_file: (6): previous definition here
06-26 18:24:59.694 356 356 W mediaextractor: libminijail[356]: compile_file: /apex/com.android.media/etc/seccomp_policy/crash_dump.arm.policy(3): syscall exit redefined here
06-26 18:24:59.694 356 356 W mediaextractor: libminijail[356]: compile_file: (27): previous definition here
06-26 18:24:59.694 356 356 W mediaextractor: libminijail[356]: compile_file: /apex/com.android.media/etc/seccomp_policy/crash_dump.arm.policy(4): syscall rt_sigreturn redefined here
06-26 18:24:59.694 356 356 W mediaextractor: libminijail[356]: compile_file: (29): previous definition here
06-26 18:24:59.694 356 356 W mediaextractor: libminijail[356]: compile_file: /apex/com.android.media/etc/seccomp_policy/crash_dump.arm.policy(6): syscall exit_group redefined here
06-26 18:24:59.694 356 356 W mediaextractor: libminijail[356]: compile_file: (28): previous definition here
06-26 18:24:59.694 356 356 W mediaextractor: libminijail[356]: compile_file: /apex/com.android.media/etc/seccomp_policy/crash_dump.arm.policy(7): syscall clock_gettime redefined here
06-26 18:24:59.694 356 356 W mediaextractor: libminijail[356]: compile_file: (20): previous definition here
06-26 18:24:59.694 356 356 W mediaextractor: libminijail[356]: compile_file: /apex/com.android.media/etc/seccomp_policy/crash_dump.arm.policy(9): syscall futex redefined here
06-26 18:24:59.694 356 356 W mediaextractor: libminijail[356]: compile_file: (4): previous definition here
06-26 18:24:59.694 356 356 W mediaextractor: libminijail[356]: compile_file: /apex/com.android.media/etc/seccomp_policy/crash_dump.arm.policy(10): syscall getrandom redefined here
06-26 18:24:59.694 185 185 I servicemanager: Found vendor.display.output.IDisplayOutputManager/default in device VINTF manifest.
06-26 18:24:59.694 356 356 W mediaextractor: libminijail[356]: compile_file: (43): previous definition here
06-26 18:24:59.695 356 356 W mediaextractor: libminijail[356]: compile_file: /apex/com.android.media/etc/seccomp_policy/crash_dump.arm.policy(12): syscall gettid redefined here
06-26 18:24:59.695 356 356 W mediaextractor: libminijail[356]: compile_file: (34): previous definition here
06-26 18:24:59.695 356 356 W mediaextractor: libminijail[356]: compile_file: /apex/com.android.media/etc/seccomp_policy/crash_dump.arm.policy(15): syscall openat redefined here
06-26 18:24:59.695 356 356 W mediaextractor: libminijail[356]: compile_file: (16): previous definition here
06-26 18:24:59.695 356 356 W mediaextractor: libminijail[356]: compile_file: /apex/com.android.media/etc/seccomp_policy/crash_dump.arm.policy(16): syscall dup redefined here
06-26 18:24:59.695 356 356 W mediaextractor: libminijail[356]: compile_file: (11): previous definition here
06-26 18:24:59.695 356 356 W mediaextractor: libminijail[356]: compile_file: /apex/com.android.media/etc/seccomp_policy/crash_dump.arm.policy(17): syscall close redefined here
06-26 18:24:59.695 356 356 W mediaextractor: libminijail[356]: compile_file: (9): previous definition here
06-26 18:24:59.695 356 356 W mediaextractor: libminijail[356]: compile_file: /apex/com.android.media/etc/seccomp_policy/crash_dump.arm.policy(18): syscall lseek redefined here
06-26 18:24:59.695 356 356 W mediaextractor: libminijail[356]: compile_file: (21): previous definition here
06-26 18:24:59.695 356 356 W mediaextractor: libminijail[356]: compile_file: /apex/com.android.media/etc/seccomp_policy/crash_dump.arm.policy(20): syscall faccessat redefined here
06-26 18:24:59.695 356 356 W mediaextractor: libminijail[356]: compile_file: (30): previous definition here
06-26 18:24:59.695 356 356 W mediaextractor: libminijail[356]: compile_file: /apex/com.android.media/etc/seccomp_policy/crash_dump.arm.policy(25): syscall rt_sigprocmask redefined here
06-26 18:24:59.695 356 356 W mediaextractor: libminijail[356]: compile_file: (35): previous definition here
06-26 18:24:59.695 356 356 W mediaextractor: libminijail[356]: compile_file: /apex/com.android.media/etc/seccomp_policy/crash_dump.arm.policy(28): syscall prctl redefined here
06-26 18:24:59.696 356 356 W mediaextractor: libminijail[356]: compile_file: (5): previous definition here
06-26 18:24:59.696 356 356 W mediaextractor: libminijail[356]: compile_file: /apex/com.android.media/etc/seccomp_policy/crash_dump.arm.policy(29): syscall madvise redefined here
06-26 18:24:59.696 356 356 W mediaextractor: libminijail[356]: compile_file: (31): previous definition here
06-26 18:24:59.696 356 356 W mediaextractor: libminijail[356]: compile_file: /apex/com.android.media/etc/seccomp_policy/crash_dump.arm.policy(30): syscall mprotect redefined here
06-26 18:24:59.696 356 356 W mediaextractor: libminijail[356]: compile_file: (12): previous definition here
06-26 18:24:59.696 356 356 W mediaextractor: libminijail[356]: compile_file: /apex/com.android.media/etc/seccomp_policy/crash_dump.arm.policy(31): syscall munmap redefined here
06-26 18:24:59.696 356 356 W mediaextractor: libminijail[356]: compile_file: (10): previous definition here
06-26 18:24:59.696 356 356 W mediaextractor: libminijail[356]: compile_file: /apex/com.android.media/etc/seccomp_policy/crash_dump.arm.policy(32): syscall getuid32 redefined here
06-26 18:24:59.696 186 186 I hw-BpHwBinder: onLastStrongRef automatically unlinking death recipients
06-26 18:24:59.702 356 356 W mediaextractor: libminijail[356]: compile_file: (13): previous definition here
06-26 18:24:59.702 356 356 W mediaextractor: libminijail[356]: compile_file: /apex/com.android.media/etc/seccomp_policy/crash_dump.arm.policy(33): syscall fstat64 redefined here
06-26 18:24:59.702 356 356 W mediaextractor: libminijail[356]: compile_file: (25): previous definition here
06-26 18:24:59.702 356 356 W mediaextractor: libminijail[356]: compile_file: /apex/com.android.media/etc/seccomp_policy/crash_dump.arm.policy(34): syscall mmap2 redefined here
06-26 18:24:59.702 356 356 W mediaextractor: libminijail[356]: compile_file: (8): previous definition here
06-26 18:24:59.703 356 356 W mediaextractor: libminijail[356]: compile_file: /apex/com.android.media/etc/seccomp_policy/crash_dump.arm.policy(35): syscall geteuid32 redefined here
06-26 18:24:59.703 356 356 W mediaextractor: libminijail[356]: compile_file: (38): previous definition here
06-26 18:24:59.703 356 356 W mediaextractor: libminijail[356]: compile_file: /apex/com.android.media/etc/seccomp_policy/crash_dump.arm.policy(36): syscall getgid32 redefined here
06-26 18:24:59.703 356 356 W mediaextractor: libminijail[356]: compile_file: (39): previous definition here
06-26 18:24:59.703 374 374 W android.hardware.media.omx@1.0-service: Could not read additional policy file '/vendor/etc/seccomp_policy/mediacodec.policy'
06-26 18:24:59.703 356 356 W mediaextractor: libminijail[356]: compile_file: /apex/com.android.media/etc/seccomp_policy/crash_dump.arm.policy(37): syscall getegid32 redefined here
06-26 18:24:59.703 356 356 W mediaextractor: libminijail[356]: compile_file: (40): previous definition here
06-26 18:24:59.703 356 356 W mediaextractor: libminijail[356]: compile_file: /apex/com.android.media/etc/seccomp_policy/crash_dump.arm.policy(38): syscall getgroups32 redefined here
06-26 18:24:59.703 356 356 W mediaextractor: libminijail[356]: compile_file: (41): previous definition here
06-26 18:24:59.704 374 374 W android.hardware.media.omx@1.0-service: libminijail[374]: failed to get path of fd 4: No such file or directory
06-26 18:24:59.704 374 374 W android.hardware.media.omx@1.0-service: libminijail[374]: allowing syscall: clock_gettime
06-26 18:24:59.704 374 374 W android.hardware.media.omx@1.0-service: libminijail[374]: allowing syscall: connect
06-26 18:24:59.704 374 374 W android.hardware.media.omx@1.0-service: libminijail[374]: allowing syscall: fcntl64
06-26 18:24:59.704 374 374 W android.hardware.media.omx@1.0-service: libminijail[374]: allowing syscall: socket
06-26 18:24:59.704 374 374 W android.hardware.media.omx@1.0-service: libminijail[374]: allowing syscall: writev
06-26 18:24:59.705 374 374 W android.hardware.media.omx@1.0-service: libminijail[374]: compile_file: (59): syscall getrandom redefined here
06-26 18:24:59.705 387 387 E cutils-trace: Error opening trace file: No such file or directory (2)
06-26 18:24:59.706 374 374 W android.hardware.media.omx@1.0-service: libminijail[374]: compile_file: (15): previous definition here
06-26 18:24:59.706 262 390 W displayd: xxxxxxx: performDefaultConfig dirty=0
06-26 18:24:59.706 262 390 W displayd: xxxxxxx: Old config: type[4] mode[34] pixelformat[3] bits[0] eotf[4] colorspace[257]
06-26 18:24:59.706 262 390 W displayd: xxxxxxx: New config: type[4] mode[34] pixelformat[3] bits[0] eotf[4] colorspace[257]
06-26 18:24:59.706 262 390 I sunxihwc: switchDevice: display[1]: type=2 mode=0 enable=0
06-26 18:24:59.706 262 390 I sunxihwc: switchDevice: display[0]: type=4 mode=34 enable=1
06-26 18:24:59.706 262 390 D sunxihwc: setHotplugState: mbHotplug = 1
06-26 18:24:59.707 262 390 I sunxihwc: createSyncTimeline: DisplayEngine Frequency: 696000000 Hz
06-26 18:24:59.707 262 390 I sunxihwc: setup: timeline0 create
06-26 18:24:59.707 262 390 E sunxihwc: readFromFile: Could not open '/sys/firmware/devicetree/base/dram/dram_clk', No such file or directory(2)
06-26 18:24:59.707 262 390 E sunxihwc: readFromFile: Could not open '/sys/firmware/devicetree/base/dram/dram_mr1', No such file or directory(2)
06-26 18:24:59.707 262 390 E sunxihwc: readFromFile: Could not open '/sys/firmware/devicetree/base/dram/dram_type', No such file or directory(2)
06-26 18:24:59.707 262 390 I sunxihwc: getDramInfoFromDeviceTree: draminfo: freq 0 MHz, bus width 32 bits, type 0
06-26 18:24:59.707 262 390 I sunxihwc: computeEffectiveBandwidth: dram effective bandwidth: 0 MBytes
06-26 18:24:59.707 262 390 E sunxihwc: calculateBandwidthLimitation: getDramFrequency return error(0), fallback to default bandwidth config
06-26 18:24:59.707 262 390 I sunxihwc: setup: Bandwidth limitation: 49152000 Bytes per frame
06-26 18:24:59.704 331 331 I xiriservice_All: type=1400 audit(0.0:299): avc: denied { read } for scontext=u:r:init:s0 tcontext=u:r:init:s0 tclass=netlink_kobject_uevent_socket permissive=1
06-26 18:24:59.710 168 168 I sunxi-rfkill soc@3000000: rfkill: set block: 1
06-26 18:24:59.710 168 168 I sunxi-rfkill soc@3000000: rfkill: bt power off success
06-26 18:24:59.708 262 390 I sunxihwc: setDisplaydCb: get mDisplaydCb =0x0x696c4372
06-26 18:24:59.708 262 390 I sunxihwc: updateConnectedDevices: display[0] connected=1 type=4 device=0xf1f96d0c
06-26 18:24:59.708 262 390 I sunxihwc: updateConnectedDevices: display[1] connected=0 type=2 device=0x0
06-26 18:24:59.708 262 390 D sunxihwc: enqueueEvent: enqueueEvent: event 1
06-26 18:24:59.708 262 390 I sunxihwc: setMargin: display[0]: margin 100 100 100 100
06-26 18:24:59.708 262 389 W sunxihwc: deviceChangedEventProcess: Display.0 (hdmi0) connect
06-26 18:24:59.708 262 389 I sunxihwc: onHotplugReceived: display(0) connect state[1]
06-26 18:24:59.708 262 389 I sunxihwc: onHotplugReceived: display size: 0 display.0 0 display.1 0 display.0 0
06-26 18:24:59.708 262 389 W sunxihwc: onHotplugReceived: display(0) is 0xf1ea2010
06-26 18:24:59.708 262 389 D sunxihwc: setDisplays: display =0xf1ea2010
06-26 18:24:59.708 262 389 D sunxihwc: setDisplays: display size=1
06-26 18:24:59.708 262 262 D sunxihwc: enqueueEvent: enqueueEvent: event 1
06-26 18:24:59.708 262 262 I sunxihwc: waitForHotplugIssued: Wait for display connect
06-26 18:24:59.708 262 389 D sunxihwc: setHotplugState: mbHotplug = 0
06-26 18:24:59.708 262 389 D sunxihwc: setHotplugState: mbHotplug = 0
06-26 18:24:59.708 262 390 W displayd: xxxxxxx: Turen on display(0), margin(100,100,100,100)
06-26 18:24:59.708 262 390 W displayd: xxxxxxx: Current device mapping:
06-26 18:24:59.708 262 390 W displayd: + display [1]: enable=0 type=2 mode=0
06-26 18:24:59.708 262 390 W displayd: + display [0]: enable=1 type=4 mode=34
06-26 18:24:59.709 262 390 I sunxihwc: registerCallback: registerCallback mEventCallback =0x0
06-26 18:24:59.709 262 390 I sunxihwc: setDisplaydCb: get mDisplaydCb =0x0xf1fcd400
06-26 18:24:59.709 280 280 I SurfaceFlinger: onComposerHalHotplug(0, connected)
06-26 18:24:59.709 280 280 I HWComposer: Switching to legacy multi-display mode
06-26 18:24:59.710 280 280 E HWComposer: getAttribute: getDisplayAttribute failed for display 0: BadConfig (1)
06-26 18:24:59.710 280 280 E HWComposer: getDisplayConnectionType: getDisplayConnectionType failed for display 0: Unsupported (8)
06-26 18:24:59.710 374 374 W android.hardware.media.omx@1.0-service: libminijail[374]: compile_file: /system/etc/seccomp_policy/crash_dump.arm.policy(1): syscall read redefined here
06-26 18:24:59.710 374 374 W android.hardware.media.omx@1.0-service: libminijail[374]: compile_file: (9): previous definition here
06-26 18:24:59.710 374 374 W android.hardware.media.omx@1.0-service: libminijail[374]: compile_file: /system/etc/seccomp_policy/crash_dump.arm.policy(2): syscall write redefined here
06-26 18:24:59.710 374 374 W android.hardware.media.omx@1.0-service: libminijail[374]: compile_file: (5): previous definition here
06-26 18:24:59.710 374 374 W android.hardware.media.omx@1.0-service: libminijail[374]: compile_file: /system/etc/seccomp_policy/crash_dump.arm.policy(3): syscall exit redefined here
06-26 18:24:59.711 374 374 W android.hardware.media.omx@1.0-service: libminijail[374]: compile_file: (40): previous definition here
06-26 18:24:59.711 374 374 W android.hardware.media.omx@1.0-service: libminijail[374]: compile_file: /system/etc/seccomp_policy/crash_dump.arm.policy(4): syscall rt_sigreturn redefined here
06-26 18:24:59.711 374 374 W android.hardware.media.omx@1.0-service: libminijail[374]: compile_file: (45): previous definition here
06-26 18:24:59.711 374 374 W android.hardware.media.omx@1.0-service: libminijail[374]: compile_file: /system/etc/seccomp_policy/crash_dump.arm.policy(6): syscall exit_group redefined here
06-26 18:24:59.711 374 374 W android.hardware.media.omx@1.0-service: libminijail[374]: compile_file: (44): previous definition here
06-26 18:24:59.711 374 374 W android.hardware.media.omx@1.0-service: libminijail[374]: compile_file: /system/etc/seccomp_policy/crash_dump.arm.policy(7): syscall clock_gettime redefined here
06-26 18:24:59.711 280 394 W EventThread: Ignoring VSYNC request while display is disconnected
06-26 18:24:59.711 374 374 W android.hardware.media.omx@1.0-service: libminijail[374]: compile_file: (7): previous definition here
06-26 18:24:59.711 374 374 W android.hardware.media.omx@1.0-service: libminijail[374]: compile_file: /system/etc/seccomp_policy/crash_dump.arm.policy(8): syscall gettimeofday redefined here
06-26 18:24:59.711 374 374 W android.hardware.media.omx@1.0-service: libminijail[374]: compile_file: (47): previous definition here
06-26 18:24:59.711 374 374 W android.hardware.media.omx@1.0-service: libminijail[374]: compile_file: /system/etc/seccomp_policy/crash_dump.arm.policy(9): syscall futex redefined here
06-26 18:24:59.711 374 374 W android.hardware.media.omx@1.0-service: libminijail[374]: compile_file: (3): previous definition here
06-26 18:24:59.711 280 394 W EventThread: Ignoring VSYNC request while display is disconnected
06-26 18:24:59.711 374 374 W android.hardware.media.omx@1.0-service: libminijail[374]: compile_file: /system/etc/seccomp_policy/crash_dump.arm.policy(10): syscall getrandom redefined here
06-26 18:24:59.711 374 374 W android.hardware.media.omx@1.0-service: libminijail[374]: compile_file: (15): previous definition here
06-26 18:24:59.712 374 374 W android.hardware.media.omx@1.0-service: libminijail[374]: compile_file: /system/etc/seccomp_policy/crash_dump.arm.policy(13): syscall ppoll redefined here
06-26 18:24:59.712 374 374 W android.hardware.media.omx@1.0-service: libminijail[374]: compile_file: (13): previous definition here
06-26 18:24:59.712 280 395 W EventThread: Ignoring VSYNC request while display is disconnected
06-26 18:24:59.712 374 374 W android.hardware.media.omx@1.0-service: libminijail[374]: compile_file: /system/etc/seccomp_policy/crash_dump.arm.policy(14): syscall pipe2 redefined here
06-26 18:24:59.712 374 374 W android.hardware.media.omx@1.0-service: libminijail[374]: compile_file: (46): previous definition here
06-26 18:24:59.712 280 395 W EventThread: Ignoring VSYNC request while display is disconnected
06-26 18:24:59.712 374 374 W android.hardware.media.omx@1.0-service: libminijail[374]: compile_file: /system/etc/seccomp_policy/crash_dump.arm.policy(15): syscall openat redefined here
06-26 18:24:59.712 374 374 W android.hardware.media.omx@1.0-service: libminijail[374]: compile_file: (30): previous definition here
06-26 18:24:59.712 374 374 W android.hardware.media.omx@1.0-service: libminijail[374]: compile_file: /system/etc/seccomp_policy/crash_dump.arm.policy(16): syscall dup redefined here
06-26 18:24:59.712 374 374 W android.hardware.media.omx@1.0-service: libminijail[374]: compile_file: (12): previous definition here
06-26 18:24:59.712 374 374 W android.hardware.media.omx@1.0-service: libminijail[374]: compile_file: /system/etc/seccomp_policy/crash_dump.arm.policy(17): syscall close redefined here
06-26 18:24:59.712 374 374 W android.hardware.media.omx@1.0-service: libminijail[374]: compile_file: (10): previous definition here
06-26 18:24:59.712 280 394 W EventThread: Ignoring VSYNC request while display is disconnected
06-26 18:24:59.712 280 394 W EventThread: Ignoring VSYNC request while display is disconnected
06-26 18:24:59.712 374 374 W android.hardware.media.omx@1.0-service: libminijail[374]: compile_file: /system/etc/seccomp_policy/crash_dump.arm.policy(18): syscall lseek redefined here
06-26 18:24:59.712 374 374 W android.hardware.media.omx@1.0-service: libminijail[374]: compile_file: (50): previous definition here
06-26 18:24:59.712 374 374 W android.hardware.media.omx@1.0-service: libminijail[374]: compile_file: /system/etc/seccomp_policy/crash_dump.arm.policy(19): syscall getdents64 redefined here
06-26 18:24:59.712 262 262 D sunxihwc: getHdrCapabilities: getHdrCapabilities: support hdr10 and hlg
06-26 18:24:59.712 262 390 W displayd: xxxxxxx: threadedStartup end
06-26 18:24:59.713 374 374 W android.hardware.media.omx@1.0-service: libminijail[374]: compile_file: (58): previous definition here
06-26 18:24:59.713 374 374 W android.hardware.media.omx@1.0-service: libminijail[374]: compile_file: /system/etc/seccomp_policy/crash_dump.arm.policy(20): syscall faccessat redefined here
06-26 18:24:59.713 374 374 W android.hardware.media.omx@1.0-service: libminijail[374]: compile_file: (38): previous definition here
06-26 18:24:59.713 280 280 W HwcComposer: getPerFrameMetadataKeys failed with 8
06-26 18:24:59.713 374 374 W android.hardware.media.omx@1.0-service: libminijail[374]: compile_file: /system/etc/seccomp_policy/crash_dump.arm.policy(25): syscall rt_sigprocmask redefined here
06-26 18:24:59.713 374 374 W android.hardware.media.omx@1.0-service: libminijail[374]: compile_file: (41): previous definition here
06-26 18:24:59.713 374 374 W android.hardware.media.omx@1.0-service: libminijail[374]: compile_file: /system/etc/seccomp_policy/crash_dump.arm.policy(28): syscall prctl redefined here
06-26 18:24:59.713 374 374 W android.hardware.media.omx@1.0-service: libminijail[374]: compile_file: (6): previous definition here
06-26 18:24:59.713 374 374 W android.hardware.media.omx@1.0-service: libminijail[374]: compile_file: /system/etc/seccomp_policy/crash_dump.arm.policy(29): syscall madvise redefined here
06-26 18:24:59.714 356 356 W mediaextractor: libminijail[356]: logging seccomp filter failures
06-26 18:24:59.719 261 303 I gralloc : alloc buffer:W:1920 H:1080 S:1920 PL[1920 1080] SZ:8294400 fmt:1 if:0 af:1 usg:1b00 fg:00000004
06-26 18:24:59.723 387 387 I usbd : Usb HAL found.
06-26 18:24:59.723 387 387 I usbd : peristent prop is adb
06-26 18:24:59.724 261 261 I gralloc : alloc buffer:W:1920 H:1080 S:1920 PL[1920 1080] SZ:8294400 fmt:1 if:0 af:1 usg:1b00 fg:00000004
06-26 18:24:59.724 280 280 I SurfaceFlinger: Dispatching display hotplug event displayId=0, connected=1
06-26 18:24:59.725 374 374 W android.hardware.media.omx@1.0-service: libminijail[374]: compile_file: (29): previous definition here
06-26 18:24:59.725 374 374 W android.hardware.media.omx@1.0-service: libminijail[374]: compile_file: /system/etc/seccomp_policy/crash_dump.arm.policy(30): syscall mprotect redefined here
06-26 18:24:59.725 374 374 W android.hardware.media.omx@1.0-service: libminijail[374]: compile_file: (28): previous definition here
06-26 18:24:59.725 374 374 W android.hardware.media.omx@1.0-service: libminijail[374]: compile_file: /system/etc/seccomp_policy/crash_dump.arm.policy(31): syscall munmap redefined here
06-26 18:24:59.725 374 374 W android.hardware.media.omx@1.0-service: libminijail[374]: compile_file: (27): previous definition here
06-26 18:24:59.725 374 374 W android.hardware.media.omx@1.0-service: libminijail[374]: compile_file: /system/etc/seccomp_policy/crash_dump.arm.policy(32): syscall getuid32 redefined here
06-26 18:24:59.726 374 374 W android.hardware.media.omx@1.0-service: libminijail[374]: compile_file: (34): previous definition here
06-26 18:24:59.726 374 374 W android.hardware.media.omx@1.0-service: libminijail[374]: compile_file: /system/etc/seccomp_policy/crash_dump.arm.policy(33): syscall fstat64 redefined here
06-26 18:24:59.726 374 374 W android.hardware.media.omx@1.0-service: libminijail[374]: compile_file: (35): previous definition here
06-26 18:24:59.726 374 374 W android.hardware.media.omx@1.0-service: libminijail[374]: compile_file: /system/etc/seccomp_policy/crash_dump.arm.policy(34): syscall mmap2 redefined here
06-26 18:24:59.726 374 374 W android.hardware.media.omx@1.0-service: libminijail[374]: compile_file: (14): previous definition here
06-26 18:24:59.727 262 391 I sunxihwc: threadLoop: set CommitThread priority as HAL_PRIORITY_URGENT_DISPLAY
06-26 18:24:59.728 262 392 I sunxihwc: pollThreadLoop: polling VsyncThread start
06-26 18:24:59.734 374 374 W android.hardware.media.omx@1.0-service: libminijail[374]: logging seccomp filter failures
06-26 18:24:59.734 280 400 W SurfaceFlinger: Failed to set thread name on dispatch thread
06-26 18:24:59.753 374 374 I cedarc : : register h265 decoder success!
06-26 18:24:59.753 374 374 E cedarc : : dlopen 'libawh265soft.so' fail: dlopen failed: library "libawh265soft.so" not found
06-26 18:24:59.754 374 374 I cedarc : : register h264 decoder success!
06-26 18:24:59.755 374 374 I cedarc : : register mjpeg decoder success!
06-26 18:24:59.755 374 374 I cedarc : : register mjpegplus decoder success!
06-26 18:24:59.756 374 374 I cedarc : : register mpeg2 decoder success!
06-26 18:24:59.757 374 374 W cedarc : : Invalid plugin, CedarPluginVDInit not found, lib:libawmpeg4base.so.
06-26 18:24:59.757 374 374 I cedarc : : register mpeg4Normal decoder success!
06-26 18:24:59.758 248 248 I zygote : Using memfd for future sealing
06-26 18:24:59.758 374 374 I cedarc : : register Mpeg4Vp6 decoder success!
06-26 18:24:59.759 374 374 I cedarc : : register mpeg4dx decoder success!
06-26 18:24:59.759 374 374 I cedarc : : register mpeg4H263 decoder success!
06-26 18:24:59.760 374 374 I cedarc : : register vp8 decoder success!
06-26 18:24:59.773 374 374 I cedarc : : register vc1 decoder success!
06-26 18:24:59.775 385 385 I gatekeeperd: Starting gatekeeperd...
06-26 18:24:59.777 385 385 E cutils-trace: Error opening trace file: No such file or directory (2)
06-26 18:24:59.791 374 374 I SoftOMXPlugin: createOMXPlugin
06-26 18:24:59.792 374 374 D MediaCodecsXmlParser: parsing /vendor/etc/media_codecs.xml...
06-26 18:24:59.795 374 374 D MediaCodecsXmlParser: parsing /vendor/etc/media_codecs_google_audio.xml...
06-26 18:24:59.795 374 374 D MediaCodecsXmlParser: unable to open media codecs configuration xml file: /vendor/etc/media_codecs_google_audio.xml
06-26 18:24:59.800 269 269 I android.hardware.usb.gadget@1.1-service.aw: setCurrentUsbFunctions None
06-26 18:24:59.800 374 374 D MediaCodecsXmlParser: parsing /vendor/etc/media_codecs_google_video.xml...
06-26 18:24:59.800 374 374 D MediaCodecsXmlParser: unable to open media codecs configuration xml file: /vendor/etc/media_codecs_google_video.xml
06-26 18:24:59.800 269 269 I android.hardware.usb.gadget@1.1-service.aw: Gadget cannot be pulled down
06-26 18:24:59.800 374 374 D MediaCodecsXmlParser: parsing /vendor/etc/media_codecs_performance.xml...
06-26 18:24:59.800 269 269 I android.hardware.usb.gadget@1.1-service.aw: mMonitor not running
06-26 18:24:59.800 269 269 I android.hardware.usb.gadget@1.1-service.aw: Returned from tearDown gadget
06-26 18:24:59.805 374 374 D MediaCodecsXmlParser: MediaCodec: cannot update non-existing codec: OMX.google.h264.encoder at line 25 of /vendor/etc/media_codecs_performance.xml
06-26 18:24:59.805 374 374 D MediaCodecsXmlParser: MediaCodec: cannot update non-existing codec: OMX.google.h263.encoder at line 31 of /vendor/etc/media_codecs_performance.xml
06-26 18:24:59.805 374 374 D MediaCodecsXmlParser: MediaCodec: cannot update non-existing codec: OMX.google.mpeg4.encoder at line 34 of /vendor/etc/media_codecs_performance.xml
06-26 18:24:59.805 374 374 D MediaCodecsXmlParser: MediaCodec: cannot update non-existing codec: OMX.google.vp8.encoder at line 37 of /vendor/etc/media_codecs_performance.xml
06-26 18:24:59.806 374 374 D MediaCodecsXmlParser: MediaCodec: cannot update non-existing codec: OMX.allwinner.video.decoder.h263 at line 59 of /vendor/etc/media_codecs_performance.xml
06-26 18:24:59.806 374 374 D MediaCodecsXmlParser: MediaCodec: cannot update non-existing codec: OMX.google.mpeg4.decoder at line 80 of /vendor/etc/media_codecs_performance.xml
06-26 18:24:59.806 374 374 D MediaCodecsXmlParser: MediaCodec: cannot update non-existing codec: OMX.google.h264.decoder at line 83 of /vendor/etc/media_codecs_performance.xml
06-26 18:24:59.806 374 374 D MediaCodecsXmlParser: MediaCodec: cannot update non-existing codec: OMX.google.h263.decoder at line 89 of /vendor/etc/media_codecs_performance.xml
06-26 18:24:59.806 374 374 D MediaCodecsXmlParser: MediaCodec: cannot update non-existing codec: OMX.google.hevc.decoder at line 93 of /vendor/etc/media_codecs_performance.xml
06-26 18:24:59.806 374 374 D MediaCodecsXmlParser: MediaCodec: cannot update non-existing codec: OMX.google.vp8.decoder at line 101 of /vendor/etc/media_codecs_performance.xml
06-26 18:24:59.806 374 374 D MediaCodecsXmlParser: MediaCodec: cannot update non-existing codec: OMX.google.vp9.decoder at line 107 of /vendor/etc/media_codecs_performance.xml
06-26 18:24:59.807 374 374 I MediaCodecsXmlParser: Did not find media_codecs_shaping.xml in search path
06-26 18:24:59.807 374 374 E cutils-trace: Error opening trace file: No such file or directory (2)
06-26 18:24:59.866 382 382 I mediaswcodec: media swcodec service starting
06-26 18:24:59.867 356 356 I MediaExtractorFactory: plugin directory not present (/system/lib/extractors)
06-26 18:24:59.867 356 356 I MediaExtractorFactory: plugin directory not present (/system_ext/lib/extractors)
06-26 18:24:59.875 382 382 W mediaswcodec: Could not read additional policy file '/vendor/etc/seccomp_policy/mediaswcodec.policy'
06-26 18:24:59.876 382 382 W mediaswcodec: libminijail[382]: failed to get path of fd 4: No such file or directory
06-26 18:24:59.876 382 382 W mediaswcodec: libminijail[382]: allowing syscall: clock_gettime
06-26 18:24:59.876 382 382 W mediaswcodec: libminijail[382]: allowing syscall: connect
06-26 18:24:59.876 382 382 W mediaswcodec: libminijail[382]: allowing syscall: fcntl64
06-26 18:24:59.876 382 382 W mediaswcodec: libminijail[382]: allowing syscall: socket
06-26 18:24:59.876 382 382 W mediaswcodec: libminijail[382]: allowing syscall: writev
06-26 18:24:59.877 382 382 W mediaswcodec: libminijail[382]: compile_file: (71): syscall futex redefined here
06-26 18:24:59.877 382 382 W mediaswcodec: libminijail[382]: compile_file: (15): previous definition here
06-26 18:24:59.879 382 382 W mediaswcodec: libminijail[382]: logging seccomp filter failures
06-26 18:24:59.881 382 382 I CodecServiceRegistrant: Creating software Codec2 service...
06-26 18:24:59.883 403 403 I adbd : persist.adb.watchdog set to ''
06-26 18:24:59.883 403 403 I adbd : persist.sys.test_harness set to ''
06-26 18:24:59.883 403 403 I adbd : adb watchdog timeout set to 600 seconds
06-26 18:24:59.884 403 403 I adbd : Setup mdns on port= 5555
06-26 18:24:59.884 382 382 E cutils-trace: Error opening trace file: No such file or directory (2)
06-26 18:24:59.885 403 403 I adbd : adbd listening on tcp:5555
06-26 18:24:59.885 403 403 I adbd : adbd listening on vsock:5555
06-26 18:24:59.885 403 403 I adbd : adbd started
06-26 18:24:59.889 359 359 D multiir : multi_ir open uinput dev
06-26 18:24:59.890 320 326 D XM_HIDREAD: add@ add@/devices/virtual/input/input1
06-26 18:24:59.894 320 326 D XM_HIDREAD: add@ add@/devices/virtual/input/input1/event1
06-26 18:24:59.896 359 359 I input : sunxi-ir-uinput as /devices/virtual/input/input1
06-26 18:24:59.897 403 417 I adbd : opening control endpoint /dev/usb-ffs/adb/ep0
06-26 18:24:59.898 359 359 D multiir : uinputfd=4
06-26 18:24:59.901 269 269 I android.hardware.usb.gadget@1.1-service.aw: setCurrentUsbFunctions Adb
06-26 18:24:59.901 386 386 I update_engine: [INFO:main.cc(55)] A/B Update Engine starting
06-26 18:24:59.900 417 417 I : read descriptors
06-26 18:24:59.901 269 269 I android.hardware.usb.gadget@1.1-service.aw: Service started
06-26 18:24:59.901 269 269 I android.hardware.usb.gadget@1.1-service.aw: enable usbradio debug functions
06-26 18:24:59.902 269 269 I android.hardware.usb.gadget@1.1-service.aw: Usb Gadget setcurrent functions called successfully
06-26 18:24:59.900 417 417 I : read strings
06-26 18:24:59.902 403 415 I adbd : Waiting for persist.adb.tls_server.enable=1
06-26 18:24:59.902 403 415 I adbd : persist.adb.tls_server.enable changed to 1
06-26 18:24:59.904 403 417 I adbd : UsbFfsConnection constructed
06-26 18:24:59.910 374 374 I HidlServiceManagement: Registered android.hardware.media.omx@1.0::IOmx/default
06-26 18:24:59.910 374 374 I HidlServiceManagement: Removing namespace from process name android.hardware.media.omx@1.0-service to omx@1.0-service.
06-26 18:24:59.911 374 374 I android.hardware.media.omx@1.0-service: IOmx HAL service created.
06-26 18:24:59.912 403 424 I adbd : UsbFfs-monitor thread spawned
06-26 18:24:59.912 374 374 I OmxStore: omx common prefix: 'OMX.'
06-26 18:24:59.912 374 374 D MediaCodecsXmlParser: parsing /vendor/etc/media_codecs.xml...
06-26 18:24:59.913 374 374 D MediaCodecsXmlParser: parsing /vendor/etc/media_codecs_google_audio.xml...
06-26 18:24:59.913 374 374 D MediaCodecsXmlParser: unable to open media codecs configuration xml file: /vendor/etc/media_codecs_google_audio.xml
06-26 18:24:59.914 403 415 I adbd : adbwifi started on port 34505
06-26 18:24:59.914 386 386 E cutils-trace: Error opening trace file: No such file or directory (2)
06-26 18:24:59.914 403 415 I adbd : TlsServer running on port 34505
06-26 18:24:59.915 403 415 I adbd : adb wifi started on port 34505
06-26 18:24:59.916 374 374 D MediaCodecsXmlParser: parsing /vendor/etc/media_codecs_google_video.xml...
06-26 18:24:59.916 374 374 D MediaCodecsXmlParser: unable to open media codecs configuration xml file: /vendor/etc/media_codecs_google_video.xml
06-26 18:24:59.916 403 415 I adbd : Waiting for persist.adb.tls_server.enable=0
06-26 18:24:59.916 374 374 D MediaCodecsXmlParser: parsing /vendor/etc/media_codecs_performance.xml...
06-26 18:24:59.916 374 374 D MediaCodecsXmlParser: MediaCodec: cannot update non-existing codec: OMX.google.h264.encoder at line 25 of /vendor/etc/media_codecs_performance.xml
06-26 18:24:59.916 374 374 D MediaCodecsXmlParser: MediaCodec: cannot update non-existing codec: OMX.google.h263.encoder at line 31 of /vendor/etc/media_codecs_performance.xml
06-26 18:24:59.916 374 374 D MediaCodecsXmlParser: MediaCodec: cannot update non-existing codec: OMX.google.mpeg4.encoder at line 34 of /vendor/etc/media_codecs_performance.xml
06-26 18:24:59.918 403 425 I adbd : Registering secure_connect service (adb-DZOH58251975972-BGYj1f)
06-26 18:24:59.921 374 374 D MediaCodecsXmlParser: MediaCodec: cannot update non-existing codec: OMX.google.vp8.encoder at line 37 of /vendor/etc/media_codecs_performance.xml
06-26 18:24:59.921 374 374 D MediaCodecsXmlParser: MediaCodec: cannot update non-existing codec: OMX.allwinner.video.decoder.h263 at line 59 of /vendor/etc/media_codecs_performance.xml
06-26 18:24:59.921 374 374 D MediaCodecsXmlParser: MediaCodec: cannot update non-existing codec: OMX.google.mpeg4.decoder at line 80 of /vendor/etc/media_codecs_performance.xml
06-26 18:24:59.921 374 374 D MediaCodecsXmlParser: MediaCodec: cannot update non-existing codec: OMX.google.h264.decoder at line 83 of /vendor/etc/media_codecs_performance.xml
06-26 18:24:59.921 374 374 D MediaCodecsXmlParser: MediaCodec: cannot update non-existing codec: OMX.google.h263.decoder at line 89 of /vendor/etc/media_codecs_performance.xml
06-26 18:24:59.921 374 374 D MediaCodecsXmlParser: MediaCodec: cannot update non-existing codec: OMX.google.hevc.decoder at line 93 of /vendor/etc/media_codecs_performance.xml
06-26 18:24:59.921 374 374 D MediaCodecsXmlParser: MediaCodec: cannot update non-existing codec: OMX.google.vp8.decoder at line 101 of /vendor/etc/media_codecs_performance.xml
06-26 18:24:59.921 374 374 D MediaCodecsXmlParser: MediaCodec: cannot update non-existing codec: OMX.google.vp9.decoder at line 107 of /vendor/etc/media_codecs_performance.xml
06-26 18:24:59.922 374 374 I MediaCodecsXmlParser: Did not find media_codecs_shaping.xml in search path
06-26 18:24:59.922 374 374 E MediaCodecsXmlParser: Cannot find the role for a decoder of type video/divx
06-26 18:24:59.922 374 374 E MediaCodecsXmlParser: Cannot find the role for a decoder of type video/jpeg
06-26 18:24:59.922 374 374 E MediaCodecsXmlParser: Cannot find the role for a decoder of type video/mpeg1
06-26 18:24:59.922 374 374 E MediaCodecsXmlParser: Cannot find the role for a decoder of type video/x-ms-mpeg4v1
06-26 18:24:59.922 374 374 E MediaCodecsXmlParser: Cannot find the role for a decoder of type video/x-ms-mpeg4v2
06-26 18:24:59.922 374 374 E MediaCodecsXmlParser: Cannot find the role for a decoder of type video/rvg2
06-26 18:24:59.922 374 374 E MediaCodecsXmlParser: Cannot find the role for a decoder of type video/flv1
06-26 18:24:59.922 374 374 E MediaCodecsXmlParser: Cannot find the role for a decoder of type video/wvc1
06-26 18:24:59.922 374 374 E MediaCodecsXmlParser: Cannot find the role for a decoder of type video/x-vnd.on2.vp6
06-26 18:24:59.922 374 374 E MediaCodecsXmlParser: Cannot find the role for a decoder of type video/wmv1
06-26 18:24:59.922 374 374 E MediaCodecsXmlParser: Cannot find the role for a decoder of type video/wmv2
06-26 18:24:59.922 374 374 E MediaCodecsXmlParser: Cannot find the role for a decoder of type video/xvid
06-26 18:24:59.948 359 359 D multiir : uevent listen start
06-26 18:24:59.952 360 360 E cutils-trace: Error opening trace file: No such file or directory (2)
06-26 18:24:59.943 357 357 V MediaUtils: physMem: 2055442432
06-26 18:24:59.954 357 357 V MediaUtils: requested limit: 134217728
06-26 18:24:59.957 357 357 I libc : malloc_limit: Allocation limit enabled, max size 134217728 bytes
06-26 18:24:59.964 266 266 I EventThread: type=1400 audit(0.0:300): avc: denied { search } for name="extcon" dev="sysfs" ino=18109 scontext=u:r:hal_tv_cec_default:s0 tcontext=u:object_r:sysfs_extcon:s0 tclass=dir permissive=1
06-26 18:24:59.968 374 374 I HidlServiceManagement: Registered android.hardware.media.omx@1.0::IOmxStore/default
06-26 18:24:59.968 374 374 I HidlServiceManagement: Removing namespace from process name android.hardware.media.omx@1.0-service to omx@1.0-service.
06-26 18:24:59.972 357 357 D AudioPowerUsage: AudioPowerUsage
06-26 18:24:59.975 357 357 D AudioAnalytics: AudioAnalytics
06-26 18:24:59.978 357 357 D MediaMetricsService: MediaMetricsService
06-26 18:24:59.990 380 380 E cutils-trace: Error opening trace file: No such file or directory (2)
06-26 18:25:00.021 382 382 I HidlServiceManagement: Registered android.hardware.media.c2@1.2::IComponentStore/software
06-26 18:25:00.022 386 386 I update_engine: [INFO:boot_control_android.cc(69)] Loaded boot control hidl hal.
06-26 18:25:00.020 329 329 I rainbow_flow: type=1400 audit(0.0:301): avc: denied { ioctl } for path="/dev/spidev1.0" dev="tmpfs" ino=6605 ioctlcmd=0x6b00 scontext=u:r:init:s0 tcontext=u:object_r:device:s0 tclass=chr_file permissive=1
06-26 18:25:00.028 386 386 I update_engine: [INFO:daemon_state_android.cc(44)] Booted in dev mode.
06-26 18:25:00.031 355 355 D isomountservice: main isomount service is running.
06-26 18:25:00.032 355 355 I isomountservice: ServiceManager: 0xec0e0cc0
06-26 18:25:00.041 359 359 D multiir : find target device, path=/dev/input/event0
06-26 18:25:00.042 186 186 I hwservicemanager: getTransport: Cannot find entry android.hardware.media.c2@1.0::IComponentStore/default in either framework or device VINTF manifest.
06-26 18:25:00.042 382 382 I CodecServiceRegistrant: Preferred Codec2 store is defaulted to "software".
06-26 18:25:00.042 382 382 I CodecServiceRegistrant: Software Codec2 service created and registered.
06-26 18:25:00.043 380 380 I HidlServiceManagement: Registered android.hardware.radio@1.6::IRadio/slot1
06-26 18:25:00.046 359 436 D multiir : MultiirService create
06-26 18:25:00.047 185 185 E SELinux : avc: denied { add } for pid=359 uid=0 name=softwinner.multi_ir scontext=u:r:multi_ir:s0 tcontext=u:object_r:default_android_service:s0 tclass=service_manager permissive=1
06-26 18:25:00.052 386 386 I update_engine: [INFO:update_attempter_android.cc(1082)] Scheduling CleanupPreviousUpdateAction.
06-26 18:25:00.058 274 274 I ServiceManager: Waiting for service 'media.metrics' on '/dev/binder' successful after waiting 1032ms
06-26 18:25:00.058 274 274 I AudioFlinger: Using default 3000 mSec as standby time.
06-26 18:25:00.059 386 386 I update_engine: [INFO:action_processor.cc(51)] ActionProcessor: starting CleanupPreviousUpdateAction
06-26 18:25:00.063 248 404 W zygote : Verification of java.lang.String android.app.appsearch.AppSearchManager.getPackageName() took 191.257ms (36.60 bytecodes/s) (864B approximate peak alloc)
06-26 18:25:00.066 357 433 I ServiceManager: Waiting for service 'package_native' on '/dev/binder'...
06-26 18:25:00.070 386 386 I update_engine: [INFO:cleanup_previous_update_action.cc(149)] Starting/resuming CleanupPreviousUpdateAction
06-26 18:25:00.074 360 360 W storaged: health: invalid battery status
06-26 18:25:00.080 386 386 I update_engine: [INFO:cleanup_previous_update_action.cc(124)] CleanupPreviousUpdateAction scheduled task ID 1 for WaitBootCompleted
06-26 18:25:00.083 380 380 I HidlServiceManagement: Registered android.hardware.radio.config@1.3::IRadioConfig/default
06-26 18:25:00.092 350 350 I cameraserver: ServiceManager: 0xf43fa960
06-26 18:25:00.093 350 350 I CameraService: CameraService started (pid=350)
06-26 18:25:00.094 350 350 I CameraService: CameraService process starting
06-26 18:25:00.094 350 350 W BatteryNotifier: batterystats service unavailable!
06-26 18:25:00.095 350 350 W BatteryNotifier: batterystats service unavailable!
06-26 18:25:00.095 350 350 E cutils-trace: Error opening trace file: No such file or directory (2)
06-26 18:25:00.097 380 380 I HidlServiceManagement: Registered android.hardware.radio@1.2::ISap/slot1
06-26 18:25:00.092 360 360 I ServiceManager: Waiting for service 'package_native' on '/dev/binder'...
06-26 18:25:00.100 248 248 D Zygote : VMRuntime.setVerifierEnabled(false)
06-26 18:25:00.102 361 361 D systemmixservice: main SystemMix service is running.
06-26 18:25:00.103 361 361 I systemmixservice: ServiceManager: 0xf395fcb0
06-26 18:25:00.103 361 361 D SystemMixService: SystemMixService created
06-26 18:25:00.103 185 185 E SELinux : avc: denied { add } for pid=361 uid=0 name=softwinner.systemmix scontext=u:r:systemmix:s0 tcontext=u:object_r:default_android_service:s0 tclass=service_manager permissive=1
06-26 18:25:00.104 350 350 I CameraProviderManager: Connecting to new camera provider: external/0, isRemote? 1
06-26 18:25:00.106 350 350 I CameraProviderManager: Camera provider external/0 ready with 0 camera devices
06-26 18:25:00.107 350 442 W CameraProviderManager: addProviderLocked: Camera provider HAL with name 'external/0' already registered
06-26 18:25:00.110 350 350 I cameraserver: Waiting for activity service
06-26 18:25:00.117 274 274 E APM::HwModule: refreshSupportedDevices: invalid source devices for primary input
06-26 18:25:00.117 274 274 E APM::HwModule: refreshSupportedDevices: invalid source devices for fast input
06-26 18:25:00.122 274 274 D APM_EngineLoader: Loaded engine from libaudiopolicyenginedefault.so
06-26 18:25:00.123 274 274 D APM::AudioPolicyEngine/Base: loadAudioPolicyEngineConfig: No configuration found, using default matching phone experience.
06-26 18:25:00.142 274 274 W APM::AudioPolicyEngine/Base: loadAudioPolicyEngineConfig: No configuration of AUDIO_STREAM_ASSISTANT found, using default volume configuration
06-26 18:25:00.143 274 274 W APM::AudioPolicyEngine/Base: loadAudioPolicyEngineConfig: No configuration of AUDIO_STREAM_CALL_ASSISTANT found, using default volume configuration
06-26 18:25:00.165 253 253 V audio_hw_primary: init_audio_devices, line: 611
06-26 18:25:00.166 253 253 D audio_hw_primary: read card /sys/class/sound/card0/id
06-26 18:25:00.166 253 253 D audio_hw_primary: /sys/class/sound/card0/id, audiocodec, len: 11
06-26 18:25:00.166 253 253 D audio_hw_primary: linux name = audiocodec, android name = AUDIO_CODEC
06-26 18:25:00.166 253 253 D audio_hw_primary: find name map, card_id = audiocodec, card_name = AUDIO_CODEC
06-26 18:25:00.166 253 253 V audio_hw_primary: card: 0, name: AUDIO_CODEC, capture: 0, playback: 1
06-26 18:25:00.166 253 253 D audio_hw_primary: read card /sys/class/sound/card1/id
06-26 18:25:00.167 253 253 D audio_hw_primary: /sys/class/sound/card1/id, sndspdif, len: 9
06-26 18:25:00.167 253 253 D audio_hw_primary: linux name = sndspdif, android name = AUDIO_SPDIF
06-26 18:25:00.167 253 253 D audio_hw_primary: find name map, card_id = sndspdif, card_name = AUDIO_SPDIF
06-26 18:25:00.167 253 253 V audio_hw_primary: card: 1, name: AUDIO_SPDIF, capture: 1, playback: 1
06-26 18:25:00.167 253 253 D audio_hw_primary: read card /sys/class/sound/card2/id
06-26 18:25:00.167 253 253 D audio_hw_primary: /sys/class/sound/card2/id, ahubdam, len: 8
06-26 18:25:00.167 253 253 D audio_hw_primary: linux name = ahubdam, android name = AUDIO_DAM
06-26 18:25:00.167 253 253 D audio_hw_primary: find name map, card_id = ahubdam, card_name = AUDIO_DAM
06-26 18:25:00.167 253 253 V audio_hw_primary: card: 2, name: AUDIO_DAM, capture: 0, playback: 0
06-26 18:25:00.167 253 253 D audio_hw_primary: read card /sys/class/sound/card3/id
06-26 18:25:00.167 253 253 D audio_hw_primary: /sys/class/sound/card3/id, ahubhdmi, len: 9
06-26 18:25:00.168 253 253 D audio_hw_primary: linux name = ahubhdmi, android name = AUDIO_HDMI
06-26 18:25:00.168 253 253 D audio_hw_primary: find name map, card_id = ahubhdmi, card_name = AUDIO_HDMI
06-26 18:25:00.168 253 253 V audio_hw_primary: card: 3, name: AUDIO_HDMI, capture: 1, playback: 1
06-26 18:25:00.168 253 253 D audio_hw_primary: read card /sys/class/sound/card4/id
06-26 18:25:00.168 253 253 D audio_hw_primary: /sys/class/sound/card4/id, ahubi2s2, len: 9
06-26 18:25:00.168 253 253 D audio_hw_primary: linux name = ahubi2s2, android name = AUDIO_I2S2
06-26 18:25:00.168 253 253 D audio_hw_primary: find name map, card_id = ahubi2s2, card_name = AUDIO_I2S2
06-26 18:25:00.168 253 253 V audio_hw_primary: card: 4, name: AUDIO_I2S2, capture: 1, playback: 1
06-26 18:25:00.168 253 253 D audio_hw_primary: getCardNumbyName: name = AUDIO_CODEC , card = 0
06-26 18:25:00.168 253 253 D audio_hw_primary: getCardNumbyName: name = AUDIO_DAM , card = 2
06-26 18:25:00.168 253 253 D audio_hw_primary: getCardNumbyName: name = AUDIO_HDMI , card = 3
06-26 18:25:00.169 253 253 D audio_hw_primary: getCardNumbyName: name = AUDIO_I2S2 , card = 4
06-26 18:25:00.169 253 253 D audio_hw_primary: getCardNumbyName: name = AUDIO_SPDIF , card = 1
06-26 18:25:00.169 253 253 E audio_hw_primary: AUDIO_BT card does not exist
06-26 18:25:00.169 253 253 E audio_hw_primary: AUDIO_MIX card does not exist
06-26 18:25:00.169 253 253 V audio_hw_primary: init_audio_devices_active, line: 635
06-26 18:25:00.169 253 253 V audio_hw_primary: init_audio_devices_active: get property persist.vendor.audio.input.active: AUDIO_CODEC
06-26 18:25:00.168 1 1 I /system/bin/init: type=1107 audit(0.0:302): uid=0 auid=4294967295 ses=4294967295 subj=u:r:init:s0 msg='avc: denied { set } for property=persist.vendor.audio.input.active pid=253 uid=1041 gid=1005 scontext=u:r:hal_audio_default:s0 tcontext=u:object_r:vendor_default_prop:s0 tclass=property_service permissive=1'
06-26 18:25:00.178 253 253 V audio_hw_primary: set property persist.vendor.audio.input.active: AUDIO_CODEC ok
06-26 18:25:00.178 253 253 V audio_hw_primary: init_audio_devices_active: get property persist.vendor.audio.output.active: AUDIO_HDMI
06-26 18:25:00.186 253 253 V audio_hw_primary: set property persist.vendor.audio.output.active: AUDIO_HDMI ok
06-26 18:25:00.187 253 253 V audio_hw_primary: AUDIO_HDMI output device will be active
06-26 18:25:00.187 253 253 D audio_hw_primary: XX 2 0 2 0
06-26 18:25:00.190 253 253 W audio_route: Control 'External Speaker Switch' doesn't exist - skipping
06-26 18:25:00.190 253 253 W audio_route: Control 'Headphone Switch' doesn't exist - skipping
06-26 18:25:00.190 253 253 W audio_route: Control 'Earpiece Switch' doesn't exist - skipping
06-26 18:25:00.190 253 253 W audio_route: Control 'AIF1IN0R Mux' doesn't exist - skipping
06-26 18:25:00.190 253 253 W audio_route: Control 'AIF1IN0L Mux' doesn't exist - skipping
06-26 18:25:00.190 253 253 W audio_route: Control 'DACR Mixer AIF1DA0R Switch' doesn't exist - skipping
06-26 18:25:00.190 253 253 W audio_route: Control 'DACL Mixer AIF1DA0L Switch' doesn't exist - skipping
06-26 18:25:00.190 253 253 W audio_route: Control 'AIF1OUT0L Mux' doesn't exist - skipping
06-26 18:25:00.190 253 253 W audio_route: Control 'AIF1OUT0R Mux' doesn't exist - skipping
06-26 18:25:00.190 253 253 W audio_route: Control 'AIF1 AD0L Mixer ADCL Switch' doesn't exist - skipping
06-26 18:25:00.190 253 253 W audio_route: Control 'AIF1 AD0R Mixer ADCR Switch' doesn't exist - skipping
06-26 18:25:00.190 253 253 W audio_route: Control 'ADCR Mux' doesn't exist - skipping
06-26 18:25:00.191 253 253 W audio_route: Control 'ADCL Mux' doesn't exist - skipping
06-26 18:25:00.191 253 253 W audio_route: Control 'HP_R Mux' doesn't exist - skipping
06-26 18:25:00.191 253 253 W audio_route: Control 'HP_L Mux' doesn't exist - skipping
06-26 18:25:00.191 253 253 W audio_route: Control 'HP_R Mux' doesn't exist - skipping
06-26 18:25:00.191 253 253 W audio_route: Control 'HP_L Mux' doesn't exist - skipping
06-26 18:25:00.191 253 253 W audio_route: Control 'Right Output Mixer DACR Switch' doesn't exist - skipping
06-26 18:25:00.191 253 253 W audio_route: Control 'Left Output Mixer DACL Switch' doesn't exist - skipping
06-26 18:25:00.191 253 253 W audio_route: Control 'SPK_L Mux' doesn't exist - skipping
06-26 18:25:00.191 253 253 W audio_route: Control 'SPK_R Mux' doesn't exist - skipping
06-26 18:25:00.191 253 253 W audio_route: Control 'External Speaker Switch' doesn't exist - skipping
06-26 18:25:00.191 253 253 W audio_route: Control 'Headphone Switch' doesn't exist - skipping
06-26 18:25:00.191 253 253 W audio_route: Control 'AIF1IN0R Mux' doesn't exist - skipping
06-26 18:25:00.191 253 253 W audio_route: Control 'AIF1IN0L Mux' doesn't exist - skipping
06-26 18:25:00.192 253 253 W audio_route: Control 'DACR Mixer AIF1DA0R Switch' doesn't exist - skipping
