06-26 18:25:06.917 477 477 V StorageManagerService: Package com.android.location.fused does not have legacy storage
06-26 18:25:06.917 477 477 V StorageManagerService: Package com.android.systemui does not have legacy storage
06-26 18:25:06.917 477 477 V StorageManagerService: Package com.dangbei.haqusetting does not have legacy storage
06-26 18:25:06.917 477 477 V StorageManagerService: Package com.android.bluetoothmidiservice does not have legacy storage
06-26 18:25:06.918 477 477 V StorageManagerService: Package com.softwinner.awmanager does not have legacy storage
06-26 18:25:06.918 477 477 V StorageManagerService: Package com.android.permissioncontroller does not have legacy storage
06-26 18:25:06.918 477 477 V StorageManagerService: Package com.softwinner.miracastReceiver does not have legacy storage
06-26 18:25:06.918 477 477 V StorageManagerService: Package com.gitvdemo.video has legacy storage
06-26 18:25:06.918 382 382 V C2Store : in init
06-26 18:25:06.918 382 382 V C2Store : loading dll
06-26 18:25:06.919 672 672 V SystemUIService: SystemUIApplication constructed.
06-26 18:25:06.918 477 477 V StorageManagerService: Package com.android.traceur does not have legacy storage
06-26 18:25:06.920 477 534 W BestClock: java.time.DateTimeException: Missing NTP fix
06-26 18:25:06.924 477 477 V StorageManagerService: Package com.android.bluetooth does not have legacy storage
06-26 18:25:06.925 477 610 W BestClock: java.time.DateTimeException: Missing NTP fix
06-26 18:25:06.925 477 534 W BestClock: java.time.DateTimeException: Missing NTP fix
06-26 18:25:06.926 477 477 V StorageManagerService: Package com.android.providers.contacts does not have legacy storage
06-26 18:25:06.926 477 477 V StorageManagerService: Package com.android.captiveportallogin does not have legacy storage
06-26 18:25:06.926 477 610 W BestClock: java.time.DateTimeException: Missing NTP fix
06-26 18:25:06.927 477 477 V StorageManagerService: Package com.android.internal.systemui.navbar.gestural_narrow_back does not have legacy storage
06-26 18:25:06.927 477 477 V StorageManagerService: Package com.cibn.tv has legacy storage
06-26 18:25:06.927 477 477 V StorageManagerService: Package com.jxhy.keepdance has legacy storage
06-26 18:25:06.928 477 477 V StorageManagerService: Package android.auto_generated_rro_vendor__ does not have legacy storage
06-26 18:25:06.929 248 248 W Zygote : forkRepeatedly terminated due to non-simple command
06-26 18:25:06.929 248 248 D Zygote : mbuffer starts with 14, nice name is webview_zygote, mEnd = 401, mNext = 159, mLinesLeft = 6, mFd = 4
06-26 18:25:06.930 477 583 D CompatibilityChangeReporter: Compat change id reported: 168419799; UID 1073; state: DISABLED
06-26 18:25:06.930 715 715 I WebViewLoader-: System.exit called, status: 0
06-26 18:25:06.931 715 715 I AndroidRuntime: VM exiting with result code 0, cleanup skipped.
06-26 18:25:06.940 382 382 V C2Store : in ~ComponentModule
06-26 18:25:06.941 382 382 V C2Store : unloading dll
06-26 18:25:06.941 382 382 V C2Store : in init
06-26 18:25:06.941 382 382 V C2Store : loading dll
06-26 18:25:06.942 477 583 D CompatibilityChangeReporter: Compat change id reported: 168419799; UID 1073; state: DISABLED
06-26 18:25:06.947 758 758 D CompatibilityChangeReporter: Compat change id reported: 171979766; UID 1073; state: ENABLED
06-26 18:25:06.954 382 382 V C2Store : in ~ComponentModule
06-26 18:25:06.954 382 382 V C2Store : unloading dll
06-26 18:25:06.954 248 248 D Zygote : Forked child process 782
06-26 18:25:06.956 382 382 V C2Store : in init
06-26 18:25:06.956 382 382 V C2Store : loading dll
06-26 18:25:06.960 672 672 I ndroid.systemui: type=1400 audit(0.0:357): avc: denied { search } for name="com.android.systemui" dev="mmcblk0p25" ino=484 scontext=u:r:platform_app:s0:c512,c768 tcontext=u:object_r:app_data_file:s0:c512,c768 tclass=dir permissive=1 app=com.softwinner.screenshot
06-26 18:25:06.960 672 672 I ndroid.systemui: type=1400 audit(0.0:358): avc: denied { getattr } for path="/data/user_de/0/com.android.systemui/cache" dev="mmcblk0p25" ino=485 scontext=u:r:platform_app:s0:c512,c768 tcontext=u:object_r:app_data_file:s0:c512,c768 tclass=dir permissive=1 app=com.softwinner.screenshot
06-26 18:25:06.964 477 534 W BestClock: java.time.DateTimeException: Missing NTP fix
06-26 18:25:06.966 477 713 W ZygoteProcess: Got error connecting to zygote, retrying. msg= Connection refused
06-26 18:25:06.967 782 782 I Zygote : seccomp disabled by setenforce 0
06-26 18:25:06.967 477 583 W StorageManagerService: No primary storage defined yet; hacking together a stub
06-26 18:25:06.968 477 534 W BestClock: java.time.DateTimeException: Missing NTP fix
06-26 18:25:06.970 477 477 W VoiceInteractionManager: no available voice recognition services found for user 0
06-26 18:25:06.971 477 477 W AppBindingService: [Default SMS app] u0 Target package not found
06-26 18:25:06.973 477 477 V GameManagerService: Settings file doesn't exists, skip reading
06-26 18:25:06.974 477 477 I SystemServerTiming: startPersistentApps
06-26 18:25:06.977 477 477 D CompatibilityChangeReporter: Compat change id reported: 135634846; UID 1068; state: DISABLED
06-26 18:25:06.976 266 266 I EventThread: type=1400 audit(0.0:359): avc: denied { search } for name="extcon" dev="sysfs" ino=18109 scontext=u:r:hal_tv_cec_default:s0 tcontext=u:object_r:sysfs_extcon:s0 tclass=dir permissive=1
06-26 18:25:06.977 782 782 I WebViewZygoteInit: Starting WebViewZygoteInit
06-26 18:25:06.979 477 477 I SystemServerTiming: startHomeOnAllDisplays
06-26 18:25:06.980 782 782 I Zygote : seccomp disabled by setenforce 0
06-26 18:25:06.981 477 669 W GameManagerService: Invalid package config for com.tencent.start.tv:[Name:com.tencent.start.tv Modes: {}]
06-26 18:25:06.981 477 669 I GameManagerService: Disabling downscale for com.tencent.start.tv
06-26 18:25:06.983 382 382 V C2Store : in ~ComponentModule
06-26 18:25:06.983 382 382 V C2Store : unloading dll
06-26 18:25:06.983 382 382 V C2Store : in init
06-26 18:25:06.983 382 382 V C2Store : loading dll
06-26 18:25:06.987 671 671 E droid.bluetoot: [0626/182506.985599:ERROR:hal_version_manager.h(125)] HalVersionManager No supported HAL version
06-26 18:25:06.987 477 477 I ActivityStarter: ---START u0 {act=android.intent.action.MAIN cat=[android.intent.category.HOME] flg=0x10000100 cmp=com.android.tv.settings/.system.FallbackHome (has extras)} from uid 0
06-26 18:25:07.001 671 671 I droid.bluetoot: [0626/182507.000730:INFO:btif_config_cache.cc(61)] BtifConfigCache, capacity: 10000
06-26 18:25:07.001 382 382 V C2Store : in ~ComponentModule
06-26 18:25:07.001 382 382 V C2Store : unloading dll
06-26 18:25:07.001 382 382 V C2Store : in init
06-26 18:25:07.001 382 382 V C2Store : loading dll
06-26 18:25:07.007 477 534 W BestClock: java.time.DateTimeException: Missing NTP fix
06-26 18:25:07.012 477 610 W BestClock: java.time.DateTimeException: Missing NTP fix
06-26 18:25:07.013 477 534 W BestClock: java.time.DateTimeException: Missing NTP fix
06-26 18:25:07.013 477 610 W BestClock: java.time.DateTimeException: Missing NTP fix
06-26 18:25:07.014 248 248 D Zygote : Forked child process 792
06-26 18:25:07.014 382 382 I mediaswcodec: missing struct descriptor #Param::CoreIndex(--004) for field values of struct #Param::CoreIndex(F-12004)
06-26 18:25:07.014 382 382 I mediaswcodec: missing struct descriptor #Param::CoreIndex(--1812) for field values of struct #Param::CoreIndex(F-11812)
06-26 18:25:07.015 248 248 I Zygote : Process 715 exited cleanly (0)
06-26 18:25:07.016 382 382 V C2Store : in ~ComponentModule
06-26 18:25:07.016 382 382 V C2Store : unloading dll
06-26 18:25:07.016 382 382 V C2Store : in init
06-26 18:25:07.016 382 382 V C2Store : loading dll
06-26 18:25:07.021 782 782 I WebViewZygoteInit: Beginning application preload for com.android.webview
06-26 18:25:07.024 792 792 I Zygote : seccomp disabled by setenforce 0
06-26 18:25:07.033 382 382 V C2Store : in ~ComponentModule
06-26 18:25:07.034 382 382 V C2Store : unloading dll
06-26 18:25:07.034 382 382 V C2Store : in init
06-26 18:25:07.034 382 382 V C2Store : loading dll
06-26 18:25:07.034 782 782 D nativeloader: classloader namespace configured for unbundled product apk. library_path=/product/app/webview/lib/arm:/product/app/webview/webview.apk!/lib/armeabi-v7a:/product/lib:/system/product/lib
06-26 18:25:07.032 329 329 I rainbow_flow: type=1400 audit(0.0:360): avc: denied { ioctl } for path="/dev/spidev1.0" dev="tmpfs" ino=6605 ioctlcmd=0x6b00 scontext=u:r:init:s0 tcontext=u:object_r:device:s0 tclass=chr_file permissive=1
06-26 18:25:07.046 403 421 I adbd : jdwp connection from 792
06-26 18:25:07.050 382 382 V C2Store : in ~ComponentModule
06-26 18:25:07.050 382 382 V C2Store : unloading dll
06-26 18:25:07.050 382 382 V C2Store : in init
06-26 18:25:07.050 382 382 V C2Store : loading dll
06-26 18:25:07.054 477 534 W BestClock: java.time.DateTimeException: Missing NTP fix
06-26 18:25:07.055 382 382 V C2Store : in ~ComponentModule
06-26 18:25:07.055 382 382 V C2Store : unloading dll
06-26 18:25:07.055 382 382 V C2Store : in init
06-26 18:25:07.055 382 382 V C2Store : loading dll
06-26 18:25:07.064 477 534 W BestClock: java.time.DateTimeException: Missing NTP fix
06-26 18:25:07.067 382 382 V C2Store : in ~ComponentModule
06-26 18:25:07.067 382 382 V C2Store : unloading dll
06-26 18:25:07.067 382 382 V C2Store : in init
06-26 18:25:07.067 382 382 V C2Store : loading dll
06-26 18:25:07.072 671 671 I BluetoothServiceJni: hal_util_load_bt_library: loaded Bluetooth library successfully
06-26 18:25:07.074 382 382 V C2Store : in ~ComponentModule
06-26 18:25:07.074 382 382 V C2Store : unloading dll
06-26 18:25:07.074 671 671 D BluetoothAdapterService: onCreate()
06-26 18:25:07.074 382 382 V C2Store : in init
06-26 18:25:07.074 382 382 V C2Store : loading dll
06-26 18:25:07.083 382 382 V C2Store : in ~ComponentModule
06-26 18:25:07.083 382 382 V C2Store : unloading dll
06-26 18:25:07.083 382 382 V C2Store : in init
06-26 18:25:07.083 382 382 V C2Store : loading dll
06-26 18:25:07.088 477 534 W BestClock: java.time.DateTimeException: Missing NTP fix
06-26 18:25:07.092 382 382 V C2Store : in ~ComponentModule
06-26 18:25:07.092 382 382 V C2Store : unloading dll
06-26 18:25:07.092 382 382 V C2Store : in init
06-26 18:25:07.092 382 382 V C2Store : loading dll
06-26 18:25:07.093 477 534 W BestClock: java.time.DateTimeException: Missing NTP fix
06-26 18:25:07.097 758 758 V GraphicsEnvironment: ANGLE Developer option for 'com.android.networkstack' set to: 'default'
06-26 18:25:07.097 758 758 V GraphicsEnvironment: Neither updatable production driver nor prerelease driver is supported.
06-26 18:25:07.098 758 758 D NetworkSecurityConfig: No Network Security Config specified, using platform default
06-26 18:25:07.099 758 758 D NetworkSecurityConfig: No Network Security Config specified, using platform default
06-26 18:25:07.102 382 382 V C2Store : in ~ComponentModule
06-26 18:25:07.102 382 382 V C2Store : unloading dll
06-26 18:25:07.102 382 382 V C2Store : in init
06-26 18:25:07.102 382 382 V C2Store : loading dll
06-26 18:25:07.106 477 477 D CompatibilityChangeReporter: Compat change id reported: 174042980; UID 1000; state: DISABLED
06-26 18:25:07.114 382 382 I mediaswcodec: missing struct descriptor #Param::CoreIndex(--004) for field values of struct #Param::CoreIndex(F-12004)
06-26 18:25:07.115 477 477 D libcheckfile: checkfile_init
06-26 18:25:07.115 382 382 D C2SoftHevcEnc: Given level 6000 does not cover current configuration: adjusting to 6001
06-26 18:25:07.116 477 477 D ActivityTaskManager: isHomeLauncher info= ActivityInfo{1ada3ec com.android.tv.settings.system.FallbackHome}
06-26 18:25:07.117 382 382 V C2Store : in ~ComponentModule
06-26 18:25:07.117 382 382 V C2Store : unloading dll
06-26 18:25:07.117 382 382 V C2Store : in init
06-26 18:25:07.117 382 382 V C2Store : loading dll
06-26 18:25:07.123 382 382 V C2Store : in ~ComponentModule
06-26 18:25:07.123 382 382 V C2Store : unloading dll
06-26 18:25:07.123 382 382 V C2Store : in init
06-26 18:25:07.123 382 382 V C2Store : loading dll
06-26 18:25:07.120 809 809 I system_server: type=1400 audit(0.0:362): avc: denied { read open } for path="/vendor/xbin/am" dev="dm-1" ino=1160 scontext=u:r:system_server:s0 tcontext=u:object_r:vendor_file:s0 tclass=file permissive=1
06-26 18:25:07.124 477 534 W BestClock: java.time.DateTimeException: Missing NTP fix
06-26 18:25:07.120 809 809 I system_server: type=1400 audit(0.0:363): avc: denied { execute_no_trans } for path="/vendor/xbin/am" dev="dm-1" ino=1160 scontext=u:r:system_server:s0 tcontext=u:object_r:vendor_file:s0 tclass=file permissive=1
06-26 18:25:07.124 809 809 I system_server: type=1400 audit(0.0:364): avc: denied { execute } for name="sh" dev="dm-0" ino=1201 scontext=u:r:system_server:s0 tcontext=u:object_r:shell_exec:s0 tclass=file permissive=1
06-26 18:25:07.124 809 809 I system_server: type=1400 audit(0.0:365): avc: denied { read open } for path="/system/bin/sh" dev="dm-0" ino=1201 scontext=u:r:system_server:s0 tcontext=u:object_r:shell_exec:s0 tclass=file permissive=1
06-26 18:25:07.124 809 809 I am : type=1400 audit(0.0:366): avc: denied { map } for path="/system/bin/sh" dev="dm-0" ino=1201 scontext=u:r:system_server:s0 tcontext=u:object_r:shell_exec:s0 tclass=file permissive=1
06-26 18:25:07.128 320 320 I xm_hidread: type=1400 audit(0.0:368): avc: denied { read } for scontext=u:r:init:s0 tcontext=u:r:init:s0 tclass=netlink_kobject_uevent_socket permissive=1
06-26 18:25:07.128 809 809 I am : type=1400 audit(0.0:367): avc: denied { getattr } for path="/system/bin/sh" dev="dm-0" ino=1201 scontext=u:r:system_server:s0 tcontext=u:object_r:shell_exec:s0 tclass=file permissive=1
06-26 18:25:07.131 477 534 W BestClock: java.time.DateTimeException: Missing NTP fix
06-26 18:25:07.133 382 382 V C2Store : in ~ComponentModule
06-26 18:25:07.133 382 382 V C2Store : unloading dll
06-26 18:25:07.133 382 382 V C2Store : in init
06-26 18:25:07.133 382 382 V C2Store : loading dll
06-26 18:25:07.134 265 265 I AW_PowerHAL: Power setMode: SUSTAINED_PERFORMANCE to: 1
06-26 18:25:07.135 265 265 W AW_PowerHAL: Could not open nsi-bw: No such file or directory
06-26 18:25:07.135 265 265 I AW_PowerHAL: cur-mode:PERFORMANCE
06-26 18:25:07.133 304 304 I libphy : 5030000.eth: probed
06-26 18:25:07.133 304 304 E : get_key_map_info()187 - Failed to find "oe" in dts.
06-26 18:25:07.143 304 304 I : sunxi-gmac 5030000.eth eth0: eth0: Type(7) PHY ID 00441400 at 0 IRQ poll (5030000.eth-0:00)
06-26 18:25:07.143 477 477 I SystemServerTiming: showSystemReadyErrorDialogs
06-26 18:25:07.144 477 477 I system_server: getFrameworkHalManifest: Reading VINTF information.
06-26 18:25:07.147 477 477 I system_server: getDeviceHalManifest: Reading VINTF information.
06-26 18:25:07.148 813 813 I am : type=1400 audit(0.0:369): avc: denied { execute_no_trans } for path="/system/bin/cmd" dev="dm-0" ino=937 scontext=u:r:system_server:s0 tcontext=u:object_r:system_file:s0 tclass=file permissive=1
06-26 18:25:07.153 382 382 V C2Store : in ~ComponentModule
06-26 18:25:07.153 382 382 V C2Store : unloading dll
06-26 18:25:07.156 477 477 I system_server: getDeviceHalManifest: Successfully processed VINTF information
06-26 18:25:07.156 477 477 I system_server: getFrameworkHalManifest: Successfully processed VINTF information
06-26 18:25:07.156 477 477 I system_server: getFrameworkCompatibilityMatrix: Reading VINTF information.
06-26 18:25:07.157 382 382 V C2Store : in init
06-26 18:25:07.157 382 382 V C2Store : loading dll
06-26 18:25:07.159 477 522 W PppoeNetworkFactory: interfaceLinkStateChanged
06-26 18:25:07.159 477 522 D PppoeNetworkFactory: updateInterface: mIface: mPhyIface:eth0 iface:eth0 link:down
06-26 18:25:07.159 477 522 I EthernetTracker: interfaceLinkStateChanged, iface: eth0, up: false
06-26 18:25:07.161 477 522 W PppoeNetworkFactory: interfaceLinkStateChanged
06-26 18:25:07.162 477 522 D PppoeNetworkFactory: updateInterface: mIface: mPhyIface:eth0 iface:eth0 link:down
06-26 18:25:07.162 477 522 I EthernetTracker: interfaceLinkStateChanged, iface: eth0, up: false
06-26 18:25:07.163 477 658 D EthernetTracker: Tracking interface in client mode: eth0
06-26 18:25:07.163 477 658 D EthernetNetworkFactory: addInterface, iface: eth0, capabilities: [ Transports: ETHERNET Capabilities: NOT_METERED&INTERNET&NOT_RESTRICTED&TRUSTED&NOT_VPN&NOT_ROAMING&NOT_CONGESTED&NOT_SUSPENDED&NOT_VCN_MANAGED LinkUpBandwidth>=100000Kbps LinkDnBandwidth>=100000Kbps]
06-26 18:25:07.164 477 658 D EthernetNetworkFactory: updateCapabilityFilter: [ Transports: ETHERNET Capabilities: NOT_METERED&INTERNET&NOT_RESTRICTED&TRUSTED&NOT_VPN&NOT_ROAMING&NOT_CONGESTED&NOT_SUSPENDED&NOT_VCN_MANAGED]
06-26 18:25:07.166 477 658 D EthernetNetworkFactory: updateInterfaceLinkState, iface: eth0, up: false
06-26 18:25:07.166 477 658 D EthernetNetworkFactory: updateInterfaceLinkState, iface: eth0, up: false
06-26 18:25:07.167 477 658 D Ethernet: got request NetworkRequest [ REQUEST id=4, [ Transports: ETHERNET Capabilities: INTERNET&NOT_RESTRICTED&TRUSTED&NOT_VPN&NOT_VCN_MANAGED RequestorUid: 1000 RequestorPkg: android] ]
06-26 18:25:07.167 477 658 D EthernetNetworkFactory: acceptRequest, request: NetworkRequest [ REQUEST id=4, [ Transports: ETHERNET Capabilities: INTERNET&NOT_RESTRICTED&TRUSTED&NOT_VPN&NOT_VCN_MANAGED RequestorUid: 1000 RequestorPkg: android] ]
06-26 18:25:07.167 477 658 I EthernetNetworkFactory: networkForRequest, request: NetworkRequest [ REQUEST id=4, [ Transports: ETHERNET Capabilities: INTERNET&NOT_RESTRICTED&TRUSTED&NOT_VPN&NOT_VCN_MANAGED RequestorUid: 1000 RequestorPkg: android] ], network: null
06-26 18:25:07.167 477 658 D Ethernet: got request NetworkRequest [ REQUEST id=10, [ Capabilities: INTERNET&NOT_RESTRICTED&TRUSTED&NOT_VCN_MANAGED Uid: 1000 RequestorUid: 1000 RequestorPkg: android] ]
06-26 18:25:07.167 477 658 D EthernetNetworkFactory: acceptRequest, request: NetworkRequest [ REQUEST id=10, [ Capabilities: INTERNET&NOT_RESTRICTED&TRUSTED&NOT_VCN_MANAGED Uid: 1000 RequestorUid: 1000 RequestorPkg: android] ]
06-26 18:25:07.168 477 658 I EthernetNetworkFactory: networkForRequest, request: NetworkRequest [ REQUEST id=10, [ Capabilities: INTERNET&NOT_RESTRICTED&TRUSTED&NOT_VCN_MANAGED Uid: 1000 RequestorUid: 1000 RequestorPkg: android] ], network: null
06-26 18:25:07.168 477 658 D Ethernet: got request NetworkRequest [ REQUEST id=1, [ Capabilities: INTERNET&NOT_RESTRICTED&TRUSTED&NOT_VPN&NOT_VCN_MANAGED RequestorUid: 1000 RequestorPkg: android] ]
06-26 18:25:07.168 477 658 D EthernetNetworkFactory: acceptRequest, request: NetworkRequest [ REQUEST id=1, [ Capabilities: INTERNET&NOT_RESTRICTED&TRUSTED&NOT_VPN&NOT_VCN_MANAGED RequestorUid: 1000 RequestorPkg: android] ]
06-26 18:25:07.168 477 658 I EthernetNetworkFactory: networkForRequest, request: NetworkRequest [ REQUEST id=1, [ Capabilities: INTERNET&NOT_RESTRICTED&TRUSTED&NOT_VPN&NOT_VCN_MANAGED RequestorUid: 1000 RequestorPkg: android] ], network: null
06-26 18:25:07.168 477 658 D Ethernet: got request NetworkRequest [ REQUEST id=17, [ Capabilities: INTERNET&NOT_RESTRICTED&TRUSTED&NOT_VCN_MANAGED Uid: 1000 RequestorUid: 1000 RequestorPkg: android] ]
06-26 18:25:07.168 477 658 D EthernetNetworkFactory: acceptRequest, request: NetworkRequest [ REQUEST id=17, [ Capabilities: INTERNET&NOT_RESTRICTED&TRUSTED&NOT_VCN_MANAGED Uid: 1000 RequestorUid: 1000 RequestorPkg: android] ]
06-26 18:25:07.168 477 658 I EthernetNetworkFactory: networkForRequest, request: NetworkRequest [ REQUEST id=17, [ Capabilities: INTERNET&NOT_RESTRICTED&TRUSTED&NOT_VCN_MANAGED Uid: 1000 RequestorUid: 1000 RequestorPkg: android] ], network: null
06-26 18:25:07.169 477 534 W BestClock: java.time.DateTimeException: Missing NTP fix
06-26 18:25:07.171 477 534 W BestClock: java.time.DateTimeException: Missing NTP fix
06-26 18:25:07.176 382 382 V C2Store : in ~ComponentModule
06-26 18:25:07.177 382 382 V C2Store : unloading dll
06-26 18:25:07.177 382 382 V C2Store : in init
06-26 18:25:07.177 382 382 V C2Store : loading dll
06-26 18:25:07.183 782 782 I WebViewZygoteInit: Application preload done
06-26 18:25:07.188 382 382 V C2Store : in ~ComponentModule
06-26 18:25:07.188 382 382 V C2Store : unloading dll
06-26 18:25:07.188 382 382 V C2Store : in init
06-26 18:25:07.188 382 382 V C2Store : loading dll
06-26 18:25:07.192 382 382 V C2Store : in ~ComponentModule
06-26 18:25:07.192 382 382 V C2Store : unloading dll
06-26 18:25:07.193 382 382 V C2Store : in init
06-26 18:25:07.193 382 382 V C2Store : loading dll
06-26 18:25:07.198 382 382 V C2Store : in ~ComponentModule
06-26 18:25:07.198 382 382 V C2Store : unloading dll
06-26 18:25:07.198 382 382 V C2Store : in init
06-26 18:25:07.198 382 382 V C2Store : loading dll
06-26 18:25:07.199 477 534 W BestClock: java.time.DateTimeException: Missing NTP fix
06-26 18:25:07.202 477 534 W BestClock: java.time.DateTimeException: Missing NTP fix
06-26 18:25:07.203 382 382 V C2Store : in ~ComponentModule
06-26 18:25:07.203 382 382 V C2Store : unloading dll
06-26 18:25:07.203 382 382 V C2Store : in init
06-26 18:25:07.203 382 382 V C2Store : loading dll
06-26 18:25:07.212 382 382 V C2Store : in ~ComponentModule
06-26 18:25:07.212 382 382 V C2Store : unloading dll
06-26 18:25:07.213 382 382 V C2Store : in init
06-26 18:25:07.213 382 382 V C2Store : loading dll
06-26 18:25:07.217 382 382 I C2SoftVp8Enc: setting temporal layering 0 + 0
06-26 18:25:07.219 382 382 V C2Store : in ~ComponentModule
06-26 18:25:07.219 382 382 V C2Store : unloading dll
06-26 18:25:07.219 382 382 V C2Store : in init
06-26 18:25:07.219 382 382 V C2Store : loading dll
06-26 18:25:07.223 382 382 V C2Store : in ~ComponentModule
06-26 18:25:07.223 382 382 V C2Store : unloading dll
06-26 18:25:07.223 382 382 V C2Store : in init
06-26 18:25:07.223 382 382 V C2Store : loading dll
06-26 18:25:07.228 382 382 I C2SoftVp9Enc: setting temporal layering 0 + 0
06-26 18:25:07.230 382 382 V C2Store : in ~ComponentModule
06-26 18:25:07.230 382 382 V C2Store : unloading dll
06-26 18:25:07.231 477 534 W BestClock: java.time.DateTimeException: Missing NTP fix
06-26 18:25:07.232 358 474 D MediaCodecsXmlParser: parsing /apex/com.android.media.swcodec/etc/media_codecs.xml...
06-26 18:25:07.234 358 474 D MediaCodecsXmlParser: disabling c2.android.gsm.decoder
06-26 18:25:07.235 358 474 D MediaCodecsXmlParser: disabling c2.android.mpeg2.decoder
06-26 18:25:07.235 477 534 W BestClock: java.time.DateTimeException: Missing NTP fix
06-26 18:25:07.237 358 474 I MediaCodecsXmlParser: Did not find media_codecs_performance.xml in search path
06-26 18:25:07.237 358 474 I MediaCodecsXmlParser: Did not find media_codecs_c2.xml in search path
06-26 18:25:07.237 358 474 I MediaCodecsXmlParser: Did not find media_codecs_performance_c2.xml in search path
06-26 18:25:07.237 358 474 D MediaCodecsXmlParser: parsing /vendor/etc/media_codecs.xml...
06-26 18:25:07.238 358 474 D MediaCodecsXmlParser: parsing /vendor/etc/media_codecs_google_audio.xml...
06-26 18:25:07.238 358 474 D MediaCodecsXmlParser: unable to open media codecs configuration xml file: /vendor/etc/media_codecs_google_audio.xml
06-26 18:25:07.238 358 474 D MediaCodecsXmlParser: Setting: updating existing setting at line 97 of /vendor/etc/media_codecs.xml
06-26 18:25:07.240 358 474 D MediaCodecsXmlParser: parsing /vendor/etc/media_codecs_google_video.xml...
06-26 18:25:07.240 358 474 D MediaCodecsXmlParser: unable to open media codecs configuration xml file: /vendor/etc/media_codecs_google_video.xml
06-26 18:25:07.240 358 474 D MediaCodecsXmlParser: parsing /vendor/etc/media_codecs_performance.xml...
06-26 18:25:07.241 358 474 D MediaCodecsXmlParser: MediaCodec: cannot update non-existing codec: OMX.google.h264.encoder at line 25 of /vendor/etc/media_codecs_performance.xml
06-26 18:25:07.241 358 474 D MediaCodecsXmlParser: MediaCodec: cannot update non-existing codec: OMX.google.h263.encoder at line 31 of /vendor/etc/media_codecs_performance.xml
06-26 18:25:07.241 358 474 D MediaCodecsXmlParser: MediaCodec: cannot update non-existing codec: OMX.google.mpeg4.encoder at line 34 of /vendor/etc/media_codecs_performance.xml
06-26 18:25:07.241 358 474 D MediaCodecsXmlParser: MediaCodec: cannot update non-existing codec: OMX.google.vp8.encoder at line 37 of /vendor/etc/media_codecs_performance.xml
06-26 18:25:07.241 358 474 D MediaCodecsXmlParser: MediaCodec: cannot update non-existing codec: OMX.allwinner.video.decoder.h263 at line 59 of /vendor/etc/media_codecs_performance.xml
06-26 18:25:07.241 358 474 D MediaCodecsXmlParser: MediaCodec: cannot update non-existing codec: OMX.google.mpeg4.decoder at line 80 of /vendor/etc/media_codecs_performance.xml
06-26 18:25:07.241 358 474 D MediaCodecsXmlParser: MediaCodec: cannot update non-existing codec: OMX.google.h264.decoder at line 83 of /vendor/etc/media_codecs_performance.xml
06-26 18:25:07.241 358 474 D MediaCodecsXmlParser: MediaCodec: cannot update non-existing codec: OMX.google.h263.decoder at line 89 of /vendor/etc/media_codecs_performance.xml
06-26 18:25:07.241 358 474 D MediaCodecsXmlParser: MediaCodec: cannot update non-existing codec: OMX.google.hevc.decoder at line 93 of /vendor/etc/media_codecs_performance.xml
06-26 18:25:07.241 358 474 D MediaCodecsXmlParser: MediaCodec: cannot update non-existing codec: OMX.google.vp8.decoder at line 101 of /vendor/etc/media_codecs_performance.xml
06-26 18:25:07.241 358 474 D MediaCodecsXmlParser: MediaCodec: cannot update non-existing codec: OMX.google.vp9.decoder at line 107 of /vendor/etc/media_codecs_performance.xml
06-26 18:25:07.242 358 474 I MediaCodecsXmlParser: Did not find media_codecs_shaping.xml in search path
06-26 18:25:07.243 358 474 I MediaCodecsXmlParser: Did not find media_codecs_shaping.xml in search path
06-26 18:25:07.243 382 382 V C2Store : in init
06-26 18:25:07.244 382 382 V C2Store : loading dll
06-26 18:25:07.250 358 474 I Codec2InfoBuilder: adding type 'audio/mp4a-latm'
06-26 18:25:07.255 477 477 I system_server: getFrameworkCompatibilityMatrix: Successfully processed VINTF information
06-26 18:25:07.256 477 477 I system_server: getDeviceCompatibilityMatrix: Reading VINTF information.
06-26 18:25:07.256 382 427 V C2Store : in ~ComponentModule
06-26 18:25:07.256 382 427 V C2Store : unloading dll
06-26 18:25:07.257 382 427 V C2Store : in init
06-26 18:25:07.257 382 427 V C2Store : loading dll
06-26 18:25:07.257 477 477 I system_server: getDeviceCompatibilityMatrix: Successfully processed VINTF information
06-26 18:25:07.258 477 534 W BestClock: java.time.DateTimeException: Missing NTP fix
06-26 18:25:07.261 477 534 W BestClock: java.time.DateTimeException: Missing NTP fix
06-26 18:25:07.262 358 474 I Codec2InfoBuilder: adding type 'audio/mp4a-latm'
06-26 18:25:07.265 382 426 V C2Store : in init
06-26 18:25:07.265 382 426 V C2Store : loading dll
06-26 18:25:07.266 382 382 V C2Store : in ~ComponentModule
06-26 18:25:07.266 382 382 V C2Store : unloading dll
06-26 18:25:07.268 477 477 I SystemServerTiming: sendUserStartBroadcast
06-26 18:25:07.268 477 477 I SystemServerTiming: resumeTopActivities
06-26 18:25:07.269 358 474 I Codec2InfoBuilder: adding type 'audio/3gpp'
06-26 18:25:07.270 382 817 V C2Store : in init
06-26 18:25:07.270 382 817 V C2Store : loading dll
06-26 18:25:07.270 382 426 V C2Store : in ~ComponentModule
06-26 18:25:07.270 382 426 V C2Store : unloading dll
06-26 18:25:07.271 477 477 I SystemServerTiming: sendUserSwitchBroadcasts
06-26 18:25:07.271 477 477 I SystemServerTiming: setBinderProxies
06-26 18:25:07.272 477 477 I SystemServerTiming: StartSystemUI
06-26 18:25:07.273 477 583 I ActivityManager: Process WebViewLoader-armeabi-v7a (pid 715) has died: psvc PER
06-26 18:25:07.273 477 537 I libprocessgroup: Successfully killed process cgroup uid 1037 pid 715 in 0ms
06-26 18:25:07.281 477 549 W KernelCpuProcStringReader: File not found. It's normal if not implemented: /proc/uid_time_in_state
06-26 18:25:07.282 477 536 W ActivityManager: Slow operation: 306ms so far, now at startProcess: done updating battery stats
06-26 18:25:07.282 358 474 I Codec2InfoBuilder: adding type 'audio/3gpp'
06-26 18:25:07.282 477 536 W ActivityManager: Slow operation: 306ms so far, now at startProcess: building log message
06-26 18:25:07.282 477 536 I ActivityManager: app.processName = com.android.se
06-26 18:25:07.282 477 536 I ActivityManager: Start proc 792:com.android.se/1068 for added application com.android.se
06-26 18:25:07.282 477 536 W ActivityManager: Slow operation: 306ms so far, now at startProcess: starting to update pids map
06-26 18:25:07.282 477 536 W ActivityManager: Slow operation: 306ms so far, now at startProcess: done updating pids map
06-26 18:25:07.282 382 818 V C2Store : in init
06-26 18:25:07.282 382 818 V C2Store : loading dll
06-26 18:25:07.283 477 549 W KernelCpuProcStringReader: File not found. It's normal if not implemented: /proc/uid_concurrent_active_time
06-26 18:25:07.283 477 549 W KernelCpuProcStringReader: File not found. It's normal if not implemented: /proc/uid_concurrent_policy_time
06-26 18:25:07.283 477 549 E KernelCpuSpeedReader: Failed to read cpu-freq: /sys/devices/system/cpu/cpu0/cpufreq/stats/time_in_state: open failed: ENOENT (No such file or directory)
06-26 18:25:07.284 477 549 E system_server: Cannot read thread CPU times for PID 477
06-26 18:25:07.284 382 426 V C2Store : in ~ComponentModule
06-26 18:25:07.284 382 426 V C2Store : unloading dll
06-26 18:25:07.284 477 754 D CompatibilityChangeReporter: Compat change id reported: 168419799; UID 1068; state: DISABLED
06-26 18:25:07.289 358 474 I Codec2InfoBuilder: adding type 'audio/amr-wb'
06-26 18:25:07.290 382 818 V C2Store : in init
06-26 18:25:07.290 382 818 V C2Store : loading dll
06-26 18:25:07.290 382 426 V C2Store : in ~ComponentModule
06-26 18:25:07.290 382 426 V C2Store : unloading dll
06-26 18:25:07.296 792 792 D CompatibilityChangeReporter: Compat change id reported: 171979766; UID 1068; state: ENABLED
06-26 18:25:07.296 477 534 W BestClock: java.time.DateTimeException: Missing NTP fix
06-26 18:25:07.297 477 814 W ActivityManager: Unable to start service Intent { cmp=com.oranth.ledstatus/.LedStatusService } U=0: not found
06-26 18:25:07.299 477 525 I ActivityManager: com.android.tv.settings is exempt from freezer
06-26 18:25:07.300 477 620 D ConnectivityService: Got NetworkProvider Messenger for VpnNetworkProvider:0
06-26 18:25:07.300 477 525 D CompatibilityChangeReporter: Compat change id reported: 135634846; UID 1000; state: DISABLED
06-26 18:25:07.306 477 534 W BestClock: java.time.DateTimeException: Missing NTP fix
06-26 18:25:07.306 477 477 D CompatibilityChangeReporter: Compat change id reported: 168419799; UID 10067; state: DISABLED
06-26 18:25:07.314 477 610 W BestClock: java.time.DateTimeException: Missing NTP fix
06-26 18:25:07.315 358 474 I Codec2InfoBuilder: adding type 'audio/amr-wb'
06-26 18:25:07.316 477 610 W BestClock: java.time.DateTimeException: Missing NTP fix
06-26 18:25:07.317 382 817 V C2Store : in ~ComponentModule
06-26 18:25:07.317 477 610 W BestClock: java.time.DateTimeException: Missing NTP fix
06-26 18:25:07.317 382 817 V C2Store : unloading dll
06-26 18:25:07.317 477 610 W BestClock: java.time.DateTimeException: Missing NTP fix
06-26 18:25:07.318 382 427 V C2Store : in init
06-26 18:25:07.318 382 427 V C2Store : loading dll
06-26 18:25:07.319 477 610 W BestClock: java.time.DateTimeException: Missing NTP fix
06-26 18:25:07.320 477 610 W BestClock: java.time.DateTimeException: Missing NTP fix
06-26 18:25:07.321 477 610 W BestClock: java.time.DateTimeException: Missing NTP fix
06-26 18:25:07.323 477 610 W BestClock: java.time.DateTimeException: Missing NTP fix
06-26 18:25:07.324 477 610 W BestClock: java.time.DateTimeException: Missing NTP fix
06-26 18:25:07.324 477 610 W BestClock: java.time.DateTimeException: Missing NTP fix
06-26 18:25:07.328 671 671 D AdapterState: make() - Creating AdapterState
06-26 18:25:07.328 477 477 D JNIMultiir: Multiir JNI_OnLoad()
06-26 18:25:07.330 391 391 W hdr10p_Configure: 100 callbacks suppressed
06-26 18:25:07.330 391 391 I : DVI mode selected: packets not configured
06-26 18:25:07.330 391 391 W set_vsif_config: 100 callbacks suppressed
06-26 18:25:07.330 391 391 I : Error: set vsif failed
06-26 18:25:07.328 672 672 I ndroid.systemui: type=1400 audit(0.0:370): avc: denied { search } for name="com.android.systemui" dev="mmcblk0p25" ino=484 scontext=u:r:platform_app:s0:c512,c768 tcontext=u:object_r:app_data_file:s0:c512,c768 tclass=dir permissive=1 app=com.softwinner.screenshot
06-26 18:25:07.331 477 477 D JNIMultiir: init
06-26 18:25:07.334 248 248 D Zygote : Forked child process 821
06-26 18:25:07.334 358 474 D Codec2InfoBuilder: component 'c2.android.av1.decoder' not found in xml
06-26 18:25:07.335 382 426 V C2Store : in init
06-26 18:25:07.335 382 426 V C2Store : loading dll
06-26 18:25:07.337 477 534 W BestClock: java.time.DateTimeException: Missing NTP fix
06-26 18:25:07.339 477 525 I InputManager: Enabling motion classifier because user switched: feature enabled, long press timeout = 400
06-26 18:25:07.339 477 525 I InputClassifier: Enabling motion classifier
06-26 18:25:07.341 186 186 I hwservicemanager: getTransport: Cannot find entry android.hardware.input.classifier@1.0::IInputClassifier/default in either framework or device VINTF manifest.
06-26 18:25:07.341 477 822 I InputClassifier: Could not obtain InputClassifier HAL
06-26 18:25:07.342 477 534 W BestClock: java.time.DateTimeException: Missing NTP fix
06-26 18:25:07.343 477 536 I ActivityManager: app.processName = com.android.tv.settings
06-26 18:25:07.343 477 536 I ActivityManager: Start proc 821:com.android.tv.settings/1000 for top-activity {com.android.tv.settings/com.android.tv.settings.system.FallbackHome}
06-26 18:25:07.343 821 821 I Zygote : seccomp disabled by setenforce 0
06-26 18:25:07.346 358 474 I Codec2InfoBuilder: adding type 'video/avc'
06-26 18:25:07.346 477 477 D SystemServer: VMRuntime.setVerifierEnabled(true)
06-26 18:25:07.347 477 754 D ConnectivityService: requestNetwork for uid/pid:1073/758 activeRequest: null callbackRequest: 18 [NetworkRequest [ REQUEST id=19, [ Capabilities: INTERNET&NOT_RESTRICTED&TRUSTED&NOT_VCN_MANAGED Uid: 1073 RequestorUid: 1073 RequestorPkg: com.android.networkstack] ]] callback flags: 0 priority: 2147483647
06-26 18:25:07.351 382 818 V C2Store : in init
06-26 18:25:07.351 382 818 V C2Store : loading dll
06-26 18:25:07.353 477 620 D ConnectivityService: NetReassign [no changes]
06-26 18:25:07.353 671 671 D BluetoothKeystoreService: new BluetoothKeystoreService isCommonCriteriaMode: false
06-26 18:25:07.353 382 818 I mediaswcodec: missing struct descriptor #Param::CoreIndex(--004) for field values of struct #Param::CoreIndex(F-12004)
06-26 18:25:07.353 671 671 D BluetoothKeystoreService: start
06-26 18:25:07.353 382 818 I mediaswcodec: missing struct descriptor #Param::CoreIndex(--1812) for field values of struct #Param::CoreIndex(F-11812)
06-26 18:25:07.354 477 659 D PPPOE : got request NetworkRequest [ REQUEST id=19, [ Capabilities: INTERNET&NOT_RESTRICTED&TRUSTED&NOT_VCN_MANAGED Uid: 1073 RequestorUid: 1073 RequestorPkg: com.android.networkstack] ]
06-26 18:25:07.354 477 658 D Ethernet: got request NetworkRequest [ REQUEST id=19, [ Capabilities: INTERNET&NOT_RESTRICTED&TRUSTED&NOT_VCN_MANAGED Uid: 1073 RequestorUid: 1073 RequestorPkg: com.android.networkstack] ]
06-26 18:25:07.355 477 658 D EthernetNetworkFactory: acceptRequest, request: NetworkRequest [ REQUEST id=19, [ Capabilities: INTERNET&NOT_RESTRICTED&TRUSTED&NOT_VCN_MANAGED Uid: 1073 RequestorUid: 1073 RequestorPkg: com.android.networkstack] ]
06-26 18:25:07.355 477 658 I EthernetNetworkFactory: networkForRequest, request: NetworkRequest [ REQUEST id=19, [ Capabilities: INTERNET&NOT_RESTRICTED&TRUSTED&NOT_VCN_MANAGED Uid: 1073 RequestorUid: 1073 RequestorPkg: com.android.networkstack] ], network: null
06-26 18:25:07.355 671 819 I AdapterState: OFF : entered
06-26 18:25:07.355 477 477 W Looper : Slow delivery took 4674ms main h=android.app.PropertyInvalidatedCache$AutoCorker$1 c=null m=0
06-26 18:25:07.357 671 819 D AdapterProperties: Setting state to OFF
06-26 18:25:07.358 671 671 I droid.bluetoot: [0626/182507.358355:INFO:com_android_bluetooth_btservice_BluetoothKeystore.cpp(97)] classInitNative: succeeds
06-26 18:25:07.358 671 671 D BluetoothKeystoreService: setBluetoothKeystoreService(): set to: com.android.bluetooth.btservice.bluetoothkeystore.BluetoothKeystoreService@665fd96
06-26 18:25:07.356 329 329 I rainbow_flow: type=1400 audit(0.0:371): avc: denied { ioctl } for path="/dev/spidev1.0" dev="tmpfs" ino=6605 ioctlcmd=0x6b00 scontext=u:r:init:s0 tcontext=u:object_r:device:s0 tclass=chr_file permissive=1
06-26 18:25:07.359 382 382 V C2Store : in ~ComponentModule
06-26 18:25:07.359 382 382 V C2Store : unloading dll
06-26 18:25:07.364 382 818 I mediaswcodec: missing struct descriptor #Param::CoreIndex(--004) for field values of struct #Param::CoreIndex(F-12004)
06-26 18:25:07.364 382 818 I mediaswcodec: missing struct descriptor #Param::CoreIndex(--1812) for field values of struct #Param::CoreIndex(F-11812)
06-26 18:25:07.365 391 391 I : DVI mode selected: packets not configured
06-26 18:25:07.365 391 391 I : Error: set vsif failed
06-26 18:25:07.366 358 474 I Codec2InfoBuilder: adding type 'video/avc'
06-26 18:25:07.366 477 620 D ConnectivityService: NetReassign [no changes]
06-26 18:25:07.368 382 427 V C2Store : in ~ComponentModule
06-26 18:25:07.368 382 427 V C2Store : unloading dll
06-26 18:25:07.368 477 477 D ConditionProviders.SCP: onConnected
06-26 18:25:07.370 382 382 V C2Store : in init
06-26 18:25:07.370 382 382 V C2Store : loading dll
06-26 18:25:07.371 403 421 I adbd : jdwp connection from 821
06-26 18:25:07.371 382 426 V C2Store : in ~ComponentModule
06-26 18:25:07.371 382 426 V C2Store : unloading dll
06-26 18:25:07.375 477 477 D ConditionProviders: Subscribing to condition://android/event?userId=-10000&calendar=&reply=1 with ComponentInfo{android/com.android.server.notification.EventConditionProvider}
06-26 18:25:07.376 477 477 D ConditionProviders: Subscribing to condition://android/schedule?days=1.2.3.4.5.6.7&start=22.0&end=7.0&exitAtAlarm=true with ComponentInfo{android/com.android.server.notification.ScheduleConditionProvider}
06-26 18:25:07.381 758 758 D ApplicationLoaders: Returning zygote-cached class loader: /system/framework/android.test.base.jar
06-26 18:25:07.384 671 671 D BluetoothKeystoreService: loadConfigData
06-26 18:25:07.384 477 534 W BestClock: java.time.DateTimeException: Missing NTP fix
06-26 18:25:07.390 358 474 I Codec2InfoBuilder: adding type 'audio/flac'
06-26 18:25:07.391 477 534 W BestClock: java.time.DateTimeException: Missing NTP fix
06-26 18:25:07.392 382 427 V C2Store : in ~ComponentModule
06-26 18:25:07.392 382 427 V C2Store : unloading dll
06-26 18:25:07.392 382 830 V C2Store : in init
06-26 18:25:07.392 382 830 V C2Store : loading dll
06-26 18:25:07.394 266 266 D hdmi-cec: reset logical address to broadcast
06-26 18:25:07.402 477 810 D CompatibilityChangeReporter: Compat change id reported: 181136395; UID 1000; state: DISABLED
06-26 18:25:07.403 477 810 D CompatibilityChangeReporter: Compat change id reported: 174042936; UID 1000; state: DISABLED
06-26 18:25:07.404 358 474 I Codec2InfoBuilder: adding type 'audio/flac'
06-26 18:25:07.405 382 830 V C2Store : in ~ComponentModule
06-26 18:25:07.405 382 830 V C2Store : unloading dll
06-26 18:25:07.405 382 830 V C2Store : in init
06-26 18:25:07.405 382 830 V C2Store : loading dll
06-26 18:25:07.409 262 398 D displayd: hotplug change: name=6000000.hdmi, state=HDMI=0
06-26 18:25:07.409 262 398 D displayd: HotplugMonitor: 6000000.hdmi connected=0
06-26 18:25:07.409 262 398 D displayd: xxxxxxx: updateConnectState: type=-1 connected=0
06-26 18:25:07.410 262 398 D displayd: xxxxxxx: updated: type=2 connected=0
06-26 18:25:07.410 262 398 D displayd: xxxxxxx: updated: type=4 connected=0
06-26 18:25:07.410 262 398 E displayd: xxxxxxx: [cvbs] Saved attribute is not match, saved mode=11, actual mode=0
06-26 18:25:07.410 262 398 E displayd: xxxxxxx: hdmi connected state is 0
06-26 18:25:07.410 262 398 I sunxihwc: switchDevice: display[1]: type=2 mode=0 enable=0
06-26 18:25:07.410 262 398 I sunxihwc: switchDevice: display[0]: type=4 mode=34 enable=1
06-26 18:25:07.410 262 398 D sunxihwc: setHotplugState: mbHotplug = 1
06-26 18:25:07.410 262 398 I sunxihwc: updateConnectedDevices: display[0] connected=1 type=4 device=0xf1f96d0c
06-26 18:25:07.410 262 398 I sunxihwc: updateConnectedDevices: display[1] connected=0 type=2 device=0x0
06-26 18:25:07.410 262 398 D sunxihwc: enqueueEvent: enqueueEvent: event 1
06-26 18:25:07.410 262 398 W displayd: xxxxxxx: reset layer mode: 2D-ORIGINAL
06-26 18:25:07.410 262 398 W displayd: xxxxxxx: Request layer mode: 2D-ORIGINAL
06-26 18:25:07.410 262 398 I sunxihwc: set3DMode: display[0]: mode=0
06-26 18:25:07.410 262 398 W displayd: xxxxxxx: Current device mapping:
06-26 18:25:07.410 262 398 W displayd: + display [1]: enable=0 type=2 mode=0
06-26 18:25:07.410 262 398 W displayd: + display [0]: enable=1 type=4 mode=34
06-26 18:25:07.412 262 389 D sunxihwc: setHotplugState: mbHotplug = 0
06-26 18:25:07.408 331 331 I xiriservice_All: type=1400 audit(0.0:372): avc: denied { read } for scontext=u:r:init:s0 tcontext=u:r:init:s0 tclass=netlink_kobject_uevent_socket permissive=1
06-26 18:25:07.411 124 124 I : HDMI cable is disconnected
06-26 18:25:07.419 358 474 I Codec2InfoBuilder: adding type 'audio/g711-alaw'
06-26 18:25:07.419 477 534 W BestClock: java.time.DateTimeException: Missing NTP fix
06-26 18:25:07.424 477 610 W BestClock: java.time.DateTimeException: Missing NTP fix
06-26 18:25:07.424 382 426 V C2Store : in ~ComponentModule
06-26 18:25:07.424 382 426 V C2Store : unloading dll
06-26 18:25:07.425 821 821 D CompatibilityChangeReporter: Compat change id reported: 171979766; UID 1000; state: ENABLED
06-26 18:25:07.428 477 534 D CountryDetector: Using custom country detector class: com.android.server.location.ComprehensiveCountryDetector
06-26 18:25:07.428 477 534 E CountryDetector: Could not instantiate the custom country detector class
06-26 18:25:07.428 477 534 D CountryDetector: Using default country detector
06-26 18:25:07.430 477 610 W BestClock: java.time.DateTimeException: Missing NTP fix
06-26 18:25:07.431 477 610 W BestClock: java.time.DateTimeException: Missing NTP fix
06-26 18:25:07.432 382 382 V C2Store : in init
06-26 18:25:07.432 382 382 V C2Store : loading dll
06-26 18:25:07.432 758 758 D NetworkSecurityConfig: No Network Security Config specified, using platform default
06-26 18:25:07.433 477 610 W BestClock: java.time.DateTimeException: Missing NTP fix
06-26 18:25:07.435 477 610 W BestClock: java.time.DateTimeException: Missing NTP fix
06-26 18:25:07.439 671 671 I droid.bluetoot: [0626/182507.439676:INFO:com_android_bluetooth_btservice_ActivityAttribution.cpp(96)] classInitNative: succeeds
06-26 18:25:07.440 671 671 D BluetoothKeystoreService: getCompareResult: 0
06-26 18:25:07.440 477 610 W BestClock: java.time.DateTimeException: Missing NTP fix
06-26 18:25:07.447 477 477 D CompatibilityChangeReporter: Compat change id reported: 135634846; UID 10075; state: DISABLED
06-26 18:25:07.448 477 536 D CompatibilityChangeReporter: Compat change id reported: 143937733; UID 10075; state: ENABLED
06-26 18:25:07.449 792 792 V GraphicsEnvironment: ANGLE Developer option for 'com.android.se' set to: 'default'
06-26 18:25:07.449 792 792 V GraphicsEnvironment: Neither updatable production driver nor prerelease driver is supported.
06-26 18:25:07.450 477 610 W BestClock: java.time.DateTimeException: Missing NTP fix
06-26 18:25:07.451 358 474 I Codec2InfoBuilder: adding type 'audio/g711-mlaw'
06-26 18:25:07.452 792 792 D NetworkSecurityConfig: No Network Security Config specified, using platform default
06-26 18:25:07.452 382 427 V C2Store : in init
06-26 18:25:07.452 382 427 V C2Store : loading dll
06-26 18:25:07.452 382 830 V C2Store : in ~ComponentModule
06-26 18:25:07.453 382 830 V C2Store : unloading dll
06-26 18:25:07.454 477 610 W BestClock: java.time.DateTimeException: Missing NTP fix
06-26 18:25:07.457 477 610 W BestClock: java.time.DateTimeException: Missing NTP fix
06-26 18:25:07.459 358 474 D Codec2InfoBuilder: codec entry for 'c2.android.gsm.decoder' is disabled
06-26 18:25:07.459 382 426 V C2Store : in init
06-26 18:25:07.459 477 610 W BestClock: java.time.DateTimeException: Missing NTP fix
06-26 18:25:07.459 382 426 V C2Store : loading dll
06-26 18:25:07.460 477 610 W BestClock: java.time.DateTimeException: Missing NTP fix
06-26 18:25:07.461 477 610 W BestClock: java.time.DateTimeException: Missing NTP fix
06-26 18:25:07.463 477 610 W BestClock: java.time.DateTimeException: Missing NTP fix
06-26 18:25:07.463 382 427 V C2Store : in ~ComponentModule
06-26 18:25:07.465 477 610 W BestClock: java.time.DateTimeException: Missing NTP fix
06-26 18:25:07.466 382 427 V C2Store : unloading dll
06-26 18:25:07.466 792 792 D NetworkSecurityConfig: No Network Security Config specified, using platform default
06-26 18:25:07.468 248 248 D Zygote : Forked child process 844
06-26 18:25:07.470 477 536 I ActivityManager: app.processName = android.ext.services
06-26 18:25:07.471 477 536 I ActivityManager: Start proc 844:android.ext.services/u0a75 for service {android.ext.services/android.ext.services.autofill.InlineSuggestionRenderServiceImpl}
06-26 18:25:07.473 358 474 I Codec2InfoBuilder: adding type 'video/3gpp'
06-26 18:25:07.474 671 671 I bt_btif : system/bt/btif/src/bluetooth.cc:162 init: init: start restricted = 0 ; common criteria mode = 0, config compare result = 0
06-26 18:25:07.482 671 671 I bt : bt_common::init_flags: Flags loaded: gd_core=false gd_advertising=false gd_scanning=false gd_security=false gd_acl=false gd_l2cap=false gd_hci=false gd_controller=false gatt_robust_caching=false btaa_hci=false gd_rust=false gd_link_policy=false
06-26 18:25:07.484 382 382 V C2Store : in init
06-26 18:25:07.484 382 382 V C2Store : loading dll
06-26 18:25:07.484 382 427 V C2Store : in ~ComponentModule
06-26 18:25:07.484 382 427 V C2Store : unloading dll
06-26 18:25:07.485 671 847 I droid.bluetoot: [0626/182507.485027:INFO:message_loop_thread.cc(224)] Run: message loop starting for thread bt_stack_manager_thread
06-26 18:25:07.487 477 583 D NetworkStats: registerNetworkStatsProvider from OffloadController uid/pid=1073/758
06-26 18:25:07.488 792 792 I SecureElementService: main onCreate
06-26 18:25:07.489 844 844 I Zygote : seccomp disabled by setenforce 0
06-26 18:25:07.493 671 847 I bt_stack_manager: system/bt/btif/src/stack_manager.cc:200 event_init_stack: is initializing the stack
06-26 18:25:07.497 792 792 I SecureElementService: Check if terminal eSE1 is available.
06-26 18:25:07.499 280 336 D PermissionCache: checking android.permission.ACCESS_SURFACE_FLINGER for uid=10067 => granted (1454 us)
06-26 18:25:07.501 186 186 I hwservicemanager: getTransport: Cannot find entry android.hardware.secure_element@1.2::ISecureElement/eSE1 in either framework or device VINTF manifest.
06-26 18:25:07.505 792 792 D SecureElement-Terminal-eSE1: SE Hal V1.2 is not supported
06-26 18:25:07.505 375 375 D dom2reg : timezone change, new: Etc/GMT-8, pre:
06-26 18:25:07.505 375 375 W dom2reg : timezone [Etc/GMT-8] not in default tables, please check!
06-26 18:25:07.505 186 186 I hwservicemanager: getTransport: Cannot find entry android.hardware.secure_element@1.1::ISecureElement/eSE1 in either framework or device VINTF manifest.
06-26 18:25:07.507 792 792 D SecureElement-Terminal-eSE1: SE Hal V1.1 is not supported
06-26 18:25:07.509 186 186 I hwservicemanager: getTransport: Cannot find entry android.hardware.secure_element@1.0::ISecureElement/eSE1 in either framework or device VINTF manifest.
06-26 18:25:07.509 792 792 I SecureElementService: No HAL implementation for eSE1
06-26 18:25:07.511 792 792 I SecureElementService: Check if terminal SIM1 is available.
06-26 18:25:07.512 186 186 I hwservicemanager: getTransport: Cannot find entry android.hardware.secure_element@1.2::ISecureElement/SIM1 in either framework or device VINTF manifest.
06-26 18:25:07.512 792 792 D SecureElement-Terminal-SIM1: SE Hal V1.2 is not supported
06-26 18:25:07.513 186 186 I hwservicemanager: getTransport: Cannot find entry android.hardware.secure_element@1.1::ISecureElement/SIM1 in either framework or device VINTF manifest.
06-26 18:25:07.514 792 792 D SecureElement-Terminal-SIM1: SE Hal V1.1 is not supported
06-26 18:25:07.515 186 186 I hwservicemanager: getTransport: Cannot find entry android.hardware.secure_element@1.0::ISecureElement/SIM1 in either framework or device VINTF manifest.
06-26 18:25:07.515 792 792 I SecureElementService: No HAL implementation for SIM1
06-26 18:25:07.518 358 474 I Codec2InfoBuilder: adding type 'video/3gpp'
06-26 18:25:07.520 403 421 I adbd : jdwp connection from 844
06-26 18:25:07.525 477 651 W HDMI : [1]:Failed to send a polling message(4->4) with return code 3
06-26 18:25:07.526 266 286 D hdmi-cec: update hdmi connected: 0
06-26 18:25:07.524 266 266 I EventThread: type=1400 audit(0.0:373): avc: denied { search } for name="extcon" dev="sysfs" ino=18109 scontext=u:r:hal_tv_cec_default:s0 tcontext=u:object_r:sysfs_extcon:s0 tclass=dir permissive=1
06-26 18:25:07.531 821 821 V GraphicsEnvironment: ANGLE Developer option for 'com.android.tv.settings' set to: 'default'
06-26 18:25:07.531 477 477 D CompatibilityChangeReporter: Compat change id reported: 150939131; UID 1000; state: ENABLED
06-26 18:25:07.531 821 821 V GraphicsEnvironment: Neither updatable production driver nor prerelease driver is supported.
06-26 18:25:07.531 477 522 D AdbService: setAdbEnabled(true), mIsAdbUsbEnabled=true, mIsAdbWifiEnabled=true, transportType=1
06-26 18:25:07.532 382 426 V C2Store : in init
06-26 18:25:07.532 382 426 V C2Store : loading dll
06-26 18:25:07.533 821 821 D NetworkSecurityConfig: No Network Security Config specified, using platform default
