06-26 18:25:33.371 477 623 D NsdService: Register service
06-26 18:25:33.371 477 623 D NsdService: registerService: 3 name: 当贝投屏H9, type: _airplay._tcp, host: null, port: 34771, txtRecord: srcvers=220.68features=0x527FFFF7,0x1E'pi=2e388006-13ba-4041-9a67-25dd4a43d536Cpk=b07727d6f6cd6e08b58ede525ec3cdeaa252ad9f683feb212ef8a205246554e7vv=2 flags=0x4model=AppleTV2,1deviceid=b4:2f:03:15:e8:b9
06-26 18:25:33.372 477 623 D NsdService: mdnssd [register, 3, 当贝投屏H9, _airplay._tcp, 34771, DnNyY3ZlcnM9MjIwLjY4GGZlYXR1cmVzPTB4NTI3RkZGRjcsMHgxRSdwaT0yZTM4ODAwNi0xM2JhLTQwNDEtOWE2Ny0yNWRkNGE0M2Q1MzZDcGs9YjA3NzI3ZDZmNmNkNmUwOGI1OGVkZTUyNWVjM2NkZWFhMjUyYWQ5ZjY4M2ZlYjIxMmVmOGEyMDUyNDY1NTRlNwR2dj0yCWZsYWdzPTB4NBBtb2RlbD1BcHBsZVRWMiwxGmRldmljZWlkPWI0OjJmOjAzOjE1OmU4OmI5]
06-26 18:25:33.377 477 623 D NsdService: Register 2 3
06-26 18:25:33.389 477 623 D NsdService: Register service
06-26 18:25:33.390 477 623 D NsdService: registerService: 4 name: b42f0315e8b9@当贝投屏H9, type: _raop._tcp, host: null, port: 32849, txtRecord: txtvers=1 am=AppleTV2,1ch=2
06-26 18:25:33.390 477 623 D NsdService: cn=0,1,2,3da=trueet=0,3,5ft=0x527FFFF7,0x1Emd=0,1,2Cpk=b07727d6f6cd6e08b58ede525ec3cdeaa252ad9f683feb212ef8a205246554e7pw=falsesf=0x4sr=44100ss=16sv=falsetp=UDPvn=65537 vs=220.68vv=2 rhd=5.6.0.0
06-26 18:25:33.390 477 623 D NsdService: mdnssd [register, 4, b42f0315e8b9@当贝投屏H9, _raop._tcp, 32849, CXR4dHZlcnM9MQ1hbT1BcHBsZVRWMiwxBGNoPTIKY249MCwxLDIsMwdkYT10cnVlCGV0PTAsMyw1EmZ0PTB4NTI3RkZGRjcsMHgxRQhtZD0wLDEsMkNwaz1iMDc3MjdkNmY2Y2Q2ZTA4YjU4ZWRlNTI1ZWMzY2RlYWEyNTJhZDlmNjgzZmViMjEyZWY4YTIwNTI0NjU1NGU3CHB3PWZhbHNlBnNmPTB4NAhzcj00NDEwMAVzcz0xNghzdj1mYWxzZQZ0cD1VRFAIdm49NjU1MzcJdnM9MjIwLjY4BHZ2PTILcmhkPTUuNi4wLjA=]
06-26 18:25:33.396 477 623 D NsdService: Register 3 4
06-26 18:25:33.447 2835 2835 I com.monster.godzilla.load.RequestDiskPath: doSomething
06-26 18:25:33.455 477 1352 W WindowManager: Failed looking up window session=Session{20c9567 2835:u0a10049} callers=com.android.server.wm.WindowManagerService.windowForClientLocked:5702 com.android.server.wm.Session.insetsModified:629 android.view.IWindowSession$Stub.onTransact:1151
06-26 18:25:33.481 2835 3134 W .filemanager.o: Accessing hidden method Landroid/os/storage/VolumeInfo;->getDescriptionComparator()Ljava/util/Comparator; (max-target-o, reflection, denied)
06-26 18:25:33.482 2835 3134 W System.err: java.lang.NoSuchMethodException: android.os.storage.VolumeInfo.getDescriptionComparator []
06-26 18:25:33.482 2835 3134 W System.err: at java.lang.Class.getMethod(Class.java:2103)
06-26 18:25:33.482 2835 3134 W System.err: at java.lang.Class.getMethod(Class.java:1724)
06-26 18:25:33.484 2835 3134 W System.err: at com.monster.godzilla.utlis.FileManagerSdcardUtils.getAllSDPath(FileManagerSdcardUtils.java:126)
06-26 18:25:33.484 2835 3134 W System.err: at com.monster.godzilla.load.RequestDiskPath$1.onRun(RequestDiskPath.java:55)
06-26 18:25:33.484 2835 3134 W System.err: at com.monster.godzilla.utlis.ThreadManager$ThreadPoolProxy$1.run(ThreadManager.java:105)
06-26 18:25:33.484 2835 3134 W System.err: at java.util.concurrent.ThreadPoolExecutor.runWorker(ThreadPoolExecutor.java:1167)
06-26 18:25:33.484 2835 3134 W System.err: at java.util.concurrent.ThreadPoolExecutor$Worker.run(ThreadPoolExecutor.java:641)
06-26 18:25:33.484 2835 3134 W System.err: at java.lang.Thread.run(Thread.java:920)
06-26 18:25:33.491 261 399 I gralloc : alloc buffer:W:1920 H:1080 S:1920 PL[1920 1080] SZ:8294400 fmt:1 if:0 af:1 usg:20000b00 fg:00000004
06-26 18:25:33.496 261 399 I gralloc : alloc buffer:W:1920 H:1080 S:1920 PL[1920 1080] SZ:8294400 fmt:1 if:0 af:1 usg:20000b00 fg:00000004
06-26 18:25:33.497 261 399 I gralloc : alloc buffer:W:1920 H:1080 S:1920 PL[1920 1080] SZ:8294400 fmt:1 if:0 af:1 usg:20000b00 fg:00000004
06-26 18:25:33.511 375 375 D dom2reg : timezone change, new: Etc/GMT-8, pre:
06-26 18:25:33.511 375 375 W dom2reg : timezone [Etc/GMT-8] not in default tables, please check!
06-26 18:25:33.535 672 843 D StartingSurfaceDrawer: Task start finish, remove starting surface for task 110
06-26 18:25:33.536 672 843 V StartingSurfaceDrawer: Removing splash screen window for task: 110
06-26 18:25:33.572 2539 2539 I DefaultIMS: onStartInput attribute=android.view.inputmethod.EditorInfo@544c5ab restarting=false inputType: 0
06-26 18:25:33.609 2570 2663 D UtilLog : 日志批量上报 进行正常循环 !!!!!!本次有0次请求,共0条数据
06-26 18:25:33.621 265 265 I AW_PowerHAL: Power setMode: LAUNCH to: 0
06-26 18:25:33.624 265 265 I AW_PowerHAL: cur-mode:SCHEDUTIL
06-26 18:25:33.624 477 522 I ActivityTaskManager: +++Displayed com.tv.filemanager.os/com.dangbei.lerad.filemanager.ui.home.ManagerHomeActivity: +506ms
06-26 18:25:33.736 3135 3135 I mount : type=1400 audit(0.0:1825): avc: denied { getattr } for path="/metadata" dev="mmcblk0p19" ino=2 scontext=u:r:untrusted_app_29:s0:c49,c256,c512,c768 tcontext=u:object_r:metadata_file:s0 tclass=dir permissive=1 app=com.tv.filemanager.os
06-26 18:25:33.736 1320 1320 I MirrorHelper: type=1400 audit(0.0:1826): avc: denied { search } for name="net" dev="sysfs" ino=10442 scontext=u:r:platform_app:s0:c512,c768 tcontext=u:object_r:sysfs_net:s0 tclass=dir permissive=1 app=com.dangbei.screencast
06-26 18:25:33.749 3135 3135 W audit : audit_lost=1311 audit_rate_limit=5 audit_backlog_limit=64
06-26 18:25:33.749 3135 3135 E audit : rate limit exceeded
06-26 18:25:33.740 3135 3135 I mount : type=1400 audit(0.0:1827): avc: denied { getattr } for path="/linkerconfig" dev="tmpfs" ino=6522 scontext=u:r:untrusted_app_29:s0:c49,c256,c512,c768 tcontext=u:object_r:linkerconfig_file:s0 tclass=dir permissive=1 app=com.tv.filemanager.os
06-26 18:25:33.785 662 662 E WifiHAL : wifi_get_link_stats: requestResponse Error:-5
06-26 18:25:33.787 477 612 E WifiVendorHal: getWifiLinkLayerStats_1_5_Internal(l.1191) failed {.code = ERROR_INVALID_ARGS, .description = }
06-26 18:25:33.803 2835 3134 D sss : 发现USB设备------------------>>2>/storage/FE88252F8824E83B
06-26 18:25:33.818 2835 2835 I BaseRequest: complete
06-26 18:25:33.818 2835 2835 I BaseRequest: success!=nulltrue
06-26 18:25:33.822 320 2255 D XM_HIDREAD: poll ret=1, event=1
06-26 18:25:33.822 320 2255 D XM_HIDREAD: [3 bytes]:03 EA 00
06-26 18:25:33.823 477 600 D TvWindowManager: key event key = KEYCODE_VOLUME_DOWN down = true
06-26 18:25:33.825 477 523 D CompatibilityChangeReporter: Compat change id reported: 173031413; UID 1000; state: DISABLED
06-26 18:25:33.827 477 523 D CompatibilityChangeReporter: Compat change id reported: 173031413; UID 1000; state: ENABLED
06-26 18:25:33.834 477 599 D GpioService: mFlickerEnable = true
06-26 18:25:33.913 477 814 W InputManager-JNI: Input channel object 'd149f73 Splash Screen com.tv.filemanager.os (client)' was disposed without first being removed with the input manager!
06-26 18:25:33.922 477 812 D CompatibilityChangeReporter: Compat change id reported: 178209446; UID 10049; state: DISABLED
06-26 18:25:33.973 477 599 D GpioService: mFlickerEnable = true
06-26 18:25:33.977 2539 2539 I SogouIME: onKeyDown: keyoCode=25
06-26 18:25:33.977 2539 2539 I DefaultIMS: onKeyDown: keyoCode=25
06-26 18:25:33.980 477 524 W IorapForwardingService: No service published for: iorapd
06-26 18:25:33.986 477 812 D MediaSessionService: dispatchVolumeKeyEvent, pkg=com.tv.filemanager.os, opPkg=com.tv.filemanager.os, pid=2835, uid=10049, asSystem=true, event=KeyEvent { action=ACTION_DOWN, keyCode=KEYCODE_VOLUME_DOWN, scanCode=114, metaState=0, flags=0x8, repeatCount=0, eventTime=41761, downTime=41761, deviceId=4, source=0x101, displayId=-1 }, stream=-2147483648, musicOnly=false
06-26 18:25:33.987 477 812 D MediaSessionService: Adjusting suggestedStream=-2147483648 by -1. flags=4113, preferSuggestedStream=false, session=null
06-26 18:25:34.008 672 1246 I vol.Events: writeEvent active_stream_changed STREAM_MUSIC
06-26 18:25:34.038 672 1246 I vol.Events: writeEvent key STREAM_MUSIC 20
06-26 18:25:34.074 477 623 D NsdService: Register service
06-26 18:25:34.074 477 623 D NsdService: registerService: 5 name: 当贝投屏H9, type: _db_cast_screen._tcp, host: null, port: 45067, txtRecord: au=1cV=20830mV=100h265=0maxR=4096-3152model=DBBOX-A2deviceid=20:02:FE:19:C2:0E
06-26 18:25:34.074 477 623 D NsdService: mdnssd [register, 5, 当贝投屏H9, _db_cast_screen._tcp, 45067, BGF1PTEIY1Y9MjA4MzAGbVY9MTAwBmgyNjU9MA5tYXhSPTQwOTYtMzE1Mg5tb2RlbD1EQkJPWC1BMhpkZXZpY2VpZD0yMDowMjpGRToxOTpDMjowRQ==]
06-26 18:25:34.082 477 623 D NsdService: Register 4 5
06-26 18:25:34.098 672 672 I vol.Events: writeEvent show_dialog volume_changed keyguard=false
06-26 18:25:34.108 1320 2773 E accept : myIp:192.168.3.161
06-26 18:25:34.125 477 623 D NsdService: Native daemon message SERVICE_REGISTERED: 606 4 "b42f0315e8b9@当贝投屏H9"
06-26 18:25:34.125 477 623 D NsdService: Native daemon message SERVICE_REGISTERED: 606 3 "当贝投屏H9"
06-26 18:25:34.137 1320 2773 E accept : connect error
06-26 18:25:34.139 261 399 I gralloc : alloc buffer:W:99 H:399 S:112 PL[99 399] SZ:178752 fmt:1 if:0 af:1 usg:20000b00 fg:00000004
06-26 18:25:34.144 261 399 I gralloc : alloc buffer:W:99 H:399 S:112 PL[99 399] SZ:178752 fmt:1 if:0 af:1 usg:20000b00 fg:00000004
06-26 18:25:34.147 261 399 I gralloc : alloc buffer:W:99 H:399 S:112 PL[99 399] SZ:178752 fmt:1 if:0 af:1 usg:20000b00 fg:00000004
06-26 18:25:34.153 477 526 E system_server: No package ID ff found for ID 0xffffffff.
06-26 18:25:34.179 1320 2773 I UpnpServiceImpl: >>> Starting UPnP service...
06-26 18:25:34.187 1320 2773 I UpnpServiceImpl: Using configuration: org.fourthline.cling.android.AndroidUpnpServiceConfiguration
06-26 18:25:34.207 1320 2773 I Router : Creating Router: org.fourthline.cling.android.AndroidRouter
06-26 18:25:34.211 1320 2773 W Router : enable lock:org.fourthline.cling.android.AndroidRouter@769190c_java.util.concurrent.locks.ReentrantReadWriteLock$WriteLock@8a98255[Unlocked]
06-26 18:25:34.224 477 599 D GpioService: mFlickerEnable = true
06-26 18:25:34.228 1032 1126 E StorageManager: Failed to open /storage/emulated/0/DBTestDir@God/.probe to set project id.: No such file or directory
06-26 18:25:34.229 2539 2539 I SogouIME: onKeyDown: keyoCode=25
06-26 18:25:34.229 2539 2539 I DefaultIMS: onKeyDown: keyoCode=25
06-26 18:25:34.231 477 814 D MediaSessionService: dispatchVolumeKeyEvent, pkg=com.tv.filemanager.os, opPkg=com.tv.filemanager.os, pid=2835, uid=10049, asSystem=true, event=KeyEvent { action=ACTION_DOWN, keyCode=KEYCODE_VOLUME_DOWN, scanCode=114, metaState=0, flags=0x88, repeatCount=1, eventTime=42162, downTime=41761, deviceId=4, source=0x101, displayId=-1 }, stream=-2147483648, musicOnly=false
06-26 18:25:34.231 477 814 D MediaSessionService: Adjusting suggestedStream=-2147483648 by -1. flags=4113, preferSuggestedStream=false, session=null
06-26 18:25:34.240 2969 2969 I CrashSDKNormalH: type=1400 audit(0.0:1836): avc: denied { getattr } for path="/data/user/0/com.dangbei.screencast/crashsdk/tags" dev="mmcblk0p25" ino=1896 scontext=u:r:platform_app:s0:c512,c768 tcontext=u:object_r:app_data_file:s0:c512,c768 tclass=dir permissive=1 app=com.dangbei.screencast
06-26 18:25:34.258 672 672 I vol.Events: writeEvent show_dialog volume_changed keyguard=false
06-26 18:25:34.267 1032 1126 W MediaProvider: Failed to update quota type for /storage/emulated/0/DBTestDir@God/.probe
06-26 18:25:34.267 1032 1126 W MediaProvider: java.io.IOException: Failed to update quota type for /storage/emulated/0/DBTestDir@God/.probe
06-26 18:25:34.267 1032 1126 W MediaProvider: at android.os.storage.StorageManager.updateExternalStorageFileQuotaType(StorageManager.java:2596)
06-26 18:25:34.267 1032 1126 W MediaProvider: at com.android.providers.media.MediaProvider.updateQuotaTypeForFileInternal(MediaProvider.java:647)
06-26 18:25:34.267 1032 1126 W MediaProvider: at com.android.providers.media.MediaProvider.lambda$onFileCreatedForFuse$12(MediaProvider.java:1304)
06-26 18:25:34.267 1032 1126 W MediaProvider: at com.android.providers.media.MediaProvider.$r8$lambda$qQ2SL_xqs-9v4mCYUB_TrDraYeg(Unknown Source:0)
06-26 18:25:34.267 1032 1126 W MediaProvider: at com.android.providers.media.MediaProvider$$ExternalSyntheticLambda11.run(Unknown Source:4)
06-26 18:25:34.267 1032 1126 W MediaProvider: at android.os.Handler.handleCallback(Handler.java:938)
06-26 18:25:34.267 1032 1126 W MediaProvider: at android.os.Handler.dispatchMessage(Handler.java:99)
06-26 18:25:34.267 1032 1126 W MediaProvider: at android.os.Looper.loopOnce(Looper.java:201)
06-26 18:25:34.267 1032 1126 W MediaProvider: at android.os.Looper.loop(Looper.java:288)
06-26 18:25:34.267 1032 1126 W MediaProvider: at android.os.HandlerThread.run(HandlerThread.java:67)
06-26 18:25:34.274 477 599 D GpioService: mFlickerEnable = true
06-26 18:25:34.279 2539 2539 I SogouIME: onKeyDown: keyoCode=25
06-26 18:25:34.279 2539 2539 I DefaultIMS: onKeyDown: keyoCode=25
06-26 18:25:34.281 477 755 D MediaSessionService: dispatchVolumeKeyEvent, pkg=com.tv.filemanager.os, opPkg=com.tv.filemanager.os, pid=2835, uid=10049, asSystem=true, event=KeyEvent { action=ACTION_DOWN, keyCode=KEYCODE_VOLUME_DOWN, scanCode=114, metaState=0, flags=0x8, repeatCount=2, eventTime=42212, downTime=41761, deviceId=4, source=0x101, displayId=-1 }, stream=-2147483648, musicOnly=false
06-26 18:25:34.281 477 755 D MediaSessionService: Adjusting suggestedStream=-2147483648 by -1. flags=4113, preferSuggestedStream=false, session=null
06-26 18:25:34.283 1320 2773 W tworkAddressFactoryImpl: Network interface may not be multicast capable: dummy0
06-26 18:25:34.293 1320 2773 I MulticastReceiver: Creating wildcard socket (for receiving multicast datagrams) on port: 1900
06-26 18:25:34.294 1320 2773 I MulticastReceiver: Joining multicast group: /239.255.255.250:1900 on network interface: wlan0
06-26 18:25:34.316 672 672 I vol.Events: writeEvent show_dialog volume_changed keyguard=false
06-26 18:25:34.316 1320 1320 I queued-work-loo: type=1400 audit(0.0:1837): avc: denied { write } for name="shared_prefs" dev="mmcblk0p25" ino=1887 scontext=u:r:platform_app:s0:c512,c768 tcontext=u:object_r:app_data_file:s0:c512,c768 tclass=dir permissive=1 app=com.dangbei.screencast
06-26 18:25:34.316 1320 1320 I queued-work-loo: type=1400 audit(0.0:1838): avc: denied { remove_name } for name="screencast.xml" dev="mmcblk0p25" ino=41873 scontext=u:r:platform_app:s0:c512,c768 tcontext=u:object_r:app_data_file:s0:c512,c768 tclass=dir permissive=1 app=com.dangbei.screencast
06-26 18:25:34.316 1320 1320 I queued-work-loo: type=1400 audit(0.0:1839): avc: denied { rename } for name="screencast.xml" dev="mmcblk0p25" ino=41873 scontext=u:r:platform_app:s0:c512,c768 tcontext=u:object_r:app_data_file:s0:c512,c768 tclass=file permissive=1 app=com.dangbei.screencast
06-26 18:25:34.316 1320 1320 I queued-work-loo: type=1400 audit(0.0:1840): avc: denied { add_name } for name="screencast.xml.bak" scontext=u:r:platform_app:s0:c512,c768 tcontext=u:object_r:app_data_file:s0:c512,c768 tclass=dir permissive=1 app=com.dangbei.screencast
06-26 18:25:34.325 477 599 D GpioService: mFlickerEnable = true
06-26 18:25:34.329 1320 2773 E accept : Adding connector try: 192.168.3.161/192.168.3.161:33915
06-26 18:25:34.333 1320 2773 E accept : Adding connector result: 192.168.3.161/192.168.3.161:33915
06-26 18:25:34.333 2539 2539 I SogouIME: onKeyDown: keyoCode=25
06-26 18:25:34.333 2539 2539 I DefaultIMS: onKeyDown: keyoCode=25
06-26 18:25:34.334 477 755 D MediaSessionService: dispatchVolumeKeyEvent, pkg=com.tv.filemanager.os, opPkg=com.tv.filemanager.os, pid=2835, uid=10049, asSystem=true, event=KeyEvent { action=ACTION_DOWN, keyCode=KEYCODE_VOLUME_DOWN, scanCode=114, metaState=0, flags=0x8, repeatCount=3, eventTime=42263, downTime=41761, deviceId=4, source=0x101, displayId=-1 }, stream=-2147483648, musicOnly=false
06-26 18:25:34.334 477 755 D MediaSessionService: Adjusting suggestedStream=-2147483648 by -1. flags=4113, preferSuggestedStream=false, session=null
06-26 18:25:34.351 1320 1331 I gbei.screencas: Background young concurrent copying GC freed 28860(2627KB) AllocSpace objects, 5(164KB) LOS objects, 5% free, 7831KB/8319KB, paused 284us total 844.924ms
06-26 18:25:34.354 2835 2835 I BaseRequest: complete
06-26 18:25:34.354 2835 2835 I BaseRequest: success!=nulltrue
06-26 18:25:34.357 672 672 I vol.Events: writeEvent show_dialog volume_changed keyguard=false
06-26 18:25:34.369 2835 2835 W .filemanager.o: Accessing hidden method Landroid/os/storage/VolumeInfo;->getDescriptionComparator()Ljava/util/Comparator; (max-target-o, reflection, denied)
06-26 18:25:34.370 2835 2835 W System.err: java.lang.NoSuchMethodException: android.os.storage.VolumeInfo.getDescriptionComparator []
06-26 18:25:34.370 2835 2835 W System.err: at java.lang.Class.getMethod(Class.java:2103)
06-26 18:25:34.370 2835 2835 W System.err: at java.lang.Class.getMethod(Class.java:1724)
06-26 18:25:34.370 2835 2835 W System.err: at com.monster.godzilla.utlis.FileManagerSdcardUtils.getAllSDPath(FileManagerSdcardUtils.java:126)
06-26 18:25:34.370 2835 2835 W System.err: at com.dangbei.lerad.filemanager.ui.home.ManagerHomeActivity.onRequestDiskInfo(ManagerHomeActivity.java:185)
06-26 18:25:34.370 2835 2835 W System.err: at com.dangbei.lerad.filemanager.ui.home.ManagerHomePresenter.lambda$requestDiskInfo$2$ManagerHomePresenter(ManagerHomePresenter.java:127)
06-26 18:25:34.370 2835 2835 W System.err: at com.dangbei.lerad.filemanager.ui.home.-$$Lambda$ManagerHomePresenter$RAAXS303rpWOtR1VxYYweKio5MI.call(Unknown Source:8)
06-26 18:25:34.370 2835 2835 W System.err: at com.monster.godzilla.target.TargetDiskScan.call(TargetDiskScan.java:40)
06-26 18:25:34.370 2835 2835 W System.err: at com.monster.godzilla.target.TargetDiskScan.call(TargetDiskScan.java:22)
06-26 18:25:34.370 2835 2835 W System.err: at com.monster.godzilla.load.BaseRequest.complete(BaseRequest.java:86)
06-26 18:25:34.370 2835 2835 W System.err: at com.monster.godzilla.load.RequestDiskScan$1.onNext(RequestDiskScan.java:97)
06-26 18:25:34.370 2835 2835 W System.err: at com.monster.godzilla.load.RequestDiskScan$1.onNext(RequestDiskScan.java:55)
06-26 18:25:34.370 2835 2835 W System.err: at com.monster.godzilla.utlis.ThreadManager$Subscriber$1.run(ThreadManager.java:197)
06-26 18:25:34.370 2835 2835 W System.err: at android.os.Handler.handleCallback(Handler.java:938)
06-26 18:25:34.370 2835 2835 W System.err: at android.os.Handler.dispatchMessage(Handler.java:99)
06-26 18:25:34.370 2835 2835 W System.err: at android.os.Looper.loopOnce(Looper.java:201)
06-26 18:25:34.370 2835 2835 W System.err: at android.os.Looper.loop(Looper.java:288)
06-26 18:25:34.370 2835 2835 W System.err: at android.app.ActivityThread.main(ActivityThread.java:7854)
06-26 18:25:34.371 2835 2835 W System.err: at java.lang.reflect.Method.invoke(Native Method)
06-26 18:25:34.371 2835 2835 W System.err: at com.android.internal.os.RuntimeInit$MethodAndArgsCaller.run(RuntimeInit.java:548)
06-26 18:25:34.371 2835 2835 W System.err: at com.android.internal.os.ZygoteInit.main(ZygoteInit.java:1182)
06-26 18:25:34.385 477 599 D GpioService: mFlickerEnable = true
06-26 18:25:34.420 2835 2835 D sss : 发现USB设备------------------>>2>/storage/FE88252F8824E83B
06-26 18:25:34.433 2539 2539 I SogouIME: onKeyDown: keyoCode=25
06-26 18:25:34.433 2539 2539 I DefaultIMS: onKeyDown: keyoCode=25
06-26 18:25:34.436 477 599 D GpioService: mFlickerEnable = true
06-26 18:25:34.549 477 502 D MediaSessionService: dispatchVolumeKeyEvent, pkg=com.tv.filemanager.os, opPkg=com.tv.filemanager.os, pid=2835, uid=10049, asSystem=true, event=KeyEvent { action=ACTION_DOWN, keyCode=KEYCODE_VOLUME_DOWN, scanCode=114, metaState=0, flags=0x8, repeatCount=4, eventTime=42324, downTime=41761, deviceId=4, source=0x101, displayId=-1 }, stream=-2147483648, musicOnly=false
06-26 18:25:34.549 477 502 D MediaSessionService: Adjusting suggestedStream=-2147483648 by -1. flags=4113, preferSuggestedStream=false, session=null
06-26 18:25:34.553 2539 2539 I DefaultIMS: onStartInput attribute=android.view.inputmethod.EditorInfo@a081187 restarting=false inputType: 0
06-26 18:25:34.555 477 599 D GpioService: mFlickerEnable = true
06-26 18:25:34.556 2539 2539 I SogouIME: onKeyDown: keyoCode=25
06-26 18:25:34.556 2539 2539 I DefaultIMS: onKeyDown: keyoCode=25
06-26 18:25:34.558 477 502 D MediaSessionService: dispatchVolumeKeyEvent, pkg=com.tv.filemanager.os, opPkg=com.tv.filemanager.os, pid=2835, uid=10049, asSystem=true, event=KeyEvent { action=ACTION_DOWN, keyCode=KEYCODE_VOLUME_DOWN, scanCode=114, metaState=0, flags=0x8, repeatCount=5, eventTime=42374, downTime=41761, deviceId=4, source=0x101, displayId=-1 }, stream=-2147483648, musicOnly=false
06-26 18:25:34.558 477 502 D MediaSessionService: Adjusting suggestedStream=-2147483648 by -1. flags=4113, preferSuggestedStream=false, session=null
06-26 18:25:34.561 2539 2539 I SogouIME: onKeyDown: keyoCode=25
06-26 18:25:34.562 2539 2539 I DefaultIMS: onKeyDown: keyoCode=25
06-26 18:25:34.563 477 502 D MediaSessionService: dispatchVolumeKeyEvent, pkg=com.tv.filemanager.os, opPkg=com.tv.filemanager.os, pid=2835, uid=10049, asSystem=true, event=KeyEvent { action=ACTION_DOWN, keyCode=KEYCODE_VOLUME_DOWN, scanCode=114, metaState=0, flags=0x8, repeatCount=6, eventTime=42490, downTime=41761, deviceId=4, source=0x101, displayId=-1 }, stream=-2147483648, musicOnly=false
06-26 18:25:34.564 477 502 D MediaSessionService: Adjusting suggestedStream=-2147483648 by -1. flags=4113, preferSuggestedStream=false, session=null
06-26 18:25:34.582 672 1246 I vol.Events: writeEvent level_changed STREAM_MUSIC 19
06-26 18:25:34.600 274 450 D AF::Track: interceptBuffer: took 956us to intercept 0 tracks
06-26 18:25:34.603 477 599 D GpioService: mFlickerEnable = true
06-26 18:25:34.604 2539 2539 I SogouIME: onKeyDown: keyoCode=25
06-26 18:25:34.604 2539 2539 I DefaultIMS: onKeyDown: keyoCode=25
06-26 18:25:34.606 477 1352 D MediaSessionService: dispatchVolumeKeyEvent, pkg=com.tv.filemanager.os, opPkg=com.tv.filemanager.os, pid=2835, uid=10049, asSystem=true, event=KeyEvent { action=ACTION_DOWN, keyCode=KEYCODE_VOLUME_DOWN, scanCode=114, metaState=0, flags=0x8, repeatCount=7, eventTime=42542, downTime=41761, deviceId=4, source=0x101, displayId=-1 }, stream=-2147483648, musicOnly=false
06-26 18:25:34.606 477 1352 D MediaSessionService: Adjusting suggestedStream=-2147483648 by -1. flags=4113, preferSuggestedStream=false, session=null
06-26 18:25:34.612 672 1246 I vol.Events: writeEvent level_changed STREAM_MUSIC 18
06-26 18:25:34.625 672 672 I vol.Events: writeEvent show_dialog volume_changed keyguard=false
06-26 18:25:34.625 477 623 D NsdService: Native daemon message SERVICE_REGISTERED: 606 5 "当贝投屏H9"
06-26 18:25:34.635 672 1246 I vol.Events: writeEvent level_changed STREAM_MUSIC 17
06-26 18:25:34.652 672 672 I vol.Events: writeEvent show_dialog volume_changed keyguard=false
06-26 18:25:34.654 477 599 D GpioService: mFlickerEnable = true
06-26 18:25:34.657 2539 2539 I SogouIME: onKeyDown: keyoCode=25
06-26 18:25:34.657 2539 2539 I DefaultIMS: onKeyDown: keyoCode=25
06-26 18:25:34.658 477 502 D MediaSessionService: dispatchVolumeKeyEvent, pkg=com.tv.filemanager.os, opPkg=com.tv.filemanager.os, pid=2835, uid=10049, asSystem=true, event=KeyEvent { action=ACTION_DOWN, keyCode=KEYCODE_VOLUME_DOWN, scanCode=114, metaState=0, flags=0x8, repeatCount=8, eventTime=42592, downTime=41761, deviceId=4, source=0x101, displayId=-1 }, stream=-2147483648, musicOnly=false
06-26 18:25:34.658 477 502 D MediaSessionService: Adjusting suggestedStream=-2147483648 by -1. flags=4113, preferSuggestedStream=false, session=null
06-26 18:25:34.662 672 1246 I vol.Events: writeEvent level_changed STREAM_MUSIC 16
06-26 18:25:34.671 672 672 I vol.Events: writeEvent show_dialog volume_changed keyguard=false
06-26 18:25:34.689 672 1246 I vol.Events: writeEvent level_changed STREAM_MUSIC 15
06-26 18:25:34.691 672 672 I vol.Events: writeEvent show_dialog volume_changed keyguard=false
06-26 18:25:34.704 477 599 D GpioService: mFlickerEnable = true
06-26 18:25:34.706 2539 2539 I SogouIME: onKeyDown: keyoCode=25
06-26 18:25:34.706 2539 2539 I DefaultIMS: onKeyDown: keyoCode=25
06-26 18:25:34.709 477 502 D MediaSessionService: dispatchVolumeKeyEvent, pkg=com.tv.filemanager.os, opPkg=com.tv.filemanager.os, pid=2835, uid=10049, asSystem=true, event=KeyEvent { action=ACTION_DOWN, keyCode=KEYCODE_VOLUME_DOWN, scanCode=114, metaState=0, flags=0x8, repeatCount=9, eventTime=42643, downTime=41761, deviceId=4, source=0x101, displayId=-1 }, stream=-2147483648, musicOnly=false
06-26 18:25:34.709 477 502 D MediaSessionService: Adjusting suggestedStream=-2147483648 by -1. flags=4113, preferSuggestedStream=false, session=null
06-26 18:25:34.711 320 2255 D XM_HIDREAD: poll ret=1, event=1
06-26 18:25:34.711 320 2255 D XM_HIDREAD: [3 bytes]:03 00 00
06-26 18:25:34.712 477 600 D TvWindowManager: key event key = KEYCODE_VOLUME_DOWN down = false
06-26 18:25:34.714 2539 2539 I SogouIME: onKeyUp: keyoCode=25
06-26 18:25:34.714 2539 2539 I DefaultIMS: onKeyUp: keyoCode=25
06-26 18:25:34.716 477 502 D MediaSessionService: dispatchVolumeKeyEvent, pkg=com.tv.filemanager.os, opPkg=com.tv.filemanager.os, pid=2835, uid=10049, asSystem=true, event=KeyEvent { action=ACTION_UP, keyCode=KEYCODE_VOLUME_DOWN, scanCode=114, metaState=0, flags=0x8, repeatCount=0, eventTime=42650, downTime=41761, deviceId=4, source=0x101, displayId=-1 }, stream=-2147483648, musicOnly=false
06-26 18:25:34.716 477 502 D MediaSessionService: Adjusting suggestedStream=-2147483648 by 0. flags=4116, preferSuggestedStream=false, session=null
06-26 18:25:34.730 672 672 I vol.Events: writeEvent show_dialog volume_changed keyguard=false
06-26 18:25:34.735 672 1246 I vol.Events: writeEvent level_changed STREAM_MUSIC 14
06-26 18:25:34.739 672 1246 I vol.Events: writeEvent key STREAM_MUSIC 14
06-26 18:25:34.752 1320 2773 I JettyServletContainer: Registering UPnP servlet under context path: /upnp
06-26 18:25:34.761 672 672 I vol.Events: writeEvent show_dialog volume_changed keyguard=false
06-26 18:25:34.787 1320 2773 I DatagramIO: Creating bound socket (for datagram input/output) on: 192.168.3.161/192.168.3.161
06-26 18:25:34.802 1320 3171 E JettyServletContainer: gogogo
06-26 18:25:34.802 1320 3171 I JettyServletContainer: Starting Jetty server...
06-26 18:25:34.804 1320 3171 W System.err: 2025-06-26 18:25:34.803:INFO:lcaf.p:jetty-8.y.z-SNAPSHOT
06-26 18:25:34.809 1320 2773 I Router : WiFi multicast lock acquired
06-26 18:25:34.810 477 502 I WifiService: acquireMulticastLock uid=10013
06-26 18:25:34.815 1320 2773 I Router : WiFi lock acquired
06-26 18:25:34.817 477 502 I WifiService: acquireWifiLock uid=10013 lockMode=3
06-26 18:25:34.840 1320 2773 W Router : enable unlock:org.fourthline.cling.android.AndroidRouter@769190c
06-26 18:25:34.840 1320 2773 I UpnpServiceImpl: <<< UPnP service started successfully
06-26 18:25:34.913 477 524 D CompatibilityChangeReporter: Compat change id reported: 168419799; UID 10075; state: DISABLED
06-26 18:25:34.933 477 757 D SntpClient: request time failed: java.net.SocketTimeoutException: Poll timed out
06-26 18:25:34.959 1320 1331 I gbei.screencas: Background concurrent copying GC freed 25350(3078KB) AllocSpace objects, 11(716KB) LOS objects, 49% free, 10137KB/19MB, paused 253us total 601.048ms
06-26 18:25:34.963 1320 3171 W System.err: 2025-06-26 18:25:34.962:INFO:lcaf.a:Started @192.168.3.161:33915
06-26 18:25:34.981 477 524 W IorapForwardingService: No service published for: iorapd
06-26 18:25:35.005 477 477 W NotificationHistory: Attempted to add notif for locked/gone/disabled user 0
06-26 18:25:35.013 672 672 V TvNotificationHandler: Notification not added because it isn't relevant for tv
06-26 18:25:35.024 1320 2773 E g : channel :os
06-26 18:25:35.026 320 2255 D XM_HIDREAD: poll ret=1, event=1
06-26 18:25:35.026 320 2255 D XM_HIDREAD: [3 bytes]:03 EA 00
06-26 18:25:35.026 477 600 D TvWindowManager: key event key = KEYCODE_VOLUME_DOWN down = true
06-26 18:25:35.029 477 599 D GpioService: mFlickerEnable = true
06-26 18:25:35.176 477 599 D GpioService: mFlickerEnable = true
06-26 18:25:35.178 2539 2539 I SogouIME: onKeyDown: keyoCode=25
06-26 18:25:35.178 2539 2539 I DefaultIMS: onKeyDown: keyoCode=25
06-26 18:25:35.180 477 1426 D MediaSessionService: dispatchVolumeKeyEvent, pkg=com.tv.filemanager.os, opPkg=com.tv.filemanager.os, pid=2835, uid=10049, asSystem=true, event=KeyEvent { action=ACTION_DOWN, keyCode=KEYCODE_VOLUME_DOWN, scanCode=114, metaState=0, flags=0x8, repeatCount=0, eventTime=42965, downTime=42965, deviceId=4, source=0x101, displayId=-1 }, stream=-2147483648, musicOnly=false
06-26 18:25:35.180 477 1426 D MediaSessionService: Adjusting suggestedStream=-2147483648 by -1. flags=4113, preferSuggestedStream=false, session=null
06-26 18:25:35.191 672 1246 I vol.Events: writeEvent level_changed STREAM_MUSIC 13
06-26 18:25:35.206 672 672 I vol.Events: writeEvent show_dialog volume_changed keyguard=false
06-26 18:25:35.427 477 599 D GpioService: mFlickerEnable = true
06-26 18:25:35.428 2539 2539 I SogouIME: onKeyDown: keyoCode=25
06-26 18:25:35.429 2539 2539 I DefaultIMS: onKeyDown: keyoCode=25
06-26 18:25:35.430 477 755 D MediaSessionService: dispatchVolumeKeyEvent, pkg=com.tv.filemanager.os, opPkg=com.tv.filemanager.os, pid=2835, uid=10049, asSystem=true, event=KeyEvent { action=ACTION_DOWN, keyCode=KEYCODE_VOLUME_DOWN, scanCode=114, metaState=0, flags=0x88, repeatCount=1, eventTime=43366, downTime=42965, deviceId=4, source=0x101, displayId=-1 }, stream=-2147483648, musicOnly=false
06-26 18:25:35.430 477 755 D MediaSessionService: Adjusting suggestedStream=-2147483648 by -1. flags=4113, preferSuggestedStream=false, session=null
06-26 18:25:35.451 672 1246 I vol.Events: writeEvent level_changed STREAM_MUSIC 12
06-26 18:25:35.456 672 672 I vol.Events: writeEvent show_dialog volume_changed keyguard=false
06-26 18:25:35.456 672 1246 I vol.Events: writeEvent key STREAM_MUSIC 12
06-26 18:25:35.478 477 599 D GpioService: mFlickerEnable = true
06-26 18:25:35.479 2539 2539 I SogouIME: onKeyDown: keyoCode=25
06-26 18:25:35.479 2539 2539 I DefaultIMS: onKeyDown: keyoCode=25
06-26 18:25:35.481 477 755 D MediaSessionService: dispatchVolumeKeyEvent, pkg=com.tv.filemanager.os, opPkg=com.tv.filemanager.os, pid=2835, uid=10049, asSystem=true, event=KeyEvent { action=ACTION_DOWN, keyCode=KEYCODE_VOLUME_DOWN, scanCode=114, metaState=0, flags=0x8, repeatCount=2, eventTime=43416, downTime=42965, deviceId=4, source=0x101, displayId=-1 }, stream=-2147483648, musicOnly=false
06-26 18:25:35.481 477 755 D MediaSessionService: Adjusting suggestedStream=-2147483648 by -1. flags=4113, preferSuggestedStream=false, session=null
06-26 18:25:35.492 672 1246 I vol.Events: writeEvent level_changed STREAM_MUSIC 11
06-26 18:25:35.503 672 1246 I vol.Events: writeEvent key STREAM_MUSIC 11
06-26 18:25:35.507 672 672 I vol.Events: writeEvent show_dialog volume_changed keyguard=false
06-26 18:25:35.511 375 375 D dom2reg : timezone change, new: Etc/GMT-8, pre:
06-26 18:25:35.512 375 375 W dom2reg : timezone [Etc/GMT-8] not in default tables, please check!
06-26 18:25:35.529 477 599 D GpioService: mFlickerEnable = true
06-26 18:25:35.531 2539 2539 I SogouIME: onKeyDown: keyoCode=25
06-26 18:25:35.531 2539 2539 I DefaultIMS: onKeyDown: keyoCode=25
06-26 18:25:35.536 477 755 D MediaSessionService: dispatchVolumeKeyEvent, pkg=com.tv.filemanager.os, opPkg=com.tv.filemanager.os, pid=2835, uid=10049, asSystem=true, event=KeyEvent { action=ACTION_DOWN, keyCode=KEYCODE_VOLUME_DOWN, scanCode=114, metaState=0, flags=0x8, repeatCount=3, eventTime=43467, downTime=42965, deviceId=4, source=0x101, displayId=-1 }, stream=-2147483648, musicOnly=false
06-26 18:25:35.536 477 755 D MediaSessionService: Adjusting suggestedStream=-2147483648 by -1. flags=4113, preferSuggestedStream=false, session=null
06-26 18:25:35.566 672 1246 I vol.Events: writeEvent level_changed STREAM_MUSIC 10
06-26 18:25:35.568 672 1246 I vol.Events: writeEvent key STREAM_MUSIC 10
06-26 18:25:35.579 477 599 D GpioService: mFlickerEnable = true
06-26 18:25:35.580 2539 2539 I SogouIME: onKeyDown: keyoCode=25
06-26 18:25:35.581 2539 2539 I DefaultIMS: onKeyDown: keyoCode=25
06-26 18:25:35.583 477 1352 D MediaSessionService: dispatchVolumeKeyEvent, pkg=com.tv.filemanager.os, opPkg=com.tv.filemanager.os, pid=2835, uid=10049, asSystem=true, event=KeyEvent { action=ACTION_DOWN, keyCode=KEYCODE_VOLUME_DOWN, scanCode=114, metaState=0, flags=0x8, repeatCount=4, eventTime=43518, downTime=42965, deviceId=4, source=0x101, displayId=-1 }, stream=-2147483648, musicOnly=false
06-26 18:25:35.583 477 1352 D MediaSessionService: Adjusting suggestedStream=-2147483648 by -1. flags=4113, preferSuggestedStream=false, session=null
06-26 18:25:35.584 672 672 I vol.Events: writeEvent show_dialog volume_changed keyguard=false
06-26 18:25:35.602 672 1246 I vol.Events: writeEvent level_changed STREAM_MUSIC 9
06-26 18:25:35.603 672 1246 I vol.Events: writeEvent key STREAM_MUSIC 9
06-26 18:25:35.622 672 672 I vol.Events: writeEvent show_dialog volume_changed keyguard=false
06-26 18:25:35.631 477 599 D GpioService: mFlickerEnable = true
06-26 18:25:35.632 2539 2539 I SogouIME: onKeyDown: keyoCode=25
06-26 18:25:35.632 2539 2539 I DefaultIMS: onKeyDown: keyoCode=25
06-26 18:25:35.635 477 755 D MediaSessionService: dispatchVolumeKeyEvent, pkg=com.tv.filemanager.os, opPkg=com.tv.filemanager.os, pid=2835, uid=10049, asSystem=true, event=KeyEvent { action=ACTION_DOWN, keyCode=KEYCODE_VOLUME_DOWN, scanCode=114, metaState=0, flags=0x8, repeatCount=5, eventTime=43569, downTime=42965, deviceId=4, source=0x101, displayId=-1 }, stream=-2147483648, musicOnly=false
06-26 18:25:35.635 477 755 D MediaSessionService: Adjusting suggestedStream=-2147483648 by -1. flags=4113, preferSuggestedStream=false, session=null
06-26 18:25:35.657 672 1246 I vol.Events: writeEvent level_changed STREAM_MUSIC 8
06-26 18:25:35.671 672 672 I vol.Events: writeEvent show_dialog volume_changed keyguard=false
06-26 18:25:35.682 477 599 D GpioService: mFlickerEnable = true
06-26 18:25:35.683 2539 2539 I SogouIME: onKeyDown: keyoCode=25
06-26 18:25:35.683 2539 2539 I DefaultIMS: onKeyDown: keyoCode=25
06-26 18:25:35.685 477 755 D MediaSessionService: dispatchVolumeKeyEvent, pkg=com.tv.filemanager.os, opPkg=com.tv.filemanager.os, pid=2835, uid=10049, asSystem=true, event=KeyEvent { action=ACTION_DOWN, keyCode=KEYCODE_VOLUME_DOWN, scanCode=114, metaState=0, flags=0x8, repeatCount=6, eventTime=43621, downTime=42965, deviceId=4, source=0x101, displayId=-1 }, stream=-2147483648, musicOnly=false
06-26 18:25:35.685 477 755 D MediaSessionService: Adjusting suggestedStream=-2147483648 by -1. flags=4113, preferSuggestedStream=false, session=null
06-26 18:25:35.703 672 1246 I vol.Events: writeEvent level_changed STREAM_MUSIC 7
06-26 18:25:35.704 672 1246 I vol.Events: writeEvent key STREAM_MUSIC 7
06-26 18:25:35.726 672 672 I vol.Events: writeEvent show_dialog volume_changed keyguard=false
06-26 18:25:35.733 477 599 D GpioService: mFlickerEnable = true
06-26 18:25:35.734 2539 2539 I SogouIME: onKeyDown: keyoCode=25
06-26 18:25:35.734 2539 2539 I DefaultIMS: onKeyDown: keyoCode=25
06-26 18:25:35.737 477 755 D MediaSessionService: dispatchVolumeKeyEvent, pkg=com.tv.filemanager.os, opPkg=com.tv.filemanager.os, pid=2835, uid=10049, asSystem=true, event=KeyEvent { action=ACTION_DOWN, keyCode=KEYCODE_VOLUME_DOWN, scanCode=114, metaState=0, flags=0x8, repeatCount=7, eventTime=43671, downTime=42965, deviceId=4, source=0x101, displayId=-1 }, stream=-2147483648, musicOnly=false
06-26 18:25:35.737 477 755 D MediaSessionService: Adjusting suggestedStream=-2147483648 by -1. flags=4113, preferSuggestedStream=false, session=null
06-26 18:25:35.746 320 2255 D XM_HIDREAD: poll ret=1, event=1
06-26 18:25:35.746 320 2255 D XM_HIDREAD: [3 bytes]:03 00 00
06-26 18:25:35.746 477 600 D TvWindowManager: key event key = KEYCODE_VOLUME_DOWN down = false
06-26 18:25:35.750 2539 2539 I SogouIME: onKeyUp: keyoCode=25
06-26 18:25:35.750 2539 2539 I DefaultIMS: onKeyUp: keyoCode=25
06-26 18:25:35.752 477 1352 D MediaSessionService: dispatchVolumeKeyEvent, pkg=com.tv.filemanager.os, opPkg=com.tv.filemanager.os, pid=2835, uid=10049, asSystem=true, event=KeyEvent { action=ACTION_UP, keyCode=KEYCODE_VOLUME_DOWN, scanCode=114, metaState=0, flags=0x8, repeatCount=0, eventTime=43685, downTime=42965, deviceId=4, source=0x101, displayId=-1 }, stream=-2147483648, musicOnly=false
06-26 18:25:35.752 477 1352 D MediaSessionService: Adjusting suggestedStream=-2147483648 by 0. flags=4116, preferSuggestedStream=false, session=null
06-26 18:25:35.771 672 1246 I vol.Events: writeEvent level_changed STREAM_MUSIC 6
06-26 18:25:35.773 672 1246 I vol.Events: writeEvent key STREAM_MUSIC 6
06-26 18:25:35.789 672 672 I vol.Events: writeEvent show_dialog volume_changed keyguard=false
06-26 18:25:35.985 477 524 W IorapForwardingService: No service published for: iorapd
06-26 18:25:36.252 320 2255 D XM_HIDREAD: poll ret=1, event=1
06-26 18:25:36.252 320 2255 D XM_HIDREAD: [9 bytes]:01 00 00 4F 00 00 00 00 00
06-26 18:25:36.252 477 600 D TvWindowManager: key event key = KEYCODE_DPAD_RIGHT down = true
06-26 18:25:36.260 477 599 D GpioService: mFlickerEnable = true
06-26 18:25:36.261 2539 2539 I SogouIME: onKeyDown: keyoCode=22
06-26 18:25:36.261 2539 2539 I DefaultIMS: onKeyDown: keyoCode=22
06-26 18:25:36.280 2539 2539 I DefaultIMS: onStartInput attribute=android.view.inputmethod.EditorInfo@d7baf3 restarting=false inputType: 0
06-26 18:25:36.342 320 2255 D XM_HIDREAD: poll ret=1, event=1
06-26 18:25:36.342 320 2255 D XM_HIDREAD: [9 bytes]:01 00 00 00 00 00 00 00 00
06-26 18:25:36.342 477 600 D TvWindowManager: key event key = KEYCODE_DPAD_RIGHT down = false
06-26 18:25:36.344 2539 2539 I SogouIME: onKeyUp: keyoCode=22
06-26 18:25:36.344 2539 2539 I DefaultIMS: onKeyUp: keyoCode=22
06-26 18:25:36.654 477 1091 E TaskPersister: File error accessing recents directory (directory doesn't exist?).
06-26 18:25:36.837 320 2255 D XM_HIDREAD: poll ret=1, event=1
06-26 18:25:36.837 320 2255 D XM_HIDREAD: [9 bytes]:01 00 00 28 00 00 00 00 00
06-26 18:25:36.837 477 600 D TvWindowManager: key event key = KEYCODE_DPAD_CENTER down = true
06-26 18:25:36.843 477 599 D GpioService: mFlickerEnable = true
06-26 18:25:36.879 662 662 E WifiHAL : wifi_get_link_stats: requestResponse Error:-5
06-26 18:25:36.881 477 612 E WifiVendorHal: getWifiLinkLayerStats_1_5_Internal(l.1191) failed {.code = ERROR_INVALID_ARGS, .description = }
06-26 18:25:36.949 320 2255 D XM_HIDREAD: poll ret=1, event=1
06-26 18:25:36.950 320 2255 D XM_HIDREAD: [9 bytes]:01 00 00 00 00 00 00 00 00
06-26 18:25:36.950 477 600 D TvWindowManager: key event key = KEYCODE_DPAD_CENTER down = false
06-26 18:25:36.987 477 524 W IorapForwardingService: No service published for: iorapd
06-26 18:25:36.988 477 599 D GpioService: mFlickerEnable = true
06-26 18:25:36.989 2539 2539 I SogouIME: onKeyDown: keyoCode=23
06-26 18:25:36.989 2539 2539 I DefaultIMS: onKeyDown: keyoCode=23
06-26 18:25:36.991 2539 2539 I SogouIME: onKeyUp: keyoCode=23
06-26 18:25:36.991 2539 2539 I DefaultIMS: onKeyUp: keyoCode=23
06-26 18:25:36.992 2835 2835 E hq_file : disk click:/storage/FE88252F8824E83B
06-26 18:25:36.994 2835 2835 E hq_file : startActivity:/storage/FE88252F8824E83B_____position:0
06-26 18:25:36.994 2835 2835 E hq_file : startActivity:false
06-26 18:25:36.995 2835 2835 I com.monster.godzilla.load.RequestDiskPath: doSomething
06-26 18:25:37.006 2835 3228 W .filemanager.o: Accessing hidden method Landroid/os/storage/VolumeInfo;->getDescriptionComparator()Ljava/util/Comparator; (max-target-o, reflection, denied)
06-26 18:25:37.006 2835 3228 W System.err: java.lang.NoSuchMethodException: android.os.storage.VolumeInfo.getDescriptionComparator []
06-26 18:25:37.008 2835 3228 W System.err: at java.lang.Class.getMethod(Class.java:2103)
06-26 18:25:37.008 2835 3228 W System.err: at java.lang.Class.getMethod(Class.java:1724)
06-26 18:25:37.008 2835 3228 W System.err: at com.monster.godzilla.utlis.FileManagerSdcardUtils.getAllSDPath(FileManagerSdcardUtils.java:126)
06-26 18:25:37.008 2835 3228 W System.err: at com.monster.godzilla.load.RequestDiskPath$1.onRun(RequestDiskPath.java:55)
06-26 18:25:37.008 2835 3228 W System.err: at com.monster.godzilla.utlis.ThreadManager$ThreadPoolProxy$1.run(ThreadManager.java:105)
06-26 18:25:37.008 2835 3228 W System.err: at java.util.concurrent.ThreadPoolExecutor.runWorker(ThreadPoolExecutor.java:1167)
06-26 18:25:37.008 2835 3228 W System.err: at java.util.concurrent.ThreadPoolExecutor$Worker.run(ThreadPoolExecutor.java:641)
06-26 18:25:37.008 2835 3228 W System.err: at java.lang.Thread.run(Thread.java:920)
06-26 18:25:37.041 2835 3228 D sss : 发现USB设备------------------>>2>/storage/FE88252F8824E83B
06-26 18:25:37.043 2835 2835 I BaseRequest: complete
06-26 18:25:37.043 2835 2835 I BaseRequest: success!=nulltrue
06-26 18:25:37.044 2835 2835 E hq_file : startActivity:contains
06-26 18:25:37.046 477 755 I ActivityStarter: ---START u0 {flg=0x14000000 cmp=com.tv.filemanager.os/com.dangbei.lerad.filemanager.ui.info.ManagerDiskInfoActivity (has extras)} from uid 10049
06-26 18:25:37.050 265 265 I AW_PowerHAL: Power setMode: LAUNCH to: 1
06-26 18:25:37.056 2835 2835 E hq_file : startActivity:over
06-26 18:25:37.063 477 1355 W ActivityTaskManager: Tried to set launchTime (0) < mLastActivityLaunchTime (41047)
06-26 18:25:37.064 477 1355 D AW_CODE : rotation =0
06-26 18:25:37.079 477 755 D ActivityTaskManager: homlet: skip orientation settings: 0
06-26 18:25:37.081 265 265 I AW_PowerHAL: cur-mode:LAUNCH
06-26 18:25:37.084 2835 2835 E hq_file : startActivity:onCreate
06-26 18:25:37.092 280 280 I BpBinder: onLastStrongRef automatically unlinking death recipients:
06-26 18:25:37.107 2835 2835 E hq_file : initData:path:null
06-26 18:25:37.166 2835 2835 E hq_file : startActivity:onStart
06-26 18:25:37.167 2835 2835 E hq_file : loadData:path:/storage/FE88252F8824E83B
06-26 18:25:37.167 2835 2835 E hq_file : loadData:name:android
06-26 18:25:37.167 2835 2835 E hq_file : loadData:canRead:true
06-26 18:25:37.167 2835 2835 E hq_file : loadData:isExsit:true
06-26 18:25:37.167 2835 2835 E hq_file : loadData:islocalUsb:false
06-26 18:25:37.171 672 672 D TvPipController: onTaskStackChanged()
06-26 18:25:37.181 2835 2835 E hq_file : startActivity:onResume
06-26 18:25:37.186 477 755 W WindowManager: Failed looking up window session=Session{20c9567 2835:u0a10049} callers=com.android.server.wm.WindowManagerService.windowForClientLocked:5702 com.android.server.wm.Session.insetsModified:629 android.view.IWindowSession$Stub.onTransact:1151
06-26 18:25:37.214 261 399 I gralloc : alloc buffer:W:1920 H:1080 S:1920 PL[1920 1080] SZ:8294400 fmt:1 if:0 af:1 usg:20000b00 fg:00000004
06-26 18:25:37.215 261 261 I gralloc : alloc buffer:W:1920 H:1080 S:1920 PL[1920 1080] SZ:8294400 fmt:1 if:0 af:1 usg:20000b00 fg:00000004
06-26 18:25:37.217 261 261 I gralloc : alloc buffer:W:1920 H:1080 S:1920 PL[1920 1080] SZ:8294400 fmt:1 if:0 af:1 usg:20000b00 fg:00000004
06-26 18:25:37.256 477 522 I ActivityTaskManager: +++Displayed com.tv.filemanager.os/com.dangbei.lerad.filemanager.ui.info.ManagerDiskInfoActivity: +208ms
06-26 18:25:37.321 2835 2835 W View : requestLayout() improperly called by com.dangbei.lerad.libui.control.layout.FitLinearLayout{16c1249 VFE...C.. .F....ID 104,0-357,54} during layout: running second layout pass
06-26 18:25:37.321 2835 2835 W View : requestLayout() improperly called by com.dangbei.lerad.libui.control.widget.FitTextView{60c374e V.ED..... ......ID 0,-23-252,77 #7f0a0123 app:id/disk_title_name} during layout: running second layout pass
06-26 18:25:37.344 274 450 D AF::Track: interceptBuffer: took 639us to intercept 0 tracks
06-26 18:25:37.348 2348 2348 I rainbow_flow: type=1400 audit(0.0:1846): avc: denied { ioctl } for path="/dev/spidev1.0" dev="tmpfs" ino=6605 ioctlcmd=0x6b00 scontext=u:r:init:s0 tcontext=u:object_r:device:s0 tclass=chr_file permissive=1
06-26 18:25:37.363 2835 3238 D StrictMode: StrictMode policy violation: android.os.strictmode.UntaggedSocketViolation: Untagged socket detected; use TrafficStats.setTrafficStatsTag() to track all network usage
06-26 18:25:37.363 2835 3238 D StrictMode: at android.os.StrictMode.onUntaggedSocket(StrictMode.java:2251)
06-26 18:25:37.363 2835 3238 D StrictMode: at com.android.server.NetworkManagementSocketTagger.tag(NetworkManagementSocketTagger.java:82)
06-26 18:25:37.363 2835 3238 D StrictMode: at libcore.io.BlockGuardOs.tagSocket(BlockGuardOs.java:55)
06-26 18:25:37.363 2835 3238 D StrictMode: at libcore.io.BlockGuardOs.socket(BlockGuardOs.java:403)
06-26 18:25:37.363 2835 3238 D StrictMode: at libcore.io.ForwardingOs.socket(ForwardingOs.java:827)
06-26 18:25:37.363 2835 3238 D StrictMode: at libcore.io.IoBridge.socket(IoBridge.java:843)
06-26 18:25:37.363 2835 3238 D StrictMode: at java.net.PlainSocketImpl.socketCreate(PlainSocketImpl.java:128)
06-26 18:25:37.363 2835 3238 D StrictMode: at java.net.AbstractPlainSocketImpl.create(AbstractPlainSocketImpl.java:128)
06-26 18:25:37.363 2835 3238 D StrictMode: at java.net.Socket.createImpl(Socket.java:489)
06-26 18:25:37.363 2835 3238 D StrictMode: at java.net.Socket.getImpl(Socket.java:552)
06-26 18:25:37.363 2835 3238 D StrictMode: at java.net.Socket.setSoTimeout(Socket.java:1180)
06-26 18:25:37.363 2835 3238 D StrictMode: at okhttp3.internal.connection.RealConnection.connectSocket(RealConnection.java:185)
06-26 18:25:37.363 2835 3238 D StrictMode: at okhttp3.internal.connection.RealConnection.buildConnection(RealConnection.java:173)
06-26 18:25:37.363 2835 3238 D StrictMode: at okhttp3.internal.connection.RealConnection.connect(RealConnection.java:114)
06-26 18:25:37.363 2835 3238 D StrictMode: at okhttp3.internal.connection.StreamAllocation.findConnection(StreamAllocation.java:193)
06-26 18:25:37.363 2835 3238 D StrictMode: at okhttp3.internal.connection.StreamAllocation.findHealthyConnection(StreamAllocation.java:129)
06-26 18:25:37.363 2835 3238 D StrictMode: at okhttp3.internal.connection.StreamAllocation.newStream(StreamAllocation.java:98)
06-26 18:25:37.363 2835 3238 D StrictMode: at okhttp3.internal.connection.ConnectInterceptor.intercept(ConnectInterceptor.java:42)
06-26 18:25:37.363 2835 3238 D StrictMode: at okhttp3.internal.http.RealInterceptorChain.proceed(RealInterceptorChain.java:92)
06-26 18:25:37.363 2835 3238 D StrictMode: at okhttp3.internal.http.RealInterceptorChain.proceed(RealInterceptorChain.java:67)
06-26 18:25:37.363 2835 3238 D StrictMode: at okhttp3.internal.cache.CacheInterceptor.intercept(CacheInterceptor.java:109)
06-26 18:25:37.363 2835 3238 D StrictMode: at okhttp3.internal.http.RealInterceptorChain.proceed(RealInterceptorChain.java:92)
06-26 18:25:37.363 2835 3238 D StrictMode: at okhttp3.internal.http.RealInterceptorChain.proceed(RealInterceptorChain.java:67)
06-26 18:25:37.363 2835 3238 D StrictMode: at okhttp3.internal.http.BridgeInterceptor.intercept(BridgeInterceptor.java:93)
06-26 18:25:37.363 2835 3238 D StrictMode: at okhttp3.internal.http.RealInterceptorChain.proceed(RealInterceptorChain.java:92)
06-26 18:25:37.363 2835 3238 D StrictMode: at okhttp3.internal.http.RetryAndFollowUpInterceptor.intercept(RetryAndFollowUpInterceptor.java:124)
06-26 18:25:37.363 2835 3238 D StrictMode: at okhttp3.internal.http.RealInterceptorChain.proceed(RealInterceptorChain.java:92)
06-26 18:25:37.363 2835 3238 D StrictMode: at okhttp3.internal.http.RealInterceptorChain.proceed(RealInterceptorChain.java:67)
06-26 18:25:37.363 2835 3238 D StrictMode: at okhttp3.RealCall.getResponseWithInterceptorChain(RealCall.java:170)
06-26 18:25:37.363 2835 3238 D StrictMode: at okhttp3.RealCall.execute(RealCall.java:60)
06-26 18:25:37.363 2835 3238 D StrictMode: at com.wangjiegulu.dal.request.XHttpObservable$3.subscribe(XHttpObservable.java:126)
06-26 18:25:37.363 2835 3238 D StrictMode: at io.reactivex.internal.operators.observable.ObservableCreate.subscribeActual(ObservableCreate.java:40)
06-26 18:25:37.363 2835 3238 D StrictMode: at io.reactivex.Observable.subscribe(Observable.java:12267)
06-26 18:25:37.363 2835 3238 D StrictMode: at io.reactivex.internal.operators.observable.ObservableTimeoutTimed.subscribeActual(ObservableTimeoutTimed.java:47)
06-26 18:25:37.363 2835 3238 D StrictMode: at io.reactivex.Observable.subscribe(Observable.java:12267)
06-26 18:25:37.363 2835 3238 D StrictMode: at io.reactivex.internal.operators.observable.ObservableRetryBiPredicate$RetryBiObserver.subscribeNext(ObservableRetryBiPredicate.java:101)
06-26 18:25:37.363 2835 3238 D StrictMode: at io.reactivex.internal.operators.observable.ObservableRetryBiPredicate.subscribeActual(ObservableRetryBiPredicate.java:39)
06-26 18:25:37.363 2835 3238 D StrictMode: at io.reactivex.Observable.subscribe(Observable.java:12267)
06-26 18:25:37.363 2835 3238 D StrictMode: at io.reactivex.internal.operators.observable.ObservableMap.subscribeActual(ObservableMap.java:32)
06-26 18:25:37.363 2835 3238 D StrictMode: at io.reactivex.Observable.subscribe(Observable.java:12267)
06-26 18:25:37.363 2835 3238 D StrictMode: at io.reactivex.internal.operators.observable.ObservableSubscribeOn$SubscribeTask.run(ObservableSubscribeOn.java:96)
06-26 18:25:37.363 2835 3238 D StrictMode: at io.reactivex.internal.schedulers.ScheduledDirectTask.call(ScheduledDirectTask.java:38)
06-26 18:25:37.363 2835 3238 D StrictMode: at io.reactivex.internal.schedulers.ScheduledDirectTask.call(ScheduledDirectTask.java:26)
06-26 18:25:37.363 2835 3238 D StrictMode: at java.util.concurrent.FutureTask.run(FutureTask.java:266)
06-26 18:25:37.363 2835 3238 D StrictMode: at java.util.concurrent.ThreadPoolExecutor.runWorker(ThreadPoolExecutor.java:1167)
06-26 18:25:37.363 2835 3238 D StrictMode: at java.util.concurrent.ThreadPoolExecutor$Worker.run(ThreadPoolExecutor.java:641)
06-26 18:25:37.363 2835 3238 D StrictMode: at java.lang.Thread.run(Thread.java:920)
06-26 18:25:37.369 1032 1043 I FuseDaemon: Background concurrent copying GC freed 153087(7723KB) AllocSpace objects, 1(16KB) LOS objects, 49% free, 3813KB/7626KB, paused 115us total 184.630ms
