06-26 18:25:01.956 477 529 I SystemConfig: Reading permissions from /system/etc/permissions/com.android.mediadrm.signer.xml
06-26 18:25:01.958 477 529 I SystemConfig: Reading permissions from /system/etc/permissions/android.hardware.hdmi.cec.xml
06-26 18:25:01.959 477 529 I SystemConfig: Reading permissions from /system/etc/permissions/android.test.runner.xml
06-26 18:25:01.961 477 529 I SystemConfig: Reading permissions from /system/etc/permissions/android.hardware.location.network.xml
06-26 18:25:01.962 477 529 I SystemConfig: Reading permissions from /system/etc/permissions/privapp-vendor-permissions.xml
06-26 18:25:01.965 477 529 I SystemConfig: Reading permissions from /system/etc/permissions/platform.xml
06-26 18:25:01.972 477 529 I SystemConfig: Reading permissions from /vendor/etc/permissions/android.hardware.opengles.aep.xml
06-26 18:25:01.974 477 529 I SystemConfig: Reading permissions from /vendor/etc/permissions/android.hardware.vulkan.version.xml
06-26 18:25:01.976 477 529 I SystemConfig: Reading permissions from /vendor/etc/permissions/android.hardware.keystore.app_attest_key.xml
06-26 18:25:01.977 477 529 I SystemConfig: Reading permissions from /vendor/etc/permissions/android.hardware.vulkan.level.xml
06-26 18:25:01.982 477 529 I SystemConfig: Reading permissions from /vendor/etc/permissions/android.software.pppoe.xml
06-26 18:25:01.984 519 519 D BootAnimation: BootAnimationPreloadTiming start time: 9923ms
06-26 18:25:01.986 477 529 I SystemConfig: Reading permissions from /vendor/etc/permissions/android.software.ipsec_tunnels.xml
06-26 18:25:01.987 477 529 I SystemConfig: Reading permissions from /vendor/etc/permissions/android.hardware.usb.accessory.xml
06-26 18:25:01.990 477 529 I SystemConfig: Reading permissions from /vendor/etc/permissions/id.hardware.camera.xml
06-26 18:25:01.991 477 529 I SystemConfig: Reading permissions from /vendor/etc/permissions/android.hardware.ethernet.xml
06-26 18:25:01.995 477 529 I SystemConfig: Reading permissions from /vendor/etc/permissions/android.hardware.wifi.passpoint.xml
06-26 18:25:01.995 477 510 I Zygote : Preloading shared libraries...
06-26 18:25:01.998 477 529 I SystemConfig: Reading permissions from /vendor/etc/permissions/android.software.vulkan.deqp.level.xml
06-26 18:25:02.000 477 529 I SystemConfig: Reading permissions from /vendor/etc/permissions/android.software.verified_boot.xml
06-26 18:25:02.003 477 529 I SystemConfig: Reading permissions from /vendor/etc/permissions/android.hardware.camera.front.xml
06-26 18:25:02.004 477 529 I SystemConfig: Reading permissions from /vendor/etc/permissions/android.hardware.bluetooth_le.xml
06-26 18:25:02.007 477 529 I SystemConfig: Reading permissions from /vendor/etc/permissions/android.hardware.bluetooth.xml
06-26 18:25:02.009 477 477 I SystemServerTiming: StartInstaller
06-26 18:25:02.010 477 477 I SystemServiceManager: Starting com.android.server.pm.Installer
06-26 18:25:02.011 519 519 E BootAnimation: no audio.wav could be found!
06-26 18:25:02.011 519 519 D BootAnimation: BootAnimationPreloadStopTiming start time: 9950ms
06-26 18:25:02.011 477 529 I SystemConfig: Reading permissions from /vendor/etc/permissions/android.hardware.camera.external.xml
06-26 18:25:02.013 280 336 E HWComposer: getSupportedContentTypes: getSupportedContentTypes failed for display 0: Unsupported (8)
06-26 18:25:02.014 477 529 I SystemConfig: Reading permissions from /vendor/etc/permissions/android.hardware.vulkan.compute.xml
06-26 18:25:02.014 354 363 D installd: Found quota mount /dev/block/by-name/userdata at /data
06-26 18:25:02.014 354 363 D installd: Found quota mount /dev/block/by-name/userdata at /data/user/0
06-26 18:25:02.016 519 532 E cutils-trace: Error opening trace file: No such file or directory (2)
06-26 18:25:02.017 477 477 I SystemServerTiming: DeviceIdentifiersPolicyService
06-26 18:25:02.017 477 477 I SystemServiceManager: Starting com.android.server.os.DeviceIdentifiersPolicyService
06-26 18:25:02.018 477 529 I SystemConfig: Reading permissions from /vendor/etc/permissions/android.hardware.camera.flash-autofocus.xml
06-26 18:25:02.021 477 477 I SystemServerTiming: UriGrantsManagerService
06-26 18:25:02.021 477 477 I SystemServiceManager: Starting com.android.server.uri.UriGrantsManagerService$Lifecycle
06-26 18:25:02.024 477 529 I SystemConfig: Reading permissions from /vendor/etc/permissions/android.hardware.hardware_keystore.xml
06-26 18:25:02.027 477 529 I SystemConfig: Reading permissions from /vendor/etc/permissions/android.hardware.wifi.direct.xml
06-26 18:25:02.028 477 477 I SystemServerTiming: StartPowerStatsService
06-26 18:25:02.028 477 477 I SystemServiceManager: Starting com.android.server.powerstats.PowerStatsService
06-26 18:25:02.029 477 529 I SystemConfig: Reading permissions from /vendor/etc/permissions/android.software.opengles.deqp.level.xml
06-26 18:25:02.031 185 185 E servicemanager: Could not find android.hardware.power.stats.IPowerStats/default in the VINTF manifest.
06-26 18:25:02.032 477 529 I SystemConfig: Reading permissions from /vendor/etc/permissions/tv_core_hardware.xml
06-26 18:25:02.034 186 186 I hwservicemanager: getTransport: Cannot find entry android.hardware.power.stats@1.0::IPowerStats/default in either framework or device VINTF manifest.
06-26 18:25:02.034 477 477 E PowerStatsService: Unable to get power.stats HAL service.
06-26 18:25:02.035 477 477 E PowerStatsService: nativeInit failed to connect to power.stats HAL
06-26 18:25:02.035 477 477 I SystemServerTiming: StartIStatsService
06-26 18:25:02.036 477 529 I SystemConfig: Reading permissions from /vendor/etc/permissions/android.hardware.usb.host.xml
06-26 18:25:02.036 186 186 I hwservicemanager: getTransport: Cannot find entry android.frameworks.stats@1.0::IStats/default in either framework or device VINTF manifest.
06-26 18:25:02.037 477 477 E HidlServiceManagement: Service android.frameworks.stats@1.0::IStats/default must be in VINTF manifest in order to register/get.
06-26 18:25:02.037 477 477 W system_server: Cannot register HIDL android.frameworks.stats@1.0::IStats: -2147483648
06-26 18:25:02.038 185 185 I servicemanager: Found android.frameworks.stats.IStats/default in framework VINTF manifest.
06-26 18:25:02.038 477 529 I SystemConfig: Reading permissions from /vendor/etc/permissions/android.software.backup.xml
06-26 18:25:02.038 519 532 D libEGL : loaded /vendor/lib/egl/libGLES_mali.so
06-26 18:25:02.039 477 477 I SystemServerTiming: MemtrackProxyService
06-26 18:25:02.039 186 186 I hwservicemanager: getTransport: Cannot find entry android.hardware.memtrack@1.0::IMemtrack/default in either framework or device VINTF manifest.
06-26 18:25:02.040 477 529 I SystemConfig: Reading permissions from /vendor/etc/permissions/android.software.midi.xml
06-26 18:25:02.040 185 185 E servicemanager: Could not find android.hardware.memtrack.IMemtrack/default in the VINTF manifest.
06-26 18:25:02.041 477 477 I Stability: Interface set with vintf stability wire protocol version 1 downgraded to system stability wire protocol version 1 stability
06-26 18:25:02.041 477 477 I SystemServerTiming: StartActivityManager
06-26 18:25:02.042 477 477 I SystemServiceManager: Starting com.android.server.wm.ActivityTaskManagerService$Lifecycle
06-26 18:25:02.044 477 529 I SystemConfig: Reading permissions from /vendor/etc/permissions/android.hardware.reboot_escrow.xml
06-26 18:25:02.046 477 529 I SystemConfig: Reading permissions from /vendor/etc/permissions/android.hardware.wifi.xml
06-26 18:25:02.048 477 529 I SystemConfig: Reading permissions from /vendor/etc/permissions/android.hardware.touchscreen.multitouch.xml
06-26 18:25:02.052 477 529 I SystemConfig: Reading permissions from /product/etc/sysconfig/preinstalled-packages-platform-overlays.xml
06-26 18:25:02.056 477 477 I SystemServiceManager: Starting com.android.server.am.ActivityManagerService$Lifecycle
06-26 18:25:02.060 477 529 I SystemConfig: Reading permissions from /product/etc/sysconfig/preinstalled-packages-platform-handheld-product.xml
06-26 18:25:02.063 477 529 I SystemConfig: Reading permissions from /product/etc/permissions/com.android.tv.xml
06-26 18:25:02.065 477 529 I SystemConfig: Reading permissions from /product/etc/permissions/com.android.settings.intelligence.xml
06-26 18:25:02.067 477 529 W SystemConfig: No directory /system_ext/etc/sysconfig, skipping
06-26 18:25:02.069 477 529 I SystemConfig: Reading permissions from /system_ext/etc/permissions/provision-permissions.xml
06-26 18:25:02.072 477 529 I SystemConfig: Reading permissions from /system_ext/etc/permissions/com.android.carrierconfig.xml
06-26 18:25:02.073 477 477 I ActivityManager: Memory class: 256
06-26 18:25:02.075 477 529 I SystemConfig: Reading permissions from /system_ext/etc/permissions/com.softwinner.screenshot.xml
06-26 18:25:02.077 477 529 I SystemConfig: Reading permissions from /system_ext/etc/permissions/privapp-settingssetup.xml
06-26 18:25:02.078 477 529 I SystemConfig: Reading permissions from /system_ext/etc/permissions/com.android.tv.settings.xml
06-26 18:25:02.081 477 529 I SystemConfig: Reading permissions from /system_ext/etc/permissions/com.android.storagemanager.xml
06-26 18:25:02.081 477 535 I Binder : Setting heavy hitter watcher config: false, 0, 0.0
06-26 18:25:02.083 386 386 I update_engine: [INFO:cleanup_previous_update_action.cc(112)] Executing task 1
06-26 18:25:02.086 386 386 I update_engine: [INFO:cleanup_previous_update_action.cc(124)] CleanupPreviousUpdateAction scheduled task ID 3 for WaitBootCompleted
06-26 18:25:02.090 477 529 I SystemConfig: Reading permissions from /system_ext/etc/permissions/com.android.provision.xml
06-26 18:25:02.091 477 529 I SystemConfig: Reading permissions from /system_ext/etc/permissions/com.android.systemui.xml
06-26 18:25:02.098 477 529 I SystemConfig: Reading permissions from /apex/com.android.ipsec/etc/permissions/android.net.ipsec.ike.xml
06-26 18:25:02.108 477 529 W SystemConfig: Failed to read public libraries file /vendor/etc/public.libraries.txt
06-26 18:25:02.108 477 529 W SystemConfig: java.io.FileNotFoundException: /vendor/etc/public.libraries.txt: open failed: ENOENT (No such file or directory)
06-26 18:25:02.108 477 529 W SystemConfig: at libcore.io.IoBridge.open(IoBridge.java:575)
06-26 18:25:02.108 477 529 W SystemConfig: at java.io.FileInputStream.(FileInputStream.java:160)
06-26 18:25:02.108 477 529 W SystemConfig: at java.io.FileReader.(FileReader.java:72)
06-26 18:25:02.108 477 529 W SystemConfig: at com.android.server.SystemConfig.readPublicLibrariesListFile(SystemConfig.java:1601)
06-26 18:25:02.108 477 529 W SystemConfig: at com.android.server.SystemConfig.readPublicNativeLibrariesList(SystemConfig.java:1583)
06-26 18:25:02.108 477 529 W SystemConfig: at com.android.server.SystemConfig.(SystemConfig.java:484)
06-26 18:25:02.108 477 529 W SystemConfig: at com.android.server.SystemConfig.getInstance(SystemConfig.java:272)
06-26 18:25:02.108 477 529 W SystemConfig: at com.android.server.SystemServer$$ExternalSyntheticLambda7.run(Unknown Source:0)
06-26 18:25:02.108 477 529 W SystemConfig: at com.android.server.SystemServerInitThreadPool.lambda$submitTask$0$SystemServerInitThreadPool(SystemServerInitThreadPool.java:105)
06-26 18:25:02.108 477 529 W SystemConfig: at com.android.server.SystemServerInitThreadPool$$ExternalSyntheticLambda0.run(Unknown Source:6)
06-26 18:25:02.108 477 529 W SystemConfig: at java.util.concurrent.Executors$RunnableAdapter.call(Executors.java:462)
06-26 18:25:02.108 477 529 W SystemConfig: at java.util.concurrent.FutureTask.run(FutureTask.java:266)
06-26 18:25:02.108 477 529 W SystemConfig: at java.util.concurrent.ThreadPoolExecutor.runWorker(ThreadPoolExecutor.java:1167)
06-26 18:25:02.108 477 529 W SystemConfig: at java.util.concurrent.ThreadPoolExecutor$Worker.run(ThreadPoolExecutor.java:641)
06-26 18:25:02.108 477 529 W SystemConfig: at com.android.internal.util.ConcurrentUtils$1$1.run(ConcurrentUtils.java:65)
06-26 18:25:02.108 477 529 W SystemConfig: Caused by: android.system.ErrnoException: open failed: ENOENT (No such file or directory)
06-26 18:25:02.108 477 529 W SystemConfig: at libcore.io.Linux.open(Native Method)
06-26 18:25:02.108 477 529 W SystemConfig: at libcore.io.ForwardingOs.open(ForwardingOs.java:567)
06-26 18:25:02.108 477 529 W SystemConfig: at libcore.io.BlockGuardOs.open(BlockGuardOs.java:273)
06-26 18:25:02.108 477 529 W SystemConfig: at libcore.io.IoBridge.open(IoBridge.java:561)
06-26 18:25:02.108 477 529 W SystemConfig: ... 14 more
06-26 18:25:02.109 477 529 D SystemServerInitThreadPool: Finished executing ReadingSystemConfig
06-26 18:25:02.120 519 519 I BootAnimation: type=1400 audit(0.0:307): avc: denied { search } for name="data" dev="mmcblk0p25" ino=87 scontext=u:r:bootanim:s0 tcontext=u:object_r:system_data_file:s0:c512,c768 tclass=dir permissive=1
06-26 18:25:02.126 186 186 I hwservicemanager: getTransport: Cannot find entry android.hardware.configstore@1.0::ISurfaceFlingerConfigs/default in either framework or device VINTF manifest.
06-26 18:25:02.155 477 477 D BatteryStatsImpl: Reading daily items from /data/system/batterystats-daily.xml
06-26 18:25:02.160 519 532 D BootAnimation: BootAnimationShownTiming start time: 10100ms
06-26 18:25:02.164 477 509 W Zygote : Class not found for preloading: android.view.SurfaceView$2
06-26 18:25:02.181 186 186 I hwservicemanager: getTransport: Cannot find entry android.hardware.power.stats@1.0::IPowerStats/default in either framework or device VINTF manifest.
06-26 18:25:02.184 477 549 E BatteryStatsService: Unable to load Power.Stats.HAL. Setting rail availability to false
06-26 18:25:02.185 477 549 E BluetoothAdapter: Bluetooth binder is null
06-26 18:25:02.186 477 549 I KernelCpuUidFreqTimeReader: mPerClusterTimesAvailable=false
06-26 18:25:02.189 477 549 W KernelCpuUidFreqTimeBpfMapReader: Failed to start tracking
06-26 18:25:02.190 477 549 W KernelCpuProcStringReader: File not found. It's normal if not implemented: /proc/uid_time_in_state
06-26 18:25:02.191 477 549 W KernelCpuUidActiveTimeBpfMapReader: Failed to start tracking
06-26 18:25:02.191 477 549 W KernelCpuProcStringReader: File not found. It's normal if not implemented: /proc/uid_concurrent_active_time
06-26 18:25:02.192 477 549 W KernelCpuUidClusterTimeBpfMapReader: Failed to start tracking
06-26 18:25:02.192 477 549 W KernelCpuProcStringReader: File not found. It's normal if not implemented: /proc/uid_concurrent_policy_time
06-26 18:25:02.193 477 549 E KernelCpuSpeedReader: Failed to read cpu-freq: /sys/devices/system/cpu/cpu0/cpufreq/stats/time_in_state: open failed: ENOENT (No such file or directory)
06-26 18:25:02.193 477 549 E system_server: Cannot read thread CPU times for PID 477
06-26 18:25:02.192 208 208 I Binder:208_2: type=1400 audit(0.0:308): avc: denied { read } for name="event_count" dev="sysfs" ino=22115 scontext=u:r:system_suspend:s0 tcontext=u:object_r:sysfs:s0 tclass=file permissive=1
06-26 18:25:02.192 208 208 I Binder:208_2: type=1400 audit(0.0:309): avc: denied { open } for path="/sys/devices/platform/soc@3000000/7040000.s_cir/wakeup/wakeup4/event_count" dev="sysfs" ino=22115 scontext=u:r:system_suspend:s0 tcontext=u:object_r:sysfs:s0 tclass=file permissive=1
06-26 18:25:02.192 208 208 I Binder:208_2: type=1400 audit(0.0:310): avc: denied { getattr } for path="/sys/devices/platform/soc@3000000/7040000.s_cir/wakeup/wakeup4/event_count" dev="sysfs" ino=22115 scontext=u:r:system_suspend:s0 tcontext=u:object_r:sysfs:s0 tclass=file permissive=1
06-26 18:25:02.207 477 549 W KernelMemoryBandwidthStats: No kernel memory bandwidth stats available
06-26 18:25:02.237 186 186 I hwservicemanager: getTransport: Cannot find entry android.hardware.graphics.mapper@4.0::IMapper/default in either framework or device VINTF manifest.
06-26 18:25:02.237 519 532 I Gralloc4: mapper 4.x is not supported
06-26 18:25:02.237 186 186 I hwservicemanager: getTransport: Cannot find entry android.hardware.graphics.mapper@3.0::IMapper/default in either framework or device VINTF manifest.
06-26 18:25:02.238 519 532 W Gralloc3: mapper 3.x is not supported
06-26 18:25:02.244 519 532 E gralloc : Arm Module v1.0
06-26 18:25:02.246 186 186 I hwservicemanager: getTransport: Cannot find entry android.hardware.graphics.allocator@4.0::IAllocator/default in either framework or device VINTF manifest.
06-26 18:25:02.246 519 532 W Gralloc4: allocator 4.x is not supported
06-26 18:25:02.247 186 186 I hwservicemanager: getTransport: Cannot find entry android.hardware.graphics.allocator@3.0::IAllocator/default in either framework or device VINTF manifest.
06-26 18:25:02.247 519 532 W Gralloc3: allocator 3.x is not supported
06-26 18:25:02.251 261 399 I gralloc : alloc buffer:W:1920 H:1080 S:1920 PL[1920 1080] SZ:8294400 fmt:43 if:0 af:43 usg:20000b00 fg:00000004
06-26 18:25:02.252 519 532 E ion : ioctl c0044901 failed with code -1: Inappropriate ioctl for device
06-26 18:25:02.293 280 280 I SurfaceFlinger: Enter boot animation
06-26 18:25:02.296 262 262 E ion : ioctl c0044901 failed with code -1: Inappropriate ioctl for device
06-26 18:25:02.300 391 391 I : DVI mode selected: packets not configured
06-26 18:25:02.300 391 391 I : Error: set vsif failed
06-26 18:25:02.346 261 399 I gralloc : alloc buffer:W:1920 H:1080 S:1920 PL[1920 1080] SZ:8294400 fmt:43 if:0 af:43 usg:20000b00 fg:00000004
06-26 18:25:02.364 391 391 I : DVI mode selected: packets not configured
06-26 18:25:02.364 391 391 I : Error: set vsif failed
06-26 18:25:02.414 391 391 I : DVI mode selected: packets not configured
06-26 18:25:02.414 391 391 I : Error: set vsif failed
06-26 18:25:02.415 477 509 I Zygote : ...preloaded 7337 classes in 1036ms.
06-26 18:25:02.416 477 508 I Zygote : Called ZygoteHooks.endPreload()
06-26 18:25:02.417 477 508 I Zygote : Installed AndroidKeyStoreProvider in 1ms.
06-26 18:25:02.433 477 477 I IntentFirewall: Read new rules (A:0 B:0 S:0)
06-26 18:25:02.435 477 508 I Zygote : Warmed up JCA providers in 18ms.
06-26 18:25:02.435 477 508 D Zygote : Zygote:ThreadPreadloadClass took 1061ms.
06-26 18:25:02.451 477 477 E libprocessgroup: Failed to open /dev/memcg/apps: Permission denied
06-26 18:25:02.455 477 477 D AppOps : AppOpsService published
06-26 18:25:02.457 477 477 I SystemServerTiming: StartDataLoaderManagerService
06-26 18:25:02.457 477 477 I SystemServiceManager: Starting com.android.server.pm.DataLoaderManagerService
06-26 18:25:02.460 477 477 I SystemServerTiming: StartIncrementalService
06-26 18:25:02.463 477 477 I incfs-mounts: [incfs] Loaded incremental-fs mount info: 0 instances, 0 mount points
06-26 18:25:02.465 477 477 I SystemServerTiming: StartPowerManager
06-26 18:25:02.465 477 477 I SystemServiceManager: Starting com.android.server.power.PowerManagerService
06-26 18:25:02.476 185 185 I servicemanager: Found android.hardware.power.IPower/default in device VINTF manifest.
06-26 18:25:02.479 186 186 I hw-BpHwBinder: onLastStrongRef automatically unlinking death recipients
06-26 18:25:02.480 391 391 I : DVI mode selected: packets not configured
06-26 18:25:02.480 391 391 I : Error: set vsif failed
06-26 18:25:02.481 265 265 I AW_PowerHAL: Power setMode: INTERACTIVE to: 1
06-26 18:25:02.481 265 265 I AW_PowerHAL: not completed yet, ignore mode request other
06-26 18:25:02.481 265 265 I AW_PowerHAL: check: Mode 0 not Supported ,do nothing
06-26 18:25:02.484 477 477 I SystemServerTiming: StartThermalManager
06-26 18:25:02.484 477 477 I SystemServiceManager: Starting com.android.server.power.ThermalManagerService
06-26 18:25:02.485 477 477 I SystemServerTiming: StartHintManager
06-26 18:25:02.486 477 477 I SystemServiceManager: Starting com.android.server.power.hint.HintManagerService
06-26 18:25:02.487 477 477 E PowerHalController: getHintSessionPreferredRate failed: Status(-129, EX_TRANSACTION_FAILED): 'UNKNOWN_TRANSACTION: '
06-26 18:25:02.489 477 477 I SystemServerTiming: InitPowerManagement
06-26 18:25:02.492 477 477 I SystemServerTiming: StartRecoverySystemService
06-26 18:25:02.492 477 477 I SystemServiceManager: Starting com.android.server.recoverysystem.RecoverySystemService$Lifecycle
06-26 18:25:02.495 477 477 I PackageWatchdog: Syncing state, reason: added new observer
06-26 18:25:02.496 477 477 I PackageWatchdog: Not pruning observers, elapsed time: 0ms
06-26 18:25:02.496 477 477 I PackageWatchdog: Cancelling state sync, nothing to sync
06-26 18:25:02.496 477 534 I PackageWatchdog: Saving observer state to file
06-26 18:25:02.500 477 477 I SystemServerTiming: StartLightsService
06-26 18:25:02.500 477 477 I SystemServiceManager: Starting com.android.server.lights.LightsService
06-26 18:25:02.506 185 185 I servicemanager: Found android.hardware.light.ILights/default in device VINTF manifest.
06-26 18:25:02.510 264 264 I android.hardware.lights-service: Lights reporting supported lights size=1
06-26 18:25:02.513 477 477 I SystemServerTiming: StartSidekickService
06-26 18:25:02.513 477 477 I SystemServerTiming: StartDisplayManager
06-26 18:25:02.513 477 477 I SystemServiceManager: Starting com.android.server.display.DisplayManagerService
06-26 18:25:02.530 391 391 I : DVI mode selected: packets not configured
06-26 18:25:02.530 391 391 I : Error: set vsif failed
06-26 18:25:02.532 280 337 E HWComposer: getSupportedContentTypes: getSupportedContentTypes failed for display 0: Unsupported (8)
06-26 18:25:02.536 477 477 I SystemServerTiming: WaitForDisplay
06-26 18:25:02.536 477 477 I SystemServiceManager: Starting phase 100
06-26 18:25:02.536 477 477 I SystemServerTiming: OnBootPhase_100
06-26 18:25:02.549 477 525 I DisplayDeviceRepository: Display device added: DisplayDeviceInfo{"内置屏幕": uniqueId="local:0", 1920 x 1080, modeId 1, defaultModeId 1, supportedModes [{id=1, width=1920, height=1080, fps=60.000004, alternativeRefreshRates=[]}], colorMode 0, supportedColorModes [0], hdrCapabilities HdrCapabilities{mSupportedHdrTypes=[2, 3], mMaxLuminance=500.0, mMaxAverageLuminance=500.0, mMinLuminance=0.0}, allmSupported false, gameContentTypeSupported false, density 240, 0.16 x 0.16 dpi, appVsyncOff 1000000, presDeadline 16666666, touch INTERNAL, rotation 0, type INTERNAL, address {port=0}, deviceProductInfo null, state UNKNOWN, frameRateOverride , brightnessMinimum 0.0, brightnessMaximum 1.0, brightnessDefault 0.39763778, FLAG_DEFAULT_DISPLAY, FLAG_ROTATES_WITH_CONTENT, FLAG_SECURE, FLAG_SUPPORTS_PROTECTED_BUFFERS}
06-26 18:25:02.551 477 525 I LogicalDisplayMapper: Applying layout: [{addr: {port=0}, dispId: 0(ON)}], Previous layout: null
06-26 18:25:02.554 477 525 I LogicalDisplayMapper: Adding new display: 0: DisplayInfo{"内置屏幕", displayId 0", displayGroupId -1, FLAG_SECURE, FLAG_SUPPORTS_PROTECTED_BUFFERS, FLAG_TRUSTED, real 1920 x 1080, largest app 1920 x 1080, smallest app 1920 x 1080, appVsyncOff 1000000, presDeadline 16666666, mode 1, defaultMode 1, modes [{id=1, width=1920, height=1080, fps=60.000004, alternativeRefreshRates=[]}], hdrCapabilities HdrCapabilities{mSupportedHdrTypes=[2, 3], mMaxLuminance=500.0, mMaxAverageLuminance=500.0, mMinLuminance=0.0}, userDisabledHdrTypes [], minimalPostProcessingSupported false, rotation 0, state UNKNOWN, type INTERNAL, uniqueId "local:0", app 1920 x 1080, density 240 (0.16 x 0.16) dpi, layerStack 0, colorMode 0, supportedColorModes [0], address {port=0}, deviceProductInfo null, removeMode 0, refreshRateOverride 0.0, brightnessMinimum 0.0, brightnessMaximum 1.0, brightnessDefault 0.39763778}
06-26 18:25:02.554 477 525 I LogicalDisplayMapper: Setting new display group 0 for display 0, from previous group: null
06-26 18:25:02.556 477 477 I SystemServerTiming: StartDomainVerificationService
06-26 18:25:02.581 391 391 I : DVI mode selected: packets not configured
06-26 18:25:02.581 391 391 I : Error: set vsif failed
06-26 18:25:02.582 477 477 I SystemServerTiming: StartPackageManagerService
06-26 18:25:02.582 477 477 I Watchdog: Pausing HandlerChecker: main thread for reason: packagemanagermain. Pause count: 1
06-26 18:25:02.590 477 477 I PackageManagerTiming: create package manager
06-26 18:25:02.600 477 477 E PackageManager: /oem/delete.txt not exist
06-26 18:25:02.600 477 477 I PackageManagerTiming: createSubComponents
06-26 18:25:02.639 477 477 I PackageManagerTiming: addSharedUsers
06-26 18:25:02.642 477 477 I PackageManagerTiming: get system config
06-26 18:25:02.647 391 391 I : DVI mode selected: packets not configured
06-26 18:25:02.647 391 391 I : Error: set vsif failed
06-26 18:25:02.647 477 477 D PackageManager: Directories scanned as system partitions: [/system:0, /vendor:524288, /odm:4194304, /oem:262144, /product:1048576, /system/system_ext:2097152, /apex/com.android.wifi:8388608, /apex/com.android.vndk.v31:8388608, /apex/com.android.tzdata:8388608, /apex/com.android.tethering:8388608, /apex/com.android.sdkext:8388608, /apex/com.android.scheduling:8388608, /apex/com.android.runtime:8388608, /apex/com.android.resolv:8388608, /apex/com.android.permission:8388608, /apex/com.android.os.statsd:8388608, /apex/com.android.neuralnetworks:8388608, /apex/com.android.mediaprovider:8388608, /apex/com.android.media.swcodec:8388608, /apex/com.android.media:8388608, /apex/com.android.ipsec:8388608, /apex/com.android.i18n:8388608, /apex/com.android.extservices:8388608, /apex/com.android.conscrypt:8388608, /apex/com.android.art:8388608, /apex/com.android.appsearch:8388608, /apex/com.android.adbd:8388608]
06-26 18:25:02.651 477 477 D SELinuxMMAC: Using policy file /system/etc/selinux/plat_mac_permissions.xml
06-26 18:25:02.655 477 477 D SELinuxMMAC: Using policy file /system_ext/etc/selinux/system_ext_mac_permissions.xml
06-26 18:25:02.656 477 477 D SELinuxMMAC: Using policy file /vendor/etc/selinux/vendor_mac_permissions.xml
06-26 18:25:02.658 477 477 I PackageManagerTiming: loadFallbacks
06-26 18:25:02.660 477 477 D FallbackCategoryProvider: Found 1 fallback categories
06-26 18:25:02.661 477 477 I PackageManagerTiming: read user settings
06-26 18:25:02.696 391 391 I : DVI mode selected: packets not configured
06-26 18:25:02.696 391 391 I : Error: set vsif failed
06-26 18:25:02.747 391 391 I : DVI mode selected: packets not configured
06-26 18:25:02.747 391 391 I : Error: set vsif failed
06-26 18:25:02.755 477 521 D SystemServerInitThreadPool: Finished executing loadPreinstalledSystemFontMap
06-26 18:25:02.798 391 391 I : DVI mode selected: packets not configured
06-26 18:25:02.798 391 391 I : Error: set vsif failed
06-26 18:25:02.870 477 477 W android.permission.PermissionManager: Missing ActivityManager; assuming 1000 holds android.permission.SET_PREFERRED_APPLICATIONS
06-26 18:25:02.871 477 477 W android.permission.PermissionManager: Missing ActivityManager; assuming 1000 holds android.permission.SET_PREFERRED_APPLICATIONS
06-26 18:25:02.872 477 477 W android.permission.PermissionManager: Missing ActivityManager; assuming 1000 holds android.permission.SET_PREFERRED_APPLICATIONS
06-26 18:25:02.872 477 477 W android.permission.PermissionManager: Missing ActivityManager; assuming 1000 holds android.permission.SET_PREFERRED_APPLICATIONS
06-26 18:25:02.872 477 477 W android.permission.PermissionManager: Missing ActivityManager; assuming 1000 holds android.permission.SET_PREFERRED_APPLICATIONS
06-26 18:25:02.872 477 477 W android.permission.PermissionManager: Missing ActivityManager; assuming 1000 holds android.permission.SET_PREFERRED_APPLICATIONS
06-26 18:25:02.873 477 477 W android.permission.PermissionManager: Missing ActivityManager; assuming 1000 holds android.permission.SET_PREFERRED_APPLICATIONS
06-26 18:25:02.873 477 477 W android.permission.PermissionManager: Missing ActivityManager; assuming 1000 holds android.permission.SET_PREFERRED_APPLICATIONS
06-26 18:25:02.873 477 477 W android.permission.PermissionManager: Missing ActivityManager; assuming 1000 holds android.permission.SET_PREFERRED_APPLICATIONS
06-26 18:25:02.873 477 477 W android.permission.PermissionManager: Missing ActivityManager; assuming 1000 holds android.permission.SET_PREFERRED_APPLICATIONS
06-26 18:25:02.874 477 477 W android.permission.PermissionManager: Missing ActivityManager; assuming 1000 holds android.permission.SET_PREFERRED_APPLICATIONS
06-26 18:25:02.874 477 477 W android.permission.PermissionManager: Missing ActivityManager; assuming 1000 holds android.permission.SET_PREFERRED_APPLICATIONS
06-26 18:25:02.874 477 477 W android.permission.PermissionManager: Missing ActivityManager; assuming 1000 holds android.permission.SET_PREFERRED_APPLICATIONS
06-26 18:25:02.875 477 477 W android.permission.PermissionManager: Missing ActivityManager; assuming 1000 holds android.permission.SET_PREFERRED_APPLICATIONS
06-26 18:25:02.875 477 477 W android.permission.PermissionManager: Missing ActivityManager; assuming 1000 holds android.permission.SET_PREFERRED_APPLICATIONS
06-26 18:25:02.875 477 477 W android.permission.PermissionManager: Missing ActivityManager; assuming 1000 holds android.permission.SET_PREFERRED_APPLICATIONS
06-26 18:25:02.875 477 477 W android.permission.PermissionManager: Missing ActivityManager; assuming 1000 holds android.permission.SET_PREFERRED_APPLICATIONS
06-26 18:25:02.875 477 477 W android.permission.PermissionManager: Missing ActivityManager; assuming 1000 holds android.permission.SET_PREFERRED_APPLICATIONS
06-26 18:25:02.876 477 477 W android.permission.PermissionManager: Missing ActivityManager; assuming 1000 holds android.permission.SET_PREFERRED_APPLICATIONS
06-26 18:25:02.876 477 477 W android.permission.PermissionManager: Missing ActivityManager; assuming 1000 holds android.permission.SET_PREFERRED_APPLICATIONS
06-26 18:25:02.876 477 477 W android.permission.PermissionManager: Missing ActivityManager; assuming 1000 holds android.permission.SET_PREFERRED_APPLICATIONS
06-26 18:25:02.876 477 477 W android.permission.PermissionManager: Missing ActivityManager; assuming 1000 holds android.permission.SET_PREFERRED_APPLICATIONS
06-26 18:25:02.877 477 477 W android.permission.PermissionManager: Missing ActivityManager; assuming 1000 holds android.permission.SET_PREFERRED_APPLICATIONS
06-26 18:25:02.877 477 477 W android.permission.PermissionManager: Missing ActivityManager; assuming 1000 holds android.permission.SET_PREFERRED_APPLICATIONS
06-26 18:25:02.877 477 477 W android.permission.PermissionManager: Missing ActivityManager; assuming 1000 holds android.permission.SET_PREFERRED_APPLICATIONS
06-26 18:25:02.877 477 477 W android.permission.PermissionManager: Missing ActivityManager; assuming 1000 holds android.permission.SET_PREFERRED_APPLICATIONS
06-26 18:25:02.878 477 477 W android.permission.PermissionManager: Missing ActivityManager; assuming 1000 holds android.permission.SET_PREFERRED_APPLICATIONS
06-26 18:25:02.878 477 477 W android.permission.PermissionManager: Missing ActivityManager; assuming 1000 holds android.permission.SET_PREFERRED_APPLICATIONS
06-26 18:25:02.878 477 477 W android.permission.PermissionManager: Missing ActivityManager; assuming 1000 holds android.permission.SET_PREFERRED_APPLICATIONS
06-26 18:25:02.878 477 477 W android.permission.PermissionManager: Missing ActivityManager; assuming 1000 holds android.permission.SET_PREFERRED_APPLICATIONS
06-26 18:25:02.879 477 477 W android.permission.PermissionManager: Missing ActivityManager; assuming 1000 holds android.permission.SET_PREFERRED_APPLICATIONS
06-26 18:25:02.879 477 477 W android.permission.PermissionManager: Missing ActivityManager; assuming 1000 holds android.permission.SET_PREFERRED_APPLICATIONS
06-26 18:25:02.879 477 477 W android.permission.PermissionManager: Missing ActivityManager; assuming 1000 holds android.permission.SET_PREFERRED_APPLICATIONS
06-26 18:25:02.879 477 477 W android.permission.PermissionManager: Missing ActivityManager; assuming 1000 holds android.permission.SET_PREFERRED_APPLICATIONS
06-26 18:25:02.879 477 477 W android.permission.PermissionManager: Missing ActivityManager; assuming 1000 holds android.permission.SET_PREFERRED_APPLICATIONS
06-26 18:25:02.880 477 477 W android.permission.PermissionManager: Missing ActivityManager; assuming 1000 holds android.permission.SET_PREFERRED_APPLICATIONS
06-26 18:25:02.880 477 477 W android.permission.PermissionManager: Missing ActivityManager; assuming 1000 holds android.permission.SET_PREFERRED_APPLICATIONS
06-26 18:25:02.880 477 477 W android.permission.PermissionManager: Missing ActivityManager; assuming 1000 holds android.permission.SET_PREFERRED_APPLICATIONS
06-26 18:25:02.880 477 477 W android.permission.PermissionManager: Missing ActivityManager; assuming 1000 holds android.permission.SET_PREFERRED_APPLICATIONS
06-26 18:25:02.881 477 477 W android.permission.PermissionManager: Missing ActivityManager; assuming 1000 holds android.permission.SET_PREFERRED_APPLICATIONS
06-26 18:25:02.881 477 477 W android.permission.PermissionManager: Missing ActivityManager; assuming 1000 holds android.permission.SET_PREFERRED_APPLICATIONS
06-26 18:25:02.881 477 477 W android.permission.PermissionManager: Missing ActivityManager; assuming 1000 holds android.permission.SET_PREFERRED_APPLICATIONS
06-26 18:25:02.881 477 477 W android.permission.PermissionManager: Missing ActivityManager; assuming 1000 holds android.permission.SET_PREFERRED_APPLICATIONS
06-26 18:25:02.881 477 477 W android.permission.PermissionManager: Missing ActivityManager; assuming 1000 holds android.permission.SET_PREFERRED_APPLICATIONS
06-26 18:25:02.882 477 477 W android.permission.PermissionManager: Missing ActivityManager; assuming 1000 holds android.permission.SET_PREFERRED_APPLICATIONS
06-26 18:25:02.882 477 477 W android.permission.PermissionManager: Missing ActivityManager; assuming 1000 holds android.permission.SET_PREFERRED_APPLICATIONS
06-26 18:25:02.882 477 477 W android.permission.PermissionManager: Missing ActivityManager; assuming 1000 holds android.permission.SET_PREFERRED_APPLICATIONS
06-26 18:25:02.882 477 477 W android.permission.PermissionManager: Missing ActivityManager; assuming 1000 holds android.permission.SET_PREFERRED_APPLICATIONS
06-26 18:25:02.883 477 477 W android.permission.PermissionManager: Missing ActivityManager; assuming 1000 holds android.permission.SET_PREFERRED_APPLICATIONS
06-26 18:25:02.883 477 477 W android.permission.PermissionManager: Missing ActivityManager; assuming 1000 holds android.permission.SET_PREFERRED_APPLICATIONS
06-26 18:25:02.883 477 477 W android.permission.PermissionManager: Missing ActivityManager; assuming 1000 holds android.permission.SET_PREFERRED_APPLICATIONS
06-26 18:25:02.883 477 477 W android.permission.PermissionManager: Missing ActivityManager; assuming 1000 holds android.permission.SET_PREFERRED_APPLICATIONS
06-26 18:25:02.883 477 477 W android.permission.PermissionManager: Missing ActivityManager; assuming 1000 holds android.permission.SET_PREFERRED_APPLICATIONS
06-26 18:25:02.884 477 477 W android.permission.PermissionManager: Missing ActivityManager; assuming 1000 holds android.permission.SET_PREFERRED_APPLICATIONS
06-26 18:25:02.884 477 477 W android.permission.PermissionManager: Missing ActivityManager; assuming 1000 holds android.permission.SET_PREFERRED_APPLICATIONS
06-26 18:25:02.884 477 477 W android.permission.PermissionManager: Missing ActivityManager; assuming 1000 holds android.permission.SET_PREFERRED_APPLICATIONS
06-26 18:25:02.884 477 477 W android.permission.PermissionManager: Missing ActivityManager; assuming 1000 holds android.permission.SET_PREFERRED_APPLICATIONS
06-26 18:25:02.885 477 477 W android.permission.PermissionManager: Missing ActivityManager; assuming 1000 holds android.permission.SET_PREFERRED_APPLICATIONS
06-26 18:25:02.885 477 477 W android.permission.PermissionManager: Missing ActivityManager; assuming 1000 holds android.permission.SET_PREFERRED_APPLICATIONS
06-26 18:25:02.885 477 477 W android.permission.PermissionManager: Missing ActivityManager; assuming 1000 holds android.permission.SET_PREFERRED_APPLICATIONS
06-26 18:25:02.885 477 477 W android.permission.PermissionManager: Missing ActivityManager; assuming 1000 holds android.permission.SET_PREFERRED_APPLICATIONS
06-26 18:25:02.885 477 477 W android.permission.PermissionManager: Missing ActivityManager; assuming 1000 holds android.permission.SET_PREFERRED_APPLICATIONS
06-26 18:25:02.886 477 477 W android.permission.PermissionManager: Missing ActivityManager; assuming 1000 holds android.permission.SET_PREFERRED_APPLICATIONS
06-26 18:25:02.886 477 477 W android.permission.PermissionManager: Missing ActivityManager; assuming 1000 holds android.permission.SET_PREFERRED_APPLICATIONS
06-26 18:25:02.886 477 477 W android.permission.PermissionManager: Missing ActivityManager; assuming 1000 holds android.permission.SET_PREFERRED_APPLICATIONS
06-26 18:25:02.886 477 477 W android.permission.PermissionManager: Missing ActivityManager; assuming 1000 holds android.permission.SET_PREFERRED_APPLICATIONS
06-26 18:25:02.887 477 477 W android.permission.PermissionManager: Missing ActivityManager; assuming 1000 holds android.permission.SET_PREFERRED_APPLICATIONS
06-26 18:25:02.887 477 477 W android.permission.PermissionManager: Missing ActivityManager; assuming 1000 holds android.permission.SET_PREFERRED_APPLICATIONS
06-26 18:25:02.887 477 477 W android.permission.PermissionManager: Missing ActivityManager; assuming 1000 holds android.permission.SET_PREFERRED_APPLICATIONS
06-26 18:25:02.887 477 477 W android.permission.PermissionManager: Missing ActivityManager; assuming 1000 holds android.permission.SET_PREFERRED_APPLICATIONS
06-26 18:25:02.887 477 477 W android.permission.PermissionManager: Missing ActivityManager; assuming 1000 holds android.permission.SET_PREFERRED_APPLICATIONS
06-26 18:25:02.888 477 477 W android.permission.PermissionManager: Missing ActivityManager; assuming 1000 holds android.permission.SET_PREFERRED_APPLICATIONS
06-26 18:25:02.888 477 477 W android.permission.PermissionManager: Missing ActivityManager; assuming 1000 holds android.permission.SET_PREFERRED_APPLICATIONS
06-26 18:25:02.888 477 477 W android.permission.PermissionManager: Missing ActivityManager; assuming 1000 holds android.permission.SET_PREFERRED_APPLICATIONS
06-26 18:25:02.888 477 477 W android.permission.PermissionManager: Missing ActivityManager; assuming 1000 holds android.permission.SET_PREFERRED_APPLICATIONS
06-26 18:25:02.889 477 477 W android.permission.PermissionManager: Missing ActivityManager; assuming 1000 holds android.permission.SET_PREFERRED_APPLICATIONS
06-26 18:25:02.889 477 477 W android.permission.PermissionManager: Missing ActivityManager; assuming 1000 holds android.permission.SET_PREFERRED_APPLICATIONS
06-26 18:25:02.889 477 477 W android.permission.PermissionManager: Missing ActivityManager; assuming 1000 holds android.permission.SET_PREFERRED_APPLICATIONS
06-26 18:25:02.889 477 477 W android.permission.PermissionManager: Missing ActivityManager; assuming 1000 holds android.permission.SET_PREFERRED_APPLICATIONS
06-26 18:25:02.889 477 477 W android.permission.PermissionManager: Missing ActivityManager; assuming 1000 holds android.permission.SET_PREFERRED_APPLICATIONS
06-26 18:25:02.890 477 477 W android.permission.PermissionManager: Missing ActivityManager; assuming 1000 holds android.permission.SET_PREFERRED_APPLICATIONS
06-26 18:25:02.890 477 477 W android.permission.PermissionManager: Missing ActivityManager; assuming 1000 holds android.permission.SET_PREFERRED_APPLICATIONS
06-26 18:25:02.890 477 477 W android.permission.PermissionManager: Missing ActivityManager; assuming 1000 holds android.permission.SET_PREFERRED_APPLICATIONS
06-26 18:25:02.890 477 477 W android.permission.PermissionManager: Missing ActivityManager; assuming 1000 holds android.permission.SET_PREFERRED_APPLICATIONS
06-26 18:25:02.891 477 477 W android.permission.PermissionManager: Missing ActivityManager; assuming 1000 holds android.permission.SET_PREFERRED_APPLICATIONS
06-26 18:25:02.891 477 477 W android.permission.PermissionManager: Missing ActivityManager; assuming 1000 holds android.permission.SET_PREFERRED_APPLICATIONS
06-26 18:25:02.891 477 477 W android.permission.PermissionManager: Missing ActivityManager; assuming 1000 holds android.permission.SET_PREFERRED_APPLICATIONS
06-26 18:25:02.891 477 477 W android.permission.PermissionManager: Missing ActivityManager; assuming 1000 holds android.permission.SET_PREFERRED_APPLICATIONS
06-26 18:25:02.892 477 477 W android.permission.PermissionManager: Missing ActivityManager; assuming 1000 holds android.permission.SET_PREFERRED_APPLICATIONS
06-26 18:25:02.892 477 477 W android.permission.PermissionManager: Missing ActivityManager; assuming 1000 holds android.permission.SET_PREFERRED_APPLICATIONS
06-26 18:25:02.892 477 477 W android.permission.PermissionManager: Missing ActivityManager; assuming 1000 holds android.permission.SET_PREFERRED_APPLICATIONS
06-26 18:25:02.892 477 477 W android.permission.PermissionManager: Missing ActivityManager; assuming 1000 holds android.permission.SET_PREFERRED_APPLICATIONS
06-26 18:25:02.893 477 477 W android.permission.PermissionManager: Missing ActivityManager; assuming 1000 holds android.permission.SET_PREFERRED_APPLICATIONS
06-26 18:25:02.893 477 477 W android.permission.PermissionManager: Missing ActivityManager; assuming 1000 holds android.permission.SET_PREFERRED_APPLICATIONS
06-26 18:25:02.894 477 477 W android.permission.PermissionManager: Missing ActivityManager; assuming 1000 holds android.permission.SET_PREFERRED_APPLICATIONS
06-26 18:25:02.896 477 477 W android.permission.PermissionManager: Missing ActivityManager; assuming 1000 holds android.permission.SET_PREFERRED_APPLICATIONS
06-26 18:25:02.897 477 477 W android.permission.PermissionManager: Missing ActivityManager; assuming 1000 holds android.permission.SET_PREFERRED_APPLICATIONS
06-26 18:25:02.899 477 477 W android.permission.PermissionManager: Missing ActivityManager; assuming 1000 holds android.permission.SET_PREFERRED_APPLICATIONS
06-26 18:25:02.900 477 477 W android.permission.PermissionManager: Missing ActivityManager; assuming 1000 holds android.permission.SET_PREFERRED_APPLICATIONS
06-26 18:25:02.902 477 477 W android.permission.PermissionManager: Missing ActivityManager; assuming 1000 holds android.permission.SET_PREFERRED_APPLICATIONS
06-26 18:25:02.904 477 477 W android.permission.PermissionManager: Missing ActivityManager; assuming 1000 holds android.permission.SET_PREFERRED_APPLICATIONS
06-26 18:25:02.905 477 477 W android.permission.PermissionManager: Missing ActivityManager; assuming 1000 holds android.permission.SET_PREFERRED_APPLICATIONS
06-26 18:25:02.905 477 477 W android.permission.PermissionManager: Missing ActivityManager; assuming 1000 holds android.permission.SET_PREFERRED_APPLICATIONS
06-26 18:25:02.906 477 477 W android.permission.PermissionManager: Missing ActivityManager; assuming 1000 holds android.permission.SET_PREFERRED_APPLICATIONS
06-26 18:25:02.906 477 477 W android.permission.PermissionManager: Missing ActivityManager; assuming 1000 holds android.permission.SET_PREFERRED_APPLICATIONS
06-26 18:25:02.906 477 477 W android.permission.PermissionManager: Missing ActivityManager; assuming 1000 holds android.permission.SET_PREFERRED_APPLICATIONS
06-26 18:25:02.906 477 477 W android.permission.PermissionManager: Missing ActivityManager; assuming 1000 holds android.permission.SET_PREFERRED_APPLICATIONS
06-26 18:25:02.906 477 477 W android.permission.PermissionManager: Missing ActivityManager; assuming 1000 holds android.permission.SET_PREFERRED_APPLICATIONS
06-26 18:25:02.907 477 477 W android.permission.PermissionManager: Missing ActivityManager; assuming 1000 holds android.permission.SET_PREFERRED_APPLICATIONS
06-26 18:25:02.907 477 477 W android.permission.PermissionManager: Missing ActivityManager; assuming 1000 holds android.permission.SET_PREFERRED_APPLICATIONS
06-26 18:25:02.907 477 477 W android.permission.PermissionManager: Missing ActivityManager; assuming 1000 holds android.permission.SET_PREFERRED_APPLICATIONS
06-26 18:25:02.907 477 477 W android.permission.PermissionManager: Missing ActivityManager; assuming 1000 holds android.permission.SET_PREFERRED_APPLICATIONS
06-26 18:25:02.907 477 477 W android.permission.PermissionManager: Missing ActivityManager; assuming 1000 holds android.permission.SET_PREFERRED_APPLICATIONS
06-26 18:25:02.908 477 477 W android.permission.PermissionManager: Missing ActivityManager; assuming 1000 holds android.permission.SET_PREFERRED_APPLICATIONS
06-26 18:25:02.908 477 477 W android.permission.PermissionManager: Missing ActivityManager; assuming 1000 holds android.permission.SET_PREFERRED_APPLICATIONS
06-26 18:25:02.908 477 477 W android.permission.PermissionManager: Missing ActivityManager; assuming 1000 holds android.permission.SET_PREFERRED_APPLICATIONS
06-26 18:25:02.908 477 477 W android.permission.PermissionManager: Missing ActivityManager; assuming 1000 holds android.permission.SET_PREFERRED_APPLICATIONS
06-26 18:25:02.909 477 477 W android.permission.PermissionManager: Missing ActivityManager; assuming 1000 holds android.permission.SET_PREFERRED_APPLICATIONS
06-26 18:25:02.909 477 477 W android.permission.PermissionManager: Missing ActivityManager; assuming 1000 holds android.permission.SET_PREFERRED_APPLICATIONS
06-26 18:25:02.909 477 477 W android.permission.PermissionManager: Missing ActivityManager; assuming 1000 holds android.permission.SET_PREFERRED_APPLICATIONS
06-26 18:25:02.909 477 477 W android.permission.PermissionManager: Missing ActivityManager; assuming 1000 holds android.permission.SET_PREFERRED_APPLICATIONS
06-26 18:25:02.910 477 477 W android.permission.PermissionManager: Missing ActivityManager; assuming 1000 holds android.permission.SET_PREFERRED_APPLICATIONS
06-26 18:25:02.910 477 477 W android.permission.PermissionManager: Missing ActivityManager; assuming 1000 holds android.permission.SET_PREFERRED_APPLICATIONS
06-26 18:25:02.937 477 477 W PackageSettings: Missing permission state for package: com.android.cts.priv.ctsshim
06-26 18:25:02.938 477 477 W PackageSettings: Missing permission state for package: com.android.internal.systemui.navbar.gestural_wide_back
06-26 18:25:02.938 477 477 W PackageSettings: Missing permission state for package: com.softwinner.awlogsettings
06-26 18:25:02.938 477 477 W PackageSettings: Missing permission state for package: com.android.htmlviewer
06-26 18:25:02.938 477 477 W PackageSettings: Missing permission state for package: com.android.internal.systemui.onehanded.gestural
06-26 18:25:02.938 477 477 W PackageSettings: Missing permission state for package: com.android.simappdialog
06-26 18:25:02.938 477 477 W PackageSettings: Missing permission state for package: com.android.connectivity.resources
06-26 18:25:02.938 477 477 W PackageSettings: Missing permission state for package: com.android.modulemetadata
06-26 18:25:02.938 477 477 W PackageSettings: Missing permission state for package: com.google.android.apps.searchlite.overlay
06-26 18:25:02.938 477 477 W PackageSettings: Missing permission state for package: com.android.internal.systemui.navbar.threebutton
06-26 18:25:02.938 477 477 W PackageSettings: Missing permission state for package: com.google.android.networkstackconfig
06-26 18:25:02.939 477 477 W PackageSettings: Missing permission state for package: com.android.internal.systemui.navbar.gestural_extra_wide_back
06-26 18:25:02.939 477 477 W PackageSettings: Missing permission state for package: com.android.dreams.basic
06-26 18:25:02.939 477 477 W PackageSettings: Missing permission state for package: android.ext.shared
06-26 18:25:02.940 477 477 W PackageSettings: Missing permission state for package: com.google.android.networkstack.tetheringconfig
06-26 18:25:02.940 477 477 W PackageSettings: Missing permission state for package: com.android.wifi.resources
06-26 18:25:02.940 477 477 W PackageSettings: Missing permission state for package: com.android.theme.font.notoserifsource
06-26 18:25:02.940 477 477 W PackageSettings: Missing permission state for package: com.allwinnertech.packageoverride
06-26 18:25:02.940 477 477 W PackageSettings: Missing permission state for package: com.android.bookmarkprovider
06-26 18:25:02.940 477 477 W PackageSettings: Missing permission state for package: com.android.cts.ctsshim
06-26 18:25:02.940 477 477 W PackageSettings: Missing permission state for package: com.softwinner.theme.icon
06-26 18:25:02.941 477 477 W PackageSettings: Missing permission state for package: com.softwinner.theme.color
06-26 18:25:02.941 477 477 W PackageSettings: Missing permission state for package: com.android.internal.systemui.navbar.gestural
06-26 18:25:02.942 477 477 W PackageSettings: Missing permission state for package: com.android.internal.systemui.navbar.gestural_narrow_back
06-26 18:25:02.942 477 477 W PackageSettings: Missing permission state for package: android.auto_generated_rro_vendor__
06-26 18:25:02.943 477 477 W PackageSettings: Missing permission state for shared user: android.uid.log
06-26 18:25:02.943 477 477 W PackageSettings: Missing permission state for shared user: android.uid.nfc
06-26 18:25:02.943 477 477 W PackageSettings: Missing permission state for shared user: android.uid.uwb
06-26 18:25:02.952 477 477 D PackageManager: Keeping known cache 3dc8b134d3d58551e214cac5814125e8c098fd06
06-26 18:25:02.954 477 477 D PackageManager: No files in app dir /system/system_ext/overlay
06-26 18:25:02.965 477 477 I PackageBackwardCompatibility: Loaded android.content.pm.AndroidTestBaseUpdater
06-26 18:25:02.969 477 477 D CompatibilityChangeReporter: Compat change id reported: 143539591; UID -1; state: ENABLED
06-26 18:25:02.987 477 477 D PackageManager: No files in app dir /oem/overlay
06-26 18:25:02.988 477 477 D PackageManager: No files in app dir /odm/overlay
06-26 18:25:02.997 477 477 W PackageManager: Failed to parse /system/framework/arm: Missing base APK in /system/framework/arm
06-26 18:25:02.997 477 477 W PackageManager: Failed to parse /system/framework/oat: Missing base APK in /system/framework/oat/arm
