06-26 18:25:11.206 671 868 D AdapterProperties: Discoverable Timeout:120
06-26 18:25:11.208 671 868 D AdapterProperties: Adding bonded device:E4:BB:D3:57:C0:18
06-26 18:25:11.226 1032 1032 D PulledMetrics: Registering callback with StatsManager
06-26 18:25:11.232 662 662 I WifiHAL : mpdu_size_threshold : 128, aggressive_statistics_gathering : 0
06-26 18:25:11.233 662 662 E WifiHAL : wifi_set_link_stats: requestResponse Error:-5
06-26 18:25:11.246 1095 1095 I MultiDex: VM with version 2.1.0 has multidex support
06-26 18:25:11.247 1095 1095 I MultiDex: Installing application
06-26 18:25:11.247 1095 1095 I MultiDex: VM has multidex support, MultiDex support library is disabled.
06-26 18:25:11.253 477 609 W BestClock: java.time.DateTimeException: Missing NTP fix
06-26 18:25:11.268 477 612 E WifiVendorHal: enableLinkLayerStats(l.1461) failed {.code = ERROR_INVALID_ARGS, .description = }
06-26 18:25:11.268 477 612 E WifiVendorHal: unable to enable link layer stats collection
06-26 18:25:11.269 477 609 W BestClock: java.time.DateTimeException: Missing NTP fix
06-26 18:25:11.269 477 612 D WifiNl80211Manager: Setting up interface for client mode: wlan0
06-26 18:25:11.271 373 373 I wificond: createClientInterface: wiphy_index 0 iface_name wlan0
06-26 18:25:11.274 373 373 I wificond: create scanner for interface with index: 14
06-26 18:25:11.275 373 373 I wificond: subscribe scan result for interface with index: 14
06-26 18:25:11.281 1032 1156 V MediaProvider: onConfigure() for external.db
06-26 18:25:11.281 373 373 I wificond: add channel type 0 support at wiphy index: 0
06-26 18:25:11.281 373 373 I wificond: add channel type 1 support at wiphy index: 0
06-26 18:25:11.289 477 612 I WifiNative: Interface state changed on Iface:{Name=wlan0,Id=0,Type=STA_SCAN}, isUp=true
06-26 18:25:11.291 477 612 I WifiNative: Successfully setup Iface:{Name=wlan0,Id=0,Type=STA_SCAN}
06-26 18:25:11.291 477 612 E SupplicantStaIfaceHal: checkHalVersionByInterfaceName: called but mServiceManager is null
06-26 18:25:11.291 477 612 E SupplicantStaIfaceHal: checkHalVersionByInterfaceName: called but mServiceManager is null
06-26 18:25:11.291 477 612 E SupplicantStaIfaceHal: Method getKeyMgmtCapabilities is not supported in existing HAL
06-26 18:25:11.291 477 612 E SupplicantStaIfaceHal: checkHalVersionByInterfaceName: called but mServiceManager is null
06-26 18:25:11.293 1117 1117 D CompatibilityChangeReporter: Compat change id reported: 171979766; UID 1000; state: DISABLED
06-26 18:25:11.294 671 819 I AdapterState: BLE_ON : entered
06-26 18:25:11.294 671 819 D AdapterProperties: Setting state to BLE_ON
06-26 18:25:11.298 671 819 D BluetoothAdapterService: updateAdapterState() - Broadcasting state BLE_ON to 1 receivers.
06-26 18:25:11.299 477 524 D BluetoothManagerService: MESSAGE_BLUETOOTH_STATE_CHANGE: BLE_TURNING_ON > BLE_ON
06-26 18:25:11.299 477 524 D BluetoothManagerService: Bluetooth is in LE only mode
06-26 18:25:11.299 477 524 D BluetoothManagerService: Binding Bluetooth GATT service
06-26 18:25:11.304 1032 1156 V MediaProvider: onOpen() for external.db
06-26 18:25:11.304 662 662 E WifiHAL : wifi_get_logger_supported_feature_set: Error -5 happened.
06-26 18:25:11.306 662 662 I ieee80211 phy0: sprdwl_vendor_get_support_feature
06-26 18:25:11.308 35 35 I usb 1-1 : New USB device found, idVendor=0bc2, idProduct=aa15, bcdDevice= 7.12
06-26 18:25:11.308 35 35 I usb 1-1 : New USB device strings: Mfr=1, Product=2, SerialNumber=3
06-26 18:25:11.308 35 35 I usb 1-1 : Product: Basic
06-26 18:25:11.308 35 35 I usb 1-1 : Manufacturer: Seagate
06-26 18:25:11.308 35 35 I usb 1-1 : SerialNumber: NABCZK1E
06-26 18:25:11.307 320 326 D XM_HIDREAD: add@ add@/devices/platform/soc@3000000/5101000.ehci0-controller/usb1/1-1
06-26 18:25:11.310 320 326 D XM_HIDREAD: add@ add@/devices/platform/soc@3000000/5101000.ehci0-controller/usb1/1-1/1-1:1.0
06-26 18:25:11.310 662 662 E WifiHAL : wifi_get_logger_supported_feature_set: Error -5 happened.
06-26 18:25:11.310 477 583 W StorageManagerService: Reporting emulated;0 unmounted due to system locked
06-26 18:25:11.312 662 662 I ieee80211 phy0: sprdwl_vendor_get_support_feature
06-26 18:25:11.314 320 326 D XM_HIDREAD: add@ add@/kernel/slab/scsi_sense_cache
06-26 18:25:11.315 320 326 D XM_HIDREAD: add@ add@/devices/platform/soc@3000000/5101000.ehci0-controller/usb1/1-1/1-1:1.0/host0
06-26 18:25:11.315 320 326 D XM_HIDREAD: add@ add@/devices/platform/soc@3000000/5101000.ehci0-controller/usb1/1-1/1-1:1.0/host0/scsi_host/host0
06-26 18:25:11.316 662 662 E WifiHAL : wifi_get_logger_supported_feature_set: Error -5 happened.
06-26 18:25:11.316 35 35 I scsi host0: uas
06-26 18:25:11.318 662 662 I ieee80211 phy0: sprdwl_vendor_get_support_feature
06-26 18:25:11.319 35 35 I scsi 0 : 0:0:0: Direct-Access Seagate Basic 0712 PQ: 0 ANSI: 6
06-26 18:25:11.317 1032 1156 V MediaProvider: onOpen() finished for external.db
06-26 18:25:11.319 477 524 D BluetoothManagerService: Sending BLE State Change: BLE_TURNING_ON > BLE_ON
06-26 18:25:11.321 320 326 D XM_HIDREAD: add@ add@/devices/platform/soc@3000000/5101000.ehci0-controller/usb1/1-1/1-1:1.0/host0/target0:0:0
06-26 18:25:11.321 320 326 D XM_HIDREAD: add@ add@/devices/platform/soc@3000000/5101000.ehci0-controller/usb1/1-1/1-1:1.0/host0/target0:0:0/0:0:0:0
06-26 18:25:11.321 320 326 D XM_HIDREAD: add@ add@/devices/platform/soc@3000000/5101000.ehci0-controller/usb1/1-1/1-1:1.0/host0/target0:0:0/0:0:0:0/scsi_device/0:0:0:0
06-26 18:25:11.321 320 326 D XM_HIDREAD: add@ add@/devices/platform/soc@3000000/5101000.ehci0-controller/usb1/1-1/1-1:1.0/host0/target0:0:0/0:0:0:0/scsi_disk/0:0:0:0
06-26 18:25:11.321 477 686 W UsbDescriptorParser: Unparsed Class-specific
06-26 18:25:11.321 477 686 W UsbDescriptorParser: Unparsed Class-specific
06-26 18:25:11.322 477 686 W UsbDescriptorParser: Unparsed Class-specific
06-26 18:25:11.322 477 686 W UsbDescriptorParser: Unparsed Class-specific
06-26 18:25:11.322 477 612 E SupplicantStaIfaceHal: checkHalVersionByInterfaceName: called but mServiceManager is null
06-26 18:25:11.322 477 612 E SupplicantStaIfaceHal: checkHalVersionByInterfaceName: called but mServiceManager is null
06-26 18:25:11.322 477 612 I SupplicantStaIfaceHal: Method getWpaDriverFeatureSet is not supported in existing HAL
06-26 18:25:11.323 477 612 D WifiClientModeManager[wlan0]: entering StartedState
06-26 18:25:11.324 320 326 D XM_HIDREAD: add@ add@/devices/platform/soc@3000000/5101000.ehci0-controller/usb1/1-1/1-1:1.0/host0/target0:0:0/0:0:0:0/bsg/0:0:0:0
06-26 18:25:11.328 477 612 D WifiNetworkFactory: got request NetworkRequest [ REQUEST id=23, [ Capabilities: INTERNET&NOT_RESTRICTED&TRUSTED&NOT_VCN_MANAGED Uid: 1000 RequestorUid: 1000 RequestorPkg: android] ]
06-26 18:25:11.329 477 612 D UntrustedWifiNetworkFactory: got request NetworkRequest [ REQUEST id=23, [ Capabilities: INTERNET&NOT_RESTRICTED&TRUSTED&NOT_VCN_MANAGED Uid: 1000 RequestorUid: 1000 RequestorPkg: android] ]
06-26 18:25:11.329 477 612 D OemPaidWifiNetworkFactory: got request NetworkRequest [ REQUEST id=23, [ Capabilities: INTERNET&NOT_RESTRICTED&TRUSTED&NOT_VCN_MANAGED Uid: 1000 RequestorUid: 1000 RequestorPkg: android] ]
06-26 18:25:11.335 477 612 D WifiService: updateInterfaceIpState: ifaceName=wlan0 mode=-1 previous LOHS mode= -1
06-26 18:25:11.335 477 612 D WifiService: updateInterfaceIpState: ifaceName=wlan1 mode=-1 previous LOHS mode= -1
06-26 18:25:11.336 477 686 D UsbHostManager: USB device attached: vidpid 0bc2:aa15 mfg/product/ver/serial Seagate/Basic/7.12/NABCZK1E hasAudio/HID/Storage: false/false/true
06-26 18:25:11.337 477 609 W BestClock: java.time.DateTimeException: Missing NTP fix
06-26 18:25:11.340 477 477 D WifiP2pService: Wifi enabled=false
06-26 18:25:11.344 477 1026 I StorageUserConnection: Service: [ComponentInfo{com.android.providers.media.module/com.android.providers.media.fuse.ExternalStorageServiceImpl}] connected. User [0]
06-26 18:25:11.352 477 612 I android_os_HwBinder: HwBinder: Starting thread pool for getting: android.hidl.manager@1.0::IServiceManager/default
06-26 18:25:11.354 1032 1163 I ExternalStorageServiceImpl: Starting session for id: emulated;0
06-26 18:25:11.356 1032 1163 V FuseDaemonThread: Waiting 1000ms for FUSE start. Count 4
06-26 18:25:11.361 477 686 D UsbDeviceDescriptor: 1 configs
06-26 18:25:11.361 477 612 I SupplicantStaIfaceHal: Starting supplicant using HIDL
06-26 18:25:11.363 477 610 W BestClock: java.time.DateTimeException: Missing NTP fix
06-26 18:25:11.363 186 186 I hwservicemanager: Since android.hardware.wifi.supplicant@1.0::ISupplicant/default is not registered, trying to start it as a lazy HAL.
06-26 18:25:11.365 477 610 W BestClock: java.time.DateTimeException: Missing NTP fix
06-26 18:25:11.365 477 612 D SupplicantStaIfaceHal: Successfully triggered start of supplicant using HIDL
06-26 18:25:11.367 477 686 D UsbHostManager: Added device UsbDevice[mName=/dev/bus/usb/001/002,mVendorId=3010,mProductId=43541,mClass=0,mSubclass=0,mProtocol=0,mManufacturerName=Seagate,mProductName=Basic,mVersion=7.12,mSerialNumberReader=com.android.server.usb.UsbSerialReader@ff97f64, mHasAudioPlayback=false, mHasAudioCapture=false, mHasMidi=false, mHasVideoCapture=false, mHasVideoPlayback=false, mConfigurations=[
06-26 18:25:11.367 477 686 D UsbHostManager: UsbConfiguration[mId=1,mName=null,mAttributes=128,mMaxPower=250,mInterfaces=[
06-26 18:25:11.367 477 686 D UsbHostManager: UsbInterface[mId=0,mAlternateSetting=0,mName=null,mClass=8,mSubclass=6,mProtocol=80,mEndpoints=[
06-26 18:25:11.367 477 686 D UsbHostManager: UsbEndpoint[mAddress=129,mAttributes=2,mMaxPacketSize=512,mInterval=0]
06-26 18:25:11.367 477 686 D UsbHostManager: UsbEndpoint[mAddress=2,mAttributes=2,mMaxPacketSize=512,mInterval=0]]
06-26 18:25:11.367 477 686 D UsbHostManager: UsbInterface[mId=0,mAlternateSetting=1,mName=null,mClass=8,mSubclass=6,mProtocol=98,mEndpoints=[
06-26 18:25:11.367 477 686 D UsbHostManager: UsbEndpoint[mAddress=1,mAttributes=2,mMaxPacketSize=512,mInterval=0]
06-26 18:25:11.367 477 686 D UsbHostManager: UsbEndpoint[mAddress=130,mAttributes=2,mMaxPacketSize=512,mInterval=0]
06-26 18:25:11.367 477 686 D UsbHostManager: UsbEndpoint[mAddress=131,mAttributes=2,mMaxPacketSize=512,mInterval=0]
06-26 18:25:11.367 477 686 D UsbHostManager: UsbEndpoint[mAddress=4,mAttributes=2,mMaxPacketSize=512,mInterval=0]]]]
06-26 18:25:11.368 477 610 W BestClock: java.time.DateTimeException: Missing NTP fix
06-26 18:25:11.370 477 610 W BestClock: java.time.DateTimeException: Missing NTP fix
06-26 18:25:11.372 1117 1117 D ApplicationLoaders: Returning zygote-cached class loader: /system/framework/android.test.base.jar
06-26 18:25:11.372 1117 1117 D ApplicationLoaders: Returning zygote-cached class loader: /system/framework/android.hidl.manager-V1.0-java.jar
06-26 18:25:11.372 1117 1117 D ApplicationLoaders: Returning zygote-cached class loader: /system/framework/android.hidl.base-V1.0-java.jar
06-26 18:25:11.378 1032 1164 I FuseDaemonThread: Starting thread for emulated;0 ...
06-26 18:25:11.379 1032 1164 I FuseDaemon: Starting fuse...
06-26 18:25:11.392 477 754 W StorageManagerService: Reporting emulated;0 unmounted due to system locked
06-26 18:25:11.393 477 496 I system_server: Background young concurrent copying GC freed 248873(7562KB) AllocSpace objects, 45(2916KB) LOS objects, 36% free, 12MB/20MB, paused 999us total 1.328s
06-26 18:25:11.408 477 535 D CompatibilityChangeReporter: Compat change id reported: 135634846; UID 10015; state: DISABLED
06-26 18:25:11.410 1134 1134 V GraphicsEnvironment: ANGLE Developer option for 'com.android.keychain' set to: 'default'
06-26 18:25:11.410 477 583 W StorageManagerService: Reporting emulated;0 unmounted due to system locked
06-26 18:25:11.411 477 535 D CompatibilityChangeReporter: Compat change id reported: 177438394; UID 10015; state: DISABLED
06-26 18:25:11.413 477 535 D CompatibilityChangeReporter: Compat change id reported: 135772972; UID 10015; state: DISABLED
06-26 18:25:11.414 477 535 D CompatibilityChangeReporter: Compat change id reported: 135754954; UID 10015; state: ENABLED
06-26 18:25:11.416 477 536 D CompatibilityChangeReporter: Compat change id reported: 143937733; UID 10015; state: ENABLED
06-26 18:25:11.418 1134 1134 V GraphicsEnvironment: Neither updatable production driver nor prerelease driver is supported.
06-26 18:25:11.419 671 671 D GattService: Unlocked userId 0
06-26 18:25:11.425 1134 1134 D NetworkSecurityConfig: No Network Security Config specified, using platform default
06-26 18:25:11.426 1134 1134 D NetworkSecurityConfig: No Network Security Config specified, using platform default
06-26 18:25:11.431 477 498 W System : A resource failed to call release.
06-26 18:25:11.431 477 498 W System : A resource failed to call release.
06-26 18:25:11.439 1117 1117 W ranth.ledstatu: ClassLoaderContext shared library size mismatch. Expected=0, found=4 (PCL[] | PCL[]{PCL[/system/framework/android.test.base.jar*3790657674]#PCL[/system/framework/android.hidl.manager-V1.0-java.jar*1809561547]#PCL[/system/framework/android.hidl.base-V1.0-java.jar*2233032481]#PCL[/system/framework/org.apache.http.legacy.jar*2058259660]})
06-26 18:25:11.440 477 759 D CompatibilityChangeReporter: Compat change id reported: 149924527; UID 1000; state: ENABLED
06-26 18:25:11.441 248 248 D Zygote : Forked child process 1174
06-26 18:25:11.447 477 536 W ActivityManager: Slow operation: 52ms so far, now at startProcess: done updating battery stats
06-26 18:25:11.448 477 536 W ActivityManager: Slow operation: 53ms so far, now at startProcess: building log message
06-26 18:25:11.448 477 536 I ActivityManager: app.processName = android.process.media
06-26 18:25:11.448 477 536 I ActivityManager: Start proc 1174:android.process.media/u0a15 for broadcast {com.android.mtp/com.android.mtp.UsbIntentReceiver}
06-26 18:25:11.448 477 536 W ActivityManager: Slow operation: 53ms so far, now at startProcess: starting to update pids map
06-26 18:25:11.449 477 536 W ActivityManager: Slow operation: 54ms so far, now at startProcess: done updating pids map
06-26 18:25:11.451 477 759 D CompatibilityChangeReporter: Compat change id reported: 132649864; UID 1000; state: DISABLED
06-26 18:25:11.453 477 759 W StorageManagerService: Reporting emulated;0 unmounted due to system locked
06-26 18:25:11.461 477 759 W StorageManagerService: Reporting emulated;0 unmounted due to system locked
06-26 18:25:11.463 477 1120 W StorageManagerService: Reporting emulated;0 unmounted due to system locked
06-26 18:25:11.473 477 1120 W StorageManagerService: Reporting emulated;0 unmounted due to system locked
06-26 18:25:11.474 477 477 W Looper : Slow dispatch took 101ms main h=android.app.ActivityThread$H c=android.app.LoadedApk$ReceiverDispatcher$Args$$ExternalSyntheticLambda0@f2d6f8a m=0
06-26 18:25:11.475 477 477 D BluetoothManagerService: BluetoothServiceConnection: com.android.bluetooth.gatt.GattService
06-26 18:25:11.475 477 524 D BluetoothManagerService: MESSAGE_BLUETOOTH_SERVICE_CONNECTED: 2
06-26 18:25:11.476 477 524 D BluetoothManagerService: continueFromBleOnState()
06-26 18:25:11.479 671 819 I AdapterState: TURNING_ON : entered
06-26 18:25:11.479 671 819 D AdapterProperties: Setting state to TURNING_ON
06-26 18:25:11.479 1174 1174 I Zygote : seccomp disabled by setenforce 0
06-26 18:25:11.480 477 524 D BluetoothManagerService: Persisting Bluetooth Setting: 1
06-26 18:25:11.481 671 819 D BluetoothAdapterService: updateAdapterState() - Broadcasting state TURNING_ON to 1 receivers.
06-26 18:25:11.482 477 524 D BluetoothManagerService: MESSAGE_BLUETOOTH_STATE_CHANGE: BLE_ON > TURNING_ON
06-26 18:25:11.482 477 524 D BluetoothManagerService: Sending BLE State Change: BLE_ON > TURNING_ON
06-26 18:25:11.482 671 819 D BluetoothAdapterService: startCoreServices()
06-26 18:25:11.483 477 524 D BluetoothManagerService: Sending State Change: OFF > TURNING_ON
06-26 18:25:11.494 477 1120 W StorageManagerService: Reporting emulated;0 unmounted due to system locked
06-26 18:25:11.505 375 375 D dom2reg : timezone change, new: Etc/GMT-8, pre:
06-26 18:25:11.506 375 375 W dom2reg : timezone [Etc/GMT-8] not in default tables, please check!
06-26 18:25:11.511 671 875 D BluetoothActiveDeviceManager: handleMessage(MESSAGE_ADAPTER_ACTION_STATE_CHANGED): newState=11
06-26 18:25:11.526 671 671 I HeadsetService: create()
06-26 18:25:11.527 1117 1117 V GraphicsEnvironment: ANGLE Developer option for 'com.oranth.ledstatus' set to: 'default'
06-26 18:25:11.538 1117 1117 V GraphicsEnvironment: Neither updatable production driver nor prerelease driver is supported.
06-26 18:25:11.545 403 421 I adbd : jdwp connection from 1174
06-26 18:25:11.547 477 754 W StorageManagerService: Reporting emulated;0 unmounted due to system locked
06-26 18:25:11.549 1117 1117 D NetworkSecurityConfig: No Network Security Config specified, using platform default
06-26 18:25:11.554 1117 1117 D NetworkSecurityConfig: No Network Security Config specified, using platform default
06-26 18:25:11.562 477 842 D CompatibilityChangeReporter: Compat change id reported: 168419799; UID 10015; state: DISABLED
06-26 18:25:11.567 1117 1117 D aaa : onCreate()
06-26 18:25:11.570 185 185 E SELinux : avc: denied { find } for pid=1117 uid=1000 name=MyLedService scontext=u:r:system_app:s0 tcontext=u:object_r:default_android_service:s0 tclass=service_manager permissive=1
06-26 18:25:11.572 185 185 E SELinux : avc: denied { add } for pid=1117 uid=1000 name=MyLedService scontext=u:r:system_app:s0 tcontext=u:object_r:default_android_service:s0 tclass=service_manager permissive=1
06-26 18:25:11.581 671 671 I HeadsetService: start()
06-26 18:25:11.589 1174 1174 D CompatibilityChangeReporter: Compat change id reported: 171979766; UID 10015; state: ENABLED
06-26 18:25:11.596 1169 1169 I capability: warning: `wpa_supplicant' uses 32-bit capabilities (legacy support in use)
06-26 18:25:11.602 1169 1169 D wpa_supplicant: wpa_supplicant v2.10-devel-12
06-26 18:25:11.605 1169 1169 D wpa_supplicant: Global control interface '@android:wpa_wlan0'
06-26 18:25:11.605 1169 1169 D wpa_supplicant: Using Android control socket 'wpa_wlan0'
06-26 18:25:11.605 1169 1169 D wpa_supplicant: Initing hidl control
06-26 18:25:11.607 1169 1169 I wpa_supplicant: Processing hidl events on FD 4
06-26 18:25:11.608 1169 1169 E cutils-trace: Error opening trace file: No such file or directory (2)
06-26 18:25:11.613 477 1120 W StorageManagerService: Reporting emulated;0 unmounted due to system locked
06-26 18:25:11.617 477 1120 W StorageManagerService: Reporting emulated;0 unmounted due to system locked
06-26 18:25:11.617 1117 1117 D aaa : LedStatusService onStartCommand begin
06-26 18:25:11.620 1117 1198 D aaa : topPkg is -------------- :com.android.tv.settings
06-26 18:25:11.624 1169 1169 I HidlServiceManagement: Registered android.hardware.wifi.supplicant@1.4::ISupplicant/default
06-26 18:25:11.624 1169 1169 I wpa_supplicant: Successfully initialized wpa_supplicant
06-26 18:25:11.625 477 754 W StorageManagerService: Reporting emulated;0 unmounted due to system locked
06-26 18:25:11.627 1117 1117 I aaa : BootCompleteService is start !!!
06-26 18:25:11.630 1117 1117 W ContextImpl: Calling a method in the system process without a qualified user: android.app.ContextImpl.startService:1816 android.content.ContextWrapper.startService:774 android.content.ContextWrapper.startService:774 com.oranth.ledstatus.BootCompletedReceiver.onReceive:15 android.app.ActivityThread.handleReceiver:4308
06-26 18:25:11.633 477 559 I android_os_HwBinder: HwBinder: Starting thread pool for getting: android.hardware.wifi.supplicant@1.0::ISupplicant/default
06-26 18:25:11.634 477 1120 W StorageManagerService: Reporting emulated;0 unmounted due to system locked
06-26 18:25:11.636 671 671 I BluetoothHeadsetServiceJni: classInitNative: succeeds
06-26 18:25:11.637 477 559 I SupplicantStaIfaceHal: Completed initialization of ISupplicant.
06-26 18:25:11.637 671 671 I bt_btif : system/bt/btif/src/bluetooth.cc:417 get_profile_interface: get_profile_interface: id = handsfree
06-26 18:25:11.637 671 671 I bt_stack: [INFO:btif_hf.cc(1491)] GetInterface
06-26 18:25:11.637 671 671 I bt_btif_storage: system/bt/btif/src/btif_storage.cc:661 btif_storage_get_adapter_property: btif_storage_get_adapter_property service_mask:0x20000040
06-26 18:25:11.637 671 980 I bt_bta_dm: system/bt/bta/dm/bta_dm_act.cc:3191 bta_dm_eir_update_uuid: EIR Adding UUID=0x1112 into extended inquiry response
06-26 18:25:11.637 671 980 I bt_bta_dm: system/bt/bta/dm/bta_dm_act.cc:2890 bta_dm_set_eir: Generating extended inquiry response packet EIR
06-26 18:25:11.637 671 980 I bt_bta_dm: system/bt/bta/dm/bta_dm_act.cc:3191 bta_dm_eir_update_uuid: EIR Adding UUID=0x111F into extended inquiry response
06-26 18:25:11.637 671 980 I bt_bta_dm: system/bt/bta/dm/bta_dm_act.cc:2890 bta_dm_set_eir: Generating extended inquiry response packet EIR
06-26 18:25:11.638 671 980 I bt_stack: [INFO:port_api.cc(234)] RFCOMM_CreateConnection: bd_addr=ff:ff:ff:ff:ff:ff, scn=2, is_server=1, mtu=256, uuid=0x1112, dlci=4, signal_state=0x0b, p_port=0xba06e524
06-26 18:25:11.638 671 980 I bt_stack: [INFO:port_api.cc(234)] RFCOMM_CreateConnection: bd_addr=ff:ff:ff:ff:ff:ff, scn=3, is_server=1, mtu=256, uuid=0x111f, dlci=6, signal_state=0x0b, p_port=0xba06e5ac
06-26 18:25:11.638 671 980 I bt_stack: [INFO:port_api.cc(234)] RFCOMM_CreateConnection: bd_addr=ff:ff:ff:ff:ff:ff, scn=2, is_server=1, mtu=256, uuid=0x1112, dlci=4, signal_state=0x0b, p_port=0xba06e634
06-26 18:25:11.638 671 980 I bt_stack: [INFO:port_api.cc(234)] RFCOMM_CreateConnection: bd_addr=ff:ff:ff:ff:ff:ff, scn=3, is_server=1, mtu=256, uuid=0x111f, dlci=6, signal_state=0x0b, p_port=0xba06e6bc
06-26 18:25:11.638 671 868 I bt_stack: [INFO:btif_hf.cc(289)] btif_hf_upstreams_evt: AG enable/disable event 0
06-26 18:25:11.645 1117 1117 D aaa : LedStatusService onStartCommand begin
06-26 18:25:11.649 1117 1200 D aaa : topPkg is -------------- :com.android.tv.settings
06-26 18:25:11.656 477 754 I ActivityManager: com.oranth.storage is exempt from freezer
06-26 18:25:11.657 477 754 D CompatibilityChangeReporter: Compat change id reported: 135634846; UID 1000; state: DISABLED
06-26 18:25:11.661 671 980 I bt_stack: [INFO:port_api.cc(234)] RFCOMM_CreateConnection: bd_addr=ff:ff:ff:ff:ff:ff, scn=2, is_server=1, mtu=256, uuid=0x1112, dlci=4, signal_state=0x0b, p_port=0xba06e744
06-26 18:25:11.661 671 980 I bt_stack: [INFO:port_api.cc(234)] RFCOMM_CreateConnection: bd_addr=ff:ff:ff:ff:ff:ff, scn=3, is_server=1, mtu=256, uuid=0x111f, dlci=6, signal_state=0x0b, p_port=0xba06e7cc
06-26 18:25:11.661 671 980 I bt_stack: [INFO:port_api.cc(234)] RFCOMM_CreateConnection: bd_addr=ff:ff:ff:ff:ff:ff, scn=2, is_server=1, mtu=256, uuid=0x1112, dlci=4, signal_state=0x0b, p_port=0xba06e854
06-26 18:25:11.661 671 980 I bt_stack: [INFO:port_api.cc(234)] RFCOMM_CreateConnection: bd_addr=ff:ff:ff:ff:ff:ff, scn=3, is_server=1, mtu=256, uuid=0x111f, dlci=6, signal_state=0x0b, p_port=0xba06e8dc
06-26 18:25:11.662 671 980 I bt_stack: [INFO:port_api.cc(234)] RFCOMM_CreateConnection: bd_addr=ff:ff:ff:ff:ff:ff, scn=2, is_server=1, mtu=256, uuid=0x1112, dlci=4, signal_state=0x0b, p_port=0xba06e964
06-26 18:25:11.662 671 980 I bt_stack: [INFO:port_api.cc(234)] RFCOMM_CreateConnection: bd_addr=ff:ff:ff:ff:ff:ff, scn=3, is_server=1, mtu=256, uuid=0x111f, dlci=6, signal_state=0x0b, p_port=0xba06e9ec
06-26 18:25:11.662 671 980 I bt_stack: [INFO:port_api.cc(234)] RFCOMM_CreateConnection: bd_addr=ff:ff:ff:ff:ff:ff, scn=2, is_server=1, mtu=256, uuid=0x1112, dlci=4, signal_state=0x0b, p_port=0xba06ea74
06-26 18:25:11.662 671 980 I bt_stack: [INFO:port_api.cc(234)] RFCOMM_CreateConnection: bd_addr=ff:ff:ff:ff:ff:ff, scn=3, is_server=1, mtu=256, uuid=0x111f, dlci=6, signal_state=0x0b, p_port=0xba06eafc
06-26 18:25:11.673 477 612 E SupplicantStaIfaceHal: Can't call setupIface, ISupplicantStaIface is null for iface=wlan0
06-26 18:25:11.680 1049 1049 E ccc : cccccc etna EtnaApplication init com.dangbei.lerad.etna.haqu.EtnaApplication@d775c5
06-26 18:25:11.684 1049 1049 I MMKV : Disable checkProcessMode()
06-26 18:25:11.686 248 248 D Zygote : Forked child process 1203
06-26 18:25:11.690 477 612 I android_os_HwBinder: HwBinder: Starting thread pool for getting: android.hardware.wifi.supplicant@1.0::ISupplicant/default
06-26 18:25:11.699 1203 1203 I Zygote : seccomp disabled by setenforce 0
06-26 18:25:11.718 1169 1169 D wpa_supplicant: Override interface parameter: ctrl_interface ('(null)' -> '/data/vendor/wifi/wpa/sockets')
06-26 18:25:11.718 1169 1169 D wpa_supplicant: Initializing interface 'wlan0' conf '/data/vendor/wifi/wpa/wpa_supplicant.conf' driver 'nl80211' ctrl_interface '/data/vendor/wifi/wpa/sockets' bridge 'N/A'
06-26 18:25:11.718 1169 1169 D wpa_supplicant: Configuration file '/data/vendor/wifi/wpa/wpa_supplicant.conf' -> '/data/vendor/wifi/wpa/wpa_supplicant.conf'
06-26 18:25:11.718 1169 1169 D wpa_supplicant: Reading configuration file '/data/vendor/wifi/wpa/wpa_supplicant.conf'
06-26 18:25:11.718 1169 1169 D wpa_supplicant: update_config=1
06-26 18:25:11.718 1169 1169 D wpa_supplicant: eapol_version=1
06-26 18:25:11.718 1169 1169 D wpa_supplicant: ap_scan=1
06-26 18:25:11.718 1169 1169 D wpa_supplicant: fast_reauth=1
06-26 18:25:11.718 1169 1169 D wpa_supplicant: pmf=1
06-26 18:25:11.718 1203 1203 I .oranth.storag: Late-enabling -Xcheck:jni
06-26 18:25:11.718 1169 1169 D wpa_supplicant: p2p_add_cli_chan=1
06-26 18:25:11.718 1169 1169 D wpa_supplicant: oce=1
06-26 18:25:11.718 1169 1169 D wpa_supplicant: sae_pwe=2
06-26 18:25:11.719 1169 1169 D wpa_supplicant: Reading configuration file '/vendor/etc/wifi/wpa_supplicant_overlay.conf'
06-26 18:25:11.720 1169 1169 D wpa_supplicant: disable_scan_offload=1
06-26 18:25:11.720 1169 1169 D wpa_supplicant: wowlan_triggers='any'
06-26 18:25:11.720 1169 1169 D wpa_supplicant: p2p_disabled=0
06-26 18:25:11.720 1169 1169 D wpa_supplicant: filter_rssi=-75
06-26 18:25:11.720 1169 1169 D wpa_supplicant: no_ctrl_interface -> ctrl_interface=NULL
06-26 18:25:11.721 477 536 W ActivityManager: Slow operation: 66ms so far, now at startProcess: done updating battery stats
06-26 18:25:11.721 477 536 W ActivityManager: Slow operation: 66ms so far, now at startProcess: building log message
06-26 18:25:11.721 477 536 I ActivityManager: app.processName = com.oranth.storage
06-26 18:25:11.721 477 536 I ActivityManager: Start proc 1203:com.oranth.storage/1000 for broadcast {com.oranth.storage/com.oranth.storage.BootCompletedReceiver}
06-26 18:25:11.721 477 536 W ActivityManager: Slow operation: 67ms so far, now at startProcess: starting to update pids map
06-26 18:25:11.724 1169 1169 D wpa_supplicant: nl80211: Supported cipher 00-0f-ac:1
06-26 18:25:11.724 1169 1169 D wpa_supplicant: nl80211: Supported cipher 00-0f-ac:5
06-26 18:25:11.724 1169 1169 D wpa_supplicant: nl80211: Supported cipher 00-0f-ac:2
06-26 18:25:11.724 1169 1169 D wpa_supplicant: nl80211: Supported cipher 00-0f-ac:4
06-26 18:25:11.724 1169 1169 D wpa_supplicant: nl80211: Supported cipher 00-14-72:1
06-26 18:25:11.724 1169 1169 D wpa_supplicant: nl80211: Supported cipher 00-0f-ac:6
06-26 18:25:11.724 1169 1169 D wpa_supplicant: nl80211: Supported cipher 00-0f-ac:255
06-26 18:25:11.724 1169 1169 D wpa_supplicant: nl80211: Supported vendor command: vendor_id=0x1374 subcmd=9
06-26 18:25:11.724 1169 1169 D wpa_supplicant: nl80211: Supported vendor command: vendor_id=0x1374 subcmd=12
06-26 18:25:11.724 1169 1169 D wpa_supplicant: nl80211: Supported vendor command: vendor_id=0x1374 subcmd=14
06-26 18:25:11.724 1169 1169 D wpa_supplicant: nl80211: Supported vendor command: vendor_id=0x1374 subcmd=15
06-26 18:25:11.724 1169 1169 D wpa_supplicant: nl80211: Supported vendor command: vendor_id=0x1374 subcmd=16
06-26 18:25:11.724 1169 1169 D wpa_supplicant: nl80211: Supported vendor command: vendor_id=0x1374 subcmd=20
06-26 18:25:11.724 1169 1169 D wpa_supplicant: nl80211: Supported vendor command: vendor_id=0x1a11 subcmd=6
06-26 18:25:11.724 1169 1169 D wpa_supplicant: nl80211: Supported vendor command: vendor_id=0x1374 subcmd=21
06-26 18:25:11.724 1169 1169 D wpa_supplicant: nl80211: Supported vendor command: vendor_id=0x1374 subcmd=22
06-26 18:25:11.724 1169 1169 D wpa_supplicant: nl80211: Supported vendor command: vendor_id=0x1374 subcmd=23
06-26 18:25:11.724 1169 1169 D wpa_supplicant: nl80211: Supported vendor command: vendor_id=0x1374 subcmd=24
06-26 18:25:11.724 1169 1169 D wpa_supplicant: nl80211: Supported vendor command: vendor_id=0x1374 subcmd=29
06-26 18:25:11.724 1169 1169 D wpa_supplicant: nl80211: Supported vendor command: vendor_id=0x1374 subcmd=30
06-26 18:25:11.725 1169 1169 D wpa_supplicant: nl80211: Supported vendor command: vendor_id=0x1374 subcmd=32
06-26 18:25:11.725 1169 1169 D wpa_supplicant: nl80211: Supported vendor command: vendor_id=0x1374 subcmd=33
06-26 18:25:11.724 1174 1174 V GraphicsEnvironment: ANGLE Developer option for 'com.android.mtp' set to: 'default'
06-26 18:25:11.725 1169 1169 D wpa_supplicant: nl80211: Supported vendor command: vendor_id=0x1374 subcmd=38
06-26 18:25:11.725 1169 1169 D wpa_supplicant: nl80211: Supported vendor command: vendor_id=0x1374 subcmd=39
06-26 18:25:11.725 1169 1169 D wpa_supplicant: nl80211: Supported vendor command: vendor_id=0x1374 subcmd=42
06-26 18:25:11.725 1169 1169 D wpa_supplicant: nl80211: Supported vendor command: vendor_id=0x1374 subcmd=55
06-26 18:25:11.725 1169 1169 D wpa_supplicant: nl80211: Supported vendor command: vendor_id=0x1374 subcmd=61
06-26 18:25:11.725 1169 1169 D wpa_supplicant: nl80211: Supported vendor command: vendor_id=0x1374 subcmd=62
06-26 18:25:11.725 1169 1169 D wpa_supplicant: nl80211: Supported vendor command: vendor_id=0x1374 subcmd=63
06-26 18:25:11.725 1169 1169 D wpa_supplicant: nl80211: Supported vendor command: vendor_id=0x1374 subcmd=64
06-26 18:25:11.725 1169 1169 D wpa_supplicant: nl80211: Supported vendor command: vendor_id=0x1374 subcmd=65
06-26 18:25:11.725 1169 1169 D wpa_supplicant: nl80211: Supported vendor command: vendor_id=0x1374 subcmd=66
06-26 18:25:11.725 1169 1169 D wpa_supplicant: nl80211: Supported vendor command: vendor_id=0x1374 subcmd=69
06-26 18:25:11.725 1169 1169 D wpa_supplicant: nl80211: Supported vendor command: vendor_id=0x1374 subcmd=70
06-26 18:25:11.725 1169 1169 D wpa_supplicant: nl80211: Supported vendor command: vendor_id=0x1374 subcmd=71
06-26 18:25:11.725 1169 1169 D wpa_supplicant: nl80211: Supported vendor command: vendor_id=0x1374 subcmd=76
06-26 18:25:11.725 1169 1169 D wpa_supplicant: nl80211: Supported vendor command: vendor_id=0x1374 subcmd=77
06-26 18:25:11.725 1169 1169 D wpa_supplicant: nl80211: Supported vendor command: vendor_id=0x1374 subcmd=79
06-26 18:25:11.725 1169 1169 D wpa_supplicant: nl80211: Supported vendor command: vendor_id=0x1374 subcmd=80
06-26 18:25:11.725 1169 1169 D wpa_supplicant: nl80211: Supported vendor command: vendor_id=0x1374 subcmd=82
06-26 18:25:11.725 1169 1169 D wpa_supplicant: nl80211: Supported vendor command: vendor_id=0x1374 subcmd=85
06-26 18:25:11.725 1169 1169 D wpa_supplicant: nl80211: Supported vendor command: vendor_id=0x1374 subcmd=146
06-26 18:25:11.725 1169 1169 D wpa_supplicant: nl80211: Supported vendor command: vendor_id=0x1374 subcmd=12
06-26 18:25:11.725 1169 1169 D wpa_supplicant: nl80211: Supported vendor command: vendor_id=0x1374 subcmd=128
06-26 18:25:11.725 1169 1169 D wpa_supplicant: nl80211: Supported vendor command: vendor_id=0x1374 subcmd=129
06-26 18:25:11.725 1169 1169 D wpa_supplicant: nl80211: Supported vendor command: vendor_id=0x1374 subcmd=130
06-26 18:25:11.725 1169 1169 D wpa_supplicant: nl80211: Supported vendor command: vendor_id=0x1374 subcmd=133
06-26 18:25:11.725 1174 1174 V GraphicsEnvironment: Neither updatable production driver nor prerelease driver is supported.
06-26 18:25:11.725 1169 1169 D wpa_supplicant: nl80211: Supported vendor command: vendor_id=0x1374 subcmd=176
06-26 18:25:11.725 1169 1169 D wpa_supplicant: nl80211: Supported vendor event: vendor_id=0x1374 subcmd=80
06-26 18:25:11.725 1169 1169 D wpa_supplicant: nl80211: Supported vendor event: vendor_id=0x1374 subcmd=1
06-26 18:25:11.725 1169 1169 D wpa_supplicant: nl80211: Supported vendor event: vendor_id=0x1374 subcmd=1
06-26 18:25:11.725 1169 1169 D wpa_supplicant: nl80211: Supported vendor event: vendor_id=0x1374 subcmd=1
06-26 18:25:11.725 1169 1169 D wpa_supplicant: nl80211: Supported vendor event: vendor_id=0x1374 subcmd=1
06-26 18:25:11.725 1169 1169 D wpa_supplicant: nl80211: Supported vendor event: vendor_id=0x1374 subcmd=1
06-26 18:25:11.725 1169 1169 D wpa_supplicant: nl80211: Supported vendor event: vendor_id=0x1374 subcmd=20
06-26 18:25:11.725 1169 1169 D wpa_supplicant: nl80211: Supported vendor event: vendor_id=0x1374 subcmd=21
06-26 18:25:11.725 1169 1169 D wpa_supplicant: nl80211: Supported vendor event: vendor_id=0x1374 subcmd=23
06-26 18:25:11.725 1169 1169 D wpa_supplicant: nl80211: Supported vendor event: vendor_id=0x1374 subcmd=24
06-26 18:25:11.725 1169 1169 D wpa_supplicant: nl80211: Supported vendor event: vendor_id=0x1374 subcmd=25
06-26 18:25:11.725 1169 1169 D wpa_supplicant: nl80211: Supported vendor event: vendor_id=0x1374 subcmd=26
06-26 18:25:11.725 1169 1169 D wpa_supplicant: nl80211: Supported vendor event: vendor_id=0x1374 subcmd=27
06-26 18:25:11.725 1169 1169 D wpa_supplicant: nl80211: Supported vendor event: vendor_id=0x1374 subcmd=28
06-26 18:25:11.725 1169 1169 D wpa_supplicant: nl80211: Supported vendor event: vendor_id=0x1374 subcmd=41
06-26 18:25:11.725 1169 1169 D wpa_supplicant: nl80211: Supported vendor event: vendor_id=0x1374 subcmd=29
06-26 18:25:11.725 1169 1169 D wpa_supplicant: nl80211: Supported vendor event: vendor_id=0x1374 subcmd=30
06-26 18:25:11.725 1169 1169 D wpa_supplicant: nl80211: Supported vendor event: vendor_id=0x1374 subcmd=31
06-26 18:25:11.725 477 536 W ActivityManager: Slow operation: 70ms so far, now at startProcess: done updating pids map
06-26 18:25:11.728 1169 1169 D wpa_supplicant: nl80211: Supported vendor event: vendor_id=0x1374 subcmd=32
06-26 18:25:11.728 1169 1169 D wpa_supplicant: nl80211: Supported vendor event: vendor_id=0x1374 subcmd=33
06-26 18:25:11.728 1169 1169 D wpa_supplicant: nl80211: Supported vendor event: vendor_id=0x0 subcmd=0
06-26 18:25:11.728 1169 1169 D wpa_supplicant: nl80211: Supported vendor event: vendor_id=0x0 subcmd=0
06-26 18:25:11.728 1169 1169 D wpa_supplicant: nl80211: Supported vendor event: vendor_id=0x0 subcmd=0
06-26 18:25:11.728 1169 1169 D wpa_supplicant: nl80211: Supported vendor event: vendor_id=0x0 subcmd=0
06-26 18:25:11.729 1169 1169 D wpa_supplicant: nl80211: Supported vendor event: vendor_id=0x0 subcmd=0
06-26 18:25:11.729 1169 1169 D wpa_supplicant: nl80211: Supported vendor event: vendor_id=0x0 subcmd=0
06-26 18:25:11.729 1169 1169 D wpa_supplicant: nl80211: Supported vendor event: vendor_id=0x0 subcmd=0
06-26 18:25:11.729 1169 1169 D wpa_supplicant: nl80211: Supported vendor event: vendor_id=0x0 subcmd=0
06-26 18:25:11.729 1169 1169 D wpa_supplicant: nl80211: Supported vendor event: vendor_id=0x0 subcmd=0
06-26 18:25:11.729 1169 1169 D wpa_supplicant: nl80211: Supported vendor event: vendor_id=0x0 subcmd=0
06-26 18:25:11.729 1169 1169 D wpa_supplicant: nl80211: Supported vendor event: vendor_id=0x0 subcmd=0
06-26 18:25:11.729 1169 1169 D wpa_supplicant: nl80211: Supported vendor event: vendor_id=0x0 subcmd=0
06-26 18:25:11.729 1169 1169 D wpa_supplicant: nl80211: Supported vendor event: vendor_id=0x1374 subcmd=5120
06-26 18:25:11.729 1169 1169 D wpa_supplicant: nl80211: Supported vendor event: vendor_id=0x0 subcmd=0
06-26 18:25:11.729 1169 1169 D wpa_supplicant: nl80211: Supported vendor event: vendor_id=0x0 subcmd=0
06-26 18:25:11.729 1169 1169 D wpa_supplicant: nl80211: Supported vendor event: vendor_id=0x0 subcmd=0
06-26 18:25:11.729 1169 1169 D wpa_supplicant: nl80211: Supported vendor event: vendor_id=0x0 subcmd=0
06-26 18:25:11.729 1169 1169 D wpa_supplicant: nl80211: Supported vendor event: vendor_id=0x0 subcmd=0
06-26 18:25:11.729 1169 1169 D wpa_supplicant: nl80211: Supported vendor event: vendor_id=0x0 subcmd=0
06-26 18:25:11.729 1169 1169 D wpa_supplicant: nl80211: Supported vendor event: vendor_id=0x0 subcmd=0
06-26 18:25:11.729 1169 1169 D wpa_supplicant: nl80211: Supported vendor event: vendor_id=0x0 subcmd=0
06-26 18:25:11.729 1169 1169 D wpa_supplicant: nl80211: Supported vendor event: vendor_id=0x0 subcmd=0
06-26 18:25:11.729 1169 1169 D wpa_supplicant: nl80211: Supported vendor event: vendor_id=0x0 subcmd=0
06-26 18:25:11.729 1169 1169 D wpa_supplicant: nl80211: Supported vendor event: vendor_id=0x0 subcmd=0
06-26 18:25:11.729 1169 1169 D wpa_supplicant: nl80211: Supported vendor event: vendor_id=0x0 subcmd=0
06-26 18:25:11.729 1169 1169 D wpa_supplicant: nl80211: Supported vendor event: vendor_id=0x0 subcmd=0
06-26 18:25:11.729 1169 1169 D wpa_supplicant: nl80211: Supported vendor event: vendor_id=0x0 subcmd=0
06-26 18:25:11.729 1169 1169 D wpa_supplicant: nl80211: Supported vendor event: vendor_id=0x0 subcmd=0
06-26 18:25:11.729 1169 1169 D wpa_supplicant: nl80211: Supported vendor event: vendor_id=0x0 subcmd=0
06-26 18:25:11.729 1169 1169 D wpa_supplicant: nl80211: Supported vendor event: vendor_id=0x0 subcmd=0
06-26 18:25:11.729 1169 1169 D wpa_supplicant: nl80211: Supported vendor event: vendor_id=0x0 subcmd=0
06-26 18:25:11.729 1169 1169 D wpa_supplicant: nl80211: Supported vendor event: vendor_id=0x0 subcmd=0
06-26 18:25:11.729 1169 1169 D wpa_supplicant: nl80211: Supported vendor event: vendor_id=0x0 subcmd=0
06-26 18:25:11.729 1169 1169 D wpa_supplicant: nl80211: Supported vendor event: vendor_id=0x0 subcmd=0
06-26 18:25:11.729 1169 1169 D wpa_supplicant: nl80211: Supported vendor event: vendor_id=0x0 subcmd=0
06-26 18:25:11.729 1169 1169 D wpa_supplicant: nl80211: Supported vendor event: vendor_id=0x0 subcmd=0
06-26 18:25:11.729 1169 1169 D wpa_supplicant: nl80211: Supported vendor event: vendor_id=0x0 subcmd=0
06-26 18:25:11.729 1169 1169 D wpa_supplicant: nl80211: Supported vendor event: vendor_id=0x0 subcmd=0
06-26 18:25:11.729 1169 1169 D wpa_supplicant: nl80211: Supported vendor event: vendor_id=0x0 subcmd=0
06-26 18:25:11.729 1169 1169 D wpa_supplicant: nl80211: Supported vendor event: vendor_id=0x0 subcmd=0
06-26 18:25:11.729 1169 1169 D wpa_supplicant: nl80211: Supported vendor event: vendor_id=0x0 subcmd=0
06-26 18:25:11.729 1169 1169 D wpa_supplicant: nl80211: Supported vendor event: vendor_id=0x0 subcmd=0
06-26 18:25:11.729 1169 1169 D wpa_supplicant: nl80211: Supported vendor event: vendor_id=0x0 subcmd=0
06-26 18:25:11.729 1169 1169 D wpa_supplicant: nl80211: Supported vendor event: vendor_id=0x0 subcmd=0
06-26 18:25:11.729 1169 1169 D wpa_supplicant: nl80211: Supported vendor event: vendor_id=0x1374 subcmd=131
06-26 18:25:11.729 1169 1169 D wpa_supplicant: nl80211: Supported vendor event: vendor_id=0x1374 subcmd=132
06-26 18:25:11.729 1169 1169 D wpa_supplicant: nl80211: Supported vendor event: vendor_id=0x0 subcmd=0
06-26 18:25:11.729 1169 1169 D wpa_supplicant: nl80211: Supported vendor event: vendor_id=0x0 subcmd=0
06-26 18:25:11.729 1169 1169 D wpa_supplicant: nl80211: Supported vendor event: vendor_id=0x0 subcmd=0
06-26 18:25:11.729 1169 1169 D wpa_supplicant: nl80211: Supported vendor event: vendor_id=0x0 subcmd=0
06-26 18:25:11.729 1169 1169 D wpa_supplicant: nl80211: Supported vendor event: vendor_id=0x0 subcmd=0
06-26 18:25:11.729 1169 1169 D wpa_supplicant: nl80211: Supported vendor event: vendor_id=0x0 subcmd=0
06-26 18:25:11.729 1169 1169 D wpa_supplicant: nl80211: Supported vendor event: vendor_id=0x1374 subcmd=72
06-26 18:25:11.730 1169 1169 D wpa_supplicant: nl80211: Use separate P2P group interface (driver advertised support)
06-26 18:25:11.730 1169 1169 D wpa_supplicant: nl80211: Enable multi-channel concurrent (driver advertised support)
06-26 18:25:11.730 1169 1169 D wpa_supplicant: nl80211: use P2P_DEVICE support
06-26 18:25:11.730 1169 1169 D wpa_supplicant: nl80211: key_mgmt=0xd0f enc=0x10f auth=0x7 flags=0x100100007a007ac0 rrm_flags=0x0 probe_resp_offloads=0x0 max_stations=10 max_remain_on_chan=5000 max_scan_ssids=12
06-26 18:25:11.730 1169 1169 D wpa_supplicant: nl80211: interface wlan0 in phy phy0
06-26 18:25:11.731 1169 1169 D wpa_supplicant: nl80211: Set mode ifindex 14 iftype 2 (STATION)
06-26 18:25:11.731 1169 1169 D wpa_supplicant: nl80211: Subscribe to mgmt frames with non-AP handle 0xf0d8c7a0
06-26 18:25:11.731 1169 1169 D wpa_supplicant: nl80211: Register frame type=0xb0 (WLAN_FC_STYPE_AUTH) nl_handle=0xf0d8c7a0 match=0300 multicast=0
06-26 18:25:11.731 1169 1169 D wpa_supplicant: nl80211: Register frame command failed (type=176): ret=-22 (Invalid argument)
06-26 18:25:11.731 1169 1169 D wpa_supplicant: nl80211: Register frame match - hexdump(len=2): 03 00
06-26 18:25:11.731 1169 1169 D wpa_supplicant: nl80211: Register frame type=0xd0 (WLAN_FC_STYPE_ACTION) nl_handle=0xf0d8c7a0 match=0104 multicast=0
06-26 18:25:11.732 1169 1169 D wpa_supplicant: nl80211: Register frame type=0xd0 (WLAN_FC_STYPE_ACTION) nl_handle=0xf0d8c7a0 match=040a multicast=0
06-26 18:25:11.732 1169 1169 D wpa_supplicant: nl80211: Register frame type=0xd0 (WLAN_FC_STYPE_ACTION) nl_handle=0xf0d8c7a0 match=040b multicast=0
06-26 18:25:11.732 1169 1169 D wpa_supplicant: nl80211: Register frame type=0xd0 (WLAN_FC_STYPE_ACTION) nl_handle=0xf0d8c7a0 match=040c multicast=0
06-26 18:25:11.732 1169 1169 D wpa_supplicant: nl80211: Register frame type=0xd0 (WLAN_FC_STYPE_ACTION) nl_handle=0xf0d8c7a0 match=040d multicast=0
06-26 18:25:11.732 1169 1169 D wpa_supplicant: nl80211: Register frame type=0xd0 (WLAN_FC_STYPE_ACTION) nl_handle=0xf0d8c7a0 match=090a multicast=0
06-26 18:25:11.732 1169 1169 D wpa_supplicant: nl80211: Register frame type=0xd0 (WLAN_FC_STYPE_ACTION) nl_handle=0xf0d8c7a0 match=090b multicast=0
06-26 18:25:11.732 1169 1169 D wpa_supplicant: nl80211: Register frame type=0xd0 (WLAN_FC_STYPE_ACTION) nl_handle=0xf0d8c7a0 match=090c multicast=0
06-26 18:25:11.732 1169 1169 D wpa_supplicant: nl80211: Register frame type=0xd0 (WLAN_FC_STYPE_ACTION) nl_handle=0xf0d8c7a0 match=090d multicast=0
06-26 18:25:11.733 1049 1049 I MMKV : current API level = 31
06-26 18:25:11.735 671 671 I A2dpService: create()
06-26 18:25:11.736 1174 1174 D NetworkSecurityConfig: No Network Security Config specified, using platform default
06-26 18:25:11.737 1049 1049 I MMKV : version v1.2.8 page size:4096
06-26 18:25:11.737 1174 1174 D NetworkSecurityConfig: No Network Security Config specified, using platform default
06-26 18:25:11.739 1049 1049 I MMKV : root dir: /data/user/0/com.dangbei.lerad.etna.haqu/files/mmkv
06-26 18:25:11.741 1169 1169 D wpa_supplicant: nl80211: Register frame type=0xd0 (WLAN_FC_STYPE_ACTION) nl_handle=0xf0d8c7a0 match=0409506f9a09 multicast=0
06-26 18:25:11.741 1169 1169 D wpa_supplicant: nl80211: Register frame type=0xd0 (WLAN_FC_STYPE_ACTION) nl_handle=0xf0d8c7a0 match=7f506f9a09 multicast=0
06-26 18:25:11.741 1169 1169 D wpa_supplicant: nl80211: Register frame type=0xd0 (WLAN_FC_STYPE_ACTION) nl_handle=0xf0d8c7a0 match=0409506f9a1a multicast=0
06-26 18:25:11.741 1169 1169 D wpa_supplicant: nl80211: Register frame type=0xd0 (WLAN_FC_STYPE_ACTION) nl_handle=0xf0d8c7a0 match=0801 multicast=0
06-26 18:25:11.741 1169 1169 D wpa_supplicant: nl80211: Register frame type=0xd0 (WLAN_FC_STYPE_ACTION) nl_handle=0xf0d8c7a0 match=06 multicast=0
06-26 18:25:11.742 1169 1169 D wpa_supplicant: nl80211: Register frame type=0xd0 (WLAN_FC_STYPE_ACTION) nl_handle=0xf0d8c7a0 match=0a07 multicast=0
06-26 18:25:11.742 1169 1169 D wpa_supplicant: nl80211: Register frame type=0xd0 (WLAN_FC_STYPE_ACTION) nl_handle=0xf0d8c7a0 match=0a11 multicast=0
06-26 18:25:11.743 477 477 D BluetoothA2dp: Proxy object connected
06-26 18:25:11.744 477 477 D BluetoothA2dp: Proxy object connected
06-26 18:25:11.745 1169 1169 D wpa_supplicant: nl80211: Register frame type=0xd0 (WLAN_FC_STYPE_ACTION) nl_handle=0xf0d8c7a0 match=0a0b multicast=0
06-26 18:25:11.745 1169 1169 D wpa_supplicant: nl80211: Register frame type=0xd0 (WLAN_FC_STYPE_ACTION) nl_handle=0xf0d8c7a0 match=0a1a multicast=0
06-26 18:25:11.745 1169 1169 D wpa_supplicant: nl80211: Register frame type=0xd0 (WLAN_FC_STYPE_ACTION) nl_handle=0xf0d8c7a0 match=1101 multicast=0
06-26 18:25:11.745 1169 1169 D wpa_supplicant: nl80211: Register frame type=0xd0 (WLAN_FC_STYPE_ACTION) nl_handle=0xf0d8c7a0 match=1102 multicast=0
06-26 18:25:11.745 1169 1169 D wpa_supplicant: nl80211: Register frame type=0xd0 (WLAN_FC_STYPE_ACTION) nl_handle=0xf0d8c7a0 match=0505 multicast=0
06-26 18:25:11.745 1169 1169 D wpa_supplicant: nl80211: Register frame type=0xd0 (WLAN_FC_STYPE_ACTION) nl_handle=0xf0d8c7a0 match=0500 multicast=0
06-26 18:25:11.745 1169 1169 D wpa_supplicant: nl80211: Register frame type=0xd0 (WLAN_FC_STYPE_ACTION) nl_handle=0xf0d8c7a0 match=1305 multicast=0
06-26 18:25:11.746 1169 1169 I wpa_supplicant: rfkill: Cannot open RFKILL control device
06-26 18:25:11.746 1169 1169 D wpa_supplicant: nl80211: RFKILL status not available
06-26 18:25:11.747 1169 1169 D wpa_supplicant: netlink: Operstate: ifindex=14 linkmode=1 (userspace-control), operstate=5 (IF_OPER_DORMANT)
06-26 18:25:11.749 477 477 D BluetoothA2dp: Proxy object connected
06-26 18:25:11.749 672 672 D BluetoothA2dp: Proxy object connected
06-26 18:25:11.755 477 522 W PppoeNetworkFactory: interfaceLinkStateChanged
06-26 18:25:11.756 477 522 D PppoeNetworkFactory: updateInterface: mIface: mPhyIface:eth0 iface:wlan0 link:up
06-26 18:25:11.756 477 522 D PppoeNetworkFactory: not tracker interface
06-26 18:25:11.756 477 522 I EthernetTracker: interfaceLinkStateChanged, iface: wlan0, up: true
06-26 18:25:11.757 477 522 W PppoeNetworkFactory: interfaceLinkStateChanged
06-26 18:25:11.757 477 522 D PppoeNetworkFactory: updateInterface: mIface: mPhyIface:eth0 iface:wlan0 link:up
06-26 18:25:11.757 477 522 D PppoeNetworkFactory: not tracker interface
06-26 18:25:11.757 477 522 I EthernetTracker: interfaceLinkStateChanged, iface: wlan0, up: true
06-26 18:25:11.761 671 671 I A2dpService: start()
06-26 18:25:11.762 671 671 I BluetoothA2dpServiceJni: classInitNative: succeeds
06-26 18:25:11.764 671 671 I A2dpService: Max connected audio devices set to 5
06-26 18:25:11.764 1169 1169 D wpa_supplicant: Add interface wlan0 to a new radio phy0
06-26 18:25:11.766 671 671 I bt_btif : system/bt/btif/src/bluetooth.cc:417 get_profile_interface: get_profile_interface: id = a2dp
06-26 18:25:11.767 671 671 I btif_av : system/bt/btif/src/btif_av.cc:965 Init: bt_status_t BtifAvSource::Init(btav_source_callbacks_t *, int, const std::vector &, const std::vector &): max_connected_audio_devices=5
06-26 18:25:11.767 671 671 I a2dp_codec: system/bt/stack/a2dp/a2dp_codec_config.cc:569 init: init
06-26 18:25:11.767 671 671 I a2dp_codec: system/bt/stack/a2dp/a2dp_codec_config.cc:113 createCodec: createCodec: codec SBC
06-26 18:25:11.767 671 671 I a2dp_codec: system/bt/stack/a2dp/a2dp_codec_config.cc:633 init: init: updated SBC codec priority to 1001
06-26 18:25:11.767 671 671 I a2dp_codec: system/bt/stack/a2dp/a2dp_codec_config.cc:113 createCodec: createCodec: codec AAC
06-26 18:25:11.767 671 671 I a2dp_codec: system/bt/stack/a2dp/a2dp_codec_config.cc:633 init: init: updated AAC codec priority to 2001
06-26 18:25:11.769 1169 1169 D wpa_supplicant: nl80211: No channel number found for frequency 5920 MHz
06-26 18:25:11.769 1169 1169 D wpa_supplicant: nl80211: No channel number found for frequency 5940 MHz
06-26 18:25:11.769 671 671 I a2dp_codec: system/bt/stack/a2dp/a2dp_codec_config.cc:113 createCodec: createCodec: codec aptX
06-26 18:25:11.769 1169 1169 D wpa_supplicant: nl80211: Regulatory information - country=00
06-26 18:25:11.769 1169 1169 D wpa_supplicant: nl80211: 755-928 @ 2 MHz 20 mBm (no IR)
06-26 18:25:11.769 1169 1169 D wpa_supplicant: nl80211: 2402-2472 @ 40 MHz 20 mBm
06-26 18:25:11.769 1169 1169 D wpa_supplicant: nl80211: 2457-2482 @ 20 MHz 20 mBm (no IR)
06-26 18:25:11.769 1169 1169 D wpa_supplicant: nl80211: 2474-2494 @ 20 MHz 20 mBm (no OFDM) (no IR)
06-26 18:25:11.769 1169 1169 D wpa_supplicant: nl80211: 5170-5250 @ 80 MHz 20 mBm (no IR)
06-26 18:25:11.769 1169 1169 D wpa_supplicant: nl80211: 5250-5330 @ 80 MHz 20 mBm (DFS) (no IR)
06-26 18:25:11.769 1169 1169 D wpa_supplicant: nl80211: 5490-5730 @ 160 MHz 20 mBm (DFS) (no IR)
06-26 18:25:11.769 1169 1169 D wpa_supplicant: nl80211: 5735-5835 @ 80 MHz 20 mBm (no IR)
06-26 18:25:11.769 1169 1169 D wpa_supplicant: nl80211: 57240-63720 @ 2160 MHz 0 mBm
06-26 18:25:11.770 1169 1169 D wpa_supplicant: nl80211: Added 802.11b mode based on 802.11g information
06-26 18:25:11.770 1169 1169 D wpa_supplicant: nl80211: Mode IEEE 802.11g: 2412 2417 2422 2427 2432 2437 2442 2447 2452 2457 2462 2467 2472 2484
06-26 18:25:11.770 1169 1169 D wpa_supplicant: nl80211: Mode IEEE 802.11a: 5170[DISABLED] 5180 5200 5220 5240 5260[RADAR] 5280[RADAR] 5300[RADAR] 5320[RADAR] 5500[RADAR] 5520[RADAR] 5540[RADAR] 5560[RADAR] 5580[RADAR] 5600[RADAR] 5620[RADAR] 5640[RADAR] 5660[RADAR]
06-26 18:25:11.770 1169 1169 D wpa_supplicant: nl80211: Mode IEEE 802.11b: 2412 2417 2422 2427 2432 2437 2442 2447 2452 2457 2462 2467 2472 2484
06-26 18:25:11.778 671 671 E a2dp_vendor_aptx_encoder: system/bt/stack/a2dp/a2dp_vendor_aptx_encoder.cc:123 A2DP_VendorLoadEncoderAptx: A2DP_VendorLoadEncoderAptx: cannot open aptX encoder library libaptX_encoder.so: dlopen failed: library "libaptX_encoder.so" not found
06-26 18:25:11.778 671 671 E a2dp_vendor_aptx: system/bt/stack/a2dp/a2dp_vendor_aptx.cc:465 init: init: cannot load the encoder
06-26 18:25:11.778 671 671 I a2dp_codec: system/bt/stack/a2dp/a2dp_codec_config.cc:113 createCodec: createCodec: codec aptX-HD
06-26 18:25:11.783 1095 1095 I FrameWorkHelper: userHttps:
06-26 18:25:11.793 1169 1169 D wpa_supplicant: wlan0: Own MAC address: b4:2f:03:15:e8:b9
