06-25 14:28:17.837 668 668 E a2dp_vendor_aptx_hd_encoder: system/bt/stack/a2dp/a2dp_vendor_aptx_hd_encoder.cc:123 A2DP_VendorLoadEncoderAptxHd: A2DP_VendorLoadEncoderAptxHd: cannot open aptX-HD encoder library libaptXHD_encoder.so: dlopen failed: library "libaptXHD_encoder.so" not found
06-25 14:28:17.837 668 668 E a2dp_vendor_aptx_hd: system/bt/stack/a2dp/a2dp_vendor_aptx_hd.cc:483 init: init: cannot load the encoder
06-25 14:28:17.837 668 668 I a2dp_codec: system/bt/stack/a2dp/a2dp_codec_config.cc:113 createCodec: createCodec: codec LDAC
06-25 14:28:17.843 480 875 W StorageManagerService: Reporting emulated;0 unmounted due to system locked
06-25 14:28:17.857 480 502 W StorageManagerService: Reporting emulated;0 unmounted due to system locked
06-25 14:28:17.860 1104 1104 D aaa : LedStatusService onStartCommand begin
06-25 14:28:17.862 1104 1171 D aaa : topPkg is -------------- :com.android.tv.settings
06-25 14:28:17.866 1104 1104 I aaa : BootCompleteService is start !!!
06-25 14:28:17.867 1104 1104 W ContextImpl: Calling a method in the system process without a qualified user: android.app.ContextImpl.startService:1816 android.content.ContextWrapper.startService:774 android.content.ContextWrapper.startService:774 com.oranth.ledstatus.BootCompletedReceiver.onReceive:15 android.app.ActivityThread.handleReceiver:4308
06-25 14:28:17.870 668 668 I a2dp_codec: system/bt/stack/a2dp/a2dp_codec_config.cc:633 init: init: updated LDAC codec priority to 5001
06-25 14:28:17.870 668 668 I a2dp_codec: system/bt/stack/a2dp/a2dp_codec_config.cc:113 createCodec: createCodec: codec SBC SINK
06-25 14:28:17.870 668 668 I a2dp_codec: system/bt/stack/a2dp/a2dp_codec_config.cc:113 createCodec: createCodec: codec AAC SINK
06-25 14:28:17.870 668 668 I a2dp_codec: system/bt/stack/a2dp/a2dp_codec_config.cc:113 createCodec: createCodec: codec LDAC SINK
06-25 14:28:17.871 668 668 E a2dp_vendor_ldac_decoder: system/bt/stack/a2dp/a2dp_vendor_ldac_decoder.cc:134 A2DP_VendorLoadDecoderLdac: A2DP_VendorLoadDecoderLdac: cannot open LDAC decoder library libldacBT_bco.so: dlopen failed: library "libldacBT_bco.so" not found
06-25 14:28:17.872 480 502 W StorageManagerService: Reporting emulated;0 unmounted due to system locked
06-25 14:28:17.875 378 378 D dom2reg : timezone change, new: Etc/GMT-8, pre:
06-25 14:28:17.876 378 378 W dom2reg : timezone [Etc/GMT-8] not in default tables, please check!
06-25 14:28:17.876 668 668 E a2dp_vendor_ldac: system/bt/stack/a2dp/a2dp_vendor_ldac.cc:1418 init: init: cannot load the decoder
06-25 14:28:17.876 668 668 I a2dp_codec: system/bt/stack/a2dp/a2dp_codec_config.cc:658 init: init: initialized Source codec LDAC
06-25 14:28:17.876 668 668 I a2dp_codec: system/bt/stack/a2dp/a2dp_codec_config.cc:658 init: init: initialized Source codec AAC
06-25 14:28:17.876 668 668 I a2dp_codec: system/bt/stack/a2dp/a2dp_codec_config.cc:658 init: init: initialized Source codec SBC
06-25 14:28:17.876 668 668 I a2dp_codec: system/bt/stack/a2dp/a2dp_codec_config.cc:665 init: init: initialized Sink codec AAC SINK
06-25 14:28:17.876 668 668 I a2dp_codec: system/bt/stack/a2dp/a2dp_codec_config.cc:665 init: init: initialized Sink codec SBC SINK
06-25 14:28:17.876 668 668 I a2dp_codec: system/bt/stack/a2dp/a2dp_codec_config.cc:569 init: init
06-25 14:28:17.877 668 668 I a2dp_codec: system/bt/stack/a2dp/a2dp_codec_config.cc:113 createCodec: createCodec: codec SBC
06-25 14:28:17.877 668 668 I a2dp_codec: system/bt/stack/a2dp/a2dp_codec_config.cc:633 init: init: updated SBC codec priority to 1001
06-25 14:28:17.877 668 668 I a2dp_codec: system/bt/stack/a2dp/a2dp_codec_config.cc:113 createCodec: createCodec: codec AAC
06-25 14:28:17.877 668 668 I a2dp_codec: system/bt/stack/a2dp/a2dp_codec_config.cc:633 init: init: updated AAC codec priority to 2001
06-25 14:28:17.877 668 668 I a2dp_codec: system/bt/stack/a2dp/a2dp_codec_config.cc:113 createCodec: createCodec: codec aptX
06-25 14:28:17.877 1104 1104 D aaa : LedStatusService onStartCommand begin
06-25 14:28:17.879 480 502 I ActivityManager: com.oranth.storage is exempt from freezer
06-25 14:28:17.879 480 502 D CompatibilityChangeReporter: Compat change id reported: 135634846; UID 1000; state: DISABLED
06-25 14:28:17.882 480 760 W StorageManagerService: Reporting emulated;0 unmounted due to system locked
06-25 14:28:17.882 1104 1173 D aaa : topPkg is -------------- :com.android.tv.settings
06-25 14:28:17.892 668 668 E a2dp_vendor_aptx_encoder: system/bt/stack/a2dp/a2dp_vendor_aptx_encoder.cc:123 A2DP_VendorLoadEncoderAptx: A2DP_VendorLoadEncoderAptx: cannot open aptX encoder library libaptX_encoder.so: dlopen failed: library "libaptX_encoder.so" not found
06-25 14:28:17.894 668 668 E a2dp_vendor_aptx: system/bt/stack/a2dp/a2dp_vendor_aptx.cc:465 init: init: cannot load the encoder
06-25 14:28:17.895 668 668 I a2dp_codec: system/bt/stack/a2dp/a2dp_codec_config.cc:113 createCodec: createCodec: codec aptX-HD
06-25 14:28:17.897 668 668 E a2dp_vendor_aptx_hd_encoder: system/bt/stack/a2dp/a2dp_vendor_aptx_hd_encoder.cc:123 A2DP_VendorLoadEncoderAptxHd: A2DP_VendorLoadEncoderAptxHd: cannot open aptX-HD encoder library libaptXHD_encoder.so: dlopen failed: library "libaptXHD_encoder.so" not found
06-25 14:28:17.902 668 668 E a2dp_vendor_aptx_hd: system/bt/stack/a2dp/a2dp_vendor_aptx_hd.cc:483 init: init: cannot load the encoder
06-25 14:28:17.905 668 668 I a2dp_codec: system/bt/stack/a2dp/a2dp_codec_config.cc:113 createCodec: createCodec: codec LDAC
06-25 14:28:17.908 480 760 W StorageManagerService: Reporting emulated;0 unmounted due to system locked
06-25 14:28:17.908 668 668 I a2dp_codec: system/bt/stack/a2dp/a2dp_codec_config.cc:633 init: init: updated LDAC codec priority to 5001
06-25 14:28:17.908 668 668 I a2dp_codec: system/bt/stack/a2dp/a2dp_codec_config.cc:113 createCodec: createCodec: codec SBC SINK
06-25 14:28:17.908 668 668 I a2dp_codec: system/bt/stack/a2dp/a2dp_codec_config.cc:113 createCodec: createCodec: codec AAC SINK
06-25 14:28:17.908 668 668 I a2dp_codec: system/bt/stack/a2dp/a2dp_codec_config.cc:113 createCodec: createCodec: codec LDAC SINK
06-25 14:28:17.908 248 248 D Zygote : Forked child process 1176
06-25 14:28:17.909 480 542 I ActivityManager: app.processName = com.oranth.storage
06-25 14:28:17.909 480 542 I ActivityManager: Start proc 1176:com.oranth.storage/1000 for broadcast {com.oranth.storage/com.oranth.storage.BootCompletedReceiver}
06-25 14:28:17.911 668 668 E a2dp_vendor_ldac_decoder: system/bt/stack/a2dp/a2dp_vendor_ldac_decoder.cc:134 A2DP_VendorLoadDecoderLdac: A2DP_VendorLoadDecoderLdac: cannot open LDAC decoder library libldacBT_bco.so: dlopen failed: library "libldacBT_bco.so" not found
06-25 14:28:17.911 480 502 W StorageManagerService: Reporting emulated;0 unmounted due to system locked
06-25 14:28:17.912 668 668 E a2dp_vendor_ldac: system/bt/stack/a2dp/a2dp_vendor_ldac.cc:1418 init: init: cannot load the decoder
06-25 14:28:17.912 668 668 I a2dp_codec: system/bt/stack/a2dp/a2dp_codec_config.cc:658 init: init: initialized Source codec LDAC
06-25 14:28:17.912 668 668 I a2dp_codec: system/bt/stack/a2dp/a2dp_codec_config.cc:658 init: init: initialized Source codec AAC
06-25 14:28:17.912 668 668 I a2dp_codec: system/bt/stack/a2dp/a2dp_codec_config.cc:658 init: init: initialized Source codec SBC
06-25 14:28:17.912 668 668 I a2dp_codec: system/bt/stack/a2dp/a2dp_codec_config.cc:665 init: init: initialized Sink codec AAC SINK
06-25 14:28:17.912 668 668 I a2dp_codec: system/bt/stack/a2dp/a2dp_codec_config.cc:665 init: init: initialized Sink codec SBC SINK
06-25 14:28:17.912 668 668 I a2dp_codec: system/bt/stack/a2dp/a2dp_codec_config.cc:569 init: init
06-25 14:28:17.912 668 668 I a2dp_codec: system/bt/stack/a2dp/a2dp_codec_config.cc:113 createCodec: createCodec: codec SBC
06-25 14:28:17.912 668 668 I a2dp_codec: system/bt/stack/a2dp/a2dp_codec_config.cc:633 init: init: updated SBC codec priority to 1001
06-25 14:28:17.912 668 668 I a2dp_codec: system/bt/stack/a2dp/a2dp_codec_config.cc:113 createCodec: createCodec: codec AAC
06-25 14:28:17.912 668 668 I a2dp_codec: system/bt/stack/a2dp/a2dp_codec_config.cc:633 init: init: updated AAC codec priority to 2001
06-25 14:28:17.912 668 668 I a2dp_codec: system/bt/stack/a2dp/a2dp_codec_config.cc:113 createCodec: createCodec: codec aptX
06-25 14:28:17.917 668 668 E a2dp_vendor_aptx_encoder: system/bt/stack/a2dp/a2dp_vendor_aptx_encoder.cc:123 A2DP_VendorLoadEncoderAptx: A2DP_VendorLoadEncoderAptx: cannot open aptX encoder library libaptX_encoder.so: dlopen failed: library "libaptX_encoder.so" not found
06-25 14:28:17.917 668 668 E a2dp_vendor_aptx: system/bt/stack/a2dp/a2dp_vendor_aptx.cc:465 init: init: cannot load the encoder
06-25 14:28:17.917 668 668 I a2dp_codec: system/bt/stack/a2dp/a2dp_codec_config.cc:113 createCodec: createCodec: codec aptX-HD
06-25 14:28:17.918 1176 1176 I Zygote : seccomp disabled by setenforce 0
06-25 14:28:17.920 480 760 W StorageManagerService: Reporting emulated;0 unmounted due to system locked
06-25 14:28:17.923 668 668 E a2dp_vendor_aptx_hd_encoder: system/bt/stack/a2dp/a2dp_vendor_aptx_hd_encoder.cc:123 A2DP_VendorLoadEncoderAptxHd: A2DP_VendorLoadEncoderAptxHd: cannot open aptX-HD encoder library libaptXHD_encoder.so: dlopen failed: library "libaptXHD_encoder.so" not found
06-25 14:28:17.923 668 668 E a2dp_vendor_aptx_hd: system/bt/stack/a2dp/a2dp_vendor_aptx_hd.cc:483 init: init: cannot load the encoder
06-25 14:28:17.923 668 668 I a2dp_codec: system/bt/stack/a2dp/a2dp_codec_config.cc:113 createCodec: createCodec: codec LDAC
06-25 14:28:17.923 668 668 I a2dp_codec: system/bt/stack/a2dp/a2dp_codec_config.cc:633 init: init: updated LDAC codec priority to 5001
06-25 14:28:17.923 668 668 I a2dp_codec: system/bt/stack/a2dp/a2dp_codec_config.cc:113 createCodec: createCodec: codec SBC SINK
06-25 14:28:17.923 668 668 I a2dp_codec: system/bt/stack/a2dp/a2dp_codec_config.cc:113 createCodec: createCodec: codec AAC SINK
06-25 14:28:17.923 668 668 I a2dp_codec: system/bt/stack/a2dp/a2dp_codec_config.cc:113 createCodec: createCodec: codec LDAC SINK
06-25 14:28:17.927 668 668 E a2dp_vendor_ldac_decoder: system/bt/stack/a2dp/a2dp_vendor_ldac_decoder.cc:134 A2DP_VendorLoadDecoderLdac: A2DP_VendorLoadDecoderLdac: cannot open LDAC decoder library libldacBT_bco.so: dlopen failed: library "libldacBT_bco.so" not found
06-25 14:28:17.927 668 668 E a2dp_vendor_ldac: system/bt/stack/a2dp/a2dp_vendor_ldac.cc:1418 init: init: cannot load the decoder
06-25 14:28:17.927 668 668 I a2dp_codec: system/bt/stack/a2dp/a2dp_codec_config.cc:658 init: init: initialized Source codec LDAC
06-25 14:28:17.927 668 668 I a2dp_codec: system/bt/stack/a2dp/a2dp_codec_config.cc:658 init: init: initialized Source codec AAC
06-25 14:28:17.927 668 668 I a2dp_codec: system/bt/stack/a2dp/a2dp_codec_config.cc:658 init: init: initialized Source codec SBC
06-25 14:28:17.927 668 668 I a2dp_codec: system/bt/stack/a2dp/a2dp_codec_config.cc:665 init: init: initialized Sink codec AAC SINK
06-25 14:28:17.927 668 668 I a2dp_codec: system/bt/stack/a2dp/a2dp_codec_config.cc:665 init: init: initialized Sink codec SBC SINK
06-25 14:28:17.927 668 668 I a2dp_codec: system/bt/stack/a2dp/a2dp_codec_config.cc:569 init: init
06-25 14:28:17.927 1176 1176 I .oranth.storag: Late-enabling -Xcheck:jni
06-25 14:28:17.931 668 668 I a2dp_codec: system/bt/stack/a2dp/a2dp_codec_config.cc:113 createCodec: createCodec: codec SBC
06-25 14:28:17.931 1041 1041 E ccc : cccccc etna EtnaApplication init com.dangbei.lerad.etna.haqu.EtnaApplication@64d4ca3
06-25 14:28:17.934 480 502 W StorageManagerService: Reporting emulated;0 unmounted due to system locked
06-25 14:28:17.936 1041 1041 I MMKV : Disable checkProcessMode()
06-25 14:28:17.940 668 668 I a2dp_codec: system/bt/stack/a2dp/a2dp_codec_config.cc:633 init: init: updated SBC codec priority to 1001
06-25 14:28:17.943 668 668 I a2dp_codec: system/bt/stack/a2dp/a2dp_codec_config.cc:113 createCodec: createCodec: codec AAC
06-25 14:28:17.944 668 668 I a2dp_codec: system/bt/stack/a2dp/a2dp_codec_config.cc:633 init: init: updated AAC codec priority to 2001
06-25 14:28:17.944 668 668 I a2dp_codec: system/bt/stack/a2dp/a2dp_codec_config.cc:113 createCodec: createCodec: codec aptX
06-25 14:28:17.946 668 668 E a2dp_vendor_aptx_encoder: system/bt/stack/a2dp/a2dp_vendor_aptx_encoder.cc:123 A2DP_VendorLoadEncoderAptx: A2DP_VendorLoadEncoderAptx: cannot open aptX encoder library libaptX_encoder.so: dlopen failed: library "libaptX_encoder.so" not found
06-25 14:28:17.946 668 668 E a2dp_vendor_aptx: system/bt/stack/a2dp/a2dp_vendor_aptx.cc:465 init: init: cannot load the encoder
06-25 14:28:17.946 668 668 I a2dp_codec: system/bt/stack/a2dp/a2dp_codec_config.cc:113 createCodec: createCodec: codec aptX-HD
06-25 14:28:17.948 668 668 E a2dp_vendor_aptx_hd_encoder: system/bt/stack/a2dp/a2dp_vendor_aptx_hd_encoder.cc:123 A2DP_VendorLoadEncoderAptxHd: A2DP_VendorLoadEncoderAptxHd: cannot open aptX-HD encoder library libaptXHD_encoder.so: dlopen failed: library "libaptXHD_encoder.so" not found
06-25 14:28:17.949 668 668 E a2dp_vendor_aptx_hd: system/bt/stack/a2dp/a2dp_vendor_aptx_hd.cc:483 init: init: cannot load the encoder
06-25 14:28:17.949 668 668 I a2dp_codec: system/bt/stack/a2dp/a2dp_codec_config.cc:113 createCodec: createCodec: codec LDAC
06-25 14:28:17.949 668 668 I a2dp_codec: system/bt/stack/a2dp/a2dp_codec_config.cc:633 init: init: updated LDAC codec priority to 5001
06-25 14:28:17.949 668 668 I a2dp_codec: system/bt/stack/a2dp/a2dp_codec_config.cc:113 createCodec: createCodec: codec SBC SINK
06-25 14:28:17.949 668 668 I a2dp_codec: system/bt/stack/a2dp/a2dp_codec_config.cc:113 createCodec: createCodec: codec AAC SINK
06-25 14:28:17.949 668 668 I a2dp_codec: system/bt/stack/a2dp/a2dp_codec_config.cc:113 createCodec: createCodec: codec LDAC SINK
06-25 14:28:17.950 668 668 E a2dp_vendor_ldac_decoder: system/bt/stack/a2dp/a2dp_vendor_ldac_decoder.cc:134 A2DP_VendorLoadDecoderLdac: A2DP_VendorLoadDecoderLdac: cannot open LDAC decoder library libldacBT_bco.so: dlopen failed: library "libldacBT_bco.so" not found
06-25 14:28:17.950 668 668 E a2dp_vendor_ldac: system/bt/stack/a2dp/a2dp_vendor_ldac.cc:1418 init: init: cannot load the decoder
06-25 14:28:17.950 668 668 I a2dp_codec: system/bt/stack/a2dp/a2dp_codec_config.cc:658 init: init: initialized Source codec LDAC
06-25 14:28:17.950 668 668 I a2dp_codec: system/bt/stack/a2dp/a2dp_codec_config.cc:658 init: init: initialized Source codec AAC
06-25 14:28:17.950 668 668 I a2dp_codec: system/bt/stack/a2dp/a2dp_codec_config.cc:658 init: init: initialized Source codec SBC
06-25 14:28:17.950 668 668 I a2dp_codec: system/bt/stack/a2dp/a2dp_codec_config.cc:665 init: init: initialized Sink codec AAC SINK
06-25 14:28:17.951 668 668 I a2dp_codec: system/bt/stack/a2dp/a2dp_codec_config.cc:665 init: init: initialized Sink codec SBC SINK
06-25 14:28:17.951 668 668 I a2dp_codec: system/bt/stack/a2dp/a2dp_codec_config.cc:569 init: init
06-25 14:28:17.951 668 668 I a2dp_codec: system/bt/stack/a2dp/a2dp_codec_config.cc:113 createCodec: createCodec: codec SBC
06-25 14:28:17.951 668 668 I a2dp_codec: system/bt/stack/a2dp/a2dp_codec_config.cc:633 init: init: updated SBC codec priority to 1001
06-25 14:28:17.951 668 668 I a2dp_codec: system/bt/stack/a2dp/a2dp_codec_config.cc:113 createCodec: createCodec: codec AAC
06-25 14:28:17.951 668 668 I a2dp_codec: system/bt/stack/a2dp/a2dp_codec_config.cc:633 init: init: updated AAC codec priority to 2001
06-25 14:28:17.951 668 668 I a2dp_codec: system/bt/stack/a2dp/a2dp_codec_config.cc:113 createCodec: createCodec: codec aptX
06-25 14:28:17.953 668 668 E a2dp_vendor_aptx_encoder: system/bt/stack/a2dp/a2dp_vendor_aptx_encoder.cc:123 A2DP_VendorLoadEncoderAptx: A2DP_VendorLoadEncoderAptx: cannot open aptX encoder library libaptX_encoder.so: dlopen failed: library "libaptX_encoder.so" not found
06-25 14:28:17.953 668 668 E a2dp_vendor_aptx: system/bt/stack/a2dp/a2dp_vendor_aptx.cc:465 init: init: cannot load the encoder
06-25 14:28:17.953 668 668 I a2dp_codec: system/bt/stack/a2dp/a2dp_codec_config.cc:113 createCodec: createCodec: codec aptX-HD
06-25 14:28:17.955 668 668 E a2dp_vendor_aptx_hd_encoder: system/bt/stack/a2dp/a2dp_vendor_aptx_hd_encoder.cc:123 A2DP_VendorLoadEncoderAptxHd: A2DP_VendorLoadEncoderAptxHd: cannot open aptX-HD encoder library libaptXHD_encoder.so: dlopen failed: library "libaptXHD_encoder.so" not found
06-25 14:28:17.955 668 668 E a2dp_vendor_aptx_hd: system/bt/stack/a2dp/a2dp_vendor_aptx_hd.cc:483 init: init: cannot load the encoder
06-25 14:28:17.955 668 668 I a2dp_codec: system/bt/stack/a2dp/a2dp_codec_config.cc:113 createCodec: createCodec: codec LDAC
06-25 14:28:17.955 668 668 I a2dp_codec: system/bt/stack/a2dp/a2dp_codec_config.cc:633 init: init: updated LDAC codec priority to 5001
06-25 14:28:17.955 668 668 I a2dp_codec: system/bt/stack/a2dp/a2dp_codec_config.cc:113 createCodec: createCodec: codec SBC SINK
06-25 14:28:17.955 668 668 I a2dp_codec: system/bt/stack/a2dp/a2dp_codec_config.cc:113 createCodec: createCodec: codec AAC SINK
06-25 14:28:17.955 668 668 I a2dp_codec: system/bt/stack/a2dp/a2dp_codec_config.cc:113 createCodec: createCodec: codec LDAC SINK
06-25 14:28:17.957 668 668 E a2dp_vendor_ldac_decoder: system/bt/stack/a2dp/a2dp_vendor_ldac_decoder.cc:134 A2DP_VendorLoadDecoderLdac: A2DP_VendorLoadDecoderLdac: cannot open LDAC decoder library libldacBT_bco.so: dlopen failed: library "libldacBT_bco.so" not found
06-25 14:28:17.957 668 668 E a2dp_vendor_ldac: system/bt/stack/a2dp/a2dp_vendor_ldac.cc:1418 init: init: cannot load the decoder
06-25 14:28:17.957 668 668 I a2dp_codec: system/bt/stack/a2dp/a2dp_codec_config.cc:658 init: init: initialized Source codec LDAC
06-25 14:28:17.957 668 668 I a2dp_codec: system/bt/stack/a2dp/a2dp_codec_config.cc:658 init: init: initialized Source codec AAC
06-25 14:28:17.957 668 668 I a2dp_codec: system/bt/stack/a2dp/a2dp_codec_config.cc:658 init: init: initialized Source codec SBC
06-25 14:28:17.957 668 668 I a2dp_codec: system/bt/stack/a2dp/a2dp_codec_config.cc:665 init: init: initialized Sink codec AAC SINK
06-25 14:28:17.957 668 668 I a2dp_codec: system/bt/stack/a2dp/a2dp_codec_config.cc:665 init: init: initialized Sink codec SBC SINK
06-25 14:28:17.957 668 668 I a2dp_codec: system/bt/stack/a2dp/a2dp_codec_config.cc:569 init: init
06-25 14:28:17.957 668 668 I a2dp_codec: system/bt/stack/a2dp/a2dp_codec_config.cc:113 createCodec: createCodec: codec SBC
06-25 14:28:17.957 668 668 I a2dp_codec: system/bt/stack/a2dp/a2dp_codec_config.cc:633 init: init: updated SBC codec priority to 1001
06-25 14:28:17.957 668 668 I a2dp_codec: system/bt/stack/a2dp/a2dp_codec_config.cc:113 createCodec: createCodec: codec AAC
06-25 14:28:17.957 668 668 I a2dp_codec: system/bt/stack/a2dp/a2dp_codec_config.cc:633 init: init: updated AAC codec priority to 2001
06-25 14:28:17.957 668 668 I a2dp_codec: system/bt/stack/a2dp/a2dp_codec_config.cc:113 createCodec: createCodec: codec aptX
06-25 14:28:17.958 668 668 E a2dp_vendor_aptx_encoder: system/bt/stack/a2dp/a2dp_vendor_aptx_encoder.cc:123 A2DP_VendorLoadEncoderAptx: A2DP_VendorLoadEncoderAptx: cannot open aptX encoder library libaptX_encoder.so: dlopen failed: library "libaptX_encoder.so" not found
06-25 14:28:17.958 668 668 E a2dp_vendor_aptx: system/bt/stack/a2dp/a2dp_vendor_aptx.cc:465 init: init: cannot load the encoder
06-25 14:28:17.958 668 668 I a2dp_codec: system/bt/stack/a2dp/a2dp_codec_config.cc:113 createCodec: createCodec: codec aptX-HD
06-25 14:28:17.960 668 668 E a2dp_vendor_aptx_hd_encoder: system/bt/stack/a2dp/a2dp_vendor_aptx_hd_encoder.cc:123 A2DP_VendorLoadEncoderAptxHd: A2DP_VendorLoadEncoderAptxHd: cannot open aptX-HD encoder library libaptXHD_encoder.so: dlopen failed: library "libaptXHD_encoder.so" not found
06-25 14:28:17.960 668 668 E a2dp_vendor_aptx_hd: system/bt/stack/a2dp/a2dp_vendor_aptx_hd.cc:483 init: init: cannot load the encoder
06-25 14:28:17.960 668 668 I a2dp_codec: system/bt/stack/a2dp/a2dp_codec_config.cc:113 createCodec: createCodec: codec LDAC
06-25 14:28:17.960 668 668 I a2dp_codec: system/bt/stack/a2dp/a2dp_codec_config.cc:633 init: init: updated LDAC codec priority to 5001
06-25 14:28:17.960 668 668 I a2dp_codec: system/bt/stack/a2dp/a2dp_codec_config.cc:113 createCodec: createCodec: codec SBC SINK
06-25 14:28:17.960 668 668 I a2dp_codec: system/bt/stack/a2dp/a2dp_codec_config.cc:113 createCodec: createCodec: codec AAC SINK
06-25 14:28:17.960 668 668 I a2dp_codec: system/bt/stack/a2dp/a2dp_codec_config.cc:113 createCodec: createCodec: codec LDAC SINK
06-25 14:28:17.962 668 668 E a2dp_vendor_ldac_decoder: system/bt/stack/a2dp/a2dp_vendor_ldac_decoder.cc:134 A2DP_VendorLoadDecoderLdac: A2DP_VendorLoadDecoderLdac: cannot open LDAC decoder library libldacBT_bco.so: dlopen failed: library "libldacBT_bco.so" not found
06-25 14:28:17.962 668 668 E a2dp_vendor_ldac: system/bt/stack/a2dp/a2dp_vendor_ldac.cc:1418 init: init: cannot load the decoder
06-25 14:28:17.962 668 668 I a2dp_codec: system/bt/stack/a2dp/a2dp_codec_config.cc:658 init: init: initialized Source codec LDAC
06-25 14:28:17.962 668 668 I a2dp_codec: system/bt/stack/a2dp/a2dp_codec_config.cc:658 init: init: initialized Source codec AAC
06-25 14:28:17.962 668 668 I a2dp_codec: system/bt/stack/a2dp/a2dp_codec_config.cc:658 init: init: initialized Source codec SBC
06-25 14:28:17.962 668 668 I a2dp_codec: system/bt/stack/a2dp/a2dp_codec_config.cc:665 init: init: initialized Sink codec AAC SINK
06-25 14:28:17.962 668 668 I a2dp_codec: system/bt/stack/a2dp/a2dp_codec_config.cc:665 init: init: initialized Sink codec SBC SINK
06-25 14:28:17.962 668 668 I bt_btif_a2dp_source: system/bt/btif/src/btif_a2dp_source.cc:325 btif_a2dp_source_init: btif_a2dp_source_init
06-25 14:28:17.963 668 1179 I bt_stack: [INFO:message_loop_thread.cc(224)] Run: message loop starting for thread bt_a2dp_source_worker_thread
06-25 14:28:17.967 668 955 I bt_bta_av: system/bt/bta/av/bta_av_main.cc:418 bta_av_api_register: bta_av_api_register: AVRCP version used for sdp: "avrcp15"
06-25 14:28:17.967 668 955 I bt_l2cap: system/bt/stack/l2cap/l2c_api.cc:134 L2CA_Register: L2CAP Registered service classic PSM: 0x0019
06-25 14:28:17.967 668 955 I bt_l2cap: system/bt/stack/l2cap/l2c_api.cc:134 L2CA_Register: L2CAP Registered service classic PSM: 0x0017
06-25 14:28:17.967 668 955 I bt_l2cap: system/bt/stack/l2cap/l2c_api.cc:134 L2CA_Register: L2CAP Registered service classic PSM: 0x001b
06-25 14:28:17.968 668 955 I bt_bta_dm: system/bt/bta/dm/bta_dm_act.cc:3191 bta_dm_eir_update_uuid: EIR Adding UUID=0x110A into extended inquiry response
06-25 14:28:17.968 668 955 I bt_bta_dm: system/bt/bta/dm/bta_dm_act.cc:2890 bta_dm_set_eir: Generating extended inquiry response packet EIR
06-25 14:28:17.968 668 955 I bt_bta_av: system/bt/bta/av/bta_av_act.cc:304 bta_av_rc_create: Skipping RC creation for the old AVRCP profile
06-25 14:28:17.968 668 955 I bt_bta_dm: system/bt/bta/dm/bta_dm_act.cc:3191 bta_dm_eir_update_uuid: EIR Adding UUID=0x110E into extended inquiry response
06-25 14:28:17.968 668 955 I bt_bta_dm: system/bt/bta/dm/bta_dm_act.cc:2890 bta_dm_set_eir: Generating extended inquiry response packet EIR
06-25 14:28:17.971 668 955 I bt_bta_av: system/bt/bta/av/bta_av_main.cc:418 bta_av_api_register: bta_av_api_register: AVRCP version used for sdp: "avrcp15"
06-25 14:28:17.971 668 955 I bt_bta_av: system/bt/bta/av/bta_av_main.cc:418 bta_av_api_register: bta_av_api_register: AVRCP version used for sdp: "avrcp15"
06-25 14:28:17.972 668 955 I bt_bta_av: system/bt/bta/av/bta_av_main.cc:418 bta_av_api_register: bta_av_api_register: AVRCP version used for sdp: "avrcp15"
06-25 14:28:17.972 668 955 I bt_bta_av: system/bt/bta/av/bta_av_main.cc:418 bta_av_api_register: bta_av_api_register: AVRCP version used for sdp: "avrcp15"
06-25 14:28:17.972 668 955 I bt_bta_av: system/bt/bta/av/bta_av_main.cc:418 bta_av_api_register: bta_av_api_register: AVRCP version used for sdp: "avrcp15"
06-25 14:28:17.973 668 668 I bt_btif_storage: system/bt/btif/src/btif_storage.cc:661 btif_storage_get_adapter_property: btif_storage_get_adapter_property service_mask:0x20000048
06-25 14:28:17.974 668 668 D A2dpService: A2DP offload flag set to false
06-25 14:28:17.977 668 1179 I bt_btif_a2dp_source: system/bt/btif/src/btif_a2dp_source.cc:335 btif_a2dp_source_init_delayed: btif_a2dp_source_init_delayed
06-25 14:28:17.984 668 668 D A2dpService: setA2dpService(): set to: com.android.bluetooth.a2dp.A2dpService@fc36cdb
06-25 14:28:17.986 668 668 I BluetoothHidHostServiceJni: classInitNative: succeeds
06-25 14:28:17.988 1041 1041 I MMKV : current API level = 31
06-25 14:28:17.988 1041 1041 I MMKV : version v1.2.8 page size:4096
06-25 14:28:17.993 1041 1041 I MMKV : root dir: /data/user/0/com.dangbei.lerad.etna.haqu/files/mmkv
06-25 14:28:17.998 685 685 D BluetoothHidHost: Proxy object connected
06-25 14:28:18.008 668 668 I bt_btif : system/bt/btif/src/bluetooth.cc:417 get_profile_interface: get_profile_interface: id = hidhost
06-25 14:28:18.009 668 668 I bt_btif_storage: system/bt/btif/src/btif_storage.cc:661 btif_storage_get_adapter_property: btif_storage_get_adapter_property service_mask:0x20100048
06-25 14:28:18.009 668 955 I bt_l2cap: system/bt/stack/l2cap/l2c_api.cc:134 L2CA_Register: L2CAP Registered service classic PSM: 0x0011
06-25 14:28:18.009 668 955 I bt_l2cap: system/bt/stack/l2cap/l2c_api.cc:134 L2CA_Register: L2CAP Registered service classic PSM: 0x0013
06-25 14:28:18.010 668 955 I bluetooth: system/bt/stack/gatt/gatt_api.cc:1019 GATT_Register: Allocated name:GattClient uuid:9737ee9b-6d55-e979-c67d-fb8540f10c0a gatt_if:4 eatt_support:0
06-25 14:28:18.010 668 870 W bt_stack: [WARNING:btif_hh.cc(403)] Added device e4:bb:d3:57:c0:18
06-25 14:28:18.012 668 870 W bt_btif : system/bt/main/bte_logmsg.cc:194 LogMsg: BTA_HH_ADD_DEV_EVT: status = 0, handle = 16
06-25 14:28:18.013 408 423 I adbd : jdwp connection from 1176
06-25 14:28:18.025 668 668 I BluetoothPanServiceJni: classInitNative(L110): succeeds
06-25 14:28:18.029 1096 1096 I FrameWorkHelper: userHttps:
06-25 14:28:18.031 685 685 D BluetoothPan: Proxy object connected
06-25 14:28:18.033 668 668 D BluetoothPanServiceJni: initializeNative(L115): pan
06-25 14:28:18.034 668 668 I bt_btif : system/bt/btif/src/bluetooth.cc:417 get_profile_interface: get_profile_interface: id = pan
06-25 14:28:18.034 668 955 I bt_l2cap: system/bt/stack/l2cap/l2c_api.cc:134 L2CA_Register: L2CAP Registered service classic PSM: 0x000f
06-25 14:28:18.034 668 955 I bt_bta_dm: system/bt/bta/dm/bta_dm_act.cc:3191 bta_dm_eir_update_uuid: EIR Adding UUID=0x1116 into extended inquiry response
06-25 14:28:18.034 668 955 I bt_bta_dm: system/bt/bta/dm/bta_dm_act.cc:2890 bta_dm_set_eir: Generating extended inquiry response packet EIR
06-25 14:28:18.034 668 955 I bt_bta_dm: system/bt/bta/dm/bta_dm_act.cc:3191 bta_dm_eir_update_uuid: EIR Adding UUID=0x1115 into extended inquiry response
06-25 14:28:18.034 668 955 I bt_bta_dm: system/bt/bta/dm/bta_dm_act.cc:2890 bta_dm_set_eir: Generating extended inquiry response packet EIR
06-25 14:28:18.034 668 955 I bt_bta_dm: system/bt/bta/dm/bta_dm_act.cc:3191 bta_dm_eir_update_uuid: EIR Adding UUID=0x1116 into extended inquiry response
06-25 14:28:18.034 668 955 I bt_bta_dm: system/bt/bta/dm/bta_dm_act.cc:2890 bta_dm_set_eir: Generating extended inquiry response packet EIR
06-25 14:28:18.034 668 955 I bt_bta_dm: system/bt/bta/dm/bta_dm_act.cc:3191 bta_dm_eir_update_uuid: EIR Adding UUID=0x1115 into extended inquiry response
06-25 14:28:18.034 668 955 I bt_bta_dm: system/bt/bta/dm/bta_dm_act.cc:2890 bta_dm_set_eir: Generating extended inquiry response packet EIR
06-25 14:28:18.035 668 870 D BluetoothPanServiceJni: control_state_callback(L62): state:0, local_role:3, ifname:bt-pan
06-25 14:28:18.058 685 685 D BluetoothMap: Proxy object connected
06-25 14:28:18.058 685 685 D BluetoothMap: getConnectedDevices()
06-25 14:28:18.061 480 502 W StorageManagerService: Reporting emulated;0 unmounted due to system locked
06-25 14:28:18.064 1096 1096 E hq : USBReceiver:::USBReceiver onReceive: list=1
06-25 14:28:18.068 480 502 D CompatibilityChangeReporter: Compat change id reported: 168419799; UID 1000; state: DISABLED
06-25 14:28:18.069 1096 1196 D hq : NetWorkStateReceiver:::检查网络,并且持续更新 isConnect=false
06-25 14:28:18.089 1096 1096 E DispatcherManager: publishMode=DBBOX-A2 piDispatcher=com.dangbei.launcher.dispatcher.function.BOXAXDispatcher@71e525c
06-25 14:28:18.095 668 668 I AvrcpTargetService: User unlocked, initializing the service
06-25 14:28:18.095 668 668 I AvrcpTargetService: Starting the AVRCP Target Service
06-25 14:28:18.101 668 668 V MediaPlayerList: Creating MediaPlayerList
06-25 14:28:18.104 1041 1041 E ccc : cccccc ota-path is cache/recovery/
06-25 14:28:18.105 480 760 W StorageManagerService: Reporting emulated;0 unmounted due to system locked
06-25 14:28:18.113 480 760 D MediaSessionService: The MediaKeyEventSessionChangedListener (android.os.BinderProxy@34ec290) is added by com.android.bluetooth
06-25 14:28:18.113 1041 1041 W ContextImpl: Calling a method in the system process without a qualified user: android.app.ContextImpl.startService:1816 android.content.ContextWrapper.startService:774 com.dangbei.lerad.etna.core.EtnaManager.startService:64 com.dangbei.lerad.etna.core.EtnaManager.init:39 com.dangbei.lerad.etna.haqu.EtnaApplication.init:87
06-25 14:28:18.114 668 668 I AvrcpTargetJni: classInitNative: AvrcpTargetJni initialized!
06-25 14:28:18.115 668 668 D AvrcpNativeInterface: Init AvrcpNativeInterface
06-25 14:28:18.115 668 668 D AvrcpTargetJni: initNative
06-25 14:28:18.115 668 955 I bt_stack: [INFO:avrcp_service.cc(287)] AVRCP Target Service started
06-25 14:28:18.115 668 955 I bt_bta_dm: system/bt/bta/dm/bta_dm_act.cc:3191 bta_dm_eir_update_uuid: EIR Adding UUID=0x110C into extended inquiry response
06-25 14:28:18.115 668 955 I bt_bta_dm: system/bt/bta/dm/bta_dm_act.cc:2890 bta_dm_set_eir: Generating extended inquiry response packet EIR
06-25 14:28:18.115 668 955 I bt_stack: [INFO:connection_handler.cc(197)] Connect to device ff:ff:ff:ff:ff:ff
06-25 14:28:18.115 668 955 I bt_stack: [INFO:connection_handler.cc(219)] virtual bool bluetooth::avrcp::ConnectionHandler::AvrcpConnect(bool, const RawAddress &): handle=0000 status= 000000
06-25 14:28:18.127 1041 1041 W ContextImpl: Calling a method in the system process without a qualified user: android.app.ContextImpl.startService:1816 android.content.ContextWrapper.startService:774 com.dangbei.andes.CoreService$Companion.start:29 com.dangbei.lerad.etna.haqu.EtnaApplication.init:88 com.dangbei.lerad.etna.haqu.EtnaApplication.onCreate:59
06-25 14:28:18.130 1096 1096 D TheRouter::RouterInject: interception::===interface com.dangbei.leard.protocol.user.UserManagerInterface===UserManagerInterfaceImpl230835064
06-25 14:28:18.133 1041 1041 D DisplayOutputManager: ro.build.characteristics=homlet
06-25 14:28:18.134 668 668 V MediaPlayerList: Initializing MediaPlayerList
06-25 14:28:18.138 668 668 I AvrcpBrowsedPlayerWrapper: Wrapping Media Browser com.android.music
06-25 14:28:18.139 668 668 I AvrcpBrowsedPlayerWrapper: Wrapping Media Browser com.xiaodianshi.tv.yst
06-25 14:28:18.139 668 668 E AvrcpTargetService: Please use AVRCP version 1.6 to enable cover art
06-25 14:28:18.140 185 185 I servicemanager: Found vendor.display.output.IDisplayOutputManager/default in device VINTF manifest.
06-25 14:28:18.142 1041 1041 D HomletDisplayOutputManager: get IDisplayOutputManager service success
06-25 14:28:18.144 685 685 D BluetoothHidDevice: Proxy object connected
06-25 14:28:18.144 668 681 W BluetoothUtils: BluetoothHidDeviceBinder - Not available
06-25 14:28:18.147 668 668 V BluetoothHidDeviceServiceJni: classInitNative: done
06-25 14:28:18.147 668 668 V BluetoothHidDeviceServiceJni: initNative enter
06-25 14:28:18.147 668 668 I bt_btif : system/bt/btif/src/bluetooth.cc:417 get_profile_interface: get_profile_interface: id = hiddev
06-25 14:28:18.147 668 668 I bt_btif_storage: system/bt/btif/src/btif_storage.cc:661 btif_storage_get_adapter_property: btif_storage_get_adapter_property service_mask:0x60100048
06-25 14:28:18.147 668 668 V BluetoothHidDeviceServiceJni: initNative done
06-25 14:28:18.152 1041 1041 D AudioManagerEx: AudioManagerEx
06-25 14:28:18.156 1176 1176 D CompatibilityChangeReporter: Compat change id reported: 171979766; UID 1000; state: ENABLED
06-25 14:28:18.157 253 253 D audio_hw_primary: Mic get_audio_devices_active:
06-25 14:28:18.157 253 253 D audio_hw_primary: get_audio_devices_active: AUDIO_HDMI
06-25 14:28:18.159 253 253 D xm_audio: adev_get_parameters
06-25 14:28:18.160 273 273 I hash_map_utils: system/bt/osi/src/hash_map_utils.cc:81 hash_map_utils_dump_string_keys_string_values: key: 'audio_devices_out_active' value: ''
06-25 14:28:18.169 480 760 D WifiNl80211Manager: Scan result ready event
06-25 14:28:18.170 480 760 D WifiNative: Scan result ready event
06-25 14:28:18.170 1041 1041 D AudioManagerEx: type audio_devices_out_active list AUDIO_HDMI=
06-25 14:28:18.180 668 668 D BtOppService: setBluetoothOppService(): set to: com.android.bluetooth.opp.BluetoothOppService@1d59d9f
06-25 14:28:18.184 253 253 D audio_hw_primary: getAudioDevices()
06-25 14:28:18.184 253 253 D audio_hw_primary: out dev:AUDIO_CODEC
06-25 14:28:18.184 253 253 D audio_hw_primary: in dev:AUDIO_SPDIF
06-25 14:28:18.184 253 253 D audio_hw_primary: out dev:AUDIO_SPDIF
06-25 14:28:18.184 253 253 D audio_hw_primary: in dev:AUDIO_HDMI
06-25 14:28:18.184 253 253 D audio_hw_primary: out dev:AUDIO_HDMI
06-25 14:28:18.184 253 253 D audio_hw_primary: in dev:AUDIO_I2S2
06-25 14:28:18.184 253 253 D audio_hw_primary: out playback: AUDIO_CODEC,AUDIO_SPDIF,AUDIO_HDMI
06-25 14:28:18.185 253 253 D xm_audio: adev_get_parameters
06-25 14:28:18.186 273 273 I hash_map_utils: system/bt/osi/src/hash_map_utils.cc:81 hash_map_utils_dump_string_keys_string_values: key: 'audio_devices_out' value: ''
06-25 14:28:18.187 1041 1041 D AudioManagerEx: type audio_devices_out list AUDIO_CODEC,AUDIO_SPDIF,AUDIO_HDMI=
06-25 14:28:18.192 668 668 I BluetoothPbapService: setCurrentUser(0)
06-25 14:28:18.193 668 668 I BluetoothPbapService: setUserUnlocked(0)
06-25 14:28:18.193 668 668 I BluetoothPbapService: setUserUnlocked(0)
06-25 14:28:18.212 668 668 D BluetoothPbapService: setBluetoothPbapService(): set to: com.android.bluetooth.pbap.BluetoothPbapService@fcac033
06-25 14:28:18.213 668 668 D AvrcpVolumeManager: onAudioDevicesAdded: Not expecting device changed
06-25 14:28:18.216 668 1212 D ObexServerSockets: create(rfcomm = -2, l2capPsm = -2)
06-25 14:28:18.222 1041 1213 W ContextImpl: Calling a method in the system process without a qualified user: android.app.ContextImpl.bindService:1895 android.content.ContextWrapper.bindService:810 com.dangbei.lerad.etna.lib.client.EtnaClient.bindServer:138 com.dangbei.lerad.etna.lib.client.EtnaClient.access$600:29 com.dangbei.lerad.etna.lib.client.EtnaClient$3.call:205
06-25 14:28:18.223 480 760 D CompatibilityChangeReporter: Compat change id reported: 135634846; UID 10052; state: DISABLED
06-25 14:28:18.223 480 760 D CompatibilityChangeReporter: Compat change id reported: 177438394; UID 10052; state: DISABLED
06-25 14:28:18.223 480 760 D CompatibilityChangeReporter: Compat change id reported: 135772972; UID 10052; state: DISABLED
06-25 14:28:18.225 480 760 D CompatibilityChangeReporter: Compat change id reported: 135754954; UID 10052; state: DISABLED
06-25 14:28:18.227 668 1212 I bt_btif_sock_rfcomm: system/bt/btif/src/btif_sock_rfc.cc:303 btsock_rfc_listen: Adding listening socket service_name: (null) - channel: -2
06-25 14:28:18.227 668 955 I bt_stack: [INFO:port_api.cc(234)] RFCOMM_CreateConnection: bd_addr=ff:ff:ff:ff:ff:ff, scn=4, is_server=1, mtu=990, uuid=000000, dlci=8, signal_state=0x0b, p_port=0xc62ccb84
06-25 14:28:18.228 480 542 D CompatibilityChangeReporter: Compat change id reported: 143937733; UID 10052; state: DISABLED
06-25 14:28:18.228 480 616 D ConnectivityService: NetReassign [no changes]
06-25 14:28:18.231 668 1212 I bluetooth: system/bt/btif/src/btif_sock_l2cap.cc:316 btsock_l2cap_alloc_l: Allocated l2cap socket structure socket_id:1
06-25 14:28:18.231 668 955 I bt_l2cap: system/bt/stack/l2cap/l2c_api.cc:134 L2CA_Register: L2CAP Registered service classic PSM: 0x1001
06-25 14:28:18.231 668 955 I bluetooth: system/bt/btif/src/btif_sock_l2cap.cc:341 send_app_psm_or_chan_l: Sending l2cap socket socket_id:1 channel:4097
06-25 14:28:18.232 668 1212 D BluetoothAdapter: listenUsingL2capOn: set assigned channel to 4097
06-25 14:28:18.232 668 1212 D ObexServerSockets: Succeed to create listening sockets
06-25 14:28:18.232 668 1212 D ObexServerSockets0: startAccept()
06-25 14:28:18.233 668 1212 D BluetoothSdpJni: sdpCreatePbapPseRecordNative
06-25 14:28:18.233 668 1212 D BluetoothSdpJni: SDP Create record success - handle: 0
06-25 14:28:18.233 668 1212 D BluetoothPbapService: created Sdp record, mSdpHandle=0
06-25 14:28:18.233 668 955 I bt_bta_dm: system/bt/bta/dm/bta_dm_act.cc:3191 bta_dm_eir_update_uuid: EIR Adding UUID=0x112F into extended inquiry response
06-25 14:28:18.233 668 955 I bt_bta_dm: system/bt/bta/dm/bta_dm_act.cc:2890 bta_dm_set_eir: Generating extended inquiry response packet EIR
06-25 14:28:18.240 668 1217 D ObexServerSockets0: Accepting socket connection...
06-25 14:28:18.252 480 616 D ConnectivityService: NetReassign [no changes]
06-25 14:28:18.259 248 248 D Zygote : Forked child process 1219
06-25 14:28:18.264 668 1216 D ObexServerSockets0: Accepting socket connection...
06-25 14:28:18.272 1219 1219 I Zygote : seccomp disabled by setenforce 0
06-25 14:28:18.274 480 760 D CompatibilityChangeReporter: Compat change id reported: 135634846; UID 10079; state: DISABLED
06-25 14:28:18.278 668 668 D CompatibilityChangeReporter: Compat change id reported: 150939131; UID 1002; state: ENABLED
06-25 14:28:18.278 668 668 D AdapterProperties: onBluetoothReady, state=TURNING_ON, ScanMode=20
06-25 14:28:18.281 668 668 D BluetoothAdapterService: updateUuids() - Updating UUIDs for bonded devices
06-25 14:28:18.283 668 668 I BluetoothAdapterService: initProfileServices: Initializing all bluetooth profile services
06-25 14:28:18.283 668 668 I BluetoothA2dpSinkServiceJni: classInitNative: succeeds
06-25 14:28:18.283 668 668 W HeadsetClientService: getHeadsetClientService(): service is null
06-25 14:28:18.283 668 668 W MapClientService: getMapClientService(): service is null
06-25 14:28:18.283 668 668 W PbapClientService: getPbapClientService(): service is null
06-25 14:28:18.287 668 668 W HearingAidService: getHearingAidService(): service is NULL
06-25 14:28:18.287 668 668 W SapService: getSapService(): service is null
06-25 14:28:18.288 668 822 I AdapterState: ON : entered
06-25 14:28:18.289 668 822 D AdapterProperties: Setting state to ON
06-25 14:28:18.290 668 822 D BluetoothAdapterService: updateAdapterState() - Broadcasting state ON to 1 receivers.
06-25 14:28:18.302 480 523 W IorapForwardingService: No service published for: iorapd
06-25 14:28:18.303 480 523 D BluetoothManagerService: MESSAGE_BLUETOOTH_STATE_CHANGE: TURNING_ON > ON
06-25 14:28:18.308 480 523 D BluetoothManagerService: Broadcasting onBluetoothStateChange(true) to 11 receivers.
06-25 14:28:18.309 480 523 D BluetoothHeadset: onBluetoothStateChange: up=true
06-25 14:28:18.309 480 523 D BluetoothManagerService: Creating new ProfileServiceConnections object for profile: 1
06-25 14:28:18.311 480 654 D CompatibilityChangeReporter: Compat change id reported: 135634846; UID 10028; state: DISABLED
06-25 14:28:18.312 480 654 D CompatibilityChangeReporter: Compat change id reported: 177438394; UID 10028; state: DISABLED
06-25 14:28:18.313 480 654 D CompatibilityChangeReporter: Compat change id reported: 135772972; UID 10028; state: DISABLED
06-25 14:28:18.313 480 654 D CompatibilityChangeReporter: Compat change id reported: 135754954; UID 10028; state: ENABLED
06-25 14:28:18.321 480 542 W ActivityManager: Slow operation: 99ms so far, now at startProcess: done updating battery stats
06-25 14:28:18.321 480 542 W ActivityManager: Slow operation: 100ms so far, now at startProcess: building log message
06-25 14:28:18.321 480 542 I ActivityManager: app.processName = com.android.music
06-25 14:28:18.321 480 542 I ActivityManager: Start proc 1219:com.android.music/u0a52 for service {com.android.music/com.android.music.MediaPlaybackService}
06-25 14:28:18.321 480 542 W ActivityManager: Slow operation: 100ms so far, now at startProcess: starting to update pids map
06-25 14:28:18.322 480 542 W ActivityManager: Slow operation: 100ms so far, now at startProcess: done updating pids map
06-25 14:28:18.322 480 542 W ActivityManager: Slow operation: 54ms so far, now at startProcess: asking zygote to start proc
06-25 14:28:18.323 480 542 D CompatibilityChangeReporter: Compat change id reported: 143937733; UID 10079; state: DISABLED
06-25 14:28:18.333 408 423 I adbd : jdwp connection from 1219
06-25 14:28:18.343 1176 1176 V GraphicsEnvironment: ANGLE Developer option for 'com.oranth.storage' set to: 'default'
06-25 14:28:18.344 1176 1176 V GraphicsEnvironment: Neither updatable production driver nor prerelease driver is supported.
06-25 14:28:18.349 480 574 D CompatibilityChangeReporter: Compat change id reported: 168419799; UID 10052; state: DISABLED
06-25 14:28:18.352 1176 1176 D NetworkSecurityConfig: No Network Security Config specified, using platform default
06-25 14:28:18.352 248 248 D Zygote : Forked child process 1239
06-25 14:28:18.353 480 542 W ActivityManager: Slow operation: 85ms so far, now at startProcess: returned from zygote!
06-25 14:28:18.356 1176 1176 D NetworkSecurityConfig: No Network Security Config specified, using platform default
06-25 14:28:18.360 329 329 I rainbow_flow: type=1400 audit(0.0:464): avc: denied { ioctl } for path="/dev/spidev1.0" dev="tmpfs" ino=749 ioctlcmd=0x6b00 scontext=u:r:init:s0 tcontext=u:object_r:device:s0 tclass=chr_file permissive=1
06-25 14:28:18.363 1176 1176 I aaa : low stroage service is start !!!
06-25 14:28:18.365 1239 1239 I Zygote : seccomp disabled by setenforce 0
06-25 14:28:18.367 1176 1176 W ContextImpl: Calling a method in the system process without a qualified user: android.app.ContextImpl.startService:1816 android.content.ContextWrapper.startService:774 android.content.ContextWrapper.startService:774 com.oranth.storage.BootCompletedReceiver.onReceive:15 android.app.ActivityThread.handleReceiver:4308
06-25 14:28:18.386 480 574 W ActivityManager: Slow operation: 63ms so far, now at attachApplicationLocked: after mServices.attachApplicationLocked
06-25 14:28:18.396 668 870 D AdapterProperties: Scan Mode:21
06-25 14:28:18.396 668 870 D AdapterProperties: Discoverable Timeout:120
06-25 14:28:18.401 1041 1253 W ContextImpl: Calling a method in the system process without a qualified user: android.app.ContextImpl.bindService:1895 android.content.ContextWrapper.bindService:810 com.dangbei.lerad.etna.lib.client.EtnaClient.bindServer:138 com.dangbei.lerad.etna.lib.client.EtnaClient.access$600:29 com.dangbei.lerad.etna.lib.client.EtnaClient$3.call:205
06-25 14:28:18.402 480 523 D BluetoothManagerService: Sending BLE State Change: TURNING_ON > ON
06-25 14:28:18.402 685 1090 D BluetoothHeadset: onBluetoothStateChange: up=true
06-25 14:28:18.408 408 423 I adbd : jdwp connection from 1239
06-25 14:28:18.413 668 870 D AdapterProperties: mLocalIOCapability set to 1
06-25 14:28:18.414 668 870 D AdapterProperties: mLocalIOCapabilityBLE set to 4
06-25 14:28:18.421 480 542 W ActivityManager: Slow operation: 153ms so far, now at startProcess: done updating battery stats
06-25 14:28:18.421 480 542 W ActivityManager: Slow operation: 153ms so far, now at startProcess: building log message
06-25 14:28:18.421 480 542 I ActivityManager: app.processName = com.xiaodianshi.tv.yst
06-25 14:28:18.422 480 542 I ActivityManager: Start proc 1239:com.xiaodianshi.tv.yst/u0a79 for service {com.xiaodianshi.tv.yst/com.xiaodianshi.tv.yst.video.service.YstMediaService}
06-25 14:28:18.422 480 542 W ActivityManager: Slow operation: 153ms so far, now at startProcess: starting to update pids map
06-25 14:28:18.422 480 542 W ActivityManager: Slow operation: 154ms so far, now at startProcess: done updating pids map
06-25 14:28:18.426 668 668 I BluetoothPhonePolicy: Received ACTION_UUID for device E4:BB:D3:57:C0:18
06-25 14:28:18.426 668 668 I BluetoothPhonePolicy: index=0uuid=00001812-0000-1000-8000-00805f9b34fb
06-25 14:28:18.426 668 668 I BluetoothPhonePolicy: processInitProfilePriorities() - device E4:BB:D3:57:C0:18
06-25 14:28:18.426 668 668 W HearingAidService: getHearingAidService(): service is NULL
06-25 14:28:18.426 668 668 V BluetoothDatabase: getProfileConnectionPolicy: E4:BB:D3:57:C0:18, profile=4, connectionPolicy = 100
06-25 14:28:18.429 1176 1176 D bbb : onCreate()
06-25 14:28:18.429 480 523 D BluetoothManagerService: Sending State Change: TURNING_ON > ON
06-25 14:28:18.431 1176 1176 D CompatibilityChangeReporter: Compat change id reported: 160794467; UID 1000; state: ENABLED
06-25 14:28:18.434 1219 1219 D CompatibilityChangeReporter: Compat change id reported: 171979766; UID 10052; state: DISABLED
06-25 14:28:18.437 668 882 D BluetoothActiveDeviceManager: handleMessage(MESSAGE_ADAPTER_ACTION_STATE_CHANGED): newState=12
06-25 14:28:18.438 480 542 W ActivityManager: Slow operation: 133ms so far, now at startProcess: asking zygote to start proc
06-25 14:28:18.438 480 542 D CompatibilityChangeReporter: Compat change id reported: 143937733; UID 10028; state: ENABLED
06-25 14:28:18.441 480 875 W ActivityManager: Receiver with filter android.content.IntentFilter@fd7407c already registered for pid 685, callerPackage is com.android.systemui
06-25 14:28:18.441 685 685 V SystemUIService: BOOT_COMPLETED received
06-25 14:28:18.442 685 685 D SystemUIBootTiming: SystemUIService: bootcomplete com.android.systemui.util.NotificationChannels took 0 ms
06-25 14:28:18.443 685 685 D SystemUIService: loading: com.android.systemui.volume.VolumeUI
06-25 14:28:18.444 1176 1176 D bbb : onStartCommand begin !!!!!!! data分区剩余 20391MB
06-25 14:28:18.447 480 502 D CompatibilityChangeReporter: Compat change id reported: 171306433; UID 1000; state: ENABLED
06-25 14:28:18.473 248 248 D Zygote : Forked child process 1258
06-25 14:28:18.475 480 542 W ActivityManager: Slow operation: 170ms so far, now at startProcess: returned from zygote!
06-25 14:28:18.476 480 542 W ActivityManager: Slow operation: 171ms so far, now at startProcess: done updating battery stats
06-25 14:28:18.476 480 542 W ActivityManager: Slow operation: 171ms so far, now at startProcess: building log message
06-25 14:28:18.476 480 542 I ActivityManager: app.processName = android.process.acore
06-25 14:28:18.476 480 542 I ActivityManager: Start proc 1258:android.process.acore/u0a28 for content provider {com.android.providers.contacts/com.android.providers.contacts.ContactsProvider2}
06-25 14:28:18.476 480 542 W ActivityManager: Slow operation: 171ms so far, now at startProcess: starting to update pids map
06-25 14:28:18.480 480 542 W ActivityManager: Slow operation: 175ms so far, now at startProcess: done updating pids map
06-25 14:28:18.482 685 685 I vol.Events: writeEvent collection_started
06-25 14:28:18.495 1258 1258 I Zygote : seccomp disabled by setenforce 0
06-25 14:28:18.498 480 760 D CompatibilityChangeReporter: Compat change id reported: 168419799; UID 10079; state: DISABLED
06-25 14:28:18.501 480 523 D BluetoothHeadset: Proxy object connected
06-25 14:28:18.505 685 1090 D BluetoothHeadset: Proxy object connected
06-25 14:28:18.512 480 627 I AS.BtHelper: setBtScoActiveDevice: (null) -> (null)
06-25 14:28:18.518 668 668 D BluetoothAdapterService: isQuetModeEnabled() - Enabled = false
06-25 14:28:18.518 668 668 I BluetoothPhonePolicy: autoConnect: Initiate auto connection on BT on...
06-25 14:28:18.518 668 668 E BluetoothPhonePolicy: autoConnect: most recently active a2dp device is null
06-25 14:28:18.518 668 668 D BtOppService: start Socket Listeners
06-25 14:28:18.518 668 668 D BtOppService: stopListeners: mServerSocket is null
06-25 14:28:18.518 668 668 D ObexServerSockets: create(rfcomm = -2, l2capPsm = -2)
06-25 14:28:18.521 668 668 I bt_btif_sock_rfcomm: system/bt/btif/src/btif_sock_rfc.cc:303 btsock_rfc_listen: Adding listening socket service_name: (null) - channel: -2
06-25 14:28:18.521 685 896 D LocalBluetoothProfileManager: Current Profiles[]
06-25 14:28:18.521 668 955 I bt_stack: [INFO:port_api.cc(234)] RFCOMM_CreateConnection: bd_addr=ff:ff:ff:ff:ff:ff, scn=5, is_server=1, mtu=990, uuid=000000, dlci=10, signal_state=0x0b, p_port=0xc62ccc0c
06-25 14:28:18.522 668 668 D BluetoothAdapter: listenUsingInsecureL2capOn: port=-2
06-25 14:28:18.525 668 668 I bluetooth: system/bt/btif/src/btif_sock_l2cap.cc:316 btsock_l2cap_alloc_l: Allocated l2cap socket structure socket_id:2
06-25 14:28:18.526 668 955 I bt_l2cap: system/bt/stack/l2cap/l2c_api.cc:134 L2CA_Register: L2CAP Registered service classic PSM: 0x1003
06-25 14:28:18.526 668 955 I bluetooth: system/bt/btif/src/btif_sock_l2cap.cc:341 send_app_psm_or_chan_l: Sending l2cap socket socket_id:2 channel:4099
06-25 14:28:18.527 668 668 D BluetoothAdapter: listenUsingInsecureL2capOn: set assigned channel to 4099
06-25 14:28:18.527 668 668 D ObexServerSockets: Succeed to create listening sockets
06-25 14:28:18.527 668 668 D ObexServerSockets1: startAccept()
06-25 14:28:18.527 668 668 D BluetoothSdpJni: sdpCreateOppOpsRecordNative
06-25 14:28:18.528 408 423 I adbd : jdwp connection from 1258
06-25 14:28:18.529 668 955 I bt_bta_dm: system/bt/bta/dm/bta_dm_act.cc:3191 bta_dm_eir_update_uuid: EIR Adding UUID=0x1105 into extended inquiry response
06-25 14:28:18.529 668 955 I bt_bta_dm: system/bt/bta/dm/bta_dm_act.cc:2890 bta_dm_set_eir: Generating extended inquiry response packet EIR
06-25 14:28:18.529 668 668 D BluetoothSdpJni: SDP Create record success - handle: 1
06-25 14:28:18.530 668 668 D BtOppService: mOppSdpHandle :1
06-25 14:28:18.540 668 1275 D ObexServerSockets1: Accepting socket connection...
