01-01 08:00:08.622 269 269 E cutils-trace: Error opening trace file: No such file or directory (2)
01-01 08:00:08.623 265 265 W healthd : No battery devices found
01-01 08:00:08.624 1 1 I init : Could not create socket 'pdx/system/vr/display/client': Failed to bind socket 'pdx/system/vr/display/client': No such file or directory
01-01 08:00:08.625 1 1 I init : Could not create socket 'pdx/system/vr/display/manager': Failed to bind socket 'pdx/system/vr/display/manager': No such file or directory
01-01 08:00:08.625 1 1 I init : Could not create socket 'pdx/system/vr/display/vsync': Failed to bind socket 'pdx/system/vr/display/vsync': No such file or directory
01-01 08:00:08.624 260 260 I HidlServiceManagement: Registered android.hardware.gatekeeper@1.0::IGatekeeper/default
01-01 08:00:08.624 260 260 I HidlServiceManagement: Removing namespace from process name android.hardware.gatekeeper@1.0-service-aw to gatekeeper@1.0-service-aw.
01-01 08:00:08.625 260 260 I LegacySupport: Registration complete for android.hardware.gatekeeper@1.0::IGatekeeper/default.
01-01 08:00:08.626 265 265 I android.hardware.health@2.1-service: default instance initializing with healthd_config...
01-01 08:00:08.629 256 256 I HidlServiceManagement: Registered android.hardware.cas@1.2::IMediaCasService/default
01-01 08:00:08.629 266 266 I android.hardware.lights-service: Light Hal current version V2.0.0
01-01 08:00:08.629 266 266 D lights_device: success open disp device type=0.
01-01 08:00:08.630 256 256 I HidlServiceManagement: Removing namespace from process name android.hardware.cas@1.2-service to cas@1.2-service.
01-01 08:00:08.633 270 270 I display.output-service: DisplayOutputManagerService is started
01-01 08:00:08.634 270 270 I display.output-service: DisplayOutputManagerService current version V2.2.0
01-01 08:00:08.640 247 247 D XfrmController: Sending Netlink XFRM Message: XFRM_MSG_FLUSHSA
01-01 08:00:08.640 247 247 D XfrmController: Sending Netlink XFRM Message: XFRM_MSG_FLUSHPOLICY
01-01 08:00:08.640 247 247 I netd : Initializing XfrmController: 51710us
01-01 08:00:08.645 270 270 E cutils-trace: Error opening trace file: No such file or directory (2)
01-01 08:00:08.646 185 185 I servicemanager: Found android.hardware.light.ILights/default in device VINTF manifest.
01-01 08:00:08.651 247 247 E cutils-trace: Error opening trace file: No such file or directory (2)
01-01 08:00:08.654 265 265 I HidlServiceManagement: Registered android.hardware.health@2.1::IHealth/default
01-01 08:00:08.654 265 265 I HidlServiceManagement: Removing namespace from process name android.hardware.health@2.1-service to health@2.1-service.
01-01 08:00:08.655 265 265 I android.hardware.health@2.1-service: default: Hal init done
01-01 08:00:08.655 1 1 I init : starting service 'pqd'...
01-01 08:00:08.658 265 265 W healthd : battery none chg=
01-01 08:00:08.669 269 269 I HidlServiceManagement: Registered android.hardware.usb@1.0::IUsb/default
01-01 08:00:08.669 269 269 I HidlServiceManagement: Removing namespace from process name android.hardware.usb@1.0-service.aw to usb@1.0-service.aw.
01-01 08:00:08.671 186 186 I hwservicemanager: Since vendor.display.config@1.0::IDisplayConfig/default is not registered, trying to start it as a lazy HAL.
01-01 08:00:08.674 1 1 I init : Command 'class_start core' action=boot (/system/etc/init/hw/init.rc:1087) took 143ms and succeeded
01-01 08:00:08.673 267 267 I AW_PowerHAL: AW Power HAL AIDL Service is starting.
01-01 08:00:08.680 275 275 I credstore: Registered binder service
01-01 08:00:08.675 1 1 I init : processing action (persist.sys.usb.config=* && boot) from (/system/etc/init/hw/init.usb.rc:108)
01-01 08:00:08.688 1 1 I init : processing action (boot) from (/vendor/etc/init/hw/init.sun50iw9p1.rc:62)
01-01 08:00:08.691 1 1 I init : processing action (boot) from (/vendor/etc/init/hw/init.sun50iw9p1.rc:92)
01-01 08:00:08.688 169 169 I init : type=1400 audit(0.0:14): avc: denied { add_name } for name="runtime_enable" scontext=u:r:vendor_init:s0 tcontext=u:object_r:sysfs_disp:s0 tclass=dir permissive=1
01-01 08:00:08.690 267 267 I AW_PowerHAL: PowerHAL initiated
01-01 08:00:08.688 169 169 I init : type=1400 audit(0.0:15): avc: denied { create } for name="runtime_enable" scontext=u:r:vendor_init:s0 tcontext=u:object_r:sysfs_disp:s0 tclass=file permissive=1
01-01 08:00:08.693 254 254 I HidlServiceManagement: Registered android.hardware.bluetooth@1.0::IBluetoothHci/default
01-01 08:00:08.694 254 254 I HidlServiceManagement: Removing namespace from process name android.hardware.bluetooth@1.0-service to bluetooth@1.0-service.
01-01 08:00:08.694 254 254 I LegacySupport: Registration complete for android.hardware.bluetooth@1.0::IBluetoothHci/default.
01-01 08:00:08.697 1 1 I init : processing action (boot) from (/vendor/etc/init/hw/init.ram.rc:1)
01-01 08:00:08.697 185 185 I servicemanager: Found android.hardware.power.IPower/default in device VINTF manifest.
01-01 08:00:08.706 290 290 D Sunxi_PQ: ic_id=2, de_version=201 0x2
01-01 08:00:08.707 290 290 D Sunxi_PQ: /vendor/lib/libde201.so
01-01 08:00:08.710 290 290 D Sunxi_PQ: maybe /vendor/etc/firmware/disp_firmware, fd:-1 @O_RDONLY.
01-01 08:00:08.711 269 269 I HidlServiceManagement: Registered android.hardware.usb.gadget@1.1::IUsbGadget/default
01-01 08:00:08.712 269 269 I android.hardware.usb@1.0-service: USB HAL Ready.
01-01 08:00:08.712 290 290 I pqd : type=1400 audit(0.0:16): avc: denied { read write } for name="disp_firmware" dev="mmcblk0p25" ino=217 scontext=u:r:pqd:s0 tcontext=u:object_r:system_data_root_file:s0 tclass=file permissive=1
01-01 08:00:08.712 290 290 I pqd : type=1400 audit(0.0:17): avc: denied { open } for path="/data/disp_firmware" dev="mmcblk0p25" ino=217 scontext=u:r:pqd:s0 tcontext=u:object_r:system_data_root_file:s0 tclass=file permissive=1
01-01 08:00:08.712 290 290 I pqd : type=1400 audit(0.0:18): avc: denied { map } for path="/data/disp_firmware" dev="mmcblk0p25" ino=217 scontext=u:r:pqd:s0 tcontext=u:object_r:system_data_root_file:s0 tclass=file permissive=1
01-01 08:00:08.714 290 290 D Sunxi_PQ: config display firmware completed...
01-01 08:00:08.714 290 290 D Sunxi_PQ: There is not the /vendor/etc/firmware/disp_firmware, creat it.
01-01 08:00:08.715 290 290 D Sunxi_PQ: sunxi PQ wait for client connect from tcp port:5005...
01-01 08:00:08.720 290 300 D Sunxi_PQ: creat a connect thread to deal the socket.
01-01 08:00:08.721 186 186 I hwservicemanager: Since vendor.display.config@1.0::IDisplayConfig/default is not registered, trying to start it as a lazy HAL.
01-01 08:00:08.721 270 270 I HidlServiceManagement: getService: Trying again for vendor.display.config@1.0::IDisplayConfig/default...
01-01 08:00:08.723 253 253 I HidlServiceManagement: Registered android.hardware.audio@7.0::IDevicesFactory/default
01-01 08:00:08.725 169 169 I : file system registered
01-01 08:00:08.724 253 253 I HidlServiceManagement: Removing namespace from process name android.hardware.audio.service to audio.service.
01-01 08:00:08.724 290 299 D Sunxi_PQ: Sunxi PQ entry tanslate thread.
01-01 08:00:08.725 253 253 I LegacySupport: Registration complete for android.hardware.audio@7.0::IDevicesFactory/default.
01-01 08:00:08.732 186 301 W libc : Unable to set property "ctl.interface_start" to "vendor.display.config@1.0::IDisplayConfig/default": error code: 0x20
01-01 08:00:08.732 186 301 I hwservicemanager: Tried to start vendor.display.config@1.0::IDisplayConfig/default as a lazy service, but was unable to. Usually this happens when a service is not installed, but if the service is intended to be used as a lazy service, then it may be configured incorrectly.
01-01 08:00:08.734 186 296 W libc : Unable to set property "ctl.interface_start" to "vendor.display.config@1.0::IDisplayConfig/default": error code: 0x20
01-01 08:00:08.735 186 296 I hwservicemanager: Tried to start vendor.display.config@1.0::IDisplayConfig/default as a lazy service, but was unable to. Usually this happens when a service is not installed, but if the service is intended to be used as a lazy service, then it may be configured incorrectly.
01-01 08:00:08.743 262 262 I sunxihwc: open: Loading: sunxi hwcomposer module
01-01 08:00:08.744 262 262 E cutils-trace: Error opening trace file: No such file or directory (2)
01-01 08:00:08.752 268 268 E cutils-trace: Error opening trace file: No such file or directory (2)
01-01 08:00:08.756 185 185 I servicemanager: Found android.hardware.rebootescrow.IRebootEscrow/default in device VINTF manifest.
01-01 08:00:08.757 262 262 I HidlServiceManagement: Registered android.hardware.graphics.composer@2.2::IComposer/default
01-01 08:00:08.757 262 262 I HidlServiceManagement: Removing namespace from process name android.hardware.graphics.composer@2.2-service to composer@2.2-service.
01-01 08:00:08.768 268 268 D hdmi-cec: Loading: sunxi HDMI CEC module
01-01 08:00:08.774 268 268 I HidlServiceManagement: Registered android.hardware.tv.cec@1.0::IHdmiCec/default
01-01 08:00:08.774 268 268 I HidlServiceManagement: Removing namespace from process name android.hardware.tv.cec@1.0-service to cec@1.0-service.
01-01 08:00:08.775 268 268 I LegacySupport: Registration complete for android.hardware.tv.cec@1.0::IHdmiCec/default.
01-01 08:00:08.777 268 307 I hdmi-cec: HDMI-CEC EventThread start
01-01 08:00:08.780 261 261 E gralloc : Arm Module v1.0
01-01 08:00:08.781 253 253 I HidlServiceManagement: Registered android.hardware.audio.effect@7.0::IEffectsFactory/default
01-01 08:00:08.782 253 253 I LegacySupport: Registration complete for android.hardware.audio.effect@7.0::IEffectsFactory/default.
01-01 08:00:08.782 186 186 I hwservicemanager: getTransport: Cannot find entry android.hardware.soundtrigger@2.3::ISoundTriggerHw/default in either framework or device VINTF manifest.
01-01 08:00:08.789 253 253 E LegacySupport: Could not get passthrough implementation for android.hardware.soundtrigger@2.3::ISoundTriggerHw/default.
01-01 08:00:08.789 186 186 I hwservicemanager: getTransport: Cannot find entry android.hardware.soundtrigger@2.2::ISoundTriggerHw/default in either framework or device VINTF manifest.
01-01 08:00:08.792 261 261 I HidlServiceManagement: Registered android.hardware.graphics.allocator@2.0::IAllocator/default
01-01 08:00:08.793 261 261 I HidlServiceManagement: Removing namespace from process name android.hardware.graphics.allocator@2.0-service to allocator@2.0-service.
01-01 08:00:08.793 253 253 E LegacySupport: Could not get passthrough implementation for android.hardware.soundtrigger@2.2::ISoundTriggerHw/default.
01-01 08:00:08.788 309 309 I init : type=1400 audit(0.0:19): avc: denied { execute_no_trans } for path="/system/bin/xiriservice.sh" dev="dm-0" ino=1296 scontext=u:r:init:s0 tcontext=u:object_r:system_file:s0 tclass=file permissive=1
01-01 08:00:08.793 261 261 I LegacySupport: Registration complete for android.hardware.graphics.allocator@2.0::IAllocator/default.
01-01 08:00:08.794 186 186 I hwservicemanager: getTransport: Cannot find entry android.hardware.soundtrigger@2.1::ISoundTriggerHw/default in either framework or device VINTF manifest.
01-01 08:00:08.797 253 253 E LegacySupport: Could not get passthrough implementation for android.hardware.soundtrigger@2.1::ISoundTriggerHw/default.
01-01 08:00:08.796 306 306 I onstartup.sh: type=1400 audit(0.0:20): avc: denied { write search } for name="tmp" dev="mmcblk0p25" ino=85 scontext=u:r:onstartup:s0 tcontext=u:object_r:shell_data_file:s0 tclass=dir permissive=1
01-01 08:00:08.796 306 306 I onstartup.sh: type=1400 audit(0.0:21): avc: denied { getattr } for path="/data/local/tmp" dev="mmcblk0p25" ino=85 scontext=u:r:onstartup:s0 tcontext=u:object_r:shell_data_file:s0 tclass=dir permissive=1
01-01 08:00:08.800 186 186 I hwservicemanager: getTransport: Cannot find entry android.hardware.soundtrigger@2.0::ISoundTriggerHw/default in either framework or device VINTF manifest.
01-01 08:00:08.803 253 253 E LegacySupport: Could not get passthrough implementation for android.hardware.soundtrigger@2.0::ISoundTriggerHw/default.
01-01 08:00:08.803 253 253 W audiohalservice: Could not register Soundtrigger API
01-01 08:00:08.804 186 186 I hwservicemanager: getTransport: Cannot find entry android.hardware.bluetooth.audio@2.1::IBluetoothAudioProvidersFactory/default in either framework or device VINTF manifest.
01-01 08:00:08.806 253 253 E LegacySupport: Could not get passthrough implementation for android.hardware.bluetooth.audio@2.1::IBluetoothAudioProvidersFactory/default.
01-01 08:00:08.806 186 186 I hwservicemanager: getTransport: Cannot find entry android.hardware.bluetooth.audio@2.0::IBluetoothAudioProvidersFactory/default in either framework or device VINTF manifest.
01-01 08:00:08.807 253 253 E LegacySupport: Could not get passthrough implementation for android.hardware.bluetooth.audio@2.0::IBluetoothAudioProvidersFactory/default.
01-01 08:00:08.807 253 253 W audiohalservice: Could not register Bluetooth Audio API
01-01 08:00:08.808 186 186 I hwservicemanager: getTransport: Cannot find entry android.hardware.bluetooth.a2dp@1.0::IBluetoothAudioOffload/default in either framework or device VINTF manifest.
01-01 08:00:08.809 253 253 E LegacySupport: Could not get passthrough implementation for android.hardware.bluetooth.a2dp@1.0::IBluetoothAudioOffload/default.
01-01 08:00:08.809 253 253 W audiohalservice: Could not register Bluetooth Audio Offload API
01-01 08:00:08.812 1 1 I init : type=1400 audit(0.0:22): avc: denied { setattr } for name="ext_csd" dev="debugfs" ino=6224 scontext=u:r:init:s0 tcontext=u:object_r:debugfs_mmc:s0 tclass=file permissive=1
01-01 08:00:08.823 276 314 E GpuMem : Failed to retrieve pinned program from /sys/fs/bpf/prog_gpu_mem_tracepoint_gpu_mem_gpu_mem_total [2(No such file or directory)]
01-01 08:00:08.824 276 314 E GpuMemTracer: Cannot initialize GpuMemTracer before GpuMem
01-01 08:00:08.825 169 169 I sunxi-rfkill soc@3000000: rfkill: set block: 0
01-01 08:00:08.825 169 169 I sunxi-rfkill soc@3000000: rfkill: bt power on success
01-01 08:00:08.836 316 316 I init : type=1400 audit(0.0:23): avc: denied { write } for name="kmsg_debug" dev="tmpfs" ino=6230 scontext=u:r:init:s0 tcontext=u:object_r:kmsg_debug_device:s0 tclass=chr_file permissive=1
01-01 08:00:08.836 316 316 I init : type=1400 audit(0.0:24): avc: denied { open } for path="/dev/kmsg_debug" dev="tmpfs" ino=6230 scontext=u:r:init:s0 tcontext=u:object_r:kmsg_debug_device:s0 tclass=chr_file permissive=1
01-01 08:00:08.840 309 309 I xiriservice.sh: type=1400 audit(0.0:25): avc: denied { write } for name="tmp" dev="mmcblk0p25" ino=85 scontext=u:r:init:s0 tcontext=u:object_r:shell_data_file:s0 tclass=dir permissive=1 bug=b/77873135
01-01 08:00:08.870 317 317 D XiriService: XiriService version 2.5.0.11258
01-01 08:00:08.880 317 317 I xiriservice_All: type=1400 audit(0.0:26): avc: denied { search } for name="com.android.connectivity.resources" dev="mmcblk0p25" ino=501 scontext=u:r:init:s0 tcontext=u:object_r:privapp_data_file:s0:c512,c768 tclass=dir permissive=1
01-01 08:00:08.880 317 317 I xiriservice_All: type=1400 audit(0.0:27): avc: denied { search } for name="android" dev="mmcblk0p25" ino=505 scontext=u:r:init:s0 tcontext=u:object_r:system_app_data_file:s0 tclass=dir permissive=1
01-01 08:00:08.884 317 317 I xiriservice_All: type=1400 audit(0.0:28): avc: denied { read } for name="lib" dev="mmcblk0p25" ino=59366 scontext=u:r:init:s0 tcontext=u:object_r:system_app_data_file:s0 tclass=lnk_file permissive=1
01-01 08:00:08.892 306 306 I onstartup.sh: type=1400 audit(0.0:29): avc: denied { getattr } for path="/data/local/fast_apks_installed" dev="mmcblk0p25" ino=222 scontext=u:r:onstartup:s0 tcontext=u:object_r:onstartup_system_file:s0 tclass=file permissive=1
01-01 08:00:08.896 318 318 I pgrep : type=1400 audit(0.0:30): avc: denied { read } for scontext=u:r:toolbox:s0 tcontext=u:r:init:s0 tclass=file permissive=1
01-01 08:00:08.896 318 318 I pgrep : type=1400 audit(0.0:31): avc: denied { read } for scontext=u:r:toolbox:s0 tcontext=u:r:kernel:s0 tclass=file permissive=1
01-01 08:00:08.896 318 318 I pgrep : type=1400 audit(0.0:32): avc: denied { read } for scontext=u:r:toolbox:s0 tcontext=u:r:vendor_init:s0 tclass=file permissive=1
01-01 08:00:08.896 318 318 I pgrep : type=1400 audit(0.0:33): avc: denied { getattr } for path="/proc/1" dev="proc" ino=6244 scontext=u:r:toolbox:s0 tcontext=u:r:init:s0 tclass=dir permissive=1
01-01 08:00:08.896 318 318 I pgrep : type=1400 audit(0.0:34): avc: denied { search } for name="1" dev="proc" ino=6244 scontext=u:r:toolbox:s0 tcontext=u:r:init:s0 tclass=dir permissive=1
01-01 08:00:08.896 318 318 I pgrep : type=1400 audit(0.0:35): avc: denied { open } for path="/proc/1/stat" dev="proc" ino=10368 scontext=u:r:toolbox:s0 tcontext=u:r:init:s0 tclass=file permissive=1
01-01 08:00:08.896 318 318 I pgrep : type=1400 audit(0.0:36): avc: denied { getattr } for path="/proc/2" dev="proc" ino=10280 scontext=u:r:toolbox:s0 tcontext=u:r:kernel:s0 tclass=dir permissive=1
01-01 08:00:08.896 318 318 I pgrep : type=1400 audit(0.0:37): avc: denied { search } for name="2" dev="proc" ino=10280 scontext=u:r:toolbox:s0 tcontext=u:r:kernel:s0 tclass=dir permissive=1
01-01 08:00:08.896 318 318 I pgrep : type=1400 audit(0.0:38): avc: denied { open } for path="/proc/2/stat" dev="proc" ino=10369 scontext=u:r:toolbox:s0 tcontext=u:r:kernel:s0 tclass=file permissive=1
01-01 08:00:08.912 317 317 I xiriservice_All: type=1400 audit(0.0:39): avc: denied { search } for name="android.ext.shared" dev="mmcblk0p25" ino=522 scontext=u:r:init:s0 tcontext=u:object_r:app_data_file:s0:c512,c768 tclass=dir permissive=1
01-01 08:00:08.912 318 318 I pgrep : type=1400 audit(0.0:40): avc: denied { sys_ptrace } for capability=19 scontext=u:r:toolbox:s0 tcontext=u:r:toolbox:s0 tclass=capability permissive=1
01-01 08:00:08.912 318 318 I pgrep : type=1400 audit(0.0:41): avc: denied { read } for scontext=u:r:toolbox:s0 tcontext=u:r:ueventd:s0 tclass=file permissive=1
01-01 08:00:08.914 313 313 I gsid : no DSU: No such file or directory
01-01 08:00:08.912 318 318 I pgrep : type=1400 audit(0.0:42): avc: denied { read } for scontext=u:r:toolbox:s0 tcontext=u:r:logd:s0 tclass=file permissive=1
01-01 08:00:08.912 318 318 I pgrep : type=1400 audit(0.0:43): avc: denied { read } for scontext=u:r:toolbox:s0 tcontext=u:r:lmkd:s0 tclass=file permissive=1
01-01 08:00:08.912 318 318 I pgrep : type=1400 audit(0.0:44): avc: denied { read } for scontext=u:r:toolbox:s0 tcontext=u:r:servicemanager:s0 tclass=file permissive=1
01-01 08:00:08.912 318 318 I pgrep : type=1400 audit(0.0:45): avc: denied { read } for scontext=u:r:toolbox:s0 tcontext=u:r:hwservicemanager:s0 tclass=file permissive=1
01-01 08:00:08.916 318 318 I pgrep : type=1400 audit(0.0:46): avc: denied { read } for scontext=u:r:toolbox:s0 tcontext=u:r:vndservicemanager:s0 tclass=file permissive=1
01-01 08:00:08.916 318 318 I pgrep : type=1400 audit(0.0:47): avc: denied { read } for scontext=u:r:toolbox:s0 tcontext=u:r:shell:s0 tclass=file permissive=1
01-01 08:00:08.916 318 318 I pgrep : type=1400 audit(0.0:48): avc: denied { read } for scontext=u:r:toolbox:s0 tcontext=u:r:vold:s0 tclass=file permissive=1
01-01 08:00:08.916 318 318 I pgrep : type=1400 audit(0.0:49): avc: denied { read } for scontext=u:r:toolbox:s0 tcontext=u:r:system_suspend:s0 tclass=file permissive=1
01-01 08:00:08.916 318 318 I pgrep : type=1400 audit(0.0:50): avc: denied { read } for scontext=u:r:toolbox:s0 tcontext=u:r:keystore:s0 tclass=file permissive=1
01-01 08:00:08.916 318 318 I pgrep : type=1400 audit(0.0:51): avc: denied { read } for scontext=u:r:toolbox:s0 tcontext=u:r:hal_bootctl_default:s0 tclass=file permissive=1
01-01 08:00:08.916 318 318 I pgrep : type=1400 audit(0.0:52): avc: denied { read } for scontext=u:r:toolbox:s0 tcontext=u:r:hal_keymint_default:s0 tclass=file permissive=1
01-01 08:00:08.916 318 318 I pgrep : type=1400 audit(0.0:53): avc: denied { read } for scontext=u:r:toolbox:s0 tcontext=u:r:tee:s0 tclass=file permissive=1
01-01 08:00:08.916 318 318 I pgrep : type=1400 audit(0.0:54): avc: denied { read } for scontext=u:r:toolbox:s0 tcontext=u:r:tombstoned:s0 tclass=file permissive=1
01-01 08:00:08.916 318 318 I pgrep : type=1400 audit(0.0:55): avc: denied { read } for scontext=u:r:toolbox:s0 tcontext=u:r:statsd:s0 tclass=file permissive=1
01-01 08:00:08.916 318 318 I pgrep : type=1400 audit(0.0:56): avc: denied { read } for scontext=u:r:toolbox:s0 tcontext=u:r:netd:s0 tclass=file permissive=1
01-01 08:00:08.916 318 318 I pgrep : type=1400 audit(0.0:57): avc: denied { read } for scontext=u:r:toolbox:s0 tcontext=u:r:zygote:s0 tclass=file permissive=1
01-01 08:00:08.916 318 318 I pgrep : type=1400 audit(0.0:58): avc: denied { read } for scontext=u:r:toolbox:s0 tcontext=u:r:hal_allocator_default:s0 tclass=file permissive=1
01-01 08:00:08.916 318 318 I pgrep : type=1400 audit(0.0:59): avc: denied { read } for scontext=u:r:toolbox:s0 tcontext=u:r:hal_audio_default:s0 tclass=file permissive=1
01-01 08:00:08.916 318 318 I pgrep : type=1400 audit(0.0:60): avc: denied { read } for scontext=u:r:toolbox:s0 tcontext=u:r:hal_bluetooth_default:s0 tclass=file permissive=1
01-01 08:00:08.916 318 318 I pgrep : type=1400 audit(0.0:61): avc: denied { read } for scontext=u:r:toolbox:s0 tcontext=u:r:hal_camera_default:s0 tclass=file permissive=1
01-01 08:00:08.916 318 318 I pgrep : type=1400 audit(0.0:62): avc: denied { read } for scontext=u:r:toolbox:s0 tcontext=u:r:hal_cas_default:s0 tclass=file permissive=1
01-01 08:00:08.916 317 317 I xiriservice_All: type=1400 audit(0.0:63): avc: denied { read } for name="lib" dev="mmcblk0p25" ino=59379 scontext=u:r:init:s0 tcontext=u:object_r:app_data_file:s0:c512,c768 tclass=lnk_file permissive=1
01-01 08:00:08.916 318 318 I pgrep : type=1400 audit(0.0:64): avc: denied { read } for scontext=u:r:toolbox:s0 tcontext=u:r:hal_gatekeeper_default:s0 tclass=file permissive=1
01-01 08:00:08.916 318 318 I pgrep : type=1400 audit(0.0:65): avc: denied { read } for scontext=u:r:toolbox:s0 tcontext=u:r:hal_graphics_allocator_default:s0 tclass=file permissive=1
01-01 08:00:08.916 318 318 I pgrep : type=1400 audit(0.0:66): avc: denied { read } for scontext=u:r:toolbox:s0 tcontext=u:r:hal_graphics_composer_default:s0 tclass=file permissive=1
01-01 08:00:08.916 318 318 I pgrep : type=1400 audit(0.0:67): avc: denied { read } for scontext=u:r:toolbox:s0 tcontext=u:r:hal_health_default:s0 tclass=file permissive=1
01-01 08:00:08.916 318 318 I pgrep : type=1400 audit(0.0:68): avc: denied { read } for scontext=u:r:toolbox:s0 tcontext=u:r:hal_light_default:s0 tclass=file permissive=1
01-01 08:00:08.916 318 318 I pgrep : type=1400 audit(0.0:69): avc: denied { read } for scontext=u:r:toolbox:s0 tcontext=u:r:hal_power_default:s0 tclass=file permissive=1
01-01 08:00:08.916 318 318 I pgrep : type=1400 audit(0.0:70): avc: denied { read } for scontext=u:r:toolbox:s0 tcontext=u:r:hal_tv_cec_default:s0 tclass=file permissive=1
01-01 08:00:08.916 318 318 I pgrep : type=1400 audit(0.0:71): avc: denied { read } for scontext=u:r:toolbox:s0 tcontext=u:r:hal_usb_impl:s0 tclass=file permissive=1
01-01 08:00:08.916 318 318 I pgrep : type=1400 audit(0.0:72): avc: denied { read } for scontext=u:r:toolbox:s0 tcontext=u:r:hal_awdisplayoutput_default:s0 tclass=file permissive=1
01-01 08:00:08.916 318 318 I pgrep : type=1400 audit(0.0:73): avc: denied { read } for scontext=u:r:toolbox:s0 tcontext=u:r:hal_rebootescrow_default:s0 tclass=file permissive=1
01-01 08:00:08.916 318 318 I pgrep : type=1400 audit(0.0:74): avc: denied { read } for scontext=u:r:toolbox:s0 tcontext=u:r:audioserver:s0 tclass=file permissive=1
01-01 08:00:08.916 318 318 I pgrep : type=1400 audit(0.0:75): avc: denied { read } for scontext=u:r:toolbox:s0 tcontext=u:r:credstore:s0 tclass=file permissive=1
01-01 08:00:08.916 318 318 I pgrep : type=1400 audit(0.0:76): avc: denied { read } for scontext=u:r:toolbox:s0 tcontext=u:r:gpuservice:s0 tclass=file permissive=1
01-01 08:00:08.916 318 318 I pgrep : type=1400 audit(0.0:77): avc: denied { read } for scontext=u:r:toolbox:s0 tcontext=u:r:surfaceflinger:s0 tclass=file permissive=1
01-01 08:00:08.916 318 318 I pgrep : type=1400 audit(0.0:78): avc: denied { read } for scontext=u:r:toolbox:s0 tcontext=u:r:pqd:s0 tclass=file permissive=1
01-01 08:00:08.916 318 318 I pgrep : type=1400 audit(0.0:79): avc: denied { read } for scontext=u:r:toolbox:s0 tcontext=u:r:onstartup:s0 tclass=file permissive=1
01-01 08:00:08.916 318 318 I pgrep : type=1400 audit(0.0:80): avc: denied { read } for scontext=u:r:toolbox:s0 tcontext=u:r:init:s0 tclass=file permissive=1
01-01 08:00:08.916 318 318 I pgrep : type=1400 audit(0.0:81): avc: denied { read } for scontext=u:r:toolbox:s0 tcontext=u:r:gsid:s0 tclass=file permissive=1
01-01 08:00:08.916 318 318 I pgrep : type=1400 audit(0.0:82): avc: denied { getattr } for path="/proc/169" dev="proc" ino=6549 scontext=u:r:toolbox:s0 tcontext=u:r:vendor_init:s0 tclass=dir permissive=1
01-01 08:00:08.916 318 318 I pgrep : type=1400 audit(0.0:83): avc: denied { read } for scontext=u:r:toolbox:s0 tcontext=u:r:vendor_init:s0 tclass=file permissive=1
01-01 08:00:08.916 318 318 I pgrep : type=1400 audit(0.0:84): avc: denied { search } for name="169" dev="proc" ino=6549 scontext=u:r:toolbox:s0 tcontext=u:r:vendor_init:s0 tclass=dir permissive=1
01-01 08:00:08.916 318 318 I pgrep : type=1400 audit(0.0:85): avc: denied { open } for path="/proc/169/stat" dev="proc" ino=10481 scontext=u:r:toolbox:s0 tcontext=u:r:vendor_init:s0 tclass=file permissive=1
01-01 08:00:08.916 318 318 I pgrep : type=1400 audit(0.0:86): avc: denied { getattr } for path="/proc/172" dev="proc" ino=6591 scontext=u:r:toolbox:s0 tcontext=u:r:ueventd:s0 tclass=dir permissive=1
01-01 08:00:08.916 318 318 I pgrep : type=1400 audit(0.0:87): avc: denied { search } for name="172" dev="proc" ino=6591 scontext=u:r:toolbox:s0 tcontext=u:r:ueventd:s0 tclass=dir permissive=1
01-01 08:00:08.916 318 318 I pgrep : type=1400 audit(0.0:88): avc: denied { open } for path="/proc/172/stat" dev="proc" ino=10482 scontext=u:r:toolbox:s0 tcontext=u:r:ueventd:s0 tclass=file permissive=1
01-01 08:00:08.916 318 318 I pgrep : type=1400 audit(0.0:89): avc: denied { getattr } for path="/proc/183" dev="proc" ino=1321 scontext=u:r:toolbox:s0 tcontext=u:r:logd:s0 tclass=dir permissive=1
01-01 08:00:08.916 318 318 I pgrep : type=1400 audit(0.0:90): avc: denied { search } for name="183" dev="proc" ino=1321 scontext=u:r:toolbox:s0 tcontext=u:r:logd:s0 tclass=dir permissive=1
01-01 08:00:08.916 318 318 I pgrep : type=1400 audit(0.0:91): avc: denied { open } for path="/proc/183/stat" dev="proc" ino=10484 scontext=u:r:toolbox:s0 tcontext=u:r:logd:s0 tclass=file permissive=1
01-01 08:00:08.916 318 318 I pgrep : type=1400 audit(0.0:92): avc: denied { getattr } for path="/proc/184" dev="proc" ino=6692 scontext=u:r:toolbox:s0 tcontext=u:r:lmkd:s0 tclass=dir permissive=1
01-01 08:00:08.916 318 318 I pgrep : type=1400 audit(0.0:93): avc: denied { read } for scontext=u:r:toolbox:s0 tcontext=u:r:lmkd:s0 tclass=file permissive=1
01-01 08:00:08.916 318 318 I pgrep : type=1400 audit(0.0:94): avc: denied { search } for name="184" dev="proc" ino=6692 scontext=u:r:toolbox:s0 tcontext=u:r:lmkd:s0 tclass=dir permissive=1
01-01 08:00:08.916 318 318 I pgrep : type=1400 audit(0.0:95): avc: denied { open } for path="/proc/184/stat" dev="proc" ino=10485 scontext=u:r:toolbox:s0 tcontext=u:r:lmkd:s0 tclass=file permissive=1
01-01 08:00:08.916 318 318 I pgrep : type=1400 audit(0.0:96): avc: denied { getattr } for path="/proc/185" dev="proc" ino=865 scontext=u:r:toolbox:s0 tcontext=u:r:servicemanager:s0 tclass=dir permissive=1
01-01 08:00:08.916 318 318 I pgrep : type=1400 audit(0.0:97): avc: denied { read } for scontext=u:r:toolbox:s0 tcontext=u:r:servicemanager:s0 tclass=file permissive=1
01-01 08:00:08.916 318 318 I pgrep : type=1400 audit(0.0:98): avc: denied { search } for name="185" dev="proc" ino=865 scontext=u:r:toolbox:s0 tcontext=u:r:servicemanager:s0 tclass=dir permissive=1
01-01 08:00:08.916 318 318 I pgrep : type=1400 audit(0.0:99): avc: denied { open } for path="/proc/185/stat" dev="proc" ino=10486 scontext=u:r:toolbox:s0 tcontext=u:r:servicemanager:s0 tclass=file permissive=1
01-01 08:00:08.916 318 318 I pgrep : type=1400 audit(0.0:100): avc: denied { getattr } for path="/proc/186" dev="proc" ino=1345 scontext=u:r:toolbox:s0 tcontext=u:r:hwservicemanager:s0 tclass=dir permissive=1
01-01 08:00:08.916 318 318 I pgrep : type=1400 audit(0.0:101): avc: denied { search } for name="186" dev="proc" ino=1345 scontext=u:r:toolbox:s0 tcontext=u:r:hwservicemanager:s0 tclass=dir permissive=1
01-01 08:00:08.916 318 318 I pgrep : type=1400 audit(0.0:102): avc: denied { open } for path="/proc/186/stat" dev="proc" ino=10487 scontext=u:r:toolbox:s0 tcontext=u:r:hwservicemanager:s0 tclass=file permissive=1
01-01 08:00:08.916 318 318 I pgrep : type=1400 audit(0.0:103): avc: denied { getattr } for path="/proc/187" dev="proc" ino=6707 scontext=u:r:toolbox:s0 tcontext=u:r:vndservicemanager:s0 tclass=dir permissive=1
01-01 08:00:08.916 318 318 I pgrep : type=1400 audit(0.0:104): avc: denied { search } for name="187" dev="proc" ino=6707 scontext=u:r:toolbox:s0 tcontext=u:r:vndservicemanager:s0 tclass=dir permissive=1
01-01 08:00:08.916 318 318 I pgrep : type=1400 audit(0.0:105): avc: denied { open } for path="/proc/187/stat" dev="proc" ino=10488 scontext=u:r:toolbox:s0 tcontext=u:r:vndservicemanager:s0 tclass=file permissive=1
01-01 08:00:08.916 318 318 I pgrep : type=1400 audit(0.0:106): avc: denied { getattr } for path="/proc/188" dev="proc" ino=2283 scontext=u:r:toolbox:s0 tcontext=u:r:shell:s0 tclass=dir permissive=1
01-01 08:00:08.916 318 318 I pgrep : type=1400 audit(0.0:107): avc: denied { read } for scontext=u:r:toolbox:s0 tcontext=u:r:shell:s0 tclass=file permissive=1
01-01 08:00:08.916 318 318 I pgrep : type=1400 audit(0.0:108): avc: denied { search } for name="188" dev="proc" ino=2283 scontext=u:r:toolbox:s0 tcontext=u:r:shell:s0 tclass=dir permissive=1
01-01 08:00:08.916 318 318 I pgrep : type=1400 audit(0.0:109): avc: denied { open } for path="/proc/188/stat" dev="proc" ino=10489 scontext=u:r:toolbox:s0 tcontext=u:r:shell:s0 tclass=file permissive=1
01-01 08:00:08.916 317 317 I xiriservice_All: type=1400 audit(0.0:110): avc: denied { search } for name="com.android.permissioncontroller" dev="mmcblk0p25" ino=551 scontext=u:r:init:s0 tcontext=u:object_r:privapp_data_file:s0:c73,c256,c512,c768 tclass=dir permissive=1
01-01 08:00:08.916 318 318 I pgrep : type=1400 audit(0.0:111): avc: denied { getattr } for path="/proc/191" dev="proc" ino=2305 scontext=u:r:toolbox:s0 tcontext=u:r:vold:s0 tclass=dir permissive=1
01-01 08:00:08.916 318 318 I pgrep : type=1400 audit(0.0:112): avc: denied { search } for name="191" dev="proc" ino=2305 scontext=u:r:toolbox:s0 tcontext=u:r:vold:s0 tclass=dir permissive=1
01-01 08:00:08.916 318 318 I pgrep : type=1400 audit(0.0:113): avc: denied { open } for path="/proc/191/stat" dev="proc" ino=10492 scontext=u:r:toolbox:s0 tcontext=u:r:vold:s0 tclass=file permissive=1
01-01 08:00:08.920 317 317 I xiriservice_All: type=1400 audit(0.0:114): avc: denied { read } for name="lib" dev="mmcblk0p25" ino=59352 scontext=u:r:init:s0 tcontext=u:object_r:privapp_data_file:s0:c512,c768 tclass=lnk_file permissive=1
01-01 08:00:08.924 318 318 I pgrep : type=1400 audit(0.0:115): avc: denied { getattr } for path="/proc/208" dev="proc" ino=6746 scontext=u:r:toolbox:s0 tcontext=u:r:system_suspend:s0 tclass=dir permissive=1
01-01 08:00:08.924 318 318 I pgrep : type=1400 audit(0.0:116): avc: denied { search } for name="208" dev="proc" ino=6746 scontext=u:r:toolbox:s0 tcontext=u:r:system_suspend:s0 tclass=dir permissive=1
01-01 08:00:08.924 318 318 I pgrep : type=1400 audit(0.0:117): avc: denied { open } for path="/proc/208/stat" dev="proc" ino=10497 scontext=u:r:toolbox:s0 tcontext=u:r:system_suspend:s0 tclass=file permissive=1
01-01 08:00:08.924 318 318 I pgrep : type=1400 audit(0.0:118): avc: denied { getattr } for path="/proc/209" dev="proc" ino=960 scontext=u:r:toolbox:s0 tcontext=u:r:keystore:s0 tclass=dir permissive=1
01-01 08:00:08.924 318 318 I pgrep : type=1400 audit(0.0:119): avc: denied { search } for name="209" dev="proc" ino=960 scontext=u:r:toolbox:s0 tcontext=u:r:keystore:s0 tclass=dir permissive=1
01-01 08:00:08.924 318 318 I pgrep : type=1400 audit(0.0:120): avc: denied { open } for path="/proc/209/stat" dev="proc" ino=10498 scontext=u:r:toolbox:s0 tcontext=u:r:keystore:s0 tclass=file permissive=1
01-01 08:00:08.924 318 318 I pgrep : type=1400 audit(0.0:121): avc: denied { getattr } for path="/proc/210" dev="proc" ino=2388 scontext=u:r:toolbox:s0 tcontext=u:r:hal_bootctl_default:s0 tclass=dir permissive=1
01-01 08:00:08.924 318 318 I pgrep : type=1400 audit(0.0:122): avc: denied { search } for name="210" dev="proc" ino=2388 scontext=u:r:toolbox:s0 tcontext=u:r:hal_bootctl_default:s0 tclass=dir permissive=1
01-01 08:00:08.924 318 318 I pgrep : type=1400 audit(0.0:123): avc: denied { open } for path="/proc/210/stat" dev="proc" ino=10499 scontext=u:r:toolbox:s0 tcontext=u:r:hal_bootctl_default:s0 tclass=file permissive=1
01-01 08:00:08.924 318 318 I pgrep : type=1400 audit(0.0:124): avc: denied { getattr } for path="/proc/211" dev="proc" ino=2394 scontext=u:r:toolbox:s0 tcontext=u:r:hal_keymint_default:s0 tclass=dir permissive=1
01-01 08:00:08.928 318 318 I pgrep : type=1400 audit(0.0:125): avc: denied { search } for name="211" dev="proc" ino=2394 scontext=u:r:toolbox:s0 tcontext=u:r:hal_keymint_default:s0 tclass=dir permissive=1
01-01 08:00:08.928 318 318 I pgrep : type=1400 audit(0.0:126): avc: denied { open } for path="/proc/211/stat" dev="proc" ino=10500 scontext=u:r:toolbox:s0 tcontext=u:r:hal_keymint_default:s0 tclass=file permissive=1
01-01 08:00:08.928 318 318 I pgrep : type=1400 audit(0.0:127): avc: denied { getattr } for path="/proc/212" dev="proc" ino=2400 scontext=u:r:toolbox:s0 tcontext=u:r:tee:s0 tclass=dir permissive=1
01-01 08:00:08.928 318 318 I pgrep : type=1400 audit(0.0:128): avc: denied { search } for name="212" dev="proc" ino=2400 scontext=u:r:toolbox:s0 tcontext=u:r:tee:s0 tclass=dir permissive=1
01-01 08:00:08.928 318 318 I pgrep : type=1400 audit(0.0:129): avc: denied { open } for path="/proc/212/stat" dev="proc" ino=10501 scontext=u:r:toolbox:s0 tcontext=u:r:tee:s0 tclass=file permissive=1
01-01 08:00:08.928 318 318 I pgrep : type=1400 audit(0.0:130): avc: denied { getattr } for path="/proc/224" dev="proc" ino=6799 scontext=u:r:toolbox:s0 tcontext=u:r:tombstoned:s0 tclass=dir permissive=1
01-01 08:00:08.928 317 317 I xiriservice_All: type=1400 audit(0.0:131): avc: denied { search } for name="com.android.internal.systemui.navbar.gestural_wide_back" dev="mmcblk0p25" ino=628 scontext=u:r:init:s0 tcontext=u:object_r:app_data_file:s0:c8,c256,c512,c768 tclass=dir permissive=1
01-01 08:00:08.928 318 318 I pgrep : type=1400 audit(0.0:132): avc: denied { search } for name="224" dev="proc" ino=6799 scontext=u:r:toolbox:s0 tcontext=u:r:tombstoned:s0 tclass=dir permissive=1
01-01 08:00:08.928 318 318 I pgrep : type=1400 audit(0.0:133): avc: denied { open } for path="/proc/224/stat" dev="proc" ino=10506 scontext=u:r:toolbox:s0 tcontext=u:r:tombstoned:s0 tclass=file permissive=1
01-01 08:00:08.928 320 320 I init : type=1400 audit(0.0:134): avc: denied { execute } for name="led_switch.sh" dev="dm-1" ino=129 scontext=u:r:init:s0 tcontext=u:object_r:vendor_file:s0 tclass=file permissive=1
01-01 08:00:08.928 318 318 I pgrep : type=1400 audit(0.0:135): avc: denied { getattr } for path="/proc/246" dev="proc" ino=1657 scontext=u:r:toolbox:s0 tcontext=u:r:statsd:s0 tclass=dir permissive=1
01-01 08:00:08.928 318 318 I pgrep : type=1400 audit(0.0:136): avc: denied { search } for name="246" dev="proc" ino=1657 scontext=u:r:toolbox:s0 tcontext=u:r:statsd:s0 tclass=dir permissive=1
01-01 08:00:08.928 318 318 I pgrep : type=1400 audit(0.0:137): avc: denied { open } for path="/proc/246/stat" dev="proc" ino=10507 scontext=u:r:toolbox:s0 tcontext=u:r:statsd:s0 tclass=file permissive=1
01-01 08:00:08.928 318 318 I pgrep : type=1400 audit(0.0:138): avc: denied { getattr } for path="/proc/247" dev="proc" ino=2662 scontext=u:r:toolbox:s0 tcontext=u:r:netd:s0 tclass=dir permissive=1
01-01 08:00:08.928 318 318 I pgrep : type=1400 audit(0.0:139): avc: denied { search } for name="247" dev="proc" ino=2662 scontext=u:r:toolbox:s0 tcontext=u:r:netd:s0 tclass=dir permissive=1
01-01 08:00:08.928 318 318 I pgrep : type=1400 audit(0.0:140): avc: denied { open } for path="/proc/247/stat" dev="proc" ino=10508 scontext=u:r:toolbox:s0 tcontext=u:r:netd:s0 tclass=file permissive=1
01-01 08:00:08.928 318 318 I pgrep : type=1400 audit(0.0:141): avc: denied { getattr } for path="/proc/248" dev="proc" ino=7245 scontext=u:r:toolbox:s0 tcontext=u:r:zygote:s0 tclass=dir permissive=1
01-01 08:00:08.928 318 318 I pgrep : type=1400 audit(0.0:142): avc: denied { search } for name="248" dev="proc" ino=7245 scontext=u:r:toolbox:s0 tcontext=u:r:zygote:s0 tclass=dir permissive=1
01-01 08:00:08.928 318 318 I pgrep : type=1400 audit(0.0:143): avc: denied { open } for path="/proc/248/stat" dev="proc" ino=10509 scontext=u:r:toolbox:s0 tcontext=u:r:zygote:s0 tclass=file permissive=1
01-01 08:00:08.928 318 318 I pgrep : type=1400 audit(0.0:144): avc: denied { getattr } for path="/proc/252" dev="proc" ino=7262 scontext=u:r:toolbox:s0 tcontext=u:r:hal_allocator_default:s0 tclass=dir permissive=1
01-01 08:00:08.928 318 318 I pgrep : type=1400 audit(0.0:145): avc: denied { search } for name="252" dev="proc" ino=7262 scontext=u:r:toolbox:s0 tcontext=u:r:hal_allocator_default:s0 tclass=dir permissive=1
01-01 08:00:08.928 318 318 I pgrep : type=1400 audit(0.0:146): avc: denied { open } for path="/proc/252/stat" dev="proc" ino=10510 scontext=u:r:toolbox:s0 tcontext=u:r:hal_allocator_default:s0 tclass=file permissive=1
01-01 08:00:08.928 318 318 I pgrep : type=1400 audit(0.0:147): avc: denied { getattr } for path="/proc/253" dev="proc" ino=1708 scontext=u:r:toolbox:s0 tcontext=u:r:hal_audio_default:s0 tclass=dir permissive=1
01-01 08:00:08.928 318 318 I pgrep : type=1400 audit(0.0:148): avc: denied { search } for name="253" dev="proc" ino=1708 scontext=u:r:toolbox:s0 tcontext=u:r:hal_audio_default:s0 tclass=dir permissive=1
01-01 08:00:08.940 248 248 D AndroidRuntime: >>>>>> START com.android.internal.os.ZygoteInit uid 0 <<<<<<
01-01 08:00:08.928 318 318 I pgrep : type=1400 audit(0.0:149): avc: denied { open } for path="/proc/253/stat" dev="proc" ino=10511 scontext=u:r:toolbox:s0 tcontext=u:r:hal_audio_default:s0 tclass=file permissive=1
01-01 08:00:08.928 318 318 I pgrep : type=1400 audit(0.0:150): avc: denied { getattr } for path="/proc/254" dev="proc" ino=7279 scontext=u:r:toolbox:s0 tcontext=u:r:hal_bluetooth_default:s0 tclass=dir permissive=1
01-01 08:00:08.928 318 318 I pgrep : type=1400 audit(0.0:151): avc: denied { search } for name="254" dev="proc" ino=7279 scontext=u:r:toolbox:s0 tcontext=u:r:hal_bluetooth_default:s0 tclass=dir permissive=1
01-01 08:00:08.928 318 318 I pgrep : type=1400 audit(0.0:152): avc: denied { open } for path="/proc/254/stat" dev="proc" ino=10512 scontext=u:r:toolbox:s0 tcontext=u:r:hal_bluetooth_default:s0 tclass=file permissive=1
01-01 08:00:08.928 318 318 I pgrep : type=1400 audit(0.0:153): avc: denied { getattr } for path="/proc/255" dev="proc" ino=7285 scontext=u:r:toolbox:s0 tcontext=u:r:hal_camera_default:s0 tclass=dir permissive=1
01-01 08:00:08.928 318 318 I pgrep : type=1400 audit(0.0:154): avc: denied { search } for name="255" dev="proc" ino=7285 scontext=u:r:toolbox:s0 tcontext=u:r:hal_camera_default:s0 tclass=dir permissive=1
01-01 08:00:08.928 318 318 I pgrep : type=1400 audit(0.0:155): avc: denied { open } for path="/proc/255/stat" dev="proc" ino=10513 scontext=u:r:toolbox:s0 tcontext=u:r:hal_camera_default:s0 tclass=file permissive=1
01-01 08:00:08.928 318 318 I pgrep : type=1400 audit(0.0:156): avc: denied { getattr } for path="/proc/256" dev="proc" ino=2938 scontext=u:r:toolbox:s0 tcontext=u:r:hal_cas_default:s0 tclass=dir permissive=1
01-01 08:00:08.928 318 318 I pgrep : type=1400 audit(0.0:157): avc: denied { search } for name="256" dev="proc" ino=2938 scontext=u:r:toolbox:s0 tcontext=u:r:hal_cas_default:s0 tclass=dir permissive=1
01-01 08:00:08.928 318 318 I pgrep : type=1400 audit(0.0:158): avc: denied { open } for path="/proc/256/stat" dev="proc" ino=10514 scontext=u:r:toolbox:s0 tcontext=u:r:hal_cas_default:s0 tclass=file permissive=1
01-01 08:00:08.928 318 318 I pgrep : type=1400 audit(0.0:159): avc: denied { getattr } for path="/proc/260" dev="proc" ino=7060 scontext=u:r:toolbox:s0 tcontext=u:r:hal_gatekeeper_default:s0 tclass=dir permissive=1
01-01 08:00:08.928 318 318 I pgrep : type=1400 audit(0.0:160): avc: denied { search } for name="260" dev="proc" ino=7060 scontext=u:r:toolbox:s0 tcontext=u:r:hal_gatekeeper_default:s0 tclass=dir permissive=1
01-01 08:00:08.928 318 318 I pgrep : type=1400 audit(0.0:161): avc: denied { open } for path="/proc/260/stat" dev="proc" ino=10517 scontext=u:r:toolbox:s0 tcontext=u:r:hal_gatekeeper_default:s0 tclass=file permissive=1
01-01 08:00:08.928 317 317 I xiriservice_All: type=1400 audit(0.0:162): avc: denied { search } for name="com.sohu.inputmethod.sogou.tv" dev="mmcblk0p25" ino=1406 scontext=u:r:init:s0 tcontext=u:object_r:app_data_file:s0:c48,c256,c512,c768 tclass=dir permissive=1
01-01 08:00:08.932 318 318 I pgrep : type=1400 audit(0.0:163): avc: denied { getattr } for path="/proc/261" dev="proc" ino=7071 scontext=u:r:toolbox:s0 tcontext=u:r:hal_graphics_allocator_default:s0 tclass=dir permissive=1
01-01 08:00:08.932 318 318 I pgrep : type=1400 audit(0.0:164): avc: denied { search } for name="261" dev="proc" ino=7071 scontext=u:r:toolbox:s0 tcontext=u:r:hal_graphics_allocator_default:s0 tclass=dir permissive=1
01-01 08:00:08.932 318 318 I pgrep : type=1400 audit(0.0:165): avc: denied { open } for path="/proc/261/stat" dev="proc" ino=10518 scontext=u:r:toolbox:s0 tcontext=u:r:hal_graphics_allocator_default:s0 tclass=file permissive=1
01-01 08:00:08.932 317 317 I xiriservice_All: type=1400 audit(0.0:166): avc: denied { read } for name="lib" dev="mmcblk0p25" ino=59360 scontext=u:r:init:s0 tcontext=u:object_r:app_data_file:s0:c48,c256,c512,c768 tclass=lnk_file permissive=1
01-01 08:00:08.932 318 318 I pgrep : type=1400 audit(0.0:167): avc: denied { getattr } for path="/proc/262" dev="proc" ino=1775 scontext=u:r:toolbox:s0 tcontext=u:r:hal_graphics_composer_default:s0 tclass=dir permissive=1
01-01 08:00:08.932 318 318 I pgrep : type=1400 audit(0.0:168): avc: denied { search } for name="262" dev="proc" ino=1775 scontext=u:r:toolbox:s0 tcontext=u:r:hal_graphics_composer_default:s0 tclass=dir permissive=1
01-01 08:00:08.932 318 318 I pgrep : type=1400 audit(0.0:169): avc: denied { open } for path="/proc/262/stat" dev="proc" ino=10519 scontext=u:r:toolbox:s0 tcontext=u:r:hal_graphics_composer_default:s0 tclass=file permissive=1
01-01 08:00:08.932 318 318 I pgrep : type=1400 audit(0.0:170): avc: denied { getattr } for path="/proc/265" dev="proc" ino=7088 scontext=u:r:toolbox:s0 tcontext=u:r:hal_health_default:s0 tclass=dir permissive=1
01-01 08:00:08.932 318 318 I pgrep : type=1400 audit(0.0:171): avc: denied { search } for name="265" dev="proc" ino=7088 scontext=u:r:toolbox:s0 tcontext=u:r:hal_health_default:s0 tclass=dir permissive=1
01-01 08:00:08.932 318 318 I pgrep : type=1400 audit(0.0:172): avc: denied { open } for path="/proc/265/stat" dev="proc" ino=10520 scontext=u:r:toolbox:s0 tcontext=u:r:hal_health_default:s0 tclass=file permissive=1
01-01 08:00:08.932 318 318 I pgrep : type=1400 audit(0.0:173): avc: denied { getattr } for path="/proc/266" dev="proc" ino=1821 scontext=u:r:toolbox:s0 tcontext=u:r:hal_light_default:s0 tclass=dir permissive=1
01-01 08:00:08.932 317 317 I xiriservice_All: type=1400 audit(0.0:174): avc: denied { search } for name="com.android.htmlviewer" dev="mmcblk0p25" ino=699 scontext=u:r:init:s0 tcontext=u:object_r:app_data_file:s0:c35,c256,c512,c768 tclass=dir permissive=1
01-01 08:00:08.932 318 318 I pgrep : type=1400 audit(0.0:175): avc: denied { search } for name="266" dev="proc" ino=1821 scontext=u:r:toolbox:s0 tcontext=u:r:hal_light_default:s0 tclass=dir permissive=1
01-01 08:00:08.932 318 318 I pgrep : type=1400 audit(0.0:177): avc: denied { open } for path="/proc/266/stat" dev="proc" ino=10521 scontext=u:r:toolbox:s0 tcontext=u:r:hal_light_default:s0 tclass=file permissive=1
01-01 08:00:08.932 317 317 I xiriservice_All: type=1400 audit(0.0:176): avc: denied { search } for name="com.android.companiondevicemanager" dev="mmcblk0p25" ino=707 scontext=u:r:init:s0 tcontext=u:object_r:app_data_file:s0:c37,c256,c512,c768 tclass=dir permissive=1
01-01 08:00:08.932 317 317 I xiriservice_All: type=1400 audit(0.0:178): avc: denied { search } for name="com.android.providers.tv" dev="mmcblk0p25" ino=723 scontext=u:r:init:s0 tcontext=u:object_r:privapp_data_file:s0:c512,c768 tclass=dir permissive=1
01-01 08:00:08.932 318 318 I pgrep : type=1400 audit(0.0:179): avc: denied { getattr } for path="/proc/267" dev="proc" ino=7381 scontext=u:r:toolbox:s0 tcontext=u:r:hal_power_default:s0 tclass=dir permissive=1
01-01 08:00:08.932 318 318 I pgrep : type=1400 audit(0.0:180): avc: denied { search } for name="267" dev="proc" ino=7381 scontext=u:r:toolbox:s0 tcontext=u:r:hal_power_default:s0 tclass=dir permissive=1
01-01 08:00:08.932 318 318 I pgrep : type=1400 audit(0.0:181): avc: denied { open } for path="/proc/267/stat" dev="proc" ino=10522 scontext=u:r:toolbox:s0 tcontext=u:r:hal_power_default:s0 tclass=file permissive=1
01-01 08:00:08.932 317 317 I xiriservice_All: type=1400 audit(0.0:182): avc: denied { search } for name="com.android.internal.systemui.onehanded.gestural" dev="mmcblk0p25" ino=731 scontext=u:r:init:s0 tcontext=u:object_r:app_data_file:s0:c6,c256,c512,c768 tclass=dir permissive=1
01-01 08:00:08.932 318 318 I pgrep : type=1400 audit(0.0:183): avc: denied { getattr } for path="/proc/268" dev="proc" ino=7150 scontext=u:r:toolbox:s0 tcontext=u:r:hal_tv_cec_default:s0 tclass=dir permissive=1
01-01 08:00:08.932 318 318 I pgrep : type=1400 audit(0.0:184): avc: denied { search } for name="268" dev="proc" ino=7150 scontext=u:r:toolbox:s0 tcontext=u:r:hal_tv_cec_default:s0 tclass=dir permissive=1
01-01 08:00:08.932 318 318 I pgrep : type=1400 audit(0.0:185): avc: denied { open } for path="/proc/268/stat" dev="proc" ino=10523 scontext=u:r:toolbox:s0 tcontext=u:r:hal_tv_cec_default:s0 tclass=file permissive=1
01-01 08:00:08.932 318 318 I pgrep : type=1400 audit(0.0:186): avc: denied { getattr } for path="/proc/269" dev="proc" ino=1817 scontext=u:r:toolbox:s0 tcontext=u:r:hal_usb_impl:s0 tclass=dir permissive=1
01-01 08:00:08.932 320 320 I init : type=1400 audit(0.0:187): avc: denied { execute_no_trans } for path="/vendor/bin/led_switch.sh" dev="dm-1" ino=129 scontext=u:r:init:s0 tcontext=u:object_r:vendor_file:s0 tclass=file permissive=1
01-01 08:00:08.932 318 318 I pgrep : type=1400 audit(0.0:188): avc: denied { search } for name="269" dev="proc" ino=1817 scontext=u:r:toolbox:s0 tcontext=u:r:hal_usb_impl:s0 tclass=dir permissive=1
01-01 08:00:08.932 318 318 I pgrep : type=1400 audit(0.0:189): avc: denied { open } for path="/proc/269/stat" dev="proc" ino=10525 scontext=u:r:toolbox:s0 tcontext=u:r:hal_usb_impl:s0 tclass=file permissive=1
01-01 08:00:08.932 317 317 I xiriservice_All: type=1400 audit(0.0:190): avc: denied { read } for name="lib" dev="mmcblk0p25" ino=59364 scontext=u:r:init:s0 tcontext=u:object_r:app_data_file:s0:c512,c768 tclass=lnk_file permissive=1
01-01 08:00:08.932 318 318 I pgrep : type=1400 audit(0.0:191): avc: denied { getattr } for path="/proc/270" dev="proc" ino=1823 scontext=u:r:toolbox:s0 tcontext=u:r:hal_awdisplayoutput_default:s0 tclass=dir permissive=1
01-01 08:00:08.936 318 318 I pgrep : type=1400 audit(0.0:192): avc: denied { search } for name="270" dev="proc" ino=1823 scontext=u:r:toolbox:s0 tcontext=u:r:hal_awdisplayoutput_default:s0 tclass=dir permissive=1
01-01 08:00:08.936 318 318 I pgrep : type=1400 audit(0.0:193): avc: denied { open } for path="/proc/270/stat" dev="proc" ino=10527 scontext=u:r:toolbox:s0 tcontext=u:r:hal_awdisplayoutput_default:s0 tclass=file permissive=1
01-01 08:00:08.936 318 318 I pgrep : type=1400 audit(0.0:194): avc: denied { getattr } for path="/proc/271" dev="proc" ino=8201 scontext=u:r:toolbox:s0 tcontext=u:r:hal_rebootescrow_default:s0 tclass=dir permissive=1
01-01 08:00:08.936 318 318 I pgrep : type=1400 audit(0.0:195): avc: denied { search } for name="271" dev="proc" ino=8201 scontext=u:r:toolbox:s0 tcontext=u:r:hal_rebootescrow_default:s0 tclass=dir permissive=1
01-01 08:00:08.936 318 318 I pgrep : type=1400 audit(0.0:196): avc: denied { open } for path="/proc/271/stat" dev="proc" ino=10528 scontext=u:r:toolbox:s0 tcontext=u:r:hal_rebootescrow_default:s0 tclass=file permissive=1
01-01 08:00:08.936 318 318 I pgrep : type=1400 audit(0.0:197): avc: denied { getattr } for path="/proc/273" dev="proc" ino=9235 scontext=u:r:toolbox:s0 tcontext=u:r:audioserver:s0 tclass=dir permissive=1
01-01 08:00:08.936 318 318 I pgrep : type=1400 audit(0.0:198): avc: denied { search } for name="273" dev="proc" ino=9235 scontext=u:r:toolbox:s0 tcontext=u:r:audioserver:s0 tclass=dir permissive=1
01-01 08:00:08.936 318 318 I pgrep : type=1400 audit(0.0:199): avc: denied { open } for path="/proc/273/stat" dev="proc" ino=10529 scontext=u:r:toolbox:s0 tcontext=u:r:audioserver:s0 tclass=file permissive=1
01-01 08:00:08.936 318 318 I pgrep : type=1400 audit(0.0:200): avc: denied { getattr } for path="/proc/275" dev="proc" ino=8225 scontext=u:r:toolbox:s0 tcontext=u:r:credstore:s0 tclass=dir permissive=1
01-01 08:00:08.936 318 318 I pgrep : type=1400 audit(0.0:201): avc: denied { search } for name="275" dev="proc" ino=8225 scontext=u:r:toolbox:s0 tcontext=u:r:credstore:s0 tclass=dir permissive=1
