01-01 08:00:09.676 262 305 D sunxihwc: getHdrCapabilities: getHdrCapabilities: support hdr10 and hlg
01-01 08:00:09.676 278 278 W HwcComposer: getPerFrameMetadataKeys failed with 8
01-01 08:00:09.681 261 261 I gralloc : alloc buffer:W:1920 H:1080 S:1920 PL[1920 1080] SZ:8294400 fmt:1 if:0 af:1 usg:1b00 fg:00000004
01-01 08:00:09.682 262 381 I sunxihwc: threadLoop: set CommitThread priority as HAL_PRIORITY_URGENT_DISPLAY
01-01 08:00:09.686 261 310 I gralloc : alloc buffer:W:1920 H:1080 S:1920 PL[1920 1080] SZ:8294400 fmt:1 if:0 af:1 usg:1b00 fg:00000004
01-01 08:00:09.687 278 278 I SurfaceFlinger: Dispatching display hotplug event displayId=0, connected=1
01-01 08:00:09.688 262 382 I sunxihwc: pollThreadLoop: polling VsyncThread start
01-01 08:00:09.701 278 389 W SurfaceFlinger: Failed to set thread name on dispatch thread
01-01 08:00:09.703 370 370 I wificond: wificond is starting up...
01-01 08:00:09.717 370 370 E cutils-trace: Error opening trace file: No such file or directory (2)
01-01 08:00:09.725 378 378 D dom2reg : timezone change, new: Etc/GMT-8, pre:
01-01 08:00:09.726 378 378 W dom2reg : timezone [Etc/GMT-8] not in default tables, please check!
01-01 08:00:09.737 370 370 I HidlServiceManagement: Registered android.system.wifi.keystore@1.0::IKeystore/default
01-01 08:00:09.746 380 380 D WifiHWInfo: Start to load wireless module hardware info table...
01-01 08:00:09.758 380 380 D WifiHWInfo: Entry [01], BUS: SDIO, ID: 0x024C8179, Name: rtl8189es.
01-01 08:00:09.758 380 380 D WifiHWInfo: Entry [02], BUS: SDIO, ID: 0x024CB723, Name: rtl8723bs_vq0.
01-01 08:00:09.758 380 380 D WifiHWInfo: Entry [03], BUS: SDIO, ID: 0x024CB703, Name: rtl8723cs.
01-01 08:00:09.758 380 380 D WifiHWInfo: Entry [04], BUS: SDIO, ID: 0x024CD723, Name: rtl8723ds.
01-01 08:00:09.758 380 380 D WifiHWInfo: Entry [05], BUS: SDIO, ID: 0x024CF179, Name: rtl8189fs.
01-01 08:00:09.758 380 380 D WifiHWInfo: Entry [06], BUS: SDIO, ID: 0x024CB822, Name: rtl88x2bs.
01-01 08:00:09.758 380 380 D WifiHWInfo: Entry [07], BUS: USB, ID: 0x0BDAD723, Name: rtl8723du.
01-01 08:00:09.758 380 380 D WifiHWInfo: Entry [08], BUS: USB, ID: 0x0BDA8179, Name: rtl8188etv.
01-01 08:00:09.758 380 380 D WifiHWInfo: Entry [09], BUS: USB, ID: 0x0BDA0179, Name: rtl8188eu.
01-01 08:00:09.758 380 380 D WifiHWInfo: Entry [10], BUS: USB, ID: 0x0BDA818B, Name: rtl8192eu.
01-01 08:00:09.758 380 380 D WifiHWInfo: Entry [11], BUS: USB, ID: 0x0BDAB720, Name: rtl8723bu.
01-01 08:00:09.758 380 380 D WifiHWInfo: Entry [12], BUS: USB, ID: 0x0BDAC82C, Name: rtl8822cu.
01-01 08:00:09.758 380 380 D WifiHWInfo: Entry [13], BUS: USB, ID: 0x0BDAF179, Name: rtl8188fu.
01-01 08:00:09.758 380 380 D WifiHWInfo: Entry [14], BUS: SDIO, ID: 0x02D0A9A6, Name: ap6212.
01-01 08:00:09.758 380 380 D WifiHWInfo: Entry [15], BUS: SDIO, ID: 0x02D04330, Name: ap6330.
01-01 08:00:09.759 380 380 D WifiHWInfo: Entry [16], BUS: SDIO, ID: 0x02D04356, Name: ap6356s.
01-01 08:00:09.759 380 380 D WifiHWInfo: Entry [17], BUS: SDIO, ID: 0x02D0A9BF, Name: ap6255.
01-01 08:00:09.759 380 380 D WifiHWInfo: Entry [18], BUS: SDIO, ID: 0x02D04334, Name: bcm43342.
01-01 08:00:09.759 380 380 D WifiHWInfo: Entry [19], BUS: SDIO, ID: 0x00202281, Name: xr819.
01-01 08:00:09.759 380 380 D WifiHWInfo: Entry [20], BUS: SDIO, ID: 0x0A9E2282, Name: xr829.
01-01 08:00:09.759 380 380 D WifiHWInfo: Entry [21], BUS: SDIO, ID: 0x0271050A, Name: qca6174a.
01-01 08:00:09.759 380 380 D WifiHWInfo: Entry [22], BUS: SDIO, ID: 0x30303030, Name: ssv6x5x.
01-01 08:00:09.759 380 380 D WifiHWInfo: Entry [23], BUS: SDIO, ID: 0x00000000, Name: uwe5621.
01-01 08:00:09.760 380 380 D WifiHWInfo: Entry [24], BUS: SDIO, ID: 0x54490145, Name: aic8800.
01-01 08:00:09.761 380 380 D WifiHWInfo: Entry [25], BUS: SDIO, ID: 0xC8A1C08D, Name: aic8800.
01-01 08:00:09.761 380 380 D WifiHWInfo: Entry [26], BUS: USB, ID: 0xA69C8800, Name: aic8800.
01-01 08:00:09.761 380 380 D WifiHWInfo: Entry [27], BUS: USB, ID: 0x007A8888, Name: atbm6023is.
01-01 08:00:09.761 380 380 D WifiHWInfo: Entry [28], BUS: SDIO, ID: 0x02E79086, Name: 9012p.
01-01 08:00:09.761 380 380 D WifiHWInfo: Entry [29], BUS: SDIO, ID: 0x007A6011, Name: atbm613x_wifi_sdio.
01-01 08:00:09.761 380 380 D WifiHWInfo: Entry [30], BUS: SDIO, ID: 0x024CC822, Name: 88x2cs.
01-01 08:00:09.761 380 380 D WifiHWInfo: Entry [31], BUS: SDIO, ID: 0x000018F0, Name: dummy.
01-01 08:00:09.761 380 380 D HWINFO : ********** Wireless information **********
01-01 08:00:09.762 380 380 D HWINFO : module vendor: sprd
01-01 08:00:09.762 380 380 D HWINFO : module name : uwe5621
01-01 08:00:09.762 380 380 D HWINFO : wifi hal name: libwifi-hal-sprd.so
01-01 08:00:09.762 380 380 D HWINFO : libbt-vendor : libbt-sprd.so
01-01 08:00:09.762 380 380 D HWINFO : is bt support: 1
01-01 08:00:09.762 380 380 D HWINFO : ******************************************
01-01 08:00:09.837 248 248 D zygote : Time zone APEX ICU file found: /apex/com.android.tzdata/etc/icu/icu_tzdata.dat
01-01 08:00:09.840 248 248 D zygote : I18n APEX ICU file found: /apex/com.android.i18n/etc/icu/icudt68l.dat
01-01 08:00:09.906 373 373 I android.hardware.media.omx@1.0-service: mediacodecservice starting
01-01 08:00:09.924 373 373 W android.hardware.media.omx@1.0-service: Could not read additional policy file '/vendor/etc/seccomp_policy/mediacodec.policy'
01-01 08:00:09.925 373 373 W android.hardware.media.omx@1.0-service: libminijail[373]: failed to get path of fd 4: No such file or directory
01-01 08:00:09.925 373 373 W android.hardware.media.omx@1.0-service: libminijail[373]: allowing syscall: clock_gettime
01-01 08:00:09.925 373 373 W android.hardware.media.omx@1.0-service: libminijail[373]: allowing syscall: connect
01-01 08:00:09.925 373 373 W android.hardware.media.omx@1.0-service: libminijail[373]: allowing syscall: fcntl64
01-01 08:00:09.925 373 373 W android.hardware.media.omx@1.0-service: libminijail[373]: allowing syscall: socket
01-01 08:00:09.925 373 373 W android.hardware.media.omx@1.0-service: libminijail[373]: allowing syscall: writev
01-01 08:00:09.926 373 373 W android.hardware.media.omx@1.0-service: libminijail[373]: compile_file: (59): syscall getrandom redefined here
01-01 08:00:09.926 373 373 W android.hardware.media.omx@1.0-service: libminijail[373]: compile_file: (15): previous definition here
01-01 08:00:09.928 1 1 I init : type=1400 audit(0.0:306): avc: denied { add_name } for name="panic" scontext=u:r:init:s0 tcontext=u:object_r:sysfs:s0 tclass=dir permissive=1
01-01 08:00:09.932 373 373 W android.hardware.media.omx@1.0-service: libminijail[373]: compile_file: /system/etc/seccomp_policy/crash_dump.arm.policy(1): syscall read redefined here
01-01 08:00:09.932 373 373 W android.hardware.media.omx@1.0-service: libminijail[373]: compile_file: (9): previous definition here
01-01 08:00:09.932 373 373 W android.hardware.media.omx@1.0-service: libminijail[373]: compile_file: /system/etc/seccomp_policy/crash_dump.arm.policy(2): syscall write redefined here
01-01 08:00:09.932 373 373 W android.hardware.media.omx@1.0-service: libminijail[373]: compile_file: (5): previous definition here
01-01 08:00:09.932 373 373 W android.hardware.media.omx@1.0-service: libminijail[373]: compile_file: /system/etc/seccomp_policy/crash_dump.arm.policy(3): syscall exit redefined here
01-01 08:00:09.933 373 373 W android.hardware.media.omx@1.0-service: libminijail[373]: compile_file: (40): previous definition here
01-01 08:00:09.933 373 373 W android.hardware.media.omx@1.0-service: libminijail[373]: compile_file: /system/etc/seccomp_policy/crash_dump.arm.policy(4): syscall rt_sigreturn redefined here
01-01 08:00:09.933 373 373 W android.hardware.media.omx@1.0-service: libminijail[373]: compile_file: (45): previous definition here
01-01 08:00:09.933 373 373 W android.hardware.media.omx@1.0-service: libminijail[373]: compile_file: /system/etc/seccomp_policy/crash_dump.arm.policy(6): syscall exit_group redefined here
01-01 08:00:09.933 373 373 W android.hardware.media.omx@1.0-service: libminijail[373]: compile_file: (44): previous definition here
01-01 08:00:09.933 373 373 W android.hardware.media.omx@1.0-service: libminijail[373]: compile_file: /system/etc/seccomp_policy/crash_dump.arm.policy(7): syscall clock_gettime redefined here
01-01 08:00:09.933 373 373 W android.hardware.media.omx@1.0-service: libminijail[373]: compile_file: (7): previous definition here
01-01 08:00:09.933 373 373 W android.hardware.media.omx@1.0-service: libminijail[373]: compile_file: /system/etc/seccomp_policy/crash_dump.arm.policy(8): syscall gettimeofday redefined here
01-01 08:00:09.933 373 373 W android.hardware.media.omx@1.0-service: libminijail[373]: compile_file: (47): previous definition here
01-01 08:00:09.933 373 373 W android.hardware.media.omx@1.0-service: libminijail[373]: compile_file: /system/etc/seccomp_policy/crash_dump.arm.policy(9): syscall futex redefined here
01-01 08:00:09.933 373 373 W android.hardware.media.omx@1.0-service: libminijail[373]: compile_file: (3): previous definition here
01-01 08:00:09.934 373 373 W android.hardware.media.omx@1.0-service: libminijail[373]: compile_file: /system/etc/seccomp_policy/crash_dump.arm.policy(10): syscall getrandom redefined here
01-01 08:00:09.934 373 373 W android.hardware.media.omx@1.0-service: libminijail[373]: compile_file: (15): previous definition here
01-01 08:00:09.934 373 373 W android.hardware.media.omx@1.0-service: libminijail[373]: compile_file: /system/etc/seccomp_policy/crash_dump.arm.policy(13): syscall ppoll redefined here
01-01 08:00:09.934 373 373 W android.hardware.media.omx@1.0-service: libminijail[373]: compile_file: (13): previous definition here
01-01 08:00:09.934 373 373 W android.hardware.media.omx@1.0-service: libminijail[373]: compile_file: /system/etc/seccomp_policy/crash_dump.arm.policy(14): syscall pipe2 redefined here
01-01 08:00:09.934 373 373 W android.hardware.media.omx@1.0-service: libminijail[373]: compile_file: (46): previous definition here
01-01 08:00:09.934 373 373 W android.hardware.media.omx@1.0-service: libminijail[373]: compile_file: /system/etc/seccomp_policy/crash_dump.arm.policy(15): syscall openat redefined here
01-01 08:00:09.934 373 373 W android.hardware.media.omx@1.0-service: libminijail[373]: compile_file: (30): previous definition here
01-01 08:00:09.934 373 373 W android.hardware.media.omx@1.0-service: libminijail[373]: compile_file: /system/etc/seccomp_policy/crash_dump.arm.policy(16): syscall dup redefined here
01-01 08:00:09.934 373 373 W android.hardware.media.omx@1.0-service: libminijail[373]: compile_file: (12): previous definition here
01-01 08:00:09.934 373 373 W android.hardware.media.omx@1.0-service: libminijail[373]: compile_file: /system/etc/seccomp_policy/crash_dump.arm.policy(17): syscall close redefined here
01-01 08:00:09.935 373 373 W android.hardware.media.omx@1.0-service: libminijail[373]: compile_file: (10): previous definition here
01-01 08:00:09.935 373 373 W android.hardware.media.omx@1.0-service: libminijail[373]: compile_file: /system/etc/seccomp_policy/crash_dump.arm.policy(18): syscall lseek redefined here
01-01 08:00:09.935 373 373 W android.hardware.media.omx@1.0-service: libminijail[373]: compile_file: (50): previous definition here
01-01 08:00:09.935 373 373 W android.hardware.media.omx@1.0-service: libminijail[373]: compile_file: /system/etc/seccomp_policy/crash_dump.arm.policy(19): syscall getdents64 redefined here
01-01 08:00:09.935 373 373 W android.hardware.media.omx@1.0-service: libminijail[373]: compile_file: (58): previous definition here
01-01 08:00:09.935 373 373 W android.hardware.media.omx@1.0-service: libminijail[373]: compile_file: /system/etc/seccomp_policy/crash_dump.arm.policy(20): syscall faccessat redefined here
01-01 08:00:09.935 373 373 W android.hardware.media.omx@1.0-service: libminijail[373]: compile_file: (38): previous definition here
01-01 08:00:09.935 373 373 W android.hardware.media.omx@1.0-service: libminijail[373]: compile_file: /system/etc/seccomp_policy/crash_dump.arm.policy(25): syscall rt_sigprocmask redefined here
01-01 08:00:09.935 373 373 W android.hardware.media.omx@1.0-service: libminijail[373]: compile_file: (41): previous definition here
01-01 08:00:09.935 373 373 W android.hardware.media.omx@1.0-service: libminijail[373]: compile_file: /system/etc/seccomp_policy/crash_dump.arm.policy(28): syscall prctl redefined here
01-01 08:00:09.935 373 373 W android.hardware.media.omx@1.0-service: libminijail[373]: compile_file: (6): previous definition here
01-01 08:00:09.936 373 373 W android.hardware.media.omx@1.0-service: libminijail[373]: compile_file: /system/etc/seccomp_policy/crash_dump.arm.policy(29): syscall madvise redefined here
01-01 08:00:09.936 373 373 W android.hardware.media.omx@1.0-service: libminijail[373]: compile_file: (29): previous definition here
01-01 08:00:09.936 373 373 W android.hardware.media.omx@1.0-service: libminijail[373]: compile_file: /system/etc/seccomp_policy/crash_dump.arm.policy(30): syscall mprotect redefined here
01-01 08:00:09.936 373 373 W android.hardware.media.omx@1.0-service: libminijail[373]: compile_file: (28): previous definition here
01-01 08:00:09.936 373 373 W android.hardware.media.omx@1.0-service: libminijail[373]: compile_file: /system/etc/seccomp_policy/crash_dump.arm.policy(31): syscall munmap redefined here
01-01 08:00:09.937 373 373 W android.hardware.media.omx@1.0-service: libminijail[373]: compile_file: (27): previous definition here
01-01 08:00:09.937 373 373 W android.hardware.media.omx@1.0-service: libminijail[373]: compile_file: /system/etc/seccomp_policy/crash_dump.arm.policy(32): syscall getuid32 redefined here
01-01 08:00:09.937 373 373 W android.hardware.media.omx@1.0-service: libminijail[373]: compile_file: (34): previous definition here
01-01 08:00:09.937 373 373 W android.hardware.media.omx@1.0-service: libminijail[373]: compile_file: /system/etc/seccomp_policy/crash_dump.arm.policy(33): syscall fstat64 redefined here
01-01 08:00:09.937 373 373 W android.hardware.media.omx@1.0-service: libminijail[373]: compile_file: (35): previous definition here
01-01 08:00:09.937 373 373 W android.hardware.media.omx@1.0-service: libminijail[373]: compile_file: /system/etc/seccomp_policy/crash_dump.arm.policy(34): syscall mmap2 redefined here
01-01 08:00:09.937 373 373 W android.hardware.media.omx@1.0-service: libminijail[373]: compile_file: (14): previous definition here
01-01 08:00:09.948 373 373 W android.hardware.media.omx@1.0-service: libminijail[373]: logging seccomp filter failures
01-01 08:00:09.952 248 248 I zygote : Using memfd for future sealing
01-01 08:00:09.962 351 351 D gpioservice: main gpio service is running.
01-01 08:00:09.964 351 351 I gpioservice: ServiceManager: 0xea7dccc0
01-01 08:00:09.964 351 351 D GpioService: GpioService created
01-01 08:00:09.965 185 185 E SELinux : avc: denied { add } for pid=351 uid=0 name=softwinner.gpio scontext=u:r:gpioservice:s0 tcontext=u:object_r:default_android_service:s0 tclass=service_manager permissive=1
01-01 08:00:09.966 169 169 I sunxi-rfkill soc@3000000: rfkill: set block: 1
01-01 08:00:09.966 169 169 I sunxi-rfkill soc@3000000: rfkill: bt power off success
01-01 08:00:09.960 336 336 I xiriservice_All: type=1400 audit(0.0:307): avc: denied { read } for scontext=u:r:init:s0 tcontext=u:r:init:s0 tclass=netlink_kobject_uevent_socket permissive=1
01-01 08:00:09.980 373 373 I cedarc : : register h265 decoder success!
01-01 08:00:09.981 373 373 E cedarc : : dlopen 'libawh265soft.so' fail: dlopen failed: library "libawh265soft.so" not found
01-01 08:00:09.982 373 373 I cedarc : : register h264 decoder success!
01-01 08:00:09.983 373 373 I cedarc : : register mjpeg decoder success!
01-01 08:00:09.983 373 373 I cedarc : : register mjpegplus decoder success!
01-01 08:00:09.984 373 373 I cedarc : : register mpeg2 decoder success!
01-01 08:00:09.985 373 373 W cedarc : : Invalid plugin, CedarPluginVDInit not found, lib:libawmpeg4base.so.
01-01 08:00:09.986 373 373 I cedarc : : register mpeg4Normal decoder success!
01-01 08:00:09.997 373 373 I cedarc : : register Mpeg4Vp6 decoder success!
01-01 08:00:09.997 399 399 E cutils-trace: Error opening trace file: No such file or directory (2)
01-01 08:00:09.998 373 373 I cedarc : : register mpeg4dx decoder success!
01-01 08:00:09.999 373 373 I cedarc : : register mpeg4H263 decoder success!
01-01 08:00:09.999 373 373 I cedarc : : register vp8 decoder success!
01-01 08:00:10.000 373 373 I cedarc : : register vc1 decoder success!
01-01 08:00:10.008 329 329 I rainbow_flow: type=1400 audit(0.0:308): avc: denied { ioctl } for path="/dev/spidev1.0" dev="tmpfs" ino=749 ioctlcmd=0x6b00 scontext=u:r:init:s0 tcontext=u:object_r:device:s0 tclass=chr_file permissive=1
01-01 08:00:10.010 373 373 I SoftOMXPlugin: createOMXPlugin
01-01 08:00:10.011 373 373 D MediaCodecsXmlParser: parsing /vendor/etc/media_codecs.xml...
01-01 08:00:10.012 373 373 D MediaCodecsXmlParser: parsing /vendor/etc/media_codecs_google_audio.xml...
01-01 08:00:10.013 373 373 D MediaCodecsXmlParser: unable to open media codecs configuration xml file: /vendor/etc/media_codecs_google_audio.xml
01-01 08:00:10.015 373 373 D MediaCodecsXmlParser: parsing /vendor/etc/media_codecs_google_video.xml...
01-01 08:00:10.017 399 399 I usbd : Usb HAL found.
01-01 08:00:10.017 399 399 I usbd : peristent prop is adb
01-01 08:00:10.022 373 373 D MediaCodecsXmlParser: unable to open media codecs configuration xml file: /vendor/etc/media_codecs_google_video.xml
01-01 08:00:10.023 373 373 D MediaCodecsXmlParser: parsing /vendor/etc/media_codecs_performance.xml...
01-01 08:00:10.023 397 397 I gatekeeperd: Starting gatekeeperd...
01-01 08:00:10.024 373 373 D MediaCodecsXmlParser: MediaCodec: cannot update non-existing codec: OMX.google.h264.encoder at line 25 of /vendor/etc/media_codecs_performance.xml
01-01 08:00:10.025 373 373 D MediaCodecsXmlParser: MediaCodec: cannot update non-existing codec: OMX.google.h263.encoder at line 31 of /vendor/etc/media_codecs_performance.xml
01-01 08:00:10.025 373 373 D MediaCodecsXmlParser: MediaCodec: cannot update non-existing codec: OMX.google.mpeg4.encoder at line 34 of /vendor/etc/media_codecs_performance.xml
01-01 08:00:10.025 373 373 D MediaCodecsXmlParser: MediaCodec: cannot update non-existing codec: OMX.google.vp8.encoder at line 37 of /vendor/etc/media_codecs_performance.xml
01-01 08:00:10.025 373 373 D MediaCodecsXmlParser: MediaCodec: cannot update non-existing codec: OMX.allwinner.video.decoder.h263 at line 59 of /vendor/etc/media_codecs_performance.xml
01-01 08:00:10.025 373 373 D MediaCodecsXmlParser: MediaCodec: cannot update non-existing codec: OMX.google.mpeg4.decoder at line 80 of /vendor/etc/media_codecs_performance.xml
01-01 08:00:10.025 373 373 D MediaCodecsXmlParser: MediaCodec: cannot update non-existing codec: OMX.google.h264.decoder at line 83 of /vendor/etc/media_codecs_performance.xml
01-01 08:00:10.026 373 373 D MediaCodecsXmlParser: MediaCodec: cannot update non-existing codec: OMX.google.h263.decoder at line 89 of /vendor/etc/media_codecs_performance.xml
01-01 08:00:10.026 373 373 D MediaCodecsXmlParser: MediaCodec: cannot update non-existing codec: OMX.google.hevc.decoder at line 93 of /vendor/etc/media_codecs_performance.xml
01-01 08:00:10.026 373 373 D MediaCodecsXmlParser: MediaCodec: cannot update non-existing codec: OMX.google.vp8.decoder at line 101 of /vendor/etc/media_codecs_performance.xml
01-01 08:00:10.026 373 373 D MediaCodecsXmlParser: MediaCodec: cannot update non-existing codec: OMX.google.vp9.decoder at line 107 of /vendor/etc/media_codecs_performance.xml
01-01 08:00:10.026 373 373 I MediaCodecsXmlParser: Did not find media_codecs_shaping.xml in search path
01-01 08:00:10.027 373 373 E cutils-trace: Error opening trace file: No such file or directory (2)
01-01 08:00:10.028 269 269 I android.hardware.usb.gadget@1.1-service.aw: setCurrentUsbFunctions None
01-01 08:00:10.028 269 269 I android.hardware.usb.gadget@1.1-service.aw: Gadget cannot be pulled down
01-01 08:00:10.028 269 269 I android.hardware.usb.gadget@1.1-service.aw: mMonitor not running
01-01 08:00:10.028 269 269 I android.hardware.usb.gadget@1.1-service.aw: Returned from tearDown gadget
01-01 08:00:10.039 397 397 E cutils-trace: Error opening trace file: No such file or directory (2)
01-01 08:00:10.073 373 373 I HidlServiceManagement: Registered android.hardware.media.omx@1.0::IOmx/default
01-01 08:00:10.073 373 373 I HidlServiceManagement: Removing namespace from process name android.hardware.media.omx@1.0-service to omx@1.0-service.
01-01 08:00:10.074 373 373 I android.hardware.media.omx@1.0-service: IOmx HAL service created.
01-01 08:00:10.075 373 373 I OmxStore: omx common prefix: 'OMX.'
01-01 08:00:10.075 373 373 D MediaCodecsXmlParser: parsing /vendor/etc/media_codecs.xml...
01-01 08:00:10.076 373 373 D MediaCodecsXmlParser: parsing /vendor/etc/media_codecs_google_audio.xml...
01-01 08:00:10.076 373 373 D MediaCodecsXmlParser: unable to open media codecs configuration xml file: /vendor/etc/media_codecs_google_audio.xml
01-01 08:00:10.079 373 373 D MediaCodecsXmlParser: parsing /vendor/etc/media_codecs_google_video.xml...
01-01 08:00:10.084 373 373 D MediaCodecsXmlParser: unable to open media codecs configuration xml file: /vendor/etc/media_codecs_google_video.xml
01-01 08:00:10.084 373 373 D MediaCodecsXmlParser: parsing /vendor/etc/media_codecs_performance.xml...
01-01 08:00:10.085 373 373 D MediaCodecsXmlParser: MediaCodec: cannot update non-existing codec: OMX.google.h264.encoder at line 25 of /vendor/etc/media_codecs_performance.xml
01-01 08:00:10.085 373 373 D MediaCodecsXmlParser: MediaCodec: cannot update non-existing codec: OMX.google.h263.encoder at line 31 of /vendor/etc/media_codecs_performance.xml
01-01 08:00:10.085 373 373 D MediaCodecsXmlParser: MediaCodec: cannot update non-existing codec: OMX.google.mpeg4.encoder at line 34 of /vendor/etc/media_codecs_performance.xml
01-01 08:00:10.085 373 373 D MediaCodecsXmlParser: MediaCodec: cannot update non-existing codec: OMX.google.vp8.encoder at line 37 of /vendor/etc/media_codecs_performance.xml
01-01 08:00:10.085 373 373 D MediaCodecsXmlParser: MediaCodec: cannot update non-existing codec: OMX.allwinner.video.decoder.h263 at line 59 of /vendor/etc/media_codecs_performance.xml
01-01 08:00:10.085 373 373 D MediaCodecsXmlParser: MediaCodec: cannot update non-existing codec: OMX.google.mpeg4.decoder at line 80 of /vendor/etc/media_codecs_performance.xml
01-01 08:00:10.085 373 373 D MediaCodecsXmlParser: MediaCodec: cannot update non-existing codec: OMX.google.h264.decoder at line 83 of /vendor/etc/media_codecs_performance.xml
01-01 08:00:10.086 373 373 D MediaCodecsXmlParser: MediaCodec: cannot update non-existing codec: OMX.google.h263.decoder at line 89 of /vendor/etc/media_codecs_performance.xml
01-01 08:00:10.086 373 373 D MediaCodecsXmlParser: MediaCodec: cannot update non-existing codec: OMX.google.hevc.decoder at line 93 of /vendor/etc/media_codecs_performance.xml
01-01 08:00:10.086 373 373 D MediaCodecsXmlParser: MediaCodec: cannot update non-existing codec: OMX.google.vp8.decoder at line 101 of /vendor/etc/media_codecs_performance.xml
01-01 08:00:10.086 373 373 D MediaCodecsXmlParser: MediaCodec: cannot update non-existing codec: OMX.google.vp9.decoder at line 107 of /vendor/etc/media_codecs_performance.xml
01-01 08:00:10.086 373 373 I MediaCodecsXmlParser: Did not find media_codecs_shaping.xml in search path
01-01 08:00:10.086 373 373 E MediaCodecsXmlParser: Cannot find the role for a decoder of type video/divx
01-01 08:00:10.086 373 373 E MediaCodecsXmlParser: Cannot find the role for a decoder of type video/jpeg
01-01 08:00:10.086 373 373 E MediaCodecsXmlParser: Cannot find the role for a decoder of type video/mpeg1
01-01 08:00:10.087 373 373 E MediaCodecsXmlParser: Cannot find the role for a decoder of type video/x-ms-mpeg4v1
01-01 08:00:10.087 373 373 E MediaCodecsXmlParser: Cannot find the role for a decoder of type video/x-ms-mpeg4v2
01-01 08:00:10.087 373 373 E MediaCodecsXmlParser: Cannot find the role for a decoder of type video/rvg2
01-01 08:00:10.087 373 373 E MediaCodecsXmlParser: Cannot find the role for a decoder of type video/flv1
01-01 08:00:10.087 373 373 E MediaCodecsXmlParser: Cannot find the role for a decoder of type video/wvc1
01-01 08:00:10.087 373 373 E MediaCodecsXmlParser: Cannot find the role for a decoder of type video/x-vnd.on2.vp6
01-01 08:00:10.087 373 373 E MediaCodecsXmlParser: Cannot find the role for a decoder of type video/wmv1
01-01 08:00:10.087 373 373 E MediaCodecsXmlParser: Cannot find the role for a decoder of type video/wmv2
01-01 08:00:10.087 373 373 E MediaCodecsXmlParser: Cannot find the role for a decoder of type video/xvid
01-01 08:00:10.096 363 363 I main_extractorservice: enable media.extractor memory limits
01-01 08:00:10.097 363 363 V MediaUtils: physMem: 2055442432
01-01 08:00:10.100 363 363 V MediaUtils: requested limit: 411088480
01-01 08:00:10.100 363 363 I libc : malloc_limit: Allocation limit enabled, max size 411088480 bytes
01-01 08:00:10.112 350 350 I cameraserver: ServiceManager: 0xf6035960
01-01 08:00:10.113 350 350 I CameraService: CameraService started (pid=350)
01-01 08:00:10.113 350 350 I CameraService: CameraService process starting
01-01 08:00:10.114 350 350 W BatteryNotifier: batterystats service unavailable!
01-01 08:00:10.114 350 350 W BatteryNotifier: batterystats service unavailable!
01-01 08:00:10.114 363 363 W mediaextractor: Could not read additional policy file '/vendor/etc/seccomp_policy/mediaextractor.policy'
01-01 08:00:10.114 350 350 E cutils-trace: Error opening trace file: No such file or directory (2)
01-01 08:00:10.114 363 363 W mediaextractor: libminijail[363]: failed to get path of fd 4: No such file or directory
01-01 08:00:10.115 363 363 W mediaextractor: libminijail[363]: allowing syscall: clock_gettime
01-01 08:00:10.115 363 363 W mediaextractor: libminijail[363]: allowing syscall: connect
01-01 08:00:10.115 363 363 W mediaextractor: libminijail[363]: allowing syscall: fcntl64
01-01 08:00:10.115 363 363 W mediaextractor: libminijail[363]: allowing syscall: socket
01-01 08:00:10.115 363 363 W mediaextractor: libminijail[363]: allowing syscall: writev
01-01 08:00:10.119 363 363 W mediaextractor: libminijail[363]: compile_file: /apex/com.android.media/etc/seccomp_policy/crash_dump.arm.policy(1): syscall read redefined here
01-01 08:00:10.119 363 363 W mediaextractor: libminijail[363]: compile_file: (19): previous definition here
01-01 08:00:10.119 363 363 W mediaextractor: libminijail[363]: compile_file: /apex/com.android.media/etc/seccomp_policy/crash_dump.arm.policy(2): syscall write redefined here
01-01 08:00:10.119 363 363 W mediaextractor: libminijail[363]: compile_file: (6): previous definition here
01-01 08:00:10.119 363 363 W mediaextractor: libminijail[363]: compile_file: /apex/com.android.media/etc/seccomp_policy/crash_dump.arm.policy(3): syscall exit redefined here
01-01 08:00:10.119 363 363 W mediaextractor: libminijail[363]: compile_file: (27): previous definition here
01-01 08:00:10.120 363 363 W mediaextractor: libminijail[363]: compile_file: /apex/com.android.media/etc/seccomp_policy/crash_dump.arm.policy(4): syscall rt_sigreturn redefined here
01-01 08:00:10.120 363 363 W mediaextractor: libminijail[363]: compile_file: (29): previous definition here
01-01 08:00:10.120 363 363 W mediaextractor: libminijail[363]: compile_file: /apex/com.android.media/etc/seccomp_policy/crash_dump.arm.policy(6): syscall exit_group redefined here
01-01 08:00:10.120 363 363 W mediaextractor: libminijail[363]: compile_file: (28): previous definition here
01-01 08:00:10.120 363 363 W mediaextractor: libminijail[363]: compile_file: /apex/com.android.media/etc/seccomp_policy/crash_dump.arm.policy(7): syscall clock_gettime redefined here
01-01 08:00:10.120 363 363 W mediaextractor: libminijail[363]: compile_file: (20): previous definition here
01-01 08:00:10.120 363 363 W mediaextractor: libminijail[363]: compile_file: /apex/com.android.media/etc/seccomp_policy/crash_dump.arm.policy(9): syscall futex redefined here
01-01 08:00:10.120 363 363 W mediaextractor: libminijail[363]: compile_file: (4): previous definition here
01-01 08:00:10.120 363 363 W mediaextractor: libminijail[363]: compile_file: /apex/com.android.media/etc/seccomp_policy/crash_dump.arm.policy(10): syscall getrandom redefined here
01-01 08:00:10.121 363 363 W mediaextractor: libminijail[363]: compile_file: (43): previous definition here
01-01 08:00:10.121 363 363 W mediaextractor: libminijail[363]: compile_file: /apex/com.android.media/etc/seccomp_policy/crash_dump.arm.policy(12): syscall gettid redefined here
01-01 08:00:10.121 363 363 W mediaextractor: libminijail[363]: compile_file: (34): previous definition here
01-01 08:00:10.121 363 363 W mediaextractor: libminijail[363]: compile_file: /apex/com.android.media/etc/seccomp_policy/crash_dump.arm.policy(15): syscall openat redefined here
01-01 08:00:10.121 363 363 W mediaextractor: libminijail[363]: compile_file: (16): previous definition here
01-01 08:00:10.121 363 363 W mediaextractor: libminijail[363]: compile_file: /apex/com.android.media/etc/seccomp_policy/crash_dump.arm.policy(16): syscall dup redefined here
01-01 08:00:10.121 363 363 W mediaextractor: libminijail[363]: compile_file: (11): previous definition here
01-01 08:00:10.121 363 363 W mediaextractor: libminijail[363]: compile_file: /apex/com.android.media/etc/seccomp_policy/crash_dump.arm.policy(17): syscall close redefined here
01-01 08:00:10.121 363 363 W mediaextractor: libminijail[363]: compile_file: (9): previous definition here
01-01 08:00:10.121 363 363 W mediaextractor: libminijail[363]: compile_file: /apex/com.android.media/etc/seccomp_policy/crash_dump.arm.policy(18): syscall lseek redefined here
01-01 08:00:10.121 363 363 W mediaextractor: libminijail[363]: compile_file: (21): previous definition here
01-01 08:00:10.122 363 363 W mediaextractor: libminijail[363]: compile_file: /apex/com.android.media/etc/seccomp_policy/crash_dump.arm.policy(20): syscall faccessat redefined here
01-01 08:00:10.122 363 363 W mediaextractor: libminijail[363]: compile_file: (30): previous definition here
01-01 08:00:10.122 363 363 W mediaextractor: libminijail[363]: compile_file: /apex/com.android.media/etc/seccomp_policy/crash_dump.arm.policy(25): syscall rt_sigprocmask redefined here
01-01 08:00:10.122 363 363 W mediaextractor: libminijail[363]: compile_file: (35): previous definition here
01-01 08:00:10.122 363 363 W mediaextractor: libminijail[363]: compile_file: /apex/com.android.media/etc/seccomp_policy/crash_dump.arm.policy(28): syscall prctl redefined here
01-01 08:00:10.123 363 363 W mediaextractor: libminijail[363]: compile_file: (5): previous definition here
01-01 08:00:10.123 363 363 W mediaextractor: libminijail[363]: compile_file: /apex/com.android.media/etc/seccomp_policy/crash_dump.arm.policy(29): syscall madvise redefined here
01-01 08:00:10.126 363 363 W mediaextractor: libminijail[363]: compile_file: (31): previous definition here
01-01 08:00:10.126 363 363 W mediaextractor: libminijail[363]: compile_file: /apex/com.android.media/etc/seccomp_policy/crash_dump.arm.policy(30): syscall mprotect redefined here
01-01 08:00:10.126 363 363 W mediaextractor: libminijail[363]: compile_file: (12): previous definition here
01-01 08:00:10.126 363 363 W mediaextractor: libminijail[363]: compile_file: /apex/com.android.media/etc/seccomp_policy/crash_dump.arm.policy(31): syscall munmap redefined here
01-01 08:00:10.127 363 363 W mediaextractor: libminijail[363]: compile_file: (10): previous definition here
01-01 08:00:10.127 363 363 W mediaextractor: libminijail[363]: compile_file: /apex/com.android.media/etc/seccomp_policy/crash_dump.arm.policy(32): syscall getuid32 redefined here
01-01 08:00:10.127 363 363 W mediaextractor: libminijail[363]: compile_file: (13): previous definition here
01-01 08:00:10.127 363 363 W mediaextractor: libminijail[363]: compile_file: /apex/com.android.media/etc/seccomp_policy/crash_dump.arm.policy(33): syscall fstat64 redefined here
01-01 08:00:10.127 363 363 W mediaextractor: libminijail[363]: compile_file: (25): previous definition here
01-01 08:00:10.127 363 363 W mediaextractor: libminijail[363]: compile_file: /apex/com.android.media/etc/seccomp_policy/crash_dump.arm.policy(34): syscall mmap2 redefined here
01-01 08:00:10.127 363 363 W mediaextractor: libminijail[363]: compile_file: (8): previous definition here
01-01 08:00:10.127 363 363 W mediaextractor: libminijail[363]: compile_file: /apex/com.android.media/etc/seccomp_policy/crash_dump.arm.policy(35): syscall geteuid32 redefined here
01-01 08:00:10.127 363 363 W mediaextractor: libminijail[363]: compile_file: (38): previous definition here
01-01 08:00:10.128 363 363 W mediaextractor: libminijail[363]: compile_file: /apex/com.android.media/etc/seccomp_policy/crash_dump.arm.policy(36): syscall getgid32 redefined here
01-01 08:00:10.128 363 363 W mediaextractor: libminijail[363]: compile_file: (39): previous definition here
01-01 08:00:10.128 363 363 W mediaextractor: libminijail[363]: compile_file: /apex/com.android.media/etc/seccomp_policy/crash_dump.arm.policy(37): syscall getegid32 redefined here
01-01 08:00:10.128 363 363 W mediaextractor: libminijail[363]: compile_file: (40): previous definition here
01-01 08:00:10.128 363 363 W mediaextractor: libminijail[363]: compile_file: /apex/com.android.media/etc/seccomp_policy/crash_dump.arm.policy(38): syscall getgroups32 redefined here
01-01 08:00:10.129 363 363 W mediaextractor: libminijail[363]: compile_file: (41): previous definition here
01-01 08:00:10.129 269 269 I android.hardware.usb.gadget@1.1-service.aw: setCurrentUsbFunctions Adb
01-01 08:00:10.129 269 269 I android.hardware.usb.gadget@1.1-service.aw: Service started
01-01 08:00:10.129 269 269 I android.hardware.usb.gadget@1.1-service.aw: enable usbradio debug functions
01-01 08:00:10.129 269 269 I android.hardware.usb.gadget@1.1-service.aw: Usb Gadget setcurrent functions called successfully
01-01 08:00:10.132 363 363 W mediaextractor: libminijail[363]: logging seccomp filter failures
01-01 08:00:10.137 408 408 I adbd : persist.adb.watchdog set to ''
01-01 08:00:10.138 408 408 I adbd : persist.sys.test_harness set to ''
01-01 08:00:10.138 408 408 I adbd : adb watchdog timeout set to 600 seconds
01-01 08:00:10.139 408 408 I adbd : Setup mdns on port= 5555
01-01 08:00:10.140 408 418 I adbd : opening control endpoint /dev/usb-ffs/adb/ep0
01-01 08:00:10.143 408 416 I adbd : Waiting for persist.adb.tls_server.enable=1
01-01 08:00:10.144 269 414 I android.hardware.usb.gadget@1.1-service.aw: GADGET pulled up
01-01 08:00:10.143 418 418 I : read descriptors
01-01 08:00:10.144 408 408 I adbd : adbd listening on tcp:5555
01-01 08:00:10.143 418 418 I : read strings
01-01 08:00:10.145 408 416 I adbd : persist.adb.tls_server.enable changed to 1
01-01 08:00:10.151 365 365 V MediaUtils: physMem: 2055442432
01-01 08:00:10.152 408 408 I adbd : adbd listening on vsock:5555
01-01 08:00:10.152 408 418 I adbd : UsbFfsConnection constructed
01-01 08:00:10.152 408 408 I adbd : adbd started
01-01 08:00:10.156 408 424 I adbd : UsbFfs-monitor thread spawned
01-01 08:00:10.157 408 424 I adbd : USB event: FUNCTIONFS_BIND
01-01 08:00:10.160 408 416 I adbd : adbwifi started on port 37955
01-01 08:00:10.161 408 416 I adbd : TlsServer running on port 37955
01-01 08:00:10.161 408 416 I adbd : adb wifi started on port 37955
01-01 08:00:10.162 408 416 I adbd : Waiting for persist.adb.tls_server.enable=0
01-01 08:00:10.165 398 398 I update_engine: [INFO:main.cc(55)] A/B Update Engine starting
01-01 08:00:10.167 408 425 I adbd : Registering secure_connect service (adb-DZOH58251975972-BGYj1f)
01-01 08:00:10.168 365 365 V MediaUtils: requested limit: 134217728
01-01 08:00:10.175 394 394 E cutils-trace: Error opening trace file: No such file or directory (2)
01-01 08:00:10.178 398 398 E cutils-trace: Error opening trace file: No such file or directory (2)
01-01 08:00:10.190 396 396 I mediaswcodec: media swcodec service starting
01-01 08:00:10.194 365 365 I libc : malloc_limit: Allocation limit enabled, max size 134217728 bytes
01-01 08:00:10.196 373 373 I HidlServiceManagement: Registered android.hardware.media.omx@1.0::IOmxStore/default
01-01 08:00:10.196 373 373 I HidlServiceManagement: Removing namespace from process name android.hardware.media.omx@1.0-service to omx@1.0-service.
01-01 08:00:10.197 396 396 W mediaswcodec: Could not read additional policy file '/vendor/etc/seccomp_policy/mediaswcodec.policy'
01-01 08:00:10.197 396 396 W mediaswcodec: libminijail[396]: failed to get path of fd 4: No such file or directory
01-01 08:00:10.197 396 396 W mediaswcodec: libminijail[396]: allowing syscall: clock_gettime
01-01 08:00:10.198 396 396 W mediaswcodec: libminijail[396]: allowing syscall: connect
01-01 08:00:10.198 396 396 W mediaswcodec: libminijail[396]: allowing syscall: fcntl64
01-01 08:00:10.198 396 396 W mediaswcodec: libminijail[396]: allowing syscall: socket
01-01 08:00:10.198 396 396 W mediaswcodec: libminijail[396]: allowing syscall: writev
01-01 08:00:10.199 396 396 W mediaswcodec: libminijail[396]: compile_file: (71): syscall futex redefined here
01-01 08:00:10.199 396 396 W mediaswcodec: libminijail[396]: compile_file: (15): previous definition here
01-01 08:00:10.200 396 396 W mediaswcodec: libminijail[396]: logging seccomp filter failures
01-01 08:00:10.202 396 396 I CodecServiceRegistrant: Creating software Codec2 service...
01-01 08:00:10.207 396 396 E cutils-trace: Error opening trace file: No such file or directory (2)
01-01 08:00:10.222 365 365 D AudioPowerUsage: AudioPowerUsage
01-01 08:00:10.227 368 368 E cutils-trace: Error opening trace file: No such file or directory (2)
01-01 08:00:10.231 365 365 D AudioAnalytics: AudioAnalytics
01-01 08:00:10.233 365 365 D MediaMetricsService: MediaMetricsService
01-01 08:00:10.241 369 369 D systemmixservice: main SystemMix service is running.
01-01 08:00:10.243 369 369 I systemmixservice: ServiceManager: 0xed596cb0
01-01 08:00:10.243 369 369 D SystemMixService: SystemMixService created
01-01 08:00:10.245 185 185 E SELinux : avc: denied { add } for pid=369 uid=0 name=softwinner.systemmix scontext=u:r:systemmix:s0 tcontext=u:object_r:default_android_service:s0 tclass=service_manager permissive=1
01-01 08:00:10.251 394 394 I HidlServiceManagement: Registered android.hardware.radio@1.6::IRadio/slot1
01-01 08:00:10.255 398 398 I update_engine: [INFO:boot_control_android.cc(69)] Loaded boot control hidl hal.
01-01 08:00:10.259 350 350 I CameraProviderManager: Connecting to new camera provider: external/0, isRemote? 1
01-01 08:00:10.259 363 363 I MediaExtractorFactory: plugin directory not present (/system/lib/extractors)
01-01 08:00:10.260 363 363 I MediaExtractorFactory: plugin directory not present (/system_ext/lib/extractors)
01-01 08:00:10.273 350 350 I CameraProviderManager: Camera provider external/0 ready with 0 camera devices
01-01 08:00:10.274 350 413 W CameraProviderManager: addProviderLocked: Camera provider HAL with name 'external/0' already registered
01-01 08:00:10.275 398 398 I update_engine: [INFO:daemon_state_android.cc(44)] Booted in dev mode.
01-01 08:00:10.276 350 350 I cameraserver: Waiting for activity service
01-01 08:00:10.279 396 396 I HidlServiceManagement: Registered android.hardware.media.c2@1.2::IComponentStore/software
01-01 08:00:10.280 268 268 I EventThread: type=1400 audit(0.0:309): avc: denied { search } for name="extcon" dev="sysfs" ino=18109 scontext=u:r:hal_tv_cec_default:s0 tcontext=u:object_r:sysfs_extcon:s0 tclass=dir permissive=1
01-01 08:00:10.288 398 398 I update_engine: [INFO:update_attempter_android.cc(1082)] Scheduling CleanupPreviousUpdateAction.
01-01 08:00:10.290 398 398 I update_engine: [INFO:action_processor.cc(51)] ActionProcessor: starting CleanupPreviousUpdateAction
01-01 08:00:10.294 398 398 I update_engine: [INFO:cleanup_previous_update_action.cc(149)] Starting/resuming CleanupPreviousUpdateAction
01-01 08:00:10.296 367 367 D multiir : multi_ir open uinput dev
01-01 08:00:10.297 362 362 D isomountservice: main isomount service is running.
01-01 08:00:10.296 336 336 I xiriservice_All: type=1400 audit(0.0:310): avc: denied { read } for scontext=u:r:init:s0 tcontext=u:r:init:s0 tclass=netlink_kobject_uevent_socket permissive=1
01-01 08:00:10.298 321 323 D XM_HIDREAD: add@ add@/devices/virtual/input/input1
01-01 08:00:10.298 362 362 I isomountservice: ServiceManager: 0xf4b8ecc0
01-01 08:00:10.300 368 368 W storaged: health: invalid battery status
01-01 08:00:10.302 398 398 I update_engine: [INFO:cleanup_previous_update_action.cc(124)] CleanupPreviousUpdateAction scheduled task ID 1 for WaitBootCompleted
01-01 08:00:10.303 321 323 D XM_HIDREAD: add@ add@/devices/virtual/input/input1/event1
01-01 08:00:10.304 367 367 I input : sunxi-ir-uinput as /devices/virtual/input/input1
01-01 08:00:10.306 368 368 I ServiceManager: Waiting for service 'package_native' on '/dev/binder'...
01-01 08:00:10.307 367 367 D multiir : uinputfd=4
01-01 08:00:10.299 186 186 I hwservicemanager: getTransport: Cannot find entry android.hardware.media.c2@1.0::IComponentStore/default in either framework or device VINTF manifest.
01-01 08:00:10.308 396 396 I CodecServiceRegistrant: Preferred Codec2 store is defaulted to "software".
01-01 08:00:10.308 396 396 I CodecServiceRegistrant: Software Codec2 service created and registered.
01-01 08:00:10.309 394 394 I HidlServiceManagement: Registered android.hardware.radio.config@1.3::IRadioConfig/default
01-01 08:00:10.312 394 394 I HidlServiceManagement: Registered android.hardware.radio@1.2::ISap/slot1
01-01 08:00:10.330 273 273 I ServiceManager: Waiting for service 'media.metrics' on '/dev/binder' successful after waiting 1099ms
01-01 08:00:10.332 273 273 I AudioFlinger: Using default 3000 mSec as standby time.
01-01 08:00:10.338 365 435 I ServiceManager: Waiting for service 'package_native' on '/dev/binder'...
01-01 08:00:10.354 367 367 D multiir : uevent listen start
01-01 08:00:10.375 273 273 E APM::HwModule: refreshSupportedDevices: invalid source devices for primary input
01-01 08:00:10.375 273 273 E APM::HwModule: refreshSupportedDevices: invalid source devices for fast input
01-01 08:00:10.389 248 248 D Zygote : VMRuntime.setVerifierEnabled(false)
01-01 08:00:10.395 273 273 D APM_EngineLoader: Loaded engine from libaudiopolicyenginedefault.so
01-01 08:00:10.395 273 273 D APM::AudioPolicyEngine/Base: loadAudioPolicyEngineConfig: No configuration found, using default matching phone experience.
01-01 08:00:10.422 273 273 W APM::AudioPolicyEngine/Base: loadAudioPolicyEngineConfig: No configuration of AUDIO_STREAM_ASSISTANT found, using default volume configuration
01-01 08:00:10.423 273 273 W APM::AudioPolicyEngine/Base: loadAudioPolicyEngineConfig: No configuration of AUDIO_STREAM_CALL_ASSISTANT found, using default volume configuration
01-01 08:00:10.424 367 367 D multiir : find target device, path=/dev/input/event0
01-01 08:00:10.429 367 445 D multiir : MultiirService create
01-01 08:00:10.430 185 185 E SELinux : avc: denied { add } for pid=367 uid=0 name=softwinner.multi_ir scontext=u:r:multi_ir:s0 tcontext=u:object_r:default_android_service:s0 tclass=service_manager permissive=1
01-01 08:00:10.440 329 329 I rainbow_flow: type=1400 audit(0.0:311): avc: denied { ioctl } for path="/dev/spidev1.0" dev="tmpfs" ino=749 ioctlcmd=0x6b00 scontext=u:r:init:s0 tcontext=u:object_r:device:s0 tclass=chr_file permissive=1
01-01 08:00:10.456 253 253 V audio_hw_primary: init_audio_devices, line: 611
01-01 08:00:10.457 253 253 D audio_hw_primary: read card /sys/class/sound/card0/id
01-01 08:00:10.457 253 253 D audio_hw_primary: /sys/class/sound/card0/id, audiocodec, len: 11
01-01 08:00:10.457 253 253 D audio_hw_primary: linux name = audiocodec, android name = AUDIO_CODEC
01-01 08:00:10.457 253 253 D audio_hw_primary: find name map, card_id = audiocodec, card_name = AUDIO_CODEC
01-01 08:00:10.457 253 253 V audio_hw_primary: card: 0, name: AUDIO_CODEC, capture: 0, playback: 1
01-01 08:00:10.457 253 253 D audio_hw_primary: read card /sys/class/sound/card1/id
01-01 08:00:10.458 253 253 D audio_hw_primary: /sys/class/sound/card1/id, sndspdif, len: 9
01-01 08:00:10.458 253 253 D audio_hw_primary: linux name = sndspdif, android name = AUDIO_SPDIF
01-01 08:00:10.458 253 253 D audio_hw_primary: find name map, card_id = sndspdif, card_name = AUDIO_SPDIF
01-01 08:00:10.458 253 253 V audio_hw_primary: card: 1, name: AUDIO_SPDIF, capture: 1, playback: 1
01-01 08:00:10.458 253 253 D audio_hw_primary: read card /sys/class/sound/card2/id
01-01 08:00:10.458 253 253 D audio_hw_primary: /sys/class/sound/card2/id, ahubdam, len: 8
01-01 08:00:10.459 253 253 D audio_hw_primary: linux name = ahubdam, android name = AUDIO_DAM
01-01 08:00:10.459 253 253 D audio_hw_primary: find name map, card_id = ahubdam, card_name = AUDIO_DAM
01-01 08:00:10.459 253 253 V audio_hw_primary: card: 2, name: AUDIO_DAM, capture: 0, playback: 0
01-01 08:00:10.459 253 253 D audio_hw_primary: read card /sys/class/sound/card3/id
01-01 08:00:10.459 253 253 D audio_hw_primary: /sys/class/sound/card3/id, ahubhdmi, len: 9
01-01 08:00:10.459 253 253 D audio_hw_primary: linux name = ahubhdmi, android name = AUDIO_HDMI
01-01 08:00:10.459 253 253 D audio_hw_primary: find name map, card_id = ahubhdmi, card_name = AUDIO_HDMI
01-01 08:00:10.459 253 253 V audio_hw_primary: card: 3, name: AUDIO_HDMI, capture: 1, playback: 1
01-01 08:00:10.460 253 253 D audio_hw_primary: read card /sys/class/sound/card4/id
01-01 08:00:10.460 253 253 D audio_hw_primary: /sys/class/sound/card4/id, ahubi2s2, len: 9
01-01 08:00:10.460 253 253 D audio_hw_primary: linux name = ahubi2s2, android name = AUDIO_I2S2
01-01 08:00:10.460 253 253 D audio_hw_primary: find name map, card_id = ahubi2s2, card_name = AUDIO_I2S2
01-01 08:00:10.460 253 253 V audio_hw_primary: card: 4, name: AUDIO_I2S2, capture: 1, playback: 1
01-01 08:00:10.460 253 253 D audio_hw_primary: getCardNumbyName: name = AUDIO_CODEC , card = 0
01-01 08:00:10.460 253 253 D audio_hw_primary: getCardNumbyName: name = AUDIO_DAM , card = 2
01-01 08:00:10.460 253 253 D audio_hw_primary: getCardNumbyName: name = AUDIO_HDMI , card = 3
01-01 08:00:10.460 253 253 D audio_hw_primary: getCardNumbyName: name = AUDIO_I2S2 , card = 4
01-01 08:00:10.461 253 253 D audio_hw_primary: getCardNumbyName: name = AUDIO_SPDIF , card = 1
01-01 08:00:10.461 253 253 E audio_hw_primary: AUDIO_BT card does not exist
01-01 08:00:10.461 253 253 E audio_hw_primary: AUDIO_MIX card does not exist
01-01 08:00:10.461 253 253 V audio_hw_primary: init_audio_devices_active, line: 635
01-01 08:00:10.461 253 253 V audio_hw_primary: init_audio_devices_active: get property persist.vendor.audio.input.active: AUDIO_CODEC
01-01 08:00:10.460 1 1 I /system/bin/init: type=1107 audit(0.0:312): uid=0 auid=4294967295 ses=4294967295 subj=u:r:init:s0 msg='avc: denied { set } for property=persist.vendor.audio.input.active pid=253 uid=1041 gid=1005 scontext=u:r:hal_audio_default:s0 tcontext=u:object_r:vendor_default_prop:s0 tclass=property_service permissive=1'
01-01 08:00:10.474 253 253 V audio_hw_primary: set property persist.vendor.audio.input.active: AUDIO_CODEC ok
01-01 08:00:10.475 253 253 V audio_hw_primary: init_audio_devices_active: get property persist.vendor.audio.output.active: AUDIO_HDMI
01-01 08:00:10.485 253 253 V audio_hw_primary: set property persist.vendor.audio.output.active: AUDIO_HDMI ok
01-01 08:00:10.486 253 253 V audio_hw_primary: AUDIO_HDMI output device will be active
01-01 08:00:10.486 253 253 D audio_hw_primary: XX 2 0 2 0
01-01 08:00:10.490 253 253 W audio_route: Control 'External Speaker Switch' doesn't exist - skipping
01-01 08:00:10.490 253 253 W audio_route: Control 'Headphone Switch' doesn't exist - skipping
01-01 08:00:10.490 253 253 W audio_route: Control 'Earpiece Switch' doesn't exist - skipping
01-01 08:00:10.490 253 253 W audio_route: Control 'AIF1IN0R Mux' doesn't exist - skipping
01-01 08:00:10.490 253 253 W audio_route: Control 'AIF1IN0L Mux' doesn't exist - skipping
01-01 08:00:10.490 253 253 W audio_route: Control 'DACR Mixer AIF1DA0R Switch' doesn't exist - skipping
01-01 08:00:10.490 253 253 W audio_route: Control 'DACL Mixer AIF1DA0L Switch' doesn't exist - skipping
01-01 08:00:10.490 253 253 W audio_route: Control 'AIF1OUT0L Mux' doesn't exist - skipping
01-01 08:00:10.490 253 253 W audio_route: Control 'AIF1OUT0R Mux' doesn't exist - skipping
01-01 08:00:10.490 253 253 W audio_route: Control 'AIF1 AD0L Mixer ADCL Switch' doesn't exist - skipping
01-01 08:00:10.490 253 253 W audio_route: Control 'AIF1 AD0R Mixer ADCR Switch' doesn't exist - skipping
01-01 08:00:10.490 253 253 W audio_route: Control 'ADCR Mux' doesn't exist - skipping
01-01 08:00:10.490 253 253 W audio_route: Control 'ADCL Mux' doesn't exist - skipping
01-01 08:00:10.490 253 253 W audio_route: Control 'HP_R Mux' doesn't exist - skipping
01-01 08:00:10.490 253 253 W audio_route: Control 'HP_L Mux' doesn't exist - skipping
01-01 08:00:10.490 253 253 W audio_route: Control 'HP_R Mux' doesn't exist - skipping
01-01 08:00:10.490 253 253 W audio_route: Control 'HP_L Mux' doesn't exist - skipping
01-01 08:00:10.490 253 253 W audio_route: Control 'Right Output Mixer DACR Switch' doesn't exist - skipping
01-01 08:00:10.490 253 253 W audio_route: Control 'Left Output Mixer DACL Switch' doesn't exist - skipping
01-01 08:00:10.490 253 253 W audio_route: Control 'SPK_L Mux' doesn't exist - skipping
01-01 08:00:10.491 253 253 W audio_route: Control 'SPK_R Mux' doesn't exist - skipping
01-01 08:00:10.491 253 253 W audio_route: Control 'External Speaker Switch' doesn't exist - skipping
01-01 08:00:10.491 253 253 W audio_route: Control 'Headphone Switch' doesn't exist - skipping
01-01 08:00:10.491 253 253 W audio_route: Control 'AIF1IN0R Mux' doesn't exist - skipping
