06-25 14:28:37.298 480 2970 I CCodecConfig: query failed after returning 7 values (BAD_INDEX)
06-25 14:28:37.298 480 2970 D CCodecConfig: c2 config diff is Dict {
06-25 14:28:37.298 480 2970 D CCodecConfig: c2::u32 coded.bitrate.value = 64000
06-25 14:28:37.298 480 2970 D CCodecConfig: c2::u32 input.buffers.max-size.value = 32768
06-25 14:28:37.298 480 2970 D CCodecConfig: c2::u32 input.delay.value = 0
06-25 14:28:37.298 480 2970 D CCodecConfig: string input.media-type.value = "audio/vorbis"
06-25 14:28:37.298 480 2970 D CCodecConfig: string output.media-type.value = "audio/raw"
06-25 14:28:37.298 480 2970 D CCodecConfig: c2::u32 raw.channel-count.value = 1
06-25 14:28:37.298 480 2970 D CCodecConfig: c2::u32 raw.sample-rate.value = 48000
06-25 14:28:37.298 480 2970 D CCodecConfig: }
06-25 14:28:37.300 480 2970 D CCodec : [c2.android.vorbis.decoder] buffers are bound to CCodec for this session
06-25 14:28:37.300 480 2970 D CCodecConfig: no c2 equivalents for durationUs
06-25 14:28:37.300 480 2970 D CCodecConfig: no c2 equivalents for track-id
06-25 14:28:37.300 480 2970 D CCodecConfig: no c2 equivalents for csd-1
06-25 14:28:37.300 480 2970 D CCodecConfig: no c2 equivalents for channel-mask
06-25 14:28:37.300 480 2970 D CCodecConfig: no c2 equivalents for flags
06-25 14:28:37.301 273 448 W AudioFlinger: createTrack_l(): mismatch between requested flags (00000004) and output flags (00000002)
06-25 14:28:37.302 480 2970 D CCodecConfig: c2 config diff is c2::u32 coded.bitrate.value = 112000
06-25 14:28:37.302 480 2970 D CCodecConfig: c2::u32 raw.channel-count.value = 2
06-25 14:28:37.302 480 2970 D CCodecConfig: c2::u32 raw.sample-rate.value = 44100
06-25 14:28:37.304 480 2970 W Codec2Client: query -- param skipped: index = 1107298332.
06-25 14:28:37.304 480 2970 D CCodec : setup formats input: AMessage(what = 0x00000000) = {
06-25 14:28:37.304 480 2970 D CCodec : int32_t bitrate = 112000
06-25 14:28:37.304 480 2970 D CCodec : int32_t channel-count = 2
06-25 14:28:37.304 480 2970 D CCodec : int32_t max-input-size = 32768
06-25 14:28:37.304 480 2970 D CCodec : string mime = "audio/vorbis"
06-25 14:28:37.304 480 2970 D CCodec : int32_t sample-rate = 44100
06-25 14:28:37.304 480 2970 D CCodec : }
06-25 14:28:37.304 480 2970 D CCodec : setup formats output: AMessage(what = 0x00000000) = {
06-25 14:28:37.304 480 2970 D CCodec : int32_t channel-count = 2
06-25 14:28:37.304 480 2970 D CCodec : string mime = "audio/raw"
06-25 14:28:37.304 480 2970 D CCodec : int32_t sample-rate = 44100
06-25 14:28:37.304 480 2970 D CCodec : int32_t channel-mask = 3
06-25 14:28:37.304 480 2970 D CCodec : }
06-25 14:28:37.304 480 2970 I CCodecConfig: query failed after returning 7 values (BAD_INDEX)
06-25 14:28:37.305 480 2970 W Codec2Client: query -- param skipped: index = 1342179345.
06-25 14:28:37.305 480 2970 W Codec2Client: query -- param skipped: index = 2415921170.
06-25 14:28:37.307 480 2970 D CCodecBufferChannel: [c2.android.vorbis.decoder#101] Created input block pool with allocatorID 16 => poolID 25 - OK (0)
06-25 14:28:37.308 480 2970 I CCodecBufferChannel: [c2.android.vorbis.decoder#101] Created output block pool with allocatorID 16 => poolID 27 - OK
06-25 14:28:37.309 480 2970 D CCodecBufferChannel: [c2.android.vorbis.decoder#101] Configured output block pool ids 27 => OK
06-25 14:28:37.311 273 448 D AF::TrackHandle: OpPlayAudio: track:56 usage:1 not muted
06-25 14:28:37.321 396 2971 D SimpleC2Component: Using output block pool with poolID 27 => got 27 - 0
06-25 14:28:37.336 480 597 D AudioTrack: createTrack_l(0): AUDIO_OUTPUT_FLAG_FAST denied by server; frameCount 0 -> 8064
06-25 14:28:37.347 2898 2898 I TDLog : setReportUncaughtExceptions: true
06-25 14:28:37.348 2898 2898 E Application: onCreate:Version:v2.8.3/20830/883432e
06-25 14:28:37.352 480 597 W InputDispatcher: Excessive delay in interceptKeyBeforeQueueing; took 61 ms
06-25 14:28:37.353 480 596 D GpioService: mFlickerEnable = true
06-25 14:28:37.355 2227 2227 I SogouIME: onKeyDown: keyoCode=22
06-25 14:28:37.355 2227 2227 I DefaultIMS: onKeyDown: keyoCode=22
06-25 14:28:37.356 1096 1096 E SecondScreen: FirstScreenLayoutView dispatchKeyEvent 22
06-25 14:28:37.372 2227 2227 I DefaultIMS: onStartInput attribute=android.view.inputmethod.EditorInfo@804d2c7 restarting=false inputType: 0
06-25 14:28:37.379 273 448 W AudioFlinger: createTrack_l(): mismatch between requested flags (00000004) and output flags (00000002)
06-25 14:28:37.386 273 448 D AF::TrackHandle: OpPlayAudio: track:57 usage:13 not muted
06-25 14:28:37.388 480 624 D AudioTrack: createTrack_l(35): AUDIO_OUTPUT_FLAG_FAST denied by server; frameCount 0 -> 147456
06-25 14:28:37.392 321 2277 D XM_HIDREAD: poll ret=1, event=1
06-25 14:28:37.392 321 2277 D XM_HIDREAD: [9 bytes]:01 00 00 00 00 00 00 00 00
06-25 14:28:37.392 480 597 D TvWindowManager: key event key = KEYCODE_DPAD_RIGHT down = false
06-25 14:28:37.395 2227 2227 I SogouIME: onKeyUp: keyoCode=22
06-25 14:28:37.395 2227 2227 I DefaultIMS: onKeyUp: keyoCode=22
06-25 14:28:37.396 1096 1096 E SecondScreen: FirstScreenLayoutView dispatchKeyEvent 22
06-25 14:28:37.406 480 2947 I hw-BpHwBinder: onLastStrongRef automatically unlinking death recipients
06-25 14:28:37.418 2898 2898 D NearFieldManagerService: NearFieldManagerService.
06-25 14:28:37.419 2898 2898 D NearFieldManagerService: onCreate, enter.
06-25 14:28:37.419 2898 2898 I NearFieldManagerService: onBind, enter.
06-25 14:28:37.419 2898 2898 D NearFieldManagerService: initService
06-25 14:28:37.419 2898 2898 D NearFieldManagerService: NearField starting...
06-25 14:28:37.420 2898 2898 D NearFieldUtils: checkSystemProperty in
06-25 14:28:37.420 2898 2898 D NearFieldUtils: checkSystemProperty: systemProperties:
06-25 14:28:37.420 2898 2898 E NearFieldUtils: validProperty: priority is null
06-25 14:28:37.428 2649 2649 D NearFieldManager: service connected.
06-25 14:28:37.429 2898 2950 I efs.config: --->>> 删除旧的配置文件 false
06-25 14:28:37.429 2898 2898 I crashsdk: Catcher mask: 5000, 20480
06-25 14:28:37.429 2649 2649 D HiSight-Discovery: eventId: 4001
06-25 14:28:37.430 2898 2898 I crashsdk: Catcher thread 2903
06-25 14:28:37.430 2898 2898 D crashsdk: Register ANR handler ...
06-25 14:28:37.432 2898 2898 D NearFieldManagerImpl: onReceive action get:android.net.conn.CONNECTIVITY_CHANGE
06-25 14:28:37.433 2898 2898 D NearFieldUtils: getPreferredIpAddress exec
06-25 14:28:37.433 2898 2898 D NearFieldUtils: getPreferredIpAddress by custom priority
06-25 14:28:37.433 2898 2898 D NearFieldUtils: getIpByInterfaceSetting customIdnNetworkPriority:[]
06-25 14:28:37.433 2898 2898 D NearFieldUtils: getPreferredIpAddress by default priority
06-25 14:28:37.435 2649 2897 D HiSight-Discovery: msg 4001
06-25 14:28:37.436 2649 2897 D HiSight-Discovery: bind success, status Ready
06-25 14:28:37.436 2649 2897 D HiSight-Discovery: startAdvertise 2
06-25 14:28:37.436 2649 2897 D HiSight-Discovery: stopAdvertise.
06-25 14:28:37.436 2649 2897 D HiSight-Discovery: nearFieldStartListen deviceType 46
06-25 14:28:37.437 2898 2913 I NearFieldManagerImpl: setDeviceInfo, sDeviceId changes
06-25 14:28:37.449 2898 2985 W efs.info.manager: network change: wifi
06-25 14:28:37.461 2898 2913 I NearFieldManagerImpl: setDeviceInfo, sDeviceName changes
06-25 14:28:37.461 2898 2913 D NearFieldManagerImpl: setServiceData, sServiceData=[], serviceData=[32]
06-25 14:28:37.462 2649 2897 E NearFieldManager: setIdnNetworkPriority: networkPortPriority is empty
06-25 14:28:37.462 2649 2897 D NearFieldManager: StartListen moduleId: CastPlusDiscoveryModule
06-25 14:28:37.463 480 2970 D CCodecBufferChannel: [c2.android.vorbis.decoder#101] MediaCodec discarded an unknown buffer
06-25 14:28:37.467 2898 2913 D NearFieldManagerImpl: startListen: moduleId: CastPlusDiscoveryModule
06-25 14:28:37.468 2898 2913 D NearFieldUtils: getPreferredIpAddress exec
06-25 14:28:37.468 2898 2913 D NearFieldUtils: getPreferredIpAddress by custom priority
06-25 14:28:37.468 2898 2913 D NearFieldUtils: getIpByInterfaceSetting customIdnNetworkPriority:[]
06-25 14:28:37.468 2898 2913 D NearFieldUtils: getPreferredIpAddress by default priority
06-25 14:28:37.478 480 2970 I hw-BpHwBinder: onLastStrongRef automatically unlinking death recipients
06-25 14:28:37.479 396 881 I hw-BpHwBinder: onLastStrongRef automatically unlinking death recipients
06-25 14:28:37.479 396 881 V C2Store : in ~ComponentModule
06-25 14:28:37.479 396 881 V C2Store : unloading dll
06-25 14:28:37.481 2898 2984 I efs.base: lt=event`ev_ct=efs_core`ev_ac=pvuv`tm=2025-06-25 14:28:40`dn=884562d0-54da-4cce-9d74-00e5c75509d9`ps=com.huawei.connection`um_os=android`stime=1750832916970`pid=2898`fr=android`pkg=com.dangbei.screencast`vcode=20830`dsp_w=1920`uid=884562d0-54da-4cce-9d74-00e5c75509d9`rom=12`wid=884562d0-54da-4cce-9d74-00e5c75509d9`um_app_carrier=`um_access=wifi`um_app_channel=os`um_crash_sdk_version=1.4.0`ctime=1750832917`model=dbbox-a2`lang=zh`net=wifi`brand=dangbei`dsp_h=1080`um_network_type=0`ver=v2.8.3`build_model=DBBOX-A2`w_tm=1750832917`appid=5fc60c21094d637f3130af19`um_umid_header=ai1cc720f47734fc58e671cdbea6807313`sdk=31`tzone=Etc/GMT-8`sdk_ver=1.3.6.umeng
06-25 14:28:37.493 480 502 W ServiceManager: Permission failure: android.permission.HIGH_SAMPLING_RATE_SENSORS from uid=10013 pid=2898
06-25 14:28:37.494 2898 2920 I TDLog : TalkingData SDK init...
06-25 14:28:37.494 2898 2920 I TDLog : SDK_VERSION is: Android+TD+V5.0.7 gp Type:Native Build_Num:2141
06-25 14:28:37.494 2898 2920 I TDLog : App ID is: B9D7815EC975466AB1332111FCE62DF5
06-25 14:28:37.494 2898 2920 I TDLog : App Channel is: os
06-25 14:28:37.494 2898 2920 I TDLog : App Custom is:
06-25 14:28:37.494 2898 2920 I TDLog : SDK_OVC is: TDOVC+a3bb7754719798526508b6caad480dd7+SaaS
06-25 14:28:37.516 321 2277 D XM_HIDREAD: poll ret=1, event=1
06-25 14:28:37.516 321 2277 D XM_HIDREAD: [9 bytes]:01 00 00 4F 00 00 00 00 00
06-25 14:28:37.519 480 597 D TvWindowManager: key event key = KEYCODE_DPAD_RIGHT down = true
06-25 14:28:37.524 2898 2950 I efs.config: current config version (-1) is older than another (1735614866)
06-25 14:28:37.525 2898 2950 I efs.config: load config from storage and notify observer
06-25 14:28:37.525 273 273 W AudioFlinger: createTrack_l(): mismatch between requested flags (00000004) and output flags (00000002)
06-25 14:28:37.528 273 273 D AF::TrackHandle: OpPlayAudio: track:58 usage:1 not muted
06-25 14:28:37.539 480 597 D AudioTrack: createTrack_l(0): AUDIO_OUTPUT_FLAG_FAST denied by server; frameCount 0 -> 8064
06-25 14:28:37.540 480 523 W IorapForwardingService: No service published for: iorapd
06-25 14:28:37.546 480 596 D GpioService: mFlickerEnable = true
06-25 14:28:37.549 2227 2227 I SogouIME: onKeyDown: keyoCode=22
06-25 14:28:37.549 2227 2227 I DefaultIMS: onKeyDown: keyoCode=22
06-25 14:28:37.553 1096 1096 E SecondScreen: FirstScreenLayoutView dispatchKeyEvent 22
06-25 14:28:37.580 2227 2227 I DefaultIMS: onStartInput attribute=android.view.inputmethod.EditorInfo@5f1d463 restarting=false inputType: 0
06-25 14:28:37.626 273 448 W AudioFlinger: createTrack_l(): mismatch between requested flags (00000004) and output flags (00000002)
06-25 14:28:37.646 273 448 D AF::TrackHandle: OpPlayAudio: track:59 usage:13 not muted
06-25 14:28:37.661 480 624 D AudioTrack: createTrack_l(0): AUDIO_OUTPUT_FLAG_FAST denied by server; frameCount 0 -> 147456
06-25 14:28:37.721 2649 2738 E raop : JavaCallback init
06-25 14:28:37.752 321 2277 D XM_HIDREAD: poll ret=1, event=1
06-25 14:28:37.752 321 2277 D XM_HIDREAD: [9 bytes]:01 00 00 00 00 00 00 00 00
06-25 14:28:37.753 480 597 D TvWindowManager: key event key = KEYCODE_DPAD_RIGHT down = false
06-25 14:28:37.757 2898 2898 D NearFieldUtils: to get wlan0 ip address
06-25 14:28:37.757 2898 2898 D NearFieldUtils: get wlan0 IP succeed.
06-25 14:28:37.757 2898 2898 E NearFieldManagerImpl: notifyByPriority: interfaceNameInUse is null
06-25 14:28:37.757 2898 2898 D NearFieldManagerImpl: handleConnectivityAction: notified by default
06-25 14:28:37.765 2227 2227 I SogouIME: onKeyUp: keyoCode=22
06-25 14:28:37.766 2227 2227 I DefaultIMS: onKeyUp: keyoCode=22
06-25 14:28:37.775 1096 1096 E SecondScreen: FirstScreenLayoutView dispatchKeyEvent 22
06-25 14:28:37.810 480 480 W NotificationHistory: Attempted to add notif for locked/gone/disabled user 0
06-25 14:28:37.815 480 480 W Looper : Slow dispatch took 114ms main h=com.android.server.notification.NotificationManagerService$WorkerHandler c=com.android.server.notification.NotificationManagerService$PostNotificationRunnable@3043fa5 m=0
06-25 14:28:37.830 685 685 V TvNotificationHandler: Notification not added because it isn't relevant for tv
06-25 14:28:37.880 378 378 D dom2reg : timezone change, new: Etc/GMT-8, pre:
06-25 14:28:37.880 378 378 W dom2reg : timezone [Etc/GMT-8] not in default tables, please check!
06-25 14:28:38.036 2898 2898 I CrashSDKNormalH: type=1400 audit(0.0:1292): avc: denied { getattr } for path="/data/user/0/com.dangbei.screencast/crashsdk/tags" dev="mmcblk0p25" ino=1896 scontext=u:r:platform_app:s0:c512,c768 tcontext=u:object_r:app_data_file:s0:c512,c768 tclass=dir permissive=1 app=com.dangbei.screencast
06-25 14:28:38.055 2898 2913 D NearFieldUtils: to get wlan0 ip address
06-25 14:28:38.057 2898 2913 D NearFieldUtils: get wlan0 IP succeed.
06-25 14:28:38.057 2898 2913 D NearFieldManagerImpl: sDeviceType: 46
06-25 14:28:38.057 2898 2913 D NearFieldManagerImpl: registerDevice() is called.
06-25 14:28:38.060 2898 2913 E NearFieldManagerUtilsNative: Begin System.loadLibrary()
06-25 14:28:38.068 2898 2898 D NearFieldUtils: to get wlan0 ip address
06-25 14:28:38.068 2898 2898 D NearFieldUtils: get wlan0 IP succeed.
06-25 14:28:38.068 2898 2898 I NearFieldManagerImpl: wlan Connected
01-01 08:00:41.969 753 753 E sprdwl : sprdwl_rx_rsp_process ctx_id 0 recv rsp[WIFI_CMD_TX_DATA] status[SPRDWL_CMD_STATUS_ERROR]
01-01 08:00:41.985 753 753 E sprdwl : sprdwl_rx_rsp_process ctx_id 0 recv rsp[WIFI_CMD_TX_DATA] status[SPRDWL_CMD_STATUS_ERROR]
06-25 14:28:38.150 2898 2913 I HicomNfTimerManager: epoll fd:128 create success
06-25 14:28:38.150 2898 2913 I HicomNfTimerManager: epoll add fd:129--->128 success
06-25 14:28:38.150 2898 2913 I HicomNfTimerManager: time fd:129 add to epoll success
06-25 14:28:38.186 2898 2898 I HicomNf_java_to_c: notifyNetworkStateChanged with maskStr, networkType: 0, networkState: 0, mask:
06-25 14:28:38.186 2898 2898 I HicomNfMainCtrlManager: NotifyNetworkStateChanged is called with networkState: 0
06-25 14:28:38.186 2898 2898 I HicomNfMainCtrlManager: P2P and USB are both disconnected
06-25 14:28:38.186 2898 2898 I HicomNfSecureManager: stop listening
06-25 14:28:38.186 2898 2898 I HicomNfSecureManager: StopListening, m_sessionInfoLock out, before calling NSTACKX_DMsgClose 2
06-25 14:28:38.186 2898 2898 I HicomNfSecureManager: StopListening, after calling NSTACKX_DMsgClose 2
06-25 14:28:38.192 2898 2913 D nStackXDFinder: NSTACKX_Init:[146] :nstack ctrl creat epollfd 131
06-25 14:28:38.193 2898 2913 I nStackXDFinder: InitDefaultInterfaceName:[779] :InitDefaultInterfaceName exec
06-25 14:28:38.193 2898 2913 D nStackXCoAP: CoapServerInit:[174] :CoapServerInit is called
06-25 14:28:38.193 2898 2913 E nStackXDFinder: GetLocalIp:[401] :GetLocalIp exec
06-25 14:28:38.193 2898 2913 E nStackXDFinder: GetLocalIp:[407] :GetLocalIp, ifInfo is null
06-25 14:28:38.193 2898 2913 I HicomNfMainCtrlManager: NSTACKX_RegisterDevice is called
06-25 14:28:38.193 2898 2913 D NearFieldManagerImpl: Register device success.
06-25 14:28:38.193 2898 2913 I NearFieldManagerImpl: serviceName is castPlus
06-25 14:28:38.193 2898 2913 D NearFieldManagerImpl: registerCapability() called with: capabilityBitmapNum = 1, capabilityBitmap = [8]
06-25 14:28:38.194 2898 2913 I HicomNf_java_to_c: registerCapability, capabilityBitmapNum: 1
06-25 14:28:38.194 2898 2913 I HicomNfMainCtrlManager: RegisterCapability: 1, 8
06-25 14:28:38.194 2898 2913 D NearFieldManagerImpl: Register capability succeed with capabilityBitmapNum = 1, capabilityBitmap = [8]
06-25 14:28:38.194 2898 2913 D NearFieldManagerImpl: registerServiceData() called with: serviceData = 32
06-25 14:28:38.194 2898 2913 D NearFieldManagerImpl: registerModule() called with: packageModuleName = com.huawei.connection+CastPlusDiscoveryModule
06-25 14:28:38.194 2898 2913 I HicomNf_java_to_c: registerModule, moduleName: com.huawei.connection+CastPlusDiscoveryModule
06-25 14:28:38.194 2898 2913 I HicomNfMainCtrlManager: Enter RegisterModule
06-25 14:28:38.194 2898 2913 I HicomNfRegManager: RegisterModule OK, add module name com.huawei.connection+CastPlusDiscoveryModule
01-01 08:00:42.035 753 753 E sprdwl : sprdwl_rx_rsp_process ctx_id 0 recv rsp[WIFI_CMD_TX_DATA] status[SPRDWL_CMD_STATUS_ERROR]
06-25 14:28:38.197 2649 2897 I Hisight-DeviceListManager: init DeviceListManager.
06-25 14:28:38.211 2898 3025 I nStackXDFinder: UpdateLocalNetworkInterface:[472] :UpdateLocalNetworkInterface exec,initerfaceName:wlan0
06-25 14:28:38.211 2898 3025 E nStackXDFinder: GetLocalIp:[401] :GetLocalIp exec
06-25 14:28:38.211 2898 3025 E nStackXDFinder: GetLocalIp:[407] :GetLocalIp, ifInfo is null
06-25 14:28:38.211 2898 3025 I nStackXDFinder: UpdateLocalNetworkInterface:[498] :UpdateLocalNetworkInterface copy ip value in default process
06-25 14:28:38.211 2898 3025 E nStackXDFinder: GetLocalIp:[401] :GetLocalIp exec
06-25 14:28:38.211 2898 3025 D nStackXCoAP: CoapServerInit:[174] :CoapServerInit is called
06-25 14:28:38.211 2898 3025 E nStackXDFinder: GetLocalIp:[401] :GetLocalIp exec
06-25 14:28:38.212 2898 3025 I nStackXUtil: BindToDevice:[352] :BindToDevice exec
06-25 14:28:38.212 2898 3025 I nStackXUtil: GetInterfaceByPriority:[279] :GetInterfaceByPriority exec
06-25 14:28:38.212 2898 3025 I nStackXUtil: GetInterfaceByDefault:[309] :GetInterfaceByDefault exec
06-25 14:28:38.212 2898 3025 I nStackXUtil: GetInterfaceByDefault:[316] :GetInterfaceByDefault, ndevice name: lo
06-25 14:28:38.212 2898 3025 I nStackXUtil: GetInterfaceByDefault:[316] :GetInterfaceByDefault, ndevice name: wlan0
06-25 14:28:38.215 2898 3025 I nStackXUtil: BindToDevice:[374] :BindToDevice, Bind localAddr name: wlan0
06-25 14:28:38.215 2898 3025 E nStackXUtil: BindToDeviceInner:[188] :setsockopt fail, errno = 1
06-25 14:28:38.215 2898 3025 E nStackXCoAP: CoapGetContext:[250] :bind to device fail
06-25 14:28:38.215 2898 3025 D nStackXCoAP: CoapInitResources:[744] :CoapInitResources g_wlanOrEthContext update
06-25 14:28:38.215 2898 3025 I nStackXDFinder: RegisterServiceData:[728] :RegisterServiceData, serviceData=[32]
06-25 14:28:38.217 2649 2897 D Hisight-DeviceListManager: get old secret key
06-25 14:28:38.233 2898 2898 I HicomNf_java_to_c: notifyNetworkStateChanged with maskStr, networkType: 0, networkState: 1, mask: 255.255.254.0
06-25 14:28:38.233 2898 2898 I HicomNfMainCtrlManager: NotifyNetworkStateChanged is called with networkState: 1
06-25 14:28:38.233 2898 2898 I HicomNfSecureManager: StartListening, before calling NSTACKX_DMsgServer
06-25 14:28:38.233 2898 2898 I nStackXDMsg: NSTACKX_DMsgServer:[1335] :msgReceiver is not NULL
06-25 14:28:38.233 2898 2898 D nStackXDMsg: StartDMsgMainThread:[1274] :pthread_create
06-25 14:28:38.233 2898 2898 I HicomNfSecureManager: StartListening, after calling NSTACKX_DMsgServer
06-25 14:28:38.233 2898 2898 I HicomNfSecureManager: OnehopSecureCtrlManager: succeeded to StartListening with type 0
06-25 14:28:38.250 2649 2897 E Hisight-ConnectAuthCallBack: readSecureFile failed, no such file
06-25 14:28:38.250 2649 2897 W Hisight-DeviceListManager: deviceRecords is empty
06-25 14:28:38.250 2649 2897 W Hisight-DeviceListManager: occur error, clear all the list
06-25 14:28:38.252 2649 2897 D Hisight-HiChainAuthControl: start HiChainAuthControl
06-25 14:28:38.267 2649 2897 I ConnectAuthJNI: JNI_OnLoad begin load
06-25 14:28:38.267 2649 2897 I ConnectAuthJNI: RegisterNativeMethod begin
06-25 14:28:38.268 2649 2897 I ConnectAuthJNI: RegisterNativeMethod end
06-25 14:28:38.268 2649 2897 I ConnectAuthJNI: RegisterNativeMethod 1004 methodLen=10
06-25 14:28:38.268 2649 2897 I ConnectAuthJNI: RegisterNativeMethod 1007 RegisterNatives=0
06-25 14:28:38.268 2649 2897 I ConnectAuthJNI: InitArraylist 1013
06-25 14:28:38.268 2649 2897 I ConnectAuthJNI: InitConnectAuthStaticJNIMethod 1114 methodRet=0
06-25 14:28:38.268 2649 2897 E ConnectAuthJNI: JNI_OnLoad finish....1138
06-25 14:28:38.268 2649 2897 D Hisight-HiChainAuthControl: setupAuthIfNeeded, HiChainInstance hasn't been initialized
06-25 14:28:38.268 2649 2897 I ConnectAuthJNI: Java_com_huawei_hisight_security_ConnectAuthNative_nativeSetup 795 call HiChainNativeSetup
06-25 14:28:38.269 2649 2897 I ConnectAuthJNI: HiChainNativeSetup 565 registe_log
06-25 14:28:38.269 2649 2897 I ConnectAuthJNI: HksStorageRegisterFileCallbacks 245 register hks file callback status =0
06-25 14:28:38.269 2649 2897 I ConnectAuthJNI: HksRegisterGetDeviceIdCallback 268 register hks get hardware udid callback status =0
06-25 14:28:38.270 2649 2897 D ConnectAuthJNI: [HiChain] get_instance Begin get instance
06-25 14:28:38.270 2649 2897 I ConnectAuthJNI: [HKS] hks_service_key_info_init hks init : begin
06-25 14:28:38.270 2649 2897 I ConnectAuthJNI: FileRead 113 FileRead
06-25 14:28:38.270 2649 2897 I ConnectAuthJNI: FileRead 122 FileRead call readSecureFile begin
06-25 14:28:38.270 2649 2897 E Hisight-ConnectAuthCallBack: readSecureFile failed, no such file
06-25 14:28:38.270 2649 2897 W ConnectAuthJNI: FileRead 132 FileRead call readSecureFile byteArray is null
06-25 14:28:38.271 2649 2897 I ConnectAuthJNI: [HKS] hks_rkc_init RKC init:begin, is_key_info_exist=0
06-25 14:28:38.272 2649 2897 I ConnectAuthJNI: [HKS] hks_rkc_init_entropy the entropy is empty
06-25 14:28:38.272 2649 2897 I ConnectAuthJNI: FileSize 214 FileSize
06-25 14:28:38.273 2649 2897 I ConnectAuthJNI: FileSize 230 fileSize=258
06-25 14:28:38.273 2649 2897 I ConnectAuthJNI: FileRead 113 FileRead
06-25 14:28:38.273 2649 2897 I ConnectAuthJNI: FileRead 122 FileRead call readSecureFile begin
06-25 14:28:38.273 2649 2897 I ConnectAuthJNI: FileRead 135 FileRead call readSecureFile end
06-25 14:28:38.273 2649 2897 I ConnectAuthJNI: FileRead 150 fileBuff size 258, buf len 258
06-25 14:28:38.273 2649 2897 I ConnectAuthJNI: FileSize 214 FileSize
06-25 14:28:38.275 2649 2897 I ConnectAuthJNI: FileSize 230 fileSize=258
06-25 14:28:38.275 2649 2897 I ConnectAuthJNI: FileRead 113 FileRead
06-25 14:28:38.275 2649 2897 I ConnectAuthJNI: FileRead 122 FileRead call readSecureFile begin
06-25 14:28:38.276 2649 2897 I ConnectAuthJNI: FileRead 135 FileRead call readSecureFile end
06-25 14:28:38.276 2649 2897 I ConnectAuthJNI: FileRead 150 fileBuff size 258, buf len 258
06-25 14:28:38.277 2649 2897 I ConnectAuthJNI: [HKS] hks_rkc_load_ksf load ksf success
06-25 14:28:38.277 2649 2897 I ConnectAuthJNI: [HKS] hks_rkc_init root key component init success
06-25 14:28:38.277 2649 2897 I ConnectAuthJNI: [HKS] hks_rkc_init RKC init:end,rc=0
06-25 14:28:38.277 2649 2897 I ConnectAuthJNI: [HKS] hks_service_key_info_init hks init : end
06-25 14:28:38.277 2649 2897 I ConnectAuthJNI: GetHiChainProtocolParamsCallback 371 GetHiChainProtocolParamsCallback operation_code= 99
06-25 14:28:38.277 2649 2897 I ConnectAuthJNI: paramLen is ,=0
06-25 14:28:38.277 2649 2897 I ConnectAuthJNI: paramLen is ,=0
06-25 14:28:38.277 2649 2897 I ConnectAuthJNI: GetHiChainProtocolParamsCallback 402 GetHiChainProtocolParamsCallback end
06-25 14:28:38.277 2649 2897 I ConnectAuthJNI: [HiChain] get_instance Get instance success
06-25 14:28:38.277 2649 2897 I ConnectAuthJNI: Java_com_huawei_hisight_security_ConnectAuthNative_nativeGetHiChainInstance 598 get instance success
06-25 14:28:38.277 2649 2897 D Hisight-HiChainAuthControl: destroyAuth
06-25 14:28:38.277 2649 2897 I ConnectAuthJNI: Java_com_huawei_hisight_security_ConnectAuthNative_nativeDestroy 603 destroy
06-25 14:28:38.277 2649 2897 D Hisight-HiChainAuthControl: setupAuthIfNeeded, HiChainInstance hasn't been initialized
06-25 14:28:38.277 2649 2897 I ConnectAuthJNI: Java_com_huawei_hisight_security_ConnectAuthNative_nativeSetup 795 call HiChainNativeSetup
06-25 14:28:38.277 2649 2897 I ConnectAuthJNI: HiChainNativeSetup 565 registe_log
06-25 14:28:38.277 2649 2897 I ConnectAuthJNI: HksStorageRegisterFileCallbacks 245 register hks file callback status =0
06-25 14:28:38.277 2649 2897 I ConnectAuthJNI: HksRegisterGetDeviceIdCallback 268 register hks get hardware udid callback status =0
06-25 14:28:38.277 2649 2897 D ConnectAuthJNI: [HiChain] get_instance Begin get instance
06-25 14:28:38.277 2649 2897 I ConnectAuthJNI: [HKS] hks_service_key_info_init hks init : begin
06-25 14:28:38.277 2649 2897 I ConnectAuthJNI: [HKS] hks_service_key_info_init hks init : end
06-25 14:28:38.277 2649 2897 I ConnectAuthJNI: GetHiChainProtocolParamsCallback 371 GetHiChainProtocolParamsCallback operation_code= 99
06-25 14:28:38.277 2649 2897 I ConnectAuthJNI: paramLen is ,=0
06-25 14:28:38.277 2649 2897 I ConnectAuthJNI: paramLen is ,=0
06-25 14:28:38.277 2649 2897 I ConnectAuthJNI: GetHiChainProtocolParamsCallback 402 GetHiChainProtocolParamsCallback end
06-25 14:28:38.277 2649 2897 I ConnectAuthJNI: [HiChain] get_instance Get instance success
06-25 14:28:38.277 2649 2897 I ConnectAuthJNI: Java_com_huawei_hisight_security_ConnectAuthNative_nativeGetHiChainInstance 598 get instance success
06-25 14:28:38.277 2649 2897 W ConnectAuthJNI: GetListTrustPeers 899 trustPeerSize=0
06-25 14:28:38.277 2649 2897 D Hisight-HiChainAuthControl: destroyAuth
06-25 14:28:38.277 2649 2897 I ConnectAuthJNI: Java_com_huawei_hisight_security_ConnectAuthNative_nativeDestroy 603 destroy
06-25 14:28:38.277 2649 2897 D Hisight-HiChainAuthControl: setupAuthIfNeeded, HiChainInstance hasn't been initialized
06-25 14:28:38.277 2649 2897 I ConnectAuthJNI: Java_com_huawei_hisight_security_ConnectAuthNative_nativeSetup 795 call HiChainNativeSetup
06-25 14:28:38.277 2649 2897 I ConnectAuthJNI: HiChainNativeSetup 565 registe_log
06-25 14:28:38.277 2649 2897 I ConnectAuthJNI: HksStorageRegisterFileCallbacks 245 register hks file callback status =0
06-25 14:28:38.278 2649 2897 I ConnectAuthJNI: HksRegisterGetDeviceIdCallback 268 register hks get hardware udid callback status =0
06-25 14:28:38.278 2649 2897 D ConnectAuthJNI: [HiChain] get_instance Begin get instance
06-25 14:28:38.278 2649 2897 I ConnectAuthJNI: [HKS] hks_service_key_info_init hks init : begin
06-25 14:28:38.278 2649 2897 I ConnectAuthJNI: [HKS] hks_service_key_info_init hks init : end
06-25 14:28:38.278 2649 2897 I ConnectAuthJNI: GetHiChainProtocolParamsCallback 371 GetHiChainProtocolParamsCallback operation_code= 99
06-25 14:28:38.278 2649 2897 I ConnectAuthJNI: paramLen is ,=0
06-25 14:28:38.278 2649 2897 I ConnectAuthJNI: paramLen is ,=0
06-25 14:28:38.278 2649 2897 I ConnectAuthJNI: GetHiChainProtocolParamsCallback 402 GetHiChainProtocolParamsCallback end
06-25 14:28:38.278 2649 2897 I ConnectAuthJNI: [HiChain] get_instance Get instance success
06-25 14:28:38.278 2649 2897 I ConnectAuthJNI: Java_com_huawei_hisight_security_ConnectAuthNative_nativeGetHiChainInstance 598 get instance success
06-25 14:28:38.278 2649 2897 W ConnectAuthJNI: GetListTrustPeers 899 trustPeerSize=0
06-25 14:28:38.278 2649 2897 D Hisight-DeviceListManager: init trusted list size: 0
06-25 14:28:38.278 2649 2897 D HiSight-ConnectionManager: setAuthInfo, authMode: 1
06-25 14:28:38.328 659 659 E WifiHAL : wifi_get_link_stats: requestResponse Error:-5
06-25 14:28:38.340 480 609 E WifiVendorHal: getWifiLinkLayerStats_1_5_Internal(l.1191) failed {.code = ERROR_INVALID_ARGS, .description = }
06-25 14:28:38.448 2649 2649 I pool-5-thread-1: type=1400 audit(0.0:1293): avc: denied { read } for name="td_database99SaaS" dev="mmcblk0p25" ino=2048 scontext=u:r:platform_app:s0:c512,c768 tcontext=u:object_r:app_data_file:s0:c512,c768 tclass=dir permissive=1 app=com.dangbei.screencast
06-25 14:28:38.448 2649 2649 I pool-5-thread-1: type=1400 audit(0.0:1294): avc: denied { open } for path="/data/user/0/com.dangbei.screencast/files/__database_reborn_January_one__/td_database99SaaS" dev="mmcblk0p25" ino=2048 scontext=u:r:platform_app:s0:c512,c768 tcontext=u:object_r:app_data_file:s0:c512,c768 tclass=dir permissive=1 app=com.dangbei.screencast
01-01 08:00:42.391 3038 3038 W audit : audit_lost=756 audit_rate_limit=5 audit_backlog_limit=64
01-01 08:00:42.391 3038 3038 E audit : rate limit exceeded
06-25 14:28:38.548 480 523 W IorapForwardingService: No service published for: iorapd
06-25 14:28:38.528 3038 3038 I Thread-2: type=1400 audit(0.0:1295): avc: denied { execute } for name="am" dev="dm-1" ino=1160 scontext=u:r:system_app:s0 tcontext=u:object_r:vendor_file:s0 tclass=file permissive=1
06-25 14:28:38.532 3038 3038 I Thread-2: type=1400 audit(0.0:1296): avc: denied { read open } for path="/vendor/xbin/am" dev="dm-1" ino=1160 scontext=u:r:system_app:s0 tcontext=u:object_r:vendor_file:s0 tclass=file permissive=1
06-25 14:28:38.647 1104 1104 D aaa : LedStatusService onStartCommand begin
06-25 14:28:38.684 1104 3044 D aaa : topPkg is -------------- :com.dangbei.leard.leradlauncher
06-25 14:28:38.694 1104 3044 D aaa : WiFi is connect
06-25 14:28:38.728 1176 1176 D bbb : onStartCommand begin !!!!!!! data分区剩余 20387MB
06-25 14:28:38.933 2898 2907 I awei.connectio: Background young concurrent copying GC freed 33112(3229KB) AllocSpace objects, 22(440KB) LOS objects, 88% free, 3306KB/27MB, paused 229us total 121.721ms
06-25 14:28:39.149 480 480 W NotificationHistory: Attempted to add notif for locked/gone/disabled user 0
06-25 14:28:39.156 685 685 V TvNotificationHandler: Notification not added because it isn't relevant for tv
06-25 14:28:39.192 480 597 D TvWindowManager: key event key = KEYCODE_F6 down = true
06-25 14:28:39.192 321 2277 D XM_HIDREAD: poll ret=1, event=1
06-25 14:28:39.192 321 2277 D XM_HIDREAD: [9 bytes]:01 00 00 3F 00 00 00 00 00
06-25 14:28:39.199 480 597 W ContextImpl: Calling a method in the system process without a qualified user: android.app.ContextImpl.sendBroadcast:1173 com.android.server.policy.TvWindowManager.interceptKeyBeforeQueueing:686 com.android.server.wm.InputManagerCallback.interceptKeyBeforeQueueing:149 com.android.server.input.InputManagerService.interceptKeyBeforeQueueing:2816
06-25 14:28:39.200 480 597 E ActivityManager: Sending non-protected broadcast com.dangbei.specialkey from system 480:system/1000 pkg android
06-25 14:28:39.200 480 597 E ActivityManager: java.lang.Throwable
06-25 14:28:39.200 480 597 E ActivityManager: at com.android.server.am.ActivityManagerService.checkBroadcastFromSystem(ActivityManagerService.java:12816)
06-25 14:28:39.200 480 597 E ActivityManager: at com.android.server.am.ActivityManagerService.broadcastIntentLocked(ActivityManagerService.java:13416)
06-25 14:28:39.200 480 597 E ActivityManager: at com.android.server.am.ActivityManagerService.broadcastIntentLocked(ActivityManagerService.java:12833)
06-25 14:28:39.200 480 597 E ActivityManager: at com.android.server.am.ActivityManagerService.broadcastIntentWithFeature(ActivityManagerService.java:13670)
06-25 14:28:39.200 480 597 E ActivityManager: at android.app.ContextImpl.sendBroadcast(ContextImpl.java:1177)
06-25 14:28:39.200 480 597 E ActivityManager: at com.android.server.policy.TvWindowManager.interceptKeyBeforeQueueing(TvWindowManager.java:686)
06-25 14:28:39.200 480 597 E ActivityManager: at com.android.server.wm.InputManagerCallback.interceptKeyBeforeQueueing(InputManagerCallback.java:149)
06-25 14:28:39.200 480 597 E ActivityManager: at com.android.server.input.InputManagerService.interceptKeyBeforeQueueing(InputManagerService.java:2816)
06-25 14:28:39.202 480 597 E ActivityManager: Sending non-protected broadcast com.dangbei.specialkey from system 480:system/1000 pkg android
06-25 14:28:39.202 480 597 E ActivityManager: java.lang.Throwable
06-25 14:28:39.202 480 597 E ActivityManager: at com.android.server.am.ActivityManagerService.checkBroadcastFromSystem(ActivityManagerService.java:12816)
06-25 14:28:39.202 480 597 E ActivityManager: at com.android.server.am.ActivityManagerService.broadcastIntentLocked(ActivityManagerService.java:13513)
06-25 14:28:39.202 480 597 E ActivityManager: at com.android.server.am.ActivityManagerService.broadcastIntentLocked(ActivityManagerService.java:12833)
06-25 14:28:39.202 480 597 E ActivityManager: at com.android.server.am.ActivityManagerService.broadcastIntentWithFeature(ActivityManagerService.java:13670)
06-25 14:28:39.202 480 597 E ActivityManager: at android.app.ContextImpl.sendBroadcast(ContextImpl.java:1177)
06-25 14:28:39.202 480 597 E ActivityManager: at com.android.server.policy.TvWindowManager.interceptKeyBeforeQueueing(TvWindowManager.java:686)
06-25 14:28:39.202 480 597 E ActivityManager: at com.android.server.wm.InputManagerCallback.interceptKeyBeforeQueueing(InputManagerCallback.java:149)
06-25 14:28:39.202 480 597 E ActivityManager: at com.android.server.input.InputManagerService.interceptKeyBeforeQueueing(InputManagerService.java:2816)
06-25 14:28:39.204 480 596 D GpioService: mFlickerEnable = true
06-25 14:28:39.204 480 541 I DropBoxManagerService: add tag=system_server_wtf isTagEnabled=true flags=0x2
06-25 14:28:39.212 480 541 I DropBoxManagerService: add tag=system_server_wtf isTagEnabled=true flags=0x2
06-25 14:28:39.217 2227 2227 I SogouIME: onKeyDown: keyoCode=136
06-25 14:28:39.217 2227 2227 I DefaultIMS: onKeyDown: keyoCode=136
06-25 14:28:39.238 1096 1096 E SecondScreen: FirstScreenLayoutView dispatchKeyEvent 136
06-25 14:28:39.240 1096 1096 E hq : HomeKeyReceiver:::onReceive com.dangbei.specialkey
06-25 14:28:39.292 1041 1041 E ccc : cccccc LifecycleFrameLayout onAttachedToWindow com.dangbei.etna.setting.ui.side.view.SideLayout{916eb12 V.E...... ......I. 0,0-0,0}
06-25 14:28:39.307 186 186 I hwservicemanager: getTransport: Cannot find entry android.hardware.graphics.mapper@4.0::IMapper/default in either framework or device VINTF manifest.
06-25 14:28:39.307 1041 1041 I Gralloc4: mapper 4.x is not supported
06-25 14:28:39.308 186 186 I hwservicemanager: getTransport: Cannot find entry android.hardware.graphics.mapper@3.0::IMapper/default in either framework or device VINTF manifest.
06-25 14:28:39.308 1041 1041 W Gralloc3: mapper 3.x is not supported
06-25 14:28:39.312 1041 1041 E gralloc : Arm Module v1.0
06-25 14:28:39.314 186 186 I hwservicemanager: getTransport: Cannot find entry android.hardware.graphics.allocator@4.0::IAllocator/default in either framework or device VINTF manifest.
06-25 14:28:39.315 1041 1041 W Gralloc4: allocator 4.x is not supported
06-25 14:28:39.315 186 186 I hwservicemanager: getTransport: Cannot find entry android.hardware.graphics.allocator@3.0::IAllocator/default in either framework or device VINTF manifest.
06-25 14:28:39.315 1041 1041 W Gralloc3: allocator 3.x is not supported
06-25 14:28:39.318 261 310 I gralloc : alloc buffer:W:1920 H:1080 S:1920 PL[1920 1080] SZ:8294400 fmt:1 if:0 af:1 usg:966 fg:00000004
06-25 14:28:39.319 1041 1041 E ion : ioctl c0044901 failed with code -1: Inappropriate ioctl for device
06-25 14:28:39.339 321 2277 D XM_HIDREAD: poll ret=1, event=1
06-25 14:28:39.340 321 2277 D XM_HIDREAD: [9 bytes]:01 00 00 00 00 00 00 00 00
06-25 14:28:39.340 480 597 D TvWindowManager: key event key = KEYCODE_F6 down = false
06-25 14:28:39.369 2227 2227 I SogouIME: onKeyUp: keyoCode=136
06-25 14:28:39.369 2227 2227 I DefaultIMS: onKeyUp: keyoCode=136
06-25 14:28:39.380 1096 1096 E SecondScreen: FirstScreenLayoutView dispatchKeyEvent 136
06-25 14:28:39.402 480 761 D SntpClient: request time failed: java.net.SocketTimeoutException: Poll timed out
06-25 14:28:39.441 261 310 I gralloc : alloc buffer:W:1920 H:1080 S:1920 PL[1920 1080] SZ:8294400 fmt:1 if:0 af:1 usg:966 fg:00000004
06-25 14:28:39.441 2227 2227 I DefaultIMS: onStartInput attribute=android.view.inputmethod.EditorInfo@2860990 restarting=false inputType: 0
06-25 14:28:39.485 2459 2505 D UtilLog : 日志批量上报 进行正常循环 !!!!!!本次有0次请求,共0条数据
06-25 14:28:39.544 480 654 D ConnectivityService: requestNetwork for uid/pid:1000/1041 activeRequest: null callbackRequest: 43 [NetworkRequest [ REQUEST id=44, [ Capabilities: INTERNET&NOT_RESTRICTED&TRUSTED&NOT_VCN_MANAGED Uid: 1000 RequestorUid: 1000 RequestorPkg: com.dangbei.lerad.etna.haqu] ]] callback flags: 0 priority: 2147483647
06-25 14:28:39.545 480 616 D ConnectivityService: NetReassign [44 : null → 100]
06-25 14:28:39.547 480 655 D Ethernet: got request NetworkRequest [ REQUEST id=44, [ Capabilities: INTERNET&NOT_RESTRICTED&TRUSTED&NOT_VCN_MANAGED Uid: 1000 RequestorUid: 1000 RequestorPkg: com.dangbei.lerad.etna.haqu] ]
06-25 14:28:39.547 480 655 D EthernetNetworkFactory: acceptRequest, request: NetworkRequest [ REQUEST id=44, [ Capabilities: INTERNET&NOT_RESTRICTED&TRUSTED&NOT_VCN_MANAGED Uid: 1000 RequestorUid: 1000 RequestorPkg: com.dangbei.lerad.etna.haqu] ]
06-25 14:28:39.547 480 655 I EthernetNetworkFactory: networkForRequest, request: NetworkRequest [ REQUEST id=44, [ Capabilities: INTERNET&NOT_RESTRICTED&TRUSTED&NOT_VCN_MANAGED Uid: 1000 RequestorUid: 1000 RequestorPkg: com.dangbei.lerad.etna.haqu] ], network: null
06-25 14:28:39.549 480 609 D WifiNetworkFactory: got request NetworkRequest [ REQUEST id=44, [ Capabilities: INTERNET&NOT_RESTRICTED&TRUSTED&NOT_VCN_MANAGED Uid: 1000 RequestorUid: 1000 RequestorPkg: com.dangbei.lerad.etna.haqu] ]
06-25 14:28:39.550 480 609 D UntrustedWifiNetworkFactory: got request NetworkRequest [ REQUEST id=44, [ Capabilities: INTERNET&NOT_RESTRICTED&TRUSTED&NOT_VCN_MANAGED Uid: 1000 RequestorUid: 1000 RequestorPkg: com.dangbei.lerad.etna.haqu] ]
06-25 14:28:39.551 480 523 W IorapForwardingService: No service published for: iorapd
06-25 14:28:39.552 480 609 D OemPaidWifiNetworkFactory: got request NetworkRequest [ REQUEST id=44, [ Capabilities: INTERNET&NOT_RESTRICTED&TRUSTED&NOT_VCN_MANAGED Uid: 1000 RequestorUid: 1000 RequestorPkg: com.dangbei.lerad.etna.haqu] ]
06-25 14:28:39.638 1041 3065 D skia : --- Failed to create image decoder with message 'unimplemented'
06-25 14:28:39.640 1041 3064 D skia : --- Failed to create image decoder with message 'unimplemented'
06-25 14:28:39.640 1041 3063 D skia : --- Failed to create image decoder with message 'unimplemented'
06-25 14:28:39.643 1041 3066 D skia : --- Failed to create image decoder with message 'unimplemented'
06-25 14:28:39.652 1041 3066 D skia : --- Failed to create image decoder with message 'unimplemented'
06-25 14:28:39.652 1041 3065 D skia : --- Failed to create image decoder with message 'unimplemented'
06-25 14:28:39.652 1041 3063 D skia : --- Failed to create image decoder with message 'unimplemented'
06-25 14:28:39.653 1041 3064 D skia : --- Failed to create image decoder with message 'unimplemented'
06-25 14:28:39.653 1041 3065 D skia : --- Failed to create image decoder with message 'unimplemented'
06-25 14:28:39.653 1041 3064 D skia : --- Failed to create image decoder with message 'unimplemented'
06-25 14:28:39.654 1041 3065 D skia : --- Failed to create image decoder with message 'unimplemented'
06-25 14:28:39.654 1041 3064 D skia : --- Failed to create image decoder with message 'unimplemented'
06-25 14:28:39.654 1041 3065 D skia : --- Failed to create image decoder with message 'unimplemented'
06-25 14:28:39.654 1041 3063 D skia : --- Failed to create image decoder with message 'unimplemented'
06-25 14:28:39.655 1041 3065 D skia : --- Failed to create image decoder with message 'unimplemented'
06-25 14:28:39.655 1041 3063 D skia : --- Failed to create image decoder with message 'unimplemented'
06-25 14:28:39.655 1041 3063 D skia : --- Failed to create image decoder with message 'unimplemented'
06-25 14:28:39.656 1041 3066 D skia : --- Failed to create image decoder with message 'unimplemented'
06-25 14:28:39.656 1041 3063 D skia : --- Failed to create image decoder with message 'unimplemented'
06-25 14:28:39.657 1041 3066 D skia : --- Failed to create image decoder with message 'unimplemented'
06-25 14:28:39.657 1041 3064 D skia : --- Failed to create image decoder with message 'unimplemented'
06-25 14:28:39.657 1041 3066 D skia : --- Failed to create image decoder with message 'unimplemented'
06-25 14:28:39.658 1041 3064 D skia : --- Failed to create image decoder with message 'unimplemented'
06-25 14:28:39.658 1041 3066 D skia : --- Failed to create image decoder with message 'unimplemented'
06-25 14:28:39.680 1041 3066 D skia : --- Failed to create image decoder with message 'unimplemented'
06-25 14:28:39.681 1041 3066 D skia : --- Failed to create image decoder with message 'unimplemented'
06-25 14:28:39.682 1041 3066 D skia : --- Failed to create image decoder with message 'unimplemented'
06-25 14:28:39.683 1041 3066 D skia : --- Failed to create image decoder with message 'unimplemented'
06-25 14:28:39.685 1041 3066 D skia : --- Failed to create image decoder with message 'unimplemented'
06-25 14:28:39.691 1041 3064 D skia : --- Failed to create image decoder with message 'unimplemented'
06-25 14:28:39.693 1041 3064 D skia : --- Failed to create image decoder with message 'unimplemented'
06-25 14:28:39.695 1041 3065 D skia : --- Failed to create image decoder with message 'unimplemented'
06-25 14:28:39.696 1041 3064 D skia : --- Failed to create image decoder with message 'unimplemented'
06-25 14:28:39.696 1041 3065 D skia : --- Failed to create image decoder with message 'unimplemented'
06-25 14:28:39.696 1041 3066 D skia : --- Failed to create image decoder with message 'unimplemented'
06-25 14:28:39.697 1041 3064 D skia : --- Failed to create image decoder with message 'unimplemented'
06-25 14:28:39.697 1041 3065 D skia : --- Failed to create image decoder with message 'unimplemented'
06-25 14:28:39.697 1041 3064 D skia : --- Failed to create image decoder with message 'unimplemented'
06-25 14:28:39.698 1041 3064 D skia : --- Failed to create image decoder with message 'unimplemented'
06-25 14:28:39.706 1041 3065 D skia : --- Failed to create image decoder with message 'unimplemented'
06-25 14:28:39.731 1041 3065 D skia : --- Failed to create image decoder with message 'unimplemented'
06-25 14:28:39.736 261 310 I gralloc : alloc buffer:W:1920 H:1080 S:1920 PL[1920 1080] SZ:8294400 fmt:1 if:0 af:1 usg:966 fg:00000004
06-25 14:28:39.737 1041 3063 D skia : --- Failed to create image decoder with message 'unimplemented'
06-25 14:28:39.748 2649 2649 I MirrorHelper: type=1400 audit(0.0:1304): avc: denied { read } for name="address" dev="sysfs" ino=26267 scontext=u:r:platform_app:s0:c512,c768 tcontext=u:object_r:sysfs:s0 tclass=file permissive=1 app=com.dangbei.screencast
06-25 14:28:39.752 2649 2649 I MirrorHelper: type=1400 audit(0.0:1305): avc: denied { open } for path="/sys/devices/platform/unisoc_wifi/net/wlan1/address" dev="sysfs" ino=26267 scontext=u:r:platform_app:s0:c512,c768 tcontext=u:object_r:sysfs:s0 tclass=file permissive=1 app=com.dangbei.screencast
06-25 14:28:39.752 2649 2649 I MirrorHelper: type=1400 audit(0.0:1306): avc: denied { getattr } for path="/sys/devices/platform/unisoc_wifi/net/wlan1/address" dev="sysfs" ino=26267 scontext=u:r:platform_app:s0:c512,c768 tcontext=u:object_r:sysfs:s0 tclass=file permissive=1 app=com.dangbei.screencast
06-25 14:28:39.780 1041 3063 D skia : --- Failed to create image decoder with message 'unimplemented'
06-25 14:28:39.781 1041 3065 D skia : --- Failed to create image decoder with message 'unimplemented'
06-25 14:28:39.791 2649 3068 I PlatformDependent: Your platform does not provide complete low-level API for accessing direct buffers reliably. Unless explicitly requested, heap buffer will always be preferred to avoid potential system instability.
06-25 14:28:39.794 1041 3063 D skia : --- Failed to create image decoder with message 'unimplemented'
06-25 14:28:39.795 1041 3063 D skia : --- Failed to create image decoder with message 'unimplemented'
06-25 14:28:39.840 2459 2553 D UtilLog : 日志批量上报 进行正常循环 !!!!!!本次有0次请求,共0条数据
06-25 14:28:39.843 1041 3063 D skia : --- Failed to create image decoder with message 'unimplemented'
06-25 14:28:39.845 1041 3063 D skia : --- Failed to create image decoder with message 'unimplemented'
06-25 14:28:39.880 378 378 D dom2reg : timezone change, new: Etc/GMT-8, pre:
06-25 14:28:39.880 378 378 W dom2reg : timezone [Etc/GMT-8] not in default tables, please check!
06-25 14:28:39.913 2649 2738 W VideoCapabilities: Unrecognized profile/level 0/3 for video/mpeg2
06-25 14:28:39.956 480 619 D NsdService: Register service
06-25 14:28:39.956 480 619 D NsdService: registerService: 3 name: 当贝投屏H9, type: _airplay._tcp, host: null, port: 43997, txtRecord: srcvers=220.68features=0x527FFFF7,0x1E'pi=2e388006-13ba-4041-9a67-25dd4a43d536Cpk=b07727d6f6cd6e08b58ede525ec3cdeaa252ad9f683feb212ef8a205246554e7vv=2 flags=0x4model=AppleTV2,1deviceid=b4:2f:03:15:e8:b9
06-25 14:28:39.957 480 619 D NsdService: mdnssd [register, 3, 当贝投屏H9, _airplay._tcp, 43997, DnNyY3ZlcnM9MjIwLjY4GGZlYXR1cmVzPTB4NTI3RkZGRjcsMHgxRSdwaT0yZTM4ODAwNi0xM2JhLTQwNDEtOWE2Ny0yNWRkNGE0M2Q1MzZDcGs9YjA3NzI3ZDZmNmNkNmUwOGI1OGVkZTUyNWVjM2NkZWFhMjUyYWQ5ZjY4M2ZlYjIxMmVmOGEyMDUyNDY1NTRlNwR2dj0yCWZsYWdzPTB4NBBtb2RlbD1BcHBsZVRWMiwxGmRldmljZWlkPWI0OjJmOjAzOjE1OmU4OmI5]
06-25 14:28:39.963 480 619 D NsdService: Register 2 3
06-25 14:28:39.970 480 619 D NsdService: Register service
06-25 14:28:39.971 480 619 D NsdService: registerService: 4 name: b42f0315e8b9@当贝投屏H9, type: _raop._tcp, host: null, port: 42089, txtRecord: txtvers=1 am=AppleTV2,1ch=2
06-25 14:28:39.971 480 619 D NsdService: cn=0,1,2,3da=trueet=0,3,5ft=0x527FFFF7,0x1Emd=0,1,2Cpk=b07727d6f6cd6e08b58ede525ec3cdeaa252ad9f683feb212ef8a205246554e7pw=falsesf=0x4sr=44100ss=16sv=falsetp=UDPvn=65537 vs=220.68vv=2 rhd=5.6.0.0
06-25 14:28:39.971 480 619 D NsdService: mdnssd [register, 4, b42f0315e8b9@当贝投屏H9, _raop._tcp, 42089, CXR4dHZlcnM9MQ1hbT1BcHBsZVRWMiwxBGNoPTIKY249MCwxLDIsMwdkYT10cnVlCGV0PTAsMyw1EmZ0PTB4NTI3RkZGRjcsMHgxRQhtZD0wLDEsMkNwaz1iMDc3MjdkNmY2Y2Q2ZTA4YjU4ZWRlNTI1ZWMzY2RlYWEyNTJhZDlmNjgzZmViMjEyZWY4YTIwNTI0NjU1NGU3CHB3PWZhbHNlBnNmPTB4NAhzcj00NDEwMAVzcz0xNghzdj1mYWxzZQZ0cD1VRFAIdm49NjU1MzcJdnM9MjIwLjY4BHZ2PTILcmhkPTUuNi4wLjA=]
06-25 14:28:39.973 480 619 D NsdService: Register 3 4
06-25 14:28:40.149 321 2277 D XM_HIDREAD: poll ret=1, event=1
06-25 14:28:40.149 321 2277 D XM_HIDREAD: [9 bytes]:01 00 00 28 00 00 00 00 00
06-25 14:28:40.150 480 597 D TvWindowManager: key event key = KEYCODE_DPAD_CENTER down = true
06-25 14:28:40.162 480 596 D GpioService: mFlickerEnable = true
06-25 14:28:40.285 480 619 D NsdService: Register service
06-25 14:28:40.285 480 619 D NsdService: registerService: 5 name: 当贝投屏H9, type: _db_cast_screen._tcp, host: null, port: 42281, txtRecord: au=1cV=20830mV=100h265=0maxR=4096-3152model=DBBOX-A2deviceid=20:02:FE:19:C2:0E
06-25 14:28:40.286 480 619 D NsdService: mdnssd [register, 5, 当贝投屏H9, _db_cast_screen._tcp, 42281, BGF1PTEIY1Y9MjA4MzAGbVY9MTAwBmgyNjU9MA5tYXhSPTQwOTYtMzE1Mg5tb2RlbD1EQkJPWC1BMhpkZXZpY2VpZD0yMDowMjpGRToxOTpDMjowRQ==]
06-25 14:28:40.288 480 619 D NsdService: Register 4 5
06-25 14:28:40.300 480 596 D GpioService: mFlickerEnable = true
06-25 14:28:40.315 2227 2227 I SogouIME: onKeyDown: keyoCode=23
06-25 14:28:40.315 2227 2227 I DefaultIMS: onKeyDown: keyoCode=23
06-25 14:28:40.317 321 2277 D XM_HIDREAD: poll ret=1, event=1
06-25 14:28:40.317 321 2277 D XM_HIDREAD: [9 bytes]:01 00 00 00 00 00 00 00 00
06-25 14:28:40.318 480 597 D TvWindowManager: key event key = KEYCODE_DPAD_CENTER down = false
06-25 14:28:40.320 2227 2227 I SogouIME: onKeyUp: keyoCode=23
06-25 14:28:40.320 2227 2227 I DefaultIMS: onKeyUp: keyoCode=23
06-25 14:28:40.324 1041 1229 E ccc : cccccc SideHelper onMessage side_function_tag_pre_setting do
06-25 14:28:40.324 1041 1229 E ccc : cccccc doSetting uri is haqu://setting:8080/home
06-25 14:28:40.326 1041 1229 W ContextImpl: Calling a method in the system process without a qualified user: android.app.ContextImpl.startActivity:1055 android.content.ContextWrapper.startActivity:411 com.dangbei.etna.setting.function.side.SideHelper.doSetting:182 com.dangbei.etna.setting.function.side.SideHelper.onMessage:45 com.dangbei.etna.setting.ui.side.view.SideItemView$onClick$1$1.invokeSuspend:82
06-25 14:28:40.326 1041 1229 W ContextImpl: Calling a method in the system process without a qualified user: android.app.ContextImpl.startActivity:1067 android.app.ContextImpl.startActivity:1056 android.content.ContextWrapper.startActivity:411 com.dangbei.etna.setting.function.side.SideHelper.doSetting:182 com.dangbei.etna.setting.function.side.SideHelper.onMessage:45
06-25 14:28:40.329 273 448 W AudioFlinger: createTrack_l(): mismatch between requested flags (00000004) and output flags (00000002)
06-25 14:28:40.329 480 654 I ActivityStarter: ---START u0 {dat=haqu://setting:8080/home flg=0x10000000 pkg=com.dangbei.haqusetting cmp=com.dangbei.haqusetting/.ui.HomeActivity} from uid 1000
06-25 14:28:40.331 273 448 D AF::TrackHandle: OpPlayAudio: track:60 usage:13 not muted
06-25 14:28:40.337 480 624 D AudioTrack: createTrack_l(0): AUDIO_OUTPUT_FLAG_FAST denied by server; frameCount 0 -> 147456
06-25 14:28:40.337 480 654 W ActivityTaskManager: Can't find TaskDisplayArea to determine support for multi window. Task id=185 attached=false
06-25 14:28:40.342 480 654 D CompatibilityChangeReporter: Compat change id reported: 174042980; UID 1000; state: DISABLED
06-25 14:28:40.347 267 267 I AW_PowerHAL: Power setMode: LAUNCH to: 1
06-25 14:28:40.355 480 654 D CompatibilityChangeReporter: Compat change id reported: 168419799; UID 1000; state: DISABLED
06-25 14:28:40.369 480 524 I ActivityManager: com.dangbei.haqusetting is exempt from freezer
06-25 14:28:40.371 480 524 D CompatibilityChangeReporter: Compat change id reported: 135634846; UID 1000; state: DISABLED
06-25 14:28:40.378 1041 1041 E ccc : cccccc LifecycleFrameLayout onDetachedFromWindow
06-25 14:28:40.382 278 278 I BpBinder: onLastStrongRef automatically unlinking death recipients:
06-25 14:28:40.384 267 267 I AW_PowerHAL: cur-mode:LAUNCH
