06-25 14:28:23.840 480 616 D ConnectivityService: Setting DNS servers for network 100 to [/202.96.134.133, /202.96.128.166]
06-25 14:28:23.841 480 616 D DnsManager: sendDnsConfigurationForNetwork(100, [202.96.134.133, 202.96.128.166], [], 1800, 25, 8, 64, 0, 0, , [202.96.134.133, 202.96.128.166])
06-25 14:28:23.843 247 1941 W resolv : Validating DnsTlsServer 202.96.128.166 with mark 0xf0064
06-25 14:28:23.847 247 1942 W resolv : Validating DnsTlsServer 202.96.134.133 with mark 0xf0064
06-25 14:28:23.849 480 654 D WifiMemoryStoreImpl: Set cluster G78c452f8e69b0d71 for W1563f3b60eaebbf8: SUCCESS
06-25 14:28:23.853 1038 1154 W MediaProvider: getVolumePath for unknown volume: internal
06-25 14:28:23.856 480 616 W BestClock: java.time.DateTimeException: Missing NTP fix
01-01 08:00:27.704 753 753 E sprdwl : reorder_msdu_process: BA SESSION IS NO ACTIVE sta_lut_index: 6, tid: 0
06-25 14:28:23.877 378 378 D dom2reg : timezone change, new: Etc/GMT-8, pre:
06-25 14:28:23.877 378 378 W dom2reg : timezone [Etc/GMT-8] not in default tables, please check!
06-25 14:28:23.877 1902 1902 D ApplicationLoaders: Returning zygote-cached class loader: /system/framework/android.test.base.jar
01-01 08:00:27.722 381 381 I : DVI mode selected: packets not configured
01-01 08:00:27.722 381 381 I : Error: set vsif failed
01-01 08:00:27.745 381 381 I : DVI mode selected: packets not configured
01-01 08:00:27.745 381 381 I : Error: set vsif failed
01-01 08:00:27.766 381 381 I : DVI mode selected: packets not configured
01-01 08:00:27.766 381 381 I : Error: set vsif failed
06-25 14:28:23.922 480 616 W BestClock: java.time.DateTimeException: Missing NTP fix
01-01 08:00:27.788 381 381 I : DVI mode selected: packets not configured
01-01 08:00:27.788 381 381 I : Error: set vsif failed
06-25 14:28:23.940 1239 1875 W Tribe : Can't ensureLatest on non-main Thread
06-25 14:28:23.945 1239 1875 E FawkesLaser.TaskManager: [BPool-2] mStartupTask
06-25 14:28:23.945 1239 1875 E FawkesLaser.TaskManager: java.lang.RuntimeException: cannot find implementation for com.common.bili.laser.internal.db.LaserDatabase. LaserDatabase_Impl does not exist
06-25 14:28:23.945 1239 1875 E FawkesLaser.TaskManager: at androidx.room.Room.getGeneratedImplementation(Room.java:14)
06-25 14:28:23.945 1239 1875 E FawkesLaser.TaskManager: at androidx.room.RoomDatabase$Builder.build(RoomDatabase.java:22)
06-25 14:28:23.945 1239 1875 E FawkesLaser.TaskManager: at com.common.bili.laser.internal.db.LaserDatabase$a.a(Database.kt:3)
06-25 14:28:23.945 1239 1875 E FawkesLaser.TaskManager: at com.common.bili.laser.internal.db.LaserDatabase$a.b(Database.kt:2)
06-25 14:28:23.945 1239 1875 E FawkesLaser.TaskManager: at com.common.bili.laser.internal.f$d.invoke(TaskManager.kt:1)
06-25 14:28:23.945 1239 1875 E FawkesLaser.TaskManager: at com.common.bili.laser.internal.f$d.invoke(TaskManager.kt:2)
06-25 14:28:23.945 1239 1875 E FawkesLaser.TaskManager: at kotlin.SynchronizedLazyImpl.getValue(LazyJVM.kt:5)
06-25 14:28:23.945 1239 1875 E FawkesLaser.TaskManager: at com.common.bili.laser.internal.f.i(Unknown Source:2)
06-25 14:28:23.945 1239 1875 E FawkesLaser.TaskManager: at com.common.bili.laser.internal.f.l(TaskManager.kt:1)
06-25 14:28:23.945 1239 1875 E FawkesLaser.TaskManager: at com.common.bili.laser.internal.f.b(Unknown Source:0)
06-25 14:28:23.945 1239 1875 E FawkesLaser.TaskManager: at bl.oj3.run(Unknown Source:0)
06-25 14:28:23.945 1239 1875 E FawkesLaser.TaskManager: at bl.v02.run(MonitorThreadTask.kt:5)
06-25 14:28:23.945 1239 1875 E FawkesLaser.TaskManager: at java.util.concurrent.Executors$RunnableAdapter.call(Executors.java:462)
06-25 14:28:23.945 1239 1875 E FawkesLaser.TaskManager: at java.util.concurrent.FutureTask.run(FutureTask.java:266)
06-25 14:28:23.945 1239 1875 E FawkesLaser.TaskManager: at java.util.concurrent.ScheduledThreadPoolExecutor$ScheduledFutureTask.run(ScheduledThreadPoolExecutor.java:301)
06-25 14:28:23.945 1239 1875 E FawkesLaser.TaskManager: at com.bilibili.droid.thread.e$b.run(Unknown Source:2)
06-25 14:28:23.945 1239 1875 E FawkesLaser.TaskManager: at java.util.concurrent.ThreadPoolExecutor.runWorker(ThreadPoolExecutor.java:1167)
06-25 14:28:23.945 1239 1875 E FawkesLaser.TaskManager: at java.util.concurrent.ThreadPoolExecutor$Worker.run(ThreadPoolExecutor.java:641)
06-25 14:28:23.945 1239 1875 E FawkesLaser.TaskManager: at java.lang.Thread.run(Thread.java:920)
01-01 08:00:27.809 381 381 I : DVI mode selected: packets not configured
01-01 08:00:27.809 381 381 I : Error: set vsif failed
06-25 14:28:23.957 480 607 W BestClock: java.time.DateTimeException: Missing NTP fix
06-25 14:28:23.959 480 607 W BestClock: java.time.DateTimeException: Missing NTP fix
01-01 08:00:27.831 381 381 I : DVI mode selected: packets not configured
01-01 08:00:27.831 381 381 I : Error: set vsif failed
01-01 08:00:27.866 381 381 I : DVI mode selected: packets not configured
01-01 08:00:27.866 381 381 I : Error: set vsif failed
06-25 14:28:24.020 480 616 D ConnectivityService: NetReassign [10 : null → 100, 1 : null → 100, 23 : null → 100, 21 : null → 100, 3 : null → 100, 19 : null → 100, 17 : null → 100, 30 : null → 100, 32 : null → 100, 28 : null → 100]
06-25 14:28:24.022 480 616 D ConnectivityService: Switching to new default network for: uid/pid:1000/480 activeRequest: 1 callbackRequest: 1 [NetworkRequest [ REQUEST id=1, [ Capabilities: INTERNET&NOT_RESTRICTED&TRUSTED&NOT_VPN&NOT_VCN_MANAGED RequestorUid: 1000 RequestorPkg: android] ]] callback flags: 1 priority: 2147483647 using NetworkAgentInfo{network{100} handle{432902426637} ni{WIFI CONNECTED extra: } Score(60 ; KeepConnected : 0 ; Policies : TRANSPORT_PRIMARY&IS_UNMETERED) lp{{InterfaceName: wlan0 LinkAddresses: [ fe80::c175:c130:1ef1:4ed/64,192.168.3.161/23 ] DnsAddresses: [ /202.96.134.133,/202.96.128.166 ] Domains: null MTU: 0 ServerAddress: /192.168.3.1 TcpBufferSizes: 524288,1048576,2097152,262144,524288,1048576 Routes: [ fe80::/64 -> :: wlan0 mtu 0,192.168.2.0/23 -> 0.0.0.0 wlan0 mtu 0,0.0.0.0/0 -> 192.168.3.1 wlan0 mtu 0 ]}} nc{[ Transports: WIFI Capabilities: NOT_METERED&INTERNET&NOT_RESTRICTED&TRUSTED&NOT_VPN&NOT_ROAMING&FOREGROUND&NOT_CONGESTED&NOT_SUSPENDED&NOT_VCN_MANAGED LinkUpBandwidth>=12000Kbps LinkDnBandwidth>=60000Kbps Specifier: TransportInfo: SignalStrength: -47 OwnerUid: 10025 AdminUids: [10025] SSID: "DZNB"]}}
06-25 14:28:24.029 1902 1902 V GraphicsEnvironment: ANGLE Developer option for 'com.android.permissioncontroller' set to: 'default'
06-25 14:28:24.030 1902 1902 V GraphicsEnvironment: Neither updatable production driver nor prerelease driver is supported.
06-25 14:28:24.032 1902 1902 D NetworkSecurityConfig: No Network Security Config specified, using platform default
06-25 14:28:24.033 1902 1902 D NetworkSecurityConfig: No Network Security Config specified, using platform default
06-25 14:28:24.074 1902 1902 I CarUiInstaller: CarUiInstaller started for com.android.permissioncontroller
06-25 14:28:24.080 762 1958 D NetworkMonitor/100: Validation disabled.
06-25 14:28:24.088 480 616 W BestClock: java.time.DateTimeException: Missing NTP fix
01-01 08:00:27.954 381 381 I : DVI mode selected: packets not configured
01-01 08:00:27.954 381 381 I : Error: set vsif failed
06-25 14:28:24.117 1096 1196 D hq : NetWorkStateReceiver:::检查网络,并且持续更新 isConnect=true
06-25 14:28:24.118 1096 1196 E hq : NetWorkStateReceiver:::Network is available. isConnect=false 是否频次过快=false t=1750832904117
06-25 14:28:24.118 1096 1196 W eventbuscore: post Event:com.dangbei.leard.base.entity.event.NetStateEvent
01-01 08:00:27.976 381 381 I : DVI mode selected: packets not configured
01-01 08:00:27.976 381 381 I : Error: set vsif failed
06-25 14:28:24.122 1902 1902 W Role : Cannot get ApplicationInfo for default holder: com.android.messaging
06-25 14:28:24.124 1096 1196 D hq : NetWorkStateReceiver:::检查网络,并且持续更新 isConnect=true
06-25 14:28:24.125 1096 1197 D AppManager: requestBlackAndWhiteList
06-25 14:28:24.125 1096 1096 E hq : listenerNet:::重新来网了 key=image_error isConnect=true
06-25 14:28:24.125 1096 1096 E hq : listenerNet:::重新来网了 key=requestAppWhiteList isConnect=true
06-25 14:28:24.125 1096 1197 D AppListModel: requestAppFilterList: true , false
06-25 14:28:24.132 1096 1612 D TheRouter::RouterInject: interception::===interface com.dangbei.leard.protocol.weather.CalendarManagerInterface===CalendarManager174167768
06-25 14:28:24.132 1096 1096 E hq : listenerNet:::重新来网了 key=ConfigureInterface:Init isConnect=true
06-25 14:28:24.142 1096 1616 E DangXiaoBeiManager: setMessageList: true
06-25 14:28:24.158 1096 1196 D yc_test : refreshWeather: null
06-25 14:28:24.159 1096 1208 D yc_test : refreshWeather: null
06-25 14:28:24.160 1096 1616 E hq : 当小贝:::message list add complete data.messageList:[]
06-25 14:28:24.160 1096 1616 E hq : data.tabList=[]
06-25 14:28:24.160 1096 1616 I hq : 当小贝:::showMessage from=net_change
06-25 14:28:24.173 1096 1370 I hq : 当小贝:::showMessage 没有消息需要显示
06-25 14:28:24.176 762 1757 W UnsafeUtil: platform method missing - proto runtime falling back to safer methods: java.lang.NoSuchMethodException: sun.misc.Unsafe.copyMemory [class java.lang.Object, long, class java.lang.Object, long, long]
06-25 14:28:24.187 1096 1096 E hq : listenerNet:::重新来网了 key=requestGetMessageRemind isConnect=true
06-25 14:28:24.198 1902 1902 I HibernationPolicy: scheduleHibernationJob with frequency 1296000000ms and threshold 7776000000ms
06-25 14:28:24.203 1902 1902 I HibernationPolicy: user 0 is a profileowner. Running hibernation job.
06-25 14:28:24.205 1096 1096 E hq : listenerNet:::重新来网了 key=requestMessageConfig isConnect=true
06-25 14:28:24.211 480 654 D WifiMemoryStoreImpl: Set cluster G78c452f8e69b0d71 for Wd584830ee1ca39b4: SUCCESS
06-25 14:28:24.212 1096 1096 E hq : listenerNet:::重新来网了 key=requestNetAppAdInfo isConnect=true
06-25 14:28:24.212 1096 1096 E hq : listenerNet:::重新来网了 key=requestMessageDialog isConnect=true
06-25 14:28:24.215 1902 1902 I HibernationPolicy: Job already scheduled.
06-25 14:28:24.242 480 875 D CompatibilityChangeReporter: Compat change id reported: 135634846; UID 10021; state: DISABLED
06-25 14:28:24.252 480 875 D CompatibilityChangeReporter: Compat change id reported: 177438394; UID 10021; state: DISABLED
06-25 14:28:24.254 480 875 D CompatibilityChangeReporter: Compat change id reported: 135772972; UID 10021; state: DISABLED
06-25 14:28:24.254 480 875 D CompatibilityChangeReporter: Compat change id reported: 135754954; UID 10021; state: ENABLED
06-25 14:28:24.258 480 542 D CompatibilityChangeReporter: Compat change id reported: 143937733; UID 10021; state: ENABLED
06-25 14:28:24.263 480 616 W BestClock: java.time.DateTimeException: Missing NTP fix
06-25 14:28:24.266 480 607 W BestClock: java.time.DateTimeException: Missing NTP fix
06-25 14:28:24.266 480 607 W BestClock: java.time.DateTimeException: Missing NTP fix
06-25 14:28:24.274 762 873 D UpstreamNetworkMonitor: New default Internet network: 100
06-25 14:28:24.286 248 248 D Zygote : Forked child process 2001
06-25 14:28:24.302 2001 2001 I Zygote : seccomp disabled by setenforce 0
01-01 08:00:28.141 307 307 W audit : audit_lost=218 audit_rate_limit=5 audit_backlog_limit=64
01-01 08:00:28.141 307 307 E audit : rate limit exceeded
06-25 14:28:24.297 480 761 D NetworkTimeUpdateService: New default network 100; checking time.
06-25 14:28:24.340 480 542 W ActivityManager: Slow operation: 63ms so far, now at startProcess: returned from zygote!
06-25 14:28:24.341 480 542 W ActivityManager: Slow operation: 100ms so far, now at startProcess: done updating battery stats
06-25 14:28:24.347 480 542 W ActivityManager: Slow operation: 107ms so far, now at startProcess: building log message
06-25 14:28:24.347 480 542 I ActivityManager: app.processName = com.android.providers.calendar
06-25 14:28:24.347 480 542 I ActivityManager: Start proc 2001:com.android.providers.calendar/u0a21 for broadcast {com.android.providers.calendar/com.android.providers.calendar.CalendarReceiver}
06-25 14:28:24.347 480 542 W ActivityManager: Slow operation: 107ms so far, now at startProcess: starting to update pids map
06-25 14:28:24.348 480 542 W ActivityManager: Slow operation: 107ms so far, now at startProcess: done updating pids map
06-25 14:28:24.368 408 423 I adbd : jdwp connection from 2001
06-25 14:28:24.372 1239 2000 D BLRemoteConfig: update
06-25 14:28:24.384 1239 1821 I chromium: [0625/142824.383329:INFO:httpdns.cc(381)] OnEffectiveConnectionTypeChanged called by httpdns context networks 5
06-25 14:28:24.384 1239 1821 I chromium: [0625/142824.384581:INFO:httpdns.cc(387)] OnNetworkChanged called by httpdns context networks 6
06-25 14:28:24.384 1239 1821 I chromium: [0625/142824.384778:INFO:httpdns.cc(387)] OnNetworkChanged called by httpdns context networks 2
06-25 14:28:24.428 185 185 E SELinux : avc: denied { find } for pid=2032 uid=0 name=activity scontext=u:r:preinstall:s0 tcontext=u:object_r:activity_service:s0 tclass=service_manager permissive=1
06-25 14:28:24.442 1104 1104 D aaa : LedStatusService onStartCommand begin
06-25 14:28:24.448 1104 2035 D aaa : topPkg is -------------- :com.dangbei.leard.leradlauncher
06-25 14:28:24.476 480 497 I system_server: Background young concurrent copying GC freed 187700(10209KB) AllocSpace objects, 93(2132KB) LOS objects, 34% free, 15MB/24MB, paused 28.589ms total 1.697s
06-25 14:28:24.481 480 523 W IorapForwardingService: No service published for: iorapd
06-25 14:28:24.491 480 607 W BestClock: java.time.DateTimeException: Missing NTP fix
06-25 14:28:24.520 480 616 D ConnectivityService: Sending CONNECTED broadcast for type 1 [100 WIFI] isDefaultNetwork=true
06-25 14:28:24.521 480 616 W ContextImpl: Calling a method in the system process without a qualified user: android.app.ContextImpl.sendStickyBroadcast:1559 com.android.server.ConnectivityService.sendStickyBroadcast:2884 com.android.server.ConnectivityService.sendGeneralBroadcast:2859 com.android.server.ConnectivityService.sendConnectedBroadcast:2832 com.android.server.ConnectivityService.sendLegacyNetworkBroadcast:8784
06-25 14:28:24.537 480 812 D CompatibilityChangeReporter: Compat change id reported: 168419799; UID 10021; state: DISABLED
06-25 14:28:24.556 1290 1290 D RockyReceiver: action: android.net.conn.CONNECTIVITY_CHANGE
06-25 14:28:24.557 1104 1104 D aaa : action:android.net.conn.CONNECTIVITY_CHANGE
06-25 14:28:24.559 1096 1096 E hq : NetWorkStateReceiver:::NetWorkStateReceiver onReceive: 网络变化广播 >>>> intent.action=android.net.conn.CONNECTIVITY_CHANGE
06-25 14:28:24.561 480 1347 E ConnectivityService: Exception = android.content.pm.PackageManager$NameNotFoundException: android.net.cts
06-25 14:28:24.563 1041 1041 D LanSocketServer: connect
06-25 14:28:24.564 480 607 W BestClock: java.time.DateTimeException: Missing NTP fix
06-25 14:28:24.565 480 607 W BestClock: java.time.DateTimeException: Missing NTP fix
06-25 14:28:24.568 480 654 D WifiMemoryStoreImpl: Set cluster G78c452f8e69b0d71 for W872240a71ef53d6f: SUCCESS
06-25 14:28:24.580 2050 2050 I preinstall.sh: type=1400 audit(0.0:725): avc: denied { getattr } for path="/system/bin/toolbox" dev="dm-0" ino=1245 scontext=u:r:preinstall:s0 tcontext=u:object_r:toolbox_exec:s0 tclass=file permissive=1
06-25 14:28:24.580 2050 2050 I preinstall.sh: type=1400 audit(0.0:726): avc: denied { execute } for name="toolbox" dev="dm-0" ino=1245 scontext=u:r:preinstall:s0 tcontext=u:object_r:toolbox_exec:s0 tclass=file permissive=1
06-25 14:28:24.580 2050 2050 I preinstall.sh: type=1400 audit(0.0:727): avc: denied { read open } for path="/system/bin/toolbox" dev="dm-0" ino=1245 scontext=u:r:preinstall:s0 tcontext=u:object_r:toolbox_exec:s0 tclass=file permissive=1
06-25 14:28:24.584 2050 2050 I preinstall.sh: type=1400 audit(0.0:728): avc: denied { execute_no_trans } for path="/system/bin/toolbox" dev="dm-0" ino=1245 scontext=u:r:preinstall:s0 tcontext=u:object_r:toolbox_exec:s0 tclass=file permissive=1
06-25 14:28:24.574 2001 2001 D CompatibilityChangeReporter: Compat change id reported: 171979766; UID 10021; state: ENABLED
06-25 14:28:24.577 480 522 D AW_CODE : rotation =0
06-25 14:28:24.582 480 480 W InputMethodManagerService: Illegal subtype state: old subtype = null, new subtype = android.view.inputmethod.InputMethodSubtype@129f21f8
06-25 14:28:24.588 1290 1290 I Receiver: 网络连接成功
06-25 14:28:24.596 480 616 W ContextImpl: Calling a method in the system process without a qualified user: android.app.ContextImpl.sendStickyBroadcast:1559 com.android.server.ConnectivityService.sendStickyBroadcast:2884 com.android.server.ConnectivityService.sendGeneralBroadcast:2859 com.android.server.ConnectivityService.sendConnectedBroadcast:2832 com.android.server.ConnectivityService.sendLegacyNetworkBroadcast:8784
06-25 14:28:24.597 480 522 D AW_CODE : rotation =0
06-25 14:28:24.604 1096 1096 E hq : NetWorkStateReceiver:::Network is available. isConnect=true 是否频次过快=true t=1750832904560
06-25 14:28:24.604 1096 1096 W eventbuscore: post Event:com.dangbei.leard.base.entity.event.NetChangeEvent
06-25 14:28:24.614 1104 1104 D aaa : action:android.net.conn.CONNECTIVITY_CHANGE
06-25 14:28:24.616 1290 1290 D RockyReceiver: action: android.net.conn.CONNECTIVITY_CHANGE
06-25 14:28:24.618 480 522 D AW_CODE : rotation =0
06-25 14:28:24.620 480 812 E ConnectivityService: Exception = android.content.pm.PackageManager$NameNotFoundException: android.net.cts
06-25 14:28:24.623 1290 1290 I Receiver: 网络连接成功
06-25 14:28:24.628 480 607 W BestClock: java.time.DateTimeException: Missing NTP fix
06-25 14:28:24.584 2050 2050 I getprop : type=1400 audit(0.0:729): avc: denied { map } for path="/system/bin/toolbox" dev="dm-0" ino=1245 scontext=u:r:preinstall:s0 tcontext=u:object_r:toolbox_exec:s0 tclass=file permissive=1
06-25 14:28:24.632 480 607 W BestClock: java.time.DateTimeException: Missing NTP fix
06-25 14:28:24.637 480 616 D ConnectivityService: [100 WIFI] validation passed
06-25 14:28:24.653 1239 2040 E ActivityThread: Failed to find provider info for com.tcl.xian.StartandroidService.MyContentProvider
06-25 14:28:24.672 480 1347 D WifiMemoryStoreImpl: Set cluster G78c452f8e69b0d71 for We40ae8fcab17e415: SUCCESS
06-25 14:28:24.699 480 616 D ConnectivityService: Setting DNS servers for network 100 to [/202.96.134.133, /202.96.128.166]
06-25 14:28:24.700 480 616 D DnsManager: sendDnsConfigurationForNetwork(100, [202.96.134.133, 202.96.128.166], [], 1800, 25, 8, 64, 0, 0, , [202.96.134.133, 202.96.128.166])
06-25 14:28:24.708 480 616 W ContextImpl: Calling a method in the system process without a qualified user: android.app.ContextImpl.sendStickyBroadcast:1559 com.android.server.ConnectivityService.sendStickyBroadcast:2884 com.android.server.ConnectivityService.sendGeneralBroadcast:2859 com.android.server.ConnectivityService.sendInetConditionBroadcast:2836 com.android.server.ConnectivityService.updateInetCondition:8529
06-25 14:28:24.725 480 1347 D WifiMemoryStoreImpl: Set cluster G78c452f8e69b0d71 for Wae0428c9ba3368e9: SUCCESS
06-25 14:28:24.728 2001 2001 V GraphicsEnvironment: ANGLE Developer option for 'com.android.providers.calendar' set to: 'default'
06-25 14:28:24.728 2001 2001 V GraphicsEnvironment: Neither updatable production driver nor prerelease driver is supported.
06-25 14:28:24.730 1096 1638 I dangbei ad sdk: AdSplashView::show offline ad
06-25 14:28:24.739 2001 2001 D NetworkSecurityConfig: No Network Security Config specified, using platform default
06-25 14:28:24.739 2001 2001 D NetworkSecurityConfig: No Network Security Config specified, using platform default
06-25 14:28:24.743 1104 1104 D aaa : LedStatusService onStartCommand begin
06-25 14:28:24.751 1104 2072 D aaa : topPkg is -------------- :com.dangbei.leard.leradlauncher
06-25 14:28:24.761 1104 2072 D aaa : WiFi is connect
06-25 14:28:24.816 480 654 D WifiMemoryStoreImpl: Set cluster G78c452f8e69b0d71 for Wdd516a0437cd84b: SUCCESS
06-25 14:28:24.824 1041 1041 W System.err: SLF4J: Failed to load class "org.slf4j.impl.StaticLoggerBinder".
06-25 14:28:24.849 1041 1041 W System.err: SLF4J: Defaulting to no-operation (NOP) logger implementation
06-25 14:28:24.854 1096 1612 E hq : WeatherRefresh:::请求网络地址后,更新的地理位置为:null
06-25 14:28:24.861 1041 1041 W System.err: SLF4J: See http://www.slf4j.org/codes.html#StaticLoggerBinder for further details.
06-25 14:28:24.872 480 875 D WifiMemoryStoreImpl: Set cluster G78c452f8e69b0d71 for W67d1bf0ffa760e07: SUCCESS
06-25 14:28:24.881 2001 2001 I CalendarProvider2: Created com.android.providers.calendar.CalendarAlarmManager@ed09359(com.android.providers.calendar.CalendarProvider2@b8a0b1e)
06-25 14:28:24.883 1041 1041 D LanSocketServer: connect /192.168.3.161:6689
06-25 14:28:24.884 1041 1041 D LanSocketServer: connect start
06-25 14:28:24.884 1041 1041 E LanCommander: onNetWorkChanged: true
06-25 14:28:24.901 2001 2087 D CompatibilityChangeReporter: Compat change id reported: 160794467; UID 10021; state: ENABLED
06-25 14:28:24.923 480 502 D CompatibilityChangeReporter: Compat change id reported: 171306433; UID 10021; state: ENABLED
06-25 14:28:24.943 1041 1041 E LanCommander: onNetWorkChanged: true
06-25 14:28:24.944 480 502 D CompatibilityChangeReporter: Compat change id reported: 143231523; UID 10021; state: DISABLED
06-25 14:28:24.953 480 1347 D WifiMemoryStoreImpl: Set cluster G78c452f8e69b0d71 for Wc5cfebc7be0d7267: SUCCESS
06-25 14:28:24.980 1041 2084 E LanCommander: onServerCreatedSuccess 192.168.3.161:6689
06-25 14:28:25.007 480 609 D WifiClientModeImpl[wlan0]: Received signal strength thresholds: []
06-25 14:28:25.020 480 875 D WifiMemoryStoreImpl: Set cluster G78c452f8e69b0d71 for W78c452f8e69b0d71: SUCCESS
06-25 14:28:25.026 1239 1239 E BlockInspector: [main] BlockInspector not started,because: switchSuperSpeed=true, changeByUser=false, superSpeed=false, notAllowDowngrade=true
06-25 14:28:25.037 480 609 E WifiVendorHal: stopRssiMonitoring(l.2617) failed {.code = ERROR_NOT_AVAILABLE, .description = }
06-25 14:28:25.038 480 609 W LastMileLogger: Failed to stop event tracing: /sys/kernel/debug/tracing/instances/wifi/tracing_on: open failed: ENOENT (No such file or directory)
06-25 14:28:25.061 1104 1104 D aaa : WiFi is connect
06-25 14:28:25.064 1104 1104 D aaa : WiFi is connect
06-25 14:28:25.065 1096 1196 E hq : Etna:::sendInspectLauncherUpdate
06-25 14:28:25.066 1239 1239 I koom : max mem 512
06-25 14:28:25.069 1041 2084 E RCInfo : vid:
06-25 14:28:25.070 1041 2084 E RCInfo : pid:
06-25 14:28:25.070 1041 2084 E RCInfo : RCBrand:NA
06-25 14:28:25.071 1041 2084 E RCInfo : vid:
06-25 14:28:25.076 1041 2084 E RCInfo : pid:
06-25 14:28:25.076 1041 1075 E ccc : cccccc SystemUpdateHelper launcherUpdate {"launcherCodeLocal":102942,"launcherCodeNet":0,"launcherVersionLocal":"2.9.4.2","launcherVersionNet":"","otaCodeLocal":0,"otaCodeNet":0,"remoteNeedUpdate":false,"updateType":""}
06-25 14:28:25.080 1041 2084 E RCInfo : vid:
06-25 14:28:25.084 1096 1196 D etnaManager: 不需要更新桌面
06-25 14:28:25.084 1041 2084 E RCInfo : pid:
06-25 14:28:25.085 1041 2084 E RCInfo : vid:
06-25 14:28:25.086 1041 2084 E RCInfo : pid:
06-25 14:28:25.086 1041 2084 E RCInfo : RCBrand:NA
06-25 14:28:25.087 1041 2084 E RCInfo : vid:
06-25 14:28:25.088 1041 2084 E RCInfo : pid:
06-25 14:28:25.095 1041 2084 E RCInfo : vid:
06-25 14:28:25.095 1041 2084 E RCInfo : pid:
06-25 14:28:25.153 1041 1228 D getEthernetMacAddr: getEthernetMacAddr use eth0
06-25 14:28:25.163 1104 1104 D aaa : WiFi is connect
06-25 14:28:25.163 1290 1290 I Receiver: ----------netConnectInitSDK--------------
06-25 14:28:25.163 1290 1290 D RockyNetMessageUtil: initTipsList tipEntity = TipEntity{movieType=[我想看喜剧片, 动作片, 枪战片], movie=[庆余年, 误杀, 美丽人生, 爆笑虫子, 哪吒, 小猪佩奇, 胡歌的电视剧, 张艺谋导演的电影, 切换到1080P, 收藏], appController=[打开当贝市场, 下载哈趣影视, 爱奇艺, 卸载腾讯视频], weather=[今天的天气, 未来五天的天气, 杭州天气怎么样, 明天下不下雨], music=[我要听歌, 周杰伦的歌, 上一首, 下一首, 快进一分钟, 暂停], liveAppDownload='非常抱歉,根据监管部门政策管理要求,暂不提供相应服务。', subscreen=null, wakeUpVoiceResponse=[ProbabilityEntity{word='在呢', probability=30}, ProbabilityEntity{word='我在', probability=35}, ProbabilityEntity{word='你说', probability=15}, ProbabilityEntity{word='来啦', probability=20}], unrecognizedVoiceResponse=[ProbabilityEntity{word='可以再说一遍么', probability=45}, ProbabilityEntity{word='可以说的详细一点么', probability=30}, ProbabilityEntity{word='请问有什么可以帮您', probability=25}], notUnderstandVoiceResponse=[ProbabilityEntity{word='换个说法试试吧', probability=100}]} isRequestTipSuccess = false
06-25 14:28:25.166 1104 1104 D aaa : WiFi is connect
06-25 14:28:25.166 1290 1492 D XHttpObservable: handleRequest: start https://tyapi.qun7.com/v1/voice/getsoundshowmsg ,,, isCache = false
06-25 14:28:25.167 1290 1290 D RockyNetMessageUtil: initMediaControlPage pageEntity = PageEntity{list=[ContentEntity{packageName='com.dangbei.leard.leradlauncher', activityName='FilmDetailActivity'}, ContentEntity{packageName='com.dangbei.leard.leradlauncher', activityName='FullScreenDetailActivity'}, ContentEntity{packageName='com.dangbei.leard.leradlauncher', activityName='TencentSportActivity'}, ContentEntity{packageName='com.dangbei.leradVideoPlugins', activityName='FilmDetailActivity'}, ContentEntity{packageName='com.dangbei.leradVideoPlugins', activityName='FullScreenDetailActivity'}, ContentEntity{packageName='com.dangbei.leradVideoPlugins', activityName='TencentSportActivity'}, ContentEntity{packageName='com.dangbei.leradVideoPlugins', activityName='ShortPlayActivity'}, ContentEntity{packageName='com.dangbei.hqmedia', activityName='FilmDetailActivity'}, ContentEntity{packageName='com.dangbei.hqmedia', activityName='FullScreenDetailActivity'}, ContentEntity{packageName='com.dangbei.leradVideoPlugins', activityName='MangoMediaActivity'}, ContentEntity{packageName='com.dangbei.leradVideoPlugins', activityName='VcinemaActivity'}]} isRequestPageControlSuccess = false
06-25 14:28:25.169 1290 1496 D XHttpObservable: handleRequest: start https://tyapi.qun7.com/v1/voice/getResponseControlPage ,,, isCache = false
06-25 14:28:25.174 1239 1507 W VideoCapabilities: Unrecognized profile/level 0/3 for video/mpeg2
06-25 14:28:25.183 1096 1985 D AppListModel: requestAppFilterList: success
06-25 14:28:25.183 1096 1985 D AppListModel: updateList
06-25 14:28:25.183 1096 1985 D AppListModel: updateList: resetAppList
06-25 14:28:25.187 480 503 D CompatibilityChangeReporter: Compat change id reported: 168419799; UID 10074; state: DISABLED
06-25 14:28:25.198 1239 1239 W HprofDump: _ZN3art3Dbg9SuspendVMEv unsupported!
06-25 14:28:25.204 480 654 D CompatibilityChangeReporter: Compat change id reported: 135634846; UID 10017; state: DISABLED
06-25 14:28:25.204 480 654 D CompatibilityChangeReporter: Compat change id reported: 177438394; UID 10017; state: DISABLED
06-25 14:28:25.204 480 654 D CompatibilityChangeReporter: Compat change id reported: 135772972; UID 10017; state: DISABLED
06-25 14:28:25.205 480 654 D CompatibilityChangeReporter: Compat change id reported: 135754954; UID 10017; state: ENABLED
06-25 14:28:25.205 480 542 D CompatibilityChangeReporter: Compat change id reported: 143937733; UID 10017; state: ENABLED
06-25 14:28:25.222 1041 1228 D getEthernetMacAddr: getEthernetMacAddr use eth0
06-25 14:28:25.222 1239 1239 W HprofDump: _ZN3art3Dbg8ResumeVMEv unsupported!
06-25 14:28:25.223 1041 2084 D getEthernetMacAddr: getEthernetMacAddr use eth0
06-25 14:28:25.234 248 248 D Zygote : Forked child process 2119
06-25 14:28:25.236 480 542 I ActivityManager: app.processName = com.android.providers.tv
06-25 14:28:25.236 480 542 I ActivityManager: Start proc 2119:com.android.providers.tv/u0a17 for broadcast {com.android.providers.tv/com.android.providers.tv.BootCompletedReceiver}
06-25 14:28:25.255 2119 2119 I Zygote : seccomp disabled by setenforce 0
06-25 14:28:25.292 408 423 I adbd : jdwp connection from 2119
01-01 08:00:29.152 307 307 W audit : audit_lost=277 audit_rate_limit=5 audit_backlog_limit=64
01-01 08:00:29.152 307 307 E audit : rate limit exceeded
06-25 14:28:25.323 480 654 D WifiMemoryStoreImpl: Set cluster G78c452f8e69b0d71 for Wd584830ee1ca39b4: SUCCESS
06-25 14:28:25.356 1041 1228 I okhttp.OkHttpClient: --> POST http://tymsgapi.qun7.com/v1/core/rom (525-byte body)
06-25 14:28:25.370 1239 1239 W HprofDump: _ZN3art5hprof5HprofC2EPKcib unsupported!
06-25 14:28:25.362 1041 2103 I okhttp.OkHttpClient: --> POST http://tyapi.qun7.com/v1/core/launcherota (525-byte body)
06-25 14:28:25.381 1041 1238 I okhttp.OkHttpClient: --> POST http://tymsgapi.qun7.com/v1/core/logip (592-byte body)
06-25 14:28:25.382 1041 2108 I okhttp.OkHttpClient: --> POST http://tyapi.qun7.com/v1/core/launcherota (525-byte body)
06-25 14:28:25.383 1041 2104 I okhttp.OkHttpClient: --> POST http://tymsgapi.qun7.com/v1/core/rom (525-byte body)
06-25 14:28:25.388 1239 1239 I kwai_dlfcn: _ZN3art5hprof5HprofD0Ev found at 0xeeb09ec9
06-25 14:28:25.398 1096 1619 E hq : ErrorCoroutineExceptionHandler:::runTry error:com.dangbei.leard.base.proider.error.EmptyApiException: 数据为空 from=requestMessageDialog from=requestMessageDialog
06-25 14:28:25.399 480 812 D CompatibilityChangeReporter: Compat change id reported: 168419799; UID 10017; state: DISABLED
06-25 14:28:25.419 480 609 I WifiClientModeImpl: Default Gateway MAC address of 58:c7:ac:78:f0:02 from routes is : 70:3a:a6:36:a8:d7
06-25 14:28:25.420 1239 1239 W HprofDump: _ZN3art5hprof5Hprof4DumpEv unsupported!
06-25 14:28:25.426 1096 1206 E hq : WeatherRefresh:::请求网络地址后,更新的地理位置为:101280601
06-25 14:28:25.465 480 609 D WifiConfigStore: Writing to stores completed in 10 ms.
06-25 14:28:25.467 2119 2119 D CompatibilityChangeReporter: Compat change id reported: 171979766; UID 10017; state: ENABLED
06-25 14:28:25.468 1041 1229 I okhttp.OkHttpClient: --> POST http://tymsgapi.qun7.com/v1/core/appupdate (3900-byte body)
06-25 14:28:25.473 1096 1620 D AppManager: checkLocalAppsIsValid: size
06-25 14:28:25.473 1096 1620 D AppManager: AppManager resetData:
06-25 14:28:25.476 1096 1986 E hq : WeatherRefresh:::请求网络地址后,更新的地理位置为:101280601
06-25 14:28:25.478 1041 2109 I okhttp.OkHttpClient: --> POST http://tymsgapi.qun7.com/v1/core/appupdate (3900-byte body)
06-25 14:28:25.484 480 523 W IorapForwardingService: No service published for: iorapd
06-25 14:28:25.496 1041 2084 D getEthernetMacAddr: getEthernetMacAddr use eth0
06-25 14:28:25.501 659 659 E WifiHAL : wifi_get_link_stats: requestResponse Error:-5
06-25 14:28:25.503 480 609 E WifiVendorHal: getWifiLinkLayerStats_1_5_Internal(l.1191) failed {.code = ERROR_INVALID_ARGS, .description = }
06-25 14:28:25.530 1041 2103 I okhttp.OkHttpClient: <-- 200 OK http://tyapi.qun7.com/v1/core/launcherota (149ms, unknown-length body)
06-25 14:28:25.537 1041 1238 I okhttp.OkHttpClient: <-- 200 OK http://tymsgapi.qun7.com/v1/core/logip (148ms, 81-byte body)
06-25 14:28:25.537 1041 2104 I okhttp.OkHttpClient: <-- 200 OK http://tymsgapi.qun7.com/v1/core/rom (154ms, unknown-length body)
06-25 14:28:25.538 1041 1228 I okhttp.OkHttpClient: <-- 200 OK http://tymsgapi.qun7.com/v1/core/rom (181ms, unknown-length body)
06-25 14:28:25.547 1041 2108 I okhttp.OkHttpClient: <-- 200 OK http://tyapi.qun7.com/v1/core/launcherota (147ms, unknown-length body)
06-25 14:28:25.551 1096 1208 E hq : WeatherRefresh:::请求网络地址后,更新的地理位置为:101280601
06-25 14:28:25.561 1096 1096 E hq : NetWorkStateReceiver:::NetWorkStateReceiver onReceive: 网络变化广播 >>>> intent.action=android.net.conn.CONNECTIVITY_CHANGE
06-25 14:28:25.563 1096 1096 E hq : NetWorkStateReceiver:::Network is available. isConnect=true 是否频次过快=true t=1750832905563
06-25 14:28:25.563 1096 1096 W eventbuscore: post Event:com.dangbei.leard.base.entity.event.NetChangeEvent
06-25 14:28:25.574 1041 1238 I HttpUtil: success
06-25 14:28:25.581 1041 1229 I okhttp.OkHttpClient: <-- 200 OK http://tymsgapi.qun7.com/v1/core/appupdate (107ms, unknown-length body)
06-25 14:28:25.584 1041 2109 I okhttp.OkHttpClient: <-- 200 OK http://tymsgapi.qun7.com/v1/core/appupdate (97ms, unknown-length body)
06-25 14:28:25.601 1041 1041 E ccc : cccccc launcher ota response is BaseResponse{message='success', data=UpgradeInfoEntity{contentLength=0, versionName='', versionCode=0, remark='', list=[]}, code=0}
06-25 14:28:25.607 1041 1041 W System.err: java.lang.IndexOutOfBoundsException: Index: 0, Size: 0
06-25 14:28:25.615 1041 1041 W System.err: at java.util.ArrayList.get(ArrayList.java:437)
06-25 14:28:25.616 1041 1041 W System.err: at com.dangbei.etna.update.launcher.LauncherUpdateHelper$requestLauncherUpdateInfo$1$2.invoke(LauncherUpdateHelper.kt:198)
06-25 14:28:25.616 1041 1041 W System.err: at com.dangbei.etna.update.launcher.LauncherUpdateHelper$requestLauncherUpdateInfo$1$2.invoke(LauncherUpdateHelper.kt:189)
06-25 14:28:25.616 1041 1041 W System.err: at com.etna.haqu.support.ext.FlowExtKt$safeCollect$3.emit(FlowExt.kt:52)
06-25 14:28:25.616 1041 1041 W System.err: at kotlinx.coroutines.flow.FlowKt__ErrorsKt$catchImpl$2.emit(Errors.kt:158)
06-25 14:28:25.616 1041 1041 W System.err: at kotlinx.coroutines.flow.FlowKt__ChannelsKt.emitAllImpl$FlowKt__ChannelsKt(Channels.kt:62)
06-25 14:28:25.616 1041 1041 W System.err: at kotlinx.coroutines.flow.FlowKt__ChannelsKt.access$emitAllImpl$FlowKt__ChannelsKt(Channels.kt:1)
06-25 14:28:25.616 1041 1041 W System.err: at kotlinx.coroutines.flow.FlowKt__ChannelsKt$emitAllImpl$1.invokeSuspend(Unknown Source:14)
06-25 14:28:25.616 1041 1041 W System.err: at kotlin.coroutines.jvm.internal.BaseContinuationImpl.resumeWith(ContinuationImpl.kt:33)
06-25 14:28:25.616 1041 1041 W System.err: at kotlinx.coroutines.DispatchedTask.run(DispatchedTask.kt:106)
06-25 14:28:25.616 1041 1041 W System.err: at android.os.Handler.handleCallback(Handler.java:938)
06-25 14:28:25.616 1041 1041 W System.err: at android.os.Handler.dispatchMessage(Handler.java:99)
06-25 14:28:25.616 1041 1041 W System.err: at android.os.Looper.loopOnce(Looper.java:201)
06-25 14:28:25.616 1041 1041 W System.err: at android.os.Looper.loop(Looper.java:288)
06-25 14:28:25.616 1041 1041 W System.err: at android.app.ActivityThread.main(ActivityThread.java:7854)
06-25 14:28:25.616 1041 1041 W System.err: at java.lang.reflect.Method.invoke(Native Method)
06-25 14:28:25.616 1041 1041 W System.err: at com.android.internal.os.RuntimeInit$MethodAndArgsCaller.run(RuntimeInit.java:548)
06-25 14:28:25.616 1041 1041 W System.err: at com.android.internal.os.ZygoteInit.main(ZygoteInit.java:1182)
06-25 14:28:25.619 1041 1041 E ccc : cccccc com.dangbei.haqusetting not connect
06-25 14:28:25.619 1041 1041 E ccc : cccccc updateHelper 通知更新
06-25 14:28:25.622 1041 1041 E ccc : cccccc requestOtaInfo result BaseResponse{message='success', data=OtaUpdateBean{downloadId='3926', updateType=1, romVersionName='5.0.1.3', romCode=5555, current=0, romMd5v='5e822e73d6bf41053362548785add0e9', romLength=695954318, romSize='663.7 MB', downUrl='http://dl.qun7.com/H5/H5/5.0.1.3-20250625-ebx9/H5_H618_20250625_ota.zip', reUrl='http://dl.v5tv.com/H5/H5/5.0.1.3-20250625-ebx9/H5_H618_20250625_ota.zip', reUrl2='http://dl.tymcdn.com/H5/H5/5.0.1.3-20250625-ebx9/H5_H618_20250625_ota.zip', tempUrl='null', remark='H5 H618 20250625
06-25 14:28:25.622 1041 1041 E ccc : 链接: https://pan.baidu.com/s/1kldMhgQGmJfqaW4Eztrx3g?pwd=ebx9 提取码: ebx9
06-25 14:28:25.622 1041 1041 E ccc : 1、修复“野草”、"哈趣影视" 等第三方应用权限报错问题
06-25 14:28:25.622 1041 1041 E ccc : 2、版本号5013
06-25 14:28:25.622 1041 1041 E ccc : 3、log打印等级改成1,避免系统负载过重
06-25 14:28:25.622 1041 1041 E ccc : 4、避免电视管家杀掉输入法,强制再次使能输入法', status=idle, progress=0.0, filterMac=[], localPath='null', popup=1, isPaused=false, cancelled=false, extraInfo='null'}, code=0}
06-25 14:28:25.625 1239 1698 E BLOG : [thread_background] biliid.bluetooth
06-25 14:28:25.634 1239 1698 I bilid.native: Read file: /proc/cpuinfo.
06-25 14:28:25.636 1041 1041 E ccc : cccccc com.dangbei.haqusetting not connect
06-25 14:28:25.636 1041 1041 E ccc : cccccc updateHelper 通知更新
06-25 14:28:25.637 1041 1041 E ccc : cccccc OtaUpdateHelper 普通更新 1
06-25 14:28:25.653 2119 2119 V GraphicsEnvironment: ANGLE Developer option for 'com.android.providers.tv' set to: 'default'
06-25 14:28:25.654 2119 2119 V GraphicsEnvironment: Neither updatable production driver nor prerelease driver is supported.
06-25 14:28:25.661 1041 1041 E ccc : cccccc launcher ota response is BaseResponse{message='success', data=UpgradeInfoEntity{contentLength=0, versionName='', versionCode=0, remark='', list=[]}, code=0}
06-25 14:28:25.661 1041 1041 W System.err: java.lang.IndexOutOfBoundsException: Index: 0, Size: 0
06-25 14:28:25.661 2119 2119 D NetworkSecurityConfig: No Network Security Config specified, using platform default
06-25 14:28:25.662 1041 1041 W System.err: at java.util.ArrayList.get(ArrayList.java:437)
06-25 14:28:25.662 1041 1041 W System.err: at com.dangbei.etna.update.launcher.LauncherUpdateHelper$requestLauncherUpdateInfo$1$2.invoke(LauncherUpdateHelper.kt:198)
06-25 14:28:25.662 1041 1041 W System.err: at com.dangbei.etna.update.launcher.LauncherUpdateHelper$requestLauncherUpdateInfo$1$2.invoke(LauncherUpdateHelper.kt:189)
06-25 14:28:25.662 1041 1041 W System.err: at com.etna.haqu.support.ext.FlowExtKt$safeCollect$3.emit(FlowExt.kt:52)
06-25 14:28:25.662 1041 1041 W System.err: at kotlinx.coroutines.flow.FlowKt__ErrorsKt$catchImpl$2.emit(Errors.kt:158)
06-25 14:28:25.662 1041 1041 W System.err: at kotlinx.coroutines.flow.FlowKt__ChannelsKt.emitAllImpl$FlowKt__ChannelsKt(Channels.kt:62)
06-25 14:28:25.662 1041 1041 W System.err: at kotlinx.coroutines.flow.FlowKt__ChannelsKt.access$emitAllImpl$FlowKt__ChannelsKt(Channels.kt:1)
06-25 14:28:25.662 1041 1041 W System.err: at kotlinx.coroutines.flow.FlowKt__ChannelsKt$emitAllImpl$1.invokeSuspend(Unknown Source:14)
06-25 14:28:25.662 1041 1041 W System.err: at kotlin.coroutines.jvm.internal.BaseContinuationImpl.resumeWith(ContinuationImpl.kt:33)
06-25 14:28:25.662 1041 1041 W System.err: at kotlinx.coroutines.DispatchedTask.run(DispatchedTask.kt:106)
06-25 14:28:25.662 1041 1041 W System.err: at android.os.Handler.handleCallback(Handler.java:938)
06-25 14:28:25.662 1041 1041 W System.err: at android.os.Handler.dispatchMessage(Handler.java:99)
06-25 14:28:25.662 1041 1041 W System.err: at android.os.Looper.loopOnce(Looper.java:201)
06-25 14:28:25.662 1041 1041 W System.err: at android.os.Looper.loop(Looper.java:288)
06-25 14:28:25.662 1041 1041 W System.err: at android.app.ActivityThread.main(ActivityThread.java:7854)
06-25 14:28:25.662 1041 1041 W System.err: at java.lang.reflect.Method.invoke(Native Method)
06-25 14:28:25.662 1041 1041 W System.err: at com.android.internal.os.RuntimeInit$MethodAndArgsCaller.run(RuntimeInit.java:548)
06-25 14:28:25.662 2119 2119 D NetworkSecurityConfig: No Network Security Config specified, using platform default
06-25 14:28:25.662 1041 1041 W System.err: at com.android.internal.os.ZygoteInit.main(ZygoteInit.java:1182)
06-25 14:28:25.678 2119 2119 D CompatibilityChangeReporter: Compat change id reported: 160794467; UID 10017; state: ENABLED
06-25 14:28:25.688 1041 1041 E ccc : cccccc com.dangbei.haqusetting not connect
06-25 14:28:25.688 1041 1041 E ccc : cccccc updateHelper 通知更新
06-25 14:28:25.689 1041 1041 E ccc : cccccc requestOtaInfo result BaseResponse{message='success', data=OtaUpdateBean{downloadId='3926', updateType=1, romVersionName='5.0.1.3', romCode=5555, current=0, romMd5v='5e822e73d6bf41053362548785add0e9', romLength=695954318, romSize='663.7 MB', downUrl='http://dl.qun7.com/H5/H5/5.0.1.3-20250625-ebx9/H5_H618_20250625_ota.zip', reUrl='http://dl.v5tv.com/H5/H5/5.0.1.3-20250625-ebx9/H5_H618_20250625_ota.zip', reUrl2='http://dl.tymcdn.com/H5/H5/5.0.1.3-20250625-ebx9/H5_H618_20250625_ota.zip', tempUrl='null', remark='H5 H618 20250625
06-25 14:28:25.689 1041 1041 E ccc : 链接: https://pan.baidu.com/s/1kldMhgQGmJfqaW4Eztrx3g?pwd=ebx9 提取码: ebx9
06-25 14:28:25.689 1041 1041 E ccc : 1、修复“野草”、"哈趣影视" 等第三方应用权限报错问题
06-25 14:28:25.689 1041 1041 E ccc : 2、版本号5013
06-25 14:28:25.689 1041 1041 E ccc : 3、log打印等级改成1,避免系统负载过重
06-25 14:28:25.689 1041 1041 E ccc : 4、避免电视管家杀掉输入法,强制再次使能输入法', status=idle, progress=0.0, filterMac=[], localPath='null', popup=1, isPaused=false, cancelled=false, extraInfo='null'}, code=0}
06-25 14:28:25.706 1041 1041 E ccc : cccccc com.dangbei.haqusetting not connect
06-25 14:28:25.706 1041 1041 E ccc : cccccc updateHelper 通知更新
06-25 14:28:25.706 1041 1041 E ccc : cccccc OtaUpdateHelper 普通更新 1
06-25 14:28:25.726 1239 1698 I bilid.native: Read file: /sys/devices/system/cpu/cpu0/cpufreq/cpuinfo_max_freq.
06-25 14:28:25.727 1239 1698 I bilid.native: Read file: /sys/devices/system/cpu/cpu0/cpufreq/cpuinfo_min_freq.
06-25 14:28:25.740 1239 1239 W thread_backgrou: type=1400 audit(0.0:771): avc: granted { nlmsg_readpriv } for scontext=u:r:untrusted_app_27:s0:c512,c768 tcontext=u:r:untrusted_app_27:s0:c512,c768 tclass=netlink_route_socket app=com.xiaodianshi.tv.yst
06-25 14:28:25.752 1239 1239 I koom : max mem 512
06-25 14:28:25.744 1239 1239 I thread_backgrou: type=1400 audit(0.0:772): avc: denied { search } for name="net" dev="sysfs" ino=10442 scontext=u:r:untrusted_app_27:s0:c512,c768 tcontext=u:object_r:sysfs_net:s0 tclass=dir permissive=1 app=com.xiaodianshi.tv.yst
06-25 14:28:25.744 1239 1239 I thread_backgrou: type=1400 audit(0.0:773): avc: denied { read } for name="address" dev="sysfs" ino=16906 scontext=u:r:untrusted_app_27:s0:c512,c768 tcontext=u:object_r:sysfs_net:s0 tclass=file permissive=1 app=com.xiaodianshi.tv.yst
06-25 14:28:25.744 1239 1239 I thread_backgrou: type=1400 audit(0.0:774): avc: denied { open } for path="/sys/devices/virtual/net/dummy0/address" dev="sysfs" ino=16906 scontext=u:r:untrusted_app_27:s0:c512,c768 tcontext=u:object_r:sysfs_net:s0 tclass=file permissive=1 app=com.xiaodianshi.tv.yst
06-25 14:28:25.744 1239 1239 I thread_backgrou: type=1400 audit(0.0:775): avc: denied { getattr } for path="/sys/devices/virtual/net/dummy0/address" dev="sysfs" ino=16906 scontext=u:r:untrusted_app_27:s0:c512,c768 tcontext=u:object_r:sysfs_net:s0 tclass=file permissive=1 app=com.xiaodianshi.tv.yst
06-25 14:28:25.788 1041 2084 E HigherBroadcastServer: {"bluetoothBoot":false,"bluetoothController":false,"bluetoothMac":"B4:2F:03:15:73:2F","deviceModel":"DBBOX-A2","deviceModelNumber":"H5232","deviceName":"客厅的当贝盒子","findController":1,"hostName":"192.168.3.161","inetAddress":"192.168.3.161","mac":"20:02:FE:19:C2:0E","port":6689,"romCode":5013,"romVersion":"5.0.1.3","wifiMac":"B4:2F:03:15:E8:B9","deviceId":"21c64902019dc1b5a2d56996a3df215c","sn":"DZOH58251975972"}
06-25 14:28:25.789 1041 2084 W NsdServiceInfo: Key lengths > 9 are discouraged: deviceModel
06-25 14:28:25.789 1041 2084 W NsdServiceInfo: Key lengths > 9 are discouraged: deviceModelNumber
06-25 14:28:25.789 1041 2084 W NsdServiceInfo: Key lengths > 9 are discouraged: deviceName
06-25 14:28:25.789 1041 2084 W NsdServiceInfo: Key lengths > 9 are discouraged: romVersion
06-25 14:28:25.789 1041 2084 W NsdServiceInfo: Key lengths > 9 are discouraged: findController
06-25 14:28:25.823 1290 1492 D XHttpObservable: createNetWorkObservable subscribe: ShowMessageEntity{code=0, data=TipEntity{movieType=[我想看喜剧片, 动作片, 枪战片], movie=[庆余年, 误杀, 美丽人生, 爆笑虫子, 哪吒, 小猪佩奇, 胡歌的电视剧, 张艺谋导演的电影, 切换到1080P, 收藏], appController=[打开当贝市场, 下载哈趣影视, 爱奇艺, 卸载腾讯视频], weather=[今天的天气, 未来五天的天气, 杭州天气怎么样, 明天下不下雨], music=[我要听歌, 周杰伦的歌, 上一首, 下一首, 快进一分钟, 暂停], liveAppDownload='非常抱歉,根据监管部门政策管理要求,暂不提供相应服务。', subscreen=null, wakeUpVoiceResponse=[ProbabilityEntity{word='在呢', probability=30}, ProbabilityEntity{word='我在', probability=35}, ProbabilityEntity{word='你说', probability=15}, ProbabilityEntity{word='来啦', probability=20}], unrecognizedVoiceResponse=[ProbabilityEntity{word='可以再说一遍么', probability=45}, ProbabilityEntity{word='可以说的详细一点么', probability=30}, ProbabilityEntity{word='请问有什么可以帮您', probability=25}], notUnderstandVoiceResponse=[ProbabilityEntity{word='换个说法试试吧', probability=100}]}, message='success'} ,,, isDisposed = false
06-25 14:28:25.826 1290 1496 D XHttpObservable: createNetWorkObservable subscribe: MediaControlEntity{code=0, data=PageEntity{list=[ContentEntity{packageName='com.dangbei.leard.leradlauncher', activityName='FilmDetailActivity'}, ContentEntity{packageName='com.dangbei.leard.leradlauncher', activityName='FullScreenDetailActivity'}, ContentEntity{packageName='com.dangbei.leard.leradlauncher', activityName='TencentSportActivity'}, ContentEntity{packageName='com.dangbei.leradVideoPlugins', activityName='FilmDetailActivity'}, ContentEntity{packageName='com.dangbei.leradVideoPlugins', activityName='FullScreenDetailActivity'}, ContentEntity{packageName='com.dangbei.leradVideoPlugins', activityName='TencentSportActivity'}, ContentEntity{packageName='com.dangbei.leradVideoPlugins', activityName='ShortPlayActivity'}, ContentEntity{packageName='com.dangbei.hqmedia', activityName='FilmDetailActivity'}, ContentEntity{packageName='com.dangbei.hqmedia', activityName='FullScreenDetailActivity'}, ContentEntity{packageName='com.dangbei.leradVideoPlugins', activityName='MangoMediaActivity'}, ContentEntity{packageName='com.dangbei.leradVideoPlugins', activityName='VcinemaActivity'}]}, message='success'} ,,, isDisposed = false
06-25 14:28:25.831 480 619 D NsdService: Register service
06-25 14:28:25.832 480 619 D NsdService: registerService: 2 name: 192.168.3.161, type: _db_controller._tcp, host: /192.168.3.161, port: 6689, txtRecord: deviceModel=DBBOX-A2romVersion=5.0.1.3findController=1sn=DZOH58251975972mac=20:02:FE:19:C2:0E deviceName=客厅的当贝盒子)deviceId=21c64902019dc1b5a2d56996a3df215cdeviceModelNumber=H5232 romCode=5013
06-25 14:28:25.832 480 619 D NsdService: mdnssd [register, 2, 192.168.3.161, _db_controller._tcp, 6689, FGRldmljZU1vZGVsPURCQk9YLUEyEnJvbVZlcnNpb249NS4wLjEuMxBmaW5kQ29udHJvbGxlcj0xEnNuPURaT0g1ODI1MTk3NTk3MhVtYWM9MjA6MDI6RkU6MTk6QzI6MEUgZGV2aWNlTmFtZT3lrqLljoXnmoTlvZPotJ3nm5LlrZApZGV2aWNlSWQ9MjFjNjQ5MDIwMTlkYzFiNWEyZDU2OTk2YTNkZjIxNWMXZGV2aWNlTW9kZWxOdW1iZXI9SDUyMzIMcm9tQ29kZT01MDEz]
06-25 14:28:25.842 480 619 D NsdService: Register 2 2
06-25 14:28:25.863 1239 1239 I ModResourceProvider: mod manager can be used for the attached process has been inited
06-25 14:28:25.877 378 378 D dom2reg : timezone change, new: Etc/GMT-8, pre:
06-25 14:28:25.877 378 378 W dom2reg : timezone [Etc/GMT-8] not in default tables, please check!
06-25 14:28:25.901 1239 1937 W ModResourceManager: Mod manager init is waiting: 1 times
06-25 14:28:25.903 1239 2000 D BLRemoteConfig: update end
06-25 14:28:25.973 1096 2160 E hq : 当小贝:::message list add complete data.messageList:[]
06-25 14:28:25.973 1096 2160 E hq : data.tabList=[]
06-25 14:28:25.973 1096 2160 I hq : 当小贝:::showMessage from=requestGetMessageRemind
06-25 14:28:25.974 1096 2160 I hq : 当小贝:::showMessage 没有消息需要显示
06-25 14:28:26.013 480 502 D CompatibilityChangeReporter: Compat change id reported: 135634846; UID 10061; state: DISABLED
06-25 14:28:26.013 480 502 D CompatibilityChangeReporter: Compat change id reported: 177438394; UID 10061; state: DISABLED
06-25 14:28:26.013 480 502 D CompatibilityChangeReporter: Compat change id reported: 135772972; UID 10061; state: DISABLED
06-25 14:28:26.014 480 502 D CompatibilityChangeReporter: Compat change id reported: 135754954; UID 10061; state: ENABLED
06-25 14:28:26.014 480 542 D CompatibilityChangeReporter: Compat change id reported: 143937733; UID 10061; state: ENABLED
06-25 14:28:26.039 248 248 D Zygote : Forked child process 2199
06-25 14:28:26.042 480 542 I ActivityManager: app.processName = com.android.remoteprovisioner
06-25 14:28:26.042 480 542 I ActivityManager: Start proc 2199:com.android.remoteprovisioner/u0a61 for broadcast {com.android.remoteprovisioner/com.android.remoteprovisioner.BootReceiver}
06-25 14:28:26.048 1096 2133 I System.out: true
06-25 14:28:26.061 659 659 E WifiHAL : wifi_get_link_stats: requestResponse Error:-5
06-25 14:28:26.062 480 609 E WifiVendorHal: getWifiLinkLayerStats_1_5_Internal(l.1191) failed {.code = ERROR_INVALID_ARGS, .description = }
06-25 14:28:26.062 2199 2199 I Zygote : seccomp disabled by setenforce 0
06-25 14:28:26.070 1096 1096 E SecondScreen: isShowSecondScreen()=0 getCurrentPageState()=com.monster.gamma.core.LoadService@4d5b68
06-25 14:28:26.089 408 423 I adbd : jdwp connection from 2199
06-25 14:28:26.104 480 502 W ServiceManager: Permission failure: android.permission.HIGH_SAMPLING_RATE_SENSORS from uid=10079 pid=1239
06-25 14:28:26.135 1096 1096 E weather :
06-25 14:28:26.144 668 955 I bluetooth: system/bt/stack/gatt/connection_manager.cc:185 on_connection_complete: Le connection completed to device:e4:bb:d3:57:c0:18
06-25 14:28:26.144 668 955 I bt_btm_ble: system/bt/stack/btm/btm_ble.cc:1699 btm_ble_connected: Updating device record timestamp for existing ble connection
06-25 14:28:26.144 254 298 E bt_upio : upio_set : /proc/bluetooth/sleep/btwrite(-1) incorrent
06-25 14:28:26.157 480 502 D CompatibilityChangeReporter: Compat change id reported: 168419799; UID 10079; state: DISABLED
06-25 14:28:26.163 1096 1096 E weatherWidget: dataChange:Wed Jun 25 14:28:26 GMT+08:00 2025
06-25 14:28:26.165 1096 1096 E weather :
06-25 14:28:26.167 1096 1096 E weatherWidget: dataChange:Wed Jun 25 14:28:26 GMT+08:00 2025
06-25 14:28:26.177 480 812 D CompatibilityChangeReporter: Compat change id reported: 168419799; UID 10061; state: DISABLED
06-25 14:28:26.179 1239 2200 I WebViewFactory: Loading com.android.webview version 91.0.4472.114 (code 447211450)
06-25 14:28:26.205 2199 2199 D CompatibilityChangeReporter: Compat change id reported: 171979766; UID 10061; state: ENABLED
06-25 14:28:26.240 480 812 D CompatibilityChangeReporter: Compat change id reported: 135634846; UID 10048; state: DISABLED
06-25 14:28:26.245 480 542 D CompatibilityChangeReporter: Compat change id reported: 143937733; UID 10048; state: DISABLED
06-25 14:28:26.260 1239 2200 D nativeloader: classloader namespace configured for unbundled product apk. library_path=/product/app/webview/lib/arm:/product/app/webview/webview.apk!/lib/armeabi-v7a:/product/lib:/system/product/lib
06-25 14:28:26.279 248 248 D Zygote : Forked child process 2227
06-25 14:28:26.284 480 542 I ActivityManager: app.processName = com.sohu.inputmethod.sogou.tv
