06-25 14:28:13.225 373 410 W omx_vdec: <__AwOmxVdecGetExtensionIndex:1737>: GetExtensionIndex OMX.google.android.index.describeColorFormat, err [0x80001001].
06-25 14:28:13.225 373 410 W omx_vdec: <__AwOmxVdecGetExtensionIndex:1737>: GetExtensionIndex OMX.google.android.index.describeColorFormat2, err [0x80001001].
06-25 14:28:13.225 373 410 E omx_vdec: : erro: pParamData->nIndex > m_sPortFormatType.nIndex
06-25 14:28:13.225 373 410 W omx_vdec: <__AwOmxVdecGetExtensionIndex:1737>: GetExtensionIndex OMX.google.android.index.describeColorFormat, err [0x80001001].
06-25 14:28:13.226 373 410 W omx_vdec: <__AwOmxVdecGetExtensionIndex:1737>: GetExtensionIndex OMX.google.android.index.describeColorFormat2, err [0x80001001].
06-25 14:28:13.226 480 616 D ConnectivityService: NetReassign [no changes]
06-25 14:28:13.226 373 410 E omx_vdec: : erro: pParamData->nIndex > m_sPortFormatType.nIndex
06-25 14:28:13.226 373 410 W omx_vdec: <__AwOmxVdecGetExtensionIndex:1737>: GetExtensionIndex OMX.google.android.index.describeColorFormat, err [0x80001001].
06-25 14:28:13.226 373 410 W omx_vdec: <__AwOmxVdecGetExtensionIndex:1737>: GetExtensionIndex OMX.google.android.index.describeColorFormat2, err [0x80001001].
06-25 14:28:13.226 373 410 E omx_vdec: : erro: pParamData->nIndex > m_sPortFormatType.nIndex
06-25 14:28:13.226 373 410 W omx_vdec: <__AwOmxVdecGetExtensionIndex:1737>: GetExtensionIndex OMX.google.android.index.describeColorFormat, err [0x80001001].
06-25 14:28:13.226 373 410 W omx_vdec: <__AwOmxVdecGetExtensionIndex:1737>: GetExtensionIndex OMX.google.android.index.describeColorFormat2, err [0x80001001].
06-25 14:28:13.226 373 410 E omx_vdec: : erro: pParamData->nIndex > m_sPortFormatType.nIndex
06-25 14:28:13.226 373 410 W omx_vdec: <__AwOmxVdecGetExtensionIndex:1737>: GetExtensionIndex OMX.google.android.index.describeColorFormat, err [0x80001001].
06-25 14:28:13.226 373 410 W omx_vdec: <__AwOmxVdecGetExtensionIndex:1737>: GetExtensionIndex OMX.google.android.index.describeColorFormat2, err [0x80001001].
06-25 14:28:13.226 373 410 E omx_vdec: : erro: pParamData->nIndex > m_sPortFormatType.nIndex
06-25 14:28:13.227 373 410 W omx_vdec: <__AwOmxVdecGetExtensionIndex:1737>: GetExtensionIndex OMX.google.android.index.describeColorFormat, err [0x80001001].
06-25 14:28:13.227 373 410 W omx_vdec: <__AwOmxVdecGetExtensionIndex:1737>: GetExtensionIndex OMX.google.android.index.describeColorFormat2, err [0x80001001].
06-25 14:28:13.227 373 410 E omx_vdec: : erro: pParamData->nIndex > m_sPortFormatType.nIndex
06-25 14:28:13.227 373 410 W omx_vdec: <__AwOmxVdecGetExtensionIndex:1737>: GetExtensionIndex OMX.google.android.index.describeColorFormat, err [0x80001001].
06-25 14:28:13.227 373 410 W omx_vdec: <__AwOmxVdecGetExtensionIndex:1737>: GetExtensionIndex OMX.google.android.index.describeColorFormat2, err [0x80001001].
06-25 14:28:13.227 373 410 E omx_vdec: : erro: pParamData->nIndex > m_sPortFormatType.nIndex
06-25 14:28:13.227 373 410 W omx_vdec: <__AwOmxVdecGetExtensionIndex:1737>: GetExtensionIndex OMX.google.android.index.describeColorFormat, err [0x80001001].
06-25 14:28:13.228 373 410 W omx_vdec: <__AwOmxVdecGetExtensionIndex:1737>: GetExtensionIndex OMX.google.android.index.describeColorFormat2, err [0x80001001].
06-25 14:28:13.228 373 410 E omx_vdec: : erro: pParamData->nIndex > m_sPortFormatType.nIndex
06-25 14:28:13.228 373 410 W omx_vdec: <__AwOmxVdecGetExtensionIndex:1737>: GetExtensionIndex OMX.google.android.index.describeColorFormat, err [0x80001001].
06-25 14:28:13.228 373 410 W omx_vdec: <__AwOmxVdecGetExtensionIndex:1737>: GetExtensionIndex OMX.google.android.index.describeColorFormat2, err [0x80001001].
06-25 14:28:13.228 373 410 E omx_vdec: : erro: pParamData->nIndex > m_sPortFormatType.nIndex
06-25 14:28:13.228 373 410 W omx_vdec: <__AwOmxVdecGetExtensionIndex:1737>: GetExtensionIndex OMX.google.android.index.describeColorFormat, err [0x80001001].
06-25 14:28:13.228 373 410 W omx_vdec: <__AwOmxVdecGetExtensionIndex:1737>: GetExtensionIndex OMX.google.android.index.describeColorFormat2, err [0x80001001].
06-25 14:28:13.228 373 410 E omx_vdec: : erro: pParamData->nIndex > m_sPortFormatType.nIndex
06-25 14:28:13.229 373 410 W omx_vdec: <__AwOmxVdecGetExtensionIndex:1737>: GetExtensionIndex OMX.google.android.index.describeColorFormat, err [0x80001001].
06-25 14:28:13.229 373 410 W omx_vdec: <__AwOmxVdecGetExtensionIndex:1737>: GetExtensionIndex OMX.google.android.index.describeColorFormat2, err [0x80001001].
06-25 14:28:13.229 373 410 E omx_vdec: : erro: pParamData->nIndex > m_sPortFormatType.nIndex
06-25 14:28:13.229 373 410 W omx_vdec: <__AwOmxVdecGetExtensionIndex:1737>: GetExtensionIndex OMX.google.android.index.describeColorFormat, err [0x80001001].
06-25 14:28:13.229 373 410 W omx_vdec: <__AwOmxVdecGetExtensionIndex:1737>: GetExtensionIndex OMX.google.android.index.describeColorFormat2, err [0x80001001].
06-25 14:28:13.229 373 410 E omx_vdec: : erro: pParamData->nIndex > m_sPortFormatType.nIndex
06-25 14:28:13.229 373 410 W omx_vdec: <__AwOmxVdecGetExtensionIndex:1737>: GetExtensionIndex OMX.google.android.index.describeColorFormat, err [0x80001001].
06-25 14:28:13.229 373 410 W omx_vdec: <__AwOmxVdecGetExtensionIndex:1737>: GetExtensionIndex OMX.google.android.index.describeColorFormat2, err [0x80001001].
06-25 14:28:13.229 373 410 E omx_vdec: : erro: pParamData->nIndex > m_sPortFormatType.nIndex
06-25 14:28:13.229 373 410 W omx_vdec: <__AwOmxVdecGetExtensionIndex:1737>: GetExtensionIndex OMX.google.android.index.describeColorFormat, err [0x80001001].
06-25 14:28:13.229 373 410 W omx_vdec: <__AwOmxVdecGetExtensionIndex:1737>: GetExtensionIndex OMX.google.android.index.describeColorFormat2, err [0x80001001].
06-25 14:28:13.230 373 410 E omx_vdec: : erro: pParamData->nIndex > m_sPortFormatType.nIndex
06-25 14:28:13.230 373 410 W omx_vdec: <__AwOmxVdecGetExtensionIndex:1737>: GetExtensionIndex OMX.google.android.index.describeColorFormat, err [0x80001001].
06-25 14:28:13.230 373 410 W omx_vdec: <__AwOmxVdecGetExtensionIndex:1737>: GetExtensionIndex OMX.google.android.index.describeColorFormat2, err [0x80001001].
06-25 14:28:13.230 366 476 W ACodec : [OMX.allwinner.video.decoder.mpeg4] stopping checking formats after 32: COLOR_FormatYUV420Planar(13)
06-25 14:28:13.230 373 410 W omx_vdec: <__AwOmxVdecGetExtensionIndex:1737>: GetExtensionIndex OMX.google.android.index.configureVideoTunnelMode, err [0x80001001].
06-25 14:28:13.230 373 410 E OMXNodeInstance: getExtensionIndex(0xf0f7c000:allwinner.decoder.mpeg4, OMX.google.android.index.configureVideoTunnelMode) ERROR: Undefined(0x80001001)
06-25 14:28:13.230 366 476 D MediaCodecInfo: detail feature-tunneled-playback wasn't present to remove
06-25 14:28:13.230 373 410 W omx_vdec: <__AwOmxVdecGetExtensionIndex:1737>: GetExtensionIndex OMX.google.android.index.storeANWBufferInMetadata, err [0x80001001].
06-25 14:28:13.230 373 410 W omx_vdec_aw: <__anSetExtPara:3011>: Setparameter: unknown param 2131755011
06-25 14:28:13.230 373 410 W OMXNodeInstance: [0xf0f7c000:allwinner.decoder.mpeg4] component does not support metadata mode; using fallback
06-25 14:28:13.231 373 740 W libc : invalid pthread_t (0) passed to pthread_join
06-25 14:28:13.231 373 740 W libc : invalid pthread_t (0) passed to pthread_join
06-25 14:28:13.231 373 740 W libc : invalid pthread_t (0) passed to pthread_join
06-25 14:28:13.233 366 476 I OMXClient: IOmx service obtained
06-25 14:28:13.233 373 410 I OMXStore: makeComponentInstance(OMX.allwinner.video.decoder.vp8) in android.hardwar process
06-25 14:28:13.234 373 410 I omx_vdec_aw: : OmxDecoderCreate.
06-25 14:28:13.236 373 410 W omx_vdec: <__AwOmxVdecSetParameter:1561>: Set Parameter called in valid state
06-25 14:28:13.236 373 410 W omx_vdec: : OMX_IndexParamVideoProfileLevelQuerySupported, Format[0x9] not support
06-25 14:28:13.236 373 410 E OMXNodeInstance: getParameter(0xf0f7c000:allwinner.decoder.vp8, ParamVideoProfileLevelQuerySupported(0x600000f)) ERROR: BadParameter(0x80001005)
06-25 14:28:13.236 373 410 W omx_vdec: <__AwOmxVdecGetExtensionIndex:1737>: GetExtensionIndex OMX.google.android.index.describeColorFormat, err [0x80001001].
06-25 14:28:13.236 373 410 W omx_vdec: <__AwOmxVdecGetExtensionIndex:1737>: GetExtensionIndex OMX.google.android.index.describeColorFormat2, err [0x80001001].
06-25 14:28:13.237 373 410 E omx_vdec: : erro: pParamData->nIndex > m_sPortFormatType.nIndex
06-25 14:28:13.237 373 410 W omx_vdec: <__AwOmxVdecGetExtensionIndex:1737>: GetExtensionIndex OMX.google.android.index.describeColorFormat, err [0x80001001].
06-25 14:28:13.237 373 410 W omx_vdec: <__AwOmxVdecGetExtensionIndex:1737>: GetExtensionIndex OMX.google.android.index.describeColorFormat2, err [0x80001001].
06-25 14:28:13.237 373 410 E omx_vdec: : erro: pParamData->nIndex > m_sPortFormatType.nIndex
06-25 14:28:13.237 373 410 W omx_vdec: <__AwOmxVdecGetExtensionIndex:1737>: GetExtensionIndex OMX.google.android.index.describeColorFormat, err [0x80001001].
06-25 14:28:13.237 373 410 W omx_vdec: <__AwOmxVdecGetExtensionIndex:1737>: GetExtensionIndex OMX.google.android.index.describeColorFormat2, err [0x80001001].
06-25 14:28:13.237 373 410 E omx_vdec: : erro: pParamData->nIndex > m_sPortFormatType.nIndex
06-25 14:28:13.237 373 410 W omx_vdec: <__AwOmxVdecGetExtensionIndex:1737>: GetExtensionIndex OMX.google.android.index.describeColorFormat, err [0x80001001].
06-25 14:28:13.237 373 410 W omx_vdec: <__AwOmxVdecGetExtensionIndex:1737>: GetExtensionIndex OMX.google.android.index.describeColorFormat2, err [0x80001001].
06-25 14:28:13.238 373 410 E omx_vdec: : erro: pParamData->nIndex > m_sPortFormatType.nIndex
06-25 14:28:13.238 480 480 I SystemServerTiming: MakeVcnManagementServiceReady
06-25 14:28:13.239 480 616 D ConnectivityService: Got NetworkProvider Messenger for VcnNetworkProvider
01-01 08:00:17.091 33 33 I WCN : check_cp_ready sync val:0xf0f0f0f2, prj_type val:0xe0e0e0e0
06-25 14:28:13.240 373 410 W omx_vdec: <__AwOmxVdecGetExtensionIndex:1737>: GetExtensionIndex OMX.google.android.index.describeColorFormat, err [0x80001001].
06-25 14:28:13.240 373 410 W omx_vdec: <__AwOmxVdecGetExtensionIndex:1737>: GetExtensionIndex OMX.google.android.index.describeColorFormat2, err [0x80001001].
06-25 14:28:13.241 373 410 E omx_vdec: : erro: pParamData->nIndex > m_sPortFormatType.nIndex
06-25 14:28:13.241 373 410 W omx_vdec: <__AwOmxVdecGetExtensionIndex:1737>: GetExtensionIndex OMX.google.android.index.describeColorFormat, err [0x80001001].
06-25 14:28:13.241 373 410 W omx_vdec: <__AwOmxVdecGetExtensionIndex:1737>: GetExtensionIndex OMX.google.android.index.describeColorFormat2, err [0x80001001].
06-25 14:28:13.241 373 410 E omx_vdec: : erro: pParamData->nIndex > m_sPortFormatType.nIndex
06-25 14:28:13.241 373 410 W omx_vdec: <__AwOmxVdecGetExtensionIndex:1737>: GetExtensionIndex OMX.google.android.index.describeColorFormat, err [0x80001001].
06-25 14:28:13.241 373 410 W omx_vdec: <__AwOmxVdecGetExtensionIndex:1737>: GetExtensionIndex OMX.google.android.index.describeColorFormat2, err [0x80001001].
06-25 14:28:13.241 373 410 E omx_vdec: : erro: pParamData->nIndex > m_sPortFormatType.nIndex
06-25 14:28:13.241 373 410 W omx_vdec: <__AwOmxVdecGetExtensionIndex:1737>: GetExtensionIndex OMX.google.android.index.describeColorFormat, err [0x80001001].
06-25 14:28:13.241 373 410 W omx_vdec: <__AwOmxVdecGetExtensionIndex:1737>: GetExtensionIndex OMX.google.android.index.describeColorFormat2, err [0x80001001].
06-25 14:28:13.242 373 410 E omx_vdec: : erro: pParamData->nIndex > m_sPortFormatType.nIndex
06-25 14:28:13.242 373 410 W omx_vdec: <__AwOmxVdecGetExtensionIndex:1737>: GetExtensionIndex OMX.google.android.index.describeColorFormat, err [0x80001001].
06-25 14:28:13.242 373 410 W omx_vdec: <__AwOmxVdecGetExtensionIndex:1737>: GetExtensionIndex OMX.google.android.index.describeColorFormat2, err [0x80001001].
06-25 14:28:13.242 373 410 E omx_vdec: : erro: pParamData->nIndex > m_sPortFormatType.nIndex
06-25 14:28:13.242 373 410 W omx_vdec: <__AwOmxVdecGetExtensionIndex:1737>: GetExtensionIndex OMX.google.android.index.describeColorFormat, err [0x80001001].
06-25 14:28:13.242 373 410 W omx_vdec: <__AwOmxVdecGetExtensionIndex:1737>: GetExtensionIndex OMX.google.android.index.describeColorFormat2, err [0x80001001].
06-25 14:28:13.243 480 616 D ConnectivityService: NetReassign [no changes]
06-25 14:28:13.243 373 410 E omx_vdec: : erro: pParamData->nIndex > m_sPortFormatType.nIndex
06-25 14:28:13.243 373 410 W omx_vdec: <__AwOmxVdecGetExtensionIndex:1737>: GetExtensionIndex OMX.google.android.index.describeColorFormat, err [0x80001001].
06-25 14:28:13.243 373 410 W omx_vdec: <__AwOmxVdecGetExtensionIndex:1737>: GetExtensionIndex OMX.google.android.index.describeColorFormat2, err [0x80001001].
06-25 14:28:13.243 373 410 E omx_vdec: : erro: pParamData->nIndex > m_sPortFormatType.nIndex
06-25 14:28:13.243 373 410 W omx_vdec: <__AwOmxVdecGetExtensionIndex:1737>: GetExtensionIndex OMX.google.android.index.describeColorFormat, err [0x80001001].
06-25 14:28:13.243 373 410 W omx_vdec: <__AwOmxVdecGetExtensionIndex:1737>: GetExtensionIndex OMX.google.android.index.describeColorFormat2, err [0x80001001].
06-25 14:28:13.244 480 480 I SystemServerTiming: MakeNetworkPolicyServiceReady
06-25 14:28:13.244 373 410 E omx_vdec: : erro: pParamData->nIndex > m_sPortFormatType.nIndex
06-25 14:28:13.244 373 410 W omx_vdec: <__AwOmxVdecGetExtensionIndex:1737>: GetExtensionIndex OMX.google.android.index.describeColorFormat, err [0x80001001].
06-25 14:28:13.244 373 410 W omx_vdec: <__AwOmxVdecGetExtensionIndex:1737>: GetExtensionIndex OMX.google.android.index.describeColorFormat2, err [0x80001001].
06-25 14:28:13.244 373 410 E omx_vdec: : erro: pParamData->nIndex > m_sPortFormatType.nIndex
06-25 14:28:13.244 373 410 W omx_vdec: <__AwOmxVdecGetExtensionIndex:1737>: GetExtensionIndex OMX.google.android.index.describeColorFormat, err [0x80001001].
06-25 14:28:13.244 373 410 W omx_vdec: <__AwOmxVdecGetExtensionIndex:1737>: GetExtensionIndex OMX.google.android.index.describeColorFormat2, err [0x80001001].
06-25 14:28:13.244 373 410 E omx_vdec: : erro: pParamData->nIndex > m_sPortFormatType.nIndex
06-25 14:28:13.244 373 410 W omx_vdec: <__AwOmxVdecGetExtensionIndex:1737>: GetExtensionIndex OMX.google.android.index.describeColorFormat, err [0x80001001].
06-25 14:28:13.244 373 410 W omx_vdec: <__AwOmxVdecGetExtensionIndex:1737>: GetExtensionIndex OMX.google.android.index.describeColorFormat2, err [0x80001001].
06-25 14:28:13.245 373 410 E omx_vdec: : erro: pParamData->nIndex > m_sPortFormatType.nIndex
06-25 14:28:13.245 373 410 W omx_vdec: <__AwOmxVdecGetExtensionIndex:1737>: GetExtensionIndex OMX.google.android.index.describeColorFormat, err [0x80001001].
06-25 14:28:13.245 373 410 W omx_vdec: <__AwOmxVdecGetExtensionIndex:1737>: GetExtensionIndex OMX.google.android.index.describeColorFormat2, err [0x80001001].
06-25 14:28:13.245 373 410 E omx_vdec: : erro: pParamData->nIndex > m_sPortFormatType.nIndex
06-25 14:28:13.245 373 410 W omx_vdec: <__AwOmxVdecGetExtensionIndex:1737>: GetExtensionIndex OMX.google.android.index.describeColorFormat, err [0x80001001].
06-25 14:28:13.245 373 410 W omx_vdec: <__AwOmxVdecGetExtensionIndex:1737>: GetExtensionIndex OMX.google.android.index.describeColorFormat2, err [0x80001001].
06-25 14:28:13.245 373 373 E omx_vdec: : erro: pParamData->nIndex > m_sPortFormatType.nIndex
06-25 14:28:13.245 373 373 W omx_vdec: <__AwOmxVdecGetExtensionIndex:1737>: GetExtensionIndex OMX.google.android.index.describeColorFormat, err [0x80001001].
06-25 14:28:13.245 373 373 W omx_vdec: <__AwOmxVdecGetExtensionIndex:1737>: GetExtensionIndex OMX.google.android.index.describeColorFormat2, err [0x80001001].
06-25 14:28:13.246 373 410 E omx_vdec: : erro: pParamData->nIndex > m_sPortFormatType.nIndex
06-25 14:28:13.246 373 410 W omx_vdec: <__AwOmxVdecGetExtensionIndex:1737>: GetExtensionIndex OMX.google.android.index.describeColorFormat, err [0x80001001].
06-25 14:28:13.246 373 410 W omx_vdec: <__AwOmxVdecGetExtensionIndex:1737>: GetExtensionIndex OMX.google.android.index.describeColorFormat2, err [0x80001001].
06-25 14:28:13.246 480 616 D ConnectivityService: NetReassign [no changes]
06-25 14:28:13.246 373 410 E omx_vdec: : erro: pParamData->nIndex > m_sPortFormatType.nIndex
06-25 14:28:13.246 373 410 W omx_vdec: <__AwOmxVdecGetExtensionIndex:1737>: GetExtensionIndex OMX.google.android.index.describeColorFormat, err [0x80001001].
06-25 14:28:13.246 373 410 W omx_vdec: <__AwOmxVdecGetExtensionIndex:1737>: GetExtensionIndex OMX.google.android.index.describeColorFormat2, err [0x80001001].
06-25 14:28:13.246 480 480 I SystemServerTiming: PhaseThirdPartyAppsCanStart
06-25 14:28:13.246 480 480 I SystemServiceManager: Starting phase 600
06-25 14:28:13.246 373 410 E omx_vdec: : erro: pParamData->nIndex > m_sPortFormatType.nIndex
06-25 14:28:13.246 480 480 I SystemServerTiming: OnBootPhase_600
06-25 14:28:13.247 373 410 W omx_vdec: <__AwOmxVdecGetExtensionIndex:1737>: GetExtensionIndex OMX.google.android.index.describeColorFormat, err [0x80001001].
06-25 14:28:13.247 373 410 W omx_vdec: <__AwOmxVdecGetExtensionIndex:1737>: GetExtensionIndex OMX.google.android.index.describeColorFormat2, err [0x80001001].
06-25 14:28:13.247 373 410 E omx_vdec: : erro: pParamData->nIndex > m_sPortFormatType.nIndex
06-25 14:28:13.247 373 410 W omx_vdec: <__AwOmxVdecGetExtensionIndex:1737>: GetExtensionIndex OMX.google.android.index.describeColorFormat, err [0x80001001].
06-25 14:28:13.247 373 410 W omx_vdec: <__AwOmxVdecGetExtensionIndex:1737>: GetExtensionIndex OMX.google.android.index.describeColorFormat2, err [0x80001001].
06-25 14:28:13.248 373 410 E omx_vdec: : erro: pParamData->nIndex > m_sPortFormatType.nIndex
06-25 14:28:13.248 373 410 W omx_vdec: <__AwOmxVdecGetExtensionIndex:1737>: GetExtensionIndex OMX.google.android.index.describeColorFormat, err [0x80001001].
06-25 14:28:13.248 373 410 W omx_vdec: <__AwOmxVdecGetExtensionIndex:1737>: GetExtensionIndex OMX.google.android.index.describeColorFormat2, err [0x80001001].
06-25 14:28:13.248 480 480 I ExplicitHealthCheckController: Explicit health checks enabled.
06-25 14:28:13.248 373 410 E omx_vdec: : erro: pParamData->nIndex > m_sPortFormatType.nIndex
06-25 14:28:13.248 373 410 W omx_vdec: <__AwOmxVdecGetExtensionIndex:1737>: GetExtensionIndex OMX.google.android.index.describeColorFormat, err [0x80001001].
06-25 14:28:13.248 373 410 W omx_vdec: <__AwOmxVdecGetExtensionIndex:1737>: GetExtensionIndex OMX.google.android.index.describeColorFormat2, err [0x80001001].
06-25 14:28:13.249 373 410 E omx_vdec: : erro: pParamData->nIndex > m_sPortFormatType.nIndex
06-25 14:28:13.249 373 410 W omx_vdec: <__AwOmxVdecGetExtensionIndex:1737>: GetExtensionIndex OMX.google.android.index.describeColorFormat, err [0x80001001].
06-25 14:28:13.249 373 410 W omx_vdec: <__AwOmxVdecGetExtensionIndex:1737>: GetExtensionIndex OMX.google.android.index.describeColorFormat2, err [0x80001001].
06-25 14:28:13.249 373 410 E omx_vdec: : erro: pParamData->nIndex > m_sPortFormatType.nIndex
06-25 14:28:13.249 373 410 W omx_vdec: <__AwOmxVdecGetExtensionIndex:1737>: GetExtensionIndex OMX.google.android.index.describeColorFormat, err [0x80001001].
06-25 14:28:13.249 480 480 I PackageWatchdog: Syncing state, reason: health check state enabled
06-25 14:28:13.249 480 480 I PackageWatchdog: Not pruning observers, elapsed time: 0ms
06-25 14:28:13.249 373 410 W omx_vdec: <__AwOmxVdecGetExtensionIndex:1737>: GetExtensionIndex OMX.google.android.index.describeColorFormat2, err [0x80001001].
06-25 14:28:13.249 480 540 I PackageWatchdog: Saving observer state to file
06-25 14:28:13.249 373 373 E omx_vdec: : erro: pParamData->nIndex > m_sPortFormatType.nIndex
06-25 14:28:13.249 480 480 I PackageWatchdog: Cancelling state sync, nothing to sync
06-25 14:28:13.250 373 373 W omx_vdec: <__AwOmxVdecGetExtensionIndex:1737>: GetExtensionIndex OMX.google.android.index.describeColorFormat, err [0x80001001].
06-25 14:28:13.250 373 373 W omx_vdec: <__AwOmxVdecGetExtensionIndex:1737>: GetExtensionIndex OMX.google.android.index.describeColorFormat2, err [0x80001001].
06-25 14:28:13.250 373 373 E omx_vdec: : erro: pParamData->nIndex > m_sPortFormatType.nIndex
06-25 14:28:13.250 373 373 W omx_vdec: <__AwOmxVdecGetExtensionIndex:1737>: GetExtensionIndex OMX.google.android.index.describeColorFormat, err [0x80001001].
06-25 14:28:13.250 373 373 W omx_vdec: <__AwOmxVdecGetExtensionIndex:1737>: GetExtensionIndex OMX.google.android.index.describeColorFormat2, err [0x80001001].
06-25 14:28:13.250 373 373 E omx_vdec: : erro: pParamData->nIndex > m_sPortFormatType.nIndex
06-25 14:28:13.250 373 373 W omx_vdec: <__AwOmxVdecGetExtensionIndex:1737>: GetExtensionIndex OMX.google.android.index.describeColorFormat, err [0x80001001].
06-25 14:28:13.251 373 373 W omx_vdec: <__AwOmxVdecGetExtensionIndex:1737>: GetExtensionIndex OMX.google.android.index.describeColorFormat2, err [0x80001001].
06-25 14:28:13.252 373 373 E omx_vdec: : erro: pParamData->nIndex > m_sPortFormatType.nIndex
06-25 14:28:13.253 373 373 W omx_vdec: <__AwOmxVdecGetExtensionIndex:1737>: GetExtensionIndex OMX.google.android.index.describeColorFormat, err [0x80001001].
06-25 14:28:13.253 373 373 W omx_vdec: <__AwOmxVdecGetExtensionIndex:1737>: GetExtensionIndex OMX.google.android.index.describeColorFormat2, err [0x80001001].
06-25 14:28:13.253 373 373 E omx_vdec: : erro: pParamData->nIndex > m_sPortFormatType.nIndex
06-25 14:28:13.253 373 373 W omx_vdec: <__AwOmxVdecGetExtensionIndex:1737>: GetExtensionIndex OMX.google.android.index.describeColorFormat, err [0x80001001].
06-25 14:28:13.253 373 373 W omx_vdec: <__AwOmxVdecGetExtensionIndex:1737>: GetExtensionIndex OMX.google.android.index.describeColorFormat2, err [0x80001001].
06-25 14:28:13.255 373 373 E omx_vdec: : erro: pParamData->nIndex > m_sPortFormatType.nIndex
06-25 14:28:13.255 373 373 W omx_vdec: <__AwOmxVdecGetExtensionIndex:1737>: GetExtensionIndex OMX.google.android.index.describeColorFormat, err [0x80001001].
06-25 14:28:13.255 373 373 W omx_vdec: <__AwOmxVdecGetExtensionIndex:1737>: GetExtensionIndex OMX.google.android.index.describeColorFormat2, err [0x80001001].
06-25 14:28:13.255 373 373 E omx_vdec: : erro: pParamData->nIndex > m_sPortFormatType.nIndex
06-25 14:28:13.255 373 373 W omx_vdec: <__AwOmxVdecGetExtensionIndex:1737>: GetExtensionIndex OMX.google.android.index.describeColorFormat, err [0x80001001].
06-25 14:28:13.256 373 373 W omx_vdec: <__AwOmxVdecGetExtensionIndex:1737>: GetExtensionIndex OMX.google.android.index.describeColorFormat2, err [0x80001001].
06-25 14:28:13.256 366 476 W ACodec : [OMX.allwinner.video.decoder.vp8] stopping checking formats after 32: COLOR_FormatYUV420Planar(13)
06-25 14:28:13.256 373 373 W omx_vdec: <__AwOmxVdecGetExtensionIndex:1737>: GetExtensionIndex OMX.google.android.index.configureVideoTunnelMode, err [0x80001001].
06-25 14:28:13.256 373 373 E OMXNodeInstance: getExtensionIndex(0xf0f7c000:allwinner.decoder.vp8, OMX.google.android.index.configureVideoTunnelMode) ERROR: Undefined(0x80001001)
06-25 14:28:13.256 366 476 D MediaCodecInfo: detail feature-tunneled-playback wasn't present to remove
06-25 14:28:13.256 373 373 W omx_vdec: <__AwOmxVdecGetExtensionIndex:1737>: GetExtensionIndex OMX.google.android.index.storeANWBufferInMetadata, err [0x80001001].
06-25 14:28:13.256 373 373 W omx_vdec_aw: <__anSetExtPara:3011>: Setparameter: unknown param 2131755011
06-25 14:28:13.256 373 373 W OMXNodeInstance: [0xf0f7c000:allwinner.decoder.vp8] component does not support metadata mode; using fallback
06-25 14:28:13.256 373 742 W libc : invalid pthread_t (0) passed to pthread_join
06-25 14:28:13.256 373 742 W libc : invalid pthread_t (0) passed to pthread_join
06-25 14:28:13.257 373 742 W libc : invalid pthread_t (0) passed to pthread_join
06-25 14:28:13.258 480 480 W LocationManagerService: no network location provider found
06-25 14:28:13.258 480 523 W IorapForwardingService: No service published for: iorapd
06-25 14:28:13.259 366 476 I OMXClient: IOmx service obtained
06-25 14:28:13.260 373 410 I OMXStore: makeComponentInstance(OMX.allwinner.video.decoder.vp9) in android.hardwar process
06-25 14:28:13.261 373 410 I omx_vdec_aw: : OmxDecoderCreate.
06-25 14:28:13.261 480 480 I ServiceWatcher: [fused] chose new implementation 1000/com.android.location.fused/.FusedLocationService@0
06-25 14:28:13.262 373 410 W omx_vdec: <__AwOmxVdecSetParameter:1561>: Set Parameter called in valid state
06-25 14:28:13.262 373 410 W omx_vdec: : OMX_IndexParamVideoProfileLevelQuerySupported, Format[0xa] not support
06-25 14:28:13.262 373 410 E OMXNodeInstance: getParameter(0xf0f7c000:allwinner.decoder.vp9, ParamVideoProfileLevelQuerySupported(0x600000f)) ERROR: BadParameter(0x80001005)
06-25 14:28:13.264 185 185 E servicemanager: Could not find android.hardware.gnss.IGnss/default in the VINTF manifest.
06-25 14:28:13.264 480 480 D GnssLocationProviderJni: Trying IGnss_V2_1::getService()
06-25 14:28:13.264 373 410 W omx_vdec: <__AwOmxVdecGetExtensionIndex:1737>: GetExtensionIndex OMX.google.android.index.describeColorFormat, err [0x80001001].
06-25 14:28:13.264 480 521 D CompatibilityChangeReporter: Compat change id reported: 168419799; UID 1000; state: DISABLED
06-25 14:28:13.265 186 186 I hwservicemanager: getTransport: Cannot find entry android.hardware.gnss@2.1::IGnss/default in either framework or device VINTF manifest.
06-25 14:28:13.265 480 480 D GnssLocationProviderJni: gnssHal 2.1 was null, trying 2.0
06-25 14:28:13.265 186 186 I hwservicemanager: getTransport: Cannot find entry android.hardware.gnss@2.0::IGnss/default in either framework or device VINTF manifest.
06-25 14:28:13.265 480 480 D GnssLocationProviderJni: gnssHal 2.0 was null, trying 1.1
06-25 14:28:13.266 186 186 I hwservicemanager: getTransport: Cannot find entry android.hardware.gnss@1.1::IGnss/default in either framework or device VINTF manifest.
06-25 14:28:13.266 480 480 D GnssLocationProviderJni: gnssHal 1.1 was null, trying 1.0
06-25 14:28:13.266 186 186 I hwservicemanager: getTransport: Cannot find entry android.hardware.gnss@1.0::IGnss/default in either framework or device VINTF manifest.
06-25 14:28:13.266 373 410 W omx_vdec: <__AwOmxVdecGetExtensionIndex:1737>: GetExtensionIndex OMX.google.android.index.describeColorFormat2, err [0x80001001].
06-25 14:28:13.267 373 410 E omx_vdec: : erro: pParamData->nIndex > m_sPortFormatType.nIndex
01-01 08:00:17.119 33 33 I WCN : check_cp_ready sync val:0xf0f0f0f2, prj_type val:0xe0e0e0e0
06-25 14:28:13.267 373 410 W omx_vdec: <__AwOmxVdecGetExtensionIndex:1737>: GetExtensionIndex OMX.google.android.index.describeColorFormat, err [0x80001001].
06-25 14:28:13.268 373 410 W omx_vdec: <__AwOmxVdecGetExtensionIndex:1737>: GetExtensionIndex OMX.google.android.index.describeColorFormat2, err [0x80001001].
06-25 14:28:13.268 373 410 E omx_vdec: : erro: pParamData->nIndex > m_sPortFormatType.nIndex
06-25 14:28:13.268 373 410 W omx_vdec: <__AwOmxVdecGetExtensionIndex:1737>: GetExtensionIndex OMX.google.android.index.describeColorFormat, err [0x80001001].
06-25 14:28:13.268 373 410 W omx_vdec: <__AwOmxVdecGetExtensionIndex:1737>: GetExtensionIndex OMX.google.android.index.describeColorFormat2, err [0x80001001].
06-25 14:28:13.268 373 410 E omx_vdec: : erro: pParamData->nIndex > m_sPortFormatType.nIndex
06-25 14:28:13.269 373 410 W omx_vdec: <__AwOmxVdecGetExtensionIndex:1737>: GetExtensionIndex OMX.google.android.index.describeColorFormat, err [0x80001001].
06-25 14:28:13.269 373 410 W omx_vdec: <__AwOmxVdecGetExtensionIndex:1737>: GetExtensionIndex OMX.google.android.index.describeColorFormat2, err [0x80001001].
06-25 14:28:13.269 373 410 E omx_vdec: : erro: pParamData->nIndex > m_sPortFormatType.nIndex
06-25 14:28:13.269 373 410 W omx_vdec: <__AwOmxVdecGetExtensionIndex:1737>: GetExtensionIndex OMX.google.android.index.describeColorFormat, err [0x80001001].
06-25 14:28:13.269 373 410 W omx_vdec: <__AwOmxVdecGetExtensionIndex:1737>: GetExtensionIndex OMX.google.android.index.describeColorFormat2, err [0x80001001].
06-25 14:28:13.269 373 410 E omx_vdec: : erro: pParamData->nIndex > m_sPortFormatType.nIndex
06-25 14:28:13.269 373 410 W omx_vdec: <__AwOmxVdecGetExtensionIndex:1737>: GetExtensionIndex OMX.google.android.index.describeColorFormat, err [0x80001001].
06-25 14:28:13.269 373 410 W omx_vdec: <__AwOmxVdecGetExtensionIndex:1737>: GetExtensionIndex OMX.google.android.index.describeColorFormat2, err [0x80001001].
06-25 14:28:13.269 373 410 E omx_vdec: : erro: pParamData->nIndex > m_sPortFormatType.nIndex
06-25 14:28:13.269 373 410 W omx_vdec: <__AwOmxVdecGetExtensionIndex:1737>: GetExtensionIndex OMX.google.android.index.describeColorFormat, err [0x80001001].
06-25 14:28:13.269 373 410 W omx_vdec: <__AwOmxVdecGetExtensionIndex:1737>: GetExtensionIndex OMX.google.android.index.describeColorFormat2, err [0x80001001].
06-25 14:28:13.270 373 410 E omx_vdec: : erro: pParamData->nIndex > m_sPortFormatType.nIndex
06-25 14:28:13.270 373 410 W omx_vdec: <__AwOmxVdecGetExtensionIndex:1737>: GetExtensionIndex OMX.google.android.index.describeColorFormat, err [0x80001001].
06-25 14:28:13.270 373 410 W omx_vdec: <__AwOmxVdecGetExtensionIndex:1737>: GetExtensionIndex OMX.google.android.index.describeColorFormat2, err [0x80001001].
06-25 14:28:13.270 373 410 E omx_vdec: : erro: pParamData->nIndex > m_sPortFormatType.nIndex
06-25 14:28:13.270 373 410 W omx_vdec: <__AwOmxVdecGetExtensionIndex:1737>: GetExtensionIndex OMX.google.android.index.describeColorFormat, err [0x80001001].
06-25 14:28:13.270 373 410 W omx_vdec: <__AwOmxVdecGetExtensionIndex:1737>: GetExtensionIndex OMX.google.android.index.describeColorFormat2, err [0x80001001].
06-25 14:28:13.270 373 410 E omx_vdec: : erro: pParamData->nIndex > m_sPortFormatType.nIndex
06-25 14:28:13.270 373 410 W omx_vdec: <__AwOmxVdecGetExtensionIndex:1737>: GetExtensionIndex OMX.google.android.index.describeColorFormat, err [0x80001001].
06-25 14:28:13.270 373 410 W omx_vdec: <__AwOmxVdecGetExtensionIndex:1737>: GetExtensionIndex OMX.google.android.index.describeColorFormat2, err [0x80001001].
06-25 14:28:13.270 373 410 E omx_vdec: : erro: pParamData->nIndex > m_sPortFormatType.nIndex
06-25 14:28:13.270 373 410 W omx_vdec: <__AwOmxVdecGetExtensionIndex:1737>: GetExtensionIndex OMX.google.android.index.describeColorFormat, err [0x80001001].
06-25 14:28:13.270 373 410 W omx_vdec: <__AwOmxVdecGetExtensionIndex:1737>: GetExtensionIndex OMX.google.android.index.describeColorFormat2, err [0x80001001].
06-25 14:28:13.271 373 410 E omx_vdec: : erro: pParamData->nIndex > m_sPortFormatType.nIndex
06-25 14:28:13.271 373 410 W omx_vdec: <__AwOmxVdecGetExtensionIndex:1737>: GetExtensionIndex OMX.google.android.index.describeColorFormat, err [0x80001001].
06-25 14:28:13.271 373 410 W omx_vdec: <__AwOmxVdecGetExtensionIndex:1737>: GetExtensionIndex OMX.google.android.index.describeColorFormat2, err [0x80001001].
06-25 14:28:13.271 373 410 E omx_vdec: : erro: pParamData->nIndex > m_sPortFormatType.nIndex
06-25 14:28:13.271 373 410 W omx_vdec: <__AwOmxVdecGetExtensionIndex:1737>: GetExtensionIndex OMX.google.android.index.describeColorFormat, err [0x80001001].
06-25 14:28:13.271 373 410 W omx_vdec: <__AwOmxVdecGetExtensionIndex:1737>: GetExtensionIndex OMX.google.android.index.describeColorFormat2, err [0x80001001].
06-25 14:28:13.271 373 410 E omx_vdec: : erro: pParamData->nIndex > m_sPortFormatType.nIndex
06-25 14:28:13.271 373 410 W omx_vdec: <__AwOmxVdecGetExtensionIndex:1737>: GetExtensionIndex OMX.google.android.index.describeColorFormat, err [0x80001001].
06-25 14:28:13.271 373 410 W omx_vdec: <__AwOmxVdecGetExtensionIndex:1737>: GetExtensionIndex OMX.google.android.index.describeColorFormat2, err [0x80001001].
06-25 14:28:13.271 373 410 E omx_vdec: : erro: pParamData->nIndex > m_sPortFormatType.nIndex
06-25 14:28:13.272 373 410 W omx_vdec: <__AwOmxVdecGetExtensionIndex:1737>: GetExtensionIndex OMX.google.android.index.describeColorFormat, err [0x80001001].
06-25 14:28:13.272 373 410 W omx_vdec: <__AwOmxVdecGetExtensionIndex:1737>: GetExtensionIndex OMX.google.android.index.describeColorFormat2, err [0x80001001].
06-25 14:28:13.272 373 410 E omx_vdec: : erro: pParamData->nIndex > m_sPortFormatType.nIndex
06-25 14:28:13.272 373 410 W omx_vdec: <__AwOmxVdecGetExtensionIndex:1737>: GetExtensionIndex OMX.google.android.index.describeColorFormat, err [0x80001001].
06-25 14:28:13.272 373 410 W omx_vdec: <__AwOmxVdecGetExtensionIndex:1737>: GetExtensionIndex OMX.google.android.index.describeColorFormat2, err [0x80001001].
06-25 14:28:13.272 373 410 E omx_vdec: : erro: pParamData->nIndex > m_sPortFormatType.nIndex
06-25 14:28:13.272 373 373 W omx_vdec: <__AwOmxVdecGetExtensionIndex:1737>: GetExtensionIndex OMX.google.android.index.describeColorFormat, err [0x80001001].
06-25 14:28:13.272 373 373 W omx_vdec: <__AwOmxVdecGetExtensionIndex:1737>: GetExtensionIndex OMX.google.android.index.describeColorFormat2, err [0x80001001].
06-25 14:28:13.272 373 373 E omx_vdec: : erro: pParamData->nIndex > m_sPortFormatType.nIndex
06-25 14:28:13.272 373 373 W omx_vdec: <__AwOmxVdecGetExtensionIndex:1737>: GetExtensionIndex OMX.google.android.index.describeColorFormat, err [0x80001001].
06-25 14:28:13.272 373 373 W omx_vdec: <__AwOmxVdecGetExtensionIndex:1737>: GetExtensionIndex OMX.google.android.index.describeColorFormat2, err [0x80001001].
06-25 14:28:13.273 373 373 E omx_vdec: : erro: pParamData->nIndex > m_sPortFormatType.nIndex
06-25 14:28:13.273 373 373 W omx_vdec: <__AwOmxVdecGetExtensionIndex:1737>: GetExtensionIndex OMX.google.android.index.describeColorFormat, err [0x80001001].
06-25 14:28:13.273 373 373 W omx_vdec: <__AwOmxVdecGetExtensionIndex:1737>: GetExtensionIndex OMX.google.android.index.describeColorFormat2, err [0x80001001].
06-25 14:28:13.273 373 373 E omx_vdec: : erro: pParamData->nIndex > m_sPortFormatType.nIndex
06-25 14:28:13.273 373 373 W omx_vdec: <__AwOmxVdecGetExtensionIndex:1737>: GetExtensionIndex OMX.google.android.index.describeColorFormat, err [0x80001001].
06-25 14:28:13.273 373 373 W omx_vdec: <__AwOmxVdecGetExtensionIndex:1737>: GetExtensionIndex OMX.google.android.index.describeColorFormat2, err [0x80001001].
06-25 14:28:13.273 373 373 E omx_vdec: : erro: pParamData->nIndex > m_sPortFormatType.nIndex
06-25 14:28:13.273 373 373 W omx_vdec: <__AwOmxVdecGetExtensionIndex:1737>: GetExtensionIndex OMX.google.android.index.describeColorFormat, err [0x80001001].
06-25 14:28:13.273 373 373 W omx_vdec: <__AwOmxVdecGetExtensionIndex:1737>: GetExtensionIndex OMX.google.android.index.describeColorFormat2, err [0x80001001].
06-25 14:28:13.273 373 373 E omx_vdec: : erro: pParamData->nIndex > m_sPortFormatType.nIndex
06-25 14:28:13.273 373 373 W omx_vdec: <__AwOmxVdecGetExtensionIndex:1737>: GetExtensionIndex OMX.google.android.index.describeColorFormat, err [0x80001001].
06-25 14:28:13.274 373 373 W omx_vdec: <__AwOmxVdecGetExtensionIndex:1737>: GetExtensionIndex OMX.google.android.index.describeColorFormat2, err [0x80001001].
06-25 14:28:13.274 373 373 E omx_vdec: : erro: pParamData->nIndex > m_sPortFormatType.nIndex
06-25 14:28:13.274 373 373 W omx_vdec: <__AwOmxVdecGetExtensionIndex:1737>: GetExtensionIndex OMX.google.android.index.describeColorFormat, err [0x80001001].
06-25 14:28:13.274 373 373 W omx_vdec: <__AwOmxVdecGetExtensionIndex:1737>: GetExtensionIndex OMX.google.android.index.describeColorFormat2, err [0x80001001].
06-25 14:28:13.274 373 373 E omx_vdec: : erro: pParamData->nIndex > m_sPortFormatType.nIndex
06-25 14:28:13.274 373 373 W omx_vdec: <__AwOmxVdecGetExtensionIndex:1737>: GetExtensionIndex OMX.google.android.index.describeColorFormat, err [0x80001001].
06-25 14:28:13.274 373 373 W omx_vdec: <__AwOmxVdecGetExtensionIndex:1737>: GetExtensionIndex OMX.google.android.index.describeColorFormat2, err [0x80001001].
06-25 14:28:13.274 373 373 E omx_vdec: : erro: pParamData->nIndex > m_sPortFormatType.nIndex
06-25 14:28:13.274 373 373 W omx_vdec: <__AwOmxVdecGetExtensionIndex:1737>: GetExtensionIndex OMX.google.android.index.describeColorFormat, err [0x80001001].
06-25 14:28:13.274 480 480 E LocationManagerService: no geocoder provider found
06-25 14:28:13.274 373 373 W omx_vdec: <__AwOmxVdecGetExtensionIndex:1737>: GetExtensionIndex OMX.google.android.index.describeColorFormat2, err [0x80001001].
06-25 14:28:13.275 480 480 E ActivityRecognitionHardware: activity_recognition HAL is deprecated. is_supported is effectively a no-op
06-25 14:28:13.275 373 373 E omx_vdec: : erro: pParamData->nIndex > m_sPortFormatType.nIndex
06-25 14:28:13.275 480 480 E LocationManagerService: unable to bind ActivityRecognitionProxy
06-25 14:28:13.275 373 373 W omx_vdec: <__AwOmxVdecGetExtensionIndex:1737>: GetExtensionIndex OMX.google.android.index.describeColorFormat, err [0x80001001].
06-25 14:28:13.275 373 373 W omx_vdec: <__AwOmxVdecGetExtensionIndex:1737>: GetExtensionIndex OMX.google.android.index.describeColorFormat2, err [0x80001001].
06-25 14:28:13.275 373 373 E omx_vdec: : erro: pParamData->nIndex > m_sPortFormatType.nIndex
06-25 14:28:13.275 480 480 I WallpaperManagerService: switch-user-0
06-25 14:28:13.275 373 373 W omx_vdec: <__AwOmxVdecGetExtensionIndex:1737>: GetExtensionIndex OMX.google.android.index.describeColorFormat, err [0x80001001].
06-25 14:28:13.276 373 373 W omx_vdec: <__AwOmxVdecGetExtensionIndex:1737>: GetExtensionIndex OMX.google.android.index.describeColorFormat2, err [0x80001001].
06-25 14:28:13.276 480 480 V WallpaperManagerService: bindWallpaperComponentLocked: componentName=ComponentInfo{com.android.systemui/com.android.systemui.ImageWallpaper}
06-25 14:28:13.276 373 373 E omx_vdec: : erro: pParamData->nIndex > m_sPortFormatType.nIndex
06-25 14:28:13.276 373 373 W omx_vdec: <__AwOmxVdecGetExtensionIndex:1737>: GetExtensionIndex OMX.google.android.index.describeColorFormat, err [0x80001001].
06-25 14:28:13.276 373 373 W omx_vdec: <__AwOmxVdecGetExtensionIndex:1737>: GetExtensionIndex OMX.google.android.index.describeColorFormat2, err [0x80001001].
06-25 14:28:13.276 373 373 E omx_vdec: : erro: pParamData->nIndex > m_sPortFormatType.nIndex
06-25 14:28:13.276 373 373 W omx_vdec: <__AwOmxVdecGetExtensionIndex:1737>: GetExtensionIndex OMX.google.android.index.describeColorFormat, err [0x80001001].
06-25 14:28:13.276 373 373 W omx_vdec: <__AwOmxVdecGetExtensionIndex:1737>: GetExtensionIndex OMX.google.android.index.describeColorFormat2, err [0x80001001].
06-25 14:28:13.277 373 373 E omx_vdec: : erro: pParamData->nIndex > m_sPortFormatType.nIndex
06-25 14:28:13.277 373 373 W omx_vdec: <__AwOmxVdecGetExtensionIndex:1737>: GetExtensionIndex OMX.google.android.index.describeColorFormat, err [0x80001001].
06-25 14:28:13.277 373 373 W omx_vdec: <__AwOmxVdecGetExtensionIndex:1737>: GetExtensionIndex OMX.google.android.index.describeColorFormat2, err [0x80001001].
06-25 14:28:13.277 373 373 E omx_vdec: : erro: pParamData->nIndex > m_sPortFormatType.nIndex
06-25 14:28:13.277 373 373 W omx_vdec: <__AwOmxVdecGetExtensionIndex:1737>: GetExtensionIndex OMX.google.android.index.describeColorFormat, err [0x80001001].
06-25 14:28:13.277 373 373 W omx_vdec: <__AwOmxVdecGetExtensionIndex:1737>: GetExtensionIndex OMX.google.android.index.describeColorFormat2, err [0x80001001].
06-25 14:28:13.277 373 373 E omx_vdec: : erro: pParamData->nIndex > m_sPortFormatType.nIndex
06-25 14:28:13.278 373 373 W omx_vdec: <__AwOmxVdecGetExtensionIndex:1737>: GetExtensionIndex OMX.google.android.index.describeColorFormat, err [0x80001001].
06-25 14:28:13.278 373 373 W omx_vdec: <__AwOmxVdecGetExtensionIndex:1737>: GetExtensionIndex OMX.google.android.index.describeColorFormat2, err [0x80001001].
06-25 14:28:13.278 373 373 E omx_vdec: : erro: pParamData->nIndex > m_sPortFormatType.nIndex
06-25 14:28:13.278 373 373 W omx_vdec: <__AwOmxVdecGetExtensionIndex:1737>: GetExtensionIndex OMX.google.android.index.describeColorFormat, err [0x80001001].
06-25 14:28:13.278 373 373 W omx_vdec: <__AwOmxVdecGetExtensionIndex:1737>: GetExtensionIndex OMX.google.android.index.describeColorFormat2, err [0x80001001].
06-25 14:28:13.278 366 476 W ACodec : [OMX.allwinner.video.decoder.vp9] stopping checking formats after 32: COLOR_FormatYUV420Planar(13)
06-25 14:28:13.278 373 373 W omx_vdec: <__AwOmxVdecGetExtensionIndex:1737>: GetExtensionIndex OMX.google.android.index.configureVideoTunnelMode, err [0x80001001].
06-25 14:28:13.278 373 373 E OMXNodeInstance: getExtensionIndex(0xf0f7c000:allwinner.decoder.vp9, OMX.google.android.index.configureVideoTunnelMode) ERROR: Undefined(0x80001001)
06-25 14:28:13.278 366 476 D MediaCodecInfo: detail feature-tunneled-playback wasn't present to remove
06-25 14:28:13.278 373 373 W omx_vdec: <__AwOmxVdecGetExtensionIndex:1737>: GetExtensionIndex OMX.google.android.index.storeANWBufferInMetadata, err [0x80001001].
06-25 14:28:13.278 373 373 W omx_vdec_aw: <__anSetExtPara:3011>: Setparameter: unknown param 2131755011
06-25 14:28:13.278 373 373 W OMXNodeInstance: [0xf0f7c000:allwinner.decoder.vp9] component does not support metadata mode; using fallback
06-25 14:28:13.279 373 745 W libc : invalid pthread_t (0) passed to pthread_join
06-25 14:28:13.279 373 745 W libc : invalid pthread_t (0) passed to pthread_join
06-25 14:28:13.279 373 745 W libc : invalid pthread_t (0) passed to pthread_join
06-25 14:28:13.282 366 476 I OMXClient: IOmx service obtained
06-25 14:28:13.282 373 373 I OMXStore: makeComponentInstance(OMX.allwinner.video.decoder.vp9.secure) in android.hardwar process
06-25 14:28:13.284 373 373 E omx_vdec: : This platform does not support secure video playback
06-25 14:28:13.285 373 373 E omx_sem : : handle is null
06-25 14:28:13.285 373 373 E omx_sem : : handle is null
06-25 14:28:13.285 373 373 E omx_sem : : handle is null
06-25 14:28:13.285 373 373 E omx_sem : : handle is null
06-25 14:28:13.285 373 373 E omx_sem : : handle is null
06-25 14:28:13.285 373 373 W omx_vdec_aw: : pdec is null
06-25 14:28:13.285 373 373 E android.hardware.media.omx@1.0-service: Failed to allocate omx component 'OMX.allwinner.video.decoder.vp9.secure' err=InvalidComponentName(0x80001002)
06-25 14:28:13.285 366 476 W OmxInfoBuilder: Fail to add media type video/x-vnd.on2.vp9 to codec OMX.allwinner.video.decoder.vp9.secure
06-25 14:28:13.287 366 476 I OMXClient: IOmx service obtained
06-25 14:28:13.287 373 373 I OMXStore: makeComponentInstance(OMX.allwinner.video.encoder.avc) in android.hardwar process
06-25 14:28:13.288 480 480 D SoundTriggerService: onBootPhase: 600 : false
06-25 14:28:13.291 209 209 I keystore2: keystore2::authorization: on_lock_screen_event(LockScreenEvent(0), user_id=0, password.is_some()=false, unlocking_sids=Some([]))
06-25 14:28:13.288 659 659 I wifi@1.0-servic: type=1400 audit(0.0:364): avc: denied { search } for name="wifi" dev="mmcblk0p25" ino=54 scontext=u:r:hal_wifi_default:s0 tcontext=u:object_r:wifi_data_file:s0 tclass=dir permissive=1
01-01 08:00:17.146 33 33 I WCN : check_cp_ready sync val:0xf0f0f0ff, prj_type val:0xe0e0e0e0
01-01 08:00:17.147 33 33 I WCN : dcxo_aon_set_mode read DCXO_LP_CTRL21 reg val:0x00000000
01-01 08:00:17.147 33 33 I WCN : after do dcxo_aon_set_mode set reg val:0x00008000
01-01 08:00:17.147 33 33 I sdiohal : sdiohal_runtime_get entry
01-01 08:00:17.147 33 33 D : [xw] before reg = 0x1
01-01 08:00:17.147 33 33 D : [xw] after reg = 0x3
01-01 08:00:17.147 33 33 I WCN : get_cp2_version entry!
01-01 08:00:17.148 349 349 I WCN : WCND at cmd read:WCN_VER:Platform Version:MARLIN3E_20A_W25.16.1~Project Version:uwe5623_marlin3E_ott~04-14-2025 17:37:38~
01-01 08:00:17.148 33 33 I WCN : switch_cp2_log - close entry!
01-01 08:00:17.150 349 349 I WCN : WCND at cmd read:OK
01-01 08:00:17.150 659 659 I WCN : then marlin download finished and run ok
06-25 14:28:13.302 373 373 W cedarc : : cannot open /dev/sunxi_soc_info, it maybe ok!
06-25 14:28:13.303 373 373 I cedarc : : *** ic_version = 0x3301000012011,
06-25 14:28:13.302 321 323 D XM_HIDREAD: add@ add@/devices/platform/unisoc_wifi/wakeup/wakeup25
01-01 08:00:17.158 373 373 D : enable_cedar_hw_clk,516
06-25 14:28:13.305 373 373 E OMXNodeInstance: getParameter(0xf0f7a000:allwinner.encoder.avc, ParamVideoProfileLevelQuerySupported(0x600000f)) ERROR: BadParameter(0x80001005)
06-25 14:28:13.305 366 476 W OMXUtils: do not know color format 0x7f000789 = 2130708361
06-25 14:28:13.306 366 476 W OMXUtils: do not know color format 0x7f000001 = 2130706433
06-25 14:28:13.306 373 373 E omx_venc: <__AwOmxVencGetParameter:882>: get_parameter erro: pParamData->nIndex > m_sInPortFormatType.nIndex, param index 3. impl in->index 2.
06-25 14:28:13.306 373 373 E OMXNodeInstance: getConfig(0xf0f7a000:allwinner.encoder.avc, ConfigAndroidIntraRefresh(0x6f60000a)) ERROR: UnsupportedIndex(0x8000101a)
06-25 14:28:13.306 373 373 E omx_venc: : get_parameter: unknown param 0xf1049ce0
06-25 14:28:13.306 373 373 E omx_venc: 
06-25 14:28:13.306 373 373 E OMXNodeInstance: getParameter(0xf0f7a000:allwinner.encoder.avc, ParamVideoIntraRefresh(0x6000006)) ERROR: UnsupportedIndex(0x8000101a)
06-25 14:28:13.306 366 476 D MediaCodecInfo: detail feature-frame-parsing wasn't present to remove
06-25 14:28:13.318 373 373 I cedarc : : not malloc locks
01-01 08:00:17.166 659 659 E sprdwl : __sprdwl_cmd_getbuf cant't get vif, ctx_id: 0
01-01 08:00:17.170 373 373 D : disable_cedar_hw_clk,546
06-25 14:28:13.325 480 480 W AlarmManager: Unrecognized alarm listener com.android.server.stats.StatsCompanionService$AnomalyAlarmListener@4f969e4
06-25 14:28:13.325 480 480 W AlarmManager: Unrecognized alarm listener com.android.server.stats.StatsCompanionService$PullingAlarmListener@6cdbe4d
06-25 14:28:13.325 480 480 W AlarmManager: Unrecognized alarm listener com.android.server.stats.StatsCompanionService$PeriodicAlarmListener@223ad02
06-25 14:28:13.327 366 476 I Codec2Client: Available Codec2 services: "software"
01-01 08:00:17.179 349 349 I WCN : WCND at cmd read:3
06-25 14:28:13.330 396 396 V C2Store : in init
06-25 14:28:13.330 396 396 V C2Store : loading dll
06-25 14:28:13.338 480 480 I StatsCompanionService: Told statsd that StatsCompanionService is alive.
06-25 14:28:13.339 480 540 D StatsPullAtomService: Registering NetworkStats pullers with statsd
06-25 14:28:13.340 480 480 I SystemServerTiming: StartNetworkStack
06-25 14:28:13.341 480 480 D ConnectivityModuleConnector: Starting networking module android.net.INetworkStackConnector
06-25 14:28:13.347 480 480 D ConnectivityModuleConnector: Starting networking module in network_stack process
01-01 08:00:17.198 659 659 I WCN : get_board_ant_num [three_ant]
01-01 08:00:17.198 659 659 E : wifi ini path = /vendor/etc/wifi_56630001_3ant.ini
06-25 14:28:13.352 480 540 W BestClock: java.time.DateTimeException: Missing NTP fix
06-25 14:28:13.354 480 480 D CompatibilityChangeReporter: Compat change id reported: 135634846; UID 1073; state: DISABLED
06-25 14:28:13.355 480 480 D ConnectivityModuleConnector: Networking module service start requested
06-25 14:28:13.355 480 480 I SystemServerTiming: StartTethering
06-25 14:28:13.355 480 480 D ConnectivityModuleConnector: Starting networking module android.net.ITetheringConnector
06-25 14:28:13.356 480 480 D ConnectivityModuleConnector: Starting networking module in network_stack process
06-25 14:28:13.358 480 480 D ConnectivityModuleConnector: Networking module service start requested
06-25 14:28:13.358 480 480 I SystemServerTiming: MakeCountryDetectionServiceReady
06-25 14:28:13.358 480 480 I SystemServerTiming: MakeNetworkTimeUpdateReady
01-01 08:00:17.210 659 659 E sprdwl : __sprdwl_cmd_getbuf cant't get vif, ctx_id: 0
06-25 14:28:13.368 480 480 D ConnectivityService: requestNetwork for uid/pid:1000/480 activeRequest: null callbackRequest: 16 [NetworkRequest [ REQUEST id=17, [ Capabilities: INTERNET&NOT_RESTRICTED&TRUSTED&NOT_VCN_MANAGED Uid: 1000 RequestorUid: 1000 RequestorPkg: android] ]] callback flags: 0 priority: 2147483647
06-25 14:28:13.369 480 616 D ConnectivityService: NetReassign [no changes]
06-25 14:28:13.370 480 480 I SystemServerTiming: MakeInputManagerServiceReady
06-25 14:28:13.371 248 248 D Zygote : Forked child process 762
06-25 14:28:13.372 480 542 I ActivityManager: app.processName = com.android.networkstack.process
06-25 14:28:13.372 480 542 I ActivityManager: Start proc 762:com.android.networkstack.process/1073 for service {com.android.networkstack/com.android.server.NetworkStackService}
06-25 14:28:13.375 480 657 D PPPOE : got request NetworkRequest [ REQUEST id=17, [ Capabilities: INTERNET&NOT_RESTRICTED&TRUSTED&NOT_VCN_MANAGED Uid: 1000 RequestorUid: 1000 RequestorPkg: android] ]
06-25 14:28:13.376 396 396 V C2Store : in ~ComponentModule
06-25 14:28:13.376 396 396 V C2Store : unloading dll
06-25 14:28:13.376 396 396 V C2Store : in init
06-25 14:28:13.376 396 396 V C2Store : loading dll
06-25 14:28:13.379 480 480 I SystemServerTiming: MakeTelephonyRegistryReady
06-25 14:28:13.381 480 480 I SystemServerTiming: MakeMediaRouterServiceReady
01-01 08:00:17.222 659 659 E sprdwl : __sprdwl_cmd_getbuf cant't get vif, ctx_id: 0
06-25 14:28:13.382 480 597 I InputReader: Reconfiguring input devices, changes=DEVICE_ALIAS |
06-25 14:28:13.383 480 480 I SystemServerTiming: MakeMmsServiceReady
06-25 14:28:13.383 762 762 I Zygote : seccomp disabled by setenforce 0
06-25 14:28:13.385 480 480 I MmsServiceBroker: Delay connecting to MmsService until an API is called
06-25 14:28:13.385 480 480 I SystemServerTiming: IncidentDaemonReady
06-25 14:28:13.387 480 540 W BestClock: java.time.DateTimeException: Missing NTP fix
06-25 14:28:13.388 480 480 I SystemServerTiming: MakeIncrementalServiceReady
06-25 14:28:13.390 480 480 I SystemServerTiming: getCurrentUser
06-25 14:28:13.390 480 480 I ActivityManager: Current user:0
06-25 14:28:13.390 480 480 I SystemServerTiming: ActivityManagerStartApps
06-25 14:28:13.390 480 480 I SystemServerTiming: ssm.StartUser-0
06-25 14:28:13.390 480 480 I SystemServiceManager: Calling onStartUser 0
