06-25 14:28:13.817 366 476 D MediaCodecsXmlParser: MediaCodec: cannot update non-existing codec: OMX.google.h264.encoder at line 25 of /vendor/etc/media_codecs_performance.xml
06-25 14:28:13.817 366 476 D MediaCodecsXmlParser: MediaCodec: cannot update non-existing codec: OMX.google.h263.encoder at line 31 of /vendor/etc/media_codecs_performance.xml
06-25 14:28:13.817 366 476 D MediaCodecsXmlParser: MediaCodec: cannot update non-existing codec: OMX.google.mpeg4.encoder at line 34 of /vendor/etc/media_codecs_performance.xml
06-25 14:28:13.817 366 476 D MediaCodecsXmlParser: MediaCodec: cannot update non-existing codec: OMX.google.vp8.encoder at line 37 of /vendor/etc/media_codecs_performance.xml
06-25 14:28:13.817 366 476 D MediaCodecsXmlParser: MediaCodec: cannot update non-existing codec: OMX.allwinner.video.decoder.h263 at line 59 of /vendor/etc/media_codecs_performance.xml
06-25 14:28:13.817 366 476 D MediaCodecsXmlParser: MediaCodec: cannot update non-existing codec: OMX.google.mpeg4.decoder at line 80 of /vendor/etc/media_codecs_performance.xml
06-25 14:28:13.817 366 476 D MediaCodecsXmlParser: MediaCodec: cannot update non-existing codec: OMX.google.h264.decoder at line 83 of /vendor/etc/media_codecs_performance.xml
06-25 14:28:13.817 366 476 D MediaCodecsXmlParser: MediaCodec: cannot update non-existing codec: OMX.google.h263.decoder at line 89 of /vendor/etc/media_codecs_performance.xml
06-25 14:28:13.817 366 476 D MediaCodecsXmlParser: MediaCodec: cannot update non-existing codec: OMX.google.hevc.decoder at line 93 of /vendor/etc/media_codecs_performance.xml
06-25 14:28:13.818 366 476 D MediaCodecsXmlParser: MediaCodec: cannot update non-existing codec: OMX.google.vp8.decoder at line 101 of /vendor/etc/media_codecs_performance.xml
06-25 14:28:13.818 366 476 D MediaCodecsXmlParser: MediaCodec: cannot update non-existing codec: OMX.google.vp9.decoder at line 107 of /vendor/etc/media_codecs_performance.xml
06-25 14:28:13.818 366 476 I MediaCodecsXmlParser: Did not find media_codecs_shaping.xml in search path
06-25 14:28:13.818 366 476 I MediaCodecsXmlParser: Did not find media_codecs_shaping.xml in search path
06-25 14:28:13.818 396 396 V C2Store : in init
06-25 14:28:13.818 396 396 V C2Store : loading dll
01-01 08:00:17.672 381 381 I : DVI mode selected: packets not configured
01-01 08:00:17.672 381 381 I : Error: set vsif failed
06-25 14:28:13.824 366 476 I Codec2InfoBuilder: adding type 'audio/mp4a-latm'
06-25 14:28:13.826 480 480 I SystemServerTiming: sendUserStartBroadcast
06-25 14:28:13.826 480 480 I SystemServerTiming: resumeTopActivities
06-25 14:28:13.828 480 480 I SystemServerTiming: sendUserSwitchBroadcasts
06-25 14:28:13.828 480 480 I SystemServerTiming: setBinderProxies
06-25 14:28:13.829 480 540 W BestClock: java.time.DateTimeException: Missing NTP fix
06-25 14:28:13.829 480 542 W ActivityManager: Slow operation: 329ms so far, now at startProcess: done updating battery stats
06-25 14:28:13.830 480 542 W ActivityManager: Slow operation: 329ms so far, now at startProcess: building log message
06-25 14:28:13.830 480 542 I ActivityManager: app.processName = com.android.se
06-25 14:28:13.830 480 542 I ActivityManager: Start proc 796:com.android.se/1068 for added application com.android.se
06-25 14:28:13.830 480 542 W ActivityManager: Slow operation: 329ms so far, now at startProcess: starting to update pids map
06-25 14:28:13.830 480 542 W ActivityManager: Slow operation: 329ms so far, now at startProcess: done updating pids map
06-25 14:28:13.830 480 480 I SystemServerTiming: StartSystemUI
06-25 14:28:13.832 480 654 D CompatibilityChangeReporter: Compat change id reported: 168419799; UID 1068; state: DISABLED
06-25 14:28:13.832 396 433 V C2Store : in init
06-25 14:28:13.832 396 433 V C2Store : loading dll
06-25 14:28:13.833 480 540 W BestClock: java.time.DateTimeException: Missing NTP fix
06-25 14:28:13.833 396 396 V C2Store : in ~ComponentModule
06-25 14:28:13.833 396 396 V C2Store : unloading dll
06-25 14:28:13.838 366 476 I Codec2InfoBuilder: adding type 'audio/mp4a-latm'
06-25 14:28:13.841 796 796 D CompatibilityChangeReporter: Compat change id reported: 171979766; UID 1068; state: ENABLED
06-25 14:28:13.844 480 524 I ActivityManager: com.android.tv.settings is exempt from freezer
06-25 14:28:13.844 480 524 D CompatibilityChangeReporter: Compat change id reported: 135634846; UID 1000; state: DISABLED
06-25 14:28:13.846 480 760 W ActivityManager: Unable to start service Intent { cmp=com.oranth.ledstatus/.LedStatusService } U=0: not found
06-25 14:28:13.848 480 616 D ConnectivityService: Got NetworkProvider Messenger for VpnNetworkProvider:0
01-01 08:00:17.705 381 381 I : DVI mode selected: packets not configured
01-01 08:00:17.705 381 381 I : Error: set vsif failed
06-25 14:28:13.853 668 668 D AdapterState: make() - Creating AdapterState
06-25 14:28:13.856 668 822 I AdapterState: OFF : entered
06-25 14:28:13.857 668 822 D AdapterProperties: Setting state to OFF
06-25 14:28:13.860 480 609 I android_os_HwBinder: HwBinder: Starting thread pool for getting: android.hidl.manager@1.0::IServiceManager/default
06-25 14:28:13.862 396 434 V C2Store : in init
06-25 14:28:13.862 396 434 V C2Store : loading dll
06-25 14:28:13.862 480 607 W BestClock: java.time.DateTimeException: Missing NTP fix
06-25 14:28:13.863 396 821 V C2Store : in ~ComponentModule
06-25 14:28:13.863 396 821 V C2Store : unloading dll
01-01 08:00:17.722 381 381 I : DVI mode selected: packets not configured
01-01 08:00:17.722 381 381 I : Error: set vsif failed
06-25 14:28:13.867 480 524 I InputManager: Enabling motion classifier because user switched: feature enabled, long press timeout = 400
06-25 14:28:13.868 480 524 I InputClassifier: Enabling motion classifier
06-25 14:28:13.868 248 248 D Zygote : Forked child process 824
06-25 14:28:13.869 186 186 I hwservicemanager: getTransport: Cannot find entry android.hardware.input.classifier@1.0::IInputClassifier/default in either framework or device VINTF manifest.
06-25 14:28:13.869 480 825 I InputClassifier: Could not obtain InputClassifier HAL
06-25 14:28:13.869 480 542 I ActivityManager: app.processName = com.android.tv.settings
06-25 14:28:13.869 480 542 I ActivityManager: Start proc 824:com.android.tv.settings/1000 for top-activity {com.android.tv.settings/com.android.tv.settings.system.FallbackHome}
06-25 14:28:13.870 480 607 W BestClock: java.time.DateTimeException: Missing NTP fix
06-25 14:28:13.870 668 668 D BluetoothKeystoreService: new BluetoothKeystoreService isCommonCriteriaMode: false
06-25 14:28:13.871 668 668 D BluetoothKeystoreService: start
06-25 14:28:13.875 378 378 D dom2reg : timezone change, new: Etc/GMT-8, pre:
06-25 14:28:13.875 378 378 W dom2reg : timezone [Etc/GMT-8] not in default tables, please check!
06-25 14:28:13.876 480 480 D CompatibilityChangeReporter: Compat change id reported: 168419799; UID 10067; state: DISABLED
06-25 14:28:13.876 824 824 I Zygote : seccomp disabled by setenforce 0
06-25 14:28:13.880 480 540 W BestClock: java.time.DateTimeException: Missing NTP fix
06-25 14:28:13.885 480 607 W BestClock: java.time.DateTimeException: Missing NTP fix
06-25 14:28:13.886 480 540 W BestClock: java.time.DateTimeException: Missing NTP fix
06-25 14:28:13.886 480 607 W BestClock: java.time.DateTimeException: Missing NTP fix
06-25 14:28:13.887 480 607 W BestClock: java.time.DateTimeException: Missing NTP fix
06-25 14:28:13.887 480 609 I SupplicantStaIfaceHal: Starting supplicant using HIDL
06-25 14:28:13.887 366 476 I Codec2InfoBuilder: adding type 'audio/3gpp'
06-25 14:28:13.888 480 607 W BestClock: java.time.DateTimeException: Missing NTP fix
06-25 14:28:13.888 668 668 I droid.bluetoot: [0625/142813.886742:INFO:com_android_bluetooth_btservice_BluetoothKeystore.cpp(97)] classInitNative: succeeds
06-25 14:28:13.889 480 607 W BestClock: java.time.DateTimeException: Missing NTP fix
06-25 14:28:13.891 480 607 W BestClock: java.time.DateTimeException: Missing NTP fix
06-25 14:28:13.891 668 668 D BluetoothKeystoreService: setBluetoothKeystoreService(): set to: com.android.bluetooth.btservice.bluetoothkeystore.BluetoothKeystoreService@8a025fc
06-25 14:28:13.891 396 433 V C2Store : in init
06-25 14:28:13.891 396 433 V C2Store : loading dll
06-25 14:28:13.892 396 821 V C2Store : in ~ComponentModule
06-25 14:28:13.892 396 821 V C2Store : unloading dll
06-25 14:28:13.892 186 186 I hwservicemanager: Since android.hardware.wifi.supplicant@1.0::ISupplicant/default is not registered, trying to start it as a lazy HAL.
01-01 08:00:17.750 1 1 I init : starting service 'wpa_supplicant'...
01-01 08:00:17.752 1 1 I init : Created socket '/dev/socket/wpa_wlan0', mode 660, user 1010, group 1010
06-25 14:28:13.896 480 609 D SupplicantStaIfaceHal: Successfully triggered start of supplicant using HIDL
06-25 14:28:13.897 366 476 I Codec2InfoBuilder: adding type 'audio/3gpp'
06-25 14:28:13.899 396 823 V C2Store : in init
06-25 14:28:13.899 396 823 V C2Store : loading dll
01-01 08:00:17.755 381 381 I : DVI mode selected: packets not configured
01-01 08:00:17.755 381 381 I : Error: set vsif failed
06-25 14:28:13.903 480 607 W BestClock: java.time.DateTimeException: Missing NTP fix
06-25 14:28:13.907 480 480 D JNIMultiir: Multiir JNI_OnLoad()
06-25 14:28:13.907 480 480 D JNIMultiir: init
06-25 14:28:13.909 480 607 W BestClock: java.time.DateTimeException: Missing NTP fix
06-25 14:28:13.910 396 433 V C2Store : in ~ComponentModule
06-25 14:28:13.910 396 433 V C2Store : unloading dll
01-01 08:00:17.764 1 1 I init : Control message: Processed ctl.interface_start for 'android.hardware.wifi.supplicant@1.0::ISupplicant/default' from pid: 186 (/system/bin/hwservicemanager)
06-25 14:28:13.910 480 607 W BestClock: java.time.DateTimeException: Missing NTP fix
06-25 14:28:13.912 480 654 D ConnectivityService: requestNetwork for uid/pid:1073/762 activeRequest: null callbackRequest: 18 [NetworkRequest [ REQUEST id=19, [ Capabilities: INTERNET&NOT_RESTRICTED&TRUSTED&NOT_VCN_MANAGED Uid: 1073 RequestorUid: 1073 RequestorPkg: com.android.networkstack] ]] callback flags: 0 priority: 2147483647
06-25 14:28:13.913 480 480 D SystemServer: VMRuntime.setVerifierEnabled(true)
06-25 14:28:13.914 366 476 I Codec2InfoBuilder: adding type 'audio/amr-wb'
06-25 14:28:13.915 480 616 D ConnectivityService: NetReassign [no changes]
06-25 14:28:13.916 480 657 D PPPOE : got request NetworkRequest [ REQUEST id=19, [ Capabilities: INTERNET&NOT_RESTRICTED&TRUSTED&NOT_VCN_MANAGED Uid: 1073 RequestorUid: 1073 RequestorPkg: com.android.networkstack] ]
06-25 14:28:13.916 480 655 D Ethernet: got request NetworkRequest [ REQUEST id=19, [ Capabilities: INTERNET&NOT_RESTRICTED&TRUSTED&NOT_VCN_MANAGED Uid: 1073 RequestorUid: 1073 RequestorPkg: com.android.networkstack] ]
06-25 14:28:13.917 480 655 D EthernetNetworkFactory: acceptRequest, request: NetworkRequest [ REQUEST id=19, [ Capabilities: INTERNET&NOT_RESTRICTED&TRUSTED&NOT_VCN_MANAGED Uid: 1073 RequestorUid: 1073 RequestorPkg: com.android.networkstack] ]
06-25 14:28:13.917 396 433 V C2Store : in init
06-25 14:28:13.917 396 433 V C2Store : loading dll
06-25 14:28:13.917 480 655 I EthernetNetworkFactory: networkForRequest, request: NetworkRequest [ REQUEST id=19, [ Capabilities: INTERNET&NOT_RESTRICTED&TRUSTED&NOT_VCN_MANAGED Uid: 1073 RequestorUid: 1073 RequestorPkg: com.android.networkstack] ], network: null
06-25 14:28:13.917 668 668 D BluetoothKeystoreService: loadConfigData
06-25 14:28:13.919 396 823 V C2Store : in ~ComponentModule
06-25 14:28:13.919 396 823 V C2Store : unloading dll
06-25 14:28:13.922 480 540 W BestClock: java.time.DateTimeException: Missing NTP fix
06-25 14:28:13.924 480 480 W Looper : Slow delivery took 4776ms main h=android.app.PropertyInvalidatedCache$AutoCorker$1 c=null m=0
06-25 14:28:13.924 480 607 W BestClock: java.time.DateTimeException: Missing NTP fix
06-25 14:28:13.925 480 540 W BestClock: java.time.DateTimeException: Missing NTP fix
06-25 14:28:13.928 366 476 I Codec2InfoBuilder: adding type 'audio/amr-wb'
06-25 14:28:13.929 396 821 V C2Store : in ~ComponentModule
06-25 14:28:13.929 396 821 V C2Store : unloading dll
06-25 14:28:13.929 396 823 V C2Store : in init
06-25 14:28:13.929 396 823 V C2Store : loading dll
06-25 14:28:13.931 408 423 I adbd : jdwp connection from 824
06-25 14:28:13.928 685 685 I ndroid.systemui: type=1400 audit(0.0:383): avc: denied { search } for name="com.android.systemui" dev="mmcblk0p25" ino=484 scontext=u:r:platform_app:s0:c512,c768 tcontext=u:object_r:app_data_file:s0:c512,c768 tclass=dir permissive=1 app=com.softwinner.screenshot
06-25 14:28:13.938 366 476 D Codec2InfoBuilder: component 'c2.android.av1.decoder' not found in xml
06-25 14:28:13.938 396 821 V C2Store : in init
06-25 14:28:13.938 396 821 V C2Store : loading dll
06-25 14:28:13.942 480 616 D ConnectivityService: NetReassign [no changes]
06-25 14:28:13.945 480 480 D ConditionProviders.SCP: onConnected
06-25 14:28:13.950 366 476 I Codec2InfoBuilder: adding type 'video/avc'
06-25 14:28:13.952 480 480 D ConditionProviders: Subscribing to condition://android/event?userId=-10000&calendar=&reply=1 with ComponentInfo{android/com.android.server.notification.EventConditionProvider}
06-25 14:28:13.952 480 480 D ConditionProviders: Subscribing to condition://android/schedule?days=1.2.3.4.5.6.7&start=22.0&end=7.0&exitAtAlarm=true with ComponentInfo{android/com.android.server.notification.ScheduleConditionProvider}
06-25 14:28:13.948 268 268 I EventThread: type=1400 audit(0.0:384): avc: denied { search } for name="extcon" dev="sysfs" ino=18109 scontext=u:r:hal_tv_cec_default:s0 tcontext=u:object_r:sysfs_extcon:s0 tclass=dir permissive=1
06-25 14:28:13.957 268 268 D hdmi-cec: reset logical address to broadcast
06-25 14:28:13.957 396 823 V C2Store : in ~ComponentModule
06-25 14:28:13.957 396 823 V C2Store : unloading dll
06-25 14:28:13.961 480 540 W BestClock: java.time.DateTimeException: Missing NTP fix
06-25 14:28:13.966 480 540 W BestClock: java.time.DateTimeException: Missing NTP fix
06-25 14:28:13.969 396 433 V C2Store : in init
06-25 14:28:13.969 396 433 V C2Store : loading dll
06-25 14:28:13.969 480 607 W BestClock: java.time.DateTimeException: Missing NTP fix
06-25 14:28:13.971 396 434 V C2Store : in ~ComponentModule
06-25 14:28:13.971 396 434 V C2Store : unloading dll
06-25 14:28:13.972 480 812 D CompatibilityChangeReporter: Compat change id reported: 181136395; UID 1000; state: DISABLED
06-25 14:28:13.973 480 812 D CompatibilityChangeReporter: Compat change id reported: 174042936; UID 1000; state: DISABLED
06-25 14:28:13.974 396 433 I mediaswcodec: missing struct descriptor #Param::CoreIndex(--004) for field values of struct #Param::CoreIndex(F-12004)
06-25 14:28:13.974 396 433 I mediaswcodec: missing struct descriptor #Param::CoreIndex(--1812) for field values of struct #Param::CoreIndex(F-11812)
06-25 14:28:13.976 796 796 V GraphicsEnvironment: ANGLE Developer option for 'com.android.se' set to: 'default'
06-25 14:28:13.977 796 796 V GraphicsEnvironment: Neither updatable production driver nor prerelease driver is supported.
06-25 14:28:13.978 668 668 I droid.bluetoot: [0625/142813.978549:INFO:com_android_bluetooth_btservice_ActivityAttribution.cpp(96)] classInitNative: succeeds
06-25 14:28:13.979 668 668 D BluetoothKeystoreService: getCompareResult: 0
06-25 14:28:13.979 796 796 D NetworkSecurityConfig: No Network Security Config specified, using platform default
06-25 14:28:13.980 796 796 D NetworkSecurityConfig: No Network Security Config specified, using platform default
06-25 14:28:13.988 824 824 D CompatibilityChangeReporter: Compat change id reported: 171979766; UID 1000; state: ENABLED
06-25 14:28:13.989 396 433 I mediaswcodec: missing struct descriptor #Param::CoreIndex(--004) for field values of struct #Param::CoreIndex(F-12004)
06-25 14:28:13.984 329 329 I rainbow_flow: type=1400 audit(0.0:385): avc: denied { ioctl } for path="/dev/spidev1.0" dev="tmpfs" ino=749 ioctlcmd=0x6b00 scontext=u:r:init:s0 tcontext=u:object_r:device:s0 tclass=chr_file permissive=1
06-25 14:28:13.992 396 433 I mediaswcodec: missing struct descriptor #Param::CoreIndex(--1812) for field values of struct #Param::CoreIndex(F-11812)
06-25 14:28:13.997 480 540 W BestClock: java.time.DateTimeException: Missing NTP fix
06-25 14:28:14.000 480 540 D CountryDetector: Using custom country detector class: com.android.server.location.ComprehensiveCountryDetector
06-25 14:28:14.001 480 540 E CountryDetector: Could not instantiate the custom country detector class
06-25 14:28:14.001 480 540 D CountryDetector: Using default country detector
06-25 14:28:14.005 366 476 I Codec2InfoBuilder: adding type 'video/avc'
06-25 14:28:14.005 668 668 I bt_btif : system/bt/btif/src/bluetooth.cc:162 init: init: start restricted = 0 ; common criteria mode = 0, config compare result = 0
06-25 14:28:14.005 480 480 D CompatibilityChangeReporter: Compat change id reported: 135634846; UID 10075; state: DISABLED
06-25 14:28:14.008 480 542 D CompatibilityChangeReporter: Compat change id reported: 143937733; UID 10075; state: ENABLED
06-25 14:28:14.013 480 607 W BestClock: java.time.DateTimeException: Missing NTP fix
06-25 14:28:14.017 480 607 W BestClock: java.time.DateTimeException: Missing NTP fix
06-25 14:28:14.019 762 762 D ApplicationLoaders: Returning zygote-cached class loader: /system/framework/android.test.base.jar
06-25 14:28:14.021 668 668 I bt : bt_common::init_flags: Flags loaded: gd_core=false gd_advertising=false gd_scanning=false gd_security=false gd_acl=false gd_l2cap=false gd_hci=false gd_controller=false gatt_robust_caching=false btaa_hci=false gd_rust=false gd_link_policy=false
06-25 14:28:14.021 480 607 W BestClock: java.time.DateTimeException: Missing NTP fix
06-25 14:28:14.024 480 607 W BestClock: java.time.DateTimeException: Missing NTP fix
06-25 14:28:14.025 668 848 I droid.bluetoot: [0625/142814.025223:INFO:message_loop_thread.cc(224)] Run: message loop starting for thread bt_stack_manager_thread
06-25 14:28:14.027 480 607 W BestClock: java.time.DateTimeException: Missing NTP fix
06-25 14:28:14.029 248 248 D Zygote : Forked child process 849
06-25 14:28:14.031 396 434 V C2Store : in init
06-25 14:28:14.032 396 434 V C2Store : loading dll
06-25 14:28:14.032 396 433 V C2Store : in ~ComponentModule
06-25 14:28:14.032 396 433 V C2Store : unloading dll
06-25 14:28:14.033 668 848 I bt_stack_manager: system/bt/btif/src/stack_manager.cc:200 event_init_stack: is initializing the stack
06-25 14:28:14.033 796 796 I SecureElementService: main onCreate
06-25 14:28:14.034 480 607 W BestClock: java.time.DateTimeException: Missing NTP fix
06-25 14:28:14.039 366 476 I Codec2InfoBuilder: adding type 'audio/flac'
06-25 14:28:14.039 480 607 W BestClock: java.time.DateTimeException: Missing NTP fix
06-25 14:28:14.040 396 433 V C2Store : in ~ComponentModule
06-25 14:28:14.041 396 433 V C2Store : unloading dll
06-25 14:28:14.041 396 823 V C2Store : in init
06-25 14:28:14.042 396 823 V C2Store : loading dll
06-25 14:28:14.043 480 542 I ActivityManager: app.processName = android.ext.services
06-25 14:28:14.043 480 542 I ActivityManager: Start proc 849:android.ext.services/u0a75 for service {android.ext.services/android.ext.services.autofill.InlineSuggestionRenderServiceImpl}
06-25 14:28:14.045 849 849 I Zygote : seccomp disabled by setenforce 0
06-25 14:28:14.045 480 607 W BestClock: java.time.DateTimeException: Missing NTP fix
06-25 14:28:14.046 480 607 W BestClock: java.time.DateTimeException: Missing NTP fix
06-25 14:28:14.047 480 607 W BestClock: java.time.DateTimeException: Missing NTP fix
06-25 14:28:14.049 796 796 I SecureElementService: Check if terminal eSE1 is available.
06-25 14:28:14.050 480 607 W BestClock: java.time.DateTimeException: Missing NTP fix
01-01 08:00:17.906 836 836 I capability: warning: `wpa_supplicant' uses 32-bit capabilities (legacy support in use)
06-25 14:28:14.058 186 186 I hwservicemanager: getTransport: Cannot find entry android.hardware.secure_element@1.2::ISecureElement/eSE1 in either framework or device VINTF manifest.
06-25 14:28:14.058 366 476 I Codec2InfoBuilder: adding type 'audio/flac'
06-25 14:28:14.059 836 836 D wpa_supplicant: wpa_supplicant v2.10-devel-12
06-25 14:28:14.059 396 821 V C2Store : in init
06-25 14:28:14.059 396 821 V C2Store : loading dll
06-25 14:28:14.060 836 836 D wpa_supplicant: Global control interface '@android:wpa_wlan0'
06-25 14:28:14.060 836 836 D wpa_supplicant: Using Android control socket 'wpa_wlan0'
06-25 14:28:14.060 836 836 D wpa_supplicant: Initing hidl control
06-25 14:28:14.061 836 836 I wpa_supplicant: Processing hidl events on FD 4
06-25 14:28:14.061 836 836 E cutils-trace: Error opening trace file: No such file or directory (2)
06-25 14:28:14.062 480 480 D CompatibilityChangeReporter: Compat change id reported: 150939131; UID 1000; state: ENABLED
06-25 14:28:14.062 796 796 D SecureElement-Terminal-eSE1: SE Hal V1.2 is not supported
06-25 14:28:14.062 480 521 D AdbService: setAdbEnabled(true), mIsAdbUsbEnabled=true, mIsAdbWifiEnabled=true, transportType=1
06-25 14:28:14.063 186 186 I hwservicemanager: getTransport: Cannot find entry android.hardware.secure_element@1.1::ISecureElement/eSE1 in either framework or device VINTF manifest.
06-25 14:28:14.064 366 476 I Codec2InfoBuilder: adding type 'audio/g711-alaw'
06-25 14:28:14.064 396 823 V C2Store : in ~ComponentModule
06-25 14:28:14.064 396 823 V C2Store : unloading dll
06-25 14:28:14.065 836 836 I HidlServiceManagement: Registered android.hardware.wifi.supplicant@1.4::ISupplicant/default
06-25 14:28:14.065 836 836 I wpa_supplicant: Successfully initialized wpa_supplicant
06-25 14:28:14.065 796 796 D SecureElement-Terminal-eSE1: SE Hal V1.1 is not supported
06-25 14:28:14.067 396 433 V C2Store : in ~ComponentModule
06-25 14:28:14.068 186 186 I hwservicemanager: getTransport: Cannot find entry android.hardware.secure_element@1.0::ISecureElement/eSE1 in either framework or device VINTF manifest.
06-25 14:28:14.068 396 433 V C2Store : unloading dll
06-25 14:28:14.069 796 796 I SecureElementService: No HAL implementation for eSE1
06-25 14:28:14.069 796 796 I SecureElementService: Check if terminal SIM1 is available.
06-25 14:28:14.069 186 186 I hwservicemanager: getTransport: Cannot find entry android.hardware.secure_element@1.2::ISecureElement/SIM1 in either framework or device VINTF manifest.
06-25 14:28:14.071 796 796 D SecureElement-Terminal-SIM1: SE Hal V1.2 is not supported
06-25 14:28:14.072 480 640 I android_os_HwBinder: HwBinder: Starting thread pool for getting: android.hardware.wifi.supplicant@1.0::ISupplicant/default
06-25 14:28:14.072 186 186 I hwservicemanager: getTransport: Cannot find entry android.hardware.secure_element@1.1::ISecureElement/SIM1 in either framework or device VINTF manifest.
06-25 14:28:14.073 796 796 D SecureElement-Terminal-SIM1: SE Hal V1.1 is not supported
06-25 14:28:14.073 186 186 I hwservicemanager: getTransport: Cannot find entry android.hardware.secure_element@1.0::ISecureElement/SIM1 in either framework or device VINTF manifest.
06-25 14:28:14.073 796 796 I SecureElementService: No HAL implementation for SIM1
06-25 14:28:14.075 668 857 I bt_osi_thread: system/bt/osi/src/thread.cc:209 run_thread: run_thread: thread id 857, thread name alarm_default_ca started
06-25 14:28:14.076 408 423 I adbd : jdwp connection from 849
06-25 14:28:14.081 762 762 D NetworkSecurityConfig: No Network Security Config specified, using platform default
06-25 14:28:14.082 396 821 V C2Store : in init
06-25 14:28:14.083 396 821 V C2Store : loading dll
06-25 14:28:14.083 480 640 I SupplicantStaIfaceHal: Completed initialization of ISupplicant.
06-25 14:28:14.084 668 863 I bt_osi_thread: system/bt/osi/src/thread.cc:209 run_thread: run_thread: thread id 863, thread name alarm_dispatcher started
06-25 14:28:14.084 668 848 I bt_btif_core: system/bt/btif/src/btif_core.cc:235 btif_init_bluetooth: btif_init_bluetooth entered
06-25 14:28:14.088 366 476 I Codec2InfoBuilder: adding type 'audio/g711-mlaw'
06-25 14:28:14.091 396 434 V C2Store : in ~ComponentModule
06-25 14:28:14.091 396 823 V C2Store : in init
06-25 14:28:14.091 396 823 V C2Store : loading dll
06-25 14:28:14.092 668 870 I droid.bluetoot: [0625/142814.092050:INFO:message_loop_thread.cc(224)] Run: message loop starting for thread bt_jni_thread
06-25 14:28:14.092 668 848 I bt_btif_core: system/bt/btif/src/btif_core.cc:239 btif_init_bluetooth: btif_init_bluetooth finished
06-25 14:28:14.093 668 848 I bt_stack_config: system/bt/main/stack_config.cc:51 init: init attempt to load stack conf from /etc/bluetooth/bt_stack.conf
06-25 14:28:14.093 396 434 V C2Store : unloading dll
06-25 14:28:14.099 278 332 D PermissionCache: checking android.permission.ACCESS_SURFACE_FLINGER for uid=10067 => granted (1641 us)
06-25 14:28:14.100 366 476 D Codec2InfoBuilder: codec entry for 'c2.android.gsm.decoder' is disabled
06-25 14:28:14.101 396 821 V C2Store : in init
06-25 14:28:14.101 480 609 E SupplicantStaIfaceHal: Can't call setupIface, ISupplicantStaIface is null for iface=wlan0
06-25 14:28:14.101 396 821 V C2Store : loading dll
06-25 14:28:14.104 480 609 I android_os_HwBinder: HwBinder: Starting thread pool for getting: android.hardware.wifi.supplicant@1.0::ISupplicant/default
06-25 14:28:14.104 396 823 V C2Store : in ~ComponentModule
06-25 14:28:14.106 396 823 V C2Store : unloading dll
06-25 14:28:14.110 366 476 I Codec2InfoBuilder: adding type 'video/3gpp'
06-25 14:28:14.110 836 836 D wpa_supplicant: Override interface parameter: ctrl_interface ('(null)' -> '/data/vendor/wifi/wpa/sockets')
06-25 14:28:14.110 836 836 D wpa_supplicant: Initializing interface 'wlan0' conf '/data/vendor/wifi/wpa/wpa_supplicant.conf' driver 'nl80211' ctrl_interface '/data/vendor/wifi/wpa/sockets' bridge 'N/A'
06-25 14:28:14.110 836 836 D wpa_supplicant: Configuration file '/data/vendor/wifi/wpa/wpa_supplicant.conf' -> '/data/vendor/wifi/wpa/wpa_supplicant.conf'
06-25 14:28:14.110 836 836 D wpa_supplicant: Reading configuration file '/data/vendor/wifi/wpa/wpa_supplicant.conf'
06-25 14:28:14.111 836 836 D wpa_supplicant: update_config=1
06-25 14:28:14.111 836 836 D wpa_supplicant: eapol_version=1
06-25 14:28:14.111 836 836 D wpa_supplicant: ap_scan=1
06-25 14:28:14.111 836 836 D wpa_supplicant: fast_reauth=1
06-25 14:28:14.111 836 836 D wpa_supplicant: pmf=1
06-25 14:28:14.111 836 836 D wpa_supplicant: p2p_add_cli_chan=1
06-25 14:28:14.111 836 836 D wpa_supplicant: oce=1
06-25 14:28:14.111 836 836 D wpa_supplicant: sae_pwe=2
06-25 14:28:14.111 836 836 D wpa_supplicant: Reading configuration file '/vendor/etc/wifi/wpa_supplicant_overlay.conf'
06-25 14:28:14.111 836 836 D wpa_supplicant: disable_scan_offload=1
06-25 14:28:14.111 836 836 D wpa_supplicant: wowlan_triggers='any'
06-25 14:28:14.111 836 836 D wpa_supplicant: p2p_disabled=0
06-25 14:28:14.111 836 836 D wpa_supplicant: filter_rssi=-75
06-25 14:28:14.111 836 836 D wpa_supplicant: no_ctrl_interface -> ctrl_interface=NULL
06-25 14:28:14.114 480 480 I PackageWatchdog: Syncing health check requests for packages: {}
06-25 14:28:14.116 480 574 D CompatibilityChangeReporter: Compat change id reported: 168419799; UID 10075; state: DISABLED
06-25 14:28:14.116 836 836 D wpa_supplicant: nl80211: Supported cipher 00-0f-ac:1
06-25 14:28:14.116 836 836 D wpa_supplicant: nl80211: Supported cipher 00-0f-ac:5
06-25 14:28:14.116 836 836 D wpa_supplicant: nl80211: Supported cipher 00-0f-ac:2
06-25 14:28:14.116 836 836 D wpa_supplicant: nl80211: Supported cipher 00-0f-ac:4
06-25 14:28:14.116 836 836 D wpa_supplicant: nl80211: Supported cipher 00-14-72:1
06-25 14:28:14.116 836 836 D wpa_supplicant: nl80211: Supported cipher 00-0f-ac:6
06-25 14:28:14.116 836 836 D wpa_supplicant: nl80211: Supported cipher 00-0f-ac:255
06-25 14:28:14.118 836 836 D wpa_supplicant: nl80211: Supported vendor command: vendor_id=0x1374 subcmd=9
06-25 14:28:14.118 480 480 I ExplicitHealthCheckController: Service not ready to get health check supported packages. Binding...
06-25 14:28:14.118 836 836 D wpa_supplicant: nl80211: Supported vendor command: vendor_id=0x1374 subcmd=12
06-25 14:28:14.118 836 836 D wpa_supplicant: nl80211: Supported vendor command: vendor_id=0x1374 subcmd=14
06-25 14:28:14.118 836 836 D wpa_supplicant: nl80211: Supported vendor command: vendor_id=0x1374 subcmd=15
06-25 14:28:14.118 836 836 D wpa_supplicant: nl80211: Supported vendor command: vendor_id=0x1374 subcmd=16
06-25 14:28:14.118 836 836 D wpa_supplicant: nl80211: Supported vendor command: vendor_id=0x1374 subcmd=20
06-25 14:28:14.118 836 836 D wpa_supplicant: nl80211: Supported vendor command: vendor_id=0x1a11 subcmd=6
06-25 14:28:14.118 836 836 D wpa_supplicant: nl80211: Supported vendor command: vendor_id=0x1374 subcmd=21
06-25 14:28:14.118 836 836 D wpa_supplicant: nl80211: Supported vendor command: vendor_id=0x1374 subcmd=22
06-25 14:28:14.118 836 836 D wpa_supplicant: nl80211: Supported vendor command: vendor_id=0x1374 subcmd=23
06-25 14:28:14.118 836 836 D wpa_supplicant: nl80211: Supported vendor command: vendor_id=0x1374 subcmd=24
06-25 14:28:14.118 836 836 D wpa_supplicant: nl80211: Supported vendor command: vendor_id=0x1374 subcmd=29
06-25 14:28:14.118 836 836 D wpa_supplicant: nl80211: Supported vendor command: vendor_id=0x1374 subcmd=30
06-25 14:28:14.118 836 836 D wpa_supplicant: nl80211: Supported vendor command: vendor_id=0x1374 subcmd=32
06-25 14:28:14.118 836 836 D wpa_supplicant: nl80211: Supported vendor command: vendor_id=0x1374 subcmd=33
06-25 14:28:14.118 836 836 D wpa_supplicant: nl80211: Supported vendor command: vendor_id=0x1374 subcmd=38
06-25 14:28:14.118 836 836 D wpa_supplicant: nl80211: Supported vendor command: vendor_id=0x1374 subcmd=39
06-25 14:28:14.118 836 836 D wpa_supplicant: nl80211: Supported vendor command: vendor_id=0x1374 subcmd=42
06-25 14:28:14.118 836 836 D wpa_supplicant: nl80211: Supported vendor command: vendor_id=0x1374 subcmd=55
06-25 14:28:14.118 836 836 D wpa_supplicant: nl80211: Supported vendor command: vendor_id=0x1374 subcmd=61
06-25 14:28:14.118 836 836 D wpa_supplicant: nl80211: Supported vendor command: vendor_id=0x1374 subcmd=62
06-25 14:28:14.118 836 836 D wpa_supplicant: nl80211: Supported vendor command: vendor_id=0x1374 subcmd=63
06-25 14:28:14.118 836 836 D wpa_supplicant: nl80211: Supported vendor command: vendor_id=0x1374 subcmd=64
06-25 14:28:14.118 836 836 D wpa_supplicant: nl80211: Supported vendor command: vendor_id=0x1374 subcmd=65
06-25 14:28:14.118 836 836 D wpa_supplicant: nl80211: Supported vendor command: vendor_id=0x1374 subcmd=66
06-25 14:28:14.118 836 836 D wpa_supplicant: nl80211: Supported vendor command: vendor_id=0x1374 subcmd=69
06-25 14:28:14.118 836 836 D wpa_supplicant: nl80211: Supported vendor command: vendor_id=0x1374 subcmd=70
06-25 14:28:14.118 836 836 D wpa_supplicant: nl80211: Supported vendor command: vendor_id=0x1374 subcmd=71
06-25 14:28:14.118 836 836 D wpa_supplicant: nl80211: Supported vendor command: vendor_id=0x1374 subcmd=76
06-25 14:28:14.118 836 836 D wpa_supplicant: nl80211: Supported vendor command: vendor_id=0x1374 subcmd=77
06-25 14:28:14.118 836 836 D wpa_supplicant: nl80211: Supported vendor command: vendor_id=0x1374 subcmd=79
06-25 14:28:14.118 836 836 D wpa_supplicant: nl80211: Supported vendor command: vendor_id=0x1374 subcmd=80
06-25 14:28:14.118 836 836 D wpa_supplicant: nl80211: Supported vendor command: vendor_id=0x1374 subcmd=82
06-25 14:28:14.118 836 836 D wpa_supplicant: nl80211: Supported vendor command: vendor_id=0x1374 subcmd=85
06-25 14:28:14.118 836 836 D wpa_supplicant: nl80211: Supported vendor command: vendor_id=0x1374 subcmd=146
06-25 14:28:14.118 836 836 D wpa_supplicant: nl80211: Supported vendor command: vendor_id=0x1374 subcmd=12
06-25 14:28:14.118 836 836 D wpa_supplicant: nl80211: Supported vendor command: vendor_id=0x1374 subcmd=128
06-25 14:28:14.118 836 836 D wpa_supplicant: nl80211: Supported vendor command: vendor_id=0x1374 subcmd=129
06-25 14:28:14.118 836 836 D wpa_supplicant: nl80211: Supported vendor command: vendor_id=0x1374 subcmd=130
06-25 14:28:14.118 836 836 D wpa_supplicant: nl80211: Supported vendor command: vendor_id=0x1374 subcmd=133
06-25 14:28:14.118 836 836 D wpa_supplicant: nl80211: Supported vendor command: vendor_id=0x1374 subcmd=176
06-25 14:28:14.118 836 836 D wpa_supplicant: nl80211: Supported vendor event: vendor_id=0x1374 subcmd=80
06-25 14:28:14.118 836 836 D wpa_supplicant: nl80211: Supported vendor event: vendor_id=0x1374 subcmd=1
06-25 14:28:14.118 836 836 D wpa_supplicant: nl80211: Supported vendor event: vendor_id=0x1374 subcmd=1
06-25 14:28:14.118 836 836 D wpa_supplicant: nl80211: Supported vendor event: vendor_id=0x1374 subcmd=1
06-25 14:28:14.118 836 836 D wpa_supplicant: nl80211: Supported vendor event: vendor_id=0x1374 subcmd=1
06-25 14:28:14.118 836 836 D wpa_supplicant: nl80211: Supported vendor event: vendor_id=0x1374 subcmd=1
06-25 14:28:14.118 836 836 D wpa_supplicant: nl80211: Supported vendor event: vendor_id=0x1374 subcmd=20
06-25 14:28:14.118 836 836 D wpa_supplicant: nl80211: Supported vendor event: vendor_id=0x1374 subcmd=21
06-25 14:28:14.118 836 836 D wpa_supplicant: nl80211: Supported vendor event: vendor_id=0x1374 subcmd=23
06-25 14:28:14.118 836 836 D wpa_supplicant: nl80211: Supported vendor event: vendor_id=0x1374 subcmd=24
06-25 14:28:14.118 836 836 D wpa_supplicant: nl80211: Supported vendor event: vendor_id=0x1374 subcmd=25
06-25 14:28:14.118 836 836 D wpa_supplicant: nl80211: Supported vendor event: vendor_id=0x1374 subcmd=26
06-25 14:28:14.118 836 836 D wpa_supplicant: nl80211: Supported vendor event: vendor_id=0x1374 subcmd=27
06-25 14:28:14.118 836 836 D wpa_supplicant: nl80211: Supported vendor event: vendor_id=0x1374 subcmd=28
06-25 14:28:14.118 836 836 D wpa_supplicant: nl80211: Supported vendor event: vendor_id=0x1374 subcmd=41
06-25 14:28:14.118 836 836 D wpa_supplicant: nl80211: Supported vendor event: vendor_id=0x1374 subcmd=29
06-25 14:28:14.118 836 836 D wpa_supplicant: nl80211: Supported vendor event: vendor_id=0x1374 subcmd=30
06-25 14:28:14.118 836 836 D wpa_supplicant: nl80211: Supported vendor event: vendor_id=0x1374 subcmd=31
06-25 14:28:14.118 836 836 D wpa_supplicant: nl80211: Supported vendor event: vendor_id=0x1374 subcmd=32
06-25 14:28:14.118 836 836 D wpa_supplicant: nl80211: Supported vendor event: vendor_id=0x1374 subcmd=33
06-25 14:28:14.118 836 836 D wpa_supplicant: nl80211: Supported vendor event: vendor_id=0x0 subcmd=0
06-25 14:28:14.118 836 836 D wpa_supplicant: nl80211: Supported vendor event: vendor_id=0x0 subcmd=0
06-25 14:28:14.118 836 836 D wpa_supplicant: nl80211: Supported vendor event: vendor_id=0x0 subcmd=0
06-25 14:28:14.118 836 836 D wpa_supplicant: nl80211: Supported vendor event: vendor_id=0x0 subcmd=0
06-25 14:28:14.118 836 836 D wpa_supplicant: nl80211: Supported vendor event: vendor_id=0x0 subcmd=0
06-25 14:28:14.118 836 836 D wpa_supplicant: nl80211: Supported vendor event: vendor_id=0x0 subcmd=0
06-25 14:28:14.118 836 836 D wpa_supplicant: nl80211: Supported vendor event: vendor_id=0x0 subcmd=0
06-25 14:28:14.118 836 836 D wpa_supplicant: nl80211: Supported vendor event: vendor_id=0x0 subcmd=0
06-25 14:28:14.118 836 836 D wpa_supplicant: nl80211: Supported vendor event: vendor_id=0x0 subcmd=0
06-25 14:28:14.118 836 836 D wpa_supplicant: nl80211: Supported vendor event: vendor_id=0x0 subcmd=0
06-25 14:28:14.118 836 836 D wpa_supplicant: nl80211: Supported vendor event: vendor_id=0x0 subcmd=0
06-25 14:28:14.118 836 836 D wpa_supplicant: nl80211: Supported vendor event: vendor_id=0x0 subcmd=0
06-25 14:28:14.118 836 836 D wpa_supplicant: nl80211: Supported vendor event: vendor_id=0x1374 subcmd=5120
06-25 14:28:14.118 836 836 D wpa_supplicant: nl80211: Supported vendor event: vendor_id=0x0 subcmd=0
06-25 14:28:14.118 836 836 D wpa_supplicant: nl80211: Supported vendor event: vendor_id=0x0 subcmd=0
06-25 14:28:14.118 836 836 D wpa_supplicant: nl80211: Supported vendor event: vendor_id=0x0 subcmd=0
06-25 14:28:14.118 836 836 D wpa_supplicant: nl80211: Supported vendor event: vendor_id=0x0 subcmd=0
06-25 14:28:14.118 836 836 D wpa_supplicant: nl80211: Supported vendor event: vendor_id=0x0 subcmd=0
06-25 14:28:14.119 836 836 D wpa_supplicant: nl80211: Supported vendor event: vendor_id=0x0 subcmd=0
06-25 14:28:14.119 836 836 D wpa_supplicant: nl80211: Supported vendor event: vendor_id=0x0 subcmd=0
06-25 14:28:14.119 836 836 D wpa_supplicant: nl80211: Supported vendor event: vendor_id=0x0 subcmd=0
06-25 14:28:14.119 836 836 D wpa_supplicant: nl80211: Supported vendor event: vendor_id=0x0 subcmd=0
06-25 14:28:14.119 836 836 D wpa_supplicant: nl80211: Supported vendor event: vendor_id=0x0 subcmd=0
06-25 14:28:14.119 836 836 D wpa_supplicant: nl80211: Supported vendor event: vendor_id=0x0 subcmd=0
06-25 14:28:14.119 836 836 D wpa_supplicant: nl80211: Supported vendor event: vendor_id=0x0 subcmd=0
06-25 14:28:14.119 836 836 D wpa_supplicant: nl80211: Supported vendor event: vendor_id=0x0 subcmd=0
06-25 14:28:14.119 836 836 D wpa_supplicant: nl80211: Supported vendor event: vendor_id=0x0 subcmd=0
06-25 14:28:14.119 836 836 D wpa_supplicant: nl80211: Supported vendor event: vendor_id=0x0 subcmd=0
06-25 14:28:14.119 836 836 D wpa_supplicant: nl80211: Supported vendor event: vendor_id=0x0 subcmd=0
06-25 14:28:14.119 836 836 D wpa_supplicant: nl80211: Supported vendor event: vendor_id=0x0 subcmd=0
06-25 14:28:14.119 836 836 D wpa_supplicant: nl80211: Supported vendor event: vendor_id=0x0 subcmd=0
06-25 14:28:14.119 836 836 D wpa_supplicant: nl80211: Supported vendor event: vendor_id=0x0 subcmd=0
06-25 14:28:14.119 836 836 D wpa_supplicant: nl80211: Supported vendor event: vendor_id=0x0 subcmd=0
06-25 14:28:14.119 836 836 D wpa_supplicant: nl80211: Supported vendor event: vendor_id=0x0 subcmd=0
06-25 14:28:14.119 836 836 D wpa_supplicant: nl80211: Supported vendor event: vendor_id=0x0 subcmd=0
06-25 14:28:14.119 836 836 D wpa_supplicant: nl80211: Supported vendor event: vendor_id=0x0 subcmd=0
06-25 14:28:14.119 836 836 D wpa_supplicant: nl80211: Supported vendor event: vendor_id=0x0 subcmd=0
06-25 14:28:14.119 836 836 D wpa_supplicant: nl80211: Supported vendor event: vendor_id=0x0 subcmd=0
06-25 14:28:14.119 836 836 D wpa_supplicant: nl80211: Supported vendor event: vendor_id=0x0 subcmd=0
06-25 14:28:14.119 836 836 D wpa_supplicant: nl80211: Supported vendor event: vendor_id=0x0 subcmd=0
06-25 14:28:14.119 836 836 D wpa_supplicant: nl80211: Supported vendor event: vendor_id=0x0 subcmd=0
06-25 14:28:14.119 836 836 D wpa_supplicant: nl80211: Supported vendor event: vendor_id=0x0 subcmd=0
06-25 14:28:14.119 836 836 D wpa_supplicant: nl80211: Supported vendor event: vendor_id=0x0 subcmd=0
06-25 14:28:14.119 836 836 D wpa_supplicant: nl80211: Supported vendor event: vendor_id=0x0 subcmd=0
06-25 14:28:14.119 836 836 D wpa_supplicant: nl80211: Supported vendor event: vendor_id=0x1374 subcmd=131
06-25 14:28:14.119 836 836 D wpa_supplicant: nl80211: Supported vendor event: vendor_id=0x1374 subcmd=132
06-25 14:28:14.119 836 836 D wpa_supplicant: nl80211: Supported vendor event: vendor_id=0x0 subcmd=0
06-25 14:28:14.119 836 836 D wpa_supplicant: nl80211: Supported vendor event: vendor_id=0x0 subcmd=0
06-25 14:28:14.119 836 836 D wpa_supplicant: nl80211: Supported vendor event: vendor_id=0x0 subcmd=0
06-25 14:28:14.119 836 836 D wpa_supplicant: nl80211: Supported vendor event: vendor_id=0x0 subcmd=0
06-25 14:28:14.119 836 836 D wpa_supplicant: nl80211: Supported vendor event: vendor_id=0x0 subcmd=0
06-25 14:28:14.119 836 836 D wpa_supplicant: nl80211: Supported vendor event: vendor_id=0x0 subcmd=0
06-25 14:28:14.119 836 836 D wpa_supplicant: nl80211: Supported vendor event: vendor_id=0x1374 subcmd=72
06-25 14:28:14.119 836 836 D wpa_supplicant: nl80211: Use separate P2P group interface (driver advertised support)
06-25 14:28:14.119 836 836 D wpa_supplicant: nl80211: Enable multi-channel concurrent (driver advertised support)
06-25 14:28:14.119 836 836 D wpa_supplicant: nl80211: use P2P_DEVICE support
06-25 14:28:14.120 836 836 D wpa_supplicant: nl80211: key_mgmt=0xd0f enc=0x10f auth=0x7 flags=0x100100007a007ac0 rrm_flags=0x0 probe_resp_offloads=0x0 max_stations=10 max_remain_on_chan=5000 max_scan_ssids=12
06-25 14:28:14.120 836 836 D wpa_supplicant: nl80211: interface wlan0 in phy phy0
06-25 14:28:14.120 836 836 D wpa_supplicant: nl80211: Set mode ifindex 14 iftype 2 (STATION)
06-25 14:28:14.120 836 836 D wpa_supplicant: nl80211: Subscribe to mgmt frames with non-AP handle 0xe8c347a0
06-25 14:28:14.120 836 836 D wpa_supplicant: nl80211: Register frame type=0xb0 (WLAN_FC_STYPE_AUTH) nl_handle=0xe8c347a0 match=0300 multicast=0
06-25 14:28:14.120 836 836 D wpa_supplicant: nl80211: Register frame command failed (type=176): ret=-22 (Invalid argument)
06-25 14:28:14.120 836 836 D wpa_supplicant: nl80211: Register frame match - hexdump(len=2): 03 00
06-25 14:28:14.120 836 836 D wpa_supplicant: nl80211: Register frame type=0xd0 (WLAN_FC_STYPE_ACTION) nl_handle=0xe8c347a0 match=0104 multicast=0
06-25 14:28:14.123 836 836 D wpa_supplicant: nl80211: Register frame type=0xd0 (WLAN_FC_STYPE_ACTION) nl_handle=0xe8c347a0 match=040a multicast=0
06-25 14:28:14.123 836 836 D wpa_supplicant: nl80211: Register frame type=0xd0 (WLAN_FC_STYPE_ACTION) nl_handle=0xe8c347a0 match=040b multicast=0
06-25 14:28:14.123 836 836 D wpa_supplicant: nl80211: Register frame type=0xd0 (WLAN_FC_STYPE_ACTION) nl_handle=0xe8c347a0 match=040c multicast=0
06-25 14:28:14.124 836 836 D wpa_supplicant: nl80211: Register frame type=0xd0 (WLAN_FC_STYPE_ACTION) nl_handle=0xe8c347a0 match=040d multicast=0
06-25 14:28:14.124 836 836 D wpa_supplicant: nl80211: Register frame type=0xd0 (WLAN_FC_STYPE_ACTION) nl_handle=0xe8c347a0 match=090a multicast=0
06-25 14:28:14.124 836 836 D wpa_supplicant: nl80211: Register frame type=0xd0 (WLAN_FC_STYPE_ACTION) nl_handle=0xe8c347a0 match=090b multicast=0
06-25 14:28:14.124 836 836 D wpa_supplicant: nl80211: Register frame type=0xd0 (WLAN_FC_STYPE_ACTION) nl_handle=0xe8c347a0 match=090c multicast=0
06-25 14:28:14.124 836 836 D wpa_supplicant: nl80211: Register frame type=0xd0 (WLAN_FC_STYPE_ACTION) nl_handle=0xe8c347a0 match=090d multicast=0
06-25 14:28:14.124 836 836 D wpa_supplicant: nl80211: Register frame type=0xd0 (WLAN_FC_STYPE_ACTION) nl_handle=0xe8c347a0 match=0409506f9a09 multicast=0
06-25 14:28:14.124 836 836 D wpa_supplicant: nl80211: Register frame type=0xd0 (WLAN_FC_STYPE_ACTION) nl_handle=0xe8c347a0 match=7f506f9a09 multicast=0
06-25 14:28:14.124 836 836 D wpa_supplicant: nl80211: Register frame type=0xd0 (WLAN_FC_STYPE_ACTION) nl_handle=0xe8c347a0 match=0409506f9a1a multicast=0
06-25 14:28:14.124 836 836 D wpa_supplicant: nl80211: Register frame type=0xd0 (WLAN_FC_STYPE_ACTION) nl_handle=0xe8c347a0 match=0801 multicast=0
06-25 14:28:14.124 836 836 D wpa_supplicant: nl80211: Register frame type=0xd0 (WLAN_FC_STYPE_ACTION) nl_handle=0xe8c347a0 match=06 multicast=0
06-25 14:28:14.125 836 836 D wpa_supplicant: nl80211: Register frame type=0xd0 (WLAN_FC_STYPE_ACTION) nl_handle=0xe8c347a0 match=0a07 multicast=0
06-25 14:28:14.125 836 836 D wpa_supplicant: nl80211: Register frame type=0xd0 (WLAN_FC_STYPE_ACTION) nl_handle=0xe8c347a0 match=0a11 multicast=0
06-25 14:28:14.125 836 836 D wpa_supplicant: nl80211: Register frame type=0xd0 (WLAN_FC_STYPE_ACTION) nl_handle=0xe8c347a0 match=0a0b multicast=0
06-25 14:28:14.125 836 836 D wpa_supplicant: nl80211: Register frame type=0xd0 (WLAN_FC_STYPE_ACTION) nl_handle=0xe8c347a0 match=0a1a multicast=0
06-25 14:28:14.125 836 836 D wpa_supplicant: nl80211: Register frame type=0xd0 (WLAN_FC_STYPE_ACTION) nl_handle=0xe8c347a0 match=1101 multicast=0
06-25 14:28:14.125 836 836 D wpa_supplicant: nl80211: Register frame type=0xd0 (WLAN_FC_STYPE_ACTION) nl_handle=0xe8c347a0 match=1102 multicast=0
06-25 14:28:14.125 836 836 D wpa_supplicant: nl80211: Register frame type=0xd0 (WLAN_FC_STYPE_ACTION) nl_handle=0xe8c347a0 match=0505 multicast=0
06-25 14:28:14.125 836 836 D wpa_supplicant: nl80211: Register frame type=0xd0 (WLAN_FC_STYPE_ACTION) nl_handle=0xe8c347a0 match=0500 multicast=0
06-25 14:28:14.125 396 433 V C2Store : in init
06-25 14:28:14.125 396 433 V C2Store : loading dll
06-25 14:28:14.125 836 836 D wpa_supplicant: nl80211: Register frame type=0xd0 (WLAN_FC_STYPE_ACTION) nl_handle=0xe8c347a0 match=1305 multicast=0
06-25 14:28:14.126 668 848 I bt_stack_manager: system/bt/btif/src/stack_manager.cc:223 event_init_stack: finished
06-25 14:28:14.127 668 668 I bt_osi_wakelock: system/bt/osi/src/wakelock.cc:98 wakelock_set_os_callouts: wakelock_set_os_callouts set to non-native
06-25 14:28:14.127 668 668 I bt_btif : system/bt/btif/src/bluetooth.cc:417 get_profile_interface: get_profile_interface: id = socket
06-25 14:28:14.128 668 668 E droid.bluetoot: [0625/142814.127911:ERROR:message_loop_thread.cc(102)] DoInThreadDelayed: message loop is null for thread bt_main_thread(-1), from pc:0xc5e332fb
06-25 14:28:14.128 668 668 E droid.bluetoot: [0625/142814.128472:ERROR:btu_task.cc(94)] do_in_main_thread: failed from pc:0xc5e332fb
06-25 14:28:14.128 668 668 E droid.bluetoot: [0625/142814.128585:ERROR:message_loop_thread.cc(102)] DoInThreadDelayed: message loop is null for thread bt_main_thread(-1), from pc:0xc5e332fb
06-25 14:28:14.128 668 668 E droid.bluetoot: [0625/142814.128645:ERROR:btu_task.cc(94)] do_in_main_thread: failed from pc:0xc5e332fb
06-25 14:28:14.128 836 836 I wpa_supplicant: rfkill: Cannot open RFKILL control device
06-25 14:28:14.128 836 836 D wpa_supplicant: nl80211: RFKILL status not available
06-25 14:28:14.128 668 668 E droid.bluetoot: [0625/142814.128696:ERROR:message_loop_thread.cc(102)] DoInThreadDelayed: message loop is null for thread bt_main_thread(-1), from pc:0xc5e332fb
06-25 14:28:14.128 668 668 E droid.bluetoot: [0625/142814.128750:ERROR:btu_task.cc(94)] do_in_main_thread: failed from pc:0xc5e332fb
06-25 14:28:14.129 836 836 D wpa_supplicant: netlink: Operstate: ifindex=14 linkmode=1 (userspace-control), operstate=5 (IF_OPER_DORMANT)
06-25 14:28:14.133 668 668 D BluetoothKeystoreService: initJni()
06-25 14:28:14.133 668 668 I bt_btif : system/bt/btif/src/bluetooth.cc:417 get_profile_interface: get_profile_interface: id = bluetooth_keystore
06-25 14:28:14.134 668 668 I bt_btif : system/bt/btif/src/bluetooth.cc:417 get_profile_interface: get_profile_interface: id = sdp
06-25 14:28:14.136 480 480 I ExplicitHealthCheckController: Explicit health check service is bound
06-25 14:28:14.141 396 821 V C2Store : in ~ComponentModule
06-25 14:28:14.141 396 821 V C2Store : unloading dll
06-25 14:28:14.142 836 836 D wpa_supplicant: Add interface wlan0 to a new radio phy0
06-25 14:28:14.142 480 521 I EthernetTracker: interfaceLinkStateChanged, iface: wlan0, up: true
06-25 14:28:14.143 480 521 W PppoeNetworkFactory: interfaceLinkStateChanged
06-25 14:28:14.143 480 521 D PppoeNetworkFactory: updateInterface: mIface: mPhyIface:eth0 iface:wlan0 link:up
06-25 14:28:14.143 480 521 D PppoeNetworkFactory: not tracker interface
06-25 14:28:14.143 480 521 I EthernetTracker: interfaceLinkStateChanged, iface: wlan0, up: true
06-25 14:28:14.143 480 521 W PppoeNetworkFactory: interfaceLinkStateChanged
06-25 14:28:14.143 480 521 D PppoeNetworkFactory: updateInterface: mIface: mPhyIface:eth0 iface:wlan0 link:up
06-25 14:28:14.143 480 521 D PppoeNetworkFactory: not tracker interface
06-25 14:28:14.144 366 476 I Codec2InfoBuilder: adding type 'video/3gpp'
06-25 14:28:14.145 836 836 D wpa_supplicant: nl80211: No channel number found for frequency 5920 MHz
06-25 14:28:14.145 836 836 D wpa_supplicant: nl80211: No channel number found for frequency 5940 MHz
06-25 14:28:14.145 836 836 D wpa_supplicant: nl80211: Regulatory information - country=00
06-25 14:28:14.145 836 836 D wpa_supplicant: nl80211: 755-928 @ 2 MHz 20 mBm (no IR)
06-25 14:28:14.145 836 836 D wpa_supplicant: nl80211: 2402-2472 @ 40 MHz 20 mBm
06-25 14:28:14.145 836 836 D wpa_supplicant: nl80211: 2457-2482 @ 20 MHz 20 mBm (no IR)
06-25 14:28:14.145 836 836 D wpa_supplicant: nl80211: 2474-2494 @ 20 MHz 20 mBm (no OFDM) (no IR)
06-25 14:28:14.145 836 836 D wpa_supplicant: nl80211: 5170-5250 @ 80 MHz 20 mBm (no IR)
06-25 14:28:14.145 836 836 D wpa_supplicant: nl80211: 5250-5330 @ 80 MHz 20 mBm (DFS) (no IR)
06-25 14:28:14.145 836 836 D wpa_supplicant: nl80211: 5490-5730 @ 160 MHz 20 mBm (DFS) (no IR)
06-25 14:28:14.145 836 836 D wpa_supplicant: nl80211: 5735-5835 @ 80 MHz 20 mBm (no IR)
06-25 14:28:14.145 836 836 D wpa_supplicant: nl80211: 57240-63720 @ 2160 MHz 0 mBm
06-25 14:28:14.145 836 836 D wpa_supplicant: nl80211: Added 802.11b mode based on 802.11g information
06-25 14:28:14.145 836 836 D wpa_supplicant: nl80211: Mode IEEE 802.11g: 2412 2417 2422 2427 2432 2437 2442 2447 2452 2457 2462 2467 2472 2484
06-25 14:28:14.146 836 836 D wpa_supplicant: nl80211: Mode IEEE 802.11a: 5170[DISABLED] 5180 5200 5220 5240 5260[RADAR] 5280[RADAR] 5300[RADAR] 5320[RADAR] 5500[RADAR] 5520[RADAR] 5540[RADAR] 5560[RADAR] 5580[RADAR] 5600[RADAR] 5620[RADAR] 5640[RADAR] 5660[RADAR]
06-25 14:28:14.146 836 836 D wpa_supplicant: nl80211: Mode IEEE 802.11b: 2412 2417 2422 2427 2432 2437 2442 2447 2452 2457 2462 2467 2472 2484
06-25 14:28:14.146 849 849 D CompatibilityChangeReporter: Compat change id reported: 171979766; UID 10075; state: DISABLED
06-25 14:28:14.147 396 396 V C2Store : in init
06-25 14:28:14.147 396 396 V C2Store : loading dll
06-25 14:28:14.148 668 668 D BluetoothDatabase: start()
06-25 14:28:14.151 824 824 V GraphicsEnvironment: ANGLE Developer option for 'com.android.tv.settings' set to: 'default'
06-25 14:28:14.152 824 824 V GraphicsEnvironment: Neither updatable production driver nor prerelease driver is supported.
06-25 14:28:14.153 824 824 D NetworkSecurityConfig: No Network Security Config specified, using platform default
06-25 14:28:14.154 824 824 D NetworkSecurityConfig: No Network Security Config specified, using platform default
