06-25 14:28:26.284 480 542 I ActivityManager: Start proc 2227:com.sohu.inputmethod.sogou.tv/u0a48 for service {com.sohu.inputmethod.sogou.tv/com.sohu.inputmethod.sogou.tv.SogouIME}
06-25 14:28:26.293 2227 2227 I Zygote : seccomp disabled by setenforce 0
01-01 08:00:30.159 307 307 W audit : audit_lost=311 audit_rate_limit=5 audit_backlog_limit=64
01-01 08:00:30.159 307 307 E audit : rate limit exceeded
06-25 14:28:26.304 268 307 D hdmi-cec: receive invalid cec message!
06-25 14:28:26.304 268 307 D hdmi-cec: receive poll message [04], skip!
06-25 14:28:26.311 1096 2223 D ProfileInstaller: Skipping profile installation for com.dangbei.leard.leradlauncher
06-25 14:28:26.312 2199 2199 V GraphicsEnvironment: ANGLE Developer option for 'com.android.remoteprovisioner' set to: 'default'
06-25 14:28:26.312 2199 2199 V GraphicsEnvironment: Neither updatable production driver nor prerelease driver is supported.
06-25 14:28:26.319 2199 2199 D NetworkSecurityConfig: No Network Security Config specified, using platform default
06-25 14:28:26.320 2199 2199 D NetworkSecurityConfig: No Network Security Config specified, using platform default
06-25 14:28:26.328 2199 2199 I RemoteProvisioningBootReceiver: Caught boot intent, waking up.
06-25 14:28:26.341 408 423 I adbd : jdwp connection from 2227
06-25 14:28:26.368 480 502 D ConnectivityService: requestNetwork for uid/pid:1000/480 asUid: 10061 activeRequest: null callbackRequest: 34 [NetworkRequest [ REQUEST id=35, [ Capabilities: INTERNET&NOT_RESTRICTED&TRUSTED&NOT_VCN_MANAGED Uid: 10061 RequestorUid: 1000 RequestorPkg: android] ]] callback flags: 0 priority: 2147483647
06-25 14:28:26.369 668 955 I bt_stack: [INFO:gatt_attr.cc(880)] gatt_sr_init_cl_status: bda=e4:bb:d3:57:c0:18, cl_supp_feat=0000, aware=1
06-25 14:28:26.369 668 955 I bluetooth: system/bt/stack/gap/gap_ble.cc:298 client_connect_cback: No active GAP service found for peer:xx:xx:xx:xx:c0:18 callback:Connected
06-25 14:28:26.369 668 955 I bt_bta_gattc: system/bt/bta/gatt/bta_gattc_act.cc:1110 bta_gattc_conn_cback: Connected att_id:3 transport:le reason:GATT_CONN_OK
06-25 14:28:26.369 668 955 I bt_bta_gattc: system/bt/bta/gatt/bta_gattc_act.cc:1110 bta_gattc_conn_cback: Connected att_id:4 transport:le reason:GATT_CONN_OK
06-25 14:28:26.369 668 955 I bluetooth: system/bt/stack/gatt/connection_manager.cc:185 on_connection_complete: Le connection completed to device:e4:bb:d3:57:c0:18
06-25 14:28:26.369 668 955 I bt_stack: [INFO:eatt_impl.h(634)] connect device e4:bb:d3:57:c0:18 rolecentral
06-25 14:28:26.369 668 955 I bt_btif_dm: system/bt/btif/src/btif_dm.cc:497 btif_update_remote_version_property: Remote version info valid:true [xx:xx:xx:xx:c0:18]: 9, 1bf, 9
06-25 14:28:26.381 480 1349 D CompatibilityChangeReporter: Compat change id reported: 168419799; UID 10048; state: DISABLED
06-25 14:28:26.390 480 616 D ConnectivityService: NetReassign [35 : null → 100]
06-25 14:28:26.396 480 655 D Ethernet: got request NetworkRequest [ REQUEST id=35, [ Capabilities: INTERNET&NOT_RESTRICTED&TRUSTED&NOT_VCN_MANAGED Uid: 10061 RequestorUid: 1000 RequestorPkg: android] ]
06-25 14:28:26.396 480 655 D EthernetNetworkFactory: acceptRequest, request: NetworkRequest [ REQUEST id=35, [ Capabilities: INTERNET&NOT_RESTRICTED&TRUSTED&NOT_VCN_MANAGED Uid: 10061 RequestorUid: 1000 RequestorPkg: android] ]
06-25 14:28:26.397 480 655 I EthernetNetworkFactory: networkForRequest, request: NetworkRequest [ REQUEST id=35, [ Capabilities: INTERNET&NOT_RESTRICTED&TRUSTED&NOT_VCN_MANAGED Uid: 10061 RequestorUid: 1000 RequestorPkg: android] ], network: null
06-25 14:28:26.399 480 609 D WifiNetworkFactory: got request NetworkRequest [ REQUEST id=35, [ Capabilities: INTERNET&NOT_RESTRICTED&TRUSTED&NOT_VCN_MANAGED Uid: 10061 RequestorUid: 1000 RequestorPkg: android] ]
06-25 14:28:26.404 480 609 D UntrustedWifiNetworkFactory: got request NetworkRequest [ REQUEST id=35, [ Capabilities: INTERNET&NOT_RESTRICTED&TRUSTED&NOT_VCN_MANAGED Uid: 10061 RequestorUid: 1000 RequestorPkg: android] ]
06-25 14:28:26.404 2227 2227 D CompatibilityChangeReporter: Compat change id reported: 171979766; UID 10048; state: DISABLED
06-25 14:28:26.428 668 955 W bt_stack: [WARNING:bta_gattc_api.cc(659)] notification already registered
06-25 14:28:26.429 668 955 W bt_stack: [WARNING:bta_gattc_api.cc(659)] notification already registered
06-25 14:28:26.429 668 955 W bt_stack: [WARNING:bta_gattc_api.cc(659)] notification already registered
06-25 14:28:26.431 668 955 I bt_stack: [INFO:gatt_sr.cc(815)] MTU request PDU with MTU size 247
06-25 14:28:26.431 668 955 W bt_stack: [WARNING:gatt_utils.cc(790)] Call back not found for application conn_id=3
06-25 14:28:26.431 668 955 W bt_stack: [WARNING:gatt_utils.cc(790)] Call back not found for application conn_id=4
06-25 14:28:26.443 668 955 I bt_stack: [INFO:eatt_impl.h(578)] supported_features_cb e4:bb:d3:57:c0:18 is_eatt_supported = 0
06-25 14:28:26.450 668 668 E BluetoothPhonePolicy: Received unexpected intent, action=android.bluetooth.device.action.ACL_CONNECTED
06-25 14:28:26.450 668 668 I BluetoothPhonePolicy: processDeviceConnected, device=E4:BB:D3:57:C0:18
06-25 14:28:26.450 668 668 D BluetoothDatabase: setConnection: device=E4:BB:D3:57:C0:18 and isA2dpDevice=false
06-25 14:28:26.451 668 668 D BluetoothDatabase: Updating last connected time for device: E4:BB:D3:57:C0:18 to 0
06-25 14:28:26.451 668 668 D BluetoothDatabase: updateDatabase E4:BB:D3:57:C0:18
06-25 14:28:26.476 480 1383 I ActivityManager: com.android.shell is exempt from freezer
06-25 14:28:26.488 480 523 W IorapForwardingService: No service published for: iorapd
06-25 14:28:26.492 668 870 W bt_btif : system/bt/main/bte_logmsg.cc:194 LogMsg: btif_hh_upstreams_evt: BTA_HH_OPN_EVT: handle=16, status =0
06-25 14:28:26.492 668 870 W bt_btif : system/bt/main/bte_logmsg.cc:194 LogMsg: BTA_HH_OPEN_EVT: Found device...Getting dscp info for handle ... 16
06-25 14:28:26.492 668 870 I bt_btif_dm: system/bt/btif/src/btif_dm.cc:384 get_cod: get_cod remote_cod = 0x00001f00
06-25 14:28:26.492 668 870 I bt_btif_dm: system/bt/btif/src/btif_dm.cc:384 get_cod: get_cod remote_cod = 0x00001f00
06-25 14:28:26.497 668 668 D BluetoothAdapterService: isQuetModeEnabled() - Enabled = false
06-25 14:28:26.497 668 668 V BluetoothDatabase: getProfileConnectionPolicy: E4:BB:D3:57:C0:18, profile=4, connectionPolicy = 100
06-25 14:28:26.503 480 1383 D CompatibilityChangeReporter: Compat change id reported: 135634846; UID 2000; state: DISABLED
06-25 14:28:26.508 668 668 D BluetoothHidHostService: Connection state E4:BB:D3:57:C0:18: 0->2
06-25 14:28:26.510 480 1383 D CompatibilityChangeReporter: Compat change id reported: 177438394; UID 2000; state: DISABLED
06-25 14:28:26.515 480 609 D OemPaidWifiNetworkFactory: got request NetworkRequest [ REQUEST id=35, [ Capabilities: INTERNET&NOT_RESTRICTED&TRUSTED&NOT_VCN_MANAGED Uid: 10061 RequestorUid: 1000 RequestorPkg: android] ]
06-25 14:28:26.516 480 1383 D CompatibilityChangeReporter: Compat change id reported: 135772972; UID 2000; state: DISABLED
06-25 14:28:26.517 480 1383 D CompatibilityChangeReporter: Compat change id reported: 135754954; UID 2000; state: ENABLED
06-25 14:28:26.519 668 870 W bt_btif : system/bt/main/bte_logmsg.cc:194 LogMsg: btif_hh_upstreams_evt: name = Dangbei
06-25 14:28:26.519 668 870 W bt_btif : system/bt/main/bte_logmsg.cc:194 LogMsg: bta_hh_co_send_hid_info: fd = 209, name = [Dangbei], dscp_len = 80
06-25 14:28:26.519 668 870 W bt_btif : system/bt/main/bte_logmsg.cc:194 LogMsg: bta_hh_co_send_hid_info: vendor_id = 0x000d, product_id = 0x3838, version= 0x0000,ctry_code=0x00
06-25 14:28:26.524 321 323 D XM_HIDREAD: add@ add@/devices/virtual/misc/uhid/0005:000D:3838.0001
06-25 14:28:26.528 321 323 D XM_HIDREAD: add@ add@/devices/virtual/misc/uhid/0005:000D:3838.0001/input/input2
01-01 08:00:30.386 33 33 I input : Dangbei as /devices/virtual/misc/uhid/0005:000D:3838.0001/input/input2
06-25 14:28:26.533 321 323 D XM_HIDREAD: add@ add@/devices/virtual/misc/uhid/0005:000D:3838.0001/input/input2/event2
06-25 14:28:26.539 321 323 D XM_HIDREAD: add@ add@/devices/virtual/misc/uhid/0005:000D:3838.0001/input/input4
06-25 14:28:26.540 321 323 D XM_HIDREAD: add@ add@/devices/virtual/misc/uhid/0005:000D:3838.0001/input/input4/event3
06-25 14:28:26.542 321 323 D XM_HIDREAD: add@ add@/devices/virtual/misc/uhid/0005:000D:3838.0001/hidraw/hidraw0
06-25 14:28:26.542 321 323 D XM_HIDREAD: ready open:/dev/hidraw0
06-25 14:28:26.542 321 323 D XM_HIDREAD: open:/dev/hidraw0 resultFD:-1
06-25 14:28:26.542 321 323 E XM_HIDREAD: open hidraw error: No such file or directory, wait to retry...
01-01 08:00:30.395 33 33 I input : Dangbei Consumer Control as /devices/virtual/misc/uhid/0005:000D:3838.0001/input/input4
01-01 08:00:30.398 33 33 I hid-generic 0005: 000D:3838.0001: input,hidraw0: BLUETOOTH HID v0.00 Keyboard [Dangbei] on
06-25 14:28:26.550 2199 2199 I RemoteProvisioningService: Starting provisioning job
06-25 14:28:26.551 248 248 D Zygote : Forked child process 2258
06-25 14:28:26.553 480 542 W ActivityManager: Slow operation: 77ms so far, now at startProcess: returned from zygote!
06-25 14:28:26.553 480 542 W ActivityManager: Slow operation: 78ms so far, now at startProcess: done updating battery stats
06-25 14:28:26.553 480 542 W ActivityManager: Slow operation: 78ms so far, now at startProcess: building log message
06-25 14:28:26.553 480 542 I ActivityManager: app.processName = com.android.shell
06-25 14:28:26.553 480 542 I ActivityManager: Start proc 2258:com.android.shell/2000 for broadcast {com.android.shell/com.android.shell.HeapDumpReceiver}
06-25 14:28:26.554 480 542 W ActivityManager: Slow operation: 78ms so far, now at startProcess: starting to update pids map
06-25 14:28:26.558 668 870 W bt_btif : system/bt/main/bte_logmsg.cc:194 LogMsg: bta_hh_co_send_hid_info: wrote descriptor to fd = 209, dscp_len = 80, result = 0
06-25 14:28:26.559 668 870 W bt_stack: [WARNING:btif_hh.cc(397)] Device e4:bb:d3:57:c0:18 already added
06-25 14:28:26.559 668 870 W bt_btif : system/bt/main/bte_logmsg.cc:194 LogMsg: btif_hh_upstreams_evt: Device already added
06-25 14:28:26.559 480 597 D EventHub: No input device configuration file found for device 'Dangbei'.
06-25 14:28:26.561 2258 2258 I Zygote : seccomp disabled by setenforce 0
06-25 14:28:26.562 336 337 E DONGLE_SERVICE: xhk open hidraw error: No such file or directory, wait to retry...
06-25 14:28:26.570 2227 2227 D ApplicationLoaders: Returning zygote-cached class loader: /system/framework/android.test.base.jar
06-25 14:28:26.570 2227 2227 D ApplicationLoaders: Returning zygote-cached class loader: /system/framework/android.hidl.manager-V1.0-java.jar
06-25 14:28:26.570 2227 2227 D ApplicationLoaders: Returning zygote-cached class loader: /system/framework/android.hidl.base-V1.0-java.jar
06-25 14:28:26.578 668 668 D AdapterProperties: PROFILE_CONNECTION_STATE_CHANGE: profile=4, device=E4:BB:D3:57:C0:18, 0 -> 2
06-25 14:28:26.583 480 542 W ActivityManager: Slow operation: 102ms so far, now at startProcess: done updating pids map
06-25 14:28:26.587 480 597 I EventHub: usingClockIoctl=true
06-25 14:28:26.587 480 597 I EventHub: New device: id=3, fd=290, path='/dev/input/event2', name='Dangbei', classes=KEYBOARD | EXTERNAL, configuration='', keyLayout='/system/usr/keylayout/Vendor_000d_Product_3838.kl', keyCharacterMap='/system/usr/keychars/Generic.kcm', builtinKeyboard=false,
06-25 14:28:26.587 480 619 D NsdService: Native daemon message SERVICE_REGISTERED: 606 2 "192.168.3.161"
06-25 14:28:26.594 480 597 I InputReader: Device added: id=4, eventHubId=3, name='Dangbei', descriptor='d7b6aedb6b668d9ab2625cf87b9fa435ea003ff4',sources=0x00000101
06-25 14:28:26.597 668 668 W AdapterProperties: PROFILE_CONNECTION_STATE_CHANGE: unexpected transition for profile=4, device=E4:BB:D3:57:C0:18, 0 -> 2
06-25 14:28:26.605 1041 1041 D LanCommander: com.dangbei.andes.bean.RegistrationData@43be268----------------onServiceRegistered
06-25 14:28:26.604 480 597 D EventHub: No input device configuration file found for device 'Dangbei Consumer Control'.
06-25 14:28:26.617 408 423 I adbd : jdwp connection from 2258
06-25 14:28:26.623 668 668 D AdapterProperties: ADAPTER_CONNECTION_STATE_CHANGE: E4:BB:D3:57:C0:18: 0 -> 2
06-25 14:28:26.624 668 668 W AdapterProperties: ADAPTER_CONNECTION_STATE_CHANGE: unexpected transition for profile=4, device=E4:BB:D3:57:C0:18, 0 -> 2
06-25 14:28:26.632 480 597 W EventHub: Unable to disable kernel key repeat for /dev/input/event3: Function not implemented
06-25 14:28:26.632 480 597 I EventHub: usingClockIoctl=true
06-25 14:28:26.632 480 597 I EventHub: New device: id=4, fd=313, path='/dev/input/event3', name='Dangbei Consumer Control', classes=KEYBOARD | JOYSTICK | EXTERNAL, configuration='', keyLayout='/system/usr/keylayout/Vendor_000d_Product_3838.kl', keyCharacterMap='/system/usr/keychars/Generic.kcm', builtinKeyboard=false,
06-25 14:28:26.633 480 597 I InputReader: Device added: id=4, eventHubId=4, name='Dangbei Consumer Control', descriptor='d7b6aedb6b668d9ab2625cf87b9fa435ea003ff4',sources=0x01000111
06-25 14:28:26.642 321 323 E XM_HIDREAD: trying to reopen hidraw: /dev/hidraw0
06-25 14:28:26.642 321 323 D XM_HIDREAD: ready open:/dev/hidraw0
06-25 14:28:26.642 321 323 D XM_HIDREAD: open:/dev/hidraw0 resultFD:8
06-25 14:28:26.642 321 323 D XM_HIDREAD: 1 ready ioctl hidrawFD 8
06-25 14:28:26.642 321 323 D XM_HIDREAD: 2 ready ioctl hidrawFD 8
06-25 14:28:26.642 321 323 D XM_HIDREAD: 3 ready ioctl hidrawFD 8
06-25 14:28:26.643 321 323 D XM_HIDREAD: 4 ready ioctl hidrawFD 8
06-25 14:28:26.643 321 323 D XM_HIDREAD: ioctl hidrawFD HIDIOCGRDESC ret 0
06-25 14:28:26.643 321 323 D XM_HIDREAD: dinfo.vendor:13,dinfo.product:14392
06-25 14:28:26.643 321 323 D XM_HIDREAD: m_pid:0x3838,m_vid:0x000d
06-25 14:28:26.643 321 323 D XM_HIDREAD: /dev/hidraw0 open succussfully!
06-25 14:28:26.643 321 323 D XM_HIDREAD: add@ add@/devices/virtual/wakeup/wakeup26
06-25 14:28:26.643 321 323 D XM_HIDREAD: add@ add@/devices/virtual/wakeup/wakeup27
06-25 14:28:26.662 336 337 E DONGLE_SERVICE: xhk trying to reopen hidraw: /dev/hidraw0
06-25 14:28:26.662 336 337 D DONGLE_SERVICE: check_smartctrl_hidraw_node, vid=13, pid =14392
06-25 14:28:26.662 336 337 E DONGLE_SERVICE: not supported: /dev/hidraw0
06-25 14:28:26.673 1239 1239 D CompatibilityChangeReporter: Compat change id reported: 160794467; UID 10079; state: DISABLED
06-25 14:28:26.680 1239 1959 D BLOG-EVENT-Network: network changed: 3=>1
06-25 14:28:26.712 685 896 D CachedBluetoothDevice: onProfileStateChanged: profile HID, device Dangbei, newProfileState 2
06-25 14:28:26.714 480 760 D CompatibilityChangeReporter: Compat change id reported: 168419799; UID 2000; state: DISABLED
06-25 14:28:26.753 480 760 W ActivityManager: Slow operation: 52ms so far, now at attachApplicationLocked: after sendPendingBroadcastsLocked
06-25 14:28:26.755 668 668 V MediaPlayerList: onActiveSessionsChanged: number of controllers: 0
06-25 14:28:26.765 2258 2258 D CompatibilityChangeReporter: Compat change id reported: 171979766; UID 2000; state: ENABLED
06-25 14:28:26.811 668 668 V MediaPlayerList: onActiveSessionsChanged: number of controllers: 1
06-25 14:28:26.812 668 668 D MediaPlayerList: onActiveSessionsChanged: controller: com.xiaodianshi.tv.yst
06-25 14:28:26.808 268 268 I EventThread: type=1400 audit(0.0:810): avc: denied { search } for name="extcon" dev="sysfs" ino=18109 scontext=u:r:hal_tv_cec_default:s0 tcontext=u:object_r:sysfs_extcon:s0 tclass=dir permissive=1
06-25 14:28:26.821 668 668 I MediaPlayerList: Adding wrapped media player: com.xiaodianshi.tv.yst at key: 1
06-25 14:28:26.824 1239 1239 I thread_backgrou: type=1400 audit(0.0:811): avc: denied { search } for name="net" dev="sysfs" ino=10442 scontext=u:r:untrusted_app_27:s0:c512,c768 tcontext=u:object_r:sysfs_net:s0 tclass=dir permissive=1 app=com.xiaodianshi.tv.yst
06-25 14:28:26.824 1239 1239 I thread_backgrou: type=1400 audit(0.0:812): avc: denied { read } for name="address" dev="sysfs" ino=22019 scontext=u:r:untrusted_app_27:s0:c512,c768 tcontext=u:object_r:sysfs:s0 tclass=file permissive=1 app=com.xiaodianshi.tv.yst
06-25 14:28:26.824 1239 1239 I thread_backgrou: type=1400 audit(0.0:813): avc: denied { open } for path="/sys/devices/platform/soc@3000000/5030000.eth/net/eth0/address" dev="sysfs" ino=22019 scontext=u:r:untrusted_app_27:s0:c512,c768 tcontext=u:object_r:sysfs:s0 tclass=file permissive=1 app=com.xiaodianshi.tv.yst
06-25 14:28:26.824 1239 1239 I thread_backgrou: type=1400 audit(0.0:814): avc: denied { getattr } for path="/sys/devices/platform/soc@3000000/5030000.eth/net/eth0/address" dev="sysfs" ino=22019 scontext=u:r:untrusted_app_27:s0:c512,c768 tcontext=u:object_r:sysfs:s0 tclass=file permissive=1 app=com.xiaodianshi.tv.yst
06-25 14:28:26.837 1239 1698 E drmid : [thread_background] drmid日志:drmId: d6aa8e0c79e71d2976b5f4db85c5416f, drmSecurityLevel L3, errorCode: 0, timeCost:0
06-25 14:28:26.834 480 480 W NotificationHistory: Attempted to add notif for locked/gone/disabled user 0
06-25 14:28:26.845 1239 1875 D BLOG-EVENT-Network: network changed: 3=>1
06-25 14:28:26.853 685 685 V TvNotificationHandler: Notification not added because it isn't relevant for tv
06-25 14:28:26.909 2227 2227 V GraphicsEnvironment: ANGLE Developer option for 'com.sohu.inputmethod.sogou.tv' set to: 'default'
06-25 14:28:26.909 2227 2227 V GraphicsEnvironment: Neither updatable production driver nor prerelease driver is supported.
06-25 14:28:26.922 2227 2227 D NetworkSecurityConfig: Using Network Security Config from resource network_security_config debugBuild: false
06-25 14:28:26.933 2227 2227 D NetworkSecurityConfig: Using Network Security Config from resource network_security_config debugBuild: false
06-25 14:28:26.937 2227 2227 I MultiDex: VM with version 2.1.0 has multidex support
06-25 14:28:26.937 2227 2227 I MultiDex: Installing application
06-25 14:28:26.937 2227 2227 I MultiDex: VM has multidex support, MultiDex support library is disabled.
06-25 14:28:26.938 1239 2092 W chromium: [0625/142826.938733:WARNING:record_cache.cc(53)] Cache on network changed cache_policy {disable_clear=1, enable_multi_caches=1}
06-25 14:28:26.948 2258 2258 V GraphicsEnvironment: ANGLE Developer option for 'com.android.shell' set to: 'default'
06-25 14:28:26.949 2258 2258 V GraphicsEnvironment: Neither updatable production driver nor prerelease driver is supported.
06-25 14:28:26.956 2258 2258 D NetworkSecurityConfig: No Network Security Config specified, using platform default
06-25 14:28:26.956 1239 1698 D BLogHelper: level=4
06-25 14:28:26.957 2258 2258 D NetworkSecurityConfig: No Network Security Config specified, using platform default
06-25 14:28:26.967 668 668 I AvrcpBrowsedPlayerWrapper: onConnected: com.xiaodianshi.tv.yst is connected
06-25 14:28:26.969 668 668 D AvrcpBrowsablePlayerConnector: Browse player callback called: package=com.xiaodianshi.tv.yst : status=0
06-25 14:28:26.969 668 668 D AvrcpBrowsablePlayerConnector: Received a message: msg.what=1
06-25 14:28:26.969 668 668 I AvrcpBrowsablePlayerConnector: Checking root contents for com.xiaodianshi.tv.yst
06-25 14:28:27.017 480 541 I DropBoxManagerService: add tag=system_server_wtf isTagEnabled=true flags=0x2
06-25 14:28:27.028 480 1383 W ActivityManager: Background started FGS: Disallowed [callingPackage: com.xiaodianshi.tv.yst; callingUid: 10079; uidState: IMPF; intent: Intent { cmp=com.xiaodianshi.tv.yst/com.bilibili.opd.app.bizcommon.hybridruntime.mod.TickBackGroundService }; code:DENIED; tempAllowListReason:; targetSdkVersion:26; callerTargetSdkVersion:26; startForegroundCount:0; bindFromPackage:null]
06-25 14:28:27.033 480 1383 D CompatibilityChangeReporter: Compat change id reported: 170668199; UID 10079; state: DISABLED
06-25 14:28:27.041 1239 2214 E DynamicTemplateFetcher: checkNewTemplateUpdate newStyleTemplate:
06-25 14:28:27.048 2258 2258 D HeapDumpReceiver: onReceive(): Intent { act=android.intent.action.BOOT_COMPLETED flg=0x89000010 cmp=com.android.shell/.HeapDumpReceiver (has extras) }
06-25 14:28:27.057 2258 2295 D HeapDumpReceiver: Deleting from /data/user_de/0/com.android.shell/files/heapdumps
06-25 14:28:27.057 1239 1959 E NeuronEventScanner: [thread_report] release called.
06-25 14:28:27.064 480 812 D CompatibilityChangeReporter: Compat change id reported: 135634846; UID 10030; state: DISABLED
06-25 14:28:27.065 480 812 D CompatibilityChangeReporter: Compat change id reported: 177438394; UID 10030; state: DISABLED
06-25 14:28:27.065 480 812 D CompatibilityChangeReporter: Compat change id reported: 135772972; UID 10030; state: DISABLED
06-25 14:28:27.065 480 812 D CompatibilityChangeReporter: Compat change id reported: 135754954; UID 10030; state: DISABLED
06-25 14:28:27.068 480 542 D CompatibilityChangeReporter: Compat change id reported: 143937733; UID 10030; state: DISABLED
06-25 14:28:27.104 248 248 D Zygote : Forked child process 2296
06-25 14:28:27.098 1239 1959 E NeuronEventChecker: [thread_report] release called.
06-25 14:28:27.113 480 542 I ActivityManager: app.processName = com.android.statementservice
06-25 14:28:27.113 480 542 I ActivityManager: Start proc 2296:com.android.statementservice/u0a30 for broadcast {com.android.statementservice/com.android.statementservice.domain.BootCompletedReceiver}
06-25 14:28:27.117 2296 2296 I Zygote : seccomp disabled by setenforce 0
06-25 14:28:27.133 668 955 I bt_stack: [INFO:hearing_aid.cc(1796)] GetDeviceCount: Not initialized yet
06-25 14:28:27.138 480 542 W ActivityManager: Slow operation: 75ms so far, now at startProcess: done updating pids map
06-25 14:28:27.156 480 1383 W ActivityManager: Foreground service started from background can not have location/camera/microphone access: service com.xiaodianshi.tv.yst/com.bilibili.opd.app.bizcommon.hybridruntime.mod.TickBackGroundService
06-25 14:28:27.157 408 423 I adbd : jdwp connection from 2296
06-25 14:28:27.164 480 541 V ActivityManager: Attempted to start a foreground service (com.xiaodianshi.tv.yst/com.bilibili.opd.app.bizcommon.hybridruntime.mod.TickBackGroundService) with a broken notification (no icon: Notification(channel=3 shortcut=null contentView=null vibrate=null sound=null defaults=0x0 flags=0x40 color=0x00000000 vis=PRIVATE))
06-25 14:28:27.180 2227 2227 E SogouIME: setupInputSurface
06-25 14:28:27.245 1096 1985 D AppManager: checkLocalAppsIsValid:
06-25 14:28:27.246 1096 1106 I d.leradlaunche: Background young concurrent copying GC freed 153227(9395KB) AllocSpace objects, 40(2640KB) LOS objects, 0% free, 19MB/19MB, paused 1.903ms total 1.883s
01-01 08:00:31.171 307 307 W audit : audit_lost=322 audit_rate_limit=5 audit_backlog_limit=64
01-01 08:00:31.171 307 307 E audit : rate limit exceeded
06-25 14:28:27.335 480 1383 D CompatibilityChangeReporter: Compat change id reported: 135634846; UID 10079; state: DISABLED
06-25 14:28:27.344 480 542 D CompatibilityChangeReporter: Compat change id reported: 143937733; UID 10079; state: DISABLED
06-25 14:28:27.369 480 502 D CompatibilityChangeReporter: Compat change id reported: 168419799; UID 10030; state: DISABLED
06-25 14:28:27.375 248 248 D Zygote : Forked child process 2316
06-25 14:28:27.388 2316 2316 I Zygote : seccomp disabled by setenforce 0
06-25 14:28:27.389 668 668 V MediaPlayerList: onActiveSessionsChanged: number of controllers: 0
06-25 14:28:27.393 668 668 V MediaPlayerList: onActiveSessionsChanged: number of controllers: 0
06-25 14:28:27.402 480 542 W ActivityManager: Slow operation: 68ms so far, now at startProcess: done updating battery stats
06-25 14:28:27.402 480 542 W ActivityManager: Slow operation: 69ms so far, now at startProcess: building log message
06-25 14:28:27.402 480 542 I ActivityManager: app.processName = com.xiaodianshi.tv.yst:stats
06-25 14:28:27.402 480 542 I ActivityManager: Start proc 2316:com.xiaodianshi.tv.yst:stats/u0a79 for service {com.xiaodianshi.tv.yst/com.bilibili.lib.neuron.internal.NeuronRemoteService}
06-25 14:28:27.402 480 542 W ActivityManager: Slow operation: 69ms so far, now at startProcess: starting to update pids map
06-25 14:28:27.406 2296 2296 D CompatibilityChangeReporter: Compat change id reported: 171979766; UID 10030; state: DISABLED
06-25 14:28:27.408 480 542 W ActivityManager: Slow operation: 75ms so far, now at startProcess: done updating pids map
06-25 14:28:27.421 668 668 V MediaPlayerList: onActiveSessionsChanged: number of controllers: 0
06-25 14:28:27.425 2296 2296 D ApplicationLoaders: Returning zygote-cached class loader: /system/framework/android.test.base.jar
06-25 14:28:27.432 668 668 V MediaPlayerList: onActiveSessionsChanged: number of controllers: 1
06-25 14:28:27.432 668 668 D MediaPlayerList: onActiveSessionsChanged: controller: com.xiaodianshi.tv.yst
06-25 14:28:27.432 668 668 D MediaPlayerList: Already have a controller for the player: com.xiaodianshi.tv.yst, updating instead
06-25 14:28:27.438 408 423 I adbd : jdwp connection from 2316
06-25 14:28:27.462 2227 2227 I DefaultIMS: DefaultIMS::onCreate()
06-25 14:28:27.463 2227 2227 I DefaultIMS: DefaultIMS::onCreate() finish
06-25 14:28:27.489 480 541 I ActivityManager: Deferring FGS notification in legacy app com.xiaodianshi.tv.yst/u0a79 : Notification(channel=3 shortcut=null contentView=null vibrate=null sound=null defaults=0x0 flags=0x40 color=0x00000000 vis=PRIVATE)
06-25 14:28:27.512 480 523 W IorapForwardingService: No service published for: iorapd
06-25 14:28:27.554 2316 2316 D CompatibilityChangeReporter: Compat change id reported: 171979766; UID 10079; state: DISABLED
06-25 14:28:27.559 2296 2296 V GraphicsEnvironment: ANGLE Developer option for 'com.android.statementservice' set to: 'default'
06-25 14:28:27.559 2296 2296 V GraphicsEnvironment: Neither updatable production driver nor prerelease driver is supported.
06-25 14:28:27.566 2296 2296 D NetworkSecurityConfig: No Network Security Config specified, using platform default
06-25 14:28:27.569 2296 2296 D NetworkSecurityConfig: No Network Security Config specified, using platform default
06-25 14:28:27.586 2316 2316 D ApplicationLoaders: Returning zygote-cached class loader: /system/framework/android.test.base.jar
06-25 14:28:27.609 480 812 W ActivityTaskManager: Current config: {1.0 ?mcc?mnc [zh_CN] ldltr sw720dp w1280dp h696dp 240dpi xlrg long land television -touch qwerty/v/v dpad/v winConfig={ mBounds=Rect(0, 0 - 1920, 1080) mAppBounds=Rect(0, 0 - 1920, 1080) mMaxBounds=Rect(0, 0 - 1920, 1080) mWindowingMode=fullscreen mDisplayWindowingMode=fullscreen mActivityType=undefined mAlwaysOnTop=undefined mRotation=ROTATION_0} s.6 fontWeightAdjustment=0} unchanged for IME proc com.sohu.inputmethod.sogou.tv
06-25 14:28:27.609 480 812 W ActivityTaskManager: Current config: {1.0 ?mcc?mnc [zh_CN] ldltr sw720dp w1280dp h696dp 240dpi xlrg long land television -touch qwerty/v/v dpad/v winConfig={ mBounds=Rect(0, 0 - 1920, 1080) mAppBounds=Rect(0, 0 - 1920, 1080) mMaxBounds=Rect(0, 0 - 1920, 1080) mWindowingMode=fullscreen mDisplayWindowingMode=fullscreen mActivityType=undefined mAlwaysOnTop=undefined mRotation=ROTATION_0} s.6 fontWeightAdjustment=0} unchanged for IME proc com.sohu.inputmethod.sogou.tv
06-25 14:28:27.617 1239 2040 D config.Worker: config,ver: null
06-25 14:28:27.618 1239 2040 D ab.Worker: ab,ver: null
06-25 14:28:27.671 2227 2227 I DefaultIMS: onInitializeInterface:
06-25 14:28:27.680 1239 1239 I cr_LibraryLoader: Loaded native library version number "91.0.4472.114"
06-25 14:28:27.698 2316 2316 W System : ClassLoader referenced unknown path:
06-25 14:28:27.698 2316 2316 W hi.tv.yst:stat: Unsupported class loader
06-25 14:28:27.704 1239 1239 I cr_CachingUmaRecorder: Flushed 6 samples from 6 histograms.
06-25 14:28:27.712 2296 2340 D CompatibilityChangeReporter: Compat change id reported: 160794467; UID 10030; state: DISABLED
06-25 14:28:27.727 480 760 D CompatibilityChangeReporter: Compat change id reported: 171306433; UID 10030; state: DISABLED
06-25 14:28:27.753 2316 2316 V GraphicsEnvironment: ANGLE Developer option for 'com.xiaodianshi.tv.yst' set to: 'default'
06-25 14:28:27.753 2316 2316 V GraphicsEnvironment: Neither updatable production driver nor prerelease driver is supported.
06-25 14:28:27.756 2227 2227 I InputModelManager: mLanguageId+0 mInputType=0mChInputType=2
06-25 14:28:27.757 2227 2227 I nw : loadKeyData: loadLanguageInfoSuccess ? true
06-25 14:28:27.757 2227 2227 I InputModelManager: getCurrentLanguageBean inputMode languageId:0
06-25 14:28:27.758 2227 2227 I nw : onChanged: languageResStatusBean=Language load status:
06-25 14:28:27.758 2227 2227 I nw : {}
06-25 14:28:27.761 480 502 D ConnectivityService: requestNetwork for uid/pid:1000/480 asUid: 10030 activeRequest: null callbackRequest: 36 [NetworkRequest [ REQUEST id=37, [ Capabilities: INTERNET&NOT_RESTRICTED&TRUSTED&NOT_VCN_MANAGED Uid: 10030 RequestorUid: 1000 RequestorPkg: android] ]] callback flags: 0 priority: 2147483647
06-25 14:28:27.764 480 616 D ConnectivityService: NetReassign [37 : null → 100]
06-25 14:28:27.766 2316 2316 D NetworkSecurityConfig: Using Network Security Config from resource arg debugBuild: false
06-25 14:28:27.766 480 655 D Ethernet: got request NetworkRequest [ REQUEST id=37, [ Capabilities: INTERNET&NOT_RESTRICTED&TRUSTED&NOT_VCN_MANAGED Uid: 10030 RequestorUid: 1000 RequestorPkg: android] ]
06-25 14:28:27.767 480 655 D EthernetNetworkFactory: acceptRequest, request: NetworkRequest [ REQUEST id=37, [ Capabilities: INTERNET&NOT_RESTRICTED&TRUSTED&NOT_VCN_MANAGED Uid: 10030 RequestorUid: 1000 RequestorPkg: android] ]
06-25 14:28:27.767 480 655 I EthernetNetworkFactory: networkForRequest, request: NetworkRequest [ REQUEST id=37, [ Capabilities: INTERNET&NOT_RESTRICTED&TRUSTED&NOT_VCN_MANAGED Uid: 10030 RequestorUid: 1000 RequestorPkg: android] ], network: null
06-25 14:28:27.770 2316 2316 D NetworkSecurityConfig: Using Network Security Config from resource arg debugBuild: false
06-25 14:28:27.774 480 609 D WifiNetworkFactory: got request NetworkRequest [ REQUEST id=37, [ Capabilities: INTERNET&NOT_RESTRICTED&TRUSTED&NOT_VCN_MANAGED Uid: 10030 RequestorUid: 1000 RequestorPkg: android] ]
06-25 14:28:27.776 480 609 D UntrustedWifiNetworkFactory: got request NetworkRequest [ REQUEST id=37, [ Capabilities: INTERNET&NOT_RESTRICTED&TRUSTED&NOT_VCN_MANAGED Uid: 10030 RequestorUid: 1000 RequestorPkg: android] ]
06-25 14:28:27.776 480 609 D OemPaidWifiNetworkFactory: got request NetworkRequest [ REQUEST id=37, [ Capabilities: INTERNET&NOT_RESTRICTED&TRUSTED&NOT_VCN_MANAGED Uid: 10030 RequestorUid: 1000 RequestorPkg: android] ]
06-25 14:28:27.794 480 760 D CompatibilityChangeReporter: Compat change id reported: 135634846; UID 10057; state: DISABLED
06-25 14:28:27.794 480 760 D CompatibilityChangeReporter: Compat change id reported: 177438394; UID 10057; state: DISABLED
06-25 14:28:27.794 2227 2227 I InputModelManager: getCurrentLanguageBean inputMode languageId:0
06-25 14:28:27.796 480 760 D CompatibilityChangeReporter: Compat change id reported: 135772972; UID 10057; state: DISABLED
06-25 14:28:27.796 480 760 D CompatibilityChangeReporter: Compat change id reported: 135754954; UID 10057; state: DISABLED
06-25 14:28:27.798 480 542 D CompatibilityChangeReporter: Compat change id reported: 143937733; UID 10057; state: DISABLED
06-25 14:28:27.809 2227 2227 I LanguageResManager: prepareResource onSuccess:
06-25 14:28:27.812 2227 2227 D InputSurface: initView:
06-25 14:28:27.812 2227 2227 I MainPresenter: initView:
06-25 14:28:27.812 2227 2227 D MainLayer: initView:
06-25 14:28:27.812 2227 2227 D BodyAreaPresenter: initView:
06-25 14:28:27.815 2227 2357 I LanguageResManager: prepareResource onSuccess:
06-25 14:28:27.816 268 268 I EventThread: type=1400 audit(0.0:831): avc: denied { search } for name="extcon" dev="sysfs" ino=18109 scontext=u:r:hal_tv_cec_default:s0 tcontext=u:object_r:sysfs_extcon:s0 tclass=dir permissive=1
06-25 14:28:27.829 248 248 D Zygote : Forked child process 2359
06-25 14:28:27.830 480 542 I ActivityManager: app.processName = com.android.tv
06-25 14:28:27.831 480 542 I ActivityManager: Start proc 2359:com.android.tv/u0a57 for broadcast {com.android.tv/com.android.tv.receiver.BootCompletedReceiver}
06-25 14:28:27.835 2227 2227 I DefaultIMS: DefaultIMS::onInitializeInterface() finish
06-25 14:28:27.840 2359 2359 I Zygote : seccomp disabled by setenforce 0
06-25 14:28:27.842 2227 2227 D CompatibilityChangeReporter: Compat change id reported: 160794467; UID 10048; state: DISABLED
06-25 14:28:27.858 2227 2227 I DefaultIMS: onStartInput attribute=android.view.inputmethod.EditorInfo@9a4f52e restarting=false inputType: 0
06-25 14:28:27.860 2227 2227 I SendAliveManager: doWhenNetworkStateChanged
06-25 14:28:27.861 2227 2227 I nw : onChanged: languageResStatusBean=Language load status:
06-25 14:28:27.861 2227 2227 I nw : {zh=3}
06-25 14:28:27.861 2227 2227 I DefaultIMS: initializedCallback: time tag1=1750832907861
06-25 14:28:27.877 378 378 D dom2reg : timezone change, new: Etc/GMT-8, pre:
06-25 14:28:27.878 378 378 W dom2reg : timezone [Etc/GMT-8] not in default tables, please check!
06-25 14:28:27.880 480 502 D CompatibilityChangeReporter: Compat change id reported: 135634846; UID 10079; state: DISABLED
06-25 14:28:27.888 2227 2227 I nw : initializeInputSession: inputMode=languageID=0
06-25 14:28:27.888 2227 2227 I nw : scriptID=2
06-25 14:28:27.888 2227 2227 I nw : layoutID=2
06-25 14:28:27.888 2227 2227 I KeyEventTransfer: languageID=0
06-25 14:28:27.888 2227 2227 I KeyEventTransfer: scriptID=2
06-25 14:28:27.888 2227 2227 I KeyEventTransfer: layoutID=2
06-25 14:28:27.893 1239 1698 D config.Worker: config,ver: null
06-25 14:28:27.893 1239 1698 D ab.Worker: ab,ver: null
06-25 14:28:27.928 2296 2296 I pool-2-thread-3: type=1400 audit(0.0:832): avc: denied { lock } for path="/data/user/0/com.android.statementservice/no_backup/androidx.work.workdb-shm" dev="mmcblk0p25" ino=2155 scontext=u:r:platform_app:s0:c512,c768 tcontext=u:object_r:app_data_file:s0:c512,c768 tclass=file permissive=1 app=com.android.statementservice
06-25 14:28:27.897 408 423 I adbd : jdwp connection from 2359
06-25 14:28:27.935 480 1347 D CompatibilityChangeReporter: Compat change id reported: 168419799; UID 10057; state: DISABLED
06-25 14:28:27.945 480 542 W ActivityManager: Slow operation: 66ms so far, now at startProcess: asking zygote to start proc
06-25 14:28:27.945 480 542 D CompatibilityChangeReporter: Compat change id reported: 143937733; UID 10079; state: ENABLED
06-25 14:28:27.954 480 654 D CompatibilityChangeReporter: Compat change id reported: 149924527; UID 10048; state: ENABLED
06-25 14:28:27.956 480 654 D CompatibilityChangeReporter: Compat change id reported: 132649864; UID 10048; state: DISABLED
06-25 14:28:27.959 2359 2359 D CompatibilityChangeReporter: Compat change id reported: 171979766; UID 10057; state: DISABLED
06-25 14:28:27.998 480 812 D ConnectivityService: requestNetwork for uid/pid:10030/2296 activeRequest: null callbackRequest: 38 [NetworkRequest [ REQUEST id=39, [ Capabilities: INTERNET&NOT_RESTRICTED&TRUSTED&NOT_VCN_MANAGED Uid: 10030 RequestorUid: 10030 RequestorPkg: com.android.statementservice] ]] callback flags: 0 priority: 2147483647
06-25 14:28:28.009 2359 2359 D ApplicationLoaders: Returning zygote-cached class loader: /system/framework/android.test.base.jar
06-25 14:28:28.011 1239 1698 D BLOG-EVENT-Network: network changed: 3=>1
06-25 14:28:28.022 480 616 D ConnectivityService: NetReassign [39 : null → 100]
06-25 14:28:28.029 480 655 D Ethernet: got request NetworkRequest [ REQUEST id=39, [ Capabilities: INTERNET&NOT_RESTRICTED&TRUSTED&NOT_VCN_MANAGED Uid: 10030 RequestorUid: 10030 RequestorPkg: com.android.statementservice] ]
06-25 14:28:28.029 480 655 D EthernetNetworkFactory: acceptRequest, request: NetworkRequest [ REQUEST id=39, [ Capabilities: INTERNET&NOT_RESTRICTED&TRUSTED&NOT_VCN_MANAGED Uid: 10030 RequestorUid: 10030 RequestorPkg: com.android.statementservice] ]
06-25 14:28:28.030 480 655 I EthernetNetworkFactory: networkForRequest, request: NetworkRequest [ REQUEST id=39, [ Capabilities: INTERNET&NOT_RESTRICTED&TRUSTED&NOT_VCN_MANAGED Uid: 10030 RequestorUid: 10030 RequestorPkg: com.android.statementservice] ], network: null
06-25 14:28:28.035 480 609 D WifiNetworkFactory: got request NetworkRequest [ REQUEST id=39, [ Capabilities: INTERNET&NOT_RESTRICTED&TRUSTED&NOT_VCN_MANAGED Uid: 10030 RequestorUid: 10030 RequestorPkg: com.android.statementservice] ]
06-25 14:28:28.036 480 609 D UntrustedWifiNetworkFactory: got request NetworkRequest [ REQUEST id=39, [ Capabilities: INTERNET&NOT_RESTRICTED&TRUSTED&NOT_VCN_MANAGED Uid: 10030 RequestorUid: 10030 RequestorPkg: com.android.statementservice] ]
06-25 14:28:28.036 480 609 D OemPaidWifiNetworkFactory: got request NetworkRequest [ REQUEST id=39, [ Capabilities: INTERNET&NOT_RESTRICTED&TRUSTED&NOT_VCN_MANAGED Uid: 10030 RequestorUid: 10030 RequestorPkg: com.android.statementservice] ]
06-25 14:28:28.044 785 785 D Zygote : Forked child process 2375
06-25 14:28:28.057 480 542 W ActivityManager: Slow operation: 177ms so far, now at startProcess: returned from zygote!
06-25 14:28:28.059 480 542 W ActivityManager: Slow operation: 180ms so far, now at startProcess: done updating battery stats
06-25 14:28:28.059 480 542 W ActivityManager: Slow operation: 180ms so far, now at startProcess: building log message
06-25 14:28:28.059 480 542 I ActivityManager: app.processName = com.android.webview:sandboxed_process0:org.chromium.content.app.SandboxedProcessService0:0
06-25 14:28:28.059 480 542 I ActivityManager: Start proc 2375:com.android.webview:sandboxed_process0:org.chromium.content.app.SandboxedProcessService0:0/u0ai9000 for {com.xiaodianshi.tv.yst/org.chromium.content.app.SandboxedProcessService0:0}
06-25 14:28:28.059 480 542 W ActivityManager: Slow operation: 180ms so far, now at startProcess: starting to update pids map
06-25 14:28:28.062 480 542 W ActivityManager: Slow operation: 183ms so far, now at startProcess: done updating pids map
06-25 14:28:28.068 2375 2375 I Zygote : seccomp disabled by setenforce 0
06-25 14:28:28.082 1096 1208 E hq : ErrorCoroutineExceptionHandler:::runTry error:com.dangbei.leard.base.proider.error.EmptyApiException: 数据为空 from=requestMessageDialog from=requestMessageDialog
06-25 14:28:28.072 2088 2088 I rainbow_flow: type=1400 audit(0.0:833): avc: denied { ioctl } for path="/dev/spidev1.0" dev="tmpfs" ino=749 ioctlcmd=0x6b00 scontext=u:r:init:s0 tcontext=u:object_r:device:s0 tclass=chr_file permissive=1
06-25 14:28:28.125 2296 2352 I WM-WorkerWrapper: Worker result SUCCESS for Work [ id=22e0fae3-9a4e-4218-ade8-552d5acc1a1a, tags={ com.android.statementservice.domain.worker.RetryRequestWorker } ]
06-25 14:28:28.130 408 423 I adbd : jdwp connection from 2375
06-25 14:28:28.139 668 668 D AvrcpBrowsablePlayerConnector: Received a message: msg.what=2
06-25 14:28:28.139 668 668 V AvrcpBrowsablePlayerConnector: Timed out waiting for players
06-25 14:28:28.139 668 668 D AvrcpBrowsablePlayerConnector: Disconnecting com.xiaodianshi.tv.yst
06-25 14:28:28.139 668 668 I AvrcpBrowsablePlayerConnector: Successfully connected to 1 browsable players.
06-25 14:28:28.140 668 668 I MediaPlayerList: init: Browsable Player list size is 1
06-25 14:28:28.140 668 668 D MediaPlayerList: Adding Browser Wrapper for com.android.music with id 2
06-25 14:28:28.140 668 668 I AvrcpBrowsedPlayerWrapper: getFolderItems: Grabbing cached data for mediaId: __ROOT__
06-25 14:28:28.140 668 668 D MediaPlayerList: Got the contents for: __ROOT__ : num results=4
06-25 14:28:28.140 668 668 D MediaPlayerList: Initializing list of current media players
06-25 14:28:28.146 2359 2359 D nativeloader: classloader namespace configured for unbundled product apk. library_path=/product/priv-app/LiveTv/lib/arm:/product/lib:/system/product/lib
06-25 14:28:28.156 668 668 D MediaPlayerList: Already have a controller for the player: com.xiaodianshi.tv.yst, updating instead
06-25 14:28:28.168 1096 1096 E hq : CrashHandler:::图片加载异常 message=Failed to load resource
06-25 14:28:28.168 1096 1096 E hq : model=
06-25 14:28:28.168 1096 1096 E hq : target=Target for: com.dangbei.palaemon.layout.DBImageView{fb7eee7 V.ED..... ........ 0,0-410,580}
06-25 14:28:28.192 668 668 D MediaPlayerList: setActivePlayer(): setting player to com.xiaodianshi.tv.yst
06-25 14:28:28.194 668 668 D MediaPlayerList: sendMediaUpdate
06-25 14:28:28.194 668 668 I MediaPlayerList: sendMediaUpdate: Creating a one item queue for a player with no queue
06-25 14:28:28.194 668 668 D MediaPlayerList: sendMediaUpdate state=PlaybackState {state=0, position=0, buffered position=0, speed=1.0, updated=29214, actions=0, custom actions=[], active item id=-1, error=null}
06-25 14:28:28.195 668 668 D AvrcpNativeInterface: sendMediaUpdate: metadata=true playStatus=true queue=true
06-25 14:28:28.195 668 668 D AvrcpTargetJni: sendMediaUpdateNative
06-25 14:28:28.195 668 668 I bt_stack: [INFO:avrcp_service.cc(402)] virtual void bluetooth::avrcp::AvrcpService::SendMediaUpdate(bool, bool, bool) track_changed=1 : play_state=1 : queue=1
06-25 14:28:28.210 2359 2359 V GraphicsEnvironment: ANGLE Developer option for 'com.android.tv' set to: 'default'
06-25 14:28:28.210 2359 2359 V GraphicsEnvironment: Neither updatable production driver nor prerelease driver is supported.
06-25 14:28:28.214 2359 2359 D NetworkSecurityConfig: No Network Security Config specified, using platform default
06-25 14:28:28.215 2359 2359 D NetworkSecurityConfig: No Network Security Config specified, using platform default
06-25 14:28:28.283 2375 2375 D CompatibilityChangeReporter: Compat change id reported: 171979766; UID 99000; state: ENABLED
06-25 14:28:28.316 268 268 I EventThread: type=1400 audit(0.0:834): avc: denied { search } for name="extcon" dev="sysfs" ino=18109 scontext=u:r:hal_tv_cec_default:s0 tcontext=u:object_r:sysfs_extcon:s0 tclass=dir permissive=1
06-25 14:28:28.354 2316 2316 I BoostMultiDex: BoostMultiDex is installing, version is 1.0.1
06-25 14:28:28.354 2316 2316 I BoostMultiDex: VM with version 2.1.0 has support
06-25 14:28:28.354 2316 2316 I BoostMultiDex: BoostMultiDex support library is disabled for VM capable
06-25 14:28:28.355 2316 2316 I YstStartup: multidex cost=2
06-25 14:28:28.358 2316 2316 I Btrace : BTRACE_ENABLED:false inMainProcess: false
06-25 14:28:28.360 2359 2359 W UnsafeUtil: platform method missing - proto runtime falling back to safer methods: java.lang.NoSuchMethodException: sun.misc.Unsafe.copyMemory [class java.lang.Object, long, class java.lang.Object, long, long]
06-25 14:28:28.370 2316 2316 I YstStartup: isNewStartup=false, process=com.xiaodianshi.tv.yst:stats
06-25 14:28:28.390 2375 2375 D NetworkSecurityConfig: No Network Security Config specified, using platform default
06-25 14:28:28.396 2375 2375 D NetworkSecurityConfig: No Network Security Config specified, using platform default
06-25 14:28:28.432 2375 2375 I cr_ChildProcessService: Creating new ChildProcessService pid=2375
06-25 14:28:28.458 185 185 E SELinux : avc: denied { find } for pid=2375 uid=99000 name=content_capture scontext=u:r:isolated_app:s0:c512,c768 tcontext=u:object_r:content_capture_service:s0 tclass=service_manager permissive=1
06-25 14:28:28.471 1096 1620 D AppManager: checkLocalAppsIsValid:
06-25 14:28:28.515 480 523 W IorapForwardingService: No service published for: iorapd
06-25 14:28:28.533 2316 2400 I fb-UnpackingSoSource: dso store is up-to-date: /data/user/0/com.xiaodianshi.tv.yst/lib-main
06-25 14:28:28.541 480 1347 D CompatibilityChangeReporter: Compat change id reported: 135634846; UID 10057; state: DISABLED
06-25 14:28:28.541 480 1347 D CompatibilityChangeReporter: Compat change id reported: 177438394; UID 10057; state: DISABLED
06-25 14:28:28.541 480 1347 D CompatibilityChangeReporter: Compat change id reported: 135772972; UID 10057; state: DISABLED
06-25 14:28:28.541 480 1347 D CompatibilityChangeReporter: Compat change id reported: 135754954; UID 10057; state: DISABLED
06-25 14:28:28.542 480 542 D CompatibilityChangeReporter: Compat change id reported: 143937733; UID 10057; state: DISABLED
06-25 14:28:28.560 2359 2359 I TvApplication: Starting TV app 1.24-asop
06-25 14:28:28.561 2359 2359 I TvApplication: Started TV app 1.24-asop
06-25 14:28:28.567 248 248 D Zygote : Forked child process 2411
06-25 14:28:28.571 480 542 I ActivityManager: app.processName = com.android.tv.common
06-25 14:28:28.571 480 542 I ActivityManager: Start proc 2411:com.android.tv.common/u0a57 for content provider {com.android.tv/com.android.tv.common.CommonPreferenceProvider}
06-25 14:28:28.575 2411 2411 I Zygote : seccomp disabled by setenforce 0
06-25 14:28:28.613 408 423 I adbd : jdwp connection from 2411
06-25 14:28:28.694 1041 1283 E dangbei111: cccccc 检查遥控器是否连接: Dangbei E4:BB:D3:57:C0:18
06-25 14:28:28.719 1041 1283 E dangbei111: cccccc 检查遥控器是否连接: 蓝牙的结果 Dangbei E4:BB:D3:57:C0:18 true
06-25 14:28:28.740 2227 2227 I chromium: [0625/142828:INFO:config_service.cc(227)] Load config buffer. err_code = 3, err_msg = Line: 1, column: 1, Unexpected token.
06-25 14:28:28.749 480 1347 W ActivityManager: Slow operation: 68ms so far, now at attachApplicationLocked: immediately after bindApplication
06-25 14:28:28.750 480 1347 W ActivityManager: Slow operation: 68ms so far, now at attachApplicationLocked: after updateLruProcessLocked
06-25 14:28:28.759 1041 1283 E dangbei111: cccccc 确实有遥控器 存在 取消check任务
06-25 14:28:28.759 1041 1283 E dangbei111: cccccc 确实有遥控器 存在 重置beeGatt
06-25 14:28:28.760 1041 1283 E dangbei111: cccccc rc is connected, stop scan =E4:BB:D3:57:C0:18
06-25 14:28:28.757 480 1347 W ActivityManager: Slow operation: 76ms so far, now at attachApplicationLocked: after mServices.attachApplicationLocked
06-25 14:28:28.793 480 1347 W ActivityManager: Slow operation: 111ms so far, now at attachApplicationLocked: after updateOomAdjLocked
06-25 14:28:28.799 480 760 I ActivityManager: Background started FGS: Allowed [callingPackage: com.android.tv; callingUid: 10057; uidState: RCVR; intent: Intent { cmp=com.android.tv/.dvr.recorder.DvrRecordingService (has extras) }; code:BACKGROUND_ACTIVITY_PERMISSION; tempAllowListReason:; targetSdkVersion:29; callerTargetSdkVersion:29; startForegroundCount:0; bindFromPackage:null]
06-25 14:28:28.804 1096 1106 I d.leradlaunche: Background concurrent copying GC freed 173494(10MB) AllocSpace objects, 85(3376KB) LOS objects, 49% free, 24MB/48MB, paused 2.281ms total 1.538s
06-25 14:28:28.813 2411 2411 D CompatibilityChangeReporter: Compat change id reported: 171979766; UID 10057; state: DISABLED
06-25 14:28:28.846 2227 2227 I CHInputSession: set engine mode: 2 layout: 2
06-25 14:28:28.848 2411 2411 D ApplicationLoaders: Returning zygote-cached class loader: /system/framework/android.test.base.jar
06-25 14:28:28.875 2411 2411 D nativeloader: classloader namespace configured for unbundled product apk. library_path=/product/priv-app/LiveTv/lib/arm:/product/lib:/system/product/lib
01-01 08:00:32.727 381 381 W hdr10p_Configure: 19 callbacks suppressed
01-01 08:00:32.727 381 381 I : DVI mode selected: packets not configured
01-01 08:00:32.727 381 381 W set_vsif_config: 19 callbacks suppressed
01-01 08:00:32.727 381 381 I : Error: set vsif failed
01-01 08:00:32.761 381 381 I : DVI mode selected: packets not configured
01-01 08:00:32.761 381 381 I : Error: set vsif failed
06-25 14:28:28.912 2227 2227 D CHJNIDefault: setInputMode value=-1
06-25 14:28:28.913 2227 2227 I InputContext: onChanged: candidateWords=[]
06-25 14:28:28.913 2227 2227 I InputContext: onChanged: candidateWordInfo.size=0 global offset: 0pausedCandidateData = false
06-25 14:28:28.913 2227 2227 I InputContext: onChanged: composing=null
06-25 14:28:28.913 2227 2227 I InputContext: onChanged: forCompose=false
06-25 14:28:28.916 2411 2411 V GraphicsEnvironment: ANGLE Developer option for 'com.android.tv' set to: 'default'
06-25 14:28:28.917 2227 2227 I nw : onChanged: input mode:languageID=0
06-25 14:28:28.917 2227 2227 I nw : scriptID=2
06-25 14:28:28.917 2227 2227 I nw : layoutID=2
06-25 14:28:28.917 2411 2411 V GraphicsEnvironment: Neither updatable production driver nor prerelease driver is supported.
06-25 14:28:28.920 2411 2411 D NetworkSecurityConfig: No Network Security Config specified, using platform default
06-25 14:28:28.921 2411 2411 D NetworkSecurityConfig: No Network Security Config specified, using platform default
06-25 14:28:28.929 480 541 I ActivityManager: Deferring FGS notification in legacy app com.android.tv/u0a57 : Notification(channel=dvr_notification_channel shortcut=null contentView=null vibrate=null sound=null defaults=0x0 flags=0x40 color=0x00000000 vis=PRIVATE)
06-25 14:28:28.937 2411 2411 W UnsafeUtil: platform method missing - proto runtime falling back to safer methods: java.lang.NoSuchMethodException: sun.misc.Unsafe.copyMemory [class java.lang.Object, long, class java.lang.Object, long, long]
06-25 14:28:28.960 480 502 D CompatibilityChangeReporter: Compat change id reported: 168419799; UID 1000; state: DISABLED
06-25 14:28:28.972 824 824 W ContextImpl: Calling a method in the system process without a qualified user: android.app.ContextImpl.startService:1816 android.content.ContextWrapper.startService:774 android.content.ContextWrapper.startService:774 com.android.tv.settings.help.BootBroadcastReceiver.onReceive:18 android.app.ActivityThread.handleReceiver:4308
06-25 14:28:28.975 480 654 W ActivityManager: Unable to start service Intent { cmp=com.android.tv.settings/.app_lock.MainService } U=0: not found
06-25 14:28:28.977 824 824 V BootBroadcastReceiver: autorun
06-25 14:28:29.002 480 654 I ActivityManager: com.dangbei.zhushou.os is exempt from freezer
06-25 14:28:29.006 480 654 D CompatibilityChangeReporter: Compat change id reported: 135634846; UID 1000; state: DISABLED
06-25 14:28:29.052 248 248 D Zygote : Forked child process 2459
06-25 14:28:29.054 480 542 W ActivityManager: Slow operation: 52ms so far, now at startProcess: returned from zygote!
01-01 08:00:32.908 381 381 I : DVI mode selected: packets not configured
