06-27 13:48:41.408 480 540 I UsageStatsDatabase: Time changed by +1d23h19m56s261ms. files deleted: 0 files moved: 4
06-27 13:48:41.408 480 596 D GpioService: mFlickerEnable = true
06-27 13:48:41.409 2227 2227 I SogouIME: onKeyDown: keyoCode=23
06-27 13:48:41.409 2227 2227 I DefaultIMS: onKeyDown: keyoCode=23
06-27 13:48:41.413 2227 2227 I SogouIME: onKeyUp: keyoCode=23
06-27 13:48:41.413 2227 2227 I DefaultIMS: onKeyUp: keyoCode=23
06-27 13:48:41.422 480 540 I UsageStatsService: User[0] Rollover scheduled @ 2025-06-28 13:48:12(1751089692821)
06-27 13:48:41.426 262 305 D DisplayConfig: virtual Return vendor::display::config::V1_0::implementation::DisplayConfig::getSupportedModes(int32_t, vendor::display::config::V1_0::IDisplayConfig::getSupportedModes_cb): display[0] ret=0, supported modes count(13)
06-27 13:48:41.427 1041 3058 D DisplayOutputImpl: updateSupportModes type = 4
06-27 13:48:41.428 262 305 D DisplayConfig: virtual Return vendor::display::config::V1_0::implementation::DisplayConfig::getSupportedModes(int32_t, vendor::display::config::V1_0::IDisplayConfig::getSupportedModes_cb): display[0] ret=0, supported modes count(13)
06-27 13:48:41.429 262 305 W displayd: xxxxxxx: hdmi user strategy: 10
06-27 13:48:41.429 262 305 W displayd: xxxxxxx: getHDMINativeMode: use perfect hdmi mode(34) as native mode
06-27 13:48:41.430 1041 3067 D DisplayOutputImpl: getDisplayOutputMode = 10 , 10 , false
06-27 13:48:41.430 1041 3067 E ccc : cccccc current is 1080p 60Hz
06-27 13:48:41.442 262 305 D DisplayConfig: virtual Return vendor::display::config::V1_0::implementation::DisplayConfig::getSupportedModes(int32_t, vendor::display::config::V1_0::IDisplayConfig::getSupportedModes_cb): display[0] ret=0, supported modes count(13)
06-27 13:48:41.444 262 305 W displayd: xxxxxxx: hdmi user strategy: 10
06-27 13:48:41.445 262 305 W displayd: xxxxxxx: getHDMINativeMode: use perfect hdmi mode(34) as native mode
06-27 13:48:41.445 1041 3058 D DisplayOutputImpl: updateSupportModes = 10 , 10 , false
06-27 13:48:41.445 1041 3058 E ccc : cccccc resolutionListItem is AUTO
06-27 13:48:41.445 1041 3058 E ccc : cccccc resolutionListItem is 480p
06-27 13:48:41.445 1041 3058 E ccc : cccccc resolutionListItem is 576p
06-27 13:48:41.445 1041 3058 E ccc : cccccc resolutionListItem is 720p 50Hz
06-27 13:48:41.445 1041 3058 E ccc : cccccc resolutionListItem is 720p 60Hz
06-27 13:48:41.445 1041 3058 E ccc : cccccc resolutionListItem is 1080p 50Hz
06-27 13:48:41.445 1041 3058 E ccc : cccccc resolutionListItem is 1080p 60Hz
06-27 13:48:41.445 1041 3058 E ccc : cccccc resolutionListItem is 1080i 50Hz
06-27 13:48:41.445 1041 3058 E ccc : cccccc resolutionListItem is 1080i 60Hz
06-27 13:48:41.446 1041 3058 E ccc : cccccc resolutionListItem is 4K 24Hz (3840x2160)
06-27 13:48:41.446 1041 3058 E ccc : cccccc resolutionListItem is 4K 25Hz (3840x2160)
06-27 13:48:41.446 1041 3058 E ccc : cccccc resolutionListItem is 4K 30Hz (3840x2160)
06-27 13:48:41.446 1041 3058 E ccc : cccccc resolutionListItem is 4K 50Hz (3840x2160)
06-27 13:48:41.446 1041 3058 E ccc : cccccc resolutionListItem is 4K 60Hz (3840x2160)
06-27 13:48:41.446 2227 2227 I DefaultIMS: onStartInput attribute=android.view.inputmethod.EditorInfo@7e4ddd8 restarting=false inputType: 0
06-27 13:48:41.454 262 305 D DisplayConfig: virtual Return vendor::display::config::V1_0::implementation::DisplayConfig::getSupportedModes(int32_t, vendor::display::config::V1_0::IDisplayConfig::getSupportedModes_cb): display[0] ret=0, supported modes count(13)
06-27 13:48:41.455 262 305 W displayd: xxxxxxx: hdmi user strategy: 10
06-27 13:48:41.456 262 305 W displayd: xxxxxxx: getHDMINativeMode: use perfect hdmi mode(34) as native mode
06-27 13:48:41.456 1041 3058 D DisplayOutputImpl: getDisplayOutputMode = 10 , 10 , false
06-27 13:48:41.456 1041 3058 E ccc : cccccc current is 1080p 60Hz
06-27 13:48:41.464 2898 3025 D nStackXCoAP: CoapMessageHandler:[133] :2.01
06-27 13:48:41.514 2227 2227 I DefaultIMS: onStartInput attribute=android.view.inputmethod.EditorInfo@51a7531 restarting=false inputType: 0
06-27 13:48:41.559 2898 3025 D nStackXCoAP: IsInSameNetwork:[276] :IsInSameNetwork exec
06-27 13:48:41.559 2898 3025 I nStackXDFinder: GetLocalInterfaceDetail:[461] :GetLocalInterfaceDetail in
06-27 13:48:41.559 2898 3025 E nStackXCoAP: IsInSameNetwork:[281] :IsInSameNetwork: not priority process
06-27 13:48:41.559 2898 3025 D nStackXCoAP: ParseServiceDiscover:[330] :new device join
06-27 13:48:41.559 2898 3025 E nStackXDFinder: GetLocalIp:[401] :GetLocalIp exec
06-27 13:48:41.637 2898 3025 D nStackXCoAP: CoapMessageHandler:[133] :2.01
06-27 13:48:41.753 480 503 D WifiNl80211Manager: Scan result ready event
06-27 13:48:41.754 480 503 D WifiNative: Scan result ready event
06-27 13:48:41.765 2898 3025 D nStackXCoAP: IsInSameNetwork:[276] :IsInSameNetwork exec
06-27 13:48:41.766 2898 3025 I nStackXDFinder: GetLocalInterfaceDetail:[461] :GetLocalInterfaceDetail in
06-27 13:48:41.766 2898 3025 E nStackXCoAP: IsInSameNetwork:[281] :IsInSameNetwork: not priority process
06-27 13:48:41.766 2898 3025 D nStackXCoAP: ParseServiceDiscover:[330] :new device join
06-27 13:48:41.766 2898 3025 E nStackXDFinder: GetLocalIp:[401] :GetLocalIp exec
06-27 13:48:41.822 480 613 D WificondScannerImpl: Filtering out 46 scan results.
06-27 13:48:41.835 480 523 W IorapForwardingService: No service published for: iorapd
06-27 13:48:41.838 659 659 E WifiHAL : wifi_get_link_stats: requestResponse Error:-5
06-27 13:48:41.840 480 609 E WifiVendorHal: getWifiLinkLayerStats_1_5_Internal(l.1191) failed {.code = ERROR_INVALID_ARGS, .description = }
06-27 13:48:41.876 2898 3025 D nStackXCoAP: IsInSameNetwork:[276] :IsInSameNetwork exec
06-27 13:48:41.876 2898 3025 I nStackXDFinder: GetLocalInterfaceDetail:[461] :GetLocalInterfaceDetail in
06-27 13:48:41.876 2898 3025 E nStackXCoAP: IsInSameNetwork:[281] :IsInSameNetwork: not priority process
06-27 13:48:41.876 2898 3025 D nStackXCoAP: ParseServiceDiscover:[330] :new device join
06-27 13:48:41.876 2898 3025 E nStackXDFinder: GetLocalIp:[401] :GetLocalIp exec
06-27 13:48:41.931 2898 3025 D nStackXCoAP: CoapMessageHandler:[133] :2.01
06-27 13:48:41.987 2898 3025 D nStackXCoAP: CoapMessageHandler:[133] :2.01
06-27 13:48:41.993 480 1004 W ZramWriteback: Writeback device is not set
06-27 13:48:41.993 480 1004 D ZramWriteback: wait to flush
06-27 13:48:42.072 2898 3025 D nStackXCoAP: IsInSameNetwork:[276] :IsInSameNetwork exec
06-27 13:48:42.072 2898 3025 I nStackXDFinder: GetLocalInterfaceDetail:[461] :GetLocalInterfaceDetail in
06-27 13:48:42.072 2898 3025 E nStackXCoAP: IsInSameNetwork:[281] :IsInSameNetwork: not priority process
06-27 13:48:42.072 2898 3025 D nStackXCoAP: ParseServiceDiscover:[330] :new device join
06-27 13:48:42.072 2898 3025 E nStackXDFinder: GetLocalIp:[401] :GetLocalIp exec
06-27 13:48:42.129 2898 3025 D nStackXCoAP: CoapMessageHandler:[133] :2.01
06-27 13:48:42.142 378 378 D dom2reg : timezone change, new: Etc/GMT-8, pre:
06-27 13:48:42.142 378 378 W dom2reg : timezone [Etc/GMT-8] not in default tables, please check!
06-27 13:48:42.810 2649 2705 I crashsdk: crashsdk uploading logs
06-27 13:48:42.838 480 523 W IorapForwardingService: No service published for: iorapd
06-27 13:48:42.879 2316 2598 D config.Worker: config,ver: null
06-27 13:48:42.879 2316 2598 D ab.Worker: ab,ver: null
06-27 13:48:42.878 3315 3315 I Thread-2: type=1400 audit(0.0:1351): avc: denied { execute } for name="am" dev="dm-1" ino=1160 scontext=u:r:system_app:s0 tcontext=u:object_r:vendor_file:s0 tclass=file permissive=1
06-27 13:48:42.878 3315 3315 I Thread-2: type=1400 audit(0.0:1352): avc: denied { read open } for path="/vendor/xbin/am" dev="dm-1" ino=1160 scontext=u:r:system_app:s0 tcontext=u:object_r:vendor_file:s0 tclass=file permissive=1
06-27 13:48:42.878 3315 3315 I Thread-2: type=1400 audit(0.0:1353): avc: denied { execute_no_trans } for path="/vendor/xbin/am" dev="dm-1" ino=1160 scontext=u:r:system_app:s0 tcontext=u:object_r:vendor_file:s0 tclass=file permissive=1
06-27 13:48:42.904 254 954 E bt_upio : upio_set : /proc/bluetooth/sleep/btwrite(-1) incorrent
06-27 13:48:42.932 1104 1104 D aaa : LedStatusService onStartCommand begin
06-27 13:48:42.933 1176 1176 D bbb : onStartCommand begin !!!!!!! data分区剩余 20387MB
06-27 13:48:42.935 1104 3323 D aaa : topPkg is -------------- :com.dangbei.haqusetting
06-27 13:48:43.034 2649 2649 I cling--ap-2: type=1400 audit(0.0:1354): avc: denied { read } for name="address" dev="sysfs" ino=16906 scontext=u:r:platform_app:s0:c512,c768 tcontext=u:object_r:sysfs_net:s0 tclass=file permissive=1 app=com.dangbei.screencast
06-27 13:48:43.034 2649 2649 I cling--ap-2: type=1400 audit(0.0:1355): avc: denied { open } for path="/sys/devices/virtual/net/dummy0/address" dev="sysfs" ino=16906 scontext=u:r:platform_app:s0:c512,c768 tcontext=u:object_r:sysfs_net:s0 tclass=file permissive=1 app=com.dangbei.screencast
06-27 13:48:43.034 2649 2649 I cling--ap-2: type=1400 audit(0.0:1356): avc: denied { getattr } for path="/sys/devices/virtual/net/dummy0/address" dev="sysfs" ino=16906 scontext=u:r:platform_app:s0:c512,c768 tcontext=u:object_r:sysfs_net:s0 tclass=file permissive=1 app=com.dangbei.screencast
06-27 13:48:43.169 2459 2552 I TDLog : [APP] New data found, Submitting...
06-27 13:48:43.225 2459 2552 I TDLog : [APP] Failed to submit data!
06-27 13:48:43.738 659 659 E WifiHAL : wifi_get_link_stats: requestResponse Error:-5
06-27 13:48:43.739 480 609 E WifiVendorHal: getWifiLinkLayerStats_1_5_Internal(l.1191) failed {.code = ERROR_INVALID_ARGS, .description = }
06-27 13:48:43.839 480 523 W IorapForwardingService: No service published for: iorapd
06-27 13:48:44.142 378 378 D dom2reg : timezone change, new: Etc/GMT-8, pre:
06-27 13:48:44.143 378 378 W dom2reg : timezone [Etc/GMT-8] not in default tables, please check!
06-27 13:48:44.842 480 523 W IorapForwardingService: No service published for: iorapd
06-27 13:48:44.990 209 3026 I keystore2: keystore2::watchdog: Watchdog thread idle -> terminating. Have a great day.
06-27 13:48:45.038 321 2277 D XM_HIDREAD: poll ret=1, event=1
06-27 13:48:45.038 321 2277 D XM_HIDREAD: [9 bytes]:01 00 00 4F 00 00 00 00 00
06-27 13:48:45.038 480 597 D TvWindowManager: key event key = KEYCODE_DPAD_RIGHT down = true
06-27 13:48:45.043 480 596 D GpioService: mFlickerEnable = true
06-27 13:48:45.044 2227 2227 I SogouIME: onKeyDown: keyoCode=22
06-27 13:48:45.044 2227 2227 I DefaultIMS: onKeyDown: keyoCode=22
06-27 13:48:45.218 321 2277 D XM_HIDREAD: poll ret=1, event=1
06-27 13:48:45.218 321 2277 D XM_HIDREAD: [9 bytes]:01 00 00 00 00 00 00 00 00
06-27 13:48:45.219 480 597 D TvWindowManager: key event key = KEYCODE_DPAD_RIGHT down = false
06-27 13:48:45.222 2227 2227 I SogouIME: onKeyUp: keyoCode=22
06-27 13:48:45.222 2227 2227 I DefaultIMS: onKeyUp: keyoCode=22
06-27 13:48:45.844 480 523 W IorapForwardingService: No service published for: iorapd
06-27 13:48:45.982 321 2277 D XM_HIDREAD: poll ret=1, event=1
06-27 13:48:45.983 321 2277 D XM_HIDREAD: [9 bytes]:01 00 00 29 00 00 00 00 00
06-27 13:48:45.983 480 597 D TvWindowManager: key event key = KEYCODE_BACK down = true
06-27 13:48:45.987 480 596 D GpioService: mFlickerEnable = true
06-27 13:48:46.101 2459 2553 D UtilLog : 日志批量上报 进行正常循环 !!!!!!本次有0次请求,共0条数据
06-27 13:48:46.133 480 596 D GpioService: mFlickerEnable = true
06-27 13:48:46.135 2227 2227 I SogouIME: onKeyDown: keyoCode=4
06-27 13:48:46.135 2227 2227 I DefaultIMS: onKeyDown: keyoCode=4
06-27 13:48:46.143 378 378 D dom2reg : timezone change, new: Etc/GMT-8, pre:
06-27 13:48:46.143 378 378 W dom2reg : timezone [Etc/GMT-8] not in default tables, please check!
06-27 13:48:46.152 321 2277 D XM_HIDREAD: poll ret=1, event=1
06-27 13:48:46.152 321 2277 D XM_HIDREAD: [9 bytes]:01 00 00 00 00 00 00 00 00
06-27 13:48:46.152 480 597 D TvWindowManager: key event key = KEYCODE_BACK down = false
06-27 13:48:46.154 480 522 D AutofillManagerService: onBackKeyPressed()
06-27 13:48:46.155 480 522 D AutofillManagerServiceImpl: Reset component for user 0:
06-27 13:48:46.156 2227 2227 I SogouIME: onKeyUp: keyoCode=4
06-27 13:48:46.156 2227 2227 I DefaultIMS: onKeyUp: keyoCode=4
06-27 13:48:46.157 480 522 D AutofillUI: destroySaveUiUiThread(): already destroyed
06-27 13:48:46.164 262 305 D DisplayConfig: virtual Return vendor::display::config::V1_0::implementation::DisplayConfig::getSupportedModes(int32_t, vendor::display::config::V1_0::IDisplayConfig::getSupportedModes_cb): display[0] ret=0, supported modes count(13)
06-27 13:48:46.166 262 305 W displayd: xxxxxxx: hdmi user strategy: 10
06-27 13:48:46.166 262 305 W displayd: xxxxxxx: getHDMINativeMode: use perfect hdmi mode(34) as native mode
06-27 13:48:46.167 1041 3058 D DisplayOutputImpl: getDisplayOutputMode = 10 , 10 , false
06-27 13:48:46.167 1041 3058 E ccc : cccccc current is 1080p 60Hz
06-27 13:48:46.170 1041 3058 E ccc : cccccc ColorHelper current get AUTO
06-27 13:48:46.751 659 659 E WifiHAL : wifi_get_link_stats: requestResponse Error:-5
06-27 13:48:46.754 480 609 E WifiVendorHal: getWifiLinkLayerStats_1_5_Internal(l.1191) failed {.code = ERROR_INVALID_ARGS, .description = }
06-27 13:48:46.847 480 523 W IorapForwardingService: No service published for: iorapd
06-27 13:48:46.985 321 2277 D XM_HIDREAD: poll ret=1, event=1
06-27 13:48:46.985 321 2277 D XM_HIDREAD: [9 bytes]:01 00 00 4F 00 00 00 00 00
06-27 13:48:46.986 480 597 D TvWindowManager: key event key = KEYCODE_DPAD_RIGHT down = true
06-27 13:48:46.994 480 596 D GpioService: mFlickerEnable = true
06-27 13:48:46.996 2227 2227 I SogouIME: onKeyDown: keyoCode=22
06-27 13:48:46.996 2227 2227 I DefaultIMS: onKeyDown: keyoCode=22
06-27 13:48:47.004 2227 2227 I DefaultIMS: onStartInput attribute=android.view.inputmethod.EditorInfo@bda51b4 restarting=false inputType: 0
06-27 13:48:47.122 268 268 I EventThread: type=1400 audit(0.0:1357): avc: denied { search } for name="extcon" dev="sysfs" ino=18109 scontext=u:r:hal_tv_cec_default:s0 tcontext=u:object_r:sysfs_extcon:s0 tclass=dir permissive=1
06-27 13:48:47.141 321 2277 D XM_HIDREAD: poll ret=1, event=1
06-27 13:48:47.142 321 2277 D XM_HIDREAD: [9 bytes]:01 00 00 00 00 00 00 00 00
06-27 13:48:47.142 480 597 D TvWindowManager: key event key = KEYCODE_DPAD_RIGHT down = false
06-27 13:48:47.147 2227 2227 I SogouIME: onKeyUp: keyoCode=22
06-27 13:48:47.147 2227 2227 I DefaultIMS: onKeyUp: keyoCode=22
06-27 13:48:47.721 2649 2658 I gbei.screencas: Background concurrent copying GC freed 236328(19MB) AllocSpace objects, 40(2188KB) LOS objects, 49% free, 7252KB/14MB, paused 138us total 257.395ms
06-27 13:48:47.849 480 523 W IorapForwardingService: No service published for: iorapd
06-27 13:48:48.143 378 378 D dom2reg : timezone change, new: Etc/GMT-8, pre:
06-27 13:48:48.144 378 378 W dom2reg : timezone [Etc/GMT-8] not in default tables, please check!
06-27 13:48:48.851 480 523 W IorapForwardingService: No service published for: iorapd
06-27 13:48:48.966 2088 2088 I rainbow_flow: type=1400 audit(0.0:1358): avc: denied { ioctl } for path="/dev/spidev1.0" dev="tmpfs" ino=749 ioctlcmd=0x6b00 scontext=u:r:init:s0 tcontext=u:object_r:device:s0 tclass=chr_file permissive=1
06-27 13:48:49.280 321 2277 D XM_HIDREAD: poll ret=1, event=1
06-27 13:48:49.280 321 2277 D XM_HIDREAD: [9 bytes]:01 00 00 51 00 00 00 00 00
06-27 13:48:49.280 480 597 D TvWindowManager: key event key = KEYCODE_DPAD_DOWN down = true
06-27 13:48:49.288 480 596 D GpioService: mFlickerEnable = true
06-27 13:48:49.430 480 596 D GpioService: mFlickerEnable = true
06-27 13:48:49.432 2227 2227 I SogouIME: onKeyDown: keyoCode=20
06-27 13:48:49.432 2227 2227 I DefaultIMS: onKeyDown: keyoCode=20
06-27 13:48:49.450 2227 2227 I DefaultIMS: onStartInput attribute=android.view.inputmethod.EditorInfo@8b2577f restarting=false inputType: 0
06-27 13:48:49.459 321 2277 D XM_HIDREAD: poll ret=1, event=1
06-27 13:48:49.459 321 2277 D XM_HIDREAD: [9 bytes]:01 00 00 00 00 00 00 00 00
06-27 13:48:49.460 480 597 D TvWindowManager: key event key = KEYCODE_DPAD_DOWN down = false
06-27 13:48:49.463 2227 2227 I SogouIME: onKeyUp: keyoCode=20
06-27 13:48:49.463 2227 2227 I DefaultIMS: onKeyUp: keyoCode=20
06-27 13:48:49.583 321 2277 D XM_HIDREAD: poll ret=1, event=1
06-27 13:48:49.583 321 2277 D XM_HIDREAD: [9 bytes]:01 00 00 51 00 00 00 00 00
06-27 13:48:49.584 480 597 D TvWindowManager: key event key = KEYCODE_DPAD_DOWN down = true
06-27 13:48:49.595 480 596 D GpioService: mFlickerEnable = true
06-27 13:48:49.667 480 1347 I WifiService: startScan uid=1000
06-27 13:48:49.675 480 503 I WifiService: startScan uid=1000
06-27 13:48:49.683 480 503 I WifiService: startScan uid=1000
06-27 13:48:49.729 321 2277 D XM_HIDREAD: poll ret=1, event=1
06-27 13:48:49.729 321 2277 D XM_HIDREAD: [9 bytes]:01 00 00 00 00 00 00 00 00
06-27 13:48:49.729 480 597 D TvWindowManager: key event key = KEYCODE_DPAD_DOWN down = false
06-27 13:48:49.734 480 596 D GpioService: mFlickerEnable = true
06-27 13:48:49.748 2227 2227 I SogouIME: onKeyDown: keyoCode=20
06-27 13:48:49.748 2227 2227 I DefaultIMS: onKeyDown: keyoCode=20
06-27 13:48:49.757 2227 2227 I SogouIME: onKeyUp: keyoCode=20
06-27 13:48:49.757 2227 2227 I DefaultIMS: onKeyUp: keyoCode=20
06-27 13:48:49.769 659 659 E WifiHAL : wifi_get_link_stats: requestResponse Error:-5
06-27 13:48:49.770 480 609 E WifiVendorHal: getWifiLinkLayerStats_1_5_Internal(l.1191) failed {.code = ERROR_INVALID_ARGS, .description = }
06-27 13:48:49.785 3082 3350 D skia : --- Failed to create image decoder with message 'unimplemented'
06-27 13:48:49.787 3082 3350 D skia : --- Failed to create image decoder with message 'unimplemented'
06-27 13:48:49.788 3082 3351 D skia : --- Failed to create image decoder with message 'unimplemented'
06-27 13:48:49.788 3082 3350 D skia : --- Failed to create image decoder with message 'unimplemented'
06-27 13:48:49.789 3082 3351 D skia : --- Failed to create image decoder with message 'unimplemented'
06-27 13:48:49.789 3082 3350 D skia : --- Failed to create image decoder with message 'unimplemented'
06-27 13:48:49.789 3082 3351 D skia : --- Failed to create image decoder with message 'unimplemented'
06-27 13:48:49.789 3082 3350 D skia : --- Failed to create image decoder with message 'unimplemented'
06-27 13:48:49.790 3082 3351 D skia : --- Failed to create image decoder with message 'unimplemented'
06-27 13:48:49.790 3082 3350 D skia : --- Failed to create image decoder with message 'unimplemented'
06-27 13:48:49.790 3082 3351 D skia : --- Failed to create image decoder with message 'unimplemented'
06-27 13:48:49.791 3082 3351 D skia : --- Failed to create image decoder with message 'unimplemented'
06-27 13:48:49.808 321 2277 D XM_HIDREAD: poll ret=1, event=1
06-27 13:48:49.808 321 2277 D XM_HIDREAD: [9 bytes]:01 00 00 51 00 00 00 00 00
06-27 13:48:49.808 480 597 D TvWindowManager: key event key = KEYCODE_DPAD_DOWN down = true
06-27 13:48:49.811 480 596 D GpioService: mFlickerEnable = true
06-27 13:48:49.818 3082 3352 D skia : --- Failed to create image decoder with message 'unimplemented'
06-27 13:48:49.820 3082 3352 D skia : --- Failed to create image decoder with message 'unimplemented'
06-27 13:48:49.821 3082 3352 D skia : --- Failed to create image decoder with message 'unimplemented'
06-27 13:48:49.821 3082 3352 D skia : --- Failed to create image decoder with message 'unimplemented'
06-27 13:48:49.822 3082 3352 D skia : --- Failed to create image decoder with message 'unimplemented'
06-27 13:48:49.822 3082 3352 D skia : --- Failed to create image decoder with message 'unimplemented'
06-27 13:48:49.832 2227 2227 I DefaultIMS: onStartInput attribute=android.view.inputmethod.EditorInfo@5d2234c restarting=false inputType: 0
06-27 13:48:49.855 480 523 W IorapForwardingService: No service published for: iorapd
06-27 13:48:49.946 2649 2649 I pool-3-thread-1: type=1400 audit(0.0:1359): avc: denied { open } for path="/data/user/0/com.dangbei.screencast/app_UApm/5fc60c21094d637f3130af19/upload/wa_gzip_1_1_4113_901_1750990613527" dev="mmcblk0p25" ino=50050 scontext=u:r:platform_app:s0:c512,c768 tcontext=u:object_r:app_data_file:s0:c512,c768 tclass=file permissive=1 app=com.dangbei.screencast
06-27 13:48:49.954 321 2277 D XM_HIDREAD: poll ret=1, event=1
06-27 13:48:49.954 321 2277 D XM_HIDREAD: [9 bytes]:01 00 00 00 00 00 00 00 00
06-27 13:48:49.954 480 597 D TvWindowManager: key event key = KEYCODE_DPAD_DOWN down = false
06-27 13:48:49.958 480 596 D GpioService: mFlickerEnable = true
06-27 13:48:49.961 2227 2227 I SogouIME: onKeyDown: keyoCode=20
06-27 13:48:49.962 2227 2227 I DefaultIMS: onKeyDown: keyoCode=20
06-27 13:48:49.972 2227 2227 I SogouIME: onKeyUp: keyoCode=20
06-27 13:48:49.972 2227 2227 I DefaultIMS: onKeyUp: keyoCode=20
06-27 13:48:49.986 2227 2227 I DefaultIMS: onStartInput attribute=android.view.inputmethod.EditorInfo@4a42838 restarting=false inputType: 0
06-27 13:48:50.144 378 378 D dom2reg : timezone change, new: Etc/GMT-8, pre:
06-27 13:48:50.144 378 378 W dom2reg : timezone [Etc/GMT-8] not in default tables, please check!
06-27 13:48:50.186 1041 3067 E ccc : cccccc led current is 100 标准
06-27 13:48:50.182 1041 1041 I Binder:1041_5: type=1400 audit(0.0:1360): avc: denied { open } for path="/dev/__properties__/u:object_r:vendor_default_prop:s0" dev="tmpfs" ino=6521 scontext=u:r:system_app:s0 tcontext=u:object_r:vendor_default_prop:s0 tclass=file permissive=1
06-27 13:48:50.182 1041 1041 I Binder:1041_5: type=1400 audit(0.0:1361): avc: denied { getattr } for path="/dev/__properties__/u:object_r:vendor_default_prop:s0" dev="tmpfs" ino=6521 scontext=u:r:system_app:s0 tcontext=u:object_r:vendor_default_prop:s0 tclass=file permissive=1
06-27 13:48:50.182 1041 1041 I Binder:1041_5: type=1400 audit(0.0:1362): avc: denied { map } for path="/dev/__properties__/u:object_r:vendor_default_prop:s0" dev="tmpfs" ino=6521 scontext=u:r:system_app:s0 tcontext=u:object_r:vendor_default_prop:s0 tclass=file permissive=1
06-27 13:48:50.197 1041 3067 E ccc : cccccc led current is 100 标准
06-27 13:48:50.464 2649 2725 I efs.base: wa upload fail, resp is HttpResponse {succ=false, code=-1, data='', extra={}}
06-27 13:48:50.857 480 523 W IorapForwardingService: No service published for: iorapd
06-27 13:48:50.868 2649 2729 I efs.base: wa upload fail, resp is HttpResponse {succ=false, code=-1, data='', extra={}}
06-27 13:48:50.975 1176 1176 D bbb : onStartCommand begin !!!!!!! data分区剩余 20387MB
06-27 13:48:50.977 1104 1104 D aaa : LedStatusService onStartCommand begin
06-27 13:48:50.982 1104 3371 D aaa : topPkg is -------------- :com.dangbei.haqusetting
06-27 13:48:51.557 480 502 D WifiNl80211Manager: Scan result ready event
06-27 13:48:51.558 480 502 D WifiNative: Scan result ready event
06-27 13:48:51.619 2649 2725 I efs.base: wa upload fail, resp is HttpResponse {succ=false, code=-1, data='', extra={}}
06-27 13:48:51.631 480 613 D WificondScannerImpl: Filtering out 6 scan results.
06-27 13:48:51.657 3082 3347 E ccc : cccccc SCAN_RESULTS_AVAILABLE_ACTION hhhh
06-27 13:48:51.657 1096 1096 E hq : NetWorkStateReceiver:::NetWorkStateReceiver onReceive: 网络变化广播 >>>> intent.action=android.net.wifi.SCAN_RESULTS
06-27 13:48:51.654 2649 2649 I locHandlerThrea: type=1400 audit(0.0:1363): avc: denied { lock } for path="/data/user/0/com.dangbei.screencast/files/TDCloud_Control_Cache_Param4" dev="mmcblk0p25" ino=2016 scontext=u:r:platform_app:s0:c512,c768 tcontext=u:object_r:app_data_file:s0:c512,c768 tclass=file permissive=1 app=com.dangbei.screencast
06-27 13:48:51.679 659 659 E WifiHAL : wifi_get_link_stats: requestResponse Error:-5
06-27 13:48:51.678 2649 2649 I pool-5-thread-1: type=1400 audit(0.0:1364): avc: denied { create } for name="1751003331681_2649" scontext=u:r:platform_app:s0:c512,c768 tcontext=u:object_r:app_data_file:s0:c512,c768 tclass=file permissive=1 app=com.dangbei.screencast
06-27 13:48:51.688 480 609 E WifiVendorHal: getWifiLinkLayerStats_1_5_Internal(l.1191) failed {.code = ERROR_INVALID_ARGS, .description = }
06-27 13:48:51.724 1096 1096 W eventbuscore: post Event:com.dangbei.leard.base.entity.event.NetWifiRssiEvent
06-27 13:48:51.754 321 2277 D XM_HIDREAD: poll ret=1, event=1
06-27 13:48:51.754 321 2277 D XM_HIDREAD: [9 bytes]:01 00 00 52 00 00 00 00 00
06-27 13:48:51.755 480 597 D TvWindowManager: key event key = KEYCODE_DPAD_UP down = true
06-27 13:48:51.763 480 596 D GpioService: mFlickerEnable = true
06-27 13:48:51.765 2227 2227 I SogouIME: onKeyDown: keyoCode=19
06-27 13:48:51.765 2227 2227 I DefaultIMS: onKeyDown: keyoCode=19
06-27 13:48:51.823 2227 2227 I DefaultIMS: onStartInput attribute=android.view.inputmethod.EditorInfo@8e0f68 restarting=false inputType: 0
06-27 13:48:51.848 2649 2729 I efs.base: wa upload fail, resp is HttpResponse {succ=false, code=-1, data='', extra={}}
06-27 13:48:51.859 480 523 W IorapForwardingService: No service published for: iorapd
06-27 13:48:51.945 321 2277 D XM_HIDREAD: poll ret=1, event=1
06-27 13:48:51.945 321 2277 D XM_HIDREAD: [9 bytes]:01 00 00 00 00 00 00 00 00
06-27 13:48:51.946 480 597 D TvWindowManager: key event key = KEYCODE_DPAD_UP down = false
06-27 13:48:51.948 2227 2227 I SogouIME: onKeyUp: keyoCode=19
06-27 13:48:51.948 2227 2227 I DefaultIMS: onKeyUp: keyoCode=19
06-27 13:48:52.054 2649 2649 I cling--ap-3: type=1400 audit(0.0:1365): avc: denied { read } for name="address" dev="sysfs" ino=26267 scontext=u:r:platform_app:s0:c512,c768 tcontext=u:object_r:sysfs:s0 tclass=file permissive=1 app=com.dangbei.screencast
06-27 13:48:52.054 2649 2649 I cling--ap-3: type=1400 audit(0.0:1366): avc: denied { open } for path="/sys/devices/platform/unisoc_wifi/net/wlan1/address" dev="sysfs" ino=26267 scontext=u:r:platform_app:s0:c512,c768 tcontext=u:object_r:sysfs:s0 tclass=file permissive=1 app=com.dangbei.screencast
06-27 13:48:52.054 2649 2649 I cling--ap-3: type=1400 audit(0.0:1367): avc: denied { getattr } for path="/sys/devices/platform/unisoc_wifi/net/wlan1/address" dev="sysfs" ino=26267 scontext=u:r:platform_app:s0:c512,c768 tcontext=u:object_r:sysfs:s0 tclass=file permissive=1 app=com.dangbei.screencast
06-27 13:48:52.070 321 2277 D XM_HIDREAD: poll ret=1, event=1
06-27 13:48:52.070 321 2277 D XM_HIDREAD: [9 bytes]:01 00 00 52 00 00 00 00 00
06-27 13:48:52.070 480 597 D TvWindowManager: key event key = KEYCODE_DPAD_UP down = true
06-27 13:48:52.077 480 596 D GpioService: mFlickerEnable = true
06-27 13:48:52.081 2227 2227 I SogouIME: onKeyDown: keyoCode=19
06-27 13:48:52.081 2227 2227 I DefaultIMS: onKeyDown: keyoCode=19
06-27 13:48:52.091 2649 2725 I efs.base: wa upload fail, resp is HttpResponse {succ=false, code=-1, data='', extra={}}
06-27 13:48:52.091 2649 2710 I efs.send_log: request error cnt gt 5, next request delay 10s
06-27 13:48:52.105 2227 2227 I DefaultIMS: onStartInput attribute=android.view.inputmethod.EditorInfo@79e6f81 restarting=false inputType: 0
06-27 13:48:52.144 378 378 D dom2reg : timezone change, new: Etc/GMT-8, pre:
06-27 13:48:52.145 378 378 W dom2reg : timezone [Etc/GMT-8] not in default tables, please check!
06-27 13:48:52.193 321 2277 D XM_HIDREAD: poll ret=1, event=1
06-27 13:48:52.193 321 2277 D XM_HIDREAD: [9 bytes]:01 00 00 00 00 00 00 00 00
06-27 13:48:52.194 480 597 D TvWindowManager: key event key = KEYCODE_DPAD_UP down = false
06-27 13:48:52.202 2227 2227 I SogouIME: onKeyUp: keyoCode=19
06-27 13:48:52.202 2227 2227 I DefaultIMS: onKeyUp: keyoCode=19
06-27 13:48:52.303 668 1166 D BluetoothAdapterService: cancelDiscovery
06-27 13:48:52.303 668 955 I bt_btif_dm: system/bt/btif/src/btif_dm.cc:1884 btif_dm_cancel_discovery: Cancel search
06-27 13:48:52.635 268 307 D hdmi-cec: receive invalid cec message!
06-27 13:48:52.635 268 307 D hdmi-cec: receive poll message [04], skip!
06-27 13:48:52.782 659 659 E WifiHAL : wifi_get_link_stats: requestResponse Error:-5
06-27 13:48:52.784 480 609 E WifiVendorHal: getWifiLinkLayerStats_1_5_Internal(l.1191) failed {.code = ERROR_INVALID_ARGS, .description = }
06-27 13:48:52.862 480 523 W IorapForwardingService: No service published for: iorapd
06-27 13:48:52.993 321 2277 D XM_HIDREAD: poll ret=1, event=1
06-27 13:48:52.993 321 2277 D XM_HIDREAD: [9 bytes]:01 00 00 50 00 00 00 00 00
06-27 13:48:52.993 480 597 D TvWindowManager: key event key = KEYCODE_DPAD_LEFT down = true
06-27 13:48:53.003 480 596 D GpioService: mFlickerEnable = true
06-27 13:48:53.005 2227 2227 I SogouIME: onKeyDown: keyoCode=21
06-27 13:48:53.005 2227 2227 I DefaultIMS: onKeyDown: keyoCode=21
06-27 13:48:53.012 2227 2227 I DefaultIMS: onStartInput attribute=android.view.inputmethod.EditorInfo@4e9640a restarting=false inputType: 0
06-27 13:48:53.195 321 2277 D XM_HIDREAD: poll ret=1, event=1
06-27 13:48:53.195 321 2277 D XM_HIDREAD: [9 bytes]:01 00 00 00 00 00 00 00 00
06-27 13:48:53.195 480 597 D TvWindowManager: key event key = KEYCODE_DPAD_LEFT down = false
06-27 13:48:53.198 2227 2227 I SogouIME: onKeyUp: keyoCode=21
06-27 13:48:53.198 2227 2227 I DefaultIMS: onKeyUp: keyoCode=21
06-27 13:48:53.864 480 523 W IorapForwardingService: No service published for: iorapd
06-27 13:48:54.145 378 378 D dom2reg : timezone change, new: Etc/GMT-8, pre:
06-27 13:48:54.145 378 378 W dom2reg : timezone [Etc/GMT-8] not in default tables, please check!
06-27 13:48:54.387 321 2277 D XM_HIDREAD: poll ret=1, event=1
06-27 13:48:54.387 321 2277 D XM_HIDREAD: [9 bytes]:01 00 00 51 00 00 00 00 00
06-27 13:48:54.388 480 597 D TvWindowManager: key event key = KEYCODE_DPAD_DOWN down = true
06-27 13:48:54.398 480 596 D GpioService: mFlickerEnable = true
06-27 13:48:54.537 480 596 D GpioService: mFlickerEnable = true
06-27 13:48:54.539 2227 2227 I SogouIME: onKeyDown: keyoCode=20
06-27 13:48:54.539 2227 2227 I DefaultIMS: onKeyDown: keyoCode=20
06-27 13:48:54.544 321 2277 D XM_HIDREAD: poll ret=1, event=1
06-27 13:48:54.544 321 2277 D XM_HIDREAD: [9 bytes]:01 00 00 00 00 00 00 00 00
06-27 13:48:54.545 480 597 D TvWindowManager: key event key = KEYCODE_DPAD_DOWN down = false
06-27 13:48:54.553 2227 2227 I SogouIME: onKeyUp: keyoCode=20
06-27 13:48:54.553 2227 2227 I DefaultIMS: onKeyUp: keyoCode=20
06-27 13:48:54.555 2227 2227 I DefaultIMS: onStartInput attribute=android.view.inputmethod.EditorInfo@6bd952d restarting=false inputType: 0
06-27 13:48:54.867 480 523 W IorapForwardingService: No service published for: iorapd
06-27 13:48:55.029 321 2277 D XM_HIDREAD: poll ret=1, event=1
06-27 13:48:55.029 321 2277 D XM_HIDREAD: [9 bytes]:01 00 00 28 00 00 00 00 00
06-27 13:48:55.029 480 597 D TvWindowManager: key event key = KEYCODE_DPAD_CENTER down = true
06-27 13:48:55.039 480 596 D GpioService: mFlickerEnable = true
06-27 13:48:55.179 480 596 D GpioService: mFlickerEnable = true
06-27 13:48:55.181 2227 2227 I SogouIME: onKeyDown: keyoCode=23
06-27 13:48:55.182 2227 2227 I DefaultIMS: onKeyDown: keyoCode=23
06-27 13:48:55.186 321 2277 D XM_HIDREAD: poll ret=1, event=1
06-27 13:48:55.186 321 2277 D XM_HIDREAD: [9 bytes]:01 00 00 00 00 00 00 00 00
06-27 13:48:55.186 480 597 D TvWindowManager: key event key = KEYCODE_DPAD_CENTER down = false
06-27 13:48:55.189 2227 2227 I SogouIME: onKeyUp: keyoCode=23
06-27 13:48:55.189 2227 2227 I DefaultIMS: onKeyUp: keyoCode=23
06-27 13:48:55.207 480 616 D ConnectivityService: NetReassign [no changes]
06-27 13:48:55.223 2227 2227 I DefaultIMS: onStartInput attribute=android.view.inputmethod.EditorInfo@90fe3dc restarting=false inputType: 0
06-27 13:48:55.284 2227 2227 I DefaultIMS: onStartInput attribute=android.view.inputmethod.EditorInfo@b593ce5 restarting=false inputType: 0
06-27 13:48:55.800 659 659 E WifiHAL : wifi_get_link_stats: requestResponse Error:-5
06-27 13:48:55.802 480 609 E WifiVendorHal: getWifiLinkLayerStats_1_5_Internal(l.1191) failed {.code = ERROR_INVALID_ARGS, .description = }
06-27 13:48:55.870 480 523 W IorapForwardingService: No service published for: iorapd
06-27 13:48:56.121 2459 2553 D UtilLog : 日志批量上报 进行正常循环 !!!!!!本次有0次请求,共0条数据
06-27 13:48:56.145 378 378 D dom2reg : timezone change, new: Etc/GMT-8, pre:
06-27 13:48:56.146 378 378 W dom2reg : timezone [Etc/GMT-8] not in default tables, please check!
06-27 13:48:56.873 480 523 W IorapForwardingService: No service published for: iorapd
06-27 13:48:57.876 480 523 W IorapForwardingService: No service published for: iorapd
06-27 13:48:58.146 378 378 D dom2reg : timezone change, new: Etc/GMT-8, pre:
06-27 13:48:58.146 378 378 W dom2reg : timezone [Etc/GMT-8] not in default tables, please check!
06-27 13:48:58.816 659 659 E WifiHAL : wifi_get_link_stats: requestResponse Error:-5
06-27 13:48:58.819 480 609 E WifiVendorHal: getWifiLinkLayerStats_1_5_Internal(l.1191) failed {.code = ERROR_INVALID_ARGS, .description = }
06-27 13:48:58.878 480 523 W IorapForwardingService: No service published for: iorapd
06-27 13:48:59.023 1104 1104 D aaa : LedStatusService onStartCommand begin
06-27 13:48:59.028 1176 1176 D bbb : onStartCommand begin !!!!!!! data分区剩余 20387MB
06-27 13:48:59.037 1104 3403 D aaa : topPkg is -------------- :com.dangbei.haqusetting
06-27 13:48:59.880 480 523 W IorapForwardingService: No service published for: iorapd
06-27 13:49:00.146 378 378 D dom2reg : timezone change, new: Etc/GMT-8, pre:
06-27 13:49:00.147 378 378 W dom2reg : timezone [Etc/GMT-8] not in default tables, please check!
06-27 13:49:00.883 480 523 W IorapForwardingService: No service published for: iorapd
06-27 13:49:01.295 480 583 I ActivityManager: Killing 1219:com.android.music/u0a52 (adj 985): empty #17
06-27 13:49:01.298 480 583 I ActivityManager: Killing 1393:com.android.localtransport/1000 (adj 995): empty #18
06-27 13:49:01.305 480 583 I ActivityManager: Killing 1258:android.process.acore/u0a28 (adj 995): empty #19
06-27 13:49:01.345 480 543 I libprocessgroup: Successfully killed process cgroup uid 10052 pid 1219 in 48ms
06-27 13:49:01.370 248 248 I Zygote : Process 1219 exited due to signal 9 (Killed)
06-27 13:49:01.371 480 847 D CountryDetector: No listener is left
06-27 13:49:01.373 248 248 I Zygote : Process 1258 exited due to signal 9 (Killed)
06-27 13:49:01.376 248 248 I Zygote : Process 1393 exited due to signal 9 (Killed)
06-27 13:49:01.389 480 543 I libprocessgroup: Successfully killed process cgroup uid 1000 pid 1393 in 0ms
06-27 13:49:01.390 480 543 I libprocessgroup: Successfully killed process cgroup uid 10028 pid 1258 in 0ms
06-27 13:49:01.529 253 303 D audio_hw_primary: out_standby
06-27 13:49:01.834 659 659 E WifiHAL : wifi_get_link_stats: requestResponse Error:-5
06-27 13:49:01.837 480 609 E WifiVendorHal: getWifiLinkLayerStats_1_5_Internal(l.1191) failed {.code = ERROR_INVALID_ARGS, .description = }
06-27 13:49:01.886 480 523 W IorapForwardingService: No service published for: iorapd
06-27 13:49:02.147 378 378 D dom2reg : timezone change, new: Etc/GMT-8, pre:
06-27 13:49:02.147 378 378 W dom2reg : timezone [Etc/GMT-8] not in default tables, please check!
06-27 13:49:02.415 2649 2729 I efs.base: wa upload fail, resp is HttpResponse {succ=false, code=-1, data='', extra={}}
06-27 13:49:02.610 2649 2725 I efs.base: wa upload fail, resp is HttpResponse {succ=false, code=-1, data='', extra={}}
06-27 13:49:02.888 480 523 W IorapForwardingService: No service published for: iorapd
06-27 13:49:02.890 2649 2729 I efs.base: wa upload fail, resp is HttpResponse {succ=false, code=-1, data='', extra={}}
06-27 13:49:03.016 2649 2725 I efs.base: wa upload fail, resp is HttpResponse {succ=false, code=-1, data='', extra={}}
06-27 13:49:03.133 2649 2729 I efs.base: wa upload fail, resp is HttpResponse {succ=false, code=-1, data='', extra={}}
06-27 13:49:03.133 2649 2710 I efs.send_log: request error cnt gt 5, next request delay 10s
06-27 13:49:03.244 2199 2257 E ServerInterface: Server timed out
06-27 13:49:03.244 2199 2257 E ServerInterface: java.net.SocketTimeoutException: failed to connect to remoteprovisioning.googleapis.com/142.250.73.74 (port 443) from /192.168.3.161 (port 41032) after 5000ms
06-27 13:49:03.244 2199 2257 E ServerInterface: at libcore.io.IoBridge.connectErrno(IoBridge.java:236)
06-27 13:49:03.244 2199 2257 E ServerInterface: at libcore.io.IoBridge.connect(IoBridge.java:180)
06-27 13:49:03.244 2199 2257 E ServerInterface: at java.net.PlainSocketImpl.socketConnect(PlainSocketImpl.java:142)
06-27 13:49:03.244 2199 2257 E ServerInterface: at java.net.AbstractPlainSocketImpl.doConnect(AbstractPlainSocketImpl.java:390)
06-27 13:49:03.244 2199 2257 E ServerInterface: at java.net.AbstractPlainSocketImpl.connectToAddress(AbstractPlainSocketImpl.java:230)
06-27 13:49:03.244 2199 2257 E ServerInterface: at java.net.AbstractPlainSocketImpl.connect(AbstractPlainSocketImpl.java:212)
06-27 13:49:03.244 2199 2257 E ServerInterface: at java.net.SocksSocketImpl.connect(SocksSocketImpl.java:436)
06-27 13:49:03.244 2199 2257 E ServerInterface: at java.net.Socket.connect(Socket.java:621)
06-27 13:49:03.244 2199 2257 E ServerInterface: at com.android.okhttp.internal.Platform.connectSocket(Platform.java:182)
06-27 13:49:03.244 2199 2257 E ServerInterface: at com.android.okhttp.internal.io.RealConnection.connectSocket(RealConnection.java:145)
06-27 13:49:03.244 2199 2257 E ServerInterface: at com.android.okhttp.internal.io.RealConnection.connect(RealConnection.java:116)
06-27 13:49:03.244 2199 2257 E ServerInterface: at com.android.okhttp.internal.http.StreamAllocation.findConnection(StreamAllocation.java:186)
06-27 13:49:03.244 2199 2257 E ServerInterface: at com.android.okhttp.internal.http.StreamAllocation.findHealthyConnection(StreamAllocation.java:128)
06-27 13:49:03.244 2199 2257 E ServerInterface: at com.android.okhttp.internal.http.StreamAllocation.newStream(StreamAllocation.java:97)
06-27 13:49:03.244 2199 2257 E ServerInterface: at com.android.okhttp.internal.http.HttpEngine.connect(HttpEngine.java:289)
06-27 13:49:03.244 2199 2257 E ServerInterface: at com.android.okhttp.internal.http.HttpEngine.sendRequest(HttpEngine.java:232)
06-27 13:49:03.244 2199 2257 E ServerInterface: at com.android.okhttp.internal.huc.HttpURLConnectionImpl.execute(HttpURLConnectionImpl.java:465)
06-27 13:49:03.244 2199 2257 E ServerInterface: at com.android.okhttp.internal.huc.HttpURLConnectionImpl.connect(HttpURLConnectionImpl.java:131)
06-27 13:49:03.244 2199 2257 E ServerInterface: at com.android.okhttp.internal.huc.HttpURLConnectionImpl.getOutputStream(HttpURLConnectionImpl.java:262)
06-27 13:49:03.244 2199 2257 E ServerInterface: at com.android.okhttp.internal.huc.DelegatingHttpsURLConnection.getOutputStream(DelegatingHttpsURLConnection.java:219)
06-27 13:49:03.244 2199 2257 E ServerInterface: at com.android.okhttp.internal.huc.HttpsURLConnectionImpl.getOutputStream(HttpsURLConnectionImpl.java:30)
06-27 13:49:03.244 2199 2257 E ServerInterface: at com.android.remoteprovisioner.ServerInterface.fetchGeek(ServerInterface.java:120)
06-27 13:49:03.244 2199 2257 E ServerInterface: at com.android.remoteprovisioner.PeriodicProvisioner$ProvisionerThread.run(PeriodicProvisioner.java:135)
06-27 13:49:03.245 2199 2257 E RemoteProvisioningService: Failed to get a response from the server.
06-27 13:49:03.891 480 523 W IorapForwardingService: No service published for: iorapd
06-27 13:49:04.147 378 378 D dom2reg : timezone change, new: Etc/GMT-8, pre:
06-27 13:49:04.148 378 378 W dom2reg : timezone [Etc/GMT-8] not in default tables, please check!
06-27 13:49:04.852 659 659 E WifiHAL : wifi_get_link_stats: requestResponse Error:-5
06-27 13:49:04.854 480 609 E WifiVendorHal: getWifiLinkLayerStats_1_5_Internal(l.1191) failed {.code = ERROR_INVALID_ARGS, .description = }
06-27 13:49:04.893 480 523 W IorapForwardingService: No service published for: iorapd
06-27 13:49:05.349 2649 2658 I gbei.screencas: Background concurrent copying GC freed 69140(6367KB) AllocSpace objects, 60(1368KB) LOS objects, 49% free, 7010KB/13MB, paused 127us total 174.517ms
06-27 13:49:05.410 2649 2649 I ModuleDataForwa: type=1400 audit(0.0:1368): avc: denied { rename } for name="TD_IP_CACHE.xml" dev="mmcblk0p25" ino=60663 scontext=u:r:platform_app:s0:c512,c768 tcontext=u:object_r:app_data_file:s0:c512,c768 tclass=file permissive=1 app=com.dangbei.screencast
06-27 13:49:05.418 2649 2649 I ModuleDataForwa: type=1400 audit(0.0:1369): avc: denied { setattr } for name="TD_IP_CACHE.xml" dev="mmcblk0p25" ino=60702 scontext=u:r:platform_app:s0:c512,c768 tcontext=u:object_r:app_data_file:s0:c512,c768 tclass=file permissive=1 app=com.dangbei.screencast
06-27 13:49:05.418 2649 2649 I ModuleDataForwa: type=1400 audit(0.0:1370): avc: denied { unlink } for name="TD_IP_CACHE.xml.bak" dev="mmcblk0p25" ino=60663 scontext=u:r:platform_app:s0:c512,c768 tcontext=u:object_r:app_data_file:s0:c512,c768 tclass=file permissive=1 app=com.dangbei.screencast
06-27 13:49:05.896 480 523 W IorapForwardingService: No service published for: iorapd
06-27 13:49:06.137 2459 2553 D UtilLog : 日志批量上报 进行正常循环 !!!!!!本次有0次请求,共0条数据
06-27 13:49:06.148 378 378 D dom2reg : timezone change, new: Etc/GMT-8, pre:
06-27 13:49:06.148 378 378 W dom2reg : timezone [Etc/GMT-8] not in default tables, please check!
06-27 13:49:06.898 480 523 W IorapForwardingService: No service published for: iorapd
06-27 13:49:06.974 3415 3415 I Thread-2: type=1400 audit(0.0:1371): avc: denied { execute } for name="am" dev="dm-1" ino=1160 scontext=u:r:system_app:s0 tcontext=u:object_r:vendor_file:s0 tclass=file permissive=1
06-27 13:49:06.974 3415 3415 I Thread-2: type=1400 audit(0.0:1372): avc: denied { read open } for path="/vendor/xbin/am" dev="dm-1" ino=1160 scontext=u:r:system_app:s0 tcontext=u:object_r:vendor_file:s0 tclass=file permissive=1
06-27 13:49:06.974 3415 3415 I Thread-2: type=1400 audit(0.0:1373): avc: denied { execute_no_trans } for path="/vendor/xbin/am" dev="dm-1" ino=1160 scontext=u:r:system_app:s0 tcontext=u:object_r:vendor_file:s0 tclass=file permissive=1
06-27 13:49:07.041 480 812 I ActivityManager: Killing 1553:com.android.dynsystem/1000 (adj 985): empty #17
06-27 13:49:07.044 1104 1104 D aaa : LedStatusService onStartCommand begin
06-27 13:49:07.047 1104 3423 D aaa : topPkg is -------------- :com.dangbei.haqusetting
06-27 13:49:07.052 1176 1176 D bbb : onStartCommand begin !!!!!!! data分区剩余 20387MB
06-27 13:49:07.085 248 248 I Zygote : Process 1553 exited due to signal 9 (Killed)
06-27 13:49:07.089 480 543 I libprocessgroup: Successfully killed process cgroup uid 1000 pid 1553 in 46ms
06-27 13:49:07.662 268 307 D hdmi-cec: receive invalid cec message!
06-27 13:49:07.662 268 307 D hdmi-cec: receive poll message [04], skip!
06-27 13:49:07.873 659 659 E WifiHAL : wifi_get_link_stats: requestResponse Error:-5
06-27 13:49:07.878 480 609 E WifiVendorHal: getWifiLinkLayerStats_1_5_Internal(l.1191) failed {.code = ERROR_INVALID_ARGS, .description = }
06-27 13:49:07.900 480 523 W IorapForwardingService: No service published for: iorapd
06-27 13:49:08.148 378 378 D dom2reg : timezone change, new: Etc/GMT-8, pre:
06-27 13:49:08.148 378 378 W dom2reg : timezone [Etc/GMT-8] not in default tables, please check!
06-27 13:49:08.884 480 540 I UsageStatsService: Time changed in by 170396 seconds
06-27 13:49:08.889 480 521 D CompatibilityChangeReporter: Compat change id reported: 168419799; UID 10073; state: DISABLED
06-27 13:49:08.901 480 523 W IorapForwardingService: No service published for: iorapd
06-27 13:49:08.907 1902 3424 I PermissionControllerServiceImpl: Updating user sensitive for user 0
06-27 13:49:09.904 480 523 W IorapForwardingService: No service published for: iorapd
06-27 13:49:10.149 378 378 D dom2reg : timezone change, new: Etc/GMT-8, pre:
06-27 13:49:10.149 378 378 W dom2reg : timezone [Etc/GMT-8] not in default tables, please check!
06-27 13:49:10.896 659 659 E WifiHAL : wifi_get_link_stats: requestResponse Error:-5
06-27 13:49:10.898 480 609 E WifiVendorHal: getWifiLinkLayerStats_1_5_Internal(l.1191) failed {.code = ERROR_INVALID_ARGS, .description = }
06-27 13:49:10.905 480 523 W IorapForwardingService: No service published for: iorapd
06-27 13:49:11.908 480 523 W IorapForwardingService: No service published for: iorapd
06-27 13:49:11.995 480 1004 W ZramWriteback: Writeback device is not set
06-27 13:49:11.995 480 1004 D ZramWriteback: wait to flush
06-27 13:49:12.149 378 378 D dom2reg : timezone change, new: Etc/GMT-8, pre:
06-27 13:49:12.149 378 378 W dom2reg : timezone [Etc/GMT-8] not in default tables, please check!
06-27 13:49:12.646 2649 2649 I cling--ap-4: type=1400 audit(0.0:1374): avc: denied { search } for name="net" dev="sysfs" ino=10442 scontext=u:r:platform_app:s0:c512,c768 tcontext=u:object_r:sysfs_net:s0 tclass=dir permissive=1 app=com.dangbei.screencast
06-27 13:49:12.909 480 523 W IorapForwardingService: No service published for: iorapd
06-27 13:49:13.288 2649 2725 I efs.base: wa upload fail, resp is HttpResponse {succ=false, code=-1, data='', extra={}}
06-27 13:49:13.912 480 523 W IorapForwardingService: No service published for: iorapd
06-27 13:49:13.918 659 659 E WifiHAL : wifi_get_link_stats: requestResponse Error:-5
06-27 13:49:13.921 480 609 E WifiVendorHal: getWifiLinkLayerStats_1_5_Internal(l.1191) failed {.code = ERROR_INVALID_ARGS, .description = }
06-27 13:49:14.150 378 378 D dom2reg : timezone change, new: Etc/GMT-8, pre:
06-27 13:49:14.150 378 378 W dom2reg : timezone [Etc/GMT-8] not in default tables, please check!
06-27 13:49:14.427 2649 2729 I efs.base: wa upload fail, resp is HttpResponse {succ=false, code=-1, data='', extra={}}
06-27 13:49:14.571 2649 2725 I efs.base: wa upload fail, resp is HttpResponse {succ=false, code=-1, data='', extra={}}
06-27 13:49:14.686 2649 2729 I efs.base: wa upload fail, resp is HttpResponse {succ=false, code=-1, data='', extra={}}
06-27 13:49:14.825 2649 2725 I efs.base: wa upload fail, resp is HttpResponse {succ=false, code=-1, data='', extra={}}
06-27 13:49:14.826 2649 2710 I efs.send_log: request error cnt gt 5, next request delay 10s
06-27 13:49:14.915 480 523 W IorapForwardingService: No service published for: iorapd
06-27 13:49:15.062 1104 1104 D aaa : LedStatusService onStartCommand begin
06-27 13:49:15.065 1104 3443 D aaa : topPkg is -------------- :com.dangbei.haqusetting
06-27 13:49:15.069 1176 1176 D bbb : onStartCommand begin !!!!!!! data分区剩余 20387MB
06-27 13:49:15.918 480 523 W IorapForwardingService: No service published for: iorapd
06-27 13:49:16.121 2459 2553 D UtilLog : 日志批量上报 进行正常循环 !!!!!!本次有0次请求,共0条数据
06-27 13:49:16.150 378 378 D dom2reg : timezone change, new: Etc/GMT-8, pre:
06-27 13:49:16.150 378 378 W dom2reg : timezone [Etc/GMT-8] not in default tables, please check!
06-27 13:49:16.748 480 812 D WifiNl80211Manager: Scan result ready event
06-27 13:49:16.749 480 812 D WifiNative: Scan result ready event
06-27 13:49:16.809 480 613 D WificondScannerImpl: Filtering out 23 scan results.
06-27 13:49:16.825 659 659 E WifiHAL : wifi_get_link_stats: requestResponse Error:-5
06-27 13:49:16.826 480 609 E WifiVendorHal: getWifiLinkLayerStats_1_5_Internal(l.1191) failed {.code = ERROR_INVALID_ARGS, .description = }
06-27 13:49:16.921 480 523 W IorapForwardingService: No service published for: iorapd
06-27 13:49:16.935 659 659 E WifiHAL : wifi_get_link_stats: requestResponse Error:-5
06-27 13:49:16.937 480 609 E WifiVendorHal: getWifiLinkLayerStats_1_5_Internal(l.1191) failed {.code = ERROR_INVALID_ARGS, .description = }
06-27 13:49:17.154 480 497 I system_server: Background young concurrent copying GC freed 228359(10114KB) AllocSpace objects, 105(2356KB) LOS objects, 47% free, 14MB/26MB, paused 311us total 209.349ms
06-27 13:49:17.166 480 499 W System : A resource failed to call release.
06-27 13:49:17.449 408 3448 I adbd : host-20: write thread spawning
06-27 13:49:17.449 408 3447 I adbd : host-20: read thread spawning
06-27 13:49:17.449 408 408 I adbd : host-20: already offline
06-27 13:49:17.449 408 408 I adbd : Calling send_auth_request...
06-27 13:49:17.646 408 408 I adbd : adbd_auth: loading keys from /data/misc/adb/adb_keys
06-27 13:49:17.647 408 408 I adbd : adb client authorized
01-01 08:01:25.400 193 193 I logd : logdr: UID=2000 GID=2000 PID=3449 b tail=0 logMask=99 pid=0 start=0ns deadline=0ns
06-27 13:49:17.923 480 523 W IorapForwardingService: No service published for: iorapd
06-27 13:49:18.151 378 378 D dom2reg : timezone change, new: Etc/GMT-8, pre:
06-27 13:49:18.151 378 378 W dom2reg : timezone [Etc/GMT-8] not in default tables, please check!
06-27 13:49:18.594 2649 2649 I cling--ap-4: type=1400 audit(0.0:1375): avc: denied { read } for name="address" dev="sysfs" ino=16906 scontext=u:r:platform_app:s0:c512,c768 tcontext=u:object_r:sysfs_net:s0 tclass=file permissive=1 app=com.dangbei.screencast
06-27 13:49:18.594 2649 2649 I cling--ap-4: type=1400 audit(0.0:1376): avc: denied { open } for path="/sys/devices/virtual/net/dummy0/address" dev="sysfs" ino=16906 scontext=u:r:platform_app:s0:c512,c768 tcontext=u:object_r:sysfs_net:s0 tclass=file permissive=1 app=com.dangbei.screencast
06-27 13:49:18.594 2649 2649 I cling--ap-4: type=1400 audit(0.0:1377): avc: denied { getattr } for path="/sys/devices/virtual/net/dummy0/address" dev="sysfs" ino=16906 scontext=u:r:platform_app:s0:c512,c768 tcontext=u:object_r:sysfs_net:s0 tclass=file permissive=1 app=com.dangbei.screencast
06-27 13:49:18.926 480 523 W IorapForwardingService: No service published for: iorapd
06-27 13:49:19.928 480 523 W IorapForwardingService: No service published for: iorapd
06-27 13:49:19.953 659 659 E WifiHAL : wifi_get_link_stats: requestResponse Error:-5
06-27 13:49:19.955 480 609 E WifiVendorHal: getWifiLinkLayerStats_1_5_Internal(l.1191) failed {.code = ERROR_INVALID_ARGS, .description = }
06-27 13:49:20.151 378 378 D dom2reg : timezone change, new: Etc/GMT-8, pre:
06-27 13:49:20.151 378 378 W dom2reg : timezone [Etc/GMT-8] not in default tables, please check!
06-27 13:49:20.931 480 523 W IorapForwardingService: No service published for: iorapd
06-27 13:49:21.274 321 2277 D XM_HIDREAD: poll ret=1, event=1
06-27 13:49:21.275 321 2277 D XM_HIDREAD: [9 bytes]:01 00 00 66 00 00 00 00 00
06-27 13:49:21.275 480 597 D TvWindowManager: key event key = KEYCODE_POWER down = true
