06-25 14:28:12.699 480 563 E DefaultPermGrantPolicy: Package not found: com.google.android.katniss
06-25 14:28:12.699 480 563 W DefaultPermGrantPolicy: No such package:com.google.android.katniss
06-25 14:28:12.699 480 563 E DefaultPermGrantPolicy: Package not found: com.google.android.gms
06-25 14:28:12.699 480 563 W DefaultPermGrantPolicy: No such package:com.google.android.gms
06-25 14:28:12.704 480 480 I SystemServerTiming: MakeDisplayManagerServiceReady
06-25 14:28:12.706 480 524 E DisplayModeDirector: Asked about unknown display, returning empty display mode specs!(id=0)
06-25 14:28:12.706 480 524 E DisplayModeDirector: Asked about unknown display, returning empty display mode specs!(id=0)
06-25 14:28:12.709 480 480 I SystemServerTiming: StartDeviceSpecificServices
06-25 14:28:12.709 480 480 I SystemServerTiming: GameManagerService
06-25 14:28:12.709 480 480 I SystemServiceManager: Starting com.android.server.app.GameManagerService$Lifecycle
06-25 14:28:12.714 480 480 I SystemServerTiming: StartBootPhaseDeviceSpecificServicesReady
06-25 14:28:12.714 480 480 I SystemServiceManager: Starting phase 520
06-25 14:28:12.714 480 480 I SystemServerTiming: OnBootPhase_520
06-25 14:28:12.714 480 480 D SoundTriggerService: onBootPhase: 520 : false
06-25 14:28:12.714 480 480 I SystemServerTiming: AppSearchManagerService
06-25 14:28:12.721 480 480 I SystemServiceManager: Starting com.android.server.appsearch.AppSearchManagerService
06-25 14:28:12.724 480 480 I SystemServerTiming: StartMediaCommunicationService
06-25 14:28:12.725 480 480 I SystemServiceManager: Starting com.android.server.media.MediaCommunicationService
06-25 14:28:12.727 480 480 I SystemServerTiming: PhaseActivityManagerReady
06-25 14:28:12.727 480 480 I SystemServerTiming: controllersReady
06-25 14:28:12.732 480 580 I SystemServerTimingAsync: InitThreadPoolExec:Update app-ops uidState in case package com.dangbeimarket changed
06-25 14:28:12.732 480 528 I SystemServerTimingAsync: InitThreadPoolExec:Update app-ops uidState in case package com.xiaodianshi.tv.yst changed
06-25 14:28:12.732 480 570 I SystemServerTimingAsync: InitThreadPoolExec:Update app-ops uidState in case package com.dangbei.hqmedia changed
06-25 14:28:12.732 480 570 D SystemServerInitThreadPool: Started executing Update app-ops uidState in case package com.dangbei.hqmedia changed
06-25 14:28:12.728 336 336 I xiriservice_All: type=1400 audit(0.0:357): avc: denied { read } for scontext=u:r:init:s0 tcontext=u:r:init:s0 tclass=netlink_kobject_uevent_socket permissive=1
06-25 14:28:12.733 321 323 D XM_HIDREAD: add@ add@/bus/platform/drivers/unisoc_wifi
06-25 14:28:12.733 321 323 D XM_HIDREAD: add@ add@/devices/platform/unisoc_wifi
06-25 14:28:12.734 480 480 I SystemServerTiming: killProcesses
06-25 14:28:12.734 480 480 I ActivityManager: System now ready
06-25 14:28:12.735 480 480 I SystemServerTiming: updateTopComponentForFactoryTest
06-25 14:28:12.735 480 480 I SystemServerTiming: registerActivityLaunchObserver
01-01 08:00:16.588 659 659 I WCN : start_marlin [MARLIN_WIFI]
01-01 08:00:16.588 659 659 D : CPU: 2 PID: 659 Comm: wifi@1.0-servic Tainted: G O 5.4.125+ #22
01-01 08:00:16.588 659 659 D Hardware name: sun50iw9 (DT)
01-01 08:00:16.588 659 659 D Call trace:
01-01 08:00:16.588 659 659 D : dump_backtrace.cfi_jt+0x0/0x4
01-01 08:00:16.588 659 659 D : dump_stack+0xbc/0x104
01-01 08:00:16.588 659 659 D : marlin_set_power+0x2c/0x78c [uwe5621_bsp_sdio]
01-01 08:00:16.588 659 659 D : start_marlin+0xbc/0x14c [uwe5621_bsp_sdio]
01-01 08:00:16.588 659 659 D : sprdwl_probe+0x28/0x3f4 [sprdwl_ng]
01-01 08:00:16.588 659 659 D : platform_drv_probe+0xac/0xf0
01-01 08:00:16.588 659 659 D : really_probe+0x340/0x8f8
01-01 08:00:16.588 659 659 D : driver_probe_device+0x70/0x144
01-01 08:00:16.588 659 659 D : __device_attach_driver+0x14c/0x210
01-01 08:00:16.588 659 659 D : bus_for_each_drv+0x98/0x10c
01-01 08:00:16.588 659 659 D : __device_attach.llvm.14547616182355937686+0x108/0x1a8
01-01 08:00:16.588 659 659 D : bus_probe_device+0x3c/0xdc
01-01 08:00:16.588 659 659 D : device_add+0x950/0xb78
01-01 08:00:16.588 659 659 D : platform_device_add+0x90/0x260
01-01 08:00:16.588 659 659 D : init_module+0x48/0xfc4 [sprdwl_ng]
01-01 08:00:16.588 659 659 D : do_one_initcall+0xc4/0x238
01-01 08:00:16.588 659 659 D : do_init_module+0x58/0x2e0
01-01 08:00:16.588 659 659 D : load_module+0x31b8/0x3a40
01-01 08:00:16.588 659 659 D : __arm64_sys_finit_module+0xbc/0x120
01-01 08:00:16.588 659 659 D : el0_svc_common+0xb8/0x1cc
01-01 08:00:16.588 659 659 D : el0_svc_compat_handler+0x1c/0x28
01-01 08:00:16.588 659 659 D : el0_svc_compat+0x8/0x24
01-01 08:00:16.588 659 659 I WCN : marlin power state:0, subsys: [MARLIN_WIFI] power 1
01-01 08:00:16.588 659 659 I WCN : the first power on start
06-25 14:28:12.735 480 480 I SystemServerTiming: watchDeviceProvisioning
06-25 14:28:12.737 480 520 I SystemServerTimingAsync: InitThreadPoolExec:Update app-ops uidState in case package com.android.providers.media.module changed
06-25 14:28:12.737 480 580 D SystemServerInitThreadPool: Started executing Update app-ops uidState in case package com.dangbeimarket changed
06-25 14:28:12.737 480 520 D SystemServerInitThreadPool: Started executing Update app-ops uidState in case package com.android.providers.media.module changed
06-25 14:28:12.737 480 580 D SystemServerInitThreadPool: Finished executing Update app-ops uidState in case package com.dangbeimarket changed
06-25 14:28:12.737 480 520 D SystemServerInitThreadPool: Finished executing Update app-ops uidState in case package com.android.providers.media.module changed
06-25 14:28:12.737 480 580 I SystemServerTimingAsync: InitThreadPoolExec:Update app-ops uidState in case package com.android.systemui changed
06-25 14:28:12.738 480 520 I SystemServerTimingAsync: InitThreadPoolExec:Update app-ops uidState in case package com.android.webview changed
06-25 14:28:12.738 480 528 D SystemServerInitThreadPool: Started executing Update app-ops uidState in case package com.xiaodianshi.tv.yst changed
06-25 14:28:12.738 480 520 D SystemServerInitThreadPool: Started executing Update app-ops uidState in case package com.android.webview changed
06-25 14:28:12.738 480 520 D SystemServerInitThreadPool: Finished executing Update app-ops uidState in case package com.android.webview changed
06-25 14:28:12.738 480 528 D SystemServerInitThreadPool: Finished executing Update app-ops uidState in case package com.xiaodianshi.tv.yst changed
06-25 14:28:12.738 480 580 D SystemServerInitThreadPool: Started executing Update app-ops uidState in case package com.android.systemui changed
06-25 14:28:12.738 480 528 I SystemServerTimingAsync: InitThreadPoolExec:Update app-ops uidState in case package com.android.music changed
06-25 14:28:12.738 480 580 D SystemServerInitThreadPool: Finished executing Update app-ops uidState in case package com.android.systemui changed
06-25 14:28:12.738 480 528 D SystemServerInitThreadPool: Started executing Update app-ops uidState in case package com.android.music changed
06-25 14:28:12.738 480 520 I SystemServerTimingAsync: InitThreadPoolExec:Update app-ops uidState in case package com.android.tv changed
06-25 14:28:12.738 480 528 D SystemServerInitThreadPool: Finished executing Update app-ops uidState in case package com.android.music changed
06-25 14:28:12.738 480 520 D SystemServerInitThreadPool: Started executing Update app-ops uidState in case package com.android.tv changed
06-25 14:28:12.738 480 570 D SystemServerInitThreadPool: Finished executing Update app-ops uidState in case package com.dangbei.hqmedia changed
06-25 14:28:12.738 480 520 D SystemServerInitThreadPool: Finished executing Update app-ops uidState in case package com.android.tv changed
06-25 14:28:12.738 480 528 I SystemServerTimingAsync: InitThreadPoolExec:Update app-ops uidState in case package com.tv.filemanager.os changed
06-25 14:28:12.738 480 580 I SystemServerTimingAsync: InitThreadPoolExec:Update app-ops uidState in case package com.dangbei.lerad.screensaver changed
06-25 14:28:12.738 480 528 D SystemServerInitThreadPool: Started executing Update app-ops uidState in case package com.tv.filemanager.os changed
06-25 14:28:12.738 480 580 D SystemServerInitThreadPool: Started executing Update app-ops uidState in case package com.dangbei.lerad.screensaver changed
06-25 14:28:12.738 480 528 D SystemServerInitThreadPool: Finished executing Update app-ops uidState in case package com.tv.filemanager.os changed
06-25 14:28:12.738 480 528 I SystemServerTimingAsync: InitThreadPoolExec:Update app-ops uidState in case package com.android.providers.contacts changed
06-25 14:28:12.738 480 580 D SystemServerInitThreadPool: Finished executing Update app-ops uidState in case package com.dangbei.lerad.screensaver changed
06-25 14:28:12.738 480 580 I SystemServerTimingAsync: InitThreadPoolExec:Update app-ops uidState in case package com.dangbei.hqguide changed
06-25 14:28:12.738 480 580 D SystemServerInitThreadPool: Started executing Update app-ops uidState in case package com.dangbei.hqguide changed
06-25 14:28:12.738 480 580 D SystemServerInitThreadPool: Finished executing Update app-ops uidState in case package com.dangbei.hqguide changed
06-25 14:28:12.738 480 580 I SystemServerTimingAsync: InitThreadPoolExec:Update app-ops uidState in case package com.android.providers.calendar changed
06-25 14:28:12.738 480 580 D SystemServerInitThreadPool: Started executing Update app-ops uidState in case package com.android.providers.calendar changed
06-25 14:28:12.738 480 580 D SystemServerInitThreadPool: Finished executing Update app-ops uidState in case package com.android.providers.calendar changed
06-25 14:28:12.738 480 580 I SystemServerTimingAsync: InitThreadPoolExec:Update app-ops uidState in case package com.android.providers.tv changed
06-25 14:28:12.738 480 580 D SystemServerInitThreadPool: Started executing Update app-ops uidState in case package com.android.providers.tv changed
06-25 14:28:12.738 480 580 D SystemServerInitThreadPool: Finished executing Update app-ops uidState in case package com.android.providers.tv changed
06-25 14:28:12.738 480 580 I SystemServerTimingAsync: InitThreadPoolExec:Update app-ops uidState in case package com.android.providers.media changed
06-25 14:28:12.738 480 580 D SystemServerInitThreadPool: Started executing Update app-ops uidState in case package com.android.providers.media changed
06-25 14:28:12.738 480 580 D SystemServerInitThreadPool: Finished executing Update app-ops uidState in case package com.android.providers.media changed
06-25 14:28:12.739 480 580 I SystemServerTimingAsync: InitThreadPoolExec:Update app-ops uidState in case package com.dangbei.screencast changed
06-25 14:28:12.739 480 580 D SystemServerInitThreadPool: Started executing Update app-ops uidState in case package com.dangbei.screencast changed
06-25 14:28:12.739 480 580 D SystemServerInitThreadPool: Finished executing Update app-ops uidState in case package com.dangbei.screencast changed
06-25 14:28:12.739 480 580 I SystemServerTimingAsync: InitThreadPoolExec:Update app-ops uidState in case package com.android.bluetooth changed
06-25 14:28:12.739 480 580 D SystemServerInitThreadPool: Started executing Update app-ops uidState in case package com.android.bluetooth changed
06-25 14:28:12.739 480 580 D SystemServerInitThreadPool: Finished executing Update app-ops uidState in case package com.android.bluetooth changed
06-25 14:28:12.739 480 580 I SystemServerTimingAsync: InitThreadPoolExec:Update app-ops uidState in case package com.android.dynsystem changed
06-25 14:28:12.739 480 580 D SystemServerInitThreadPool: Started executing Update app-ops uidState in case package com.android.dynsystem changed
06-25 14:28:12.739 480 580 D SystemServerInitThreadPool: Finished executing Update app-ops uidState in case package com.android.dynsystem changed
06-25 14:28:12.739 480 580 I SystemServerTimingAsync: InitThreadPoolExec:Update app-ops uidState in case package com.dangbei.lerad.rocky changed
06-25 14:28:12.739 480 580 D SystemServerInitThreadPool: Started executing Update app-ops uidState in case package com.dangbei.lerad.rocky changed
06-25 14:28:12.739 480 580 D SystemServerInitThreadPool: Finished executing Update app-ops uidState in case package com.dangbei.lerad.rocky changed
06-25 14:28:12.739 480 580 I SystemServerTimingAsync: InitThreadPoolExec:Update app-ops uidState in case package com.android.tv.settings changed
06-25 14:28:12.739 480 580 D SystemServerInitThreadPool: Started executing Update app-ops uidState in case package com.android.tv.settings changed
06-25 14:28:12.739 480 580 D SystemServerInitThreadPool: Finished executing Update app-ops uidState in case package com.android.tv.settings changed
06-25 14:28:12.739 480 580 I SystemServerTimingAsync: InitThreadPoolExec:Update app-ops uidState in case package com.oranth.factory changed
06-25 14:28:12.739 480 580 D SystemServerInitThreadPool: Started executing Update app-ops uidState in case package com.oranth.factory changed
06-25 14:28:12.739 480 580 D SystemServerInitThreadPool: Finished executing Update app-ops uidState in case package com.oranth.factory changed
06-25 14:28:12.739 480 580 I SystemServerTimingAsync: InitThreadPoolExec:Update app-ops uidState in case package com.dangbei.zhushou.os changed
06-25 14:28:12.739 480 580 D SystemServerInitThreadPool: Started executing Update app-ops uidState in case package com.dangbei.zhushou.os changed
06-25 14:28:12.739 480 580 D SystemServerInitThreadPool: Finished executing Update app-ops uidState in case package com.dangbei.zhushou.os changed
06-25 14:28:12.739 480 580 I SystemServerTimingAsync: InitThreadPoolExec:Update app-ops uidState in case package com.oranth.ledstatus changed
06-25 14:28:12.739 480 580 D SystemServerInitThreadPool: Started executing Update app-ops uidState in case package com.oranth.ledstatus changed
06-25 14:28:12.739 480 580 D SystemServerInitThreadPool: Finished executing Update app-ops uidState in case package com.oranth.ledstatus changed
06-25 14:28:12.739 480 580 I SystemServerTimingAsync: InitThreadPoolExec:Update app-ops uidState in case package android changed
06-25 14:28:12.739 480 580 D SystemServerInitThreadPool: Started executing Update app-ops uidState in case package android changed
06-25 14:28:12.740 480 580 D SystemServerInitThreadPool: Finished executing Update app-ops uidState in case package android changed
06-25 14:28:12.740 480 580 I SystemServerTimingAsync: InitThreadPoolExec:Update app-ops uidState in case package com.dangbei.leard.leradlauncher changed
06-25 14:28:12.740 480 580 D SystemServerInitThreadPool: Started executing Update app-ops uidState in case package com.dangbei.leard.leradlauncher changed
06-25 14:28:12.740 480 580 D SystemServerInitThreadPool: Finished executing Update app-ops uidState in case package com.dangbei.leard.leradlauncher changed
06-25 14:28:12.740 480 580 I SystemServerTimingAsync: InitThreadPoolExec:Update app-ops uidState in case package com.android.providers.settings changed
06-25 14:28:12.740 480 580 D SystemServerInitThreadPool: Started executing Update app-ops uidState in case package com.android.providers.settings changed
06-25 14:28:12.740 480 580 D SystemServerInitThreadPool: Finished executing Update app-ops uidState in case package com.android.providers.settings changed
06-25 14:28:12.740 480 580 I SystemServerTimingAsync: InitThreadPoolExec:Update app-ops uidState in case package com.android.inputdevices changed
06-25 14:28:12.740 480 580 D SystemServerInitThreadPool: Started executing Update app-ops uidState in case package com.android.inputdevices changed
06-25 14:28:12.740 480 580 D SystemServerInitThreadPool: Finished executing Update app-ops uidState in case package com.android.inputdevices changed
06-25 14:28:12.740 480 580 I SystemServerTimingAsync: InitThreadPoolExec:Update app-ops uidState in case package com.oranth.inputmacsn changed
06-25 14:28:12.740 480 580 D SystemServerInitThreadPool: Started executing Update app-ops uidState in case package com.oranth.inputmacsn changed
06-25 14:28:12.740 480 580 D SystemServerInitThreadPool: Finished executing Update app-ops uidState in case package com.oranth.inputmacsn changed
06-25 14:28:12.740 480 580 I SystemServerTimingAsync: InitThreadPoolExec:Update app-ops uidState in case package com.android.keychain changed
06-25 14:28:12.740 480 580 D SystemServerInitThreadPool: Started executing Update app-ops uidState in case package com.android.keychain changed
06-25 14:28:12.740 480 580 D SystemServerInitThreadPool: Finished executing Update app-ops uidState in case package com.android.keychain changed
06-25 14:28:12.740 480 580 I SystemServerTimingAsync: InitThreadPoolExec:Update app-ops uidState in case package com.android.localtransport changed
06-25 14:28:12.740 480 580 D SystemServerInitThreadPool: Started executing Update app-ops uidState in case package com.android.localtransport changed
06-25 14:28:12.740 480 580 D SystemServerInitThreadPool: Finished executing Update app-ops uidState in case package com.android.localtransport changed
06-25 14:28:12.740 480 580 I SystemServerTimingAsync: InitThreadPoolExec:Update app-ops uidState in case package com.android.packageinstaller changed
06-25 14:28:12.740 480 580 D SystemServerInitThreadPool: Started executing Update app-ops uidState in case package com.android.packageinstaller changed
06-25 14:28:12.740 480 580 D SystemServerInitThreadPool: Finished executing Update app-ops uidState in case package com.android.packageinstaller changed
06-25 14:28:12.740 480 580 I SystemServerTimingAsync: InitThreadPoolExec:Update app-ops uidState in case package com.oranth.usbopenft changed
06-25 14:28:12.740 480 580 D SystemServerInitThreadPool: Started executing Update app-ops uidState in case package com.oranth.usbopenft changed
06-25 14:28:12.740 480 580 D SystemServerInitThreadPool: Finished executing Update app-ops uidState in case package com.oranth.usbopenft changed
06-25 14:28:12.740 480 580 I SystemServerTimingAsync: InitThreadPoolExec:Update app-ops uidState in case package com.dangbei.lerad.etna.haqu changed
06-25 14:28:12.740 480 580 D SystemServerInitThreadPool: Started executing Update app-ops uidState in case package com.dangbei.lerad.etna.haqu changed
06-25 14:28:12.740 480 580 D SystemServerInitThreadPool: Finished executing Update app-ops uidState in case package com.dangbei.lerad.etna.haqu changed
06-25 14:28:12.740 480 580 I SystemServerTimingAsync: InitThreadPoolExec:Update app-ops uidState in case package com.oranth.powerwindow changed
06-25 14:28:12.741 480 580 D SystemServerInitThreadPool: Started executing Update app-ops uidState in case package com.oranth.powerwindow changed
06-25 14:28:12.741 480 580 D SystemServerInitThreadPool: Finished executing Update app-ops uidState in case package com.oranth.powerwindow changed
06-25 14:28:12.741 480 580 I SystemServerTimingAsync: InitThreadPoolExec:Update app-ops uidState in case package com.android.wallpaperbackup changed
06-25 14:28:12.741 480 580 D SystemServerInitThreadPool: Started executing Update app-ops uidState in case package com.android.wallpaperbackup changed
06-25 14:28:12.741 480 580 D SystemServerInitThreadPool: Finished executing Update app-ops uidState in case package com.android.wallpaperbackup changed
06-25 14:28:12.741 480 520 I SystemServerTimingAsync: InitThreadPoolExec:Update app-ops uidState in case package com.dangbei.lerad.videoposter changed
06-25 14:28:12.741 480 520 D SystemServerInitThreadPool: Started executing Update app-ops uidState in case package com.dangbei.lerad.videoposter changed
06-25 14:28:12.741 480 520 D SystemServerInitThreadPool: Finished executing Update app-ops uidState in case package com.dangbei.lerad.videoposter changed
06-25 14:28:12.741 480 520 I SystemServerTimingAsync: InitThreadPoolExec:Update app-ops uidState in case package com.android.location.fused changed
06-25 14:28:12.741 480 520 D SystemServerInitThreadPool: Started executing Update app-ops uidState in case package com.android.location.fused changed
06-25 14:28:12.741 480 520 D SystemServerInitThreadPool: Finished executing Update app-ops uidState in case package com.android.location.fused changed
06-25 14:28:12.741 480 520 I SystemServerTimingAsync: InitThreadPoolExec:Update app-ops uidState in case package com.dangbei.haqusetting changed
06-25 14:28:12.741 480 520 D SystemServerInitThreadPool: Started executing Update app-ops uidState in case package com.dangbei.haqusetting changed
06-25 14:28:12.741 480 520 D SystemServerInitThreadPool: Finished executing Update app-ops uidState in case package com.dangbei.haqusetting changed
06-25 14:28:12.741 480 520 I SystemServerTimingAsync: InitThreadPoolExec:Update app-ops uidState in case package com.softwinner.miracastReceiver changed
06-25 14:28:12.742 480 520 D SystemServerInitThreadPool: Started executing Update app-ops uidState in case package com.softwinner.miracastReceiver changed
06-25 14:28:12.742 480 520 D SystemServerInitThreadPool: Finished executing Update app-ops uidState in case package com.softwinner.miracastReceiver changed
06-25 14:28:12.742 480 528 D SystemServerInitThreadPool: Started executing Update app-ops uidState in case package com.android.providers.contacts changed
06-25 14:28:12.742 480 570 I SystemServerTimingAsync: InitThreadPoolExec:Update app-ops uidState in case package com.sohu.inputmethod.sogou.tv changed
06-25 14:28:12.742 480 528 D SystemServerInitThreadPool: Finished executing Update app-ops uidState in case package com.android.providers.contacts changed
06-25 14:28:12.742 480 570 D SystemServerInitThreadPool: Started executing Update app-ops uidState in case package com.sohu.inputmethod.sogou.tv changed
06-25 14:28:12.742 480 580 I SystemServerTimingAsync: InitThreadPoolExec:Update app-ops uidState in case package com.oranth.storage changed
06-25 14:28:12.742 480 570 D SystemServerInitThreadPool: Finished executing Update app-ops uidState in case package com.sohu.inputmethod.sogou.tv changed
06-25 14:28:12.742 480 580 D SystemServerInitThreadPool: Started executing Update app-ops uidState in case package com.oranth.storage changed
06-25 14:28:12.742 480 580 D SystemServerInitThreadPool: Finished executing Update app-ops uidState in case package com.oranth.storage changed
06-25 14:28:12.788 480 480 I SystemServerTiming: retrieveSettings
06-25 14:28:12.790 480 480 I ActivityTaskManager: Config changes=10000000 {1.0 ?mcc?mnc [zh_CN] ldltr sw720dp w1280dp h696dp 240dpi xlrg long land television -touch qwerty/v/v dpad/v winConfig={ mBounds=Rect(0, 0 - 1920, 1080) mAppBounds=Rect(0, 0 - 1920, 1080) mMaxBounds=Rect(0, 0 - 1920, 1080) mWindowingMode=fullscreen mDisplayWindowingMode=fullscreen mActivityType=undefined mAlwaysOnTop=undefined mRotation=ROTATION_0} s.6 fontWeightAdjustment=0}
06-25 14:28:12.791 480 480 I WindowManager: Override config changes=10000000 {1.0 ?mcc?mnc [zh_CN] ldltr sw720dp w1280dp h696dp 240dpi xlrg long land television -touch qwerty/v/v dpad/v winConfig={ mBounds=Rect(0, 0 - 1920, 1080) mAppBounds=Rect(0, 0 - 1920, 1080) mMaxBounds=Rect(0, 0 - 1920, 1080) mWindowingMode=fullscreen mDisplayWindowingMode=fullscreen mActivityType=undefined mAlwaysOnTop=undefined mRotation=ROTATION_0} s.6 fontWeightAdjustment=0} for displayId=0
06-25 14:28:12.793 480 480 I SystemServerTiming: Ugm.onSystemReady
06-25 14:28:12.794 480 480 I SystemServerTiming: updateForceBackgroundCheck
06-25 14:28:12.795 480 480 I SystemServer: Making services ready
06-25 14:28:12.795 480 480 I SystemServerTiming: StartActivityManagerReadyPhase
06-25 14:28:12.795 480 480 I SystemServiceManager: Starting phase 550
06-25 14:28:12.795 480 480 I SystemServerTiming: OnBootPhase_550
06-25 14:28:12.796 186 186 I hwservicemanager: getTransport: Cannot find entry android.hardware.thermal@2.0::IThermal/default in either framework or device VINTF manifest.
06-25 14:28:12.797 480 480 E ThermalHalWrapper: Thermal HAL 2.0 service not connected.
06-25 14:28:12.798 186 186 I hwservicemanager: getTransport: Cannot find entry android.hardware.thermal@1.1::IThermal/default in either framework or device VINTF manifest.
06-25 14:28:12.799 480 480 E ThermalHalWrapper: Thermal HAL 1.1 service not connected.
06-25 14:28:12.800 186 186 I hwservicemanager: getTransport: Cannot find entry android.hardware.thermal@1.0::IThermal/default in either framework or device VINTF manifest.
06-25 14:28:12.800 480 480 E ThermalHalWrapper: Thermal HAL 1.0 service not connected.
06-25 14:28:12.800 480 480 W ThermalManagerService: No Thermal HAL service on this device
06-25 14:28:12.804 480 480 W ActivityManager: Unable to start service Intent { act=com.android.ITelecomService cmp=com.android.server.telecom/.components.TelecomService } U=0: not found
06-25 14:28:12.807 480 480 I SyncManager: No initial accounts
06-25 14:28:12.813 480 480 D BluetoothManagerService: Bluetooth boot completed
06-25 14:28:12.813 480 480 D BluetoothManagerService: Auto-enabling Bluetooth.
06-25 14:28:12.814 480 587 E NativeTombstoneManager: Tombstone's UID (1013) not an app, ignoring
06-25 14:28:12.815 480 480 D BluetoothA2dp: Binding service...
06-25 14:28:12.815 480 587 I DropBoxManagerService: add tag=SYSTEM_TOMBSTONE_PROTO isTagEnabled=true flags=0x4
06-25 14:28:12.819 480 480 I BluetoothAirplaneModeListener: start
06-25 14:28:12.820 480 523 D BluetoothManagerService: MESSAGE_ENABLE(0): mBluetooth = null
06-25 14:28:12.820 480 523 D BluetoothManagerService: binding Bluetooth service
06-25 14:28:12.825 480 523 D CompatibilityChangeReporter: Compat change id reported: 135634846; UID 1002; state: DISABLED
06-25 14:28:12.843 480 480 W InputMethodUtils: Found no fallback locale. imis=[InputMethodInfo{com.sohu.inputmethod.sogou.tv/.SogouIME, settings: com.sohu.inputmethod.sogou.SogouIMESettingsLauncher}]
06-25 14:28:12.844 480 480 W InputMethodUtils: No software keyboard is found. imis=[InputMethodInfo{com.sohu.inputmethod.sogou.tv/.SogouIME, settings: com.sohu.inputmethod.sogou.SogouIMESettingsLauncher}] systemLocale=zh_CN fallbackLocale=null
06-25 14:28:12.846 480 480 I RebootEscrowManager: No reboot escrow data found for users, skipping loading escrow data
06-25 14:28:12.847 248 248 D Zygote : Forked child process 668
06-25 14:28:12.849 480 542 I ActivityManager: app.processName = com.android.bluetooth
06-25 14:28:12.849 480 542 I ActivityManager: Start proc 668:com.android.bluetooth/1002 for service {com.android.bluetooth/com.android.bluetooth.btservice.AdapterService}
01-01 08:00:16.706 659 659 I sunxi-rfkill soc@3000000: rfkill: wlan power on success
01-01 08:00:16.706 659 659 I WCN : marlin chip en pull up
06-25 14:28:12.852 480 480 I WallpaperManagerService: No static wallpaper imagery; defaults will be shown
06-25 14:28:12.852 480 480 V WallpaperManagerService: bindWallpaperComponentLocked: componentName=ComponentInfo{com.android.systemui/com.android.systemui.ImageWallpaper}
06-25 14:28:12.858 480 480 D CompatibilityChangeReporter: Compat change id reported: 135634846; UID 10067; state: DISABLED
06-25 14:28:12.858 480 480 D CompatibilityChangeReporter: Compat change id reported: 177438394; UID 10067; state: DISABLED
06-25 14:28:12.858 480 480 D CompatibilityChangeReporter: Compat change id reported: 135772972; UID 10067; state: DISABLED
06-25 14:28:12.858 480 480 D CompatibilityChangeReporter: Compat change id reported: 135754954; UID 10067; state: ENABLED
06-25 14:28:12.859 480 542 D CompatibilityChangeReporter: Compat change id reported: 143937733; UID 10067; state: ENABLED
06-25 14:28:12.860 668 668 I Zygote : seccomp disabled by setenforce 0
06-25 14:28:12.860 329 329 I rainbow_flow: type=1400 audit(0.0:358): avc: denied { ioctl } for path="/dev/spidev1.0" dev="tmpfs" ino=749 ioctlcmd=0x6b00 scontext=u:r:init:s0 tcontext=u:object_r:device:s0 tclass=chr_file permissive=1
01-01 08:00:16.730 659 659 I sdiohal : sdiohal_scan_card
01-01 08:00:16.730 659 659 I sunxi-rfkill soc@3000000: rfkill: bus_index: 1
01-01 08:00:16.731 0 0 E : [ C0] sunxi-mmc 4021000.sdmmc: smc 2 p1 err, cmd 52, RTO !!
06-25 14:28:12.880 480 480 E BitmapFactory: Unable to decode stream: java.io.FileNotFoundException: /data/system/users/0/wallpaper_orig: open failed: ENOENT (No such file or directory)
06-25 14:28:12.880 480 480 W WallpaperManagerService: Invalid wallpaper data
06-25 14:28:12.880 480 480 E WallpaperManagerService: Unable to apply new wallpaper
06-25 14:28:12.882 480 480 D AdbService: systemReady
01-01 08:00:16.738 659 659 W sdiohal : probe of mmc2:8800:1 failed with error -110
01-01 08:00:16.739 0 0 E : [ C0] sunxi-mmc 4021000.sdmmc: smc 2 p1 err, cmd 7, RTO !!
06-25 14:28:12.884 253 253 V audio_hw_primary: adev_set_parameters, A2dpSuspended=false
06-25 14:28:12.884 321 323 D XM_HIDREAD: add@ add@/bus/sdio/drivers/sdiohal
06-25 14:28:12.885 480 480 D SoundTriggerService: onBootPhase: 550 : false
06-25 14:28:12.888 480 480 I AppBindingService: Updating constants with: null
06-25 14:28:12.889 408 423 I adbd : jdwp connection from 668
06-25 14:28:12.890 480 520 I SystemServerTimingAsync: InitThreadPoolExec:UsbService$Lifecycle#onBootPhase
06-25 14:28:12.890 480 520 D SystemServerInitThreadPool: Started executing UsbService$Lifecycle#onBootPhase
01-01 08:00:16.746 0 0 E : [ C0] sunxi-mmc 4021000.sdmmc: smc 2 p1 err, cmd 7, RTO !!
01-01 08:00:16.754 0 0 E : [ C0] sunxi-mmc 4021000.sdmmc: smc 2 p1 err, cmd 7, RTO !!
06-25 14:28:12.899 269 269 E android.hardware.usb@1.0-service: Failed to open /sys/class/typec
06-25 14:28:12.900 480 638 E UsbPortManager: port status enquiry failed
06-25 14:28:12.900 480 626 D BluetoothManagerService: Trying to bind to profile: 1, while Bluetooth was disabled
06-25 14:28:12.901 480 520 D SystemServerInitThreadPool: Finished executing UsbService$Lifecycle#onBootPhase
06-25 14:28:12.902 248 248 D Zygote : Forked child process 685
06-25 14:28:12.909 480 480 I PackageManager: Permission ownership changed. Updating all permissions.
06-25 14:28:12.914 685 685 I Zygote : seccomp disabled by setenforce 0
01-01 08:00:16.762 0 0 E : [ C0] sunxi-mmc 4021000.sdmmc: smc 2 p1 err, cmd 7, RTO !!
01-01 08:00:16.770 33 33 I mmc2 : card 8800 removed
01-01 08:00:16.770 33 33 I sunxi-mmc 4021000.sdmmc: sdc set ios:clk 0Hz bm PP pm OFF vdd 0 width 1 timing LEGACY(SDR12) dt B
06-25 14:28:12.914 321 323 D XM_HIDREAD: remove@ remove@/devices/platform/soc@3000000/4021000.sdmmc/mmc_host/mmc2/mmc2:8800/mmc2:8800:1
06-25 14:28:12.914 480 542 W ActivityManager: Slow operation: 58ms so far, now at startProcess: returned from zygote!
06-25 14:28:12.914 321 323 D XM_HIDREAD: remove@ remove@/devices/platform/soc@3000000/4021000.sdmmc/mmc_host/mmc2/mmc2:8800
01-01 08:00:16.771 33 33 I sunxi-mmc 4021000.sdmmc: sdc set ios:clk 0Hz bm PP pm UP vdd 23 width 1 timing LEGACY(SDR12) dt B
01-01 08:00:16.782 33 33 I sunxi-mmc 4021000.sdmmc: sdc set ios:clk 400000Hz bm PP pm ON vdd 23 width 1 timing LEGACY(SDR12) dt B
01-01 08:00:16.795 0 0 E : [ C0] sunxi-mmc 4021000.sdmmc: smc 2 p1 err, cmd 52, RTO !!
06-25 14:28:12.944 268 268 I EventThread: type=1400 audit(0.0:359): avc: denied { search } for name="extcon" dev="sysfs" ino=18109 scontext=u:r:hal_tv_cec_default:s0 tcontext=u:object_r:sysfs_extcon:s0 tclass=dir permissive=1
01-01 08:00:16.804 0 0 E : [ C0] sunxi-mmc 4021000.sdmmc: smc 2 p1 err, cmd 52, RTO !!
01-01 08:00:16.812 33 33 I sunxi-mmc 4021000.sdmmc: sdc set ios:clk 400000Hz bm PP pm ON vdd 23 width 1 timing LEGACY(SDR12) dt B
06-25 14:28:12.957 408 423 I adbd : jdwp connection from 685
06-25 14:28:12.961 480 480 W SystemServiceManager: Service com.android.server.policy.PermissionPolicyService took 73 ms in onBootPhase
06-25 14:28:12.961 480 480 I SystemServerTiming: StartObservingNativeCrashes
06-25 14:28:12.962 480 480 I SystemServerTiming: RegisterAppOpsPolicy
06-25 14:28:12.962 480 654 W ActivityManager: Slow operation: 65ms so far, now at attachApplicationLocked: before bindApplication
01-01 08:00:16.815 33 33 I sunxi-mmc 4021000.sdmmc: sdc set ios:clk 400000Hz bm PP pm ON vdd 23 width 1 timing LEGACY(SDR12) dt B
06-25 14:28:12.965 480 654 D CompatibilityChangeReporter: Compat change id reported: 168419799; UID 1002; state: DISABLED
06-25 14:28:12.966 480 654 W ActivityManager: Slow operation: 68ms so far, now at attachApplicationLocked: immediately before bindApplication
06-25 14:28:12.972 480 654 W ActivityManager: Slow operation: 74ms so far, now at attachApplicationLocked: immediately after bindApplication
06-25 14:28:12.972 480 654 W ActivityManager: Slow operation: 75ms so far, now at attachApplicationLocked: after updateLruProcessLocked
06-25 14:28:12.968 336 336 I xiriservice_All: type=1400 audit(0.0:360): avc: denied { read } for scontext=u:r:init:s0 tcontext=u:r:init:s0 tclass=netlink_kobject_uevent_socket permissive=1
06-25 14:28:12.975 321 323 D XM_HIDREAD: add@ add@/devices/platform/soc@3000000/4021000.sdmmc/mmc_host/mmc2/mmc2:8800
06-25 14:28:12.975 321 323 D XM_HIDREAD: add@ add@/devices/platform/soc@3000000/4021000.sdmmc/mmc_host/mmc2/mmc2:8800/mmc2:8800:1
01-01 08:00:16.827 33 33 I sunxi-mmc 4021000.sdmmc: sdc set ios:clk 400000Hz bm PP pm ON vdd 23 width 4 timing LEGACY(SDR12) dt B
01-01 08:00:16.828 33 33 I sunxi-mmc 4021000.sdmmc: sdc set ios:clk 400000Hz bm PP pm ON vdd 23 width 4 timing UHS-SDR104 dt B
01-01 08:00:16.828 33 33 I sunxi-mmc 4021000.sdmmc: sdc set ios:clk 150000000Hz bm PP pm ON vdd 23 width 4 timing UHS-SDR104 dt B
01-01 08:00:16.829 33 33 I mmc2 : new ultra high speed SDR104 SDIO card at address 8800
06-25 14:28:12.979 480 654 W ActivityManager: Slow operation: 81ms so far, now at attachApplicationLocked: after mServices.attachApplicationLocked
06-25 14:28:12.980 480 626 D BluetoothA2dp: Binding service...
06-25 14:28:12.980 480 542 W ActivityManager: Slow operation: 124ms so far, now at startProcess: done updating battery stats
06-25 14:28:12.981 480 542 W ActivityManager: Slow operation: 124ms so far, now at startProcess: building log message
06-25 14:28:12.981 480 542 I ActivityManager: app.processName = com.android.systemui
06-25 14:28:12.981 480 542 I ActivityManager: Start proc 685:com.android.systemui/u0a67 for service {com.android.systemui/com.android.systemui.ImageWallpaper}
06-25 14:28:12.981 480 542 W ActivityManager: Slow operation: 125ms so far, now at startProcess: starting to update pids map
06-25 14:28:12.981 480 542 W ActivityManager: Slow operation: 125ms so far, now at startProcess: done updating pids map
01-01 08:00:16.835 33 33 I sdiohal : sdiohal_probe: func->class=0, vendor=0x0000, device=0x0000, func_num=0x0001, clock=150000000, SDIOHAL_RX_RECVBUF_LEN:200,SDIOHAL_32_BIT_RX_RECVBUF_LEN:32.
01-01 08:00:16.835 33 33 I WCN : marlin_get_wcn_chipid: chipid: 0x56630001
01-01 08:00:16.835 33 33 I WCN : marlin_scan_finish!
01-01 08:00:16.835 33 33 I sdiohal : sdiohal_probe: sdio_dev_host, max_req_size=0x2000000, max_blk_count=0x2000, max_blk_size=0x1000
01-01 08:00:16.835 33 33 I sdiohal : probe ok
01-01 08:00:16.835 659 659 I sdiohal : scan end!
01-01 08:00:16.835 659 659 I WCN : then marlin start to download
01-01 08:00:16.836 33 33 I WCN : marlin_request_firmware from /vendor/etc/firmware/wcnmodem.bin start!
06-25 14:28:12.984 480 574 D CompatibilityChangeReporter: Compat change id reported: 168419799; UID 10067; state: DISABLED
06-25 14:28:12.986 668 668 D CompatibilityChangeReporter: Compat change id reported: 171979766; UID 1002; state: ENABLED
01-01 08:00:16.845 33 33 I WCN : marlin_firmware_parse_image imagepack is WCNE type,need parse it
01-01 08:00:16.845 33 33 I WCN : marlin marlin_firmware_write imagepack is WCNE type,need parse it
01-01 08:00:16.845 0 0 E : [ C0] sunxi-mmc 4021000.sdmmc: smc 2 p1 err, cmd 53, WR DCE !!
06-25 14:28:12.993 685 685 D CompatibilityChangeReporter: Compat change id reported: 171979766; UID 10067; state: ENABLED
06-25 14:28:12.994 253 253 V audio_hw_primary: adev_set_parameters, BT_SCO=off
06-25 14:28:12.995 480 627 I AS.AudioDeviceInventory: removePreferredDevicesForStrategySync, strategy: 14
06-25 14:28:12.998 480 528 I SystemServerTimingAsync: InitThreadPoolExec:WebViewFactoryPreparation
06-25 14:28:12.998 480 528 D SystemServerInitThreadPool: Started executing WebViewFactoryPreparation
06-25 14:28:12.998 480 528 I SystemServer: WebViewFactoryPreparation
06-25 14:28:12.998 480 528 I SystemServerTimingAsync: WebViewFactoryPreparation
06-25 14:28:12.998 480 480 I SystemServerTiming: MakeNetworkManagementServiceReady
06-25 14:28:13.001 480 528 D CompatibilityChangeReporter: Compat change id reported: 135634846; UID 1000; state: DISABLED
06-25 14:28:13.001 480 528 D CompatibilityChangeReporter: Compat change id reported: 177438394; UID 1000; state: DISABLED
06-25 14:28:13.001 480 528 D CompatibilityChangeReporter: Compat change id reported: 135772972; UID 1000; state: DISABLED
06-25 14:28:13.002 480 528 D CompatibilityChangeReporter: Compat change id reported: 178038272; UID 1000; state: DISABLED
01-01 08:00:16.853 132 132 I sunxi-mmc 4021000.sdmmc: *****retry:start*****
01-01 08:00:16.853 132 132 I sunxi-mmc 4021000.sdmmc: REG_DRV_DL: 0x00010000
01-01 08:00:16.853 132 132 I sunxi-mmc 4021000.sdmmc: REG_SD_NTSR: 0x81710000
01-01 08:00:16.853 132 132 I sunxi-mmc 4021000.sdmmc: *****retry:re-send cmd*****
01-01 08:00:16.853 0 0 E : [ C0] sunxi-mmc 4021000.sdmmc: smc 2 p1 err, cmd 53, WR DCE !!
01-01 08:00:16.862 132 132 I sunxi-mmc 4021000.sdmmc: *****retry:start*****
01-01 08:00:16.862 132 132 I sunxi-mmc 4021000.sdmmc: REG_DRV_DL: 0x00010000
01-01 08:00:16.862 132 132 I sunxi-mmc 4021000.sdmmc: REG_SD_NTSR: 0x81710000
01-01 08:00:16.862 132 132 I sunxi-mmc 4021000.sdmmc: *****retry:re-send cmd*****
01-01 08:00:16.862 0 0 E : [ C0] sunxi-mmc 4021000.sdmmc: smc 2 p1 err, cmd 53, WR DCE !!
06-25 14:28:13.014 248 248 D Zygote : Forked child process 704
06-25 14:28:13.015 253 253 D audio_hw_primary: Mic get_audio_devices_active:
06-25 14:28:13.015 253 253 D audio_hw_primary: get_audio_devices_active: AUDIO_HDMI
06-25 14:28:13.016 253 253 D xm_audio: adev_get_parameters
06-25 14:28:13.016 273 447 I hash_map_utils: system/bt/osi/src/hash_map_utils.cc:81 hash_map_utils_dump_string_keys_string_values: key: 'audio_devices_out_active' value: ''
06-25 14:28:13.017 480 542 I ActivityManager: app.processName = WebViewLoader-armeabi-v7a
06-25 14:28:13.017 480 542 I ActivityManager: Start proc 704:WebViewLoader-armeabi-v7a/1037 [android.webkit.WebViewLibraryLoader$RelroFileCreator] for null
06-25 14:28:13.018 253 253 V audio_hw_primary: adev_set_parameters, mediasw.sft.rawdata=HDMI_RAW
06-25 14:28:13.018 480 528 D SystemServerInitThreadPool: Finished executing WebViewFactoryPreparation
06-25 14:28:13.022 704 704 I Zygote : seccomp disabled by setenforce 0
01-01 08:00:16.870 132 132 I sunxi-mmc 4021000.sdmmc: *****retry:start*****
01-01 08:00:16.870 132 132 I sunxi-mmc 4021000.sdmmc: REG_DRV_DL: 0x00010000
01-01 08:00:16.870 132 132 I sunxi-mmc 4021000.sdmmc: REG_SD_NTSR: 0x81710000
01-01 08:00:16.870 132 132 I sunxi-mmc 4021000.sdmmc: *****retry:re-send cmd*****
01-01 08:00:16.870 0 0 E : [ C0] sunxi-mmc 4021000.sdmmc: smc 2 p1 err, cmd 53, WR DCE !!
01-01 08:00:16.878 132 132 I sunxi-mmc 4021000.sdmmc: *****retry:start*****
01-01 08:00:16.878 132 132 I sunxi-mmc 4021000.sdmmc: REG_DRV_DL: 0x00030000
01-01 08:00:16.878 132 132 I sunxi-mmc 4021000.sdmmc: REG_SD_NTSR: 0x81710110
01-01 08:00:16.878 132 132 I sunxi-mmc 4021000.sdmmc: *****retry:re-send cmd*****
01-01 08:00:16.878 0 0 D : [ C0] 4,end
06-25 14:28:13.020 1 1 I /system/bin/init: type=1107 audit(0.0:361): uid=0 auid=4294967295 ses=4294967295 subj=u:r:init:s0 msg='avc: denied { set } for property=vendor.mediasw.sft.rawdata pid=253 uid=1041 gid=1005 scontext=u:r:hal_audio_default:s0 tcontext=u:object_r:vendor_audio_prop:s0 tclass=property_service permissive=1'
06-25 14:28:13.027 480 480 W NetworkManagement: setDataSaverMode(): already false
06-25 14:28:13.030 480 480 I SystemServerTiming: MakeIpSecServiceReady
06-25 14:28:13.032 480 480 D IpSecService: IpSecService is ready
06-25 14:28:13.032 480 480 I SystemServerTiming: MakeNetworkStatsServiceReady
06-25 14:28:13.032 329 329 I rainbow_flow: type=1400 audit(0.0:362): avc: denied { ioctl } for path="/dev/spidev1.0" dev="tmpfs" ino=749 ioctlcmd=0x6b00 scontext=u:r:init:s0 tcontext=u:object_r:device:s0 tclass=chr_file permissive=1
06-25 14:28:13.044 273 447 I AudioFlinger: systemReady
06-25 14:28:13.045 408 423 I adbd : jdwp connection from 704
06-25 14:28:13.061 480 626 D AS.AudioService: No vibrator found
06-25 14:28:13.061 480 607 W NetworkPolicy: setRestrictBackgroundUL: already false
06-25 14:28:13.076 480 480 W BestClock: java.time.DateTimeException: Missing NTP fix
01-01 08:00:16.940 33 33 I WCN : combin_img 4 marlin_firmware_write finish and successful
01-01 08:00:16.940 33 33 I WCN : marlin_start_run read reset reg val:0x180008
01-01 08:00:16.940 33 33 I WCN : after do marlin_start_run reset reg val:0x80008
01-01 08:00:16.941 33 33 I WCN : s_marlin_bootup_time=14876878192
01-01 08:00:16.947 33 33 I WCN : clock mode: TCXO, outside clock
01-01 08:00:16.947 33 33 I WCN : marlin_write_cali_data sync init_state:0x0
06-25 14:28:13.101 480 607 W BestClock: java.time.DateTimeException: Missing NTP fix
06-25 14:28:13.105 366 476 D MediaCodecList: Allowing all OMX codecs
06-25 14:28:13.106 480 616 D ConnectivityService: NetReassign [no changes]
06-25 14:28:13.108 366 476 E cutils-trace: Error opening trace file: No such file or directory (2)
06-25 14:28:13.110 480 654 D CompatibilityChangeReporter: Compat change id reported: 168419799; UID 1000; state: DISABLED
06-25 14:28:13.117 704 704 V WebViewLibraryLoader: RelroFileCreator (64bit = false), package: com.android.webview library: libwebviewchromium.so
01-01 08:00:16.976 33 33 I WCN : marlin_write_cali_data sync init_state:0x0
06-25 14:28:13.128 366 476 I OMXClient: IOmx service obtained
06-25 14:28:13.128 373 373 I OMXStore: makeComponentInstance(OMX.allwinner.video.decoder.avc) in android.hardwar process
06-25 14:28:13.139 373 373 I omx_vdec_aw: : OmxDecoderCreate.
06-25 14:28:13.141 373 373 W omx_vdec: <__AwOmxVdecSetParameter:1561>: Set Parameter called in valid state
06-25 14:28:13.144 373 373 W omx_vdec: : pParamProfileLevel->nProfileIndex[0x3] error!
06-25 14:28:13.144 373 373 E OMXNodeInstance: getParameter(0xf0f7c000:allwinner.decoder.avc, ParamVideoProfileLevelQuerySupported(0x600000f)) ERROR: BadParameter(0x80001005)
06-25 14:28:13.145 373 373 W omx_vdec: <__AwOmxVdecGetExtensionIndex:1737>: GetExtensionIndex OMX.google.android.index.describeColorFormat, err [0x80001001].
06-25 14:28:13.145 373 373 W omx_vdec: <__AwOmxVdecGetExtensionIndex:1737>: GetExtensionIndex OMX.google.android.index.describeColorFormat2, err [0x80001001].
06-25 14:28:13.145 373 373 E omx_vdec: : erro: pParamData->nIndex > m_sPortFormatType.nIndex
06-25 14:28:13.145 373 373 W omx_vdec: <__AwOmxVdecGetExtensionIndex:1737>: GetExtensionIndex OMX.google.android.index.describeColorFormat, err [0x80001001].
06-25 14:28:13.145 373 373 W omx_vdec: <__AwOmxVdecGetExtensionIndex:1737>: GetExtensionIndex OMX.google.android.index.describeColorFormat2, err [0x80001001].
06-25 14:28:13.145 373 373 E omx_vdec: : erro: pParamData->nIndex > m_sPortFormatType.nIndex
06-25 14:28:13.145 373 373 W omx_vdec: <__AwOmxVdecGetExtensionIndex:1737>: GetExtensionIndex OMX.google.android.index.describeColorFormat, err [0x80001001].
06-25 14:28:13.145 373 373 W omx_vdec: <__AwOmxVdecGetExtensionIndex:1737>: GetExtensionIndex OMX.google.android.index.describeColorFormat2, err [0x80001001].
06-25 14:28:13.146 373 373 E omx_vdec: : erro: pParamData->nIndex > m_sPortFormatType.nIndex
06-25 14:28:13.146 373 373 W omx_vdec: <__AwOmxVdecGetExtensionIndex:1737>: GetExtensionIndex OMX.google.android.index.describeColorFormat, err [0x80001001].
06-25 14:28:13.146 373 373 W omx_vdec: <__AwOmxVdecGetExtensionIndex:1737>: GetExtensionIndex OMX.google.android.index.describeColorFormat2, err [0x80001001].
06-25 14:28:13.146 373 373 E omx_vdec: : erro: pParamData->nIndex > m_sPortFormatType.nIndex
06-25 14:28:13.146 373 373 W omx_vdec: <__AwOmxVdecGetExtensionIndex:1737>: GetExtensionIndex OMX.google.android.index.describeColorFormat, err [0x80001001].
06-25 14:28:13.146 373 373 W omx_vdec: <__AwOmxVdecGetExtensionIndex:1737>: GetExtensionIndex OMX.google.android.index.describeColorFormat2, err [0x80001001].
06-25 14:28:13.146 373 373 E omx_vdec: : erro: pParamData->nIndex > m_sPortFormatType.nIndex
06-25 14:28:13.146 373 373 W omx_vdec: <__AwOmxVdecGetExtensionIndex:1737>: GetExtensionIndex OMX.google.android.index.describeColorFormat, err [0x80001001].
06-25 14:28:13.146 373 373 W omx_vdec: <__AwOmxVdecGetExtensionIndex:1737>: GetExtensionIndex OMX.google.android.index.describeColorFormat2, err [0x80001001].
06-25 14:28:13.147 373 373 E omx_vdec: : erro: pParamData->nIndex > m_sPortFormatType.nIndex
06-25 14:28:13.147 373 373 W omx_vdec: <__AwOmxVdecGetExtensionIndex:1737>: GetExtensionIndex OMX.google.android.index.describeColorFormat, err [0x80001001].
06-25 14:28:13.147 373 373 W omx_vdec: <__AwOmxVdecGetExtensionIndex:1737>: GetExtensionIndex OMX.google.android.index.describeColorFormat2, err [0x80001001].
06-25 14:28:13.147 373 373 E omx_vdec: : erro: pParamData->nIndex > m_sPortFormatType.nIndex
06-25 14:28:13.147 373 373 W omx_vdec: <__AwOmxVdecGetExtensionIndex:1737>: GetExtensionIndex OMX.google.android.index.describeColorFormat, err [0x80001001].
06-25 14:28:13.147 373 373 W omx_vdec: <__AwOmxVdecGetExtensionIndex:1737>: GetExtensionIndex OMX.google.android.index.describeColorFormat2, err [0x80001001].
06-25 14:28:13.147 480 480 I SystemServerTiming: MakeConnectivityServiceReady
06-25 14:28:13.147 373 373 E omx_vdec: : erro: pParamData->nIndex > m_sPortFormatType.nIndex
06-25 14:28:13.147 373 373 W omx_vdec: <__AwOmxVdecGetExtensionIndex:1737>: GetExtensionIndex OMX.google.android.index.describeColorFormat, err [0x80001001].
06-25 14:28:13.148 373 373 W omx_vdec: <__AwOmxVdecGetExtensionIndex:1737>: GetExtensionIndex OMX.google.android.index.describeColorFormat2, err [0x80001001].
06-25 14:28:13.148 373 373 E omx_vdec: : erro: pParamData->nIndex > m_sPortFormatType.nIndex
06-25 14:28:13.148 373 373 W omx_vdec: <__AwOmxVdecGetExtensionIndex:1737>: GetExtensionIndex OMX.google.android.index.describeColorFormat, err [0x80001001].
06-25 14:28:13.148 373 373 W omx_vdec: <__AwOmxVdecGetExtensionIndex:1737>: GetExtensionIndex OMX.google.android.index.describeColorFormat2, err [0x80001001].
06-25 14:28:13.148 373 373 E omx_vdec: : erro: pParamData->nIndex > m_sPortFormatType.nIndex
06-25 14:28:13.148 480 480 D PermissionMonitor: Monitoring
06-25 14:28:13.148 373 373 W omx_vdec: <__AwOmxVdecGetExtensionIndex:1737>: GetExtensionIndex OMX.google.android.index.describeColorFormat, err [0x80001001].
06-25 14:28:13.148 373 373 W omx_vdec: <__AwOmxVdecGetExtensionIndex:1737>: GetExtensionIndex OMX.google.android.index.describeColorFormat2, err [0x80001001].
06-25 14:28:13.148 373 373 E omx_vdec: : erro: pParamData->nIndex > m_sPortFormatType.nIndex
06-25 14:28:13.149 373 373 W omx_vdec: <__AwOmxVdecGetExtensionIndex:1737>: GetExtensionIndex OMX.google.android.index.describeColorFormat, err [0x80001001].
06-25 14:28:13.149 373 373 W omx_vdec: <__AwOmxVdecGetExtensionIndex:1737>: GetExtensionIndex OMX.google.android.index.describeColorFormat2, err [0x80001001].
06-25 14:28:13.149 373 373 E omx_vdec: : erro: pParamData->nIndex > m_sPortFormatType.nIndex
06-25 14:28:13.149 373 373 W omx_vdec: <__AwOmxVdecGetExtensionIndex:1737>: GetExtensionIndex OMX.google.android.index.describeColorFormat, err [0x80001001].
06-25 14:28:13.149 373 373 W omx_vdec: <__AwOmxVdecGetExtensionIndex:1737>: GetExtensionIndex OMX.google.android.index.describeColorFormat2, err [0x80001001].
06-25 14:28:13.149 373 373 E omx_vdec: : erro: pParamData->nIndex > m_sPortFormatType.nIndex
06-25 14:28:13.149 373 373 W omx_vdec: <__AwOmxVdecGetExtensionIndex:1737>: GetExtensionIndex OMX.google.android.index.describeColorFormat, err [0x80001001].
06-25 14:28:13.149 373 373 W omx_vdec: <__AwOmxVdecGetExtensionIndex:1737>: GetExtensionIndex OMX.google.android.index.describeColorFormat2, err [0x80001001].
06-25 14:28:13.149 373 373 E omx_vdec: : erro: pParamData->nIndex > m_sPortFormatType.nIndex
06-25 14:28:13.150 373 373 W omx_vdec: <__AwOmxVdecGetExtensionIndex:1737>: GetExtensionIndex OMX.google.android.index.describeColorFormat, err [0x80001001].
06-25 14:28:13.150 373 373 W omx_vdec: <__AwOmxVdecGetExtensionIndex:1737>: GetExtensionIndex OMX.google.android.index.describeColorFormat2, err [0x80001001].
06-25 14:28:13.150 373 373 E omx_vdec: : erro: pParamData->nIndex > m_sPortFormatType.nIndex
06-25 14:28:13.150 373 373 W omx_vdec: <__AwOmxVdecGetExtensionIndex:1737>: GetExtensionIndex OMX.google.android.index.describeColorFormat, err [0x80001001].
06-25 14:28:13.150 373 373 W omx_vdec: <__AwOmxVdecGetExtensionIndex:1737>: GetExtensionIndex OMX.google.android.index.describeColorFormat2, err [0x80001001].
06-25 14:28:13.150 373 373 E omx_vdec: : erro: pParamData->nIndex > m_sPortFormatType.nIndex
06-25 14:28:13.150 373 373 W omx_vdec: <__AwOmxVdecGetExtensionIndex:1737>: GetExtensionIndex OMX.google.android.index.describeColorFormat, err [0x80001001].
06-25 14:28:13.150 373 373 W omx_vdec: <__AwOmxVdecGetExtensionIndex:1737>: GetExtensionIndex OMX.google.android.index.describeColorFormat2, err [0x80001001].
06-25 14:28:13.151 373 373 E omx_vdec: : erro: pParamData->nIndex > m_sPortFormatType.nIndex
06-25 14:28:13.151 373 373 W omx_vdec: <__AwOmxVdecGetExtensionIndex:1737>: GetExtensionIndex OMX.google.android.index.describeColorFormat, err [0x80001001].
06-25 14:28:13.151 373 373 W omx_vdec: <__AwOmxVdecGetExtensionIndex:1737>: GetExtensionIndex OMX.google.android.index.describeColorFormat2, err [0x80001001].
06-25 14:28:13.151 373 373 E omx_vdec: : erro: pParamData->nIndex > m_sPortFormatType.nIndex
