06-25 14:28:14.396 480 725 D CCodecConfig: c2::u32 input.buffers.max-size.value = 32768
06-25 14:28:14.396 480 725 D CCodecConfig: c2::u32 input.delay.value = 0
06-25 14:28:14.396 480 725 D CCodecConfig: string input.media-type.value = "audio/vorbis"
06-25 14:28:14.396 480 725 D CCodecConfig: string output.media-type.value = "audio/raw"
06-25 14:28:14.396 480 725 D CCodecConfig: c2::u32 raw.channel-count.value = 1
06-25 14:28:14.396 480 725 D CCodecConfig: c2::u32 raw.sample-rate.value = 48000
06-25 14:28:14.396 480 725 D CCodecConfig: }
06-25 14:28:14.396 396 821 D C2Store : Using ION
06-25 14:28:14.398 480 724 I CCodecBufferChannel: [c2.android.vorbis.decoder#900] Created output block pool with allocatorID 16 => poolID 17 - OK
06-25 14:28:14.401 824 909 D CCodec : allocate(c2.android.vorbis.decoder)
06-25 14:28:14.402 480 725 D CCodec : [c2.android.vorbis.decoder] buffers are bound to CCodec for this session
06-25 14:28:14.402 480 725 D CCodecConfig: no c2 equivalents for durationUs
06-25 14:28:14.402 480 725 D CCodecConfig: no c2 equivalents for track-id
06-25 14:28:14.402 480 725 D CCodecConfig: no c2 equivalents for csd-1
06-25 14:28:14.402 480 725 D CCodecConfig: no c2 equivalents for channel-mask
06-25 14:28:14.402 480 725 D CCodecConfig: no c2 equivalents for flags
06-25 14:28:14.404 480 725 D CCodecConfig: c2 config diff is c2::u32 raw.channel-count.value = 2
06-25 14:28:14.404 480 725 D CCodecConfig: c2::u32 raw.sample-rate.value = 44100
06-25 14:28:14.405 480 725 W Codec2Client: query -- param skipped: index = 1107298332.
06-25 14:28:14.406 480 725 D CCodec : setup formats input: AMessage(what = 0x00000000) = {
06-25 14:28:14.406 480 725 D CCodec : int32_t bitrate = 64000
06-25 14:28:14.406 480 725 D CCodec : int32_t channel-count = 2
06-25 14:28:14.406 480 725 D CCodec : int32_t max-input-size = 32768
06-25 14:28:14.406 480 725 D CCodec : string mime = "audio/vorbis"
06-25 14:28:14.406 480 725 D CCodec : int32_t sample-rate = 44100
06-25 14:28:14.406 480 725 D CCodec : }
06-25 14:28:14.406 480 725 D CCodec : setup formats output: AMessage(what = 0x00000000) = {
06-25 14:28:14.406 480 725 D CCodec : int32_t channel-count = 2
06-25 14:28:14.406 480 725 D CCodec : string mime = "audio/raw"
06-25 14:28:14.406 480 725 D CCodec : int32_t sample-rate = 44100
06-25 14:28:14.406 480 725 D CCodec : int32_t channel-mask = 3
06-25 14:28:14.406 480 725 D CCodec : }
06-25 14:28:14.406 480 725 I CCodecConfig: query failed after returning 7 values (BAD_INDEX)
06-25 14:28:14.407 480 724 D CCodecBufferChannel: [c2.android.vorbis.decoder#900] Configured output block pool ids 17 => OK
06-25 14:28:14.408 480 724 E ion : ioctl c0044901 failed with code -1: Inappropriate ioctl for device
06-25 14:28:14.409 480 609 D WifiScoreReport: setShouldReduceNetworkScore=false mNetworkAgent is null? true
06-25 14:28:14.409 480 609 V WifiClientModeManager[wlan0]: ClientModeManager started in role: Role: ROLE_CLIENT_PRIMARY, RequestorWs: WorkSource{1000 com.android.tv.settings}, ModeListener: com.android.server.wifi.ActiveModeWarden$ClientListener@204a378
06-25 14:28:14.413 824 909 I Codec2Client: Available Codec2 services: "software"
06-25 14:28:14.414 480 725 W Codec2Client: query -- param skipped: index = 1342179345.
06-25 14:28:14.414 480 725 W Codec2Client: query -- param skipped: index = 2415921170.
06-25 14:28:14.418 480 725 D CCodecBufferChannel: [c2.android.vorbis.decoder#956] Created input block pool with allocatorID 16 => poolID 18 - OK (0)
06-25 14:28:14.416 480 480 I Binder:480_7: type=1400 audit(0.0:392): avc: denied { read } for name="u:object_r:vendor_default_prop:s0" dev="tmpfs" ino=6521 scontext=u:r:system_server:s0 tcontext=u:object_r:vendor_default_prop:s0 tclass=file permissive=1
06-25 14:28:14.416 480 480 I Binder:480_7: type=1400 audit(0.0:393): avc: denied { open } for path="/dev/__properties__/u:object_r:vendor_default_prop:s0" dev="tmpfs" ino=6521 scontext=u:r:system_server:s0 tcontext=u:object_r:vendor_default_prop:s0 tclass=file permissive=1
06-25 14:28:14.416 480 480 I Binder:480_7: type=1400 audit(0.0:394): avc: denied { getattr } for path="/dev/__properties__/u:object_r:vendor_default_prop:s0" dev="tmpfs" ino=6521 scontext=u:r:system_server:s0 tcontext=u:object_r:vendor_default_prop:s0 tclass=file permissive=1
06-25 14:28:14.416 480 480 I Binder:480_7: type=1400 audit(0.0:395): avc: denied { map } for path="/dev/__properties__/u:object_r:vendor_default_prop:s0" dev="tmpfs" ino=6521 scontext=u:r:system_server:s0 tcontext=u:object_r:vendor_default_prop:s0 tclass=file permissive=1
06-25 14:28:14.427 480 525 D CompatibilityChangeReporter: Compat change id reported: 158002302; UID 1000; state: ENABLED
06-25 14:28:14.429 685 685 W SystemServiceRegistry: No service published for: fingerprint
06-25 14:28:14.429 396 821 E ion : ioctl c0044901 failed with code -1: Inappropriate ioctl for device
06-25 14:28:14.430 480 725 I CCodecBufferChannel: [c2.android.vorbis.decoder#956] Created output block pool with allocatorID 16 => poolID 18 - OK
06-25 14:28:14.431 480 725 D CCodecBufferChannel: [c2.android.vorbis.decoder#956] Configured output block pool ids 18 => OK
06-25 14:28:14.432 396 908 D SimpleC2Component: Using output block pool with poolID 17 => got 17 - 0
06-25 14:28:14.433 685 685 W SystemServiceRegistry: No service published for: face
06-25 14:28:14.438 824 909 I CCodec : Created component [c2.android.vorbis.decoder]
06-25 14:28:14.438 824 909 D CCodecConfig: read media type: audio/vorbis
06-25 14:28:14.440 186 186 I hwservicemanager: getTransport: Cannot find entry android.hardware.configstore@1.0::ISurfaceFlingerConfigs/default in either framework or device VINTF manifest.
06-25 14:28:14.442 824 909 D ReflectedParamUpdater: extent() != 1 for single value type: algo.buffers.max-count.values
06-25 14:28:14.443 824 909 D ReflectedParamUpdater: extent() != 1 for single value type: output.subscribed-indices.values
06-25 14:28:14.444 480 609 D WifiScanRequestProxy: Sending scan available broadcast: true
06-25 14:28:14.444 824 909 D ReflectedParamUpdater: extent() != 1 for single value type: input.buffers.allocator-ids.values
06-25 14:28:14.444 824 909 D ReflectedParamUpdater: extent() != 1 for single value type: output.buffers.allocator-ids.values
06-25 14:28:14.444 824 909 D ReflectedParamUpdater: extent() != 1 for single value type: algo.buffers.allocator-ids.values
06-25 14:28:14.444 824 909 D ReflectedParamUpdater: extent() != 1 for single value type: output.buffers.pool-ids.values
06-25 14:28:14.445 824 909 D ReflectedParamUpdater: extent() != 1 for single value type: algo.buffers.pool-ids.values
06-25 14:28:14.449 396 910 D SimpleC2Component: Using output block pool with poolID 18 => got 18 - 0
06-25 14:28:14.451 824 909 I CCodecConfig: query failed after returning 7 values (BAD_INDEX)
06-25 14:28:14.451 824 909 D CCodecConfig: c2 config diff is Dict {
06-25 14:28:14.451 824 909 D CCodecConfig: c2::u32 coded.bitrate.value = 64000
06-25 14:28:14.451 824 909 D CCodecConfig: c2::u32 input.buffers.max-size.value = 32768
06-25 14:28:14.451 824 909 D CCodecConfig: c2::u32 input.delay.value = 0
06-25 14:28:14.451 824 909 D CCodecConfig: string input.media-type.value = "audio/vorbis"
06-25 14:28:14.451 824 909 D CCodecConfig: string output.media-type.value = "audio/raw"
06-25 14:28:14.451 824 909 D CCodecConfig: c2::u32 raw.channel-count.value = 1
06-25 14:28:14.451 824 909 D CCodecConfig: c2::u32 raw.sample-rate.value = 48000
06-25 14:28:14.451 824 909 D CCodecConfig: }
06-25 14:28:14.453 824 909 D CCodec : [c2.android.vorbis.decoder] buffers are bound to CCodec for this session
06-25 14:28:14.453 824 909 D CCodecConfig: no c2 equivalents for durationUs
06-25 14:28:14.453 824 909 D CCodecConfig: no c2 equivalents for track-id
06-25 14:28:14.453 824 909 D CCodecConfig: no c2 equivalents for csd-1
06-25 14:28:14.453 824 909 D CCodecConfig: no c2 equivalents for channel-mask
06-25 14:28:14.453 824 909 D CCodecConfig: no c2 equivalents for flags
06-25 14:28:14.448 268 268 I EventThread: type=1400 audit(0.0:396): avc: denied { search } for name="extcon" dev="sysfs" ino=18109 scontext=u:r:hal_tv_cec_default:s0 tcontext=u:object_r:sysfs_extcon:s0 tclass=dir permissive=1
06-25 14:28:14.454 824 909 D CCodecConfig: c2 config diff is c2::u32 coded.bitrate.value = 224000
06-25 14:28:14.454 824 909 D CCodecConfig: c2::u32 raw.channel-count.value = 2
06-25 14:28:14.455 480 609 I WifiScanRequestProxy: Scanning is enabled
06-25 14:28:14.455 480 609 I WifiScanRequestProxy: Scanning for hidden networks is enabled
06-25 14:28:14.457 824 909 W Codec2Client: query -- param skipped: index = 1107298332.
06-25 14:28:14.457 824 909 D CCodec : setup formats input: AMessage(what = 0x00000000) = {
06-25 14:28:14.457 824 909 D CCodec : int32_t bitrate = 224000
06-25 14:28:14.457 824 909 D CCodec : int32_t channel-count = 2
06-25 14:28:14.457 824 909 D CCodec : int32_t max-input-size = 32768
06-25 14:28:14.457 824 909 D CCodec : string mime = "audio/vorbis"
06-25 14:28:14.457 824 909 D CCodec : int32_t sample-rate = 48000
06-25 14:28:14.457 824 909 D CCodec : }
06-25 14:28:14.457 824 909 D CCodec : setup formats output: AMessage(what = 0x00000000) = {
06-25 14:28:14.457 824 909 D CCodec : int32_t channel-count = 2
06-25 14:28:14.457 824 909 D CCodec : string mime = "audio/raw"
06-25 14:28:14.457 824 909 D CCodec : int32_t sample-rate = 48000
06-25 14:28:14.457 824 909 D CCodec : int32_t channel-mask = 3
06-25 14:28:14.457 824 909 D CCodec : }
06-25 14:28:14.457 480 480 W Looper : Slow dispatch took 175ms main h=android.app.ActivityThread$H c=android.app.LoadedApk$ReceiverDispatcher$Args$$ExternalSyntheticLambda0@c1e8ebc m=0
06-25 14:28:14.457 824 909 I CCodecConfig: query failed after returning 7 values (BAD_INDEX)
06-25 14:28:14.459 824 909 W Codec2Client: query -- param skipped: index = 1342179345.
06-25 14:28:14.459 824 909 W Codec2Client: query -- param skipped: index = 2415921170.
06-25 14:28:14.460 824 909 D C2Store : Using ION
06-25 14:28:14.461 824 909 D CCodecBufferChannel: [c2.android.vorbis.decoder#179] Created input block pool with allocatorID 16 => poolID 17 - OK (0)
06-25 14:28:14.463 824 909 I CCodecBufferChannel: [c2.android.vorbis.decoder#179] Created output block pool with allocatorID 16 => poolID 19 - OK
06-25 14:28:14.463 824 909 D CCodecBufferChannel: [c2.android.vorbis.decoder#179] Configured output block pool ids 19 => OK
06-25 14:28:14.464 480 613 I WifiScanningService: Received a request to enable scanning, UID = 1000
06-25 14:28:14.464 824 909 E ion : ioctl c0044901 failed with code -1: Inappropriate ioctl for device
06-25 14:28:14.470 396 917 D SimpleC2Component: Using output block pool with poolID 19 => got 19 - 0
06-25 14:28:14.474 398 398 I update_engine: [INFO:cleanup_previous_update_action.cc(112)] Executing task 5
06-25 14:28:14.476 278 332 E HWComposer: getSupportedContentTypes: getSupportedContentTypes failed for display 0: Unsupported (8)
06-25 14:28:14.476 398 398 I update_engine: [INFO:cleanup_previous_update_action.cc(124)] CleanupPreviousUpdateAction scheduled task ID 6 for WaitBootCompleted
06-25 14:28:14.478 480 480 D WifiP2pService: Wifi enabled=false
06-25 14:28:14.494 186 186 I hwservicemanager: getTransport: Cannot find entry android.hardware.graphics.mapper@4.0::IMapper/default in either framework or device VINTF manifest.
06-25 14:28:14.495 824 891 I Gralloc4: mapper 4.x is not supported
06-25 14:28:14.499 186 186 I hwservicemanager: getTransport: Cannot find entry android.hardware.graphics.mapper@3.0::IMapper/default in either framework or device VINTF manifest.
06-25 14:28:14.502 480 480 D ConditionProviders.SCP: onSubscribe condition://android/schedule?days=1.2.3.4.5.6.7&start=22.0&end=7.0&exitAtAlarm=true
06-25 14:28:14.504 480 480 D ConditionProviders.SCP: setRegistered true
06-25 14:28:14.504 824 891 W Gralloc3: mapper 3.x is not supported
06-25 14:28:14.515 480 622 W ActivityThread: Failed to find provider info for com.android.calendar (user not unlocked)
06-25 14:28:14.515 480 609 E WifiVendorHal: setMultiStaUseCase(l.3286) failed {.code = ERROR_NOT_SUPPORTED, .description = }
06-25 14:28:14.520 824 891 E gralloc : Arm Module v1.0
06-25 14:28:14.520 480 622 W ActivityThread: Failed to find provider info for com.android.calendar (user not unlocked)
06-25 14:28:14.528 480 609 E WifiVendorHal: setMultiStaPrimaryConnection(l.3252) failed {.code = ERROR_NOT_SUPPORTED, .description = }
06-25 14:28:14.528 480 609 D WifiCountryCode: evaluateAllCmmStateAndApplyIfAllReady: {ConcreteClientModeManager{id=14316 iface=wlan0 role=ROLE_CLIENT_PRIMARY}=true}
06-25 14:28:14.529 186 186 I hwservicemanager: getTransport: Cannot find entry android.hardware.graphics.allocator@4.0::IAllocator/default in either framework or device VINTF manifest.
06-25 14:28:14.530 824 891 W Gralloc4: allocator 4.x is not supported
06-25 14:28:14.536 186 186 I hwservicemanager: getTransport: Cannot find entry android.hardware.graphics.allocator@3.0::IAllocator/default in either framework or device VINTF manifest.
06-25 14:28:14.536 824 891 W Gralloc3: allocator 3.x is not supported
06-25 14:28:14.552 261 261 I gralloc : alloc buffer:W:1920 H:1080 S:1920 PL[1920 1080] SZ:8294400 fmt:1 if:0 af:1 usg:20000b00 fg:00000004
06-25 14:28:14.553 824 891 E ion : ioctl c0044901 failed with code -1: Inappropriate ioctl for device
06-25 14:28:14.560 261 261 I gralloc : alloc buffer:W:1920 H:1080 S:1920 PL[1920 1080] SZ:8294400 fmt:1 if:0 af:1 usg:20000b00 fg:00000004
06-25 14:28:14.565 261 310 I gralloc : alloc buffer:W:1920 H:1080 S:1920 PL[1920 1080] SZ:8294400 fmt:1 if:0 af:1 usg:20000b00 fg:00000004
06-25 14:28:14.568 480 609 D WifiCountryCode: Reading country code from telephony
06-25 14:28:14.569 480 812 W ActivityManager: Unable to start service Intent { cmp=com.oranth.ledstatus/.LedStatusService } U=0: not found
06-25 14:28:14.572 480 812 W ActivityManager: Unable to start service Intent { cmp=com.oranth.storage/.MainService } U=0: not found
06-25 14:28:14.581 480 480 D ConditionProviders.SCP: evaluateSubscriptionLocked cal=ScheduleCalendar[mDays={1, 2, 3, 4, 5, 6, 7}, mSchedule=ScheduleInfo{days=[1, 2, 3, 4, 5, 6, 7], startHour=22, startMinute=0, endHour=7, endMinute=0, exitAtAlarm=true, nextAlarm=Thu Jan 01 08:00:00 GMT+08:00 1970 (0)}], now=Wed Jun 25 14:28:14 GMT+08:00 2025 (1750832894504), nextUserAlarmTime=Thu Jan 01 08:00:00 GMT+08:00 1970 (0)
06-25 14:28:14.585 480 613 I WifiScanningService: Created a new impl for wlan0
06-25 14:28:14.587 480 480 D ConditionProviders.SCP: notifyCondition condition://android/schedule?days=1.2.3.4.5.6.7&start=22.0&end=7.0&exitAtAlarm=true STATE_FALSE reason=!meetsSchedule
06-25 14:28:14.592 480 480 D ConditionProviders.SCP: Scheduling evaluate for Wed Jun 25 22:00:00 GMT+08:00 2025 (1750860000000), in +7h31m45s496ms, now=Wed Jun 25 14:28:14 GMT+08:00 2025 (1750832894504)
06-25 14:28:14.592 267 267 I AW_PowerHAL: Power setMode: SUSTAINED_PERFORMANCE to: 0
06-25 14:28:14.592 480 812 D CompatibilityChangeReporter: Compat change id reported: 157233955; UID 10067; state: ENABLED
06-25 14:28:14.592 267 267 I AW_PowerHAL: BootCompleted
06-25 14:28:14.593 480 480 I ConnectivityModuleConnector: Networking module service connected
06-25 14:28:14.593 480 480 I ConnectivityModuleConnector: Networking module service connected
06-25 14:28:14.593 480 480 I NetworkStackClient: Network stack service connected
06-25 14:28:14.594 480 524 I ActivityManagerTiming: FinishBooting
06-25 14:28:14.595 267 267 I AW_PowerHAL: cur-mode:SCHEDUTIL-Home
06-25 14:28:14.595 480 613 E WifiBackgroundScanStateMachine: invalid max buckets in scan capabilities 0
06-25 14:28:14.598 480 609 D WifiCountryCode: Set telephony country code to:
06-25 14:28:14.600 480 609 D WifiCountryCode: updateCountryCode to CN
06-25 14:28:14.600 836 836 D WifiHWInfo: Start to load wireless module hardware info table...
06-25 14:28:14.601 836 836 D WifiHWInfo: Entry [01], BUS: SDIO, ID: 0x024C8179, Name: rtl8189es.
06-25 14:28:14.601 836 836 D WifiHWInfo: Entry [02], BUS: SDIO, ID: 0x024CB723, Name: rtl8723bs_vq0.
06-25 14:28:14.601 836 836 D WifiHWInfo: Entry [03], BUS: SDIO, ID: 0x024CB703, Name: rtl8723cs.
06-25 14:28:14.601 836 836 D WifiHWInfo: Entry [04], BUS: SDIO, ID: 0x024CD723, Name: rtl8723ds.
06-25 14:28:14.601 836 836 D WifiHWInfo: Entry [05], BUS: SDIO, ID: 0x024CF179, Name: rtl8189fs.
06-25 14:28:14.601 836 836 D WifiHWInfo: Entry [06], BUS: SDIO, ID: 0x024CB822, Name: rtl88x2bs.
06-25 14:28:14.601 836 836 D WifiHWInfo: Entry [07], BUS: USB, ID: 0x0BDAD723, Name: rtl8723du.
06-25 14:28:14.601 836 836 D WifiHWInfo: Entry [08], BUS: USB, ID: 0x0BDA8179, Name: rtl8188etv.
06-25 14:28:14.601 836 836 D WifiHWInfo: Entry [09], BUS: USB, ID: 0x0BDA0179, Name: rtl8188eu.
06-25 14:28:14.601 836 836 D WifiHWInfo: Entry [10], BUS: USB, ID: 0x0BDA818B, Name: rtl8192eu.
06-25 14:28:14.601 836 836 D WifiHWInfo: Entry [11], BUS: USB, ID: 0x0BDAB720, Name: rtl8723bu.
06-25 14:28:14.601 836 836 D WifiHWInfo: Entry [12], BUS: USB, ID: 0x0BDAC82C, Name: rtl8822cu.
06-25 14:28:14.601 836 836 D WifiHWInfo: Entry [13], BUS: USB, ID: 0x0BDAF179, Name: rtl8188fu.
06-25 14:28:14.601 836 836 D WifiHWInfo: Entry [14], BUS: SDIO, ID: 0x02D0A9A6, Name: ap6212.
06-25 14:28:14.601 836 836 D WifiHWInfo: Entry [15], BUS: SDIO, ID: 0x02D04330, Name: ap6330.
06-25 14:28:14.601 836 836 D WifiHWInfo: Entry [16], BUS: SDIO, ID: 0x02D04356, Name: ap6356s.
06-25 14:28:14.601 836 836 D WifiHWInfo: Entry [17], BUS: SDIO, ID: 0x02D0A9BF, Name: ap6255.
06-25 14:28:14.601 836 836 D WifiHWInfo: Entry [18], BUS: SDIO, ID: 0x02D04334, Name: bcm43342.
06-25 14:28:14.601 836 836 D WifiHWInfo: Entry [19], BUS: SDIO, ID: 0x00202281, Name: xr819.
06-25 14:28:14.601 836 836 D WifiHWInfo: Entry [20], BUS: SDIO, ID: 0x0A9E2282, Name: xr829.
06-25 14:28:14.601 836 836 D WifiHWInfo: Entry [21], BUS: SDIO, ID: 0x0271050A, Name: qca6174a.
06-25 14:28:14.601 836 836 D WifiHWInfo: Entry [22], BUS: SDIO, ID: 0x30303030, Name: ssv6x5x.
06-25 14:28:14.601 836 836 D WifiHWInfo: Entry [23], BUS: SDIO, ID: 0x00000000, Name: uwe5621.
06-25 14:28:14.601 836 836 D WifiHWInfo: Entry [24], BUS: SDIO, ID: 0x54490145, Name: aic8800.
06-25 14:28:14.601 836 836 D WifiHWInfo: Entry [25], BUS: SDIO, ID: 0xC8A1C08D, Name: aic8800.
06-25 14:28:14.601 836 836 D WifiHWInfo: Entry [26], BUS: USB, ID: 0xA69C8800, Name: aic8800.
06-25 14:28:14.601 836 836 D WifiHWInfo: Entry [27], BUS: USB, ID: 0x007A8888, Name: atbm6023is.
06-25 14:28:14.601 836 836 D WifiHWInfo: Entry [28], BUS: SDIO, ID: 0x02E79086, Name: 9012p.
06-25 14:28:14.601 836 836 D WifiHWInfo: Entry [29], BUS: SDIO, ID: 0x007A6011, Name: atbm613x_wifi_sdio.
06-25 14:28:14.601 836 836 D WifiHWInfo: Entry [30], BUS: SDIO, ID: 0x024CC822, Name: 88x2cs.
06-25 14:28:14.601 836 836 D WifiHWInfo: Entry [31], BUS: SDIO, ID: 0x000018F0, Name: dummy.
06-25 14:28:14.601 836 836 W wpa_supplicant: check_initialed for nl80211, use sprd wpa_supplicant_8_lib.
06-25 14:28:14.602 836 836 W wpa_supplicant: check_initialed found wpa_supplicant_8_lib vendor implement for sprd.
06-25 14:28:14.602 836 836 D wpa_supplicant: wlan0: Event CHANNEL_LIST_CHANGED (27) received
06-25 14:28:14.602 836 836 I wpa_supplicant: wlan0: CTRL-EVENT-REGDOM-CHANGE init=USER type=COUNTRY alpha2=CN
06-25 14:28:14.602 836 836 D wpa_supplicant: p2p-dev-wlan0: Updating hw mode
06-25 14:28:14.603 836 836 D wpa_supplicant: nl80211: No channel number found for frequency 5920 MHz
06-25 14:28:14.603 836 836 D wpa_supplicant: nl80211: No channel number found for frequency 5940 MHz
06-25 14:28:14.603 836 836 D wpa_supplicant: nl80211: Regulatory information - country=00
06-25 14:28:14.603 836 836 D wpa_supplicant: nl80211: 755-928 @ 2 MHz 20 mBm (no IR)
06-25 14:28:14.603 836 836 D wpa_supplicant: nl80211: 2402-2472 @ 40 MHz 20 mBm
06-25 14:28:14.603 836 836 D wpa_supplicant: nl80211: 2457-2482 @ 20 MHz 20 mBm (no IR)
06-25 14:28:14.603 836 836 D wpa_supplicant: nl80211: 2474-2494 @ 20 MHz 20 mBm (no OFDM) (no IR)
06-25 14:28:14.603 836 836 D wpa_supplicant: nl80211: 5170-5250 @ 80 MHz 20 mBm (no IR)
06-25 14:28:14.604 836 836 D wpa_supplicant: nl80211: 5250-5330 @ 80 MHz 20 mBm (DFS) (no IR)
06-25 14:28:14.604 836 836 D wpa_supplicant: nl80211: 5490-5730 @ 160 MHz 20 mBm (DFS) (no IR)
06-25 14:28:14.604 836 836 D wpa_supplicant: nl80211: 5735-5835 @ 80 MHz 20 mBm (no IR)
06-25 14:28:14.604 836 836 D wpa_supplicant: nl80211: 57240-63720 @ 2160 MHz 0 mBm
06-25 14:28:14.604 836 836 D wpa_supplicant: nl80211: Added 802.11b mode based on 802.11g information
06-25 14:28:14.604 836 836 D wpa_supplicant: nl80211: Mode IEEE 802.11g: 2412 2417 2422 2427 2432 2437 2442 2447 2452 2457 2462 2467 2472 2484
06-25 14:28:14.604 836 836 D wpa_supplicant: nl80211: Mode IEEE 802.11a: 5170[DISABLED] 5180 5200 5220 5240 5260[RADAR] 5280[RADAR] 5300[RADAR] 5320[RADAR] 5500[RADAR] 5520[RADAR] 5540[RADAR] 5560[RADAR] 5580[RADAR] 5600[RADAR] 5620[RADAR] 5640[RADAR] 5660[RADAR]
06-25 14:28:14.604 836 836 D wpa_supplicant: nl80211: Mode IEEE 802.11b: 2412 2417 2422 2427 2432 2437 2442 2447 2452 2457 2462 2467 2472 2484
06-25 14:28:14.604 836 836 D wpa_supplicant: wlan0: Updating hw mode
06-25 14:28:14.605 836 836 D wpa_supplicant: nl80211: No channel number found for frequency 5920 MHz
06-25 14:28:14.605 836 836 D wpa_supplicant: nl80211: No channel number found for frequency 5940 MHz
06-25 14:28:14.605 836 836 D wpa_supplicant: nl80211: Regulatory information - country=00
06-25 14:28:14.605 836 836 D wpa_supplicant: nl80211: 755-928 @ 2 MHz 20 mBm (no IR)
06-25 14:28:14.605 836 836 D wpa_supplicant: nl80211: 2402-2472 @ 40 MHz 20 mBm
06-25 14:28:14.605 836 836 D wpa_supplicant: nl80211: 2457-2482 @ 20 MHz 20 mBm (no IR)
06-25 14:28:14.605 836 836 D wpa_supplicant: nl80211: 2474-2494 @ 20 MHz 20 mBm (no OFDM) (no IR)
06-25 14:28:14.605 836 836 D wpa_supplicant: nl80211: 5170-5250 @ 80 MHz 20 mBm (no IR)
06-25 14:28:14.605 836 836 D wpa_supplicant: nl80211: 5250-5330 @ 80 MHz 20 mBm (DFS) (no IR)
06-25 14:28:14.605 836 836 D wpa_supplicant: nl80211: 5490-5730 @ 160 MHz 20 mBm (DFS) (no IR)
06-25 14:28:14.605 836 836 D wpa_supplicant: nl80211: 5735-5835 @ 80 MHz 20 mBm (no IR)
06-25 14:28:14.605 836 836 D wpa_supplicant: nl80211: 57240-63720 @ 2160 MHz 0 mBm
06-25 14:28:14.606 836 836 D wpa_supplicant: nl80211: Added 802.11b mode based on 802.11g information
06-25 14:28:14.606 836 836 D wpa_supplicant: nl80211: Mode IEEE 802.11g: 2412 2417 2422 2427 2432 2437 2442 2447 2452 2457 2462 2467 2472 2484
06-25 14:28:14.606 836 836 D wpa_supplicant: nl80211: Mode IEEE 802.11a: 5170[DISABLED] 5180 5200 5220 5240 5260[RADAR] 5280[RADAR] 5300[RADAR] 5320[RADAR] 5500[RADAR] 5520[RADAR] 5540[RADAR] 5560[RADAR] 5580[RADAR] 5600[RADAR] 5620[RADAR] 5640[RADAR] 5660[RADAR]
06-25 14:28:14.606 836 836 D wpa_supplicant: nl80211: Mode IEEE 802.11b: 2412 2417 2422 2427 2432 2437 2442 2447 2452 2457 2462 2467 2472 2484
06-25 14:28:14.606 836 836 D wpa_supplicant: wlan0: Determining shared radio frequencies (max len 2)
06-25 14:28:14.606 836 836 D wpa_supplicant: wlan0: Shared frequencies (len=0): completed iteration
06-25 14:28:14.606 836 836 D wpa_supplicant: P2P: Add operating class 81
06-25 14:28:14.606 836 836 D wpa_supplicant: P2P: Channels - hexdump(len=13): 01 02 03 04 05 06 07 08 09 0a 0b 0c 0d
06-25 14:28:14.606 836 836 D wpa_supplicant: P2P: Add operating class 115
06-25 14:28:14.606 836 836 D wpa_supplicant: P2P: Channels - hexdump(len=4): 24 28 2c 30
06-25 14:28:14.606 836 836 D wpa_supplicant: P2P: Add operating class 116
06-25 14:28:14.606 836 836 D wpa_supplicant: P2P: Channels - hexdump(len=2): 24 2c
06-25 14:28:14.606 836 836 D wpa_supplicant: P2P: Add operating class 117
06-25 14:28:14.606 836 836 D wpa_supplicant: P2P: Channels - hexdump(len=2): 28 30
06-25 14:28:14.606 836 836 D wpa_supplicant: P2P: Add operating class 124
06-25 14:28:14.606 836 836 D wpa_supplicant: P2P: Channels - hexdump(len=4): 95 99 9d a1
06-25 14:28:14.606 836 836 D wpa_supplicant: P2P: Add operating class 125
06-25 14:28:14.606 836 836 D wpa_supplicant: P2P: Channels - hexdump(len=5): 95 99 9d a1 a5
06-25 14:28:14.606 836 836 D wpa_supplicant: P2P: Add operating class 126
06-25 14:28:14.606 836 836 D wpa_supplicant: P2P: Channels - hexdump(len=2): 95 9d
06-25 14:28:14.606 836 836 D wpa_supplicant: P2P: Add operating class 127
06-25 14:28:14.606 836 836 D wpa_supplicant: P2P: Channels - hexdump(len=2): 99 a1
06-25 14:28:14.606 836 836 D wpa_supplicant: P2P: Add operating class 128
06-25 14:28:14.606 836 836 D wpa_supplicant: P2P: Channels - hexdump(len=8): 24 28 2c 30 95 99 9d a1
06-25 14:28:14.606 836 836 D wpa_supplicant: P2P: Add operating class 130
06-25 14:28:14.606 836 836 D wpa_supplicant: P2P: Channels - hexdump(len=9): 24 28 2c 30 95 99 9d a1 a5
06-25 14:28:14.606 836 836 D wpa_supplicant: P2P: Update channel list
06-25 14:28:14.606 480 524 W KeyguardServiceDelegate: onScreenTurningOn(): no keyguard service!
06-25 14:28:14.606 836 836 D wpa_supplicant: P2P: channels: 81:1,2,3,4,5,6,7,8,9,10,11,12,13 115:36,40,44,48 116:36,44 117:40,48 124:149,153,157,161 125:149,153,157,161,165 126:149,157 127:153,161 128:36,40,44,48,149,153,157,161 130:36,40,44,48,149,153,157,161,165
06-25 14:28:14.606 268 268 D hdmi-cec: cec physical address: 2.0.0.0
06-25 14:28:14.606 836 836 D wpa_supplicant: P2P: cli_channels:
06-25 14:28:14.606 836 836 D wpa_supplicant: sprd_wpa_driver_nl80211_driver_cmd COUNTRY CN len = 0, 10
06-25 14:28:14.606 268 268 D hdmi-cec: cec physical address: 2.0.0.0
06-25 14:28:14.607 268 268 D hdmi-cec: cec physical address: 2.0.0.0
06-25 14:28:14.610 370 370 I wificond: Regulatory domain changed to country: CN on wiphy_index: 0
06-25 14:28:14.610 480 875 D WifiNl80211Manager: OnRegDomainChanged CN
06-25 14:28:14.611 480 875 D WifiNative: onCountryCodeChanged: CN
06-25 14:28:14.611 268 268 D hdmi-cec: addLogicalAddress (4)
06-25 14:28:14.611 480 875 I WifiCountryCode: Receive onDriverCountryCodeChanged CN
06-25 14:28:14.611 268 268 D hdmi-cec: cec physical address: 2.0.0.0
06-25 14:28:14.613 370 370 I wificond: 2.4Ghz frequencies: 2412 2417 2422 2427 2432 2437 2442 2447 2452 2457 2462 2467 2472
06-25 14:28:14.614 370 370 I wificond: 5Ghz non-DFS frequencies: 5180 5200 5220 5240 5745 5765 5785 5805 5825
06-25 14:28:14.614 370 370 I wificond: 5Ghz DFS frequencies: 5260 5280 5300 5320
06-25 14:28:14.614 370 370 I wificond: 6Ghz frequencies:
06-25 14:28:14.614 370 370 I wificond: 60Ghz frequencies:
06-25 14:28:14.614 836 836 D wpa_supplicant: nl80211: Event message available
06-25 14:28:14.614 836 836 D wpa_supplicant: nl80211: Drv Event 36 (NL80211_CMD_REG_CHANGE) received for p2p-dev-wlan0
06-25 14:28:14.614 836 836 D wpa_supplicant: nl80211: Regulatory domain change
06-25 14:28:14.614 836 836 D wpa_supplicant: * initiator=2
06-25 14:28:14.614 836 836 D wpa_supplicant: * type=0
06-25 14:28:14.614 836 836 D wpa_supplicant: * alpha2=CN
06-25 14:28:14.614 836 836 D wpa_supplicant: p2p-dev-wlan0: Event CHANNEL_LIST_CHANGED (27) received
06-25 14:28:14.614 836 836 I wpa_supplicant: wlan0: CTRL-EVENT-REGDOM-CHANGE init=DRIVER type=COUNTRY alpha2=CN
06-25 14:28:14.614 836 836 D wpa_supplicant: p2p-dev-wlan0: Updating hw mode
06-25 14:28:14.618 836 836 D wpa_supplicant: nl80211: No channel number found for frequency 5920 MHz
06-25 14:28:14.618 836 836 D wpa_supplicant: nl80211: No channel number found for frequency 5940 MHz
06-25 14:28:14.619 836 836 D wpa_supplicant: nl80211: Regulatory information - country=CN (DFS-FCC)
06-25 14:28:14.619 836 836 D wpa_supplicant: nl80211: 2400-2483 @ 40 MHz 20 mBm
06-25 14:28:14.619 836 836 D wpa_supplicant: nl80211: 5150-5350 @ 80 MHz 20 mBm (DFS)
06-25 14:28:14.619 836 836 D wpa_supplicant: nl80211: 5725-5850 @ 80 MHz 33 mBm
06-25 14:28:14.619 836 836 D wpa_supplicant: nl80211: 57240-59400 @ 2160 MHz 28 mBm
06-25 14:28:14.619 836 836 D wpa_supplicant: nl80211: 59400-63720 @ 2160 MHz 44 mBm
06-25 14:28:14.619 836 836 D wpa_supplicant: nl80211: 63720-65880 @ 2160 MHz 28 mBm
06-25 14:28:14.619 836 836 D wpa_supplicant: nl80211: Added 802.11b mode based on 802.11g information
06-25 14:28:14.619 836 836 D wpa_supplicant: nl80211: Mode IEEE 802.11g: 2412 2417 2422 2427 2432 2437 2442 2447 2452 2457 2462 2467 2472 2484[DISABLED]
06-25 14:28:14.619 836 836 D wpa_supplicant: nl80211: Mode IEEE 802.11a: 5170[DISABLED] 5180 5200 5220 5240 5260[RADAR] 5280[RADAR] 5300[RADAR] 5320[RADAR] 5500[DISABLED][RADAR] 5520[DISABLED][RADAR] 5540[DISABLED][RADAR] 5560[DISABLED][RADAR] 5580[DISABLED][RADAR]
06-25 14:28:14.619 836 836 D wpa_supplicant: nl80211: Mode IEEE 802.11b: 2412 2417 2422 2427 2432 2437 2442 2447 2452 2457 2462 2467 2472 2484[DISABLED]
06-25 14:28:14.619 836 836 D wpa_supplicant: wlan0: Updating hw mode
06-25 14:28:14.620 836 836 D wpa_supplicant: nl80211: No channel number found for frequency 5920 MHz
06-25 14:28:14.620 836 836 D wpa_supplicant: nl80211: No channel number found for frequency 5940 MHz
06-25 14:28:14.621 836 836 D wpa_supplicant: nl80211: Regulatory information - country=CN (DFS-FCC)
06-25 14:28:14.621 836 836 D wpa_supplicant: nl80211: 2400-2483 @ 40 MHz 20 mBm
06-25 14:28:14.621 836 836 D wpa_supplicant: nl80211: 5150-5350 @ 80 MHz 20 mBm (DFS)
06-25 14:28:14.621 836 836 D wpa_supplicant: nl80211: 5725-5850 @ 80 MHz 33 mBm
06-25 14:28:14.621 836 836 D wpa_supplicant: nl80211: 57240-59400 @ 2160 MHz 28 mBm
06-25 14:28:14.621 836 836 D wpa_supplicant: nl80211: 59400-63720 @ 2160 MHz 44 mBm
06-25 14:28:14.621 836 836 D wpa_supplicant: nl80211: 63720-65880 @ 2160 MHz 28 mBm
06-25 14:28:14.621 836 836 D wpa_supplicant: nl80211: Added 802.11b mode based on 802.11g information
06-25 14:28:14.621 836 836 D wpa_supplicant: nl80211: Mode IEEE 802.11g: 2412 2417 2422 2427 2432 2437 2442 2447 2452 2457 2462 2467 2472 2484[DISABLED]
06-25 14:28:14.621 836 836 D wpa_supplicant: nl80211: Mode IEEE 802.11a: 5170[DISABLED] 5180 5200 5220 5240 5260[RADAR] 5280[RADAR] 5300[RADAR] 5320[RADAR] 5500[DISABLED][RADAR] 5520[DISABLED][RADAR] 5540[DISABLED][RADAR] 5560[DISABLED][RADAR] 5580[DISABLED][RADAR]
06-25 14:28:14.621 836 836 D wpa_supplicant: nl80211: Mode IEEE 802.11b: 2412 2417 2422 2427 2432 2437 2442 2447 2452 2457 2462 2467 2472 2484[DISABLED]
06-25 14:28:14.621 836 836 D wpa_supplicant: p2p-dev-wlan0: Determining shared radio frequencies (max len 2)
06-25 14:28:14.621 836 836 D wpa_supplicant: p2p-dev-wlan0: Shared frequencies (len=0): completed iteration
06-25 14:28:14.621 836 836 D wpa_supplicant: P2P: Add operating class 81
06-25 14:28:14.621 836 836 D wpa_supplicant: P2P: Channels - hexdump(len=13): 01 02 03 04 05 06 07 08 09 0a 0b 0c 0d
06-25 14:28:14.621 836 836 D wpa_supplicant: P2P: Add operating class 115
06-25 14:28:14.621 836 836 D wpa_supplicant: P2P: Channels - hexdump(len=4): 24 28 2c 30
06-25 14:28:14.621 836 836 D wpa_supplicant: P2P: Add operating class 116
06-25 14:28:14.621 836 836 D wpa_supplicant: P2P: Channels - hexdump(len=2): 24 2c
06-25 14:28:14.621 836 836 D wpa_supplicant: P2P: Add operating class 117
06-25 14:28:14.621 836 836 D wpa_supplicant: P2P: Channels - hexdump(len=2): 28 30
06-25 14:28:14.621 836 836 D wpa_supplicant: P2P: Add operating class 124
06-25 14:28:14.621 836 836 D wpa_supplicant: P2P: Channels - hexdump(len=4): 95 99 9d a1
06-25 14:28:14.621 836 836 D wpa_supplicant: P2P: Add operating class 125
06-25 14:28:14.621 836 836 D wpa_supplicant: P2P: Channels - hexdump(len=5): 95 99 9d a1 a5
06-25 14:28:14.621 836 836 D wpa_supplicant: P2P: Add operating class 126
06-25 14:28:14.621 836 836 D wpa_supplicant: P2P: Channels - hexdump(len=2): 95 9d
06-25 14:28:14.621 836 836 D wpa_supplicant: P2P: Add operating class 127
06-25 14:28:14.621 836 836 D wpa_supplicant: P2P: Channels - hexdump(len=2): 99 a1
06-25 14:28:14.621 836 836 D wpa_supplicant: P2P: Add operating class 128
06-25 14:28:14.621 836 836 D wpa_supplicant: P2P: Channels - hexdump(len=8): 24 28 2c 30 95 99 9d a1
06-25 14:28:14.621 836 836 D wpa_supplicant: P2P: Add operating class 130
06-25 14:28:14.621 836 836 D wpa_supplicant: P2P: Channels - hexdump(len=9): 24 28 2c 30 95 99 9d a1 a5
06-25 14:28:14.621 836 836 D wpa_supplicant: P2P: Update channel list
06-25 14:28:14.622 836 836 D wpa_supplicant: P2P: channels: 81:1,2,3,4,5,6,7,8,9,10,11,12,13 115:36,40,44,48 116:36,44 117:40,48 124:149,153,157,161 125:149,153,157,161,165 126:149,157 127:153,161 128:36,40,44,48,149,153,157,161 130:36,40,44,48,149,153,157,161,165
06-25 14:28:14.622 836 836 D wpa_supplicant: P2P: cli_channels:
06-25 14:28:14.626 480 609 D WifiNative: onSetCountryCodeSucceeded: CN
06-25 14:28:14.626 480 609 I WifiCountryCode: Receive onSetCountryCodeSucceeded CN
06-25 14:28:14.641 480 480 D BluetoothManagerService: BluetoothServiceConnection: com.android.bluetooth.btservice.AdapterService
06-25 14:28:14.642 480 523 D BluetoothManagerService: MESSAGE_BLUETOOTH_SERVICE_CONNECTED: 1
06-25 14:28:14.644 480 480 D AutofillManagerService: Restriction did not change for user 0
06-25 14:28:14.653 480 523 D BluetoothManagerService: Broadcasting onBluetoothServiceUp() to 2 receivers.
06-25 14:28:14.654 480 609 D WakeupController: onWifiEnabled()
06-25 14:28:14.654 480 523 D BluetoothAdapter: onBluetoothServiceUp: android.bluetooth.IBluetooth$Stub$Proxy@75f6db9
06-25 14:28:14.663 668 681 D BluetoothAdapter: onBluetoothServiceUp: com.android.bluetooth.btservice.AdapterService$AdapterServiceBinder@d91eec4
06-25 14:28:14.672 668 702 D BluetoothAdapterService: enable() - Enable called with quiet mode status = false
06-25 14:28:14.674 668 822 I AdapterState: BLE_TURNING_ON : entered
06-25 14:28:14.674 668 822 D AdapterProperties: Setting state to BLE_TURNING_ON
06-25 14:28:14.676 668 822 D BluetoothAdapterService: updateAdapterState() - Broadcasting state BLE_TURNING_ON to 1 receivers.
06-25 14:28:14.678 480 609 W WifiClientModeImpl: No cached packet filter to apply
06-25 14:28:14.679 480 609 D WifiClientModeImpl[wlan0]: entering ConnectableState: ifaceName = wlan0
06-25 14:28:14.681 668 822 D BluetoothAdapterService: bleOnProcessStart()
06-25 14:28:14.682 668 822 I AdapterProperties: init(), maxConnectedAudioDevices, default=5, propertyOverlayed=5, finalValue=5
06-25 14:28:14.686 480 480 I ConnectivityModuleConnector: Networking module service connected
06-25 14:28:14.688 668 822 D BluetoothAdapterService: bleOnProcessStart() - Make Bond State Machine
06-25 14:28:14.688 668 822 D BluetoothBondStateMachine: make
06-25 14:28:14.689 480 480 I ConnectivityModuleConnector: Networking module service connected
06-25 14:28:14.690 480 480 I ExplicitHealthCheckController: Explicit health check service is connected ComponentInfo{android.ext.services/android.ext.services.watchdog.ExplicitHealthCheckServiceImpl}
06-25 14:28:14.692 480 480 I ExplicitHealthCheckController: Service initialized, syncing requests
06-25 14:28:14.692 480 480 V NotificationAssistants: 0 notification assistant service connected: ComponentInfo{android.ext.services/android.ext.services.notification.Assistant}
06-25 14:28:14.693 668 939 I BluetoothBondStateMachine: StableState(): Entering Off State
06-25 14:28:14.696 480 480 D WifiP2pService: Wifi enabled=true
06-25 14:28:14.697 836 836 D wpa_supplicant: sprd_wpa_driver_nl80211_driver_cmd SETSUSPENDMODE 1 len = 0, 16
06-25 14:28:14.697 480 480 I PackageWatchdog: Syncing health check requests for packages: {}
06-25 14:28:14.697 480 480 D ExplicitHealthCheckController: Getting health check supported packages
06-25 14:28:14.698 480 480 W Looper : Drained
06-25 14:28:14.699 480 609 D WifiClientModeImpl[wlan0]: Start makeIpClient ifaceName = wlan0
06-25 14:28:14.705 480 875 I ExplicitHealthCheckController: Explicit health check supported packages [PackageConfig{com.android.networkstack, 86400000}]
06-25 14:28:14.705 480 875 D PackageWatchdog: Received supported packages [PackageConfig{com.android.networkstack, 86400000}]
06-25 14:28:14.707 480 875 D ExplicitHealthCheckController: Getting health check requested packages
06-25 14:28:14.712 480 574 I ExplicitHealthCheckController: Explicit health check requested packages []
06-25 14:28:14.713 480 574 I ExplicitHealthCheckController: No more health check requests, unbinding...
06-25 14:28:14.717 480 523 D BluetoothManagerService: MESSAGE_BLUETOOTH_STATE_CHANGE: OFF > BLE_TURNING_ON
06-25 14:28:14.717 480 523 D BluetoothManagerService: Sending BLE State Change: OFF > BLE_TURNING_ON
06-25 14:28:14.724 824 909 D CCodecBufferChannel: [c2.android.vorbis.decoder#179] MediaCodec discarded an unknown buffer
06-25 14:28:14.726 824 909 I hw-BpHwBinder: onLastStrongRef automatically unlinking death recipients
06-25 14:28:14.726 396 396 I hw-BpHwBinder: onLastStrongRef automatically unlinking death recipients
06-25 14:28:14.727 480 574 I ExplicitHealthCheckController: Explicit health check service is unbound
06-25 14:28:14.731 480 875 D CompatibilityChangeReporter: Compat change id reported: 168419799; UID 1002; state: DISABLED
06-25 14:28:14.734 668 668 I BtGatt.JNI: classInitNative(L1073): classInitNative: Success!
06-25 14:28:14.738 668 668 D BtGatt.DebugUtils: handleDebugAction() action=null
06-25 14:28:14.743 668 668 I bt_btif : system/bt/btif/src/bluetooth.cc:417 get_profile_interface: get_profile_interface: id = gatt
06-25 14:28:14.756 668 668 D CompatibilityChangeReporter: Compat change id reported: 160794467; UID 1002; state: ENABLED
06-25 14:28:14.775 685 685 D MediaResumeListener: loaded resume components []
06-25 14:28:14.779 685 685 D LocalBluetoothProfileManager: LocalBluetoothProfileManager construction complete
06-25 14:28:14.780 824 901 D MediaCodecList: codecHandlesFormat: no format, so no extra checks
06-25 14:28:14.780 685 685 D LocalBluetoothProfileManager: Adding local A2DP profile
06-25 14:28:14.784 824 947 D CCodec : allocate(c2.android.vorbis.decoder)
06-25 14:28:14.785 685 685 D BluetoothA2dp: Binding service...
06-25 14:28:14.788 824 947 I CCodec : Created component [c2.android.vorbis.decoder]
06-25 14:28:14.788 824 947 D CCodecConfig: read media type: audio/vorbis
06-25 14:28:14.791 685 685 D LocalBluetoothProfileManager: Adding local HEADSET profile
06-25 14:28:14.793 824 947 D ReflectedParamUpdater: extent() != 1 for single value type: algo.buffers.max-count.values
06-25 14:28:14.794 824 947 D ReflectedParamUpdater: extent() != 1 for single value type: output.subscribed-indices.values
06-25 14:28:14.794 824 947 D ReflectedParamUpdater: extent() != 1 for single value type: input.buffers.allocator-ids.values
06-25 14:28:14.794 824 947 D ReflectedParamUpdater: extent() != 1 for single value type: output.buffers.allocator-ids.values
06-25 14:28:14.794 480 814 D BluetoothManagerService: Trying to bind to profile: 1, while Bluetooth was disabled
06-25 14:28:14.794 824 947 D ReflectedParamUpdater: extent() != 1 for single value type: algo.buffers.allocator-ids.values
06-25 14:28:14.794 824 947 D ReflectedParamUpdater: extent() != 1 for single value type: output.buffers.pool-ids.values
06-25 14:28:14.795 685 685 D LocalBluetoothProfileManager: Adding local MAP profile
06-25 14:28:14.795 668 848 I bt_stack_manager: system/bt/btif/src/stack_manager.cc:246 event_start_up_stack: event_start_up_stack is bringing up the stack
06-25 14:28:14.795 824 947 D ReflectedParamUpdater: extent() != 1 for single value type: algo.buffers.pool-ids.values
06-25 14:28:14.795 668 848 I bt_core_module: system/bt/btcore/src/module.cc:85 module_start_up: module_start_up Starting module "btif_config_module"
06-25 14:28:14.796 668 848 I bt_core_module: system/bt/btcore/src/module.cc:90 module_start_up: module_start_up Started module "btif_config_module"
06-25 14:28:14.796 668 848 I bt_core_module: system/bt/btcore/src/module.cc:85 module_start_up: module_start_up Starting module "btsnoop_module"
06-25 14:28:14.796 668 848 I droid.bluetoot: [0625/142814.796346:INFO:btsnoop.cc(204)] start_up: Snoop Logs fully enabled
06-25 14:28:14.796 668 848 I droid.bluetoot: [0625/142814.796556:INFO:btsnoop.cc(356)] delete_btsnoop_files: Deleting snoop logs if they exist. filtered = 1
06-25 14:28:14.797 685 685 D BluetoothMap: Create BluetoothMap proxy object
06-25 14:28:14.798 668 848 I bt_core_module: system/bt/btcore/src/module.cc:90 module_start_up: module_start_up Started module "btsnoop_module"
06-25 14:28:14.798 668 848 I bt_core_module: system/bt/btcore/src/module.cc:85 module_start_up: module_start_up Starting module "hci_module"
06-25 14:28:14.799 668 848 I bt_hci : system/bt/hci/src/hci_layer.cc:200 hci_module_start_up: hci_module_start_up
06-25 14:28:14.801 824 947 I CCodecConfig: query failed after returning 7 values (BAD_INDEX)
06-25 14:28:14.801 824 947 D CCodecConfig: c2 config diff is Dict {
06-25 14:28:14.801 824 947 D CCodecConfig: c2::u32 coded.bitrate.value = 64000
06-25 14:28:14.801 824 947 D CCodecConfig: c2::u32 input.buffers.max-size.value = 32768
06-25 14:28:14.801 824 947 D CCodecConfig: c2::u32 input.delay.value = 0
06-25 14:28:14.801 824 947 D CCodecConfig: string input.media-type.value = "audio/vorbis"
06-25 14:28:14.801 824 947 D CCodecConfig: string output.media-type.value = "audio/raw"
06-25 14:28:14.801 824 947 D CCodecConfig: c2::u32 raw.channel-count.value = 1
06-25 14:28:14.801 824 947 D CCodecConfig: c2::u32 raw.sample-rate.value = 48000
06-25 14:28:14.801 824 947 D CCodecConfig: }
06-25 14:28:14.803 824 947 D CCodec : [c2.android.vorbis.decoder] buffers are bound to CCodec for this session
06-25 14:28:14.803 824 947 D CCodecConfig: no c2 equivalents for durationUs
06-25 14:28:14.803 824 947 D CCodecConfig: no c2 equivalents for track-id
06-25 14:28:14.803 824 947 D CCodecConfig: no c2 equivalents for csd-1
06-25 14:28:14.803 824 947 D CCodecConfig: no c2 equivalents for channel-mask
06-25 14:28:14.803 824 947 D CCodecConfig: no c2 equivalents for flags
06-25 14:28:14.804 824 947 D CCodecConfig: c2 config diff is c2::u32 coded.bitrate.value = 224000
06-25 14:28:14.804 824 947 D CCodecConfig: c2::u32 raw.channel-count.value = 2
06-25 14:28:14.805 668 949 I droid.bluetoot: [0625/142814.805473:INFO:message_loop_thread.cc(224)] Run: message loop starting for thread bt_hci_thread
06-25 14:28:14.806 824 947 W Codec2Client: query -- param skipped: index = 1107298332.
06-25 14:28:14.806 824 947 D CCodec : setup formats input: AMessage(what = 0x00000000) = {
06-25 14:28:14.806 824 947 D CCodec : int32_t bitrate = 224000
06-25 14:28:14.806 824 947 D CCodec : int32_t channel-count = 2
06-25 14:28:14.806 824 947 D CCodec : int32_t max-input-size = 32768
06-25 14:28:14.806 824 947 D CCodec : string mime = "audio/vorbis"
06-25 14:28:14.806 824 947 D CCodec : int32_t sample-rate = 48000
06-25 14:28:14.806 824 947 D CCodec : }
06-25 14:28:14.806 824 947 D CCodec : setup formats output: AMessage(what = 0x00000000) = {
06-25 14:28:14.806 824 947 D CCodec : int32_t channel-count = 2
06-25 14:28:14.806 824 947 D CCodec : string mime = "audio/raw"
06-25 14:28:14.806 824 947 D CCodec : int32_t sample-rate = 48000
06-25 14:28:14.806 824 947 D CCodec : int32_t channel-mask = 3
06-25 14:28:14.806 824 947 D CCodec : }
06-25 14:28:14.806 668 949 I bt_hci : system/bt/hci/src/hci_layer_android.cc:159 hci_initialize: hci_initialize
06-25 14:28:14.806 824 947 I CCodecConfig: query failed after returning 7 values (BAD_INDEX)
06-25 14:28:14.807 824 947 W Codec2Client: query -- param skipped: index = 1342179345.
06-25 14:28:14.807 824 947 W Codec2Client: query -- param skipped: index = 2415921170.
06-25 14:28:14.807 685 685 D BluetoothMap: Binding service...
06-25 14:28:14.807 186 186 I hwservicemanager: getTransport: Cannot find entry android.hardware.bluetooth@1.1::IBluetoothHci/default in either framework or device VINTF manifest.
06-25 14:28:14.808 824 947 D CCodecBufferChannel: [c2.android.vorbis.decoder#403] Created input block pool with allocatorID 16 => poolID 18 - OK (0)
06-25 14:28:14.809 824 947 I CCodecBufferChannel: [c2.android.vorbis.decoder#403] Created output block pool with allocatorID 16 => poolID 20 - OK
06-25 14:28:14.810 668 848 I bt_hci : system/bt/hci/src/hci_layer.cc:257 hci_module_start_up: hci_module_start_up starting async portion
06-25 14:28:14.810 824 947 D CCodecBufferChannel: [c2.android.vorbis.decoder#403] Configured output block pool ids 20 => OK
06-25 14:28:14.810 668 949 I bt_hci : system/bt/hci/src/hci_layer_android.cc:178 hci_initialize: hci_initialize: IBluetoothHci::getService() returned 0xf1ce93e0 (remote)
06-25 14:28:14.810 668 949 E cutils-trace: Error opening trace file: No such file or directory (2)
06-25 14:28:14.811 254 298 I android.hardware.bluetooth@1.0-impl: BluetoothHci::initialize()
06-25 14:28:14.813 254 298 D android.hardware.bluetooth@1.0-service: get_local_address: Trying /sys/class/addr_mgt/addr_bt
06-25 14:28:14.814 254 298 D android.hardware.bluetooth@1.0-service: get_local_address: Got Factory BDA 8B:66:39:99:6E:AE
06-25 14:28:14.814 254 298 D WifiHWInfo: Start to load wireless module hardware info table...
06-25 14:28:14.814 254 298 D WifiHWInfo: Entry [01], BUS: SDIO, ID: 0x024C8179, Name: rtl8189es.
06-25 14:28:14.814 254 298 D WifiHWInfo: Entry [02], BUS: SDIO, ID: 0x024CB723, Name: rtl8723bs_vq0.
06-25 14:28:14.814 254 298 D WifiHWInfo: Entry [03], BUS: SDIO, ID: 0x024CB703, Name: rtl8723cs.
06-25 14:28:14.814 254 298 D WifiHWInfo: Entry [04], BUS: SDIO, ID: 0x024CD723, Name: rtl8723ds.
06-25 14:28:14.814 254 298 D WifiHWInfo: Entry [05], BUS: SDIO, ID: 0x024CF179, Name: rtl8189fs.
06-25 14:28:14.814 254 298 D WifiHWInfo: Entry [06], BUS: SDIO, ID: 0x024CB822, Name: rtl88x2bs.
06-25 14:28:14.814 254 298 D WifiHWInfo: Entry [07], BUS: USB, ID: 0x0BDAD723, Name: rtl8723du.
06-25 14:28:14.814 254 298 D WifiHWInfo: Entry [08], BUS: USB, ID: 0x0BDA8179, Name: rtl8188etv.
06-25 14:28:14.814 254 298 D WifiHWInfo: Entry [09], BUS: USB, ID: 0x0BDA0179, Name: rtl8188eu.
06-25 14:28:14.814 254 298 D WifiHWInfo: Entry [10], BUS: USB, ID: 0x0BDA818B, Name: rtl8192eu.
06-25 14:28:14.814 254 298 D WifiHWInfo: Entry [11], BUS: USB, ID: 0x0BDAB720, Name: rtl8723bu.
06-25 14:28:14.814 254 298 D WifiHWInfo: Entry [12], BUS: USB, ID: 0x0BDAC82C, Name: rtl8822cu.
06-25 14:28:14.814 254 298 D WifiHWInfo: Entry [13], BUS: USB, ID: 0x0BDAF179, Name: rtl8188fu.
06-25 14:28:14.814 254 298 D WifiHWInfo: Entry [14], BUS: SDIO, ID: 0x02D0A9A6, Name: ap6212.
06-25 14:28:14.814 254 298 D WifiHWInfo: Entry [15], BUS: SDIO, ID: 0x02D04330, Name: ap6330.
06-25 14:28:14.814 254 298 D WifiHWInfo: Entry [16], BUS: SDIO, ID: 0x02D04356, Name: ap6356s.
06-25 14:28:14.814 254 298 D WifiHWInfo: Entry [17], BUS: SDIO, ID: 0x02D0A9BF, Name: ap6255.
06-25 14:28:14.814 254 298 D WifiHWInfo: Entry [18], BUS: SDIO, ID: 0x02D04334, Name: bcm43342.
06-25 14:28:14.814 254 298 D WifiHWInfo: Entry [19], BUS: SDIO, ID: 0x00202281, Name: xr819.
06-25 14:28:14.814 254 298 D WifiHWInfo: Entry [20], BUS: SDIO, ID: 0x0A9E2282, Name: xr829.
06-25 14:28:14.814 254 298 D WifiHWInfo: Entry [21], BUS: SDIO, ID: 0x0271050A, Name: qca6174a.
06-25 14:28:14.814 254 298 D WifiHWInfo: Entry [22], BUS: SDIO, ID: 0x30303030, Name: ssv6x5x.
06-25 14:28:14.814 254 298 D WifiHWInfo: Entry [23], BUS: SDIO, ID: 0x00000000, Name: uwe5621.
06-25 14:28:14.814 254 298 D WifiHWInfo: Entry [24], BUS: SDIO, ID: 0x54490145, Name: aic8800.
06-25 14:28:14.814 254 298 D WifiHWInfo: Entry [25], BUS: SDIO, ID: 0xC8A1C08D, Name: aic8800.
06-25 14:28:14.814 254 298 D WifiHWInfo: Entry [26], BUS: USB, ID: 0xA69C8800, Name: aic8800.
06-25 14:28:14.814 254 298 D WifiHWInfo: Entry [27], BUS: USB, ID: 0x007A8888, Name: atbm6023is.
06-25 14:28:14.814 254 298 D WifiHWInfo: Entry [28], BUS: SDIO, ID: 0x02E79086, Name: 9012p.
06-25 14:28:14.814 254 298 D WifiHWInfo: Entry [29], BUS: SDIO, ID: 0x007A6011, Name: atbm613x_wifi_sdio.
06-25 14:28:14.814 254 298 D WifiHWInfo: Entry [30], BUS: SDIO, ID: 0x024CC822, Name: 88x2cs.
06-25 14:28:14.815 254 298 D WifiHWInfo: Entry [31], BUS: SDIO, ID: 0x000018F0, Name: dummy.
06-25 14:28:14.815 254 298 D libbt-auto-detect: init, get libbt name: libbt-sprd.so.
06-25 14:28:14.817 254 298 I bt_vendor: init
06-25 14:28:14.819 254 298 D bt_vnd_hci: sprd_vendor_hci_init
06-25 14:28:14.812 1 1 I /system/bin/init: type=1107 audit(0.0:397): uid=0 auid=4294967295 ses=4294967295 subj=u:r:init:s0 msg='avc: denied { set } for property=vendor.driver.lpm.load pid=254 uid=1002 gid=1002 scontext=u:r:hal_bluetooth_default:s0 tcontext=u:object_r:vendor_wireless_prop:s0 tclass=property_service permissive=1'
06-25 14:28:14.819 254 298 I bt_chip_vendor: marlin3_init
06-25 14:28:14.819 254 298 I bt_vnd_conf: Attempt to load conf from /vendor/etc/bt_configure_pskey.ini
06-25 14:28:14.820 254 298 D bt_vnd_conf: device_class -> 0x001F00
06-25 14:28:14.820 254 298 D bt_vnd_conf: feature_set -> 0xBF, 0xFE, 0x8D, 0xFE, 0xDB, 0x3D, 0x7B, 0x87, 0xFF, 0xA7, 0xFF, 0x7F, 0x00, 0xE0, 0xF7, 0x3E
06-25 14:28:14.820 254 298 D bt_vnd_conf: device_addr -> 0x6D, 0x6D, 0x8E, 0x8E, 0x8F, 0x8F
06-25 14:28:14.820 254 298 D bt_vnd_conf: comp_id -> 0x01EC
06-25 14:28:14.820 254 298 D bt_vnd_conf: g_sys_uart0_communication_supported -> 1
06-25 14:28:14.820 254 298 D bt_vnd_conf: cp2_log_mode -> 1
06-25 14:28:14.820 254 298 D bt_vnd_conf: LogLevel -> 0xFF
06-25 14:28:14.820 254 298 D bt_vnd_conf: g_central_or_perpheral -> 0
06-25 14:28:14.820 254 298 D bt_vnd_conf: Log_BitMask -> 0xFFFF
06-25 14:28:14.820 254 298 D bt_vnd_conf: super_ssp_enable -> 0
06-25 14:28:14.820 254 298 D bt_vnd_conf: common_rfu_b3 -> 2
06-25 14:28:14.820 254 298 D bt_vnd_conf: common_rfu_w -> 0x00000000, 0x00000000
06-25 14:28:14.821 254 298 D bt_vnd_conf: le_rfu_w -> 0x00000000, 0x000000000
06-25 14:28:14.821 254 298 D bt_vnd_conf: lmp_rfu_w -> 0x00000000, 0x000000000
06-25 14:28:14.821 254 298 D bt_vnd_conf: lc_rfu_w -> 0x00000000, 0x000000000
06-25 14:28:14.821 254 298 D bt_vnd_conf: g_wbs_nv_117 -> 0x004D
06-25 14:28:14.821 254 298 D bt_vnd_conf: g_wbs_nv_118 -> 0x0066
06-25 14:28:14.821 254 298 D bt_vnd_conf: g_nbv_nv_117 -> 0x009B
06-25 14:28:14.821 254 298 D bt_vnd_conf: g_nbv_nv_118 -> 0x0066
