06-27 13:49:21.281 480 522 D CompatibilityChangeReporter: Compat change id reported: 173031413; UID 1000; state: ENABLED
06-27 13:49:21.281 480 522 D CompatibilityChangeReporter: Compat change id reported: 173031413; UID 1000; state: DISABLED
06-27 13:49:21.442 321 2277 D XM_HIDREAD: poll ret=1, event=1
06-27 13:49:21.442 321 2277 D XM_HIDREAD: [9 bytes]:01 00 00 00 00 00 00 00 00
06-27 13:49:21.442 480 597 D TvWindowManager: key event key = KEYCODE_POWER down = false
06-27 13:49:21.443 480 480 D WindowManager: powerPress: eventTime=86802 interactive=true count=0 beganFromNonInteractive=false mShortPressOnPowerBehavior=6
06-27 13:49:21.444 480 480 W ContextImpl: Calling a method in the system process without a qualified user: android.app.ContextImpl.startActivity:1055 com.android.server.policy.PhoneWindowManager.powerPress:996 com.android.server.policy.PhoneWindowManager.access$4500:245 com.android.server.policy.PhoneWindowManager$PowerKeyRule.onMultiPress:2010 com.android.server.policy.SingleKeyGestureDetector$KeyHandler.handleMessage:371
06-27 13:49:21.444 480 480 W ContextImpl: Calling a method in the system process without a qualified user: android.app.ContextImpl.startActivity:1067 android.app.ContextImpl.startActivity:1056 com.android.server.policy.PhoneWindowManager.powerPress:996 com.android.server.policy.PhoneWindowManager.access$4500:245 com.android.server.policy.PhoneWindowManager$PowerKeyRule.onMultiPress:2010
06-27 13:49:21.445 480 480 I ActivityStarter: ---START u0 {flg=0x10000000 cmp=com.oranth.powerwindow/.MainActivity} from uid 1000
06-27 13:49:21.451 480 480 W ActivityTaskManager: Can't find TaskDisplayArea to determine support for multi window. Task id=186 attached=false
06-27 13:49:21.454 480 480 D CompatibilityChangeReporter: Compat change id reported: 174042980; UID 1000; state: DISABLED
06-27 13:49:21.458 267 267 I AW_PowerHAL: Power setMode: LAUNCH to: 1
06-27 13:49:21.471 480 524 I ActivityManager: com.oranth.powerwindow is exempt from freezer
06-27 13:49:21.471 480 524 D CompatibilityChangeReporter: Compat change id reported: 135634846; UID 1000; state: DISABLED
06-27 13:49:21.477 267 267 I AW_PowerHAL: cur-mode:LAUNCH
06-27 13:49:21.494 278 278 I BpBinder: onLastStrongRef automatically unlinking death recipients:
06-27 13:49:21.499 248 248 D Zygote : Forked child process 3453
06-27 13:49:21.501 480 542 I ActivityManager: app.processName = com.oranth.powerwindow
06-27 13:49:21.501 480 542 I ActivityManager: Start proc 3453:com.oranth.powerwindow/1000 for pre-top-activity {com.oranth.powerwindow/com.oranth.powerwindow.MainActivity}
06-27 13:49:21.507 3453 3453 I Zygote : seccomp disabled by setenforce 0
06-27 13:49:21.514 2088 2088 I rainbow_flow: type=1400 audit(0.0:1378): avc: denied { ioctl } for path="/dev/spidev1.0" dev="tmpfs" ino=749 ioctlcmd=0x6b00 scontext=u:r:init:s0 tcontext=u:object_r:device:s0 tclass=chr_file permissive=1
06-27 13:49:21.526 408 423 I adbd : jdwp connection from 3453
06-27 13:49:21.541 480 503 D AW_CODE : rotation =0
06-27 13:49:21.543 480 503 D CompatibilityChangeReporter: Compat change id reported: 181136395; UID 1000; state: DISABLED
06-27 13:49:21.545 480 503 D CompatibilityChangeReporter: Compat change id reported: 174042936; UID 1000; state: DISABLED
06-27 13:49:21.553 3453 3453 D CompatibilityChangeReporter: Compat change id reported: 171979766; UID 1000; state: ENABLED
06-27 13:49:21.575 685 685 D TvPipController: onTaskStackChanged()
06-27 13:49:21.601 3453 3453 V GraphicsEnvironment: ANGLE Developer option for 'com.oranth.powerwindow' set to: 'default'
06-27 13:49:21.602 3453 3453 V GraphicsEnvironment: Neither updatable production driver nor prerelease driver is supported.
06-27 13:49:21.603 3453 3453 D NetworkSecurityConfig: No Network Security Config specified, using platform default
06-27 13:49:21.604 3453 3453 D NetworkSecurityConfig: No Network Security Config specified, using platform default
06-27 13:49:21.682 268 268 I EventThread: type=1400 audit(0.0:1379): avc: denied { search } for name="extcon" dev="sysfs" ino=18109 scontext=u:r:hal_tv_cec_default:s0 tcontext=u:object_r:sysfs_extcon:s0 tclass=dir permissive=1
06-27 13:49:21.760 480 1346 I WifiService: startScan uid=1000
06-27 13:49:21.932 480 523 W IorapForwardingService: No service published for: iorapd
06-27 13:49:21.963 186 186 I hwservicemanager: getTransport: Cannot find entry android.hardware.configstore@1.0::ISurfaceFlingerConfigs/default in either framework or device VINTF manifest.
06-27 13:49:21.985 278 937 E HWComposer: getSupportedContentTypes: getSupportedContentTypes failed for display 0: Unsupported (8)
06-27 13:49:21.987 186 186 I hwservicemanager: getTransport: Cannot find entry android.hardware.graphics.mapper@4.0::IMapper/default in either framework or device VINTF manifest.
06-27 13:49:21.988 3453 3481 I Gralloc4: mapper 4.x is not supported
06-27 13:49:21.988 186 186 I hwservicemanager: getTransport: Cannot find entry android.hardware.graphics.mapper@3.0::IMapper/default in either framework or device VINTF manifest.
06-27 13:49:21.988 3453 3481 W Gralloc3: mapper 3.x is not supported
06-27 13:49:21.993 3453 3481 E gralloc : Arm Module v1.0
06-27 13:49:21.994 186 186 I hwservicemanager: getTransport: Cannot find entry android.hardware.graphics.allocator@4.0::IAllocator/default in either framework or device VINTF manifest.
06-27 13:49:21.994 3453 3481 W Gralloc4: allocator 4.x is not supported
06-27 13:49:21.994 186 186 I hwservicemanager: getTransport: Cannot find entry android.hardware.graphics.allocator@3.0::IAllocator/default in either framework or device VINTF manifest.
06-27 13:49:21.994 3453 3481 W Gralloc3: allocator 3.x is not supported
06-27 13:49:21.996 261 310 I gralloc : alloc buffer:W:1920 H:1080 S:1920 PL[1920 1080] SZ:8294400 fmt:1 if:0 af:1 usg:20000b00 fg:00000004
06-27 13:49:21.997 3453 3481 E ion : ioctl c0044901 failed with code -1: Inappropriate ioctl for device
06-27 13:49:21.998 261 310 I gralloc : alloc buffer:W:1920 H:1080 S:1920 PL[1920 1080] SZ:8294400 fmt:1 if:0 af:1 usg:20000b00 fg:00000004
06-27 13:49:21.999 261 310 I gralloc : alloc buffer:W:1920 H:1080 S:1920 PL[1920 1080] SZ:8294400 fmt:1 if:0 af:1 usg:20000b00 fg:00000004
06-27 13:49:22.098 2649 2649 I cling--ap-4: type=1400 audit(0.0:1380): avc: denied { read } for name="address" dev="sysfs" ino=26267 scontext=u:r:platform_app:s0:c512,c768 tcontext=u:object_r:sysfs:s0 tclass=file permissive=1 app=com.dangbei.screencast
06-27 13:49:22.098 2649 2649 I cling--ap-4: type=1400 audit(0.0:1381): avc: denied { open } for path="/sys/devices/platform/unisoc_wifi/net/wlan1/address" dev="sysfs" ino=26267 scontext=u:r:platform_app:s0:c512,c768 tcontext=u:object_r:sysfs:s0 tclass=file permissive=1 app=com.dangbei.screencast
06-27 13:49:22.098 2649 2649 I cling--ap-4: type=1400 audit(0.0:1382): avc: denied { getattr } for path="/sys/devices/platform/unisoc_wifi/net/wlan1/address" dev="sysfs" ino=26267 scontext=u:r:platform_app:s0:c512,c768 tcontext=u:object_r:sysfs:s0 tclass=file permissive=1 app=com.dangbei.screencast
06-27 13:49:22.139 480 1347 D AW_CODE : rotation =0
06-27 13:49:22.141 480 1347 D CompatibilityChangeReporter: Compat change id reported: 174042980; UID 1000; state: DISABLED
06-27 13:49:22.149 1041 3058 E ccc : cccccc UpdateHelper onMessageReceived com.dangbei.haqusetting com.dangbei.etna.update {"action":"get","functionTag":"leaf_controller_function_controller_dangbei_update","value":0} com.dangbei.lerad.etna.aidl.IEtnaAidlCallback$Stub$Proxy@875ce1d
06-27 13:49:22.150 1041 3058 E ccc : cccccc 缓存获取遥控器版本 DB-15B-H5-R0111
06-27 13:49:22.151 378 378 D dom2reg : timezone change, new: Etc/GMT-8, pre:
06-27 13:49:22.152 378 378 W dom2reg : timezone [Etc/GMT-8] not in default tables, please check!
06-27 13:49:22.166 2227 2227 I DefaultIMS: onStartInput attribute=android.view.inputmethod.EditorInfo@892d274 restarting=false inputType: 0
06-27 13:49:22.174 668 870 I bt_btif_config: system/bt/btif/src/btif_config.cc:137 btif_get_device_type: Device [e4:bb:d3:57:c0:18] device type 2
06-27 13:49:22.175 668 955 I bt_stack: [INFO:connection_manager.cc(104)] App id=0x06already doing background connection to e4:bb:d3:57:c0:18
06-27 13:49:22.175 1041 3067 D BluetoothGatt: discoverServices() - device: E4:BB:D3:57:C0:18
06-27 13:49:22.183 1041 3067 E ccc : cccccc 请求电量实时 92
06-27 13:49:22.184 668 870 I bt_bta_gattc: system/bt/bta/gatt/bta_gattc_cache.cc:902 bta_gattc_get_gatt_db: bta_gattc_get_gatt_db
06-27 13:49:22.191 1041 3067 D BluetoothGatt: onSearchComplete() = Device=E4:BB:D3:57:C0:18 Status=0
06-27 13:49:22.194 254 254 E bt_upio : upio_set : /proc/bluetooth/sleep/btwrite(-1) incorrent
06-27 13:49:22.204 267 267 I AW_PowerHAL: Power setMode: LAUNCH to: 0
06-27 13:49:22.210 267 267 I AW_PowerHAL: cur-mode:SCHEDUTIL
06-27 13:49:22.235 480 524 I ActivityManager: Killing 1626:com.android.dynsystem:dynsystem/1000 (adj 985): empty #17
06-27 13:49:22.241 480 524 I ActivityManager: Killing 1639:com.android.managedprovisioning/u0a19 (adj 995): empty #18
06-27 13:49:22.241 480 543 I libprocessgroup: Successfully killed process cgroup uid 1000 pid 1626 in 1ms
06-27 13:49:22.256 685 685 D TvPipController: onTaskStackChanged()
06-27 13:49:22.294 248 248 I Zygote : Process 1626 exited due to signal 9 (Killed)
06-27 13:49:22.311 248 248 I Zygote : Process 1639 exited due to signal 9 (Killed)
06-27 13:49:22.330 480 543 I libprocessgroup: Successfully killed process cgroup uid 10019 pid 1639 in 0ms
06-27 13:49:22.688 268 307 D hdmi-cec: receive invalid cec message!
06-27 13:49:22.689 268 307 D hdmi-cec: receive poll message [04], skip!
06-27 13:49:22.936 480 523 W IorapForwardingService: No service published for: iorapd
06-27 13:49:22.974 659 659 E WifiHAL : wifi_get_link_stats: requestResponse Error:-5
06-27 13:49:22.980 480 609 E WifiVendorHal: getWifiLinkLayerStats_1_5_Internal(l.1191) failed {.code = ERROR_INVALID_ARGS, .description = }
06-27 13:49:23.034 3489 3489 I Thread-2: type=1400 audit(0.0:1383): avc: denied { execute } for name="am" dev="dm-1" ino=1160 scontext=u:r:system_app:s0 tcontext=u:object_r:vendor_file:s0 tclass=file permissive=1
06-27 13:49:23.034 3489 3489 I Thread-2: type=1400 audit(0.0:1384): avc: denied { read open } for path="/vendor/xbin/am" dev="dm-1" ino=1160 scontext=u:r:system_app:s0 tcontext=u:object_r:vendor_file:s0 tclass=file permissive=1
06-27 13:49:23.038 3489 3489 I Thread-2: type=1400 audit(0.0:1385): avc: denied { execute_no_trans } for path="/vendor/xbin/am" dev="dm-1" ino=1160 scontext=u:r:system_app:s0 tcontext=u:object_r:vendor_file:s0 tclass=file permissive=1
06-27 13:49:23.118 1176 1176 D bbb : onStartCommand begin !!!!!!! data分区剩余 20387MB
06-27 13:49:23.120 1104 1104 D aaa : LedStatusService onStartCommand begin
06-27 13:49:23.127 1104 3497 D aaa : topPkg is -------------- :com.oranth.powerwindow
06-27 13:49:23.153 321 2277 D XM_HIDREAD: poll ret=1, event=1
06-27 13:49:23.153 321 2277 D XM_HIDREAD: [9 bytes]:01 00 00 28 00 00 00 00 00
06-27 13:49:23.154 480 597 D TvWindowManager: key event key = KEYCODE_DPAD_CENTER down = true
06-27 13:49:23.167 480 596 D GpioService: mFlickerEnable = true
06-27 13:49:23.169 253 2948 D audio_hw_primary: start_output_stream out->format : 0x00000000
06-27 13:49:23.169 253 2948 V audio_hw_primary: start_output_stream, line: 1503
06-27 13:49:23.169 253 2948 V audio_hw_primary: use AUDIO_HDMI to playback audio
06-27 13:49:23.169 253 2948 D audio_hw_primary: open card=3, port=0
06-27 13:49:23.169 253 2948 D audio_hw_primary: config:2 44100 960 2 0 5760 1 0
06-27 13:49:23.169 253 2948 D audio_hw_primary: set_raw_flag(card=3, raw_flag=1)
06-27 13:49:23.170 253 2948 D audio_hw_primary: set_raw_flag control_name = audio data format control_value PCM)
06-27 13:49:23.172 253 2948 V audio_hw_primary: do not use out resampler
06-27 13:49:23.196 273 451 D AudioFlinger: mixer(0xe7db41c0) throttle end: throttle time(8)
06-27 13:49:23.305 480 596 D GpioService: mFlickerEnable = true
06-27 13:49:23.308 2227 2227 I SogouIME: onKeyDown: keyoCode=23
06-27 13:49:23.308 2227 2227 I DefaultIMS: onKeyDown: keyoCode=23
06-27 13:49:23.333 321 2277 D XM_HIDREAD: poll ret=1, event=1
06-27 13:49:23.333 321 2277 D XM_HIDREAD: [9 bytes]:01 00 00 00 00 00 00 00 00
06-27 13:49:23.333 480 597 D TvWindowManager: key event key = KEYCODE_DPAD_CENTER down = false
06-27 13:49:23.343 2227 2227 I SogouIME: onKeyUp: keyoCode=23
06-27 13:49:23.343 2227 2227 I DefaultIMS: onKeyUp: keyoCode=23
06-27 13:49:23.369 2227 2227 I DefaultIMS: onStartInput attribute=android.view.inputmethod.EditorInfo@c5b239d restarting=false inputType: 0
06-27 13:49:23.370 261 310 I gralloc : alloc buffer:W:1920 H:1080 S:1920 PL[1920 1080] SZ:8294400 fmt:1 if:0 af:1 usg:966 fg:00000004
06-27 13:49:23.667 480 1346 W InputManager-JNI: Input channel object '3de1e26 Sys2003:com.oranth.powerwindow/com.oranth.powerwindow.MainActivity (client)' was disposed without first being removed with the input manager!
06-27 13:49:23.679 3453 3453 W InputMethodManager: No current root view, ignoring closeCurrentInput()
01-01 08:01:31.273 1 1 I init : processing action (sys.topWindow.package=com.dangbei.haqusetting) from (/vendor/etc/init/hw/init.oranth.rc:147)
06-27 13:49:23.688 480 1346 V ShutdownCheckPoints: Binder shutdown checkpoint recorded with pid=3453
06-27 13:49:23.690 480 1347 D WifiNl80211Manager: Scan result ready event
06-27 13:49:23.690 480 1347 D WifiNative: Scan result ready event
01-01 08:01:31.282 1 1 I init : starting service 'exec 22 (/system/bin/preinstall.sh)'...
06-27 13:49:23.695 480 522 V ShutdownCheckPoints: System server shutdown checkpoint recorded
06-27 13:49:23.696 480 522 D ShutdownThread: Notifying thread to start shutdown longPressBehavior=3
06-27 13:49:23.702 480 522 D ShutdownThread: Attempting to use SysUI shutdown UI
06-27 13:49:23.706 480 522 D ShutdownThread: SysUI handling shutdown UI
06-27 13:49:23.707 2227 2227 I DefaultIMS: onStartInput attribute=android.view.inputmethod.EditorInfo@163012 restarting=false inputType: 0
01-01 08:01:31.304 1 1 I init : SVC_EXEC service 'exec 22 (/system/bin/preinstall.sh)' pid 3501 (uid 0 gid 0+0 context default) started; waiting...
06-27 13:49:23.718 480 3502 I ShutdownThread: Logging pre-reboot information...
06-27 13:49:23.730 480 3502 D PreRebootLogger: Wiping pre-reboot information...
06-27 13:49:23.732 480 3502 I ShutdownThread: Sending shutdown broadcast...
06-27 13:49:23.742 3501 3501 I preinstall.sh: type=1400 audit(0.0:1386): avc: denied { write search } for name="tmp" dev="mmcblk0p25" ino=85 scontext=u:r:preinstall:s0 tcontext=u:object_r:shell_data_file:s0 tclass=dir permissive=1
06-27 13:49:23.742 3501 3501 I preinstall.sh: type=1400 audit(0.0:1387): avc: denied { getattr } for path="/data/local/tmp" dev="mmcblk0p25" ino=85 scontext=u:r:preinstall:s0 tcontext=u:object_r:shell_data_file:s0 tclass=dir permissive=1
06-27 13:49:23.769 480 812 I WifiService: setWifiEnabled package=com.android.systemui uid=10067 enable=false
06-27 13:49:23.795 480 613 D WificondScannerImpl: Filtering out 3 scan results.
06-27 13:49:23.806 3507 3507 I cmd : type=1400 audit(0.0:1388): avc: denied { call } for scontext=u:r:preinstall:s0 tcontext=u:r:servicemanager:s0 tclass=binder permissive=1
06-27 13:49:23.812 480 609 D WifiActiveModeWarden: Shutting down all client mode managers
06-27 13:49:23.813 480 609 D WifiClientModeManager[wlan0]: currentstate: ConnectModeState
06-27 13:49:23.815 480 480 D WifiP2pService: Wifi enabled=false
06-27 13:49:23.815 1290 1290 D RockyReceiver: action: android.net.wifi.WIFI_STATE_CHANGED
06-27 13:49:23.816 480 812 E ConnectivityService: Exception = android.content.pm.PackageManager$NameNotFoundException: android.net.cts
06-27 13:49:23.816 480 609 D WifiClientModeManager[wlan0]: Active SubscriptionInfo list not found
06-27 13:49:23.818 480 480 W SyncManager: Writing sync state before shutdown...
01-01 08:01:31.408 3507 3507 W audit : audit_lost=793 audit_rate_limit=5 audit_backlog_limit=64
01-01 08:01:31.408 3507 3507 E audit : rate limit exceeded
06-27 13:49:23.819 1290 1290 I Receiver: 网络连接成功
06-27 13:49:23.819 480 609 D WifiClientModeManager[wlan0]: The target role change info null
06-27 13:49:23.820 480 609 D WifiClientModeManager[wlan0]: Continue to stop wifi
06-27 13:49:23.825 480 609 D WifiClientModeManager[wlan0]: Stopping ClientModeImpl
06-27 13:49:23.826 1290 1290 D RockyReceiver: action: android.net.wifi.WIFI_STATE_CHANGED
06-27 13:49:23.827 3082 3347 E ccc : cccccc scanResult size is zero reset
06-27 13:49:23.828 480 503 E ConnectivityService: Exception = android.content.pm.PackageManager$NameNotFoundException: android.net.cts
06-27 13:49:23.829 480 480 D WifiP2pService: Wifi enabled=false
06-27 13:49:23.832 1290 1290 I Receiver: 网络连接成功
06-27 13:49:23.836 480 523 I EntropyMixer: Writing entropy...
06-27 13:49:23.840 480 480 I AlarmManager: AlarmManagerService receive shutting down set rtc alarm time: 0
06-27 13:49:23.841 480 480 W ContextImpl: Calling a method in the system process without a qualified user: android.app.ContextImpl.sendBroadcast:1173 com.android.server.alarm.AlarmManagerService$ShutdownReceiver.onReceive:4647 android.app.LoadedApk$ReceiverDispatcher$Args.lambda$getRunnable$0$LoadedApk$ReceiverDispatcher$Args:1679 android.app.LoadedApk$ReceiverDispatcher$Args$$ExternalSyntheticLambda0.run:2 android.os.Handler.handleCallback:938
06-27 13:49:23.842 480 480 E ActivityManager: Sending non-protected broadcast com.android.shutdown from system 480:system/1000 pkg android
06-27 13:49:23.842 480 480 E ActivityManager: java.lang.Throwable
06-27 13:49:23.842 480 480 E ActivityManager: at com.android.server.am.ActivityManagerService.checkBroadcastFromSystem(ActivityManagerService.java:12816)
06-27 13:49:23.842 480 480 E ActivityManager: at com.android.server.am.ActivityManagerService.broadcastIntentLocked(ActivityManagerService.java:13416)
06-27 13:49:23.842 480 480 E ActivityManager: at com.android.server.am.ActivityManagerService.broadcastIntentLocked(ActivityManagerService.java:12833)
06-27 13:49:23.842 480 480 E ActivityManager: at com.android.server.am.ActivityManagerService.broadcastIntentWithFeature(ActivityManagerService.java:13670)
06-27 13:49:23.842 480 480 E ActivityManager: at android.app.ContextImpl.sendBroadcast(ContextImpl.java:1177)
06-27 13:49:23.842 480 480 E ActivityManager: at com.android.server.alarm.AlarmManagerService$ShutdownReceiver.onReceive(AlarmManagerService.java:4647)
06-27 13:49:23.842 480 480 E ActivityManager: at android.app.LoadedApk$ReceiverDispatcher$Args.lambda$getRunnable$0$LoadedApk$ReceiverDispatcher$Args(LoadedApk.java:1679)
06-27 13:49:23.842 480 480 E ActivityManager: at android.app.LoadedApk$ReceiverDispatcher$Args$$ExternalSyntheticLambda0.run(Unknown Source:2)
06-27 13:49:23.842 480 480 E ActivityManager: at android.os.Handler.handleCallback(Handler.java:938)
06-27 13:49:23.842 480 480 E ActivityManager: at android.os.Handler.dispatchMessage(Handler.java:99)
06-27 13:49:23.842 480 480 E ActivityManager: at android.os.Looper.loopOnce(Looper.java:201)
06-27 13:49:23.842 480 480 E ActivityManager: at android.os.Looper.loop(Looper.java:288)
06-27 13:49:23.842 480 480 E ActivityManager: at com.android.server.SystemServer.run(SystemServer.java:966)
06-27 13:49:23.842 480 480 E ActivityManager: at com.android.server.SystemServer.main(SystemServer.java:628)
06-27 13:49:23.842 480 480 E ActivityManager: at java.lang.reflect.Method.invoke(Native Method)
06-27 13:49:23.842 480 480 E ActivityManager: at com.android.internal.os.RuntimeInit$MethodAndArgsCaller.run(RuntimeInit.java:548)
06-27 13:49:23.842 480 480 E ActivityManager: at com.android.internal.os.ZygoteInit.main(ZygoteInit.java:1160)
06-27 13:49:23.844 480 480 E ActivityManager: Sending non-protected broadcast com.android.shutdown from system 480:system/1000 pkg android
06-27 13:49:23.844 480 480 E ActivityManager: java.lang.Throwable
06-27 13:49:23.844 480 480 E ActivityManager: at com.android.server.am.ActivityManagerService.checkBroadcastFromSystem(ActivityManagerService.java:12816)
06-27 13:49:23.844 480 480 E ActivityManager: at com.android.server.am.ActivityManagerService.broadcastIntentLocked(ActivityManagerService.java:13513)
06-27 13:49:23.844 480 480 E ActivityManager: at com.android.server.am.ActivityManagerService.broadcastIntentLocked(ActivityManagerService.java:12833)
06-27 13:49:23.844 480 480 E ActivityManager: at com.android.server.am.ActivityManagerService.broadcastIntentWithFeature(ActivityManagerService.java:13670)
06-27 13:49:23.844 480 480 E ActivityManager: at android.app.ContextImpl.sendBroadcast(ContextImpl.java:1177)
06-27 13:49:23.844 480 480 E ActivityManager: at com.android.server.alarm.AlarmManagerService$ShutdownReceiver.onReceive(AlarmManagerService.java:4647)
06-27 13:49:23.844 480 480 E ActivityManager: at android.app.LoadedApk$ReceiverDispatcher$Args.lambda$getRunnable$0$LoadedApk$ReceiverDispatcher$Args(LoadedApk.java:1679)
06-27 13:49:23.844 480 480 E ActivityManager: at android.app.LoadedApk$ReceiverDispatcher$Args$$ExternalSyntheticLambda0.run(Unknown Source:2)
06-27 13:49:23.844 480 480 E ActivityManager: at android.os.Handler.handleCallback(Handler.java:938)
06-27 13:49:23.844 480 480 E ActivityManager: at android.os.Handler.dispatchMessage(Handler.java:99)
06-27 13:49:23.844 480 480 E ActivityManager: at android.os.Looper.loopOnce(Looper.java:201)
06-27 13:49:23.844 480 480 E ActivityManager: at android.os.Looper.loop(Looper.java:288)
06-27 13:49:23.844 480 480 E ActivityManager: at com.android.server.SystemServer.run(SystemServer.java:966)
06-27 13:49:23.844 480 480 E ActivityManager: at com.android.server.SystemServer.main(SystemServer.java:628)
06-27 13:49:23.844 480 480 E ActivityManager: at java.lang.reflect.Method.invoke(Native Method)
06-27 13:49:23.844 480 480 E ActivityManager: at com.android.internal.os.RuntimeInit$MethodAndArgsCaller.run(RuntimeInit.java:548)
06-27 13:49:23.844 480 480 E ActivityManager: at com.android.internal.os.ZygoteInit.main(ZygoteInit.java:1160)
06-27 13:49:23.847 480 541 I DropBoxManagerService: add tag=system_server_wtf isTagEnabled=true flags=0x2
06-27 13:49:23.848 659 659 D WifiHAL : wifi_virtual_interface_delete: ifname=wlan0 delete
06-27 13:49:23.849 659 659 I android.hardware.wifi@1.0-service-lazy: Adding interface handle for wlan1
06-27 13:49:23.849 659 659 I android.hardware.wifi@1.0-service-lazy: Adding interface handle for wlan0
06-27 13:49:23.849 659 659 W android.hardware.wifi@1.0-service-lazy: No active wlan interfaces in use! Using default
06-27 13:49:23.852 480 480 V HdmiControlService: On standby-action cleared:4
06-27 13:49:23.854 480 480 V HdmiControlService: onStandbyCompleted
06-27 13:49:23.857 480 609 I android_os_HwBinder: HwBinder: Starting thread pool for getting: android.hardware.wifi.supplicant@1.0::ISupplicant/default
06-27 13:49:23.858 1104 1104 D aaa : aaa shutdown --------
06-27 13:49:23.861 480 541 I DropBoxManagerService: add tag=system_server_wtf isTagEnabled=true flags=0x2
06-27 13:49:23.864 836 836 I wpa_supplicant: nl80211: deinit ifname=p2p-dev-wlan0 disabled_11b_rates=0
06-27 13:49:23.875 480 480 D CompatibilityChangeReporter: Compat change id reported: 168419799; UID 1000; state: DISABLED