01-01 08:00:20.487 169 169 I sunxi-ehci 5311000.ehci3-controller: USB 2.0 started, EHCI 1.00
01-01 08:00:20.487 169 169 E debugfs : Directory 'sunxi-ehci' with parent 'ehci' already present!
01-01 08:00:20.498 169 169 I usb4 : New USB device found, idVendor=1d6b, idProduct=0002, bcdDevice= 5.04
01-01 08:00:20.498 169 169 I usb4 : New USB device strings: Mfr=3, Product=2, SerialNumber=1
01-01 08:00:20.498 169 169 I usb4 : Product: EHCI Host Controller
01-01 08:00:20.498 169 169 I usb4 : Manufacturer: Linux 5.4.125+ ehci_hcd
01-01 08:00:20.498 169 169 I usb4 : SerialNumber: sunxi-ehci
06-25 14:28:16.642 480 641 V BackupManagerService: [UserID:0] Starting with transport com.android.localtransport/.LocalTransport
06-25 14:28:16.643 191 235 I vold : Bind mounting /data/media to /mnt/pass_through/0/emulated
06-25 14:28:16.644 321 323 D XM_HIDREAD: add@ add@/devices/platform/soc@3000000/5311000.ehci3-controller/usb4
06-25 14:28:16.644 321 323 D XM_HIDREAD: add@ add@/devices/platform/soc@3000000/5311000.ehci3-controller/usb4/4-0:1.0
06-25 14:28:16.646 480 609 D WifiConfigStore: Reading from user stores completed in 16 ms.
06-25 14:28:16.646 321 323 D XM_HIDREAD: add@ add@/bus/platform/drivers/sunxi-ehci
06-25 14:28:16.647 321 323 D XM_HIDREAD: add@ add@/module/ehci_sunxi
01-01 08:00:20.500 169 169 I hub 4-0 : 1.0: USB hub found
01-01 08:00:20.500 169 169 I hub 4-0 : 1.0: 1 port detected
06-25 14:28:16.653 480 641 D BackupManagerService: [UserID:0] Started thread backup-0
06-25 14:28:16.659 480 602 I StorageSessionController: On volume mount VolumeInfo{emulated;0}:
06-25 14:28:16.659 480 602 I StorageSessionController: type=EMULATED diskId=null partGuid= mountFlags=PRIMARY|VISIBLE
06-25 14:28:16.659 480 602 I StorageSessionController: mountUserId=0 state=CHECKING
06-25 14:28:16.659 480 602 I StorageSessionController: fsType=null fsUuid=null fsLabel=null
06-25 14:28:16.659 480 602 I StorageSessionController: path=/storage/emulated internalPath=/data/media
06-25 14:28:16.661 480 602 I StorageSessionController: Creating connection for user: 0
06-25 14:28:16.662 480 1001 I HibernationStateDiskStore: No hibernation file on disk for file /data/system_ce/0/hibernation/states
06-25 14:28:16.667 480 602 I StorageSessionController: Creating and starting session with id: emulated;0
06-25 14:28:16.668 480 540 I system_server: Using smaps_rollup for pss collection
06-25 14:28:16.670 480 602 I StorageUserConnection: Binding to the ExternalStorageService for user 0
06-25 14:28:16.676 480 541 D AutofillManagerServiceImpl: Reset component for user 0:
06-25 14:28:16.677 480 541 D FieldClassificationStrategy: reset(): service is not bound. Do nothing.
06-25 14:28:16.678 480 541 W AppBindingService: [Default SMS app] u0 Target package not found
06-25 14:28:16.679 480 522 D AutofillUI: destroySaveUiUiThread(): already destroyed
06-25 14:28:16.681 480 541 I ActivityTaskManager: Loading recents for user 0 into memory.
06-25 14:28:16.687 480 609 D WifiConfigStore: Writing to stores completed in 9 ms.
06-25 14:28:16.688 480 1036 I AppSearchUserInstanceMa: Creating new AppSearch instance at: /data/system_ce/0/appsearch/icing
06-25 14:28:16.702 321 323 D XM_HIDREAD: add@ add@/devices/virtual/devlink/regulator.8--5101400.ohci0-controller
01-01 08:00:20.555 169 169 W sunxi-ohci: OHCI SUNXI driver
01-01 08:00:20.557 169 169 W : sunxi ohci0-controller don't init wakeup source
01-01 08:00:20.557 169 169 W [sunxi-ohci0]: probe, pdev->name: 5101400.ohci0-controller, sunxi_ohci: 0xffffffc008f81378
01-01 08:00:20.559 169 169 I sunxi-ohci 5101400.ohci0-controller: OHCI Host Controller
01-01 08:00:20.559 169 169 I sunxi-ohci 5101400.ohci0-controller: new USB bus registered, assigned bus number 5
01-01 08:00:20.560 169 169 I sunxi-ohci 5101400.ohci0-controller: irq 51, io mem 0x05101400
06-25 14:28:16.710 480 641 I SELinux : SELinux: Loaded file_contexts
06-25 14:28:16.713 480 541 V PackageConfigPersister: loadPackages: empty list files from /data/system_ce/0/package_configs
06-25 14:28:16.717 480 602 D CompatibilityChangeReporter: Compat change id reported: 135634846; UID 10074; state: DISABLED
06-25 14:28:16.718 480 542 D CompatibilityChangeReporter: Compat change id reported: 143937733; UID 10074; state: ENABLED
06-25 14:28:16.720 480 602 I StorageUserConnection: Bound to the ExternalStorageService for user 0
06-25 14:28:16.720 480 541 W ActivityManager: UserLifecycleEvent 5 received without an active userJourneySession.
06-25 14:28:16.720 480 541 W ActivityManager: UserLifecycleEvent 6 received without an active userJourneySession.
06-25 14:28:16.720 480 641 E BackupPasswordManager: Unable to read backup pw version
06-25 14:28:16.721 480 541 I ActivityManager: User 0 state changed from RUNNING_UNLOCKING to RUNNING_UNLOCKED
06-25 14:28:16.721 480 641 E BackupPasswordManager: Unable to read saved backup pw hash
06-25 14:28:16.721 480 541 D SystemServerTiming: SystemUserUnlock took to complete: 979ms
06-25 14:28:16.723 480 541 I ActivityManager: com.dangbei.lerad.etna.haqu is exempt from freezer
06-25 14:28:16.723 480 541 D CompatibilityChangeReporter: Compat change id reported: 135634846; UID 1000; state: DISABLED
06-25 14:28:16.746 480 480 W NotificationHistory: Attempted to add notif for locked/gone/disabled user 0
06-25 14:28:16.747 480 1032 V BackupManagerConstants: getKeyValueBackupIntervalMilliseconds(...) returns 14400000
06-25 14:28:16.747 480 1032 V BackupManagerConstants: getKeyValueBackupFuzzMilliseconds(...) returns 600000
06-25 14:28:16.747 480 1032 V BackupManagerConstants: getKeyValueBackupRequiredNetworkType(...) returns 1
06-25 14:28:16.747 480 1032 V BackupManagerConstants: getKeyValueBackupRequireCharging(...) returns true
06-25 14:28:16.748 480 1032 V KeyValueBackupJob: Scheduling k/v pass in 243 minutes
06-25 14:28:16.749 480 641 V BackupManagerService: [UserID:0] No ancestral data
06-25 14:28:16.753 480 1036 W UnsafeUtil: platform method missing - proto runtime falling back to safer methods: java.lang.NoSuchMethodException: sun.misc.Unsafe.copyMemory [class java.lang.Object, long, class java.lang.Object, long, long]
06-25 14:28:16.755 480 521 I AppWidgetServiceImpl: Processing of handleUserUnlocked u0 took 16 ms
06-25 14:28:16.760 268 268 I EventThread: type=1400 audit(0.0:446): avc: denied { search } for name="extcon" dev="sysfs" ino=18109 scontext=u:r:hal_tv_cec_default:s0 tcontext=u:object_r:sysfs_extcon:s0 tclass=dir permissive=1
06-25 14:28:16.768 321 323 D XM_HIDREAD: add@ add@/devices/platform/soc@3000000/5101400.ohci0-controller/usb5
01-01 08:00:20.623 169 169 I usb5 : New USB device found, idVendor=1d6b, idProduct=0001, bcdDevice= 5.04
01-01 08:00:20.623 169 169 I usb5 : New USB device strings: Mfr=3, Product=2, SerialNumber=1
01-01 08:00:20.623 169 169 I usb5 : Product: OHCI Host Controller
01-01 08:00:20.623 169 169 I usb5 : Manufacturer: Linux 5.4.125+ ohci_hcd
01-01 08:00:20.623 169 169 I usb5 : SerialNumber: sunxi-ohci
06-25 14:28:16.763 480 541 I ActivityManager: Posting BOOT_COMPLETED user #0
06-25 14:28:16.772 321 323 D XM_HIDREAD: add@ add@/devices/platform/soc@3000000/5101400.ohci0-controller/usb5/5-0:1.0
06-25 14:28:16.772 480 641 I BackupManagerService: [UserID:0] Package com.dangbei.tvlauncher not installed; dropping from full backup
06-25 14:28:16.775 480 1032 D ConnectivityService: requestNetwork for uid/pid:1000/480 activeRequest: null callbackRequest: 22 [NetworkRequest [ REQUEST id=23, [ Capabilities: INTERNET&NOT_RESTRICTED&TRUSTED&NOT_VCN_MANAGED Uid: 1000 RequestorUid: 1000 RequestorPkg: android] ]] callback flags: 0 priority: 2147483647
01-01 08:00:20.628 169 169 I hub 5-0 : 1.0: USB hub found
01-01 08:00:20.628 169 169 I hub 5-0 : 1.0: 1 port detected
06-25 14:28:16.778 480 616 D ConnectivityService: NetReassign [no changes]
06-25 14:28:16.778 321 323 D XM_HIDREAD: add@ add@/devices/virtual/devlink/regulator.8--5200400.ohci1-controller
01-01 08:00:20.633 169 169 W : sunxi ohci1-controller don't init wakeup source
01-01 08:00:20.633 169 169 W [sunxi-ohci1]: probe, pdev->name: 5200400.ohci1-controller, sunxi_ohci: 0xffffffc008f81a38
01-01 08:00:20.634 169 169 I sunxi-ohci 5200400.ohci1-controller: OHCI Host Controller
01-01 08:00:20.634 169 169 I sunxi-ohci 5200400.ohci1-controller: new USB bus registered, assigned bus number 6
06-25 14:28:16.780 480 655 D Ethernet: got request NetworkRequest [ REQUEST id=23, [ Capabilities: INTERNET&NOT_RESTRICTED&TRUSTED&NOT_VCN_MANAGED Uid: 1000 RequestorUid: 1000 RequestorPkg: android] ]
06-25 14:28:16.781 480 655 D EthernetNetworkFactory: acceptRequest, request: NetworkRequest [ REQUEST id=23, [ Capabilities: INTERNET&NOT_RESTRICTED&TRUSTED&NOT_VCN_MANAGED Uid: 1000 RequestorUid: 1000 RequestorPkg: android] ]
06-25 14:28:16.780 248 248 D Zygote : Forked child process 1038
06-25 14:28:16.781 480 655 I EthernetNetworkFactory: networkForRequest, request: NetworkRequest [ REQUEST id=23, [ Capabilities: INTERNET&NOT_RESTRICTED&TRUSTED&NOT_VCN_MANAGED Uid: 1000 RequestorUid: 1000 RequestorPkg: android] ], network: null
06-25 14:28:16.783 480 609 D WifiNetworkFactory: got request NetworkRequest [ REQUEST id=23, [ Capabilities: INTERNET&NOT_RESTRICTED&TRUSTED&NOT_VCN_MANAGED Uid: 1000 RequestorUid: 1000 RequestorPkg: android] ]
06-25 14:28:16.783 480 609 D UntrustedWifiNetworkFactory: got request NetworkRequest [ REQUEST id=23, [ Capabilities: INTERNET&NOT_RESTRICTED&TRUSTED&NOT_VCN_MANAGED Uid: 1000 RequestorUid: 1000 RequestorPkg: android] ]
06-25 14:28:16.783 480 609 D OemPaidWifiNetworkFactory: got request NetworkRequest [ REQUEST id=23, [ Capabilities: INTERNET&NOT_RESTRICTED&TRUSTED&NOT_VCN_MANAGED Uid: 1000 RequestorUid: 1000 RequestorPkg: android] ]
06-25 14:28:16.783 480 542 W ActivityManager: Slow operation: 66ms so far, now at startProcess: returned from zygote!
06-25 14:28:16.789 480 657 D PPPOE : got request NetworkRequest [ REQUEST id=23, [ Capabilities: INTERNET&NOT_RESTRICTED&TRUSTED&NOT_VCN_MANAGED Uid: 1000 RequestorUid: 1000 RequestorPkg: android] ]
01-01 08:00:20.635 169 169 E debugfs : Directory 'sunxi-ohci' with parent 'ohci' already present!
01-01 08:00:20.649 169 169 I sunxi-ohci 5200400.ohci1-controller: irq 53, io mem 0x05200400
06-25 14:28:16.798 480 542 W ActivityManager: Slow operation: 83ms so far, now at startProcess: done updating battery stats
06-25 14:28:16.801 480 542 I Watchdog: Interesting Java process com.android.providers.media.module started. Pid 1038
06-25 14:28:16.801 480 542 W ActivityManager: Slow operation: 86ms so far, now at startProcess: building log message
06-25 14:28:16.801 480 542 I ActivityManager: app.processName = com.android.providers.media.module
06-25 14:28:16.801 480 542 I ActivityManager: Start proc 1038:com.android.providers.media.module/u0a74 for service {com.android.providers.media.module/com.android.providers.media.fuse.ExternalStorageServiceImpl}
06-25 14:28:16.801 480 542 W ActivityManager: Slow operation: 86ms so far, now at startProcess: starting to update pids map
06-25 14:28:16.802 480 542 W ActivityManager: Slow operation: 86ms so far, now at startProcess: done updating pids map
06-25 14:28:16.802 480 542 W ActivityManager: Slow operation: 80ms so far, now at startProcess: asking zygote to start proc
06-25 14:28:16.806 1038 1038 I Zygote : seccomp disabled by setenforce 0
06-25 14:28:16.828 408 423 I adbd : jdwp connection from 1038
06-25 14:28:16.830 1041 1041 I Zygote : seccomp disabled by setenforce 0
06-25 14:28:16.831 248 248 D Zygote : Forked child process 1041
06-25 14:28:16.831 480 542 W ActivityManager: Slow operation: 109ms so far, now at startProcess: returned from zygote!
06-25 14:28:16.834 480 541 D CompatibilityChangeReporter: Compat change id reported: 135634846; UID 10031; state: DISABLED
06-25 14:28:16.834 480 541 D CompatibilityChangeReporter: Compat change id reported: 177438394; UID 10031; state: DISABLED
06-25 14:28:16.834 480 541 D CompatibilityChangeReporter: Compat change id reported: 135772972; UID 10031; state: DISABLED
06-25 14:28:16.834 480 541 D CompatibilityChangeReporter: Compat change id reported: 135754954; UID 10031; state: ENABLED
06-25 14:28:16.840 480 542 W ActivityManager: Slow operation: 118ms so far, now at startProcess: done updating battery stats
06-25 14:28:16.840 480 542 W ActivityManager: Slow operation: 118ms so far, now at startProcess: building log message
06-25 14:28:16.840 480 542 I ActivityManager: app.processName = com.dangbei.lerad.etna.haqu
06-25 14:28:16.840 480 542 I ActivityManager: Start proc 1041:com.dangbei.lerad.etna.haqu/1000 for added application com.dangbei.lerad.etna.haqu
06-25 14:28:16.840 480 542 W ActivityManager: Slow operation: 118ms so far, now at startProcess: starting to update pids map
06-25 14:28:16.841 480 542 W ActivityManager: Slow operation: 119ms so far, now at startProcess: done updating pids map
06-25 14:28:16.842 480 542 D CompatibilityChangeReporter: Compat change id reported: 143937733; UID 10031; state: ENABLED
06-25 14:28:16.851 480 541 I SystemServerTimingAsync: ssm.UnlockedUser-0
06-25 14:28:16.851 480 541 I SystemServiceManager: Calling onUnlockedUser 0
06-25 14:28:16.853 824 824 D FallbackHome: User unlocked and real home found; let's go!
06-25 14:28:16.858 321 323 D XM_HIDREAD: add@ add@/devices/platform/soc@3000000/5200400.ohci1-controller/usb6
06-25 14:28:16.852 336 336 I xiriservice_All: type=1400 audit(0.0:447): avc: denied { read } for scontext=u:r:init:s0 tcontext=u:r:init:s0 tclass=netlink_kobject_uevent_socket permissive=1
01-01 08:00:20.711 169 169 I usb6 : New USB device found, idVendor=1d6b, idProduct=0001, bcdDevice= 5.04
01-01 08:00:20.711 169 169 I usb6 : New USB device strings: Mfr=3, Product=2, SerialNumber=1
01-01 08:00:20.711 169 169 I usb6 : Product: OHCI Host Controller
01-01 08:00:20.711 169 169 I usb6 : Manufacturer: Linux 5.4.125+ ohci_hcd
01-01 08:00:20.711 169 169 I usb6 : SerialNumber: sunxi-ohci
06-25 14:28:16.859 321 323 D XM_HIDREAD: add@ add@/devices/platform/soc@3000000/5200400.ohci1-controller/usb6/6-0:1.0
01-01 08:00:20.715 169 169 I hub 6-0 : 1.0: USB hub found
01-01 08:00:20.715 169 169 I hub 6-0 : 1.0: 1 port detected
06-25 14:28:16.865 321 323 D XM_HIDREAD: add@ add@/devices/virtual/devlink/regulator.8--5310400.ohci2-controller
06-25 14:28:16.873 248 248 D Zygote : Forked child process 1054
01-01 08:00:20.720 169 169 W : sunxi ohci2-controller don't init wakeup source
01-01 08:00:20.720 169 169 W [sunxi-ohci2]: probe, pdev->name: 5310400.ohci2-controller, sunxi_ohci: 0xffffffc008f820f8
01-01 08:00:20.722 169 169 I sunxi-ohci 5310400.ohci2-controller: OHCI Host Controller
01-01 08:00:20.722 169 169 I sunxi-ohci 5310400.ohci2-controller: new USB bus registered, assigned bus number 7
01-01 08:00:20.722 169 169 E debugfs : Directory 'sunxi-ohci' with parent 'ohci' already present!
06-25 14:28:16.876 329 329 I rainbow_flow: type=1400 audit(0.0:448): avc: denied { ioctl } for path="/dev/spidev1.0" dev="tmpfs" ino=749 ioctlcmd=0x6b00 scontext=u:r:init:s0 tcontext=u:object_r:device:s0 tclass=chr_file permissive=1
06-25 14:28:16.881 668 668 D BluetoothOppFileProvider: Initialized
01-01 08:00:20.735 169 169 I sunxi-ohci 5310400.ohci2-controller: irq 55, io mem 0x05310400
06-25 14:28:16.886 480 480 V NotificationAssistants: disabling notification assistant for user 0: ComponentInfo{android.ext.services/android.ext.services.notification.Assistant}
06-25 14:28:16.887 480 480 D NotificationListeners: Removing active service ComponentInfo{android.ext.services/android.ext.services.notification.Assistant}
06-25 14:28:16.888 480 541 I LaunchParamsPersister: Didn't find launch param folder for user 0
06-25 14:28:16.895 1054 1054 I Zygote : seccomp disabled by setenforce 0
06-25 14:28:16.897 480 1060 E TaskPersister: File error accessing recents directory (directory doesn't exist?).
06-25 14:28:16.903 480 542 W ActivityManager: Slow operation: 59ms so far, now at startProcess: done updating battery stats
06-25 14:28:16.904 480 986 W StorageManagerService: Reporting emulated;0 unmounted due to system locked
06-25 14:28:16.906 480 542 W ActivityManager: Slow operation: 73ms so far, now at startProcess: building log message
06-25 14:28:16.906 480 542 I ActivityManager: app.processName = com.android.traceur
06-25 14:28:16.906 480 542 I ActivityManager: Start proc 1054:com.android.traceur/u0a31 for broadcast {com.android.traceur/com.android.traceur.Receiver}
06-25 14:28:16.906 480 542 W ActivityManager: Slow operation: 76ms so far, now at startProcess: starting to update pids map
06-25 14:28:16.915 480 541 W ActivityManager: UserLifecycleEvent 6 received without an active userJourneySession.
06-25 14:28:16.946 321 323 D XM_HIDREAD: add@ add@/devices/platform/soc@3000000/5310400.ohci2-controller/usb7
01-01 08:00:20.800 169 169 I usb7 : New USB device found, idVendor=1d6b, idProduct=0001, bcdDevice= 5.04
01-01 08:00:20.800 169 169 I usb7 : New USB device strings: Mfr=3, Product=2, SerialNumber=1
01-01 08:00:20.800 169 169 I usb7 : Product: OHCI Host Controller
01-01 08:00:20.800 169 169 I usb7 : Manufacturer: Linux 5.4.125+ ohci_hcd
01-01 08:00:20.800 169 169 I usb7 : SerialNumber: sunxi-ohci
06-25 14:28:16.947 321 323 D XM_HIDREAD: add@ add@/devices/platform/soc@3000000/5310400.ohci2-controller/usb7/7-0:1.0
01-01 08:00:20.803 169 169 I hub 7-0 : 1.0: USB hub found
01-01 08:00:20.803 169 169 I hub 7-0 : 1.0: 1 port detected
06-25 14:28:16.958 321 323 D XM_HIDREAD: add@ add@/devices/virtual/devlink/regulator.8--5311400.ohci3-controller
01-01 08:00:20.812 169 169 W : sunxi ohci3-controller don't init wakeup source
01-01 08:00:20.812 169 169 W [sunxi-ohci3]: probe, pdev->name: 5311400.ohci3-controller, sunxi_ohci: 0xffffffc008f827b8
01-01 08:00:20.814 169 169 I sunxi-ohci 5311400.ohci3-controller: OHCI Host Controller
01-01 08:00:20.814 169 169 I sunxi-ohci 5311400.ohci3-controller: new USB bus registered, assigned bus number 8
01-01 08:00:20.814 169 169 E debugfs : Directory 'sunxi-ohci' with parent 'ohci' already present!
06-25 14:28:16.972 408 423 I adbd : jdwp connection from 1041
01-01 08:00:20.827 169 169 I sunxi-ohci 5311400.ohci3-controller: irq 57, io mem 0x05311400
06-25 14:28:16.979 408 423 I adbd : jdwp connection from 1054
06-25 14:28:16.983 480 542 W ActivityManager: Slow operation: 152ms so far, now at startProcess: done updating pids map
06-25 14:28:16.992 480 760 I ActivityStarter: ---START u0 {act=android.intent.action.MAIN cat=[android.intent.category.HOME] flg=0x10000100 cmp=com.dangbei.leard.leradlauncher/com.dangbei.launcher.home.LauncherActivity (has extras)} from uid 0
06-25 14:28:16.993 480 480 V NotificationAssistants: enabling notification assistant for 0: ComponentInfo{android.ext.services/android.ext.services.notification.Assistant}
06-25 14:28:16.995 480 480 V NotificationAssistants: binding: Intent { act=android.service.notification.NotificationAssistantService cmp=android.ext.services/.notification.Assistant (has extras) }
06-25 14:28:16.998 668 848 I bt_core_module: system/bt/btcore/src/module.cc:90 module_start_up: module_start_up Started module "controller_module"
06-25 14:28:16.998 668 848 I bt_btm_pm: system/bt/stack/acl/btm_pm.cc:392 btm_pm_reset: reset pm
06-25 14:28:16.999 668 848 I btm_acl : system/bt/stack/acl/btm_acl.cc:654 check_link_policy: hold not supported (settings: 0x000d)
06-25 14:28:16.999 668 848 I btm_acl : system/bt/stack/acl/btm_acl.cc:664 check_link_policy: park not supported (settings: 0x0005)
06-25 14:28:16.999 668 848 I bt_btm_sec: system/bt/stack/btm/btm_sec.cc:226 BTM_SecRegister: BTM_SecRegister p_cb_info->p_le_callback == 0x0xc5dc26c1
06-25 14:28:16.999 668 848 I bt_btm_sec: system/bt/stack/btm/btm_sec.cc:241 BTM_SecRegister: BTM_SecRegister btm_cb.api.p_le_callback = 0x0xc5dc26c1
06-25 14:28:17.000 668 955 I bluetooth: system/bt/stack/gatt/gatt_api.cc:1019 GATT_Register: Allocated name:GattClient uuid:50404e2b-4179-9c31-ec85-025fc713009d gatt_if:3 eatt_support:0
06-25 14:28:17.017 480 1035 E system_server: No package ID 7f found for ID 0x7f070090.
06-25 14:28:17.018 480 1035 E system_server: No package ID 7f found for ID 0x7f10009b.
06-25 14:28:17.028 480 760 D CompatibilityChangeReporter: Compat change id reported: 174042980; UID 1000; state: DISABLED
06-25 14:28:17.030 668 955 I bt_stack: [INFO:ble_advertiser_hci_interface.cc(767)] Extended advertising will be in use
06-25 14:28:17.034 668 955 E bt_btif_storage: system/bt/btif/src/btif_storage.cc:632 btif_storage_get_adapter_property: btif_storage_get_adapter_property: Controller ready!
06-25 14:28:17.034 668 955 I bt_btif_storage: system/bt/btif/src/btif_storage.cc:661 btif_storage_get_adapter_property: btif_storage_get_adapter_property service_mask:0x20000000
06-25 14:28:17.034 668 955 I bt_stack: [INFO:btif_bqr.cc(229)] EnableBtQualityReport: is_enable: true
06-25 14:28:17.035 668 955 W bt_stack: [WARNING:btif_bqr.cc(237)] EnableBtQualityReport: Bluetooth Quality Report is disabled. bqr_prop_evtmask: , bqr_prop_interval_ms:
06-25 14:28:17.036 668 1086 I bt_osi_thread: system/bt/osi/src/thread.cc:209 run_thread: run_thread: thread id 1086, thread name btif_sock started
06-25 14:28:17.037 480 760 D ActivityTaskManager: isHomeLauncher info= ActivityInfo{e0ce49 com.dangbei.launcher.home.LauncherActivity}
06-25 14:28:17.038 668 955 I bt_bte_conf: system/bt/main/bte_conf.cc:84 bte_load_did_conf: Device ID record 1 : primary
06-25 14:28:17.038 668 955 I bt_bte_conf: system/bt/main/bte_conf.cc:85 bte_load_did_conf: vendorId = 00e0
06-25 14:28:17.038 668 955 I bt_bte_conf: system/bt/main/bte_conf.cc:86 bte_load_did_conf: vendorIdSource = 0001
06-25 14:28:17.038 668 955 I bt_bte_conf: system/bt/main/bte_conf.cc:87 bte_load_did_conf: product = 1200
06-25 14:28:17.038 668 955 I bt_bte_conf: system/bt/main/bte_conf.cc:88 bte_load_did_conf: version = 1436
06-25 14:28:17.038 668 955 I bt_bte_conf: system/bt/main/bte_conf.cc:89 bte_load_did_conf: clientExecutableURL =
06-25 14:28:17.038 668 955 I bt_bte_conf: system/bt/main/bte_conf.cc:90 bte_load_did_conf: serviceDescription =
06-25 14:28:17.038 668 955 I bt_bte_conf: system/bt/main/bte_conf.cc:91 bte_load_did_conf: documentationURL =
06-25 14:28:17.038 668 955 I bt_bta_dm: system/bt/bta/dm/bta_dm_act.cc:3191 bta_dm_eir_update_uuid: EIR Adding UUID=0x1200 into extended inquiry response
06-25 14:28:17.038 668 955 I bt_bta_dm: system/bt/bta/dm/bta_dm_act.cc:2890 bta_dm_set_eir: Generating extended inquiry response packet EIR
06-25 14:28:17.038 668 955 I bt_bte_conf: system/bt/main/bte_conf.cc:47 bte_load_did_conf: bte_load_did_conf no section named DID2.
06-25 14:28:17.038 668 955 I bt_btif_core: system/bt/btif/src/btif_core.cc:312 btif_enable_bluetooth_evt: Bluetooth enable event completed
06-25 14:28:17.038 668 955 I bt_bta_dm: system/bt/bta/dm/bta_dm_act.cc:2890 bta_dm_set_eir: Generating extended inquiry response packet EIR
06-25 14:28:17.039 668 848 I bt_stack_manager: system/bt/btif/src/stack_manager.cc:311 event_start_up_stack: event_start_up_stack finished
06-25 14:28:17.041 321 323 D XM_HIDREAD: add@ add@/devices/platform/soc@3000000/5311400.ohci3-controller/usb8
06-25 14:28:17.042 321 323 D XM_HIDREAD: add@ add@/devices/platform/soc@3000000/5311400.ohci3-controller/usb8/8-0:1.0
01-01 08:00:20.895 169 169 I usb8 : New USB device found, idVendor=1d6b, idProduct=0001, bcdDevice= 5.04
01-01 08:00:20.895 169 169 I usb8 : New USB device strings: Mfr=3, Product=2, SerialNumber=1
01-01 08:00:20.895 169 169 I usb8 : Product: OHCI Host Controller
01-01 08:00:20.895 169 169 I usb8 : Manufacturer: Linux 5.4.125+ ohci_hcd
01-01 08:00:20.895 169 169 I usb8 : SerialNumber: sunxi-ohci
01-01 08:00:20.898 169 169 I hub 8-0 : 1.0: USB hub found
01-01 08:00:20.898 169 169 I hub 8-0 : 1.0: 1 port detected
06-25 14:28:17.046 321 323 D XM_HIDREAD: add@ add@/bus/platform/drivers/sunxi-ohci
06-25 14:28:17.047 321 323 D XM_HIDREAD: add@ add@/module/ohci_sunxi
06-25 14:28:17.064 1087 1087 I Binder:480_6: type=1400 audit(0.0:449): avc: denied { execute } for name="am" dev="dm-1" ino=1160 scontext=u:r:system_server:s0 tcontext=u:object_r:vendor_file:s0 tclass=file permissive=1
06-25 14:28:17.064 1087 1087 I Binder:480_6: type=1400 audit(0.0:450): avc: denied { read open } for path="/vendor/xbin/am" dev="dm-1" ino=1160 scontext=u:r:system_server:s0 tcontext=u:object_r:vendor_file:s0 tclass=file permissive=1
06-25 14:28:17.064 1087 1087 I Binder:480_6: type=1400 audit(0.0:451): avc: denied { execute_no_trans } for path="/vendor/xbin/am" dev="dm-1" ino=1160 scontext=u:r:system_server:s0 tcontext=u:object_r:vendor_file:s0 tclass=file permissive=1
01-01 08:00:20.927 1087 1087 W audit : audit_lost=1 audit_rate_limit=5 audit_backlog_limit=64
01-01 08:00:20.927 1087 1087 E audit : rate limit exceeded
06-25 14:28:17.077 668 870 D AdapterProperties: BT_PROPERTY_LOCAL_LE_FEATURES: update from BT controller mNumOfAdvertisementInstancesSupported = 0 mRpaOffloadSupported = false mNumOfOffloadedIrkSupported = 0 mNumOfOffloadedScanFilterSupported = 0 mOffloadedScanResultStorageBytes= 0 mIsActivityAndEnergyReporting = false mVersSupported = 0 mTotNumOfTrackableAdv = 0 mIsExtendedScanSupported = false mIsDebugLogSupported = false mIsLe2MPhySupported = true mIsLeCodedPhySupported = true mIsLeExtendedAdvertisingSupported = true mIsLePeriodicAdvertisingSupported = true mLeMaximumAdvertisingDataLength = 1650 mDynamicAudioBufferSizeSupportedCodecsGroup1 = 0 mDynamicAudioBufferSizeSupportedCodecsGroup2 = 0
06-25 14:28:17.078 267 267 I AW_PowerHAL: Power setMode: SUSTAINED_PERFORMANCE to: 1
06-25 14:28:17.081 480 760 D CompatibilityChangeReporter: Compat change id reported: 168419799; UID 1000; state: DISABLED
06-25 14:28:17.091 480 574 D CompatibilityChangeReporter: Compat change id reported: 168419799; UID 10074; state: DISABLED
01-01 08:00:20.948 169 169 D : get det_vbus is fail, -84
01-01 08:00:20.948 169 169 D : get id is fail, -84
06-25 14:28:17.097 480 574 W ActivityManager: Slow operation: 102ms so far, now at attachApplicationLocked: immediately before bindApplication
06-25 14:28:17.098 321 323 D XM_HIDREAD: add@ add@/bus/platform/drivers/otg manager
06-25 14:28:17.098 321 323 D XM_HIDREAD: add@ add@/module/sunxi_usbc
06-25 14:28:17.098 278 278 I BpBinder: onLastStrongRef automatically unlinking death recipients:
06-25 14:28:17.105 267 267 W AW_PowerHAL: Could not open nsi-bw: No such file or directory
06-25 14:28:17.107 267 267 I AW_PowerHAL: cur-mode:PERFORMANCE
06-25 14:28:17.116 480 574 W ActivityManager: Slow operation: 122ms so far, now at attachApplicationLocked: immediately after bindApplication
06-25 14:28:17.116 480 574 W ActivityManager: Slow operation: 122ms so far, now at attachApplicationLocked: after updateLruProcessLocked
06-25 14:28:17.131 480 574 W ActivityManager: Slow operation: 136ms so far, now at attachApplicationLocked: after mServices.attachApplicationLocked
06-25 14:28:17.139 1038 1038 D CompatibilityChangeReporter: Compat change id reported: 171979766; UID 10074; state: DISABLED
06-25 14:28:17.150 1041 1041 D CompatibilityChangeReporter: Compat change id reported: 171979766; UID 1000; state: DISABLED
06-25 14:28:17.157 480 540 W Searchables: No global search activity found
06-25 14:28:17.168 480 641 I BackupManagerService: isBackupEnabled() => false due to absent settings file
06-25 14:28:17.168 480 641 D BackupManagerService: user:0 readBackupEnableState enabled:false
06-25 14:28:17.168 480 641 I BackupManagerService: [UserID:0] Backup enabled => false
06-25 14:28:17.173 480 480 W Looper : Slow dispatch took 287ms main h=android.app.ActivityThread$H c=android.app.LoadedApk$ReceiverDispatcher$Args$$ExternalSyntheticLambda0@27c5dac m=0
06-25 14:28:17.178 480 812 D CompatibilityChangeReporter: Compat change id reported: 168419799; UID 10031; state: DISABLED
06-25 14:28:17.179 480 480 W Looper : Slow delivery took 330ms main h=android.app.ActivityThread$H c=android.app.LoadedApk$ReceiverDispatcher$Args$$ExternalSyntheticLambda0@615fb57 m=0
06-25 14:28:17.181 1041 1041 D ApplicationLoaders: Returning zygote-cached class loader: /system/framework/android.test.base.jar
06-25 14:28:17.181 1041 1041 D ApplicationLoaders: Returning zygote-cached class loader: /system/framework/android.hidl.manager-V1.0-java.jar
06-25 14:28:17.181 1041 1041 D ApplicationLoaders: Returning zygote-cached class loader: /system/framework/android.hidl.base-V1.0-java.jar
06-25 14:28:17.183 1089 1089 D VoHCI : VoHCI service version: v1.0.0
06-25 14:28:17.186 1089 1089 E VoHCI : Cannot get card id for name: VoHCILoopback
06-25 14:28:17.194 1054 1054 D CompatibilityChangeReporter: Compat change id reported: 171979766; UID 10031; state: ENABLED
06-25 14:28:17.194 480 524 I ActivityManager: com.dangbei.leard.leradlauncher is exempt from freezer
06-25 14:28:17.195 480 524 D CompatibilityChangeReporter: Compat change id reported: 135634846; UID 1000; state: DISABLED
06-25 14:28:17.198 685 685 D TvPipController: onTaskStackChanged()
06-25 14:28:17.219 248 248 D Zygote : Forked child process 1096
06-25 14:28:17.224 480 574 I ActivityManager: com.oranth.ledstatus is exempt from freezer
06-25 14:28:17.230 1096 1096 I Zygote : seccomp disabled by setenforce 0
06-25 14:28:17.231 480 540 I ActivityManager: com.android.keychain is exempt from freezer
06-25 14:28:17.242 480 480 I AccountManagerService: User 0 is unlocked - opening CE database
06-25 14:28:17.247 480 542 W ActivityManager: Slow operation: 54ms so far, now at startProcess: done updating battery stats
06-25 14:28:17.248 480 542 W ActivityManager: Slow operation: 54ms so far, now at startProcess: building log message
06-25 14:28:17.248 480 542 I ActivityManager: app.processName = com.dangbei.leard.leradlauncher
06-25 14:28:17.248 480 542 I ActivityManager: Start proc 1096:com.dangbei.leard.leradlauncher/1000 for top-activity {com.dangbei.leard.leradlauncher/com.dangbei.launcher.home.LauncherActivity}
06-25 14:28:17.248 480 542 W ActivityManager: Slow operation: 54ms so far, now at startProcess: starting to update pids map
06-25 14:28:17.248 480 542 W ActivityManager: Slow operation: 55ms so far, now at startProcess: done updating pids map
06-25 14:28:17.252 668 870 D AdapterProperties: Name is: DBBOX-A2
06-25 14:28:17.256 668 870 D AdapterProperties: Scan Mode:20
06-25 14:28:17.256 668 870 D AdapterProperties: Discoverable Timeout:120
06-25 14:28:17.257 668 870 D AdapterProperties: Adding bonded device:E4:BB:D3:57:C0:18
06-25 14:28:17.265 480 523 W IorapForwardingService: No service published for: iorapd
06-25 14:28:17.281 248 248 D Zygote : Forked child process 1104
06-25 14:28:17.281 408 423 I adbd : jdwp connection from 1096
06-25 14:28:17.283 480 542 W ActivityManager: Slow operation: 64ms so far, now at startProcess: returned from zygote!
06-25 14:28:17.284 480 542 W ActivityManager: Slow operation: 64ms so far, now at startProcess: done updating battery stats
06-25 14:28:17.284 480 542 W ActivityManager: Slow operation: 65ms so far, now at startProcess: building log message
06-25 14:28:17.284 480 542 I ActivityManager: app.processName = com.oranth.ledstatus
06-25 14:28:17.284 480 542 I ActivityManager: Start proc 1104:com.oranth.ledstatus/1000 for service {com.oranth.ledstatus/com.oranth.ledstatus.LedStatusService}
06-25 14:28:17.284 480 542 W ActivityManager: Slow operation: 65ms so far, now at startProcess: starting to update pids map
06-25 14:28:17.285 480 542 W ActivityManager: Slow operation: 65ms so far, now at startProcess: done updating pids map
06-25 14:28:17.285 480 542 W ActivityManager: Slow operation: 54ms so far, now at startProcess: asking zygote to start proc
06-25 14:28:17.295 1104 1104 I Zygote : seccomp disabled by setenforce 0
06-25 14:28:17.306 1104 1104 I ranth.ledstatu: Late-enabling -Xcheck:jni
06-25 14:28:17.310 248 248 D Zygote : Forked child process 1113
06-25 14:28:17.311 480 542 W ActivityManager: Slow operation: 80ms so far, now at startProcess: returned from zygote!
06-25 14:28:17.312 480 542 W ActivityManager: Slow operation: 82ms so far, now at startProcess: done updating battery stats
06-25 14:28:17.312 480 542 W ActivityManager: Slow operation: 82ms so far, now at startProcess: building log message
06-25 14:28:17.312 480 542 I ActivityManager: app.processName = com.android.keychain
06-25 14:28:17.312 480 542 I ActivityManager: Start proc 1113:com.android.keychain/1000 for service {com.android.keychain/com.android.keychain.KeyChainService}
06-25 14:28:17.312 480 542 W ActivityManager: Slow operation: 82ms so far, now at startProcess: starting to update pids map
06-25 14:28:17.313 480 542 W ActivityManager: Slow operation: 82ms so far, now at startProcess: done updating pids map
06-25 14:28:17.323 1113 1113 I Zygote : seccomp disabled by setenforce 0
06-25 14:28:17.354 408 423 I adbd : jdwp connection from 1113
06-25 14:28:17.358 668 822 I AdapterState: BLE_ON : entered
06-25 14:28:17.358 668 822 D AdapterProperties: Setting state to BLE_ON
06-25 14:28:17.365 668 822 D BluetoothAdapterService: updateAdapterState() - Broadcasting state BLE_ON to 1 receivers.
06-25 14:28:17.366 480 654 D AW_CODE : rotation =0
06-25 14:28:17.368 480 523 D BluetoothManagerService: MESSAGE_BLUETOOTH_STATE_CHANGE: BLE_TURNING_ON > BLE_ON
06-25 14:28:17.368 480 523 D BluetoothManagerService: Bluetooth is in LE only mode
06-25 14:28:17.368 480 523 D BluetoothManagerService: Binding Bluetooth GATT service
06-25 14:28:17.380 480 654 D CompatibilityChangeReporter: Compat change id reported: 174042980; UID 1000; state: DISABLED
06-25 14:28:17.386 1054 1054 V GraphicsEnvironment: ANGLE Developer option for 'com.android.traceur' set to: 'default'
06-25 14:28:17.387 1054 1054 V GraphicsEnvironment: Neither updatable production driver nor prerelease driver is supported.
06-25 14:28:17.390 1054 1054 D NetworkSecurityConfig: No Network Security Config specified, using platform default
06-25 14:28:17.393 1054 1054 D NetworkSecurityConfig: No Network Security Config specified, using platform default
06-25 14:28:17.394 408 423 I adbd : jdwp connection from 1104
06-25 14:28:17.398 480 654 W ActivityManager: Slow operation: 67ms so far, now at attachApplicationLocked: after mServices.attachApplicationLocked
06-25 14:28:17.410 480 523 D BluetoothManagerService: Sending BLE State Change: BLE_TURNING_ON > BLE_ON
06-25 14:28:17.413 1038 1038 V GraphicsEnvironment: ANGLE Developer option for 'com.android.providers.media.module' set to: 'default'
06-25 14:28:17.413 1096 1096 D CompatibilityChangeReporter: Compat change id reported: 171979766; UID 1000; state: DISABLED
06-25 14:28:17.413 1038 1038 V GraphicsEnvironment: Neither updatable production driver nor prerelease driver is supported.
06-25 14:28:17.416 480 574 D CompatibilityChangeReporter: Compat change id reported: 168419799; UID 1000; state: DISABLED
06-25 14:28:17.417 1038 1038 D NetworkSecurityConfig: No Network Security Config specified, using platform default
06-25 14:28:17.417 1038 1038 D NetworkSecurityConfig: No Network Security Config specified, using platform default
06-25 14:28:17.430 1113 1113 D CompatibilityChangeReporter: Compat change id reported: 171979766; UID 1000; state: ENABLED
06-25 14:28:17.449 1096 1096 D ApplicationLoaders: Returning zygote-cached class loader: /system/framework/android.test.base.jar
06-25 14:28:17.449 1096 1096 D ApplicationLoaders: Returning zygote-cached class loader: /system/framework/android.hidl.manager-V1.0-java.jar
06-25 14:28:17.449 1096 1096 D ApplicationLoaders: Returning zygote-cached class loader: /system/framework/android.hidl.base-V1.0-java.jar
06-25 14:28:17.449 1054 1054 I Traceur : Received BOOT_COMPLETE
06-25 14:28:17.493 1038 1038 V MediaProvider: Attached media from com.android.providers.media.module
06-25 14:28:17.494 480 502 D CompatibilityChangeReporter: Compat change id reported: 168419799; UID 1000; state: DISABLED
06-25 14:28:17.531 1041 1041 V GraphicsEnvironment: ANGLE Developer option for 'com.dangbei.lerad.etna.haqu' set to: 'default'
06-25 14:28:17.531 1041 1041 V GraphicsEnvironment: Neither updatable production driver nor prerelease driver is supported.
06-25 14:28:17.534 1041 1041 D NetworkSecurityConfig: Using Network Security Config from resource network_security_config debugBuild: false
06-25 14:28:17.534 480 480 W Looper : Slow dispatch took 355ms main h=android.app.ActivityThread$H c=android.app.LoadedApk$ReceiverDispatcher$Args$$ExternalSyntheticLambda0@962f6be m=0
06-25 14:28:17.544 480 480 D BluetoothManagerService: Bluetooth Adapter address changed to B4:2F:03:15:73:2F
06-25 14:28:17.547 1041 1041 D NetworkSecurityConfig: Using Network Security Config from resource network_security_config debugBuild: false
06-25 14:28:17.549 480 480 D BluetoothManagerService: Stored Bluetoothaddress: B4:2F:03:15:73:2F
06-25 14:28:17.550 480 480 V NotificationAssistants: 0 notification assistant service connected: ComponentInfo{android.ext.services/android.ext.services.notification.Assistant}
06-25 14:28:17.551 480 480 D BluetoothManagerService: Bluetooth Adapter name changed to DBBOX-A2 by android
06-25 14:28:17.551 480 480 D BluetoothManagerService: Stored Bluetooth name: DBBOX-A2
06-25 14:28:17.565 480 667 I SyncManager: Loaded persisted syncs: 0 periodic syncs, 0 oneshot syncs, 17 total system server jobs, JobStats: FirstLoad: 6/3/0 LastSave: -1/-1/-1
06-25 14:28:17.591 1104 1104 D CompatibilityChangeReporter: Compat change id reported: 171979766; UID 1000; state: DISABLED
06-25 14:28:17.596 1041 1041 I MultiDex: VM with version 2.1.0 has multidex support
06-25 14:28:17.596 1041 1041 I MultiDex: Installing application
06-25 14:28:17.596 1041 1041 I MultiDex: VM has multidex support, MultiDex support library is disabled.
06-25 14:28:17.602 1113 1113 V GraphicsEnvironment: ANGLE Developer option for 'com.android.keychain' set to: 'default'
06-25 14:28:17.602 1113 1113 V GraphicsEnvironment: Neither updatable production driver nor prerelease driver is supported.
06-25 14:28:17.605 1113 1113 D NetworkSecurityConfig: No Network Security Config specified, using platform default
06-25 14:28:17.606 1113 1113 D NetworkSecurityConfig: No Network Security Config specified, using platform default
06-25 14:28:17.611 480 654 W StorageManagerService: Reporting emulated;0 unmounted due to system locked
06-25 14:28:17.625 1038 1038 I TranscodeHelper: Empty transcode compat stale
06-25 14:28:17.626 1038 1038 I TranscodeHelper: Parsed 0 packages from resource
06-25 14:28:17.626 1038 1038 I TranscodeHelper: Empty device config transcode compat manifest
06-25 14:28:17.644 480 480 W Looper : Drained
06-25 14:28:17.644 1104 1104 D ApplicationLoaders: Returning zygote-cached class loader: /system/framework/android.test.base.jar
06-25 14:28:17.645 1104 1104 D ApplicationLoaders: Returning zygote-cached class loader: /system/framework/android.hidl.manager-V1.0-java.jar
06-25 14:28:17.645 1104 1104 D ApplicationLoaders: Returning zygote-cached class loader: /system/framework/android.hidl.base-V1.0-java.jar
06-25 14:28:17.651 1038 1038 V MediaStore: Examining volume emulated;0 with name external_primary and state checking
06-25 14:28:17.673 1038 1038 D CompatibilityChangeReporter: Compat change id reported: 148180766; UID 10074; state: ENABLED
06-25 14:28:17.677 1096 1096 V GraphicsEnvironment: ANGLE Developer option for 'com.dangbei.leard.leradlauncher' set to: 'default'
06-25 14:28:17.678 1096 1096 V GraphicsEnvironment: Neither updatable production driver nor prerelease driver is supported.
06-25 14:28:17.680 1096 1096 D NetworkSecurityConfig: Using Network Security Config from resource network_permission_config debugBuild: false
06-25 14:28:17.683 1038 1038 D PulledMetrics: Registering callback with StatsManager
06-25 14:28:17.684 1096 1096 D NetworkSecurityConfig: Using Network Security Config from resource network_permission_config debugBuild: false
06-25 14:28:17.697 1104 1104 W ranth.ledstatu: ClassLoaderContext shared library size mismatch. Expected=0, found=4 (PCL[] | PCL[]{PCL[/system/framework/android.test.base.jar*3790657674]#PCL[/system/framework/android.hidl.manager-V1.0-java.jar*1809561547]#PCL[/system/framework/android.hidl.base-V1.0-java.jar*2233032481]#PCL[/system/framework/org.apache.http.legacy.jar*2058259660]})
06-25 14:28:17.714 480 1033 I StorageUserConnection: Service: [ComponentInfo{com.android.providers.media.module/com.android.providers.media.fuse.ExternalStorageServiceImpl}] connected. User [0]
06-25 14:28:17.722 1038 1159 I ExternalStorageServiceImpl: Starting session for id: emulated;0
06-25 14:28:17.724 1038 1159 V FuseDaemonThread: Waiting 1000ms for FUSE start. Count 4
06-25 14:28:17.726 1096 1096 I MultiDex: VM with version 2.1.0 has multidex support
06-25 14:28:17.727 1096 1096 I MultiDex: Installing application
06-25 14:28:17.727 1096 1096 I MultiDex: VM has multidex support, MultiDex support library is disabled.
06-25 14:28:17.730 1038 1156 V MediaProvider: onConfigure() for external.db
06-25 14:28:17.733 1038 1161 I FuseDaemonThread: Starting thread for emulated;0 ...
06-25 14:28:17.735 1038 1161 I FuseDaemon: Starting fuse...
06-25 14:28:17.744 668 668 D GattService: Unlocked userId 0
06-25 14:28:17.746 480 480 D BluetoothManagerService: BluetoothServiceConnection: com.android.bluetooth.gatt.GattService
06-25 14:28:17.746 480 523 D BluetoothManagerService: MESSAGE_BLUETOOTH_SERVICE_CONNECTED: 2
06-25 14:28:17.747 480 523 D BluetoothManagerService: continueFromBleOnState()
06-25 14:28:17.751 668 822 I AdapterState: TURNING_ON : entered
06-25 14:28:17.751 668 822 D AdapterProperties: Setting state to TURNING_ON
06-25 14:28:17.752 480 523 D BluetoothManagerService: Persisting Bluetooth Setting: 1
06-25 14:28:17.753 668 822 D BluetoothAdapterService: updateAdapterState() - Broadcasting state TURNING_ON to 1 receivers.
06-25 14:28:17.754 1038 1156 V MediaProvider: onOpen() for external.db
06-25 14:28:17.755 668 822 D BluetoothAdapterService: startCoreServices()
06-25 14:28:17.755 480 523 D BluetoothManagerService: MESSAGE_BLUETOOTH_STATE_CHANGE: BLE_ON > TURNING_ON
06-25 14:28:17.755 480 523 D BluetoothManagerService: Sending BLE State Change: BLE_ON > TURNING_ON
06-25 14:28:17.756 480 523 D BluetoothManagerService: Sending State Change: OFF > TURNING_ON
06-25 14:28:17.760 1038 1156 V MediaProvider: onOpen() finished for external.db
06-25 14:28:17.769 668 668 I HeadsetService: create()
06-25 14:28:17.772 480 812 W StorageManagerService: Reporting emulated;0 unmounted due to system locked
06-25 14:28:17.774 1104 1104 V GraphicsEnvironment: ANGLE Developer option for 'com.oranth.ledstatus' set to: 'default'
06-25 14:28:17.775 1104 1104 V GraphicsEnvironment: Neither updatable production driver nor prerelease driver is supported.
06-25 14:28:17.777 480 574 W StorageManagerService: Reporting emulated;0 unmounted due to system locked
06-25 14:28:17.781 480 574 W StorageManagerService: Reporting emulated;0 unmounted due to system locked
06-25 14:28:17.784 1104 1104 D NetworkSecurityConfig: No Network Security Config specified, using platform default
06-25 14:28:17.785 668 668 I HeadsetService: start()
06-25 14:28:17.788 1104 1104 D NetworkSecurityConfig: No Network Security Config specified, using platform default
06-25 14:28:17.792 668 668 I BluetoothHeadsetServiceJni: classInitNative: succeeds
06-25 14:28:17.792 668 668 I bt_btif : system/bt/btif/src/bluetooth.cc:417 get_profile_interface: get_profile_interface: id = handsfree
06-25 14:28:17.793 668 668 I bt_stack: [INFO:btif_hf.cc(1491)] GetInterface
06-25 14:28:17.794 668 870 I bt_stack: [INFO:btif_hf.cc(289)] btif_hf_upstreams_evt: AG enable/disable event 0
06-25 14:28:17.795 480 654 D CompatibilityChangeReporter: Compat change id reported: 149924527; UID 1000; state: ENABLED
06-25 14:28:17.795 668 955 I bt_bta_dm: system/bt/bta/dm/bta_dm_act.cc:3191 bta_dm_eir_update_uuid: EIR Adding UUID=0x1112 into extended inquiry response
06-25 14:28:17.795 668 955 I bt_bta_dm: system/bt/bta/dm/bta_dm_act.cc:2890 bta_dm_set_eir: Generating extended inquiry response packet EIR
06-25 14:28:17.795 668 955 I bt_bta_dm: system/bt/bta/dm/bta_dm_act.cc:3191 bta_dm_eir_update_uuid: EIR Adding UUID=0x111F into extended inquiry response
06-25 14:28:17.795 668 955 I bt_bta_dm: system/bt/bta/dm/bta_dm_act.cc:2890 bta_dm_set_eir: Generating extended inquiry response packet EIR
06-25 14:28:17.796 668 955 I bt_stack: [INFO:port_api.cc(234)] RFCOMM_CreateConnection: bd_addr=ff:ff:ff:ff:ff:ff, scn=2, is_server=1, mtu=256, uuid=0x1112, dlci=4, signal_state=0x0b, p_port=0xc62cc524
06-25 14:28:17.796 668 955 I bt_stack: [INFO:port_api.cc(234)] RFCOMM_CreateConnection: bd_addr=ff:ff:ff:ff:ff:ff, scn=3, is_server=1, mtu=256, uuid=0x111f, dlci=6, signal_state=0x0b, p_port=0xc62cc5ac
06-25 14:28:17.796 668 955 I bt_stack: [INFO:port_api.cc(234)] RFCOMM_CreateConnection: bd_addr=ff:ff:ff:ff:ff:ff, scn=2, is_server=1, mtu=256, uuid=0x1112, dlci=4, signal_state=0x0b, p_port=0xc62cc634
06-25 14:28:17.796 668 955 I bt_stack: [INFO:port_api.cc(234)] RFCOMM_CreateConnection: bd_addr=ff:ff:ff:ff:ff:ff, scn=3, is_server=1, mtu=256, uuid=0x111f, dlci=6, signal_state=0x0b, p_port=0xc62cc6bc
06-25 14:28:17.796 480 574 D CompatibilityChangeReporter: Compat change id reported: 132649864; UID 1000; state: DISABLED
06-25 14:28:17.796 668 668 I bt_btif_storage: system/bt/btif/src/btif_storage.cc:661 btif_storage_get_adapter_property: btif_storage_get_adapter_property service_mask:0x20000040
06-25 14:28:17.802 1104 1104 D aaa : onCreate()
06-25 14:28:17.804 185 185 E SELinux : avc: denied { find } for pid=1104 uid=1000 name=MyLedService scontext=u:r:system_app:s0 tcontext=u:object_r:default_android_service:s0 tclass=service_manager permissive=1
06-25 14:28:17.805 668 882 D BluetoothActiveDeviceManager: handleMessage(MESSAGE_ADAPTER_ACTION_STATE_CHANGED): newState=11
06-25 14:28:17.806 185 185 E SELinux : avc: denied { add } for pid=1104 uid=1000 name=MyLedService scontext=u:r:system_app:s0 tcontext=u:object_r:default_android_service:s0 tclass=service_manager permissive=1
06-25 14:28:17.813 668 668 I A2dpService: create()
06-25 14:28:17.817 480 480 D BluetoothA2dp: Proxy object connected
06-25 14:28:17.817 685 685 D BluetoothA2dp: Proxy object connected
06-25 14:28:17.818 480 480 D BluetoothA2dp: Proxy object connected
06-25 14:28:17.819 480 480 D BluetoothA2dp: Proxy object connected
06-25 14:28:17.822 668 668 I A2dpService: start()
06-25 14:28:17.823 668 668 I BluetoothA2dpServiceJni: classInitNative: succeeds
06-25 14:28:17.824 480 760 W StorageManagerService: Reporting emulated;0 unmounted due to system locked
06-25 14:28:17.825 668 668 I A2dpService: Max connected audio devices set to 5
06-25 14:28:17.826 668 668 I bt_btif : system/bt/btif/src/bluetooth.cc:417 get_profile_interface: get_profile_interface: id = a2dp
06-25 14:28:17.827 668 668 I btif_av : system/bt/btif/src/btif_av.cc:965 Init: bt_status_t BtifAvSource::Init(btav_source_callbacks_t *, int, const std::vector &, const std::vector &): max_connected_audio_devices=5
06-25 14:28:17.827 668 668 I a2dp_codec: system/bt/stack/a2dp/a2dp_codec_config.cc:569 init: init
06-25 14:28:17.827 668 668 I a2dp_codec: system/bt/stack/a2dp/a2dp_codec_config.cc:113 createCodec: createCodec: codec SBC
06-25 14:28:17.827 668 668 I a2dp_codec: system/bt/stack/a2dp/a2dp_codec_config.cc:633 init: init: updated SBC codec priority to 1001
06-25 14:28:17.827 668 668 I a2dp_codec: system/bt/stack/a2dp/a2dp_codec_config.cc:113 createCodec: createCodec: codec AAC
06-25 14:28:17.827 668 668 I a2dp_codec: system/bt/stack/a2dp/a2dp_codec_config.cc:633 init: init: updated AAC codec priority to 2001
06-25 14:28:17.828 668 668 I a2dp_codec: system/bt/stack/a2dp/a2dp_codec_config.cc:113 createCodec: createCodec: codec aptX
06-25 14:28:17.831 668 955 I bt_stack: [INFO:port_api.cc(234)] RFCOMM_CreateConnection: bd_addr=ff:ff:ff:ff:ff:ff, scn=2, is_server=1, mtu=256, uuid=0x1112, dlci=4, signal_state=0x0b, p_port=0xc62cc744
06-25 14:28:17.832 668 955 I bt_stack: [INFO:port_api.cc(234)] RFCOMM_CreateConnection: bd_addr=ff:ff:ff:ff:ff:ff, scn=3, is_server=1, mtu=256, uuid=0x111f, dlci=6, signal_state=0x0b, p_port=0xc62cc7cc
06-25 14:28:17.832 668 955 I bt_stack: [INFO:port_api.cc(234)] RFCOMM_CreateConnection: bd_addr=ff:ff:ff:ff:ff:ff, scn=2, is_server=1, mtu=256, uuid=0x1112, dlci=4, signal_state=0x0b, p_port=0xc62cc854
06-25 14:28:17.832 668 955 I bt_stack: [INFO:port_api.cc(234)] RFCOMM_CreateConnection: bd_addr=ff:ff:ff:ff:ff:ff, scn=3, is_server=1, mtu=256, uuid=0x111f, dlci=6, signal_state=0x0b, p_port=0xc62cc8dc
06-25 14:28:17.832 668 955 I bt_stack: [INFO:port_api.cc(234)] RFCOMM_CreateConnection: bd_addr=ff:ff:ff:ff:ff:ff, scn=2, is_server=1, mtu=256, uuid=0x1112, dlci=4, signal_state=0x0b, p_port=0xc62cc964
06-25 14:28:17.832 668 955 I bt_stack: [INFO:port_api.cc(234)] RFCOMM_CreateConnection: bd_addr=ff:ff:ff:ff:ff:ff, scn=3, is_server=1, mtu=256, uuid=0x111f, dlci=6, signal_state=0x0b, p_port=0xc62cc9ec
06-25 14:28:17.832 668 955 I bt_stack: [INFO:port_api.cc(234)] RFCOMM_CreateConnection: bd_addr=ff:ff:ff:ff:ff:ff, scn=2, is_server=1, mtu=256, uuid=0x1112, dlci=4, signal_state=0x0b, p_port=0xc62cca74
06-25 14:28:17.832 668 955 I bt_stack: [INFO:port_api.cc(234)] RFCOMM_CreateConnection: bd_addr=ff:ff:ff:ff:ff:ff, scn=3, is_server=1, mtu=256, uuid=0x111f, dlci=6, signal_state=0x0b, p_port=0xc62ccafc
06-25 14:28:17.833 480 875 W StorageManagerService: Reporting emulated;0 unmounted due to system locked
06-25 14:28:17.835 668 668 E a2dp_vendor_aptx_encoder: system/bt/stack/a2dp/a2dp_vendor_aptx_encoder.cc:123 A2DP_VendorLoadEncoderAptx: A2DP_VendorLoadEncoderAptx: cannot open aptX encoder library libaptX_encoder.so: dlopen failed: library "libaptX_encoder.so" not found
06-25 14:28:17.835 668 668 E a2dp_vendor_aptx: system/bt/stack/a2dp/a2dp_vendor_aptx.cc:465 init: init: cannot load the encoder
06-25 14:28:17.835 668 668 I a2dp_codec: system/bt/stack/a2dp/a2dp_codec_config.cc:113 createCodec: createCodec: codec aptX-HD
