06-25 14:28:14.821 254 298 D bt_vnd_conf: g_sys_sco_transmit_mode -> 0
06-25 14:28:14.821 254 298 D bt_vnd_conf: audio_rfu_b1 -> 0
06-25 14:28:14.821 254 298 D bt_vnd_conf: audio_rfu_b2 -> 0
06-25 14:28:14.821 254 298 D bt_vnd_conf: audio_rfu_b3 -> 0
06-25 14:28:14.821 254 298 D bt_vnd_conf: audio_rfu_w -> 0x00000000, 0x00000000
06-25 14:28:14.821 254 298 D bt_vnd_conf: g_sys_sleep_in_standby_supported -> 1
06-25 14:28:14.821 254 298 D bt_vnd_conf: g_sys_sleep_master_supported -> 1
06-25 14:28:14.821 254 298 D bt_vnd_conf: g_sys_sleep_slave_supported -> 1
06-25 14:28:14.821 254 298 D bt_vnd_conf: power_rfu_b1 -> 0
06-25 14:28:14.821 254 298 D bt_vnd_conf: power_rfu_w -> 0x00000000, 0x00000000
06-25 14:28:14.821 254 298 D bt_vnd_conf: win_ext -> 40
06-25 14:28:14.821 254 298 D bt_vnd_conf: edr_tx_edr_delay -> 6
06-25 14:28:14.821 254 298 D bt_vnd_conf: edr_rx_edr_delay -> 8
06-25 14:28:14.821 254 298 D bt_vnd_conf: tx_delay -> 12
06-25 14:28:14.821 254 298 D bt_vnd_conf: rx_delay -> 34
06-25 14:28:14.821 254 298 D bt_vnd_conf: bb_rfu_w -> 0x00000000, 0x00000000
06-25 14:28:14.821 254 298 D bt_vnd_conf: agc_mode -> 0
06-25 14:28:14.821 254 298 D bt_vnd_conf: diff_or_eq -> 0xFF
06-25 14:28:14.821 254 298 D bt_vnd_conf: ramp_mode -> 0
06-25 14:28:14.821 254 298 D bt_vnd_conf: modem_rfu_b1 -> 0
06-25 14:28:14.821 254 298 D bt_vnd_conf: modem_rfu_w -> 0x00000000, 0x00000000
06-25 14:28:14.821 254 298 D bt_vnd_conf: BQB_BitMask_1 -> 0x00000000
06-25 14:28:14.821 254 298 D bt_vnd_conf: BQB_BitMask_2 -> 0x00000000
06-25 14:28:14.821 254 298 D bt_vnd_conf: bt_coex_threshold -> 0x04E2, 0x1F40, 0x0020, 0x00C8, 0x000A, 0x0000, 0x0000, 0x0000
06-25 14:28:14.821 254 298 D bt_vnd_conf: other_rfu_w -> 0x00000000, 0x00000000
06-25 14:28:14.821 254 298 I bt_vnd_conf: Attempt to load conf from /vendor/etc/bt_configure_rf.ini
06-25 14:28:14.821 685 685 D LocalBluetoothProfileManager: Adding local OPP profile
06-25 14:28:14.821 685 685 D LocalBluetoothProfileManager: Adding local HID_HOST profile
01-01 08:00:18.678 1 1 I init : processing action (vendor.driver.lpm.load=1) from (/vendor/etc/init/init.bluetooth.common.rc:68)
01-01 08:00:18.679 298 298 I : mtty_open probe is success!
01-01 08:00:18.679 298 298 E bluetooth_set_power: start_block=0
01-01 08:00:18.679 1 1 I init : processing action (vendor.init.lpm.load=1) from (/vendor/etc/init/init.bluetooth.common.rc:71)
01-01 08:00:18.685 298 298 I WCN : start_marlin [MARLIN_BLUETOOTH]
01-01 08:00:18.685 298 298 D : CPU: 1 PID: 298 Comm: HwBinder:254_2 Tainted: G O 5.4.125+ #22
01-01 08:00:18.685 298 298 D Hardware name: sun50iw9 (DT)
01-01 08:00:18.685 298 298 D Call trace:
01-01 08:00:18.685 298 298 D : dump_backtrace.cfi_jt+0x0/0x4
01-01 08:00:18.685 298 298 D : dump_stack+0xbc/0x104
01-01 08:00:18.685 298 298 D : marlin_set_power+0x2c/0x78c [uwe5621_bsp_sdio]
01-01 08:00:18.685 298 298 D : start_marlin+0xbc/0x14c [uwe5621_bsp_sdio]
01-01 08:00:18.685 298 298 D : bluetooth_set_power+0x44/0x70 [sprdbt_tty]
01-01 08:00:18.685 298 298 D : mtty_open+0xb0/0x150 [sprdbt_tty]
01-01 08:00:18.685 298 298 D : tty_open+0x350/0x550
01-01 08:00:18.685 298 298 D : chrdev_open+0x1d8/0x254
01-01 08:00:18.685 298 298 D : do_dentry_open+0x270/0x3ac
01-01 08:00:18.685 298 298 D : vfs_open+0x2c/0x38
01-01 08:00:18.685 298 298 D : path_openat+0x6a8/0xf78
01-01 08:00:18.685 298 298 D : do_filp_open+0x78/0x124
01-01 08:00:18.685 298 298 D : do_sys_open+0x13c/0x290
01-01 08:00:18.685 298 298 D : __arm64_compat_sys_openat+0x24/0x30
01-01 08:00:18.685 298 298 D : el0_svc_common+0xb8/0x1cc
01-01 08:00:18.685 298 298 D : el0_svc_compat_handler+0x1c/0x28
01-01 08:00:18.685 298 298 D : el0_svc_compat+0x8/0x24
01-01 08:00:18.685 298 298 I WCN : marlin power state:4, subsys: [MARLIN_BLUETOOTH] power 1
01-01 08:00:18.685 298 298 I WCN : marlin have open, GNSS is closed
01-01 08:00:18.685 298 298 E bluetooth_set_power: end_block=0
06-25 14:28:14.823 254 298 D bt_vnd_conf: g_GainValue_A -> 0xE000, 0xE000, 0xE000, 0xE000, 0xE000, 0xE000
06-25 14:28:14.823 254 298 D bt_vnd_conf: g_ClassicPowerValue_A -> 0x4115, 0x3A15, 0x3415, 0x2E15, 0x2715, 0x2115, 0x1A15, 0x1315, 0x0D15, 0x0715
06-25 14:28:14.823 254 298 D bt_vnd_conf: g_LEPowerValue_A -> 0x3B15, 0x3715, 0x3315, 0x2F15, 0x2B15, 0x2715, 0x2315, 0x1F15, 0x1B15, 0x1715, 0x1315, 0x0F15, 0x0B15, 0x0815, 0x0415, 0x0015
06-25 14:28:14.823 254 298 D bt_vnd_conf: g_BRChannelpwrvalue_A -> 0x0915, 0x0915, 0x0815, 0x0815, 0x0815, 0x0815, 0x0715, 0x0715
06-25 14:28:14.823 254 298 D bt_vnd_conf: g_EDRChannelpwrvalue_A -> 0x0D15, 0x0D15, 0x0C15, 0x0C15, 0x0B15, 0x0B15, 0x0B15, 0x0B15
06-25 14:28:14.823 254 298 D bt_vnd_conf: g_LEChannelpwrvalue_A -> 0x1015,0x1015,0x0F15,0x0F15,0x0F15,0x0F15,0x0F15,0x0F15
06-25 14:28:14.823 254 298 D bt_vnd_conf: g_GainValue_B -> 0xE000, 0xE000, 0xE000, 0xE000, 0xE000, 0xE000
06-25 14:28:14.823 254 298 D bt_vnd_conf: g_ClassicPowerValue_B -> 0x4D15, 0x4615, 0x3D15, 0x3615, 0x2D15, 0x2615, 0x1F15, 0x1815, 0x0F15, 0x0815
06-25 14:28:14.823 254 298 D bt_vnd_conf: g_LEPowerValue_B -> 0x4B15, 0x4B15, 0x4B15, 0x4B15, 0x4B15, 0x4615, 0x4015, 0x3B15, 0x3615, 0x3015, 0x2B15, 0x2615, 0x2015, 0x1A15, 0x1415, 0x0E15
06-25 14:28:14.823 254 298 D bt_vnd_conf: g_BRChannelpwrvalue_B -> 0x0915, 0x0915, 0x0815, 0x0815, 0x0815, 0x0815, 0x0715, 0x0715
06-25 14:28:14.823 254 298 D bt_vnd_conf: g_EDRChannelpwrvalue_B -> 0x0D15, 0x0D15, 0x0C15, 0x0C15, 0x0B15, 0x0B15, 0x0B15, 0x0B15
06-25 14:28:14.823 254 298 D bt_vnd_conf: g_LEChannelpwrvalue_B -> 0x1015,0x1015,0x0F15,0x0F15,0x0F15,0x0F15,0x0F15,0x0F15
06-25 14:28:14.823 254 298 D bt_vnd_conf: LE_fix_powerword -> 0x00
06-25 14:28:14.823 254 298 D bt_vnd_conf: Classic_pc_by_channel -> 0xFF
06-25 14:28:14.823 254 298 D bt_vnd_conf: LE_pc_by_channel -> 0xFF
06-25 14:28:14.823 254 298 D bt_vnd_conf: RF_switch_mode -> 0x01
06-25 14:28:14.823 254 298 D bt_vnd_conf: Data_Capture_Mode -> 0x00
06-25 14:28:14.823 254 298 D bt_vnd_conf: Analog_IQ_Debug_Mode -> 0x00
06-25 14:28:14.823 254 298 D bt_vnd_conf: RF_common_rfu_b3 -> 0x55
06-25 14:28:14.823 254 298 D bt_vnd_conf: RF_common_rfu_w -> 0x555F4344, 0x5555C855, 0x55555555, 0x55555555, 0x55555555
06-25 14:28:14.823 254 298 I bt_vnd_conf: set_mac_address
06-25 14:28:14.824 254 298 D bt_vendor: marlin3 start up
06-25 14:28:14.824 254 298 D android.hardware.bluetooth@1.0-impl: Open vendor library loaded
06-25 14:28:14.824 254 298 E bt_upio : init_rfkill: No rfkill control node found
06-25 14:28:14.824 254 298 I bt_userial_vendor: userial vendor open: opening /dev/ttyBT0, baud 14
06-25 14:28:14.824 254 298 D bt_vendor: check_access, /dev/ttyBT0 R/W access OK after wait 0ms
06-25 14:28:14.826 254 952 D bt_vnd_hci: hci_server_thread
06-25 14:28:14.826 254 952 D bt_vnd_hci: name: bt_vendor_sprd_hci
06-25 14:28:14.826 254 952 D bt_vnd_hci: listen socket: bt_vendor_sprd_hci, fd: 6
06-25 14:28:14.826 254 952 D bt_vnd_hci: hci_server_thread wati for btools
06-25 14:28:14.834 685 685 D BluetoothHidHost: Binding service...
06-25 14:28:14.836 254 298 I bt_userial_vendor: device fd = 5 open
06-25 14:28:14.836 254 298 I bt_chip_vendor: marlin3_pskey_preload
06-25 14:28:14.836 254 298 D bt_vnd_hci: sprd_vnd_send_hci_vsc a0 fc b0 00 1f 00 00 bf fe 8d fe db 3d 7b 87 ff a7 ff 7f 00 e0 f7 3e ae 6e 99 39 66 8b ec 01 01 01 ff 00 ff ff 00 02 00 00 00 00 00 00 00 00 00 00 00 00 00 00 00 00 00 00 00 00 00 00 00 00 00 00 00 00 00 00 00 00 4d 00 66 00 9b 00 66 00 00 00 00 00 00 00 00 00 00 00 00 00 01 01 01 00 00 00 00 00 00 00 00 00 28 00 00 00 06 08 0c 22 00 00 00 00 00 00 00 00 00 ff 00 00 00 00 00 00 00 00 00 00 00 00 00 00 00 00 00 00 e2 04 40 1f 20 00 c8 00 0a 00 00 00 00 00 00 00 00 00 00 00 00 00 00 00 00 00 00 00 00 00 00 00 00 00 00 00 00 00 00 00
06-25 14:28:14.836 254 298 E bt_upio : upio_set : /proc/bluetooth/sleep/btwrite(-1) incorrent
06-25 14:28:14.838 762 951 E IpClient.wlan0: Failed to set accept_ra to 2
06-25 14:28:14.840 685 685 D LocalBluetoothProfileManager: Adding local HID_DEVICE profile
06-25 14:28:14.840 480 609 I WifiClientModeImpl[wlan0]: disconnectedstate enter
06-25 14:28:14.840 396 948 D SimpleC2Component: Using output block pool with poolID 20 => got 20 - 0
06-25 14:28:14.842 685 685 D BluetoothHidDevice: Binding service...
06-25 14:28:14.849 480 609 D WifiClientModeImpl[wlan0]: setupClientMode() ifacename = wlan0
06-25 14:28:14.851 685 685 D LocalBluetoothProfileManager: Adding local PAN profile
06-25 14:28:14.858 685 685 D BluetoothPan: Binding service...
06-25 14:28:14.870 254 954 I bt_chip_vendor: Bluetooth Firmware Node: 4069 Date: 2015-04-08
06-25 14:28:14.872 254 954 I bt_chip_vendor: yujian.qin marlin3_rf_preload
06-25 14:28:14.872 254 954 D bt_vnd_hci: sprd_vnd_send_hci_vsc a2 fc fc 00 e0 00 e0 00 e0 00 e0 00 e0 00 e0 15 41 15 3a 15 34 15 2e 15 27 15 21 15 1a 15 13 15 0d 15 07 15 3b 15 37 15 33 15 2f 15 2b 15 27 15 23 15 1f 15 1b 15 17 15 13 15 0f 15 0b 15 08 15 04 15 00 15 09 15 09 15 08 15 08 15 08 15 08 15 07 15 07 15 0d 15 0d 15 0c 15 0c 15 0b 15 0b 15 0b 15 0b 15 10 15 10 15 0f 15 0f 15 0f 15 0f 15 0f 15 0f 00 e0 00 e0 00 e0 00 e0 00 e0 00 e0 15 4d 15 46 15 3d 15 36 15 2d 15 26 15 1f 15 18 15 0f 15 08 15 4b 15 4b 15 4b 15 4b 15 4b 15 46 15 40 15 3b 15 36 15 30 15 2b 15 26 15 20 15 1a 15 14 15 0e 15 09 15 09 15 08 15 08 15 08 15 08 15 07 15 07 15 0d 15 0d 15 0c 15 0c 15 0b 15 0b 15 0b 15 0b 15 10 15 10 15 0f 15 0f 15 0f 15 0f 15 0f 15 0f 00 00 ff ff 01 00 00 55 44 43 5f 55 55 c8 55 55 55 55 55 55 55 55 55 55 55 55 55 55
06-25 14:28:14.868 1 1 I /system/bin/init: type=1107 audit(0.0:398): uid=0 auid=4294967295 ses=4294967295 subj=u:r:init:s0 msg='avc: denied { set } for property=rw.vendor.bluetooth.fw.ver pid=254 uid=1002 gid=1002 scontext=u:r:hal_bluetooth_default:s0 tcontext=u:object_r:default_prop:s0 tclass=property_service permissive=1'
06-25 14:28:14.876 659 659 E WifiHAL : wifi_start_pkt_fate_monitoring: packet fate logging feature not supported 0
06-25 14:28:14.878 480 609 E WifiVendorHal: startPktFateMonitoring(l.2352) failed {.code = ERROR_NOT_SUPPORTED, .description = }
06-25 14:28:14.878 480 609 W WifiDiags: Failed to start packet fate monitoring
06-25 14:28:14.880 659 659 E WifiHAL : wifi_get_driver_version: Error -5 happened.
06-25 14:28:14.880 659 659 E android.hardware.wifi@1.0-service-lazy: Failed to get driver version: INVALID_ARGS
06-25 14:28:14.882 685 685 D LocalBluetoothProfileManager: Adding local PBAP profile
06-25 14:28:14.885 480 609 E WifiVendorHal: requestChipDebugInfo(l.2167) failed {.code = ERROR_INVALID_ARGS, .description = failed to get driver version}
06-25 14:28:14.885 480 609 I WifiVendorHal: Driver: null Firmware: null
06-25 14:28:14.886 659 659 E WifiHAL : wifi_get_driver_version: Error -5 happened.
06-25 14:28:14.886 659 659 E android.hardware.wifi@1.0-service-lazy: Failed to get driver version: INVALID_ARGS
06-25 14:28:14.887 480 609 E WifiVendorHal: requestChipDebugInfo(l.2167) failed {.code = ERROR_INVALID_ARGS, .description = failed to get driver version}
06-25 14:28:14.888 480 609 I WifiVendorHal: Driver: null Firmware: null
06-25 14:28:14.889 659 659 E WifiHAL : wifi_get_ring_buffers_status: Ring buffer logging feature not supported 0
06-25 14:28:14.891 480 609 E WifiVendorHal: getRingBufferStatus(l.2244) failed {.code = ERROR_NOT_SUPPORTED, .description = }
06-25 14:28:14.892 480 609 W WifiDiags: no ring buffers found
06-25 14:28:14.892 480 609 D WifiDiags: startLogging() iface list is {wlan0} after adding wlan0
06-25 14:28:14.894 254 954 I bt_chip_vendor: hw_rf_cback hw_core_cback response: [0xFCA2, 0x0000, 0x00]
06-25 14:28:14.894 254 954 I bt_chip_vendor: hw_core_enable
06-25 14:28:14.894 254 954 I bt_chip_vendor: hw_core_enable : 1
06-25 14:28:14.894 254 954 E bt_upio : upio_set : /proc/bluetooth/sleep/btwrite(-1) incorrent
06-25 14:28:14.897 254 954 I bt_chip_vendor: hw_core_cback hw_core_cback response: [0xFCA1, 0x0000, 0x01]
06-25 14:28:14.897 254 954 D android.hardware.bluetooth@1.0-impl: OnFirmwareConfigured result: 0
06-25 14:28:14.897 254 954 I android.hardware.bluetooth@1.0-impl: Firmware configured in 0.061s
06-25 14:28:14.897 668 949 I bt_hci : system/bt/hci/src/hci_layer.cc:367 event_finish_startup: event_finish_startup
06-25 14:28:14.897 254 954 I android.hardware.bluetooth@1.0-impl: OnFirmwareConfigured: lpm_timeout_ms 1500
06-25 14:28:14.897 254 954 D android.hardware.bluetooth@1.0-impl: low_power_mode_cb result: 0
06-25 14:28:14.897 254 954 D android.hardware.bluetooth@1.0-impl: OnFirmwareConfigured Calling StartLowPowerWatchdog()
06-25 14:28:14.898 668 848 I bt_core_module: system/bt/btcore/src/module.cc:90 module_start_up: module_start_up Started module "hci_module"
06-25 14:28:14.898 668 848 I bt_l2cap: system/bt/stack/l2cap/l2c_api.cc:134 L2CA_Register: L2CAP Registered service classic PSM: 0x0001
06-25 14:28:14.898 668 848 I bt_l2cap: system/bt/stack/l2cap/l2c_api.cc:134 L2CA_Register: L2CAP Registered service classic PSM: 0x001f
06-25 14:28:14.898 668 848 I bluetooth: system/bt/stack/gatt/gatt_api.cc:1019 GATT_Register: Allocated name:GattProfileDb uuid:81818181-8181-8181-8181-818181818181 gatt_if:1 eatt_support:0
06-25 14:28:14.899 668 848 I droid.bluetoot: [0625/142814.899628:INFO:gatt_api.cc(179)] GATTS_AddService
06-25 14:28:14.899 668 848 I droid.bluetoot: [0625/142814.899891:INFO:gatt_api.cc(288)] GATTS_AddService: service parsed correctly, now starting
06-25 14:28:14.900 668 848 I droid.bluetoot: [0625/142814.900023:INFO:gatt_sr_hash.cc(124)] gatts_calculate_database_hash: hash=80AEB10BC70DCCEFA207489DCED98FED
06-25 14:28:14.900 668 848 I bt_l2cap: system/bt/stack/l2cap/l2c_api.cc:434 L2CA_RegisterLECoc: Registered service LE COC PSM: 0x0027
06-25 14:28:14.900 668 848 I bt_l2cap: system/bt/stack/l2cap/l2c_api.cc:134 L2CA_Register: L2CAP Registered service classic PSM: 0x0003
06-25 14:28:14.900 668 848 I bluetooth: system/bt/stack/gatt/gatt_api.cc:1019 GATT_Register: Allocated name:Gap uuid:82828282-8282-8282-8282-828282828282 gatt_if:2 eatt_support:0
06-25 14:28:14.900 668 848 I droid.bluetoot: [0625/142814.900306:INFO:gatt_api.cc(179)] GATTS_AddService
06-25 14:28:14.900 668 848 I droid.bluetoot: [0625/142814.900372:INFO:gatt_api.cc(288)] GATTS_AddService: service parsed correctly, now starting
06-25 14:28:14.900 668 848 I droid.bluetoot: [0625/142814.900463:INFO:gatt_sr_hash.cc(124)] gatts_calculate_database_hash: hash=8991C462EBE9D90B9EA0DA3E16D0F513
06-25 14:28:14.900 668 848 I bt_bte : system/bt/main/bte_logmsg.cc:248 load_levels_from_config: BTE_InitTraceLevels -- TRC_HCI : Level 2
06-25 14:28:14.900 668 848 I bt_bte : system/bt/main/bte_logmsg.cc:248 load_levels_from_config: BTE_InitTraceLevels -- TRC_L2CAP : Level 2
06-25 14:28:14.901 668 848 I bt_bte : system/bt/main/bte_logmsg.cc:248 load_levels_from_config: BTE_InitTraceLevels -- TRC_RFCOMM : Level 2
06-25 14:28:14.901 668 848 I bt_bte : system/bt/main/bte_logmsg.cc:248 load_levels_from_config: BTE_InitTraceLevels -- TRC_AVDT : Level 2
06-25 14:28:14.901 668 848 I bt_bte : system/bt/main/bte_logmsg.cc:248 load_levels_from_config: BTE_InitTraceLevels -- TRC_AVRC : Level 2
06-25 14:28:14.901 668 848 I bt_bte : system/bt/main/bte_logmsg.cc:248 load_levels_from_config: BTE_InitTraceLevels -- TRC_A2D : Level 2
06-25 14:28:14.901 668 848 I bt_bte : system/bt/main/bte_logmsg.cc:248 load_levels_from_config: BTE_InitTraceLevels -- TRC_BNEP : Level 2
06-25 14:28:14.901 668 848 I bt_bte : system/bt/main/bte_logmsg.cc:248 load_levels_from_config: BTE_InitTraceLevels -- TRC_BTM : Level 2
06-25 14:28:14.901 668 848 I bt_bte : system/bt/main/bte_logmsg.cc:248 load_levels_from_config: BTE_InitTraceLevels -- TRC_HID_HOST : Level 2
06-25 14:28:14.901 668 848 I bt_bte : system/bt/main/bte_logmsg.cc:248 load_levels_from_config: BTE_InitTraceLevels -- TRC_PAN : Level 2
06-25 14:28:14.901 668 848 I bt_bte : system/bt/main/bte_logmsg.cc:248 load_levels_from_config: BTE_InitTraceLevels -- TRC_SDP : Level 2
06-25 14:28:14.901 668 848 I bt_bte : system/bt/main/bte_logmsg.cc:248 load_levels_from_config: BTE_InitTraceLevels -- TRC_SMP : Level 2
06-25 14:28:14.901 668 848 I bt_bte : system/bt/main/bte_logmsg.cc:248 load_levels_from_config: BTE_InitTraceLevels -- TRC_HID_DEV : Level 2
06-25 14:28:14.901 668 848 I bt_bte : system/bt/main/bte_logmsg.cc:248 load_levels_from_config: BTE_InitTraceLevels -- TRC_BTAPP : Level 2
06-25 14:28:14.901 668 848 I bt_bte : system/bt/main/bte_logmsg.cc:248 load_levels_from_config: BTE_InitTraceLevels -- TRC_BTIF : Level 2
06-25 14:28:14.928 668 955 I bt_stack: [INFO:message_loop_thread.cc(224)] Run: message loop starting for thread bt_main_thread
06-25 14:28:14.929 668 848 I bt_core_module: system/bt/btcore/src/module.cc:85 module_start_up: module_start_up Starting module "controller_module"
06-25 14:28:14.942 659 659 E WifiHAL : wifi_get_link_stats: requestResponse Error:-5
06-25 14:28:14.963 480 609 E WifiVendorHal: getWifiLinkLayerStats_1_5_Internal(l.1191) failed {.code = ERROR_INVALID_ARGS, .description = }
01-01 08:00:18.822 349 349 E : recv_kernel_event address b4:2f:03:15:73:2f
06-25 14:28:15.002 824 947 D CCodecBufferChannel: [c2.android.vorbis.decoder#403] MediaCodec discarded an unknown buffer
06-25 14:28:15.003 824 947 D CCodecBufferChannel: [c2.android.vorbis.decoder#403] MediaCodec discarded an unknown buffer
06-25 14:28:15.005 480 548 W BatteryExternalStatsWorker: error reading modem stats:ERROR_PHONE_NOT_AVAILABLE
06-25 14:28:15.008 824 947 I hw-BpHwBinder: onLastStrongRef automatically unlinking death recipients
06-25 14:28:15.008 396 434 I hw-BpHwBinder: onLastStrongRef automatically unlinking death recipients
06-25 14:28:15.031 762 953 V WifiManager: SoftApCallbackProxy: send InfoChanged, newInfo: SoftApInfo{bandwidth= 0, frequency= 0, wifiStandard= 0, mApInstanceIdentifier= null, mIdleShutdownTimeoutMillis= 0}
06-25 14:28:15.034 762 953 V WifiManager: SoftApCallbackProxy: send InfoChanged, changedInfoList: []
06-25 14:28:15.034 762 953 V WifiManager: SoftApCallbackProxy: send onConnectedClientsChanged(clients): []
06-25 14:28:15.041 480 609 D ApConfigUtil: Update Softap capability, add client control feature support
06-25 14:28:15.042 480 609 D ApConfigUtil: Update Softap capability, add MAC customization support
06-25 14:28:15.042 480 609 D ApConfigUtil: Update Softap capability, add 2.4G support
06-25 14:28:15.043 480 609 D ApConfigUtil: Update Softap capability, max client = 16
06-25 14:28:15.085 668 677 I droid.bluetoot: Background young concurrent copying GC freed 8742(738KB) AllocSpace objects, 6(120KB) LOS objects, 88% free, 3072KB/27MB, paused 11.481ms total 214.474ms
06-25 14:28:15.099 480 725 I hw-BpHwBinder: onLastStrongRef automatically unlinking death recipients
06-25 14:28:15.107 659 659 E WifiHAL : wifi_get_link_stats: requestResponse Error:-5
06-25 14:28:15.109 480 609 E WifiVendorHal: getWifiLinkLayerStats_1_5_Internal(l.1191) failed {.code = ERROR_INVALID_ARGS, .description = }
06-25 14:28:15.109 480 724 D CCodecBufferChannel: [c2.android.vorbis.decoder#900] MediaCodec discarded an unknown buffer
06-25 14:28:15.112 396 881 I hw-BpHwBinder: onLastStrongRef automatically unlinking death recipients
06-25 14:28:15.112 480 959 I hw-BpHwBinder: onLastStrongRef automatically unlinking death recipients
06-25 14:28:15.113 396 881 V C2Store : in ~ComponentModule
06-25 14:28:15.113 396 881 V C2Store : unloading dll
06-25 14:28:15.121 480 548 W KernelCpuProcStringReader: File not found. It's normal if not implemented: /proc/uid_time_in_state
06-25 14:28:15.122 480 548 W KernelCpuProcStringReader: File not found. It's normal if not implemented: /proc/uid_concurrent_active_time
06-25 14:28:15.122 480 548 W KernelCpuProcStringReader: File not found. It's normal if not implemented: /proc/uid_concurrent_policy_time
06-25 14:28:15.122 480 548 E KernelCpuSpeedReader: Failed to read cpu-freq: /sys/devices/system/cpu/cpu0/cpufreq/stats/time_in_state: open failed: ENOENT (No such file or directory)
06-25 14:28:15.123 480 548 E system_server: Cannot read thread CPU times for PID 480
06-25 14:28:15.134 480 721 D MediaCodecList: codecHandlesFormat: no format, so no extra checks
06-25 14:28:15.139 480 960 D CCodec : allocate(c2.android.vorbis.decoder)
06-25 14:28:15.140 396 881 V C2Store : in init
06-25 14:28:15.140 396 881 V C2Store : loading dll
06-25 14:28:15.140 480 720 D MediaCodecList: codecHandlesFormat: no format, so no extra checks
06-25 14:28:15.143 480 961 D CCodec : allocate(c2.android.vorbis.decoder)
06-25 14:28:15.147 480 961 I CCodec : Created component [c2.android.vorbis.decoder]
06-25 14:28:15.147 480 960 I CCodec : Created component [c2.android.vorbis.decoder]
06-25 14:28:15.147 480 961 D CCodecConfig: read media type: audio/vorbis
06-25 14:28:15.147 480 960 D CCodecConfig: read media type: audio/vorbis
06-25 14:28:15.152 480 961 D ReflectedParamUpdater: extent() != 1 for single value type: algo.buffers.max-count.values
06-25 14:28:15.153 480 961 D ReflectedParamUpdater: extent() != 1 for single value type: output.subscribed-indices.values
06-25 14:28:15.153 480 961 D ReflectedParamUpdater: extent() != 1 for single value type: input.buffers.allocator-ids.values
06-25 14:28:15.153 480 961 D ReflectedParamUpdater: extent() != 1 for single value type: output.buffers.allocator-ids.values
06-25 14:28:15.153 480 961 D ReflectedParamUpdater: extent() != 1 for single value type: algo.buffers.allocator-ids.values
06-25 14:28:15.154 480 961 D ReflectedParamUpdater: extent() != 1 for single value type: output.buffers.pool-ids.values
06-25 14:28:15.154 480 961 D ReflectedParamUpdater: extent() != 1 for single value type: algo.buffers.pool-ids.values
06-25 14:28:15.154 480 960 D ReflectedParamUpdater: extent() != 1 for single value type: algo.buffers.max-count.values
06-25 14:28:15.156 685 694 I ndroid.systemu: Background young concurrent copying GC freed 9292(607KB) AllocSpace objects, 0(0B) LOS objects, 87% free, 3604KB/27MB, paused 183us total 231.726ms
06-25 14:28:15.157 480 961 I CCodecConfig: query failed after returning 7 values (BAD_INDEX)
06-25 14:28:15.157 480 961 D CCodecConfig: c2 config diff is Dict {
06-25 14:28:15.157 480 961 D CCodecConfig: c2::u32 coded.bitrate.value = 64000
06-25 14:28:15.157 480 961 D CCodecConfig: c2::u32 input.buffers.max-size.value = 32768
06-25 14:28:15.157 480 961 D CCodecConfig: c2::u32 input.delay.value = 0
06-25 14:28:15.157 480 961 D CCodecConfig: string input.media-type.value = "audio/vorbis"
06-25 14:28:15.157 480 961 D CCodecConfig: string output.media-type.value = "audio/raw"
06-25 14:28:15.157 480 961 D CCodecConfig: c2::u32 raw.channel-count.value = 1
06-25 14:28:15.157 480 961 D CCodecConfig: c2::u32 raw.sample-rate.value = 48000
06-25 14:28:15.157 480 961 D CCodecConfig: }
06-25 14:28:15.159 480 960 D ReflectedParamUpdater: extent() != 1 for single value type: output.subscribed-indices.values
06-25 14:28:15.159 480 961 D CCodec : [c2.android.vorbis.decoder] buffers are bound to CCodec for this session
06-25 14:28:15.159 480 961 D CCodecConfig: no c2 equivalents for durationUs
06-25 14:28:15.159 480 960 D ReflectedParamUpdater: extent() != 1 for single value type: input.buffers.allocator-ids.values
06-25 14:28:15.159 480 961 D CCodecConfig: no c2 equivalents for track-id
06-25 14:28:15.159 480 961 D CCodecConfig: no c2 equivalents for csd-1
06-25 14:28:15.159 480 961 D CCodecConfig: no c2 equivalents for channel-mask
06-25 14:28:15.159 480 961 D CCodecConfig: no c2 equivalents for flags
06-25 14:28:15.159 480 960 D ReflectedParamUpdater: extent() != 1 for single value type: output.buffers.allocator-ids.values
06-25 14:28:15.159 480 960 D ReflectedParamUpdater: extent() != 1 for single value type: algo.buffers.allocator-ids.values
06-25 14:28:15.160 480 960 D ReflectedParamUpdater: extent() != 1 for single value type: output.buffers.pool-ids.values
06-25 14:28:15.160 480 960 D ReflectedParamUpdater: extent() != 1 for single value type: algo.buffers.pool-ids.values
06-25 14:28:15.160 480 961 D CCodecConfig: c2 config diff is c2::u32 coded.bitrate.value = 499821
06-25 14:28:15.160 480 961 D CCodecConfig: c2::u32 raw.channel-count.value = 2
06-25 14:28:15.160 480 961 D CCodecConfig: c2::u32 raw.sample-rate.value = 44100
06-25 14:28:15.162 480 961 W Codec2Client: query -- param skipped: index = 1107298332.
06-25 14:28:15.162 480 961 D CCodec : setup formats input: AMessage(what = 0x00000000) = {
06-25 14:28:15.162 480 961 D CCodec : int32_t bitrate = 499821
06-25 14:28:15.162 480 961 D CCodec : int32_t channel-count = 2
06-25 14:28:15.162 480 961 D CCodec : int32_t max-input-size = 32768
06-25 14:28:15.162 480 961 D CCodec : string mime = "audio/vorbis"
06-25 14:28:15.162 480 961 D CCodec : int32_t sample-rate = 44100
06-25 14:28:15.162 480 961 D CCodec : }
06-25 14:28:15.162 480 961 D CCodec : setup formats output: AMessage(what = 0x00000000) = {
06-25 14:28:15.162 480 961 D CCodec : int32_t channel-count = 2
06-25 14:28:15.162 480 961 D CCodec : string mime = "audio/raw"
06-25 14:28:15.162 480 961 D CCodec : int32_t sample-rate = 44100
06-25 14:28:15.162 480 961 D CCodec : int32_t channel-mask = 3
06-25 14:28:15.162 480 961 D CCodec : }
06-25 14:28:15.162 480 960 I CCodecConfig: query failed after returning 7 values (BAD_INDEX)
06-25 14:28:15.162 480 961 I CCodecConfig: query failed after returning 7 values (BAD_INDEX)
06-25 14:28:15.162 480 960 D CCodecConfig: c2 config diff is Dict {
06-25 14:28:15.162 480 960 D CCodecConfig: c2::u32 coded.bitrate.value = 64000
06-25 14:28:15.162 480 960 D CCodecConfig: c2::u32 input.buffers.max-size.value = 32768
06-25 14:28:15.162 480 960 D CCodecConfig: c2::u32 input.delay.value = 0
06-25 14:28:15.162 480 960 D CCodecConfig: string input.media-type.value = "audio/vorbis"
06-25 14:28:15.162 480 960 D CCodecConfig: string output.media-type.value = "audio/raw"
06-25 14:28:15.162 480 960 D CCodecConfig: c2::u32 raw.channel-count.value = 1
06-25 14:28:15.162 480 960 D CCodecConfig: c2::u32 raw.sample-rate.value = 48000
06-25 14:28:15.162 480 960 D CCodecConfig: }
06-25 14:28:15.163 480 961 W Codec2Client: query -- param skipped: index = 1342179345.
06-25 14:28:15.163 480 961 W Codec2Client: query -- param skipped: index = 2415921170.
06-25 14:28:15.164 480 960 D CCodec : [c2.android.vorbis.decoder] buffers are bound to CCodec for this session
06-25 14:28:15.164 480 960 D CCodecConfig: no c2 equivalents for durationUs
06-25 14:28:15.164 480 960 D CCodecConfig: no c2 equivalents for track-id
06-25 14:28:15.164 480 960 D CCodecConfig: no c2 equivalents for csd-1
06-25 14:28:15.164 480 960 D CCodecConfig: no c2 equivalents for channel-mask
06-25 14:28:15.164 480 960 D CCodecConfig: no c2 equivalents for flags
06-25 14:28:15.164 480 961 D CCodecBufferChannel: [c2.android.vorbis.decoder#351] Created input block pool with allocatorID 16 => poolID 19 - OK (0)
06-25 14:28:15.165 480 960 D CCodecConfig: c2 config diff is c2::u32 coded.bitrate.value = 499821
06-25 14:28:15.165 480 960 D CCodecConfig: c2::u32 raw.channel-count.value = 2
06-25 14:28:15.165 480 960 D CCodecConfig: c2::u32 raw.sample-rate.value = 44100
06-25 14:28:15.165 480 961 I CCodecBufferChannel: [c2.android.vorbis.decoder#351] Created output block pool with allocatorID 16 => poolID 21 - OK
06-25 14:28:15.166 480 961 D CCodecBufferChannel: [c2.android.vorbis.decoder#351] Configured output block pool ids 21 => OK
06-25 14:28:15.167 480 960 W Codec2Client: query -- param skipped: index = 1107298332.
06-25 14:28:15.167 480 960 D CCodec : setup formats input: AMessage(what = 0x00000000) = {
06-25 14:28:15.167 480 960 D CCodec : int32_t bitrate = 499821
06-25 14:28:15.167 480 960 D CCodec : int32_t channel-count = 2
06-25 14:28:15.167 480 960 D CCodec : int32_t max-input-size = 32768
06-25 14:28:15.167 480 960 D CCodec : string mime = "audio/vorbis"
06-25 14:28:15.167 480 960 D CCodec : int32_t sample-rate = 44100
06-25 14:28:15.167 480 960 D CCodec : }
06-25 14:28:15.167 480 960 D CCodec : setup formats output: AMessage(what = 0x00000000) = {
06-25 14:28:15.167 480 960 D CCodec : int32_t channel-count = 2
06-25 14:28:15.167 480 960 D CCodec : string mime = "audio/raw"
06-25 14:28:15.167 480 960 D CCodec : int32_t sample-rate = 44100
06-25 14:28:15.167 480 960 D CCodec : int32_t channel-mask = 3
06-25 14:28:15.167 480 960 D CCodec : }
06-25 14:28:15.169 480 960 I CCodecConfig: query failed after returning 7 values (BAD_INDEX)
06-25 14:28:15.170 396 963 D SimpleC2Component: Using output block pool with poolID 21 => got 21 - 0
06-25 14:28:15.170 480 960 W Codec2Client: query -- param skipped: index = 1342179345.
06-25 14:28:15.170 480 960 W Codec2Client: query -- param skipped: index = 2415921170.
06-25 14:28:15.172 480 960 D CCodecBufferChannel: [c2.android.vorbis.decoder#463] Created input block pool with allocatorID 16 => poolID 20 - OK (0)
06-25 14:28:15.173 480 960 I CCodecBufferChannel: [c2.android.vorbis.decoder#463] Created output block pool with allocatorID 16 => poolID 22 - OK
06-25 14:28:15.173 480 960 D CCodecBufferChannel: [c2.android.vorbis.decoder#463] Configured output block pool ids 22 => OK
06-25 14:28:15.183 685 685 W AlarmManager: Unrecognized alarm listener com.android.systemui.keyguard.KeyguardSliceProvider$$ExternalSyntheticLambda0@c273b94
06-25 14:28:15.184 396 962 D SimpleC2Component: Using output block pool with poolID 22 => got 22 - 0
06-25 14:28:15.224 685 685 I ndroid.systemui: type=1400 audit(0.0:399): avc: denied { search } for name="com.android.systemui" dev="mmcblk0p25" ino=484 scontext=u:r:platform_app:s0:c512,c768 tcontext=u:object_r:app_data_file:s0:c512,c768 tclass=dir permissive=1 app=com.softwinner.screenshot
06-25 14:28:15.239 685 685 V SystemUIService: SystemUIApplication created.
06-25 14:28:15.240 685 685 D SystemUIService: is homlet
06-25 14:28:15.241 685 685 I SystemUIService: Found SurfaceFlinger's GPU Priority: 12545
06-25 14:28:15.254 480 960 D CCodecBufferChannel: [c2.android.vorbis.decoder#463] MediaCodec discarded an unknown buffer
06-25 14:28:15.254 480 960 D CCodecBufferChannel: [c2.android.vorbis.decoder#463] MediaCodec discarded an unknown buffer
06-25 14:28:15.262 480 523 W IorapForwardingService: No service published for: iorapd
06-25 14:28:15.268 480 967 I hw-BpHwBinder: onLastStrongRef automatically unlinking death recipients
06-25 14:28:15.270 480 961 D CCodecBufferChannel: [c2.android.vorbis.decoder#351] MediaCodec discarded an unknown buffer
06-25 14:28:15.271 480 961 D CCodecBufferChannel: [c2.android.vorbis.decoder#351] MediaCodec discarded an unknown buffer
06-25 14:28:15.271 268 268 D hdmi-cec: cec physical address: 2.0.0.0
06-25 14:28:15.272 480 480 W Looper : Slow dispatch took 280ms main h=android.os.Handler c=com.android.server.hdmi.WorkSourceUidPreservingRunnable@45d118a m=0
06-25 14:28:15.280 480 961 I hw-BpHwBinder: onLastStrongRef automatically unlinking death recipients
06-25 14:28:15.280 396 898 I hw-BpHwBinder: onLastStrongRef automatically unlinking death recipients
06-25 14:28:15.281 396 898 V C2Store : in ~ComponentModule
06-25 14:28:15.281 396 898 V C2Store : unloading dll
06-25 14:28:15.301 480 721 D MediaCodecList: codecHandlesFormat: no format, so no extra checks
06-25 14:28:15.303 480 971 D CCodec : allocate(c2.android.vorbis.decoder)
06-25 14:28:15.304 396 898 V C2Store : in init
06-25 14:28:15.304 396 898 V C2Store : loading dll
06-25 14:28:15.309 480 971 I CCodec : Created component [c2.android.vorbis.decoder]
06-25 14:28:15.310 480 720 D MediaCodecList: codecHandlesFormat: no format, so no extra checks
06-25 14:28:15.310 480 971 D CCodecConfig: read media type: audio/vorbis
06-25 14:28:15.313 480 971 D ReflectedParamUpdater: extent() != 1 for single value type: algo.buffers.max-count.values
06-25 14:28:15.314 480 971 D ReflectedParamUpdater: extent() != 1 for single value type: output.subscribed-indices.values
06-25 14:28:15.314 480 971 D ReflectedParamUpdater: extent() != 1 for single value type: input.buffers.allocator-ids.values
06-25 14:28:15.314 480 971 D ReflectedParamUpdater: extent() != 1 for single value type: output.buffers.allocator-ids.values
06-25 14:28:15.314 480 971 D ReflectedParamUpdater: extent() != 1 for single value type: algo.buffers.allocator-ids.values
06-25 14:28:15.316 480 971 D ReflectedParamUpdater: extent() != 1 for single value type: output.buffers.pool-ids.values
06-25 14:28:15.316 480 973 D CCodec : allocate(c2.android.vorbis.decoder)
06-25 14:28:15.317 480 971 D ReflectedParamUpdater: extent() != 1 for single value type: algo.buffers.pool-ids.values
06-25 14:28:15.319 480 973 I CCodec : Created component [c2.android.vorbis.decoder]
06-25 14:28:15.319 480 973 D CCodecConfig: read media type: audio/vorbis
06-25 14:28:15.320 480 971 I CCodecConfig: query failed after returning 7 values (BAD_INDEX)
06-25 14:28:15.321 480 971 D CCodecConfig: c2 config diff is Dict {
06-25 14:28:15.321 480 971 D CCodecConfig: c2::u32 coded.bitrate.value = 64000
06-25 14:28:15.321 480 971 D CCodecConfig: c2::u32 input.buffers.max-size.value = 32768
06-25 14:28:15.321 480 971 D CCodecConfig: c2::u32 input.delay.value = 0
06-25 14:28:15.321 480 971 D CCodecConfig: string input.media-type.value = "audio/vorbis"
06-25 14:28:15.321 480 971 D CCodecConfig: string output.media-type.value = "audio/raw"
06-25 14:28:15.321 480 971 D CCodecConfig: c2::u32 raw.channel-count.value = 1
06-25 14:28:15.321 480 971 D CCodecConfig: c2::u32 raw.sample-rate.value = 48000
06-25 14:28:15.321 480 971 D CCodecConfig: }
06-25 14:28:15.322 480 971 D CCodec : [c2.android.vorbis.decoder] buffers are bound to CCodec for this session
06-25 14:28:15.322 480 971 D CCodecConfig: no c2 equivalents for durationUs
06-25 14:28:15.322 480 973 D ReflectedParamUpdater: extent() != 1 for single value type: algo.buffers.max-count.values
06-25 14:28:15.322 480 971 D CCodecConfig: no c2 equivalents for track-id
06-25 14:28:15.322 480 971 D CCodecConfig: no c2 equivalents for csd-1
06-25 14:28:15.322 480 971 D CCodecConfig: no c2 equivalents for channel-mask
06-25 14:28:15.323 480 971 D CCodecConfig: no c2 equivalents for flags
06-25 14:28:15.323 480 973 D ReflectedParamUpdater: extent() != 1 for single value type: output.subscribed-indices.values
06-25 14:28:15.323 480 973 D ReflectedParamUpdater: extent() != 1 for single value type: input.buffers.allocator-ids.values
06-25 14:28:15.323 480 971 D CCodecConfig: c2 config diff is c2::u32 coded.bitrate.value = 499821
06-25 14:28:15.323 480 971 D CCodecConfig: c2::u32 raw.channel-count.value = 2
06-25 14:28:15.323 480 971 D CCodecConfig: c2::u32 raw.sample-rate.value = 44100
06-25 14:28:15.324 480 973 D ReflectedParamUpdater: extent() != 1 for single value type: output.buffers.allocator-ids.values
06-25 14:28:15.324 480 973 D ReflectedParamUpdater: extent() != 1 for single value type: algo.buffers.allocator-ids.values
06-25 14:28:15.324 480 973 D ReflectedParamUpdater: extent() != 1 for single value type: output.buffers.pool-ids.values
06-25 14:28:15.324 480 973 D ReflectedParamUpdater: extent() != 1 for single value type: algo.buffers.pool-ids.values
06-25 14:28:15.325 480 971 W Codec2Client: query -- param skipped: index = 1107298332.
06-25 14:28:15.325 480 971 D CCodec : setup formats input: AMessage(what = 0x00000000) = {
06-25 14:28:15.325 480 971 D CCodec : int32_t bitrate = 499821
06-25 14:28:15.325 480 971 D CCodec : int32_t channel-count = 2
06-25 14:28:15.325 480 971 D CCodec : int32_t max-input-size = 32768
06-25 14:28:15.325 480 971 D CCodec : string mime = "audio/vorbis"
06-25 14:28:15.325 480 971 D CCodec : int32_t sample-rate = 44100
06-25 14:28:15.325 480 971 D CCodec : }
06-25 14:28:15.325 480 971 D CCodec : setup formats output: AMessage(what = 0x00000000) = {
06-25 14:28:15.325 480 971 D CCodec : int32_t channel-count = 2
06-25 14:28:15.325 480 971 D CCodec : string mime = "audio/raw"
06-25 14:28:15.325 480 971 D CCodec : int32_t sample-rate = 44100
06-25 14:28:15.325 480 971 D CCodec : int32_t channel-mask = 3
06-25 14:28:15.325 480 971 D CCodec : }
06-25 14:28:15.325 480 971 I CCodecConfig: query failed after returning 7 values (BAD_INDEX)
06-25 14:28:15.326 480 971 W Codec2Client: query -- param skipped: index = 1342179345.
06-25 14:28:15.326 480 971 W Codec2Client: query -- param skipped: index = 2415921170.
06-25 14:28:15.327 480 971 D CCodecBufferChannel: [c2.android.vorbis.decoder#239] Created input block pool with allocatorID 16 => poolID 21 - OK (0)
06-25 14:28:15.328 480 973 I CCodecConfig: query failed after returning 7 values (BAD_INDEX)
06-25 14:28:15.328 480 973 D CCodecConfig: c2 config diff is Dict {
06-25 14:28:15.328 480 973 D CCodecConfig: c2::u32 coded.bitrate.value = 64000
06-25 14:28:15.328 480 973 D CCodecConfig: c2::u32 input.buffers.max-size.value = 32768
06-25 14:28:15.328 480 973 D CCodecConfig: c2::u32 input.delay.value = 0
06-25 14:28:15.328 480 973 D CCodecConfig: string input.media-type.value = "audio/vorbis"
06-25 14:28:15.328 480 973 D CCodecConfig: string output.media-type.value = "audio/raw"
06-25 14:28:15.328 480 973 D CCodecConfig: c2::u32 raw.channel-count.value = 1
06-25 14:28:15.328 480 973 D CCodecConfig: c2::u32 raw.sample-rate.value = 48000
06-25 14:28:15.328 480 973 D CCodecConfig: }
06-25 14:28:15.329 480 971 I CCodecBufferChannel: [c2.android.vorbis.decoder#239] Created output block pool with allocatorID 16 => poolID 23 - OK
06-25 14:28:15.329 480 971 D CCodecBufferChannel: [c2.android.vorbis.decoder#239] Configured output block pool ids 23 => OK
06-25 14:28:15.329 480 973 D CCodec : [c2.android.vorbis.decoder] buffers are bound to CCodec for this session
06-25 14:28:15.329 480 973 D CCodecConfig: no c2 equivalents for durationUs
06-25 14:28:15.329 480 973 D CCodecConfig: no c2 equivalents for track-id
06-25 14:28:15.329 480 973 D CCodecConfig: no c2 equivalents for csd-1
06-25 14:28:15.329 480 973 D CCodecConfig: no c2 equivalents for channel-mask
06-25 14:28:15.330 480 973 D CCodecConfig: no c2 equivalents for flags
06-25 14:28:15.331 480 973 D CCodecConfig: c2 config diff is c2::u32 coded.bitrate.value = 239920
06-25 14:28:15.331 480 973 D CCodecConfig: c2::u32 raw.sample-rate.value = 44100
06-25 14:28:15.332 396 972 D SimpleC2Component: Using output block pool with poolID 23 => got 23 - 0
06-25 14:28:15.332 480 973 W Codec2Client: query -- param skipped: index = 1107298332.
06-25 14:28:15.333 480 973 D CCodec : setup formats input: AMessage(what = 0x00000000) = {
06-25 14:28:15.333 480 973 D CCodec : int32_t bitrate = 239920
06-25 14:28:15.333 480 973 D CCodec : int32_t channel-count = 1
06-25 14:28:15.333 480 973 D CCodec : int32_t max-input-size = 32768
06-25 14:28:15.333 480 973 D CCodec : string mime = "audio/vorbis"
06-25 14:28:15.333 480 973 D CCodec : int32_t sample-rate = 44100
06-25 14:28:15.333 480 973 D CCodec : }
06-25 14:28:15.333 480 973 D CCodec : setup formats output: AMessage(what = 0x00000000) = {
06-25 14:28:15.333 480 973 D CCodec : int32_t channel-count = 1
06-25 14:28:15.333 480 973 D CCodec : string mime = "audio/raw"
06-25 14:28:15.333 480 973 D CCodec : int32_t sample-rate = 44100
06-25 14:28:15.333 480 973 D CCodec : int32_t channel-mask = 1
06-25 14:28:15.333 480 973 D CCodec : }
06-25 14:28:15.333 480 973 I CCodecConfig: query failed after returning 7 values (BAD_INDEX)
06-25 14:28:15.334 480 973 W Codec2Client: query -- param skipped: index = 1342179345.
06-25 14:28:15.334 480 973 W Codec2Client: query -- param skipped: index = 2415921170.
06-25 14:28:15.336 480 973 D CCodecBufferChannel: [c2.android.vorbis.decoder#575] Created input block pool with allocatorID 16 => poolID 22 - OK (0)
06-25 14:28:15.338 480 973 I CCodecBufferChannel: [c2.android.vorbis.decoder#575] Created output block pool with allocatorID 16 => poolID 24 - OK
06-25 14:28:15.338 480 973 D CCodecBufferChannel: [c2.android.vorbis.decoder#575] Configured output block pool ids 24 => OK
06-25 14:28:15.341 396 975 D SimpleC2Component: Using output block pool with poolID 24 => got 24 - 0
06-25 14:28:15.363 685 685 V SystemUIService: Starting SystemUI services for user 0.
06-25 14:28:15.363 685 685 D SystemUIService: loading: com.android.systemui.util.NotificationChannels
06-25 14:28:15.364 685 685 D SystemUIService: running: com.android.systemui.util.NotificationChannels@863c773
06-25 14:28:15.374 685 685 D SystemUIService: loading: com.android.systemui.oranth.ManagerService
06-25 14:28:15.375 185 185 E SELinux : avc: denied { find } for pid=685 uid=10067 name=oranth_manager scontext=u:r:platform_app:s0:c512,c768 tcontext=u:object_r:default_android_service:s0 tclass=service_manager permissive=1
06-25 14:28:15.377 685 685 D SystemUIService: running: com.android.systemui.oranth.ManagerService@78a12a9
06-25 14:28:15.377 685 685 I ManagerService: -------------------- oranth manager service ---------
06-25 14:28:15.390 685 685 I FalsingManager: xdpi, ydpi: 0.16, 0.16
06-25 14:28:15.391 685 685 I FalsingManager: width, height: 1920, 1080
06-25 14:28:15.396 685 685 I SharedPreferenc: type=1400 audit(0.0:400): avc: denied { open } for path="/data/user_de/0/com.android.systemui/shared_prefs/plugin_prefs.xml" dev="mmcblk0p25" ino=2171 scontext=u:r:platform_app:s0:c512,c768 tcontext=u:object_r:app_data_file:s0:c512,c768 tclass=file permissive=1 app=com.softwinner.screenshot
06-25 14:28:15.419 480 654 W ServiceManager: Permission failure: android.permission.HIGH_SAMPLING_RATE_SENSORS from uid=10067 pid=685
06-25 14:28:15.452 685 685 D NavigationModeController: getCurrentUserContext: contextUser=0 currentUser=0
06-25 14:28:15.452 685 685 D NavigationModeController: getCurrentInteractionMode: mode=0 contextUser=0
06-25 14:28:15.452 685 685 D NavigationModeController: updateCurrentInteractionMode: mode=0
06-25 14:28:15.453 685 685 D NavigationModeController: contextUser=0
06-25 14:28:15.453 685 685 D NavigationModeController: assetPaths=
06-25 14:28:15.453 685 685 D NavigationModeController: and /system/framework/framework-res.apk
06-25 14:28:15.453 685 685 D NavigationModeController: /vendor/overlay/framework-res__auto_generated_rro_vendor.apk
06-25 14:28:15.453 685 685 D NavigationModeController: /product/overlay/AwAccentColor/AwAccentColorOverlay.apk
06-25 14:28:15.453 685 685 D NavigationModeController: /product/overlay/AwIconShape/AwIconShapeOverlay.apk
06-25 14:28:15.453 685 685 D NavigationModeController: and /system/system_ext/priv-app/SystemUI/SystemUI.apk
06-25 14:28:15.454 685 685 D NavigationModeController: getCurrentInteractionMode: mode=0 contextUser=0
06-25 14:28:15.461 480 973 D CCodecBufferChannel: [c2.android.vorbis.decoder#575] MediaCodec discarded an unknown buffer
06-25 14:28:15.461 480 973 D CCodecBufferChannel: [c2.android.vorbis.decoder#575] MediaCodec discarded an unknown buffer
06-25 14:28:15.461 480 973 D CCodecBufferChannel: [c2.android.vorbis.decoder#575] MediaCodec discarded an unknown buffer
06-25 14:28:15.462 480 971 D CCodecBufferChannel: [c2.android.vorbis.decoder#239] MediaCodec discarded an unknown buffer
06-25 14:28:15.462 480 971 D CCodecBufferChannel: [c2.android.vorbis.decoder#239] MediaCodec discarded an unknown buffer
06-25 14:28:15.462 480 971 D CCodecBufferChannel: [c2.android.vorbis.decoder#239] MediaCodec discarded an unknown buffer
06-25 14:28:15.463 480 985 I hw-BpHwBinder: onLastStrongRef automatically unlinking death recipients
06-25 14:28:15.464 396 434 I hw-BpHwBinder: onLastStrongRef automatically unlinking death recipients
06-25 14:28:15.464 480 984 I hw-BpHwBinder: onLastStrongRef automatically unlinking death recipients
06-25 14:28:15.464 396 898 V C2Store : in ~ComponentModule
06-25 14:28:15.464 396 898 V C2Store : unloading dll
06-25 14:28:15.476 685 982 V MediaRouter: Selecting route: RouteInfo{ name=手机, description=null, status=null, category=RouteCategory{ name=系统 types=ROUTE_TYPE_LIVE_AUDIO ROUTE_TYPE_LIVE_VIDEO groupable=false }, supportedTypes=ROUTE_TYPE_LIVE_AUDIO ROUTE_TYPE_LIVE_VIDEO , presentationDisplay=null }
06-25 14:28:15.480 480 648 W HdmiCecController: Failed to send 45:7D with errorCode=1
06-25 14:28:15.481 685 982 I MediaRouter: Skip setBluetoothA2dpOn(): types=8388615, isPlaybackActive()=false, BT route=null
06-25 14:28:15.496 685 685 D TvPipController: onImeVisibilityChanged(), visible=false, height=0
06-25 14:28:15.497 685 685 D TvPipController: onActionsChanged()
06-25 14:28:15.497 685 685 D TvPipMenuController: setAppActions()
06-25 14:28:15.497 685 685 D TvPipController: onImeVisibilityChanged(), visible=false, height=0
06-25 14:28:15.497 685 685 D TvPipController: onActionsChanged()
06-25 14:28:15.497 685 685 D TvPipMenuController: setAppActions()
06-25 14:28:15.497 685 685 W KeyguardUpdateMonitor: invalid subId in handleServiceStateChange()
06-25 14:28:15.508 480 497 I system_server: Background concurrent copying GC freed 86699(5640KB) AllocSpace objects, 22(1064KB) LOS objects, 49% free, 12MB/24MB, paused 325us total 1.159s
06-25 14:28:15.509 480 480 D BluetoothA2dp: Binding service...
06-25 14:28:15.514 480 499 W System : A resource failed to call release.
06-25 14:28:15.514 480 499 W System : A resource failed to call release.
06-25 14:28:15.535 685 685 E libEGL : validate_display:538 error 3001 (EGL_NOT_INITIALIZED)
06-25 14:28:15.537 762 772 I rkstack.proces: Background young concurrent copying GC freed 11499(690KB) AllocSpace objects, 0(0B) LOS objects, 88% free, 3146KB/27MB, paused 316us total 142.978ms
06-25 14:28:15.628 480 525 D CompatibilityChangeReporter: Compat change id reported: 158002302; UID 10067; state: ENABLED
06-25 14:28:15.629 685 685 V WallpaperService: Setting wallpaper dimming: 0
06-25 14:28:15.639 186 186 I hwservicemanager: getTransport: Cannot find entry android.hardware.configstore@1.0::ISurfaceFlingerConfigs/default in either framework or device VINTF manifest.
06-25 14:28:15.640 685 966 D EglHelper: createEglContext start
06-25 14:28:15.645 685 966 D EglHelper: createEglContext done
06-25 14:28:15.645 685 966 D EglHelper: createEglSurface start
06-25 14:28:15.648 685 966 D EglHelper: createEglSurface done
06-25 14:28:15.654 480 524 I ActivityManagerTiming: FinishBooting
06-25 14:28:15.654 248 248 W Zygote : forkRepeatedly terminated due to non-simple command
06-25 14:28:15.655 248 248 D Zygote : mbuffer starts with 1 , nice name is , mEnd = 19, mNext = 19, mLinesLeft = 0, mFd = 4
06-25 14:28:15.657 480 524 I ActivityManager: About to commit checkpoint
06-25 14:28:15.658 480 524 I SystemServiceManager: Starting phase 1000
06-25 14:28:15.658 480 524 I ActivityManagerTiming: OnBootPhase_1000
06-25 14:28:15.658 480 524 E PowerStatsService: Failed to start PowerStatsService loggers
06-25 14:28:15.659 480 557 V DisplayPowerController[0]: Brightness [0.39763778] reason changing to: 'manual', previous reason: 'override'.
06-25 14:28:15.656 685 685 I ImageWallpaper: type=1400 audit(0.0:401): avc: denied { open } for path="/data/user_de/0/com.android.systemui/code_cache/com.android.opengl.shaders_cache" dev="mmcblk0p25" ino=34578 scontext=u:r:platform_app:s0:c512,c768 tcontext=u:object_r:app_data_file:s0:c512,c768 tclass=file permissive=1 app=com.softwinner.screenshot
06-25 14:28:15.662 480 583 D AppStandbyController: Loading headless system app cache. appIdleEnabled=false
06-25 14:28:15.663 480 586 D RollbackManager: mRollbackLifetimeDurationInMillis=1209600000
06-25 14:28:15.676 480 524 D IorapForwardingService: BgJob Scheduled (jobId=283673059, interval: 86400000ms)
06-25 14:28:15.677 480 524 D TestHarnessModeService: Completing Test Harness Mode setup.
06-25 14:28:15.679 480 602 D StorageManagerService: Thinking about init, mBootCompleted=true, mDaemonConnected=true
06-25 14:28:15.679 480 602 D StorageManagerService: Setting up emulation state, initlocked=false
06-25 14:28:15.679 191 235 D vold : fscrypt_unlock_user_key 0 serial=0
06-25 14:28:15.680 480 602 D StorageManagerService: Thinking about reset, mBootCompleted=true, mDaemonConnected=true
06-25 14:28:15.680 480 602 I StorageSessionController: Started resetting external storage service...
06-25 14:28:15.681 480 602 I StorageSessionController: Finished resetting external storage service
06-25 14:28:15.681 480 602 I StorageManagerService: Resetting vold...
06-25 14:28:15.682 480 602 I StorageManagerService: Reset vold
06-25 14:28:15.682 191 235 I vold : onUserAdded: 0
06-25 14:28:15.693 480 609 D WifiService: Handle boot completed
06-25 14:28:15.694 480 521 D AdbService: boot completed
06-25 14:28:15.694 480 524 D SoundTriggerService: onBootPhase: 1000 : false
06-25 14:28:15.696 480 1001 I HibernationStateDiskStore: No hibernation file on disk for file /data/system/hibernation/states
06-25 14:28:15.698 480 524 D CompatibilityChangeReporter: Compat change id reported: 168936375; UID 1000; state: ENABLED
06-25 14:28:15.698 480 524 D CompatibilityChangeReporter: Compat change id reported: 168936375; UID 1000; state: DISABLED
06-25 14:28:15.702 480 609 I WifiScoreCard: Installing MemoryStore
06-25 14:28:15.702 480 609 I WifiHealthMonitor: Installing MemoryStore
06-25 14:28:15.703 762 873 I Tethering: USB bcast connected:false configured:false rndis:false ncm:false
06-25 14:28:15.705 480 524 D CompatibilityChangeReporter: Compat change id reported: 73144566; UID 1000; state: ENABLED
06-25 14:28:15.708 480 524 D CompatibilityChangeReporter: Compat change id reported: 73144566; UID 1000; state: DISABLED
06-25 14:28:15.718 480 524 D GameManagerService: onBootCompleted
06-25 14:28:15.721 480 609 D WifiNetworkFactory: Registering NetworkFactory
06-25 14:28:15.721 480 524 D AppSearchStatsCollector: atoms registered
06-25 14:28:15.721 480 524 D ActivityManagerTiming: TotalBootTime took to complete: 7901ms
06-25 14:28:15.721 480 524 D SystemServerInitThreadPool: Shutdown requested
06-25 14:28:15.721 480 524 I SystemServerTiming: WaitInitThreadPoolShutdown
06-25 14:28:15.723 480 616 D ConnectivityService: Got NetworkProvider Messenger for WifiNetworkFactory
06-25 14:28:15.723 480 609 D UntrustedWifiNetworkFactory: Registering NetworkFactory
06-25 14:28:15.723 480 616 D ConnectivityService: Got NetworkProvider Messenger for UntrustedWifiNetworkFactory
