06-25 14:28:13.400 480 597 I InputReader: Reconfiguring input devices, changes=KEYBOARD_LAYOUTS |
06-25 14:28:13.403 480 607 W BestClock: java.time.DateTimeException: Missing NTP fix
06-25 14:28:13.405 480 607 W BestClock: java.time.DateTimeException: Missing NTP fix
01-01 08:00:17.245 659 659 E sprdwl : sprdwl_get_fw_info, drv_version=1, fw_version=2, compat_ver=0
01-01 08:00:17.256 659 659 E sprdwl : chip_model:0x2355, chip_ver:0x0
01-01 08:00:17.262 659 659 E sprdwl : fw_ver:0, fw_std:0x53, fw_capa:0x120f4f
06-25 14:28:13.413 480 540 W BestClock: java.time.DateTimeException: Missing NTP fix
06-25 14:28:13.416 408 423 I adbd : jdwp connection from 762
06-25 14:28:13.418 396 396 V C2Store : in ~ComponentModule
06-25 14:28:13.418 396 396 V C2Store : unloading dll
06-25 14:28:13.418 396 396 V C2Store : in init
06-25 14:28:13.418 396 396 V C2Store : loading dll
01-01 08:00:17.269 659 659 E sprdwl : mac_addr:b4:2f:03:15:e8:b9
06-25 14:28:13.422 668 668 V AdapterServiceConfig: Adding HeadsetService
06-25 14:28:13.422 668 668 V AdapterServiceConfig: Adding A2dpService
06-25 14:28:13.422 668 668 V AdapterServiceConfig: Adding HidHostService
06-25 14:28:13.422 668 668 V AdapterServiceConfig: Adding PanService
06-25 14:28:13.422 668 668 V AdapterServiceConfig: Adding GattService
06-25 14:28:13.422 668 668 V AdapterServiceConfig: Adding BluetoothMapService
06-25 14:28:13.423 668 668 V AdapterServiceConfig: Adding AvrcpTargetService
06-25 14:28:13.423 668 668 V AdapterServiceConfig: Adding HidDeviceService
06-25 14:28:13.423 668 668 V AdapterServiceConfig: Adding BluetoothOppService
06-25 14:28:13.423 668 668 V AdapterServiceConfig: Adding BluetoothPbapService
06-25 14:28:13.425 480 480 V StorageManagerService: Package com.dangbei.lerad.leradwatcher has legacy storage
06-25 14:28:13.426 480 480 V StorageManagerService: Package com.android.cts.priv.ctsshim does not have legacy storage
06-25 14:28:13.426 480 480 V StorageManagerService: Package com.android.dynsystem does not have legacy storage
06-25 14:28:13.426 480 480 V StorageManagerService: Package com.dangbei.lerad.rocky does not have legacy storage
06-25 14:28:13.426 480 480 V StorageManagerService: Package com.tencent.start.tv does not have legacy storage
06-25 14:28:13.426 480 480 V StorageManagerService: Package com.android.providers.calendar does not have legacy storage
06-25 14:28:13.426 480 480 V StorageManagerService: Package com.android.tv.settings does not have legacy storage
06-25 14:28:13.426 480 480 V StorageManagerService: Package com.xiaodianshi.tv.yst has legacy storage
06-25 14:28:13.426 480 480 V StorageManagerService: Package com.android.providers.media does not have legacy storage
06-25 14:28:13.426 480 480 V StorageManagerService: Package com.oranth.factory does not have legacy storage
06-25 14:28:13.426 480 480 V StorageManagerService: Package com.android.internal.systemui.navbar.gestural_wide_back does not have legacy storage
06-25 14:28:13.426 480 480 V StorageManagerService: Package com.dangbei.zhushou.os does not have legacy storage
06-25 14:28:13.426 480 480 V StorageManagerService: Package com.android.wallpapercropper does not have legacy storage
06-25 14:28:13.426 480 480 V StorageManagerService: Package com.softwinner.provision does not have legacy storage
06-25 14:28:13.426 480 480 V StorageManagerService: Package com.softwinner.awlogsettings does not have legacy storage
01-01 08:00:17.276 659 659 E sprdwl : credit_capa:TX_WITH_CREDIT, extend_feature:0x1
06-25 14:28:13.430 396 396 V C2Store : in ~ComponentModule
06-25 14:28:13.431 396 396 V C2Store : unloading dll
06-25 14:28:13.431 396 396 V C2Store : in init
06-25 14:28:13.431 396 396 V C2Store : loading dll
01-01 08:00:17.284 659 659 E sprdwl : ott support:1
06-25 14:28:13.433 248 248 W Zygote : forkRepeatedly terminated due to non-simple command
06-25 14:28:13.433 248 248 D Zygote : mbuffer starts with 14, nice name is webview_zygote, mEnd = 401, mNext = 159, mLinesLeft = 6, mFd = 4
06-25 14:28:13.434 480 480 V StorageManagerService: Package com.android.documentsui does not have legacy storage
06-25 14:28:13.435 480 480 V StorageManagerService: Package com.sohu.inputmethod.sogou.tv has legacy storage
06-25 14:28:13.435 480 480 V StorageManagerService: Package com.android.externalstorage does not have legacy storage
06-25 14:28:13.435 480 480 V StorageManagerService: Package com.android.htmlviewer does not have legacy storage
06-25 14:28:13.435 480 480 V StorageManagerService: Package com.android.companiondevicemanager does not have legacy storage
06-25 14:28:13.435 480 480 V StorageManagerService: Package com.android.mms.service does not have legacy storage
06-25 14:28:13.435 480 480 V StorageManagerService: Package com.android.providers.downloads does not have legacy storage
06-25 14:28:13.435 480 480 V StorageManagerService: Package com.android.providers.tv does not have legacy storage
06-25 14:28:13.435 480 480 V StorageManagerService: Package com.android.internal.systemui.onehanded.gestural does not have legacy storage
06-25 14:28:13.435 480 480 V StorageManagerService: Package com.oranth.ledstatus does not have legacy storage
06-25 14:28:13.436 480 480 V StorageManagerService: Package com.ktcp.video has legacy storage
06-25 14:28:13.436 480 480 V StorageManagerService: Package com.dangbei.lerad.videoposter has legacy storage
06-25 14:28:13.436 480 480 V StorageManagerService: Package com.android.providers.downloads.ui does not have legacy storage
06-25 14:28:13.436 480 480 V StorageManagerService: Package com.android.pacprocessor does not have legacy storage
06-25 14:28:13.436 480 480 V StorageManagerService: Package com.android.simappdialog does not have legacy storage
06-25 14:28:13.436 480 480 V StorageManagerService: Package com.android.networkstack does not have legacy storage
06-25 14:28:13.436 480 480 V StorageManagerService: Package com.android.connectivity.resources does not have legacy storage
06-25 14:28:13.436 480 480 V StorageManagerService: Package com.android.modulemetadata does not have legacy storage
06-25 14:28:13.437 480 480 V StorageManagerService: Package com.android.certinstaller does not have legacy storage
06-25 14:28:13.437 480 480 V StorageManagerService: Package com.android.carrierconfig does not have legacy storage
06-25 14:28:13.437 480 480 V StorageManagerService: Package com.google.android.apps.searchlite.overlay does not have legacy storage
06-25 14:28:13.437 480 503 D CompatibilityChangeReporter: Compat change id reported: 168419799; UID 1073; state: DISABLED
06-25 14:28:13.437 704 704 I WebViewLoader-: System.exit called, status: 0
06-25 14:28:13.437 704 704 I AndroidRuntime: VM exiting with result code 0, cleanup skipped.
06-25 14:28:13.432 329 329 I rainbow_flow: type=1400 audit(0.0:365): avc: denied { ioctl } for path="/dev/spidev1.0" dev="tmpfs" ino=749 ioctlcmd=0x6b00 scontext=u:r:init:s0 tcontext=u:object_r:device:s0 tclass=chr_file permissive=1
06-25 14:28:13.440 480 480 V StorageManagerService: Package com.android.internal.systemui.navbar.threebutton does not have legacy storage
06-25 14:28:13.441 480 480 V StorageManagerService: Package android does not have legacy storage
06-25 14:28:13.441 480 480 V StorageManagerService: Package com.google.android.networkstackconfig does not have legacy storage
06-25 14:28:13.441 480 480 V StorageManagerService: Package com.softwinner.settingssetup does not have legacy storage
06-25 14:28:13.441 480 480 V StorageManagerService: Package com.android.egg does not have legacy storage
06-25 14:28:13.441 480 480 V StorageManagerService: Package com.android.mtp does not have legacy storage
06-25 14:28:13.443 480 480 V StorageManagerService: Package com.android.backupconfirm does not have legacy storage
06-25 14:28:13.444 480 480 V StorageManagerService: Package com.softwinner.timerswitch does not have legacy storage
06-25 14:28:13.444 480 480 V StorageManagerService: Package com.android.statementservice does not have legacy storage
06-25 14:28:13.444 480 480 V StorageManagerService: Package com.dangbei.screencast has legacy storage
06-25 14:28:13.444 480 480 V StorageManagerService: Package com.android.settings.intelligence does not have legacy storage
06-25 14:28:13.444 480 480 V StorageManagerService: Package com.android.internal.systemui.navbar.gestural_extra_wide_back does not have legacy storage
06-25 14:28:13.444 480 480 V StorageManagerService: Package com.dangbei.leard.leradlauncher does not have legacy storage
06-25 14:28:13.444 480 480 V StorageManagerService: Package com.android.providers.settings does not have legacy storage
06-25 14:28:13.444 480 480 V StorageManagerService: Package com.android.sharedstoragebackup does not have legacy storage
06-25 14:28:13.444 480 480 V StorageManagerService: Package com.android.printspooler does not have legacy storage
06-25 14:28:13.444 480 480 V StorageManagerService: Package com.starcor.mango has legacy storage
06-25 14:28:13.444 480 480 V StorageManagerService: Package com.android.dreams.basic does not have legacy storage
06-25 14:28:13.445 480 480 V StorageManagerService: Package com.android.webview does not have legacy storage
06-25 14:28:13.445 480 480 V StorageManagerService: Package com.android.se does not have legacy storage
06-25 14:28:13.445 480 480 V StorageManagerService: Package com.android.tv does not have legacy storage
06-25 14:28:13.445 480 480 V StorageManagerService: Package com.android.inputdevices does not have legacy storage
06-25 14:28:13.445 480 480 V StorageManagerService: Package com.android.bips does not have legacy storage
06-25 14:28:13.445 480 480 V StorageManagerService: Package com.oranth.inputmacsn does not have legacy storage
06-25 14:28:13.445 480 480 V StorageManagerService: Package com.android.musicfx does not have legacy storage
06-25 14:28:13.445 480 480 V StorageManagerService: Package com.tencent.karaoketv does not have legacy storage
06-25 14:28:13.445 480 480 V StorageManagerService: Package com.dangbei.hqguide does not have legacy storage
06-25 14:28:13.445 480 480 V StorageManagerService: Package com.dangbei.hqmedia does not have legacy storage
06-25 14:28:13.445 480 480 V StorageManagerService: Package android.ext.shared does not have legacy storage
06-25 14:28:13.445 480 480 V StorageManagerService: Package com.android.onetimeinitializer does not have legacy storage
06-25 14:28:13.445 480 480 V StorageManagerService: Package com.android.keychain does not have legacy storage
06-25 14:28:13.445 480 480 V StorageManagerService: Package com.android.printservice.recommendation does not have legacy storage
06-25 14:28:13.445 480 480 V StorageManagerService: Package com.google.android.networkstack.tetheringconfig does not have legacy storage
06-25 14:28:13.446 480 480 V StorageManagerService: Package android.ext.services does not have legacy storage
06-25 14:28:13.446 480 480 V StorageManagerService: Package com.android.wifi.resources does not have legacy storage
06-25 14:28:13.446 480 480 V StorageManagerService: Package com.android.localtransport does not have legacy storage
06-25 14:28:13.446 480 480 V StorageManagerService: Package com.android.packageinstaller does not have legacy storage
06-25 14:28:13.446 480 480 V StorageManagerService: Package com.android.theme.font.notoserifsource does not have legacy storage
06-25 14:28:13.446 480 480 V StorageManagerService: Package com.android.proxyhandler does not have legacy storage
06-25 14:28:13.446 480 480 V StorageManagerService: Package com.softwinner.screenshot does not have legacy storage
06-25 14:28:13.446 480 480 V StorageManagerService: Package com.android.managedprovisioning does not have legacy storage
06-25 14:28:13.446 480 480 V StorageManagerService: Package com.oranth.usbopenft does not have legacy storage
06-25 14:28:13.446 480 480 V StorageManagerService: Package com.android.networkstack.tethering does not have legacy storage
06-25 14:28:13.446 480 480 V StorageManagerService: Package com.hongen.app.word.ott has legacy storage
06-25 14:28:13.446 480 480 V StorageManagerService: Package com.android.soundpicker does not have legacy storage
06-25 14:28:13.446 480 480 V StorageManagerService: Package com.dangbei.lerad.etna.haqu does not have legacy storage
06-25 14:28:13.446 480 480 V StorageManagerService: Package com.allwinnertech.packageoverride does not have legacy storage
06-25 14:28:13.446 480 480 V StorageManagerService: Package com.android.smspush does not have legacy storage
06-25 14:28:13.447 480 480 V StorageManagerService: Package com.android.wallpaper.livepicker does not have legacy storage
06-25 14:28:13.447 480 480 V StorageManagerService: Package com.tv.filemanager.os has legacy storage
06-25 14:28:13.447 480 480 V StorageManagerService: Package com.oranth.powerwindow does not have legacy storage
06-25 14:28:13.447 480 480 V StorageManagerService: Package com.android.storagemanager does not have legacy storage
06-25 14:28:13.447 480 480 V StorageManagerService: Package com.android.bookmarkprovider does not have legacy storage
06-25 14:28:13.444 268 268 I EventThread: type=1400 audit(0.0:366): avc: denied { search } for name="extcon" dev="sysfs" ino=18109 scontext=u:r:hal_tv_cec_default:s0 tcontext=u:object_r:sysfs_extcon:s0 tclass=dir permissive=1
06-25 14:28:13.452 480 480 V StorageManagerService: Package com.android.networkstack.permissionconfig does not have legacy storage
06-25 14:28:13.452 480 480 V StorageManagerService: Package com.android.cts.ctsshim does not have legacy storage
06-25 14:28:13.452 480 480 V StorageManagerService: Package com.dangbei.lerad.screensaver does not have legacy storage
06-25 14:28:13.452 480 480 V StorageManagerService: Package com.android.remoteprovisioner does not have legacy storage
06-25 14:28:13.452 480 480 V StorageManagerService: Package com.softwinner.theme.icon does not have legacy storage
06-25 14:28:13.453 480 480 V StorageManagerService: Package com.android.wallpaper does not have legacy storage
06-25 14:28:13.453 480 480 V StorageManagerService: Package com.android.vpndialogs does not have legacy storage
06-25 14:28:13.453 480 480 V StorageManagerService: Package com.android.music does not have legacy storage
06-25 14:28:13.453 480 480 V StorageManagerService: Package com.android.shell does not have legacy storage
06-25 14:28:13.453 480 480 V StorageManagerService: Package com.android.wallpaperbackup does not have legacy storage
06-25 14:28:13.453 480 480 V StorageManagerService: Package com.android.providers.blockednumber does not have legacy storage
06-25 14:28:13.453 480 480 V StorageManagerService: Package com.android.providers.userdictionary does not have legacy storage
06-25 14:28:13.453 480 480 V StorageManagerService: Package com.android.providers.media.module does not have legacy storage
06-25 14:28:13.454 480 480 V StorageManagerService: Package com.softwinner.theme.color does not have legacy storage
06-25 14:28:13.453 248 248 D Zygote : Forked child process 785
06-25 14:28:13.454 480 480 V StorageManagerService: Package com.oranth.storage does not have legacy storage
06-25 14:28:13.454 480 480 V StorageManagerService: Package com.dangbeimarket has legacy storage
06-25 14:28:13.454 480 480 V StorageManagerService: Package com.android.hotspot2.osulogin does not have legacy storage
06-25 14:28:13.454 480 480 V StorageManagerService: Package com.android.internal.systemui.navbar.gestural does not have legacy storage
06-25 14:28:13.454 480 480 V StorageManagerService: Package com.android.location.fused does not have legacy storage
06-25 14:28:13.454 480 480 V StorageManagerService: Package com.android.systemui does not have legacy storage
06-25 14:28:13.459 480 540 W BestClock: java.time.DateTimeException: Missing NTP fix
06-25 14:28:13.460 480 705 W ZygoteProcess: Got error connecting to zygote, retrying. msg= Connection refused
06-25 14:28:13.464 785 785 I Zygote : seccomp disabled by setenforce 0
06-25 14:28:13.465 480 540 W BestClock: java.time.DateTimeException: Missing NTP fix
06-25 14:28:13.466 480 503 D CompatibilityChangeReporter: Compat change id reported: 168419799; UID 1073; state: DISABLED
06-25 14:28:13.468 480 480 V StorageManagerService: Package com.dangbei.haqusetting does not have legacy storage
06-25 14:28:13.468 480 755 I ActivityManager: Process WebViewLoader-armeabi-v7a (pid 704) has died: psvc PER
06-25 14:28:13.468 480 543 I libprocessgroup: Successfully killed process cgroup uid 1037 pid 704 in 0ms
06-25 14:28:13.469 248 248 I Zygote : Process 704 exited cleanly (0)
06-25 14:28:13.469 480 480 V StorageManagerService: Package com.android.bluetoothmidiservice does not have legacy storage
06-25 14:28:13.469 480 480 V StorageManagerService: Package com.softwinner.awmanager does not have legacy storage
06-25 14:28:13.469 480 480 V StorageManagerService: Package com.android.permissioncontroller does not have legacy storage
06-25 14:28:13.469 480 480 V StorageManagerService: Package com.softwinner.miracastReceiver does not have legacy storage
06-25 14:28:13.470 480 480 V StorageManagerService: Package com.gitvdemo.video has legacy storage
06-25 14:28:13.470 480 480 V StorageManagerService: Package com.android.traceur does not have legacy storage
06-25 14:28:13.470 480 480 V StorageManagerService: Package com.android.bluetooth does not have legacy storage
06-25 14:28:13.470 480 480 V StorageManagerService: Package com.android.providers.contacts does not have legacy storage
06-25 14:28:13.470 480 480 V StorageManagerService: Package com.android.captiveportallogin does not have legacy storage
06-25 14:28:13.470 480 480 V StorageManagerService: Package com.android.internal.systemui.navbar.gestural_narrow_back does not have legacy storage
06-25 14:28:13.470 480 480 V StorageManagerService: Package com.cibn.tv has legacy storage
06-25 14:28:13.470 480 480 V StorageManagerService: Package com.jxhy.keepdance has legacy storage
06-25 14:28:13.470 480 480 V StorageManagerService: Package android.auto_generated_rro_vendor__ does not have legacy storage
06-25 14:28:13.473 762 762 D CompatibilityChangeReporter: Compat change id reported: 171979766; UID 1073; state: ENABLED
06-25 14:28:13.477 480 480 W SystemServiceManager: Service com.android.server.StorageManagerService$Lifecycle took 58 ms in onStartUser-0
06-25 14:28:13.477 480 607 W BestClock: java.time.DateTimeException: Missing NTP fix
06-25 14:28:13.478 480 607 W BestClock: java.time.DateTimeException: Missing NTP fix
06-25 14:28:13.480 396 396 V C2Store : in ~ComponentModule
06-25 14:28:13.480 396 396 V C2Store : unloading dll
06-25 14:28:13.480 396 396 V C2Store : in init
06-25 14:28:13.480 396 396 V C2Store : loading dll
06-25 14:28:13.485 785 785 I WebViewZygoteInit: Starting WebViewZygoteInit
06-25 14:28:13.487 480 540 W BestClock: java.time.DateTimeException: Missing NTP fix
06-25 14:28:13.491 785 785 I Zygote : seccomp disabled by setenforce 0
06-25 14:28:13.491 480 540 W BestClock: java.time.DateTimeException: Missing NTP fix
06-25 14:28:13.493 396 396 V C2Store : in ~ComponentModule
06-25 14:28:13.493 396 396 V C2Store : unloading dll
06-25 14:28:13.494 396 396 V C2Store : in init
06-25 14:28:13.494 396 396 V C2Store : loading dll
06-25 14:28:13.495 480 480 W VoiceInteractionManager: no available voice recognition services found for user 0
06-25 14:28:13.496 480 480 W AppBindingService: [Default SMS app] u0 Target package not found
06-25 14:28:13.496 480 607 W BestClock: java.time.DateTimeException: Missing NTP fix
06-25 14:28:13.496 480 607 W BestClock: java.time.DateTimeException: Missing NTP fix
06-25 14:28:13.492 685 685 I ndroid.systemui: type=1400 audit(0.0:367): avc: denied { search } for name="com.android.systemui" dev="mmcblk0p25" ino=484 scontext=u:r:platform_app:s0:c512,c768 tcontext=u:object_r:app_data_file:s0:c512,c768 tclass=dir permissive=1 app=com.softwinner.screenshot
06-25 14:28:13.498 480 480 V GameManagerService: Settings file doesn't exists, skip reading
06-25 14:28:13.499 480 480 I SystemServerTiming: startPersistentApps
06-25 14:28:13.501 480 480 D CompatibilityChangeReporter: Compat change id reported: 135634846; UID 1068; state: DISABLED
06-25 14:28:13.504 480 480 I SystemServerTiming: startHomeOnAllDisplays
06-25 14:28:13.505 685 685 V GraphicsEnvironment: ANGLE Developer option for 'com.android.systemui' set to: 'default'
06-25 14:28:13.506 685 685 V GraphicsEnvironment: Neither updatable production driver nor prerelease driver is supported.
06-25 14:28:13.506 396 396 V C2Store : in ~ComponentModule
06-25 14:28:13.506 396 396 V C2Store : unloading dll
06-25 14:28:13.506 396 396 V C2Store : in init
06-25 14:28:13.506 480 480 I ActivityStarter: ---START u0 {act=android.intent.action.MAIN cat=[android.intent.category.HOME] flg=0x10000100 cmp=com.android.tv.settings/.system.FallbackHome (has extras)} from uid 0
06-25 14:28:13.508 685 685 D NetworkSecurityConfig: No Network Security Config specified, using platform default
06-25 14:28:13.508 480 666 W GameManagerService: Invalid package config for com.tencent.start.tv:[Name:com.tencent.start.tv Modes: {}]
06-25 14:28:13.508 480 666 I GameManagerService: Disabling downscale for com.tencent.start.tv
06-25 14:28:13.509 685 685 D NetworkSecurityConfig: No Network Security Config specified, using platform default
06-25 14:28:13.509 396 396 V C2Store : loading dll
06-25 14:28:13.517 785 785 I WebViewZygoteInit: Beginning application preload for com.android.webview
06-25 14:28:13.523 248 248 D Zygote : Forked child process 796
06-25 14:28:13.535 480 540 W BestClock: java.time.DateTimeException: Missing NTP fix
06-25 14:28:13.535 796 796 I Zygote : seccomp disabled by setenforce 0
06-25 14:28:13.536 785 785 D nativeloader: classloader namespace configured for unbundled product apk. library_path=/product/app/webview/lib/arm:/product/app/webview/webview.apk!/lib/armeabi-v7a:/product/lib:/system/product/lib
06-25 14:28:13.538 396 396 V C2Store : in ~ComponentModule
06-25 14:28:13.538 396 396 V C2Store : unloading dll
06-25 14:28:13.539 480 540 W BestClock: java.time.DateTimeException: Missing NTP fix
06-25 14:28:13.540 396 396 V C2Store : in init
06-25 14:28:13.540 396 396 V C2Store : loading dll
06-25 14:28:13.557 396 396 V C2Store : in ~ComponentModule
06-25 14:28:13.557 396 396 V C2Store : unloading dll
06-25 14:28:13.557 396 396 V C2Store : in init
06-25 14:28:13.557 396 396 V C2Store : loading dll
06-25 14:28:13.558 408 423 I adbd : jdwp connection from 796
06-25 14:28:13.565 685 685 V SystemUIService: SystemUIApplication constructed.
06-25 14:28:13.564 336 336 I xiriservice_All: type=1400 audit(0.0:368): avc: denied { read } for scontext=u:r:init:s0 tcontext=u:r:init:s0 tclass=netlink_kobject_uevent_socket permissive=1
01-01 08:00:17.426 247 247 I libphy : 5030000.eth: probed
06-25 14:28:13.571 321 323 D XM_HIDREAD: add@ add@/devices/platform/soc@3000000/5030000.eth/mdio_bus/5030000.eth-0/5030000.eth-0:00
06-25 14:28:13.573 480 540 W BestClock: java.time.DateTimeException: Missing NTP fix
06-25 14:28:13.582 480 540 W BestClock: java.time.DateTimeException: Missing NTP fix
01-01 08:00:17.428 247 247 E : get_key_map_info()187 - Failed to find "oe" in dts.
01-01 08:00:17.438 247 247 I : sunxi-gmac 5030000.eth eth0: eth0: Type(7) PHY ID 00441400 at 0 IRQ poll (5030000.eth-0:00)
06-25 14:28:13.585 762 762 V GraphicsEnvironment: ANGLE Developer option for 'com.android.networkstack' set to: 'default'
06-25 14:28:13.585 762 762 V GraphicsEnvironment: Neither updatable production driver nor prerelease driver is supported.
06-25 14:28:13.586 668 668 E droid.bluetoot: [0625/142813.584960:ERROR:hal_version_manager.h(125)] HalVersionManager No supported HAL version
06-25 14:28:13.588 762 762 D NetworkSecurityConfig: No Network Security Config specified, using platform default
06-25 14:28:13.588 396 396 I mediaswcodec: missing struct descriptor #Param::CoreIndex(--004) for field values of struct #Param::CoreIndex(F-12004)
06-25 14:28:13.589 396 396 I mediaswcodec: missing struct descriptor #Param::CoreIndex(--1812) for field values of struct #Param::CoreIndex(F-11812)
06-25 14:28:13.589 762 762 D NetworkSecurityConfig: No Network Security Config specified, using platform default
06-25 14:28:13.590 396 396 V C2Store : in ~ComponentModule
06-25 14:28:13.591 396 396 V C2Store : unloading dll
06-25 14:28:13.591 396 396 V C2Store : in init
06-25 14:28:13.591 396 396 V C2Store : loading dll
06-25 14:28:13.592 668 668 I droid.bluetoot: [0625/142813.592052:INFO:btif_config_cache.cc(61)] BtifConfigCache, capacity: 10000
06-25 14:28:13.588 329 329 I rainbow_flow: type=1400 audit(0.0:369): avc: denied { ioctl } for path="/dev/spidev1.0" dev="tmpfs" ino=749 ioctlcmd=0x6b00 scontext=u:r:init:s0 tcontext=u:object_r:device:s0 tclass=chr_file permissive=1
06-25 14:28:13.596 321 323 D XM_HIDREAD: add@ add@/devices/platform/unisoc_wifi/ieee80211/phy0
06-25 14:28:13.599 480 521 I EthernetTracker: interfaceLinkStateChanged, iface: eth0, up: false
06-25 14:28:13.600 480 521 W PppoeNetworkFactory: interfaceLinkStateChanged
06-25 14:28:13.600 321 323 D XM_HIDREAD: add@ add@/devices/platform/unisoc_wifi/ieee80211/phy0/rfkill2
06-25 14:28:13.603 480 521 D PppoeNetworkFactory: updateInterface: mIface: mPhyIface:eth0 iface:eth0 link:down
06-25 14:28:13.604 480 521 I EthernetTracker: interfaceLinkStateChanged, iface: eth0, up: false
06-25 14:28:13.604 480 521 W PppoeNetworkFactory: interfaceLinkStateChanged
06-25 14:28:13.604 480 521 D PppoeNetworkFactory: updateInterface: mIface: mPhyIface:eth0 iface:eth0 link:down
01-01 08:00:17.456 659 659 E sprdwl : __sprdwl_cmd_getbuf cant't get vif, ctx_id: 0
06-25 14:28:13.608 685 685 I ndroid.systemui: type=1400 audit(0.0:370): avc: denied { getattr } for path="/data/user_de/0/com.android.systemui/cache" dev="mmcblk0p25" ino=485 scontext=u:r:platform_app:s0:c512,c768 tcontext=u:object_r:app_data_file:s0:c512,c768 tclass=dir permissive=1 app=com.softwinner.screenshot
06-25 14:28:13.611 396 396 V C2Store : in ~ComponentModule
06-25 14:28:13.613 396 396 V C2Store : unloading dll
06-25 14:28:13.613 396 396 V C2Store : in init
06-25 14:28:13.613 396 396 V C2Store : loading dll
06-25 14:28:13.614 480 503 W StorageManagerService: No primary storage defined yet; hacking together a stub
01-01 08:00:17.472 381 381 W hdr10p_Configure: 97 callbacks suppressed
01-01 08:00:17.472 381 381 I : DVI mode selected: packets not configured
01-01 08:00:17.472 381 381 W set_vsif_config: 97 callbacks suppressed
01-01 08:00:17.472 381 381 I : Error: set vsif failed
06-25 14:28:13.620 480 540 W BestClock: java.time.DateTimeException: Missing NTP fix
06-25 14:28:13.624 321 323 D XM_HIDREAD: add@ add@/devices/platform/unisoc_wifi/net/wlan0
06-25 14:28:13.625 321 323 D XM_HIDREAD: add@ add@/devices/platform/unisoc_wifi/net/wlan0/queues/rx-0
06-25 14:28:13.625 321 323 D XM_HIDREAD: add@ add@/devices/platform/unisoc_wifi/net/wlan0/queues/tx-0
06-25 14:28:13.625 321 323 D XM_HIDREAD: add@ add@/devices/platform/unisoc_wifi/net/wlan1
06-25 14:28:13.625 321 323 D XM_HIDREAD: add@ add@/devices/platform/unisoc_wifi/net/wlan1/queues/rx-0
06-25 14:28:13.625 321 323 D XM_HIDREAD: add@ add@/devices/platform/unisoc_wifi/net/wlan1/queues/tx-0
06-25 14:28:13.628 480 521 I EthernetTracker: interfaceLinkStateChanged, iface: wlan0, up: false
06-25 14:28:13.628 480 521 W PppoeNetworkFactory: interfaceLinkStateChanged
06-25 14:28:13.629 480 521 D PppoeNetworkFactory: updateInterface: mIface: mPhyIface:eth0 iface:wlan0 link:down
06-25 14:28:13.629 480 521 D PppoeNetworkFactory: not tracker interface
06-25 14:28:13.629 480 521 I EthernetTracker: interfaceLinkStateChanged, iface: wlan1, up: false
06-25 14:28:13.629 480 521 W PppoeNetworkFactory: interfaceLinkStateChanged
06-25 14:28:13.629 480 521 D PppoeNetworkFactory: updateInterface: mIface: mPhyIface:eth0 iface:wlan1 link:down
06-25 14:28:13.629 480 521 D PppoeNetworkFactory: not tracker interface
06-25 14:28:13.632 396 396 V C2Store : in ~ComponentModule
06-25 14:28:13.632 396 396 V C2Store : unloading dll
06-25 14:28:13.632 396 396 V C2Store : in init
06-25 14:28:13.632 396 396 V C2Store : loading dll
06-25 14:28:13.633 480 655 D EthernetTracker: Tracking interface in client mode: eth0
06-25 14:28:13.633 480 655 D EthernetNetworkFactory: addInterface, iface: eth0, capabilities: [ Transports: ETHERNET Capabilities: NOT_METERED&INTERNET&NOT_RESTRICTED&TRUSTED&NOT_VPN&NOT_ROAMING&NOT_CONGESTED&NOT_SUSPENDED&NOT_VCN_MANAGED LinkUpBandwidth>=100000Kbps LinkDnBandwidth>=100000Kbps]
06-25 14:28:13.634 480 655 D EthernetNetworkFactory: updateCapabilityFilter: [ Transports: ETHERNET Capabilities: NOT_METERED&INTERNET&NOT_RESTRICTED&TRUSTED&NOT_VPN&NOT_ROAMING&NOT_CONGESTED&NOT_SUSPENDED&NOT_VCN_MANAGED]
06-25 14:28:13.635 480 655 D EthernetNetworkFactory: updateInterfaceLinkState, iface: eth0, up: false
01-01 08:00:17.480 659 659 W unisoc_wifi wlan0: mixed HW and IP checksum settings.
01-01 08:00:17.481 659 659 W unisoc_wifi wlan1: mixed HW and IP checksum settings.
01-01 08:00:17.481 659 659 E unisoc_wifi wlan1: netif_napi_add() called with weight 128
06-25 14:28:13.638 396 396 V C2Store : in ~ComponentModule
06-25 14:28:13.638 396 396 V C2Store : unloading dll
06-25 14:28:13.638 396 396 V C2Store : in init
06-25 14:28:13.639 396 396 V C2Store : loading dll
06-25 14:28:13.640 321 323 D XM_HIDREAD: add@ add@/module/sprdwl_ng
06-25 14:28:13.640 659 659 D wifi_hal-auto-detect: libwifi hal name: libwifi-hal-sprd.so
06-25 14:28:13.641 480 540 W BestClock: java.time.DateTimeException: Missing NTP fix
06-25 14:28:13.643 480 655 D EthernetNetworkFactory: updateInterfaceLinkState, iface: eth0, up: false
06-25 14:28:13.644 480 480 D CompatibilityChangeReporter: Compat change id reported: 174042980; UID 1000; state: DISABLED
06-25 14:28:13.645 480 655 D Ethernet: got request NetworkRequest [ REQUEST id=1, [ Capabilities: INTERNET&NOT_RESTRICTED&TRUSTED&NOT_VPN&NOT_VCN_MANAGED RequestorUid: 1000 RequestorPkg: android] ]
06-25 14:28:13.645 480 655 D EthernetNetworkFactory: acceptRequest, request: NetworkRequest [ REQUEST id=1, [ Capabilities: INTERNET&NOT_RESTRICTED&TRUSTED&NOT_VPN&NOT_VCN_MANAGED RequestorUid: 1000 RequestorPkg: android] ]
06-25 14:28:13.645 480 655 I EthernetNetworkFactory: networkForRequest, request: NetworkRequest [ REQUEST id=1, [ Capabilities: INTERNET&NOT_RESTRICTED&TRUSTED&NOT_VPN&NOT_VCN_MANAGED RequestorUid: 1000 RequestorPkg: android] ], network: null
06-25 14:28:13.645 480 655 D Ethernet: got request NetworkRequest [ REQUEST id=17, [ Capabilities: INTERNET&NOT_RESTRICTED&TRUSTED&NOT_VCN_MANAGED Uid: 1000 RequestorUid: 1000 RequestorPkg: android] ]
06-25 14:28:13.645 480 655 D EthernetNetworkFactory: acceptRequest, request: NetworkRequest [ REQUEST id=17, [ Capabilities: INTERNET&NOT_RESTRICTED&TRUSTED&NOT_VCN_MANAGED Uid: 1000 RequestorUid: 1000 RequestorPkg: android] ]
06-25 14:28:13.646 480 655 I EthernetNetworkFactory: networkForRequest, request: NetworkRequest [ REQUEST id=17, [ Capabilities: INTERNET&NOT_RESTRICTED&TRUSTED&NOT_VCN_MANAGED Uid: 1000 RequestorUid: 1000 RequestorPkg: android] ], network: null
06-25 14:28:13.646 480 655 D Ethernet: got request NetworkRequest [ REQUEST id=4, [ Transports: ETHERNET Capabilities: INTERNET&NOT_RESTRICTED&TRUSTED&NOT_VPN&NOT_VCN_MANAGED RequestorUid: 1000 RequestorPkg: android] ]
06-25 14:28:13.646 480 655 D EthernetNetworkFactory: acceptRequest, request: NetworkRequest [ REQUEST id=4, [ Transports: ETHERNET Capabilities: INTERNET&NOT_RESTRICTED&TRUSTED&NOT_VPN&NOT_VCN_MANAGED RequestorUid: 1000 RequestorPkg: android] ]
06-25 14:28:13.646 480 655 I EthernetNetworkFactory: networkForRequest, request: NetworkRequest [ REQUEST id=4, [ Transports: ETHERNET Capabilities: INTERNET&NOT_RESTRICTED&TRUSTED&NOT_VPN&NOT_VCN_MANAGED RequestorUid: 1000 RequestorPkg: android] ], network: null
06-25 14:28:13.646 480 655 D Ethernet: got request NetworkRequest [ REQUEST id=10, [ Capabilities: INTERNET&NOT_RESTRICTED&TRUSTED&NOT_VCN_MANAGED Uid: 1000 RequestorUid: 1000 RequestorPkg: android] ]
06-25 14:28:13.646 480 655 D EthernetNetworkFactory: acceptRequest, request: NetworkRequest [ REQUEST id=10, [ Capabilities: INTERNET&NOT_RESTRICTED&TRUSTED&NOT_VCN_MANAGED Uid: 1000 RequestorUid: 1000 RequestorPkg: android] ]
06-25 14:28:13.646 480 655 I EthernetNetworkFactory: networkForRequest, request: NetworkRequest [ REQUEST id=10, [ Capabilities: INTERNET&NOT_RESTRICTED&TRUSTED&NOT_VCN_MANAGED Uid: 1000 RequestorUid: 1000 RequestorPkg: android] ], network: null
06-25 14:28:13.644 659 659 I wifi@1.0-servic: type=1400 audit(0.0:371): avc: denied { read } for name="u:object_r:persist_vendor_debug_wifi_prop:s0" dev="tmpfs" ino=6460 scontext=u:r:hal_wifi_default:s0 tcontext=u:object_r:persist_vendor_debug_wifi_prop:s0 tclass=file permissive=1
06-25 14:28:13.644 659 659 I wifi@1.0-servic: type=1400 audit(0.0:372): avc: denied { open } for path="/dev/__properties__/u:object_r:persist_vendor_debug_wifi_prop:s0" dev="tmpfs" ino=6460 scontext=u:r:hal_wifi_default:s0 tcontext=u:object_r:persist_vendor_debug_wifi_prop:s0 tclass=file permissive=1
06-25 14:28:13.644 659 659 I wifi@1.0-servic: type=1400 audit(0.0:373): avc: denied { getattr } for path="/dev/__properties__/u:object_r:persist_vendor_debug_wifi_prop:s0" dev="tmpfs" ino=6460 scontext=u:r:hal_wifi_default:s0 tcontext=u:object_r:persist_vendor_debug_wifi_prop:s0 tclass=file permissive=1
06-25 14:28:13.644 659 659 I wifi@1.0-servic: type=1400 audit(0.0:374): avc: denied { map } for path="/dev/__properties__/u:object_r:persist_vendor_debug_wifi_prop:s0" dev="tmpfs" ino=6460 scontext=u:r:hal_wifi_default:s0 tcontext=u:object_r:persist_vendor_debug_wifi_prop:s0 tclass=file permissive=1
06-25 14:28:13.650 659 659 I android.hardware.wifi@1.0-service-lazy: Wifi HAL started
01-01 08:00:17.506 381 381 I : DVI mode selected: packets not configured
01-01 08:00:17.506 381 381 I : Error: set vsif failed
06-25 14:28:13.652 480 609 I WifiVendorHal: Vendor Hal started successfully
06-25 14:28:13.655 480 521 W PppoeNetworkFactory: interfaceAdded
06-25 14:28:13.658 480 480 D libcheckfile: checkfile_init
06-25 14:28:13.659 396 396 V C2Store : in ~ComponentModule
06-25 14:28:13.659 396 396 V C2Store : unloading dll
06-25 14:28:13.659 396 396 V C2Store : in init
06-25 14:28:13.659 480 480 D ActivityTaskManager: isHomeLauncher info= ActivityInfo{6085e7 com.android.tv.settings.system.FallbackHome}
06-25 14:28:13.659 396 396 V C2Store : loading dll
06-25 14:28:13.660 659 659 W android.hardware.wifi@1.0-service-lazy: No active wlan interfaces in use! Using default
06-25 14:28:13.660 659 659 E android.hardware.wifi@1.0-service-lazy: Unknown iface name: wlan0
06-25 14:28:13.660 659 659 E android.hardware.wifi@1.0-service-lazy: Unknown iface name: wlan0
06-25 14:28:13.661 480 521 W PppoeNetworkFactory: interfaceAdded
06-25 14:28:13.663 668 668 I BluetoothServiceJni: hal_util_load_bt_library: loaded Bluetooth library successfully
06-25 14:28:13.665 668 668 D BluetoothAdapterService: onCreate()
01-01 08:00:17.521 381 381 I : DVI mode selected: packets not configured
01-01 08:00:17.521 381 381 I : Error: set vsif failed
06-25 14:28:13.660 813 813 I system_server: type=1400 audit(0.0:375): avc: denied { execute } for name="am" dev="dm-1" ino=1160 scontext=u:r:system_server:s0 tcontext=u:object_r:vendor_file:s0 tclass=file permissive=1
06-25 14:28:13.668 659 659 I WifiHAL : Initializing wifi
06-25 14:28:13.672 480 521 I EthernetTracker: interfaceLinkStateChanged, iface: wlan0, up: true
06-25 14:28:13.673 659 659 E WifiHAL : wifi_get_logger_supported_feature_set: Error -5 happened.
06-25 14:28:13.673 659 659 E WifiHAL : Failed to get supported logger feature set: -5
06-25 14:28:13.674 659 659 E WifiHAL : wifi_get_firmware_version: Error -5 happened.
06-25 14:28:13.674 659 659 E WifiHAL : Failed to get supported logger feature set: -5
06-25 14:28:13.674 659 659 E WifiHAL : get_firmware_bus_max_size_supported: requestResponse Error:-3
06-25 14:28:13.674 659 659 E WifiHAL : Failed to get supported bus size, error : -3
06-25 14:28:13.674 659 659 E WifiHAL : wifi_logger_ring_buffers_init: Ring buffer logging feature not supported 0
06-25 14:28:13.674 659 659 E WifiHAL : Wifi Logger Ring Initialization Failed
06-25 14:28:13.675 659 659 E WifiHAL : wifiGetCapabilities: Failed to send request, Error:-5
06-25 14:28:13.675 659 659 E WifiHAL : Failed to get wifi Capabilities, error: -5
01-01 08:00:17.528 659 659 I ieee80211 phy0: sprdwl_vendor_get_support_feature
06-25 14:28:13.675 480 540 W BestClock: java.time.DateTimeException: Missing NTP fix
06-25 14:28:13.675 659 659 I android.hardware.wifi@1.0-service-lazy: Adding interface handle for wlan1
06-25 14:28:13.675 659 659 I android.hardware.wifi@1.0-service-lazy: Adding interface handle for wlan0
06-25 14:28:13.676 659 659 W android.hardware.wifi@1.0-service-lazy: No active wlan interfaces in use! Using default
06-25 14:28:13.672 813 813 I system_server: type=1400 audit(0.0:376): avc: denied { read open } for path="/vendor/xbin/am" dev="dm-1" ino=1160 scontext=u:r:system_server:s0 tcontext=u:object_r:vendor_file:s0 tclass=file permissive=1
06-25 14:28:13.676 659 659 W android.hardware.wifi@1.0-service-lazy: No active wlan interfaces in use! Using default
06-25 14:28:13.676 396 396 V C2Store : in ~ComponentModule
06-25 14:28:13.676 396 396 V C2Store : unloading dll
06-25 14:28:13.677 659 659 E WifiHAL : wifi_get_driver_version: Error -5 happened.
06-25 14:28:13.677 396 396 V C2Store : in init
06-25 14:28:13.677 396 396 V C2Store : loading dll
06-25 14:28:13.677 659 659 E android.hardware.wifi@1.0-service-lazy: Failed to get driver version: INVALID_ARGS
06-25 14:28:13.677 659 659 I android.hardware.wifi@1.0-service-lazy: Configured chip in mode 3
06-25 14:28:13.677 659 659 W android.hardware.wifi@1.0-service-lazy: No active wlan interfaces in use! Using default
06-25 14:28:13.672 813 813 I system_server: type=1400 audit(0.0:377): avc: denied { execute_no_trans } for path="/vendor/xbin/am" dev="dm-1" ino=1160 scontext=u:r:system_server:s0 tcontext=u:object_r:vendor_file:s0 tclass=file permissive=1
06-25 14:28:13.672 813 813 I system_server: type=1400 audit(0.0:378): avc: denied { execute } for name="sh" dev="dm-0" ino=1201 scontext=u:r:system_server:s0 tcontext=u:object_r:shell_exec:s0 tclass=file permissive=1
06-25 14:28:13.676 813 813 I system_server: type=1400 audit(0.0:379): avc: denied { read open } for path="/system/bin/sh" dev="dm-0" ino=1201 scontext=u:r:system_server:s0 tcontext=u:object_r:shell_exec:s0 tclass=file permissive=1
06-25 14:28:13.678 480 609 D HalDevMgr: updateRttController: no one is interested in RTT controllers
06-25 14:28:13.679 659 659 D WifiHAL : wifi_virtual_interface_create: ifname=wlan0 create
06-25 14:28:13.680 659 659 I android.hardware.wifi@1.0-service-lazy: Adding interface handle for wlan1
06-25 14:28:13.680 659 659 I android.hardware.wifi@1.0-service-lazy: Adding interface handle for wlan0
06-25 14:28:13.680 659 659 E android.hardware.wifi@1.0-service-lazy: Failed to set DFS flag; DFS channels may be unavailable.
06-25 14:28:13.681 480 540 W BestClock: java.time.DateTimeException: Missing NTP fix
06-25 14:28:13.681 480 521 W PppoeNetworkFactory: interfaceLinkStateChanged
06-25 14:28:13.682 480 521 D PppoeNetworkFactory: updateInterface: mIface: mPhyIface:eth0 iface:wlan0 link:up
06-25 14:28:13.682 480 521 D PppoeNetworkFactory: not tracker interface
06-25 14:28:13.684 267 267 I AW_PowerHAL: Power setMode: SUSTAINED_PERFORMANCE to: 1
06-25 14:28:13.685 267 267 W AW_PowerHAL: Could not open nsi-bw: No such file or directory
06-25 14:28:13.685 267 267 I AW_PowerHAL: cur-mode:PERFORMANCE
06-25 14:28:13.676 813 813 I am : type=1400 audit(0.0:380): avc: denied { map } for path="/system/bin/sh" dev="dm-0" ino=1201 scontext=u:r:system_server:s0 tcontext=u:object_r:shell_exec:s0 tclass=file permissive=1
06-25 14:28:13.684 813 813 I am : type=1400 audit(0.0:381): avc: denied { getattr } for path="/system/bin/sh" dev="dm-0" ino=1201 scontext=u:r:system_server:s0 tcontext=u:object_r:shell_exec:s0 tclass=file permissive=1
06-25 14:28:13.693 480 480 I SystemServerTiming: showSystemReadyErrorDialogs
06-25 14:28:13.693 659 659 I WifiHAL : mpdu_size_threshold : 128, aggressive_statistics_gathering : 0
06-25 14:28:13.694 480 480 I system_server: getFrameworkHalManifest: Reading VINTF information.
06-25 14:28:13.694 659 659 E WifiHAL : wifi_set_link_stats: requestResponse Error:-5
06-25 14:28:13.697 480 480 I system_server: getDeviceHalManifest: Reading VINTF information.
06-25 14:28:13.702 480 609 E WifiVendorHal: enableLinkLayerStats(l.1461) failed {.code = ERROR_INVALID_ARGS, .description = }
06-25 14:28:13.702 480 609 E WifiVendorHal: unable to enable link layer stats collection
06-25 14:28:13.702 480 609 D WifiNl80211Manager: Setting up interface for client mode: wlan0
01-01 08:00:17.555 381 381 I : DVI mode selected: packets not configured
01-01 08:00:17.555 381 381 I : Error: set vsif failed
06-25 14:28:13.704 370 370 I wificond: createClientInterface: wiphy_index 0 iface_name wlan0
06-25 14:28:13.704 396 396 V C2Store : in ~ComponentModule
06-25 14:28:13.704 396 396 V C2Store : unloading dll
06-25 14:28:13.704 396 396 V C2Store : in init
06-25 14:28:13.704 396 396 V C2Store : loading dll
06-25 14:28:13.707 370 370 I wificond: create scanner for interface with index: 14
06-25 14:28:13.707 480 480 I system_server: getDeviceHalManifest: Successfully processed VINTF information
06-25 14:28:13.707 370 370 I wificond: subscribe scan result for interface with index: 14
06-25 14:28:13.707 480 480 I system_server: getFrameworkHalManifest: Successfully processed VINTF information
06-25 14:28:13.707 480 480 I system_server: getFrameworkCompatibilityMatrix: Reading VINTF information.
06-25 14:28:13.711 370 370 I wificond: add channel type 0 support at wiphy index: 0
06-25 14:28:13.712 370 370 I wificond: add channel type 1 support at wiphy index: 0
06-25 14:28:13.708 818 818 I am : type=1400 audit(0.0:382): avc: denied { execute_no_trans } for path="/system/bin/cmd" dev="dm-0" ino=937 scontext=u:r:system_server:s0 tcontext=u:object_r:system_file:s0 tclass=file permissive=1
06-25 14:28:13.714 396 396 V C2Store : in ~ComponentModule
06-25 14:28:13.714 396 396 V C2Store : unloading dll
06-25 14:28:13.714 396 396 V C2Store : in init
06-25 14:28:13.714 396 396 V C2Store : loading dll
06-25 14:28:13.714 785 785 I WebViewZygoteInit: Application preload done
06-25 14:28:13.721 480 609 I WifiNative: Interface state changed on Iface:{Name=wlan0,Id=0,Type=STA_SCAN}, isUp=true
06-25 14:28:13.721 480 609 I WifiNative: Successfully setup Iface:{Name=wlan0,Id=0,Type=STA_SCAN}
06-25 14:28:13.721 480 609 E SupplicantStaIfaceHal: checkHalVersionByInterfaceName: called but mServiceManager is null
06-25 14:28:13.721 480 609 E SupplicantStaIfaceHal: checkHalVersionByInterfaceName: called but mServiceManager is null
06-25 14:28:13.721 480 609 E SupplicantStaIfaceHal: Method getKeyMgmtCapabilities is not supported in existing HAL
06-25 14:28:13.721 480 609 E SupplicantStaIfaceHal: checkHalVersionByInterfaceName: called but mServiceManager is null
06-25 14:28:13.722 480 540 W BestClock: java.time.DateTimeException: Missing NTP fix
06-25 14:28:13.724 396 396 V C2Store : in ~ComponentModule
06-25 14:28:13.725 396 396 V C2Store : unloading dll
06-25 14:28:13.725 396 396 V C2Store : in init
06-25 14:28:13.725 396 396 V C2Store : loading dll
06-25 14:28:13.726 480 540 W BestClock: java.time.DateTimeException: Missing NTP fix
06-25 14:28:13.727 659 659 E WifiHAL : wifi_get_logger_supported_feature_set: Error -5 happened.
01-01 08:00:17.582 659 659 I ieee80211 phy0: sprdwl_vendor_get_support_feature
06-25 14:28:13.729 659 659 E WifiHAL : wifi_get_logger_supported_feature_set: Error -5 happened.
01-01 08:00:17.584 659 659 I ieee80211 phy0: sprdwl_vendor_get_support_feature
06-25 14:28:13.732 396 396 I mediaswcodec: missing struct descriptor #Param::CoreIndex(--004) for field values of struct #Param::CoreIndex(F-12004)
06-25 14:28:13.733 659 659 E WifiHAL : wifi_get_logger_supported_feature_set: Error -5 happened.
06-25 14:28:13.734 396 396 D C2SoftHevcEnc: Given level 6000 does not cover current configuration: adjusting to 6001
01-01 08:00:17.588 659 659 I ieee80211 phy0: sprdwl_vendor_get_support_feature
01-01 08:00:17.588 381 381 I : DVI mode selected: packets not configured
01-01 08:00:17.588 381 381 I : Error: set vsif failed
06-25 14:28:13.736 396 396 V C2Store : in ~ComponentModule
06-25 14:28:13.736 396 396 V C2Store : unloading dll
06-25 14:28:13.736 396 396 V C2Store : in init
06-25 14:28:13.736 396 396 V C2Store : loading dll
06-25 14:28:13.737 480 609 E SupplicantStaIfaceHal: checkHalVersionByInterfaceName: called but mServiceManager is null
06-25 14:28:13.737 480 609 E SupplicantStaIfaceHal: checkHalVersionByInterfaceName: called but mServiceManager is null
06-25 14:28:13.737 480 609 I SupplicantStaIfaceHal: Method getWpaDriverFeatureSet is not supported in existing HAL
06-25 14:28:13.738 480 609 D WifiClientModeManager[wlan0]: entering StartedState
06-25 14:28:13.741 396 396 V C2Store : in ~ComponentModule
06-25 14:28:13.741 396 396 V C2Store : unloading dll
06-25 14:28:13.741 396 396 V C2Store : in init
06-25 14:28:13.741 396 396 V C2Store : loading dll
06-25 14:28:13.748 396 396 V C2Store : in ~ComponentModule
06-25 14:28:13.748 396 396 V C2Store : unloading dll
06-25 14:28:13.748 396 396 V C2Store : in init
06-25 14:28:13.748 396 396 V C2Store : loading dll
06-25 14:28:13.750 480 540 W BestClock: java.time.DateTimeException: Missing NTP fix
06-25 14:28:13.752 480 540 W BestClock: java.time.DateTimeException: Missing NTP fix
06-25 14:28:13.755 396 396 V C2Store : in ~ComponentModule
06-25 14:28:13.755 396 396 V C2Store : unloading dll
06-25 14:28:13.756 396 396 V C2Store : in init
06-25 14:28:13.756 396 396 V C2Store : loading dll
06-25 14:28:13.761 396 396 V C2Store : in ~ComponentModule
06-25 14:28:13.761 396 396 V C2Store : unloading dll
06-25 14:28:13.761 396 396 V C2Store : in init
06-25 14:28:13.761 396 396 V C2Store : loading dll
06-25 14:28:13.769 396 396 V C2Store : in ~ComponentModule
06-25 14:28:13.769 396 396 V C2Store : unloading dll
06-25 14:28:13.770 396 396 V C2Store : in init
06-25 14:28:13.770 396 396 V C2Store : loading dll
01-01 08:00:17.624 381 381 I : DVI mode selected: packets not configured
01-01 08:00:17.625 381 381 I : Error: set vsif failed
06-25 14:28:13.774 396 396 V C2Store : in ~ComponentModule
06-25 14:28:13.774 396 396 V C2Store : unloading dll
06-25 14:28:13.774 396 396 V C2Store : in init
06-25 14:28:13.774 396 396 V C2Store : loading dll
06-25 14:28:13.777 396 396 V C2Store : in ~ComponentModule
06-25 14:28:13.777 396 396 V C2Store : unloading dll
06-25 14:28:13.777 396 396 V C2Store : in init
06-25 14:28:13.777 396 396 V C2Store : loading dll
06-25 14:28:13.781 396 396 V C2Store : in ~ComponentModule
06-25 14:28:13.781 396 396 V C2Store : unloading dll
06-25 14:28:13.781 396 396 V C2Store : in init
06-25 14:28:13.781 396 396 V C2Store : loading dll
06-25 14:28:13.788 396 396 V C2Store : in ~ComponentModule
06-25 14:28:13.788 396 396 V C2Store : unloading dll
06-25 14:28:13.788 396 396 V C2Store : in init
06-25 14:28:13.788 396 396 V C2Store : loading dll
06-25 14:28:13.789 480 540 W BestClock: java.time.DateTimeException: Missing NTP fix
06-25 14:28:13.792 480 540 W BestClock: java.time.DateTimeException: Missing NTP fix
06-25 14:28:13.793 396 396 I C2SoftVp8Enc: setting temporal layering 0 + 0
06-25 14:28:13.795 396 396 V C2Store : in ~ComponentModule
06-25 14:28:13.795 396 396 V C2Store : unloading dll
06-25 14:28:13.795 396 396 V C2Store : in init
06-25 14:28:13.795 396 396 V C2Store : loading dll
06-25 14:28:13.800 396 396 V C2Store : in ~ComponentModule
06-25 14:28:13.800 396 396 V C2Store : unloading dll
06-25 14:28:13.800 396 396 V C2Store : in init
06-25 14:28:13.800 396 396 V C2Store : loading dll
06-25 14:28:13.804 396 396 I C2SoftVp9Enc: setting temporal layering 0 + 0
06-25 14:28:13.806 396 396 V C2Store : in ~ComponentModule
06-25 14:28:13.806 396 396 V C2Store : unloading dll
06-25 14:28:13.807 366 476 D MediaCodecsXmlParser: parsing /apex/com.android.media.swcodec/etc/media_codecs.xml...
06-25 14:28:13.809 366 476 D MediaCodecsXmlParser: disabling c2.android.gsm.decoder
06-25 14:28:13.810 366 476 D MediaCodecsXmlParser: disabling c2.android.mpeg2.decoder
06-25 14:28:13.811 366 476 I MediaCodecsXmlParser: Did not find media_codecs_performance.xml in search path
06-25 14:28:13.811 366 476 I MediaCodecsXmlParser: Did not find media_codecs_c2.xml in search path
06-25 14:28:13.811 366 476 I MediaCodecsXmlParser: Did not find media_codecs_performance_c2.xml in search path
06-25 14:28:13.812 366 476 D MediaCodecsXmlParser: parsing /vendor/etc/media_codecs.xml...
06-25 14:28:13.812 366 476 D MediaCodecsXmlParser: parsing /vendor/etc/media_codecs_google_audio.xml...
06-25 14:28:13.812 366 476 D MediaCodecsXmlParser: unable to open media codecs configuration xml file: /vendor/etc/media_codecs_google_audio.xml
06-25 14:28:13.812 366 476 D MediaCodecsXmlParser: Setting: updating existing setting at line 97 of /vendor/etc/media_codecs.xml
06-25 14:28:13.813 480 480 I system_server: getFrameworkCompatibilityMatrix: Successfully processed VINTF information
06-25 14:28:13.813 480 480 I system_server: getDeviceCompatibilityMatrix: Reading VINTF information.
06-25 14:28:13.814 480 480 I system_server: getDeviceCompatibilityMatrix: Successfully processed VINTF information
06-25 14:28:13.816 366 476 D MediaCodecsXmlParser: parsing /vendor/etc/media_codecs_google_video.xml...
06-25 14:28:13.816 366 476 D MediaCodecsXmlParser: unable to open media codecs configuration xml file: /vendor/etc/media_codecs_google_video.xml
06-25 14:28:13.816 366 476 D MediaCodecsXmlParser: parsing /vendor/etc/media_codecs_performance.xml...
