01-01 08:00:32.908 381 381 I : Error: set vsif failed
06-25 14:28:29.059 480 542 W ActivityManager: Slow operation: 58ms so far, now at startProcess: done updating battery stats
06-25 14:28:29.060 480 542 W ActivityManager: Slow operation: 58ms so far, now at startProcess: building log message
06-25 14:28:29.060 480 542 I ActivityManager: app.processName = com.dangbei.zhushou.os
06-25 14:28:29.060 480 542 I ActivityManager: Start proc 2459:com.dangbei.zhushou.os/1000 for broadcast {com.dangbei.zhushou.os/com.dangbei.projector.assistant.receiver.BootReceiver}
06-25 14:28:29.060 480 542 W ActivityManager: Slow operation: 59ms so far, now at startProcess: starting to update pids map
06-25 14:28:29.060 480 542 W ActivityManager: Slow operation: 59ms so far, now at startProcess: done updating pids map
06-25 14:28:29.062 2411 2411 I TvApplication: Starting TV app 1.24-asop
06-25 14:28:29.063 2411 2411 I TvApplication: Started TV app 1.24-asop
06-25 14:28:29.063 2459 2459 I Zygote : seccomp disabled by setenforce 0
06-25 14:28:29.068 2088 2088 I rainbow_flow: type=1400 audit(0.0:835): avc: denied { ioctl } for path="/dev/spidev1.0" dev="tmpfs" ino=749 ioctlcmd=0x6b00 scontext=u:r:init:s0 tcontext=u:object_r:device:s0 tclass=chr_file permissive=1
06-25 14:28:29.110 408 423 I adbd : jdwp connection from 2459
06-25 14:28:29.110 1239 1239 D EventBus: No subscribers registered for event class com.xiaodianshi.tv.yst.util.MessageEvent
06-25 14:28:29.111 1239 1239 D EventBus: No subscribers registered for event class org.greenrobot.eventbus.NoSubscriberEvent
06-25 14:28:29.136 659 659 E WifiHAL : wifi_get_link_stats: requestResponse Error:-5
06-25 14:28:29.138 480 609 E WifiVendorHal: getWifiLinkLayerStats_1_5_Internal(l.1191) failed {.code = ERROR_INVALID_ARGS, .description = }
01-01 08:00:32.996 381 381 I : DVI mode selected: packets not configured
01-01 08:00:32.996 381 381 I : Error: set vsif failed
06-25 14:28:29.170 2459 2459 D CompatibilityChangeReporter: Compat change id reported: 171979766; UID 1000; state: DISABLED
06-25 14:28:29.179 668 668 V MediaPlayerList: onActiveSessionsChanged: number of controllers: 0
06-25 14:28:29.184 668 668 W AudioMediaPlayerWrapper: The session was destroyed com.xiaodianshi.tv.yst
06-25 14:28:29.184 668 668 D MediaPlayerList: sessionUpdatedCallback(): packageName: com.xiaodianshi.tv.yst
06-25 14:28:29.190 2459 2459 D ApplicationLoaders: Returning zygote-cached class loader: /system/framework/android.test.base.jar
06-25 14:28:29.190 2459 2459 D ApplicationLoaders: Returning zygote-cached class loader: /system/framework/android.hidl.manager-V1.0-java.jar
06-25 14:28:29.190 2459 2459 D ApplicationLoaders: Returning zygote-cached class loader: /system/framework/android.hidl.base-V1.0-java.jar
06-25 14:28:29.187 668 668 D MediaPlayerList: sendMediaUpdate
06-25 14:28:29.192 668 668 D MediaPlayerList: sendMediaUpdate state=null
06-25 14:28:29.192 668 668 D AvrcpNativeInterface: sendMediaUpdate: metadata=false playStatus=true queue=false
06-25 14:28:29.192 668 668 D AvrcpTargetJni: sendMediaUpdateNative
06-25 14:28:29.192 668 668 I bt_stack: [INFO:avrcp_service.cc(402)] virtual void bluetooth::avrcp::AvrcpService::SendMediaUpdate(bool, bool, bool) track_changed=0 : play_state=1 : queue=0
06-25 14:28:29.192 668 668 D MediaPlayerList: Removing media player com.xiaodianshi.tv.yst
06-25 14:28:29.193 668 668 D MediaPlayerList: com.xiaodianshi.tv.yst doesn't have a browse service. Recycle player ID.
06-25 14:28:29.193 668 668 V MediaPlayerList: onActiveSessionsChanged: number of controllers: 0
06-25 14:28:29.195 1239 1239 D MainApplication: addIdleHandler
01-01 08:00:33.046 381 381 I : DVI mode selected: packets not configured
01-01 08:00:33.046 381 381 I : Error: set vsif failed
01-01 08:00:33.073 381 381 I : DVI mode selected: packets not configured
01-01 08:00:33.073 381 381 I : Error: set vsif failed
06-25 14:28:29.231 1038 1336 I MediaProvider: Scanned internal due to REASON_MOUNTED, found 230 items in 7824ms, 0 inserts 7 updates 0 deletes
06-25 14:28:29.240 2316 2316 W System.err: java.lang.SecurityException: Failed to find provider com.bili.xds.sdk.bilidev.provider for user 0; expected to find a valid ContentProvider for this authority
06-25 14:28:29.241 2316 2316 W System.err: at android.os.Parcel.createExceptionOrNull(Parcel.java:2425)
06-25 14:28:29.241 2316 2316 W System.err: at android.os.Parcel.createException(Parcel.java:2409)
06-25 14:28:29.241 2316 2316 W System.err: at android.os.Parcel.readException(Parcel.java:2392)
06-25 14:28:29.241 2316 2316 W System.err: at android.os.Parcel.readException(Parcel.java:2334)
06-25 14:28:29.241 2316 2316 W System.err: at android.content.IContentService$Stub$Proxy.registerContentObserver(IContentService.java:1235)
06-25 14:28:29.241 2316 2316 W System.err: at android.content.ContentResolver.registerContentObserver(ContentResolver.java:2672)
06-25 14:28:29.241 2316 2316 W System.err: at android.content.ContentResolver.registerContentObserver(ContentResolver.java:2660)
06-25 14:28:29.241 2316 2316 W System.err: at bl.mh.a(BiliRemoteDeviceInfoHelper.kt:4)
06-25 14:28:29.241 2316 2316 W System.err: at com.bilibili.lib.biliid.internal.buvid.refactor.CustomizedBuvidHelper.setObserver(CustomizedBuvidHelper.kt:3)
06-25 14:28:29.241 2316 2316 W System.err: at com.xiaodianshi.tv.yst.support.TvUtils.getBuvid(TvUtils.kt:1)
06-25 14:28:29.241 2316 2316 W System.err: at com.xiaodianshi.tv.yst.support.b$c.invoke(BiliInitHelper.kt:2)
06-25 14:28:29.241 2316 2316 W System.err: at com.xiaodianshi.tv.yst.support.b$c.invoke(BiliInitHelper.kt:1)
06-25 14:28:29.241 2316 2316 W System.err: at com.bilibili.lib.blconfig.internal.c.c(Unknown Source:2)
06-25 14:28:29.241 2316 2316 W System.err: at com.bilibili.lib.blconfig.internal.f.c(AB.kt:17)
06-25 14:28:29.241 2316 2316 W System.err: at com.bilibili.lib.blconfig.internal.a$a$b.invoke(AB.kt:2)
06-25 14:28:29.241 2316 2316 W System.err: at com.bilibili.lib.blconfig.internal.a$a$b.invoke(AB.kt:1)
06-25 14:28:29.241 2316 2316 W System.err: at kotlin.SynchronizedLazyImpl.getValue(LazyJVM.kt:5)
06-25 14:28:29.241 2316 2316 W System.err: at com.bilibili.lib.blconfig.internal.a$a.a(Unknown Source:7)
06-25 14:28:29.241 2316 2316 W System.err: at com.bilibili.lib.blconfig.internal.a$a.b(AB.kt:2)
06-25 14:28:29.241 2316 2316 W System.err: at com.bilibili.lib.blconfig.internal.a$a.invoke(Unknown Source:0)
06-25 14:28:29.242 2316 2316 W System.err: at com.bilibili.lib.blconfig.internal.b.f(AB.kt:7)
06-25 14:28:29.242 2316 2316 W System.err: at com.bilibili.lib.blconfig.internal.b.invoke(Unknown Source:4)
06-25 14:28:29.242 2316 2316 W System.err: at bl.ms3.get(Unknown Source:7)
06-25 14:28:29.242 2316 2316 W System.err: at bl.h52.p(Unknown Source:10)
06-25 14:28:29.242 2316 2316 W System.err: at com.xiaodianshi.tv.yst.startup.StartupTaskHelper$thinConfig$2.invoke(StartupTaskHelper.kt:1)
06-25 14:28:29.242 2316 2316 W System.err: at com.xiaodianshi.tv.yst.startup.StartupTaskHelper$thinConfig$2.invoke(StartupTaskHelper.kt:2)
06-25 14:28:29.242 2316 2316 W System.err: at kotlin.SynchronizedLazyImpl.getValue(LazyJVM.kt:5)
06-25 14:28:29.242 2316 2316 W System.err: at com.xiaodianshi.tv.yst.startup.StartupTaskHelper.getThinConfig(Unknown Source:2)
06-25 14:28:29.242 2316 2316 W System.err: at com.xiaodianshi.tv.yst.support.a.a(BThreadPoolHelper.kt:1)
06-25 14:28:29.242 2316 2316 W System.err: at com.xiaodianshi.tv.yst.startup.StartupTaskHelper.serialInitial(StartupTaskHelper.kt:3)
06-25 14:28:29.242 2316 2316 W System.err: at com.xiaodianshi.tv.yst.startup.StartupTaskHelper.onCreate(StartupTaskHelper.kt:12)
06-25 14:28:29.242 2316 2316 W System.err: at com.xiaodianshi.tv.yst.MainApplication.onCreate(MainApplication.java:6)
06-25 14:28:29.242 2316 2316 W System.err: at android.app.Instrumentation.callApplicationOnCreate(Instrumentation.java:1211)
06-25 14:28:29.242 2316 2316 W System.err: at android.app.ActivityThread.handleBindApplication(ActivityThread.java:6740)
06-25 14:28:29.242 2316 2316 W System.err: at android.app.ActivityThread.access$1500(ActivityThread.java:247)
06-25 14:28:29.242 2316 2316 W System.err: at android.app.ActivityThread$H.handleMessage(ActivityThread.java:2053)
06-25 14:28:29.242 2316 2316 W System.err: at android.os.Handler.dispatchMessage(Handler.java:106)
06-25 14:28:29.242 2316 2316 W System.err: at android.os.Looper.loopOnce(Looper.java:201)
06-25 14:28:29.242 2316 2316 W System.err: at android.os.Looper.loop(Looper.java:288)
06-25 14:28:29.242 2316 2316 W System.err: at android.app.ActivityThread.main(ActivityThread.java:7854)
06-25 14:28:29.242 2316 2316 W System.err: at java.lang.reflect.Method.invoke(Native Method)
06-25 14:28:29.242 2316 2316 W System.err: at com.android.internal.os.RuntimeInit$MethodAndArgsCaller.run(RuntimeInit.java:548)
06-25 14:28:29.242 2316 2316 W System.err: at com.android.internal.os.ZygoteInit.main(ZygoteInit.java:1182)
06-25 14:28:29.242 2316 2316 W System.err: Caused by: android.os.RemoteException: Remote stack trace:
06-25 14:28:29.242 2316 2316 W System.err: at com.android.server.content.ContentService.registerContentObserver(ContentService.java:357)
06-25 14:28:29.242 2316 2316 W System.err: at android.content.IContentService$Stub.onTransact(IContentService.java:484)
06-25 14:28:29.242 2316 2316 W System.err: at android.os.Binder.execTransactInternal(Binder.java:1179)
06-25 14:28:29.242 2316 2316 W System.err: at android.os.Binder.execTransact(Binder.java:1143)
06-25 14:28:29.256 2316 2316 I buvid : Buvid get from blkv:com.xiaodianshi.tv.yst:stats,sid:XY4127A4ECC9CF8B11650E82EE0240FF95CFD
01-01 08:00:33.112 381 381 I : DVI mode selected: packets not configured
01-01 08:00:33.112 381 381 I : Error: set vsif failed
06-25 14:28:29.264 1096 1344 D ExifInterface: No image meets the size requirements of a thumbnail image.
06-25 14:28:29.299 2316 2316 E ActivityThread: Failed to find provider info for com.bili.xds.sdk.bilidev.provider
06-25 14:28:29.300 2316 2316 I getBuvid: use cached buvid
01-01 08:00:33.156 381 381 I : DVI mode selected: packets not configured
01-01 08:00:33.156 381 381 I : Error: set vsif failed
06-25 14:28:29.320 268 268 I EventThread: type=1400 audit(0.0:836): avc: denied { search } for name="extcon" dev="sysfs" ino=18109 scontext=u:r:hal_tv_cec_default:s0 tcontext=u:object_r:sysfs_extcon:s0 tclass=dir permissive=1
06-25 14:28:29.327 1239 2055 D BiliDeviceInfoProvider: insert uri=content://com.bili.xds.bilidev.provider | values=xds@buvid=XY4127A4ECC9CF8B11650E82EE0240FF95CFD xds@buvid_update=1
01-01 08:00:33.189 381 381 I : DVI mode selected: packets not configured
01-01 08:00:33.189 381 381 I : Error: set vsif failed
06-25 14:28:29.338 2316 2316 I getBuvid: start5
01-01 08:00:33.211 381 381 I : DVI mode selected: packets not configured
01-01 08:00:33.211 381 381 I : Error: set vsif failed
06-25 14:28:29.376 480 761 D SntpClient: request time failed: java.net.SocketTimeoutException: Poll timed out
06-25 14:28:29.388 2316 2497 I DrmHal : found instance=clearkey version=android.hardware.drm@1.4::IDrmFactory
06-25 14:28:29.388 2316 2497 I DrmHal : found instance=widevine version=android.hardware.drm@1.4::IDrmFactory
06-25 14:28:29.391 1748 1748 I WVCdm : [app][com.xiaodianshi.tv.yst] calling virtual Return wvdrm::hardware::drm::V1_4::widevine::WVDrmFactory::createPlugin(const hidl_array &, const android::hardware::hidl_string &, android::hardware::drm::V1_4::IDrmFactory::createPlugin_cb)
06-25 14:28:29.391 1748 1748 D WVCdm : Instantiating CDM.
06-25 14:28:29.394 1748 1748 D WVCdm : [cdm_engine.cpp(494):QueryStatus] security_level = Default, query_token = DeviceID
06-25 14:28:29.394 1748 1748 I WVCdm : [oemcrypto_adapter_dynamic.cpp(702):Initialize] Level 3 Build Info (v16): OEMCrypto Level3 Code 22593 May 28 2021 16:59:08
06-25 14:28:29.397 1748 2501 I WVCdm : [(0):] Level3 Library 22593 May 28 2021 16:59:08
06-25 14:28:29.406 1748 1748 I WVCdm : [oemcrypto_adapter_dynamic.cpp(716):Initialize] L3 Initialized. Trying L1.
06-25 14:28:29.406 1748 1748 W WVCdm : [oemcrypto_adapter_dynamic.cpp(728):Initialize] Could not load liboemcrypto.so. Falling back to L3. dlopen failed: library "liboemcrypto.so" not found
06-25 14:28:29.406 1748 1748 D WVCdm : [crypto_session.cpp(350):Init] OEMCrypto version (default security level): 16.3
06-25 14:28:29.406 1748 1748 D WVCdm : [crypto_session.cpp(359):Init] OEMCrypto version (L3 security level): 16.3
06-25 14:28:29.406 1748 1748 D WVCdm : [crypto_session.cpp(809):Open] Opening crypto session: requested_security_level = Default
06-25 14:28:29.406 1748 1748 D WVCdm : [usage_table_header.cpp(162):Init] security_level = L3
06-25 14:28:29.407 1748 1748 D WVCdm : [usage_table_header.cpp(505):DetermineTableCapacity] capacity = unlimited, security_level = L3
06-25 14:28:29.408 1748 1748 I WVCdm : [usage_table_header.cpp(204):RestoreTable] Found usage table to restore: entry_count = 0
06-25 14:28:29.414 1748 1764 D WVCdm : [cdm_engine.cpp(494):QueryStatus] security_level = Default, query_token = SecurityLevel
06-25 14:28:29.419 1748 1764 E WVCdm : [wv_content_decryption_module.cpp(426):GetMetricsInternal] Cdm Identifier not found
06-25 14:28:29.420 2459 2459 V GraphicsEnvironment: ANGLE Developer option for 'com.dangbei.zhushou.os' set to: 'default'
06-25 14:28:29.421 2459 2459 V GraphicsEnvironment: Neither updatable production driver nor prerelease driver is supported.
06-25 14:28:29.424 2459 2459 D NetworkSecurityConfig: No Network Security Config specified, using platform default
06-25 14:28:29.425 2459 2459 D NetworkSecurityConfig: No Network Security Config specified, using platform default
06-25 14:28:29.426 2459 2459 I MultiDex: VM with version 2.1.0 has multidex support
06-25 14:28:29.426 2459 2459 I MultiDex: Installing application
06-25 14:28:29.426 2459 2459 I MultiDex: VM has multidex support, MultiDex support library is disabled.
06-25 14:28:29.427 1748 1764 E WVCdm : [wv_content_decryption_module.cpp(486):CloseCdm] Cdm Identifier not found
06-25 14:28:29.427 1748 1764 E WVCdm : Failed to close cdm. status 12
06-25 14:28:29.429 1748 1764 I WVCdm : [(0):] L3 Terminate.
06-25 14:28:29.457 2316 2316 I cr_BiliCrLibraryLoader: BiliCr version: 88.0.4324.188, arch: armv8l
06-25 14:28:29.466 2316 2316 W chromium: [0625/142829.457884:WARNING:httpdns_adapter.cc(320)] HttpDns init
06-25 14:28:29.497 480 502 D ConnectivityService: requestNetwork for uid/pid:10079/2316 activeRequest: null callbackRequest: 40 [NetworkRequest [ REQUEST id=41, [ Capabilities: INTERNET&NOT_RESTRICTED&TRUSTED&NOT_VCN_MANAGED Uid: 10079 RequestorUid: 10079 RequestorPkg: com.xiaodianshi.tv.yst] ]] callback flags: 0 priority: 2147483647
06-25 14:28:29.499 480 616 D ConnectivityService: NetReassign [41 : null → 100]
06-25 14:28:29.502 480 655 D Ethernet: got request NetworkRequest [ REQUEST id=41, [ Capabilities: INTERNET&NOT_RESTRICTED&TRUSTED&NOT_VCN_MANAGED Uid: 10079 RequestorUid: 10079 RequestorPkg: com.xiaodianshi.tv.yst] ]
06-25 14:28:29.502 480 655 D EthernetNetworkFactory: acceptRequest, request: NetworkRequest [ REQUEST id=41, [ Capabilities: INTERNET&NOT_RESTRICTED&TRUSTED&NOT_VCN_MANAGED Uid: 10079 RequestorUid: 10079 RequestorPkg: com.xiaodianshi.tv.yst] ]
06-25 14:28:29.503 480 655 I EthernetNetworkFactory: networkForRequest, request: NetworkRequest [ REQUEST id=41, [ Capabilities: INTERNET&NOT_RESTRICTED&TRUSTED&NOT_VCN_MANAGED Uid: 10079 RequestorUid: 10079 RequestorPkg: com.xiaodianshi.tv.yst] ], network: null
06-25 14:28:29.503 480 609 D WifiNetworkFactory: got request NetworkRequest [ REQUEST id=41, [ Capabilities: INTERNET&NOT_RESTRICTED&TRUSTED&NOT_VCN_MANAGED Uid: 10079 RequestorUid: 10079 RequestorPkg: com.xiaodianshi.tv.yst] ]
06-25 14:28:29.504 480 609 D UntrustedWifiNetworkFactory: got request NetworkRequest [ REQUEST id=41, [ Capabilities: INTERNET&NOT_RESTRICTED&TRUSTED&NOT_VCN_MANAGED Uid: 10079 RequestorUid: 10079 RequestorPkg: com.xiaodianshi.tv.yst] ]
06-25 14:28:29.504 480 609 D OemPaidWifiNetworkFactory: got request NetworkRequest [ REQUEST id=41, [ Capabilities: INTERNET&NOT_RESTRICTED&TRUSTED&NOT_VCN_MANAGED Uid: 10079 RequestorUid: 10079 RequestorPkg: com.xiaodianshi.tv.yst] ]
06-25 14:28:29.518 2459 2459 I b : -----------> Auto switch user, userId: -3377459
06-25 14:28:29.518 2459 2459 I b : -----------> doSwitchUserInternal, userId: -3377459
06-25 14:28:29.520 2459 2459 D yl : com.wangjie.rapidorm.c.b.a-------------------the tables are {class com.dangbei.setting.provider.dal.db.model.UserPreference=com.dangbei.setting.provider.dal.db.model.b@830130b, class com.dangbei.setting.provider.dal.db.model.User=com.dangbei.setting.provider.dal.db.model.c@7c7a5e8}
06-25 14:28:29.523 480 523 W IorapForwardingService: No service published for: iorapd
06-25 14:28:29.544 480 616 D ConnectivityService: NetReassign [no changes]
06-25 14:28:29.562 2316 2316 I TribeFawkes: CheckSystemTimeHelper.check()false
06-25 14:28:29.629 2316 2513 I chromium: [0625/142829.629805:INFO:httpdns.cc(381)] OnEffectiveConnectionTypeChanged called by httpdns context networks 5
06-25 14:28:29.639 1096 1985 D AppManager: checkLocalAppsIsValid: success
06-25 14:28:29.664 2316 2316 D BLogHelper: level=4
06-25 14:28:29.688 2459 2459 D CompatibilityChangeReporter: Compat change id reported: 147600208; UID 1000; state: DISABLED
06-25 14:28:29.692 2316 2478 D BLOG-EVENT-Network: network changed: 3=>1
06-25 14:28:29.744 2316 2330 W System : A resource failed to call close.
06-25 14:28:29.745 2316 2330 W System : A resource failed to call close.
06-25 14:28:29.745 2316 2330 W System : A resource failed to call close.
06-25 14:28:29.796 2459 2459 I TDLog : setReportUncaughtExceptions: true
06-25 14:28:29.816 2459 2459 I Thread-5: type=1400 audit(0.0:837): avc: denied { read } for name="address" dev="sysfs" ino=26267 scontext=u:r:system_app:s0 tcontext=u:object_r:sysfs:s0 tclass=file permissive=1
06-25 14:28:29.820 2459 2459 I Thread-5: type=1400 audit(0.0:838): avc: denied { open } for path="/sys/devices/platform/unisoc_wifi/net/wlan1/address" dev="sysfs" ino=26267 scontext=u:r:system_app:s0 tcontext=u:object_r:sysfs:s0 tclass=file permissive=1
06-25 14:28:29.828 480 760 D CompatibilityChangeReporter: Compat change id reported: 135634846; UID 10046; state: DISABLED
06-25 14:28:29.830 480 760 D CompatibilityChangeReporter: Compat change id reported: 177438394; UID 10046; state: DISABLED
06-25 14:28:29.831 480 760 D CompatibilityChangeReporter: Compat change id reported: 135772972; UID 10046; state: DISABLED
06-25 14:28:29.833 480 760 D CompatibilityChangeReporter: Compat change id reported: 135754954; UID 10046; state: ENABLED
06-25 14:28:29.820 2459 2459 I Thread-5: type=1400 audit(0.0:839): avc: denied { getattr } for path="/sys/devices/platform/unisoc_wifi/net/wlan1/address" dev="sysfs" ino=26267 scontext=u:r:system_app:s0 tcontext=u:object_r:sysfs:s0 tclass=file permissive=1
06-25 14:28:29.832 2459 2459 I ThreadPoolUtils: type=1400 audit(0.0:840): avc: denied { read } for name="/" dev="dm-0" ino=2 scontext=u:r:system_app:s0 tcontext=u:object_r:rootfs:s0 tclass=dir permissive=1
06-25 14:28:29.839 480 542 D CompatibilityChangeReporter: Compat change id reported: 143937733; UID 10046; state: ENABLED
01-01 08:00:33.692 2554 2554 W audit : audit_lost=335 audit_rate_limit=5 audit_backlog_limit=64
01-01 08:00:33.692 2554 2554 E audit : rate limit exceeded
06-25 14:28:29.851 2459 2534 I TDLog : TalkingData App Analytics SDK init...
06-25 14:28:29.851 2459 2534 I TDLog : SDK_VERSION is: Android+TD+V4.0.22 gp Type:Native Build_Num:712
06-25 14:28:29.851 2459 2534 I TDLog : App ID is: 219DEBE67C3B47D799EED1190DEACA09
06-25 14:28:29.851 2459 2534 I TDLog : App Channel is: statisticSDK
06-25 14:28:29.851 2459 2534 I TDLog : SDK_OVC is: TDOVC+a004ba0d7e569531a3ac013fd19b4443+SaaS
06-25 14:28:29.867 248 248 D Zygote : Forked child process 2564
06-25 14:28:29.868 480 542 I ActivityManager: app.processName = com.softwinner.timerswitch
06-25 14:28:29.868 480 542 I ActivityManager: Start proc 2564:com.softwinner.timerswitch/u0a46 for broadcast {com.softwinner.timerswitch/com.softwinner.timerswitch.AlarmReceiver}
06-25 14:28:29.878 378 378 D dom2reg : timezone change, new: Etc/GMT-8, pre:
06-25 14:28:29.878 378 378 W dom2reg : timezone [Etc/GMT-8] not in default tables, please check!
06-25 14:28:29.888 2564 2564 I Zygote : seccomp disabled by setenforce 0
06-25 14:28:29.914 408 423 I adbd : jdwp connection from 2564
06-25 14:28:29.975 480 1383 D CompatibilityChangeReporter: Compat change id reported: 168419799; UID 10046; state: DISABLED
06-25 14:28:30.008 2564 2564 D CompatibilityChangeReporter: Compat change id reported: 171979766; UID 10046; state: ENABLED
06-25 14:28:30.013 2359 2368 I com.android.tv: Background young concurrent copying GC freed 11006(769KB) AllocSpace objects, 6(184KB) LOS objects, 88% free, 3096KB/27MB, paused 187us total 118.900ms
06-25 14:28:30.087 1096 1985 E hq : Etna:::getFindLookupControllerState isConnect=true
06-25 14:28:30.087 1096 1985 E Etna : getFindLookupControllerState1111111
06-25 14:28:30.097 1096 1985 E hq : Etna:::getFindLookupControllerState valueStr=1
06-25 14:28:30.107 1096 1985 E hq : LookupControler:::isLookupController=true
06-25 14:28:30.107 1096 1985 I hq : LookupControler:::time=110000
06-25 14:28:30.114 2459 2534 V NFC : this device does not have NFC support
06-25 14:28:30.135 1096 1985 E hq : ErrorCoroutineExceptionHandler:::runTry error:com.dangbei.leard.base.proider.error.EmptyApiException: 数据为空 from=requestMessageDialog from=requestMessageDialog
06-25 14:28:30.178 1038 1154 W MediaProvider: getVolumePath for unknown volume: internal
06-25 14:28:30.215 1038 1154 W MediaProvider: getVolumePath for unknown volume: internal
06-25 14:28:30.234 1038 1154 W MediaProvider: getVolumePath for unknown volume: internal
06-25 14:28:30.249 2316 2598 W Tribe : Can't ensureLatest on non-main Thread
06-25 14:28:30.260 1038 1154 W MediaProvider: getVolumePath for unknown volume: internal
06-25 14:28:30.267 1096 1620 D AppManager: checkLocalAppsIsValid: success
06-25 14:28:30.268 254 954 E bt_upio : upio_set : /proc/bluetooth/sleep/btwrite(-1) incorrent
06-25 14:28:30.281 2316 2531 W chromium: [0625/142830.280909:WARNING:record_cache.cc(53)] Cache on network changed cache_policy {disable_clear=1, enable_multi_caches=1}
06-25 14:28:30.314 1038 1154 W MediaProvider: getVolumePath for unknown volume: internal
06-25 14:28:30.320 2564 2564 V GraphicsEnvironment: ANGLE Developer option for 'com.softwinner.timerswitch' set to: 'default'
06-25 14:28:30.321 2564 2564 V GraphicsEnvironment: Neither updatable production driver nor prerelease driver is supported.
06-25 14:28:30.323 2375 2386 I ocessService0:: Background concurrent copying GC freed 8317(357KB) AllocSpace objects, 0(0B) LOS objects, 49% free, 2732KB/5464KB, paused 180us total 246.088ms
06-25 14:28:30.329 2316 2608 E SQLiteLog: (5) statement aborts at 1: [PRAGMA journal_mode=TRUNCATE] database is locked
06-25 14:28:30.330 2316 2608 W SQLiteConnection: Could not change the database journal mode of '/data/user/0/com.xiaodianshi.tv.yst/databases/bugly_db_' from 'wal' to 'TRUNCATE' because the database is locked. This usually means that there are other open connections to the database which prevents the database from enabling or disabling write-ahead logging mode. Proceeding without changing the journal mode.
06-25 14:28:30.424 2619 2619 I Thread-2: type=1400 audit(0.0:1022): avc: denied { execute } for name="am" dev="dm-1" ino=1160 scontext=u:r:system_app:s0 tcontext=u:object_r:vendor_file:s0 tclass=file permissive=1
06-25 14:28:30.336 2564 2564 D NetworkSecurityConfig: No Network Security Config specified, using platform default
06-25 14:28:30.336 2564 2564 D NetworkSecurityConfig: No Network Security Config specified, using platform default
06-25 14:28:30.364 2459 2523 I CameraManagerGlobal: Connecting to camera service
06-25 14:28:30.430 480 541 W BroadcastQueue: Permission Denial: broadcasting Intent { act=android.net.conn.CONNECTIVITY_CHANGE flg=0x4200010 (has extras) } from null (pid=-1, uid=-1) requires com.tencent.bugly.BuglyBroadcastReceiver.permission due to registered receiver BroadcastFilter{40e44eb 10079/u0 ReceiverList{72f903a 2316 com.xiaodianshi.tv.yst:stats/10079/u0 remote:18acb65}}
06-25 14:28:30.428 2619 2619 I Thread-2: type=1400 audit(0.0:1023): avc: denied { read open } for path="/vendor/xbin/am" dev="dm-1" ino=1160 scontext=u:r:system_app:s0 tcontext=u:object_r:vendor_file:s0 tclass=file permissive=1
06-25 14:28:30.420 2459 2459 I ThreadPoolUtils: type=1400 audit(0.0:1021): avc: denied { getattr } for path="/vendor/ueventd.rc" dev="dm-1" ino=1158 scontext=u:r:system_app:s0 tcontext=u:object_r:vendor_file:s0 tclass=file permissive=1
06-25 14:28:30.440 2619 2619 I Thread-2: type=1400 audit(0.0:1024): avc: denied { execute_no_trans } for path="/vendor/xbin/am" dev="dm-1" ino=1160 scontext=u:r:system_app:s0 tcontext=u:object_r:vendor_file:s0 tclass=file permissive=1
06-25 14:28:30.444 2459 2459 I ThreadPoolUtils: type=1400 audit(0.0:1025): avc: denied { read } for name="/" dev="configfs" ino=3633 scontext=u:r:system_app:s0 tcontext=u:object_r:configfs:s0 tclass=dir permissive=1
06-25 14:28:30.509 2564 2564 D TAG_AlarmReceiver: receive broadcast, curTime : 2025-06-25 14:28:30
06-25 14:28:30.510 2564 2564 D TAG_AlarmReceiver: ********receive system bootUp broadcast*********
06-25 14:28:30.526 480 523 W IorapForwardingService: No service published for: iorapd
06-25 14:28:30.710 1104 1104 D aaa : LedStatusService onStartCommand begin
06-25 14:28:30.717 1104 2639 D aaa : topPkg is -------------- :com.dangbei.leard.leradlauncher
06-25 14:28:30.731 2459 2557 I UtilCommon: bluetoothMac=B4:2F:03:15:73:2F
06-25 14:28:30.743 480 812 I ActivityManager: Finished processing BOOT_COMPLETED for u0
06-25 14:28:30.745 1104 2639 D aaa : WiFi is connect
06-25 14:28:30.746 480 812 W BroadcastQueue: Background execution not allowed: receiving Intent { act=android.bluetooth.adapter.action.STATE_CHANGED flg=0x4000010 (has extras) } to com.dangbei.lerad.etna.haqu/com.dangbei.remotecontroller.RemoteControllerReceiver
06-25 14:28:30.759 480 541 W BroadcastQueue: Background execution not allowed: receiving Intent { act=android.bluetooth.adapter.action.STATE_CHANGED flg=0x4000010 (has extras) } to com.dangbei.lerad.etna.haqu/com.dangbei.remotecontroller.RemoteControllerReceiver
06-25 14:28:30.763 2411 2424 I droid.tv.commo: Background young concurrent copying GC freed 9630(581KB) AllocSpace objects, 4(80KB) LOS objects, 89% free, 3014KB/26MB, paused 171us total 139.113ms
06-25 14:28:30.763 480 541 D CompatibilityChangeReporter: Compat change id reported: 135634846; UID 10013; state: DISABLED
06-25 14:28:30.764 2459 2557 D UtilLog : key=deviceid
06-25 14:28:30.764 480 542 D CompatibilityChangeReporter: Compat change id reported: 143937733; UID 10013; state: DISABLED
06-25 14:28:30.775 2459 2557 D UtilLog : values=9337461ad16d364850e5af80add373a6
06-25 14:28:30.775 2459 2557 D UtilLog : DesValues=grSXQIsadmTV/4sUMRV5fsx6rYRwWP1ZBABYMAj24dtfjE0XBiCQqg==
06-25 14:28:30.775 2459 2557 D UtilLog :
06-25 14:28:30.775 2459 2557 D UtilLog : key=dev_uuid
06-25 14:28:30.777 2459 2557 D UtilLog : values=f33dc817-fc20-4159-ac63-60140209f006
06-25 14:28:30.777 2459 2557 D UtilLog : DesValues=oVh8dLqROrJvU0PFWra8kQeC+jnNPnJi0lTxYCILnRZYsP8Hqpy4bQ==
06-25 14:28:30.777 2459 2557 D UtilLog :
06-25 14:28:30.777 2459 2557 D UtilLog : key=channel
06-25 14:28:30.777 2459 2557 D UtilLog : values=DBOS_DBBOX-A2
06-25 14:28:30.777 2459 2557 D UtilLog : DesValues=U2rMDSNEX4hlxebfMfvE5w==
06-25 14:28:30.777 2459 2557 D UtilLog :
06-25 14:28:30.777 2459 2557 D UtilLog : key=packagelist
06-25 14:28:30.778 2459 2557 D UtilLog : values=com.dangbei.lerad.rocky;com.dangbei.leard.leradlauncher;com.dangbei.zhushou.os;com.tv.kuaisou;com.dangbeimarket
06-25 14:28:30.778 2459 2557 D UtilLog : DesValues=byaAjpuYP7Md9ImftnY6oL+u5Tex4kQ5jeOCkuyRk9SkGPr4UI1BJNL8hrF+2ShyB2oVVKVfAi8PlHx6PKeqfviwQR31zZWiutQ4uv9uOzM5Hsn1P5vMneV3x9WwiLnXhLPLYPrO/CSfUclLwUgMWg==
06-25 14:28:30.778 2459 2557 D UtilLog :
06-25 14:28:30.778 2459 2557 D UtilLog : key=mac
06-25 14:28:30.778 2459 2557 D UtilLog : values=20:02:FE:19:C2:0E
06-25 14:28:30.778 2459 2557 D UtilLog : DesValues=nYMpcx8K3oNMsCNOIRB5d95iGKEedXib
06-25 14:28:30.778 2459 2557 D UtilLog :
06-25 14:28:30.778 2459 2557 D UtilLog : key=wifimac
06-25 14:28:30.779 2459 2557 D UtilLog : values=B4:2F:03:15:E8:B9
06-25 14:28:30.779 2459 2557 D UtilLog : DesValues=GtiP38bn9GIEdt8JW6xqeDqOnpqpvbwg
06-25 14:28:30.779 2459 2557 D UtilLog :
06-25 14:28:30.779 2459 2557 D UtilLog : key=uuid
06-25 14:28:30.789 2459 2557 D UtilLog : values=9524a3cc-8041-4708-9317-13c99e29e3b3
06-25 14:28:30.789 2459 2557 D UtilLog : DesValues=xMKPwoE64Nfj8EypbG8gehAXVc27I8G0qswCf9stHNXcCl0R4jbz7A==
06-25 14:28:30.790 2459 2557 D UtilLog :
06-25 14:28:30.790 2459 2557 D UtilLog : key=appname
06-25 14:28:30.790 2459 2557 D UtilLog : values=电视管家
06-25 14:28:30.790 2459 2557 D UtilLog : DesValues=iqL5Rox+365YgqkQrzmGew==
06-25 14:28:30.790 2459 2557 D UtilLog :
06-25 14:28:30.790 2459 2557 D UtilLog : key=packagename
06-25 14:28:30.790 2459 2557 D UtilLog : values=com.dangbei.zhushou.os
06-25 14:28:30.790 2459 2557 D UtilLog : DesValues=byaAjpuYP7N/v7Z6kyOIN8JduvsEBDYD
06-25 14:28:30.790 2459 2557 D UtilLog :
06-25 14:28:30.790 2459 2557 D UtilLog : key=vname
06-25 14:28:30.791 2459 2557 D UtilLog : values=4.0.0.0.1
06-25 14:28:30.791 2459 2557 D UtilLog : DesValues=ZmbdbetpP3xQfy8gEtIzGg==
06-25 14:28:30.791 2459 2557 D UtilLog :
06-25 14:28:30.791 2459 2557 D UtilLog : key=vcode
06-25 14:28:30.791 2459 2557 D UtilLog : values=40001
06-25 14:28:30.791 2459 2557 D UtilLog : DesValues=xHelLudSdno=
06-25 14:28:30.791 2459 2557 D UtilLog :
06-25 14:28:30.791 2459 2557 D UtilLog : key=brand
06-25 14:28:30.792 2459 2557 D UtilLog : values=Dangbei
06-25 14:28:30.792 2459 2557 D UtilLog : DesValues=w3F/S11z4cQ=
06-25 14:28:30.792 2459 2557 D UtilLog :
06-25 14:28:30.792 2459 2557 D UtilLog : key=boxfactory
06-25 14:28:30.792 2459 2557 D UtilLog : values=Allwinner
06-25 14:28:30.792 2459 2557 D UtilLog : DesValues=Z82sBMOvjTwCcRqjeHOwaQ==
06-25 14:28:30.792 2459 2557 D UtilLog :
06-25 14:28:30.792 2459 2557 D UtilLog : key=rommodel
06-25 14:28:30.792 2459 2557 D UtilLog : values=DBBOX-A2
06-25 14:28:30.792 2459 2557 D UtilLog : DesValues=Cp0N6KH6T4JIJBzkJvj0FQ==
06-25 14:28:30.792 2459 2557 D UtilLog :
06-25 14:28:30.792 2459 2557 D UtilLog : key=cpuserial
06-25 14:28:30.792 2459 2557 D UtilLog : values=0000000000000000
06-25 14:28:30.793 2459 2557 D UtilLog : DesValues=nNQaqXf/biPbsaIvekQHd7yInvBfbZxz
06-25 14:28:30.793 2459 2557 D UtilLog :
06-25 14:28:30.793 2459 2557 D UtilLog : key=cpuimei
06-25 14:28:30.793 2459 2557 D UtilLog : values=armeabi-v7a
06-25 14:28:30.793 2459 2557 D UtilLog : DesValues=eB2sQ5wFJ4fV9rAgxgt0kQ==
06-25 14:28:30.793 2459 2557 D UtilLog :
06-25 14:28:30.793 2459 2557 D UtilLog : key=sn
06-25 14:28:30.793 2459 2557 D UtilLog : values=DZOH58251975972
06-25 14:28:30.793 2459 2557 D UtilLog : DesValues=DRq9pIo+PTwmTD//cfZ/vQ==
06-25 14:28:30.793 2459 2557 D UtilLog :
06-25 14:28:30.793 2459 2557 D UtilLog : key=osversion
06-25 14:28:30.793 2459 2557 D UtilLog : values=12
06-25 14:28:30.793 2459 2557 D UtilLog : DesValues=z4Vde2HU9Lg=
06-25 14:28:30.794 2459 2557 D UtilLog :
06-25 14:28:30.794 2459 2557 D UtilLog : key=oscode
06-25 14:28:30.794 2459 2557 D UtilLog : values=31
06-25 14:28:30.794 2459 2557 D UtilLog : DesValues=uYf7cxwIekI=
06-25 14:28:30.794 2459 2557 D UtilLog :
06-25 14:28:30.794 2459 2557 D UtilLog : key=is_write
06-25 14:28:30.794 2459 2557 D UtilLog : values=0
06-25 14:28:30.794 2459 2557 D UtilLog : DesValues=fhgfj/J6fiI=
06-25 14:28:30.794 2459 2557 D UtilLog :
06-25 14:28:30.794 2459 2557 D UtilLog : key=romvername
06-25 14:28:30.794 2459 2557 D UtilLog : values=5.0.1.3
06-25 14:28:30.794 2459 2557 D UtilLog : DesValues=XuLV2GcEE9o=
06-25 14:28:30.794 2459 2557 D UtilLog :
06-25 14:28:30.794 2459 2557 D UtilLog : key=romvercode
06-25 14:28:30.795 2459 2557 D UtilLog : values=5013
06-25 14:28:30.795 2459 2557 D UtilLog : DesValues=Vjlg6EO2w3U=
06-25 14:28:30.795 2459 2557 D UtilLog :
06-25 14:28:30.795 2459 2557 D UtilLog : key=bluetoothmac
06-25 14:28:30.808 248 248 D Zygote : Forked child process 2649
06-25 14:28:30.812 1176 1176 D bbb : onStartCommand begin !!!!!!! data分区剩余 20391MB
06-25 14:28:30.817 480 542 W ActivityManager: Slow operation: 54ms so far, now at startProcess: done updating battery stats
06-25 14:28:30.817 480 542 W ActivityManager: Slow operation: 54ms so far, now at startProcess: building log message
06-25 14:28:30.817 480 542 I ActivityManager: app.processName = com.dangbei.screencast
06-25 14:28:30.817 480 542 I ActivityManager: Start proc 2649:com.dangbei.screencast/u0a13 for broadcast {com.dangbei.screencast/com.dangbei.screencast.startup.BootReceiver}
06-25 14:28:30.817 480 542 W ActivityManager: Slow operation: 55ms so far, now at startProcess: starting to update pids map
06-25 14:28:30.819 480 542 W ActivityManager: Slow operation: 57ms so far, now at startProcess: done updating pids map
06-25 14:28:30.820 2459 2557 D UtilLog : values=B4:2F:03:15:73:2F
06-25 14:28:30.820 2459 2557 D UtilLog : DesValues=GtiP38bn9GLoWd2G50EnLjjL7wYIasXU
06-25 14:28:30.820 2459 2557 D UtilLog :
06-25 14:28:30.821 480 812 D CompatibilityChangeReporter: Compat change id reported: 171306433; UID 1000; state: ENABLED
06-25 14:28:30.825 2649 2649 I Zygote : seccomp disabled by setenforce 0
06-25 14:28:30.825 2459 2557 D UtilLog : key=rommodelnumber
06-25 14:28:30.826 2459 2557 D UtilLog : values=H5232
06-25 14:28:30.826 2459 2557 D UtilLog : DesValues=FkBqlkWzuas=
06-25 14:28:30.826 2459 2557 D UtilLog :
06-25 14:28:30.826 2459 2557 D UtilLog : key=userid
06-25 14:28:30.827 2459 2557 D UtilLog : values=-1
06-25 14:28:30.827 2459 2557 D UtilLog : DesValues=U8kqhGxUlIA=
06-25 14:28:30.827 2459 2557 D UtilLog :
06-25 14:28:30.827 2459 2557 D UtilLog : key=ip
06-25 14:28:30.827 2459 2557 D UtilLog : values=
06-25 14:28:30.827 2459 2557 D UtilLog : DesValues=gKen3SyYFuE=
06-25 14:28:30.828 2459 2557 D UtilLog :
01-01 08:00:34.697 2088 2088 W audit : audit_lost=594 audit_rate_limit=5 audit_backlog_limit=64
01-01 08:00:34.697 2088 2088 E audit : rate limit exceeded
06-25 14:28:30.902 480 1349 D CompatibilityChangeReporter: Compat change id reported: 168419799; UID 10013; state: DISABLED
06-25 14:28:30.908 408 423 I adbd : jdwp connection from 2649
06-25 14:28:30.936 2649 2649 D CompatibilityChangeReporter: Compat change id reported: 171979766; UID 10013; state: DISABLED
06-25 14:28:30.969 2649 2649 D ApplicationLoaders: Returning zygote-cached class loader: /system/framework/android.test.base.jar
06-25 14:28:30.976 2649 2649 D ApplicationLoaders: Returning zygote-cached class loader: /system/framework/android.hidl.manager-V1.0-java.jar
06-25 14:28:30.976 2649 2649 D ApplicationLoaders: Returning zygote-cached class loader: /system/framework/android.hidl.base-V1.0-java.jar
06-25 14:28:31.210 2649 2649 V GraphicsEnvironment: ANGLE Developer option for 'com.dangbei.screencast' set to: 'default'
06-25 14:28:31.210 2649 2649 V GraphicsEnvironment: Neither updatable production driver nor prerelease driver is supported.
06-25 14:28:31.212 2649 2649 D NetworkSecurityConfig: Using Network Security Config from resource network_security_config debugBuild: false
06-25 14:28:31.216 2649 2649 D NetworkSecurityConfig: Using Network Security Config from resource network_security_config debugBuild: false
06-25 14:28:31.241 2649 2649 I MultiDex: VM with version 2.1.0 has multidex support
06-25 14:28:31.241 2649 2649 I MultiDex: Installing application
06-25 14:28:31.241 2649 2649 I MultiDex: VM has multidex support, MultiDex support library is disabled.
06-25 14:28:31.261 2459 2671 I System.out: true
06-25 14:28:31.276 2649 2649 E PartsInfoProvider: onCreate:
06-25 14:28:31.282 480 1383 W ActivityManager: Background start not allowed: service Intent { act=com.dangbei.screencast.STARTUP pkg=com.dangbei.screencast } to com.dangbei.screencast/.startup.StartupService from pid=2649 uid=10013 pkg=com.dangbei.screencast startFg?=false
06-25 14:28:31.285 2649 2649 W System.err: android.app.BackgroundServiceStartNotAllowedException: Not allowed to start service Intent { act=com.dangbei.screencast.STARTUP pkg=com.dangbei.screencast }: app is in background uid UidRecord{a182924 u0a13 RCVR idle change:idle|uncached procs:0 seq(0,0,0)}
06-25 14:28:31.286 2649 2649 W System.err: at android.app.ContextImpl.startServiceCommon(ContextImpl.java:1861)
06-25 14:28:31.286 2649 2649 W System.err: at android.app.ContextImpl.startService(ContextImpl.java:1817)
06-25 14:28:31.286 2649 2649 W System.err: at android.content.ContextWrapper.startService(ContextWrapper.java:774)
06-25 14:28:31.286 2649 2649 W System.err: at b.f.f.h.g.k.a(Unknown Source:20)
06-25 14:28:31.286 2649 2649 W System.err: at com.dangbei.screencast.provider.PartsInfoProvider.onCreate(:2)
06-25 14:28:31.286 2649 2649 W System.err: at android.content.ContentProvider.attachInfo(ContentProvider.java:2404)
06-25 14:28:31.286 2649 2649 W System.err: at android.content.ContentProvider.attachInfo(ContentProvider.java:2374)
06-25 14:28:31.286 2649 2649 W System.err: at android.app.ActivityThread.installProvider(ActivityThread.java:7437)
06-25 14:28:31.286 2649 2649 W System.err: at android.app.ActivityThread.installContentProviders(ActivityThread.java:6954)
06-25 14:28:31.286 2649 2649 W System.err: at android.app.ActivityThread.handleBindApplication(ActivityThread.java:6725)
06-25 14:28:31.286 2649 2649 W System.err: at android.app.ActivityThread.access$1500(ActivityThread.java:247)
06-25 14:28:31.286 2649 2649 W System.err: at android.app.ActivityThread$H.handleMessage(ActivityThread.java:2053)
06-25 14:28:31.286 2649 2649 W System.err: at android.os.Handler.dispatchMessage(Handler.java:106)
06-25 14:28:31.286 2649 2649 W System.err: at android.os.Looper.loopOnce(Looper.java:201)
06-25 14:28:31.286 2649 2649 W System.err: at android.os.Looper.loop(Looper.java:288)
06-25 14:28:31.286 2649 2649 W System.err: at android.app.ActivityThread.main(ActivityThread.java:7854)
06-25 14:28:31.286 2649 2649 W System.err: at java.lang.reflect.Method.invoke(Native Method)
06-25 14:28:31.286 2649 2649 W System.err: at com.android.internal.os.RuntimeInit$MethodAndArgsCaller.run(RuntimeInit.java:548)
06-25 14:28:31.286 2649 2649 W System.err: at com.android.internal.os.ZygoteInit.main(ZygoteInit.java:1182)
06-25 14:28:31.289 2459 2472 W System : A resource failed to call close.
06-25 14:28:31.292 480 1349 W ActivityManager: Background start not allowed: service Intent { act=com.dangbei.screencast.STARTUP pkg=com.dangbei.screencast } to com.dangbei.screencast/.startup.StartupService from pid=2649 uid=10013 pkg=com.dangbei.screencast startFg?=false
06-25 14:28:31.293 2649 2649 W System.err: android.app.BackgroundServiceStartNotAllowedException: Not allowed to start service Intent { act=com.dangbei.screencast.STARTUP pkg=com.dangbei.screencast }: app is in background uid UidRecord{a182924 u0a13 RCVR idle change:idle|uncached procs:0 seq(0,0,0)}
06-25 14:28:31.293 2649 2649 W System.err: at android.app.ContextImpl.startServiceCommon(ContextImpl.java:1861)
06-25 14:28:31.293 2649 2649 W System.err: at android.app.ContextImpl.startService(ContextImpl.java:1817)
06-25 14:28:31.293 2649 2649 W System.err: at android.content.ContextWrapper.startService(ContextWrapper.java:774)
06-25 14:28:31.293 2649 2649 W System.err: at b.f.f.h.g.k.a(Unknown Source:20)
06-25 14:28:31.293 2649 2649 W System.err: at com.dangbei.screencast.common.utils.remotepreferences.ScreenCastPreferenceProvider.onCreate(Unknown Source:11)
06-25 14:28:31.293 2649 2649 W System.err: at android.content.ContentProvider.attachInfo(ContentProvider.java:2404)
06-25 14:28:31.293 2649 2649 W System.err: at android.content.ContentProvider.attachInfo(ContentProvider.java:2374)
06-25 14:28:31.293 2649 2649 W System.err: at android.app.ActivityThread.installProvider(ActivityThread.java:7437)
06-25 14:28:31.293 2649 2649 W System.err: at android.app.ActivityThread.installContentProviders(ActivityThread.java:6954)
06-25 14:28:31.293 2649 2649 W System.err: at android.app.ActivityThread.handleBindApplication(ActivityThread.java:6725)
06-25 14:28:31.293 2649 2649 W System.err: at android.app.ActivityThread.access$1500(ActivityThread.java:247)
06-25 14:28:31.293 2649 2649 W System.err: at android.app.ActivityThread$H.handleMessage(ActivityThread.java:2053)
06-25 14:28:31.293 2649 2649 W System.err: at android.os.Handler.dispatchMessage(Handler.java:106)
06-25 14:28:31.293 2649 2649 W System.err: at android.os.Looper.loopOnce(Looper.java:201)
06-25 14:28:31.293 2649 2649 W System.err: at android.os.Looper.loop(Looper.java:288)
06-25 14:28:31.293 2649 2649 W System.err: at android.app.ActivityThread.main(ActivityThread.java:7854)
06-25 14:28:31.293 2649 2649 W System.err: at java.lang.reflect.Method.invoke(Native Method)
06-25 14:28:31.293 2649 2649 W System.err: at com.android.internal.os.RuntimeInit$MethodAndArgsCaller.run(RuntimeInit.java:548)
06-25 14:28:31.293 2649 2649 W System.err: at com.android.internal.os.ZygoteInit.main(ZygoteInit.java:1182)
06-25 14:28:31.296 2459 2524 I System.out: true
06-25 14:28:31.345 2649 2649 D AndroidAutoSize: designWidthInDp = 1920, designHeightInDp = 1080, screenWidth = 1920, screenHeight = 1080
06-25 14:28:31.346 2649 2649 D AndroidAutoSize: initDensity = 1.5, initScaledDensity = 1.5
06-25 14:28:31.347 1038 1336 I MediaProvider: Scanned external_primary due to REASON_MOUNTED, found 85 items in 1999ms, 0 inserts 10 updates 0 deletes
06-25 14:28:31.353 1038 1336 I MediaProvider: End Intent { act=com.android.providers.media.action.SCAN_VOLUME (has extras) }
06-25 14:28:31.370 480 1383 D CompatibilityChangeReporter: Compat change id reported: 149924527; UID 10013; state: ENABLED
06-25 14:28:31.371 480 1383 D CompatibilityChangeReporter: Compat change id reported: 132649864; UID 10013; state: DISABLED
06-25 14:28:31.428 2649 2649 I gbei.screencast: type=1400 audit(0.0:1210): avc: denied { search } for name="net" dev="sysfs" ino=10442 scontext=u:r:platform_app:s0:c512,c768 tcontext=u:object_r:sysfs_net:s0 tclass=dir permissive=1 app=com.dangbei.screencast
06-25 14:28:31.428 2649 2649 I gbei.screencast: type=1400 audit(0.0:1211): avc: denied { read } for name="address" dev="sysfs" ino=16906 scontext=u:r:platform_app:s0:c512,c768 tcontext=u:object_r:sysfs_net:s0 tclass=file permissive=1 app=com.dangbei.screencast
06-25 14:28:31.428 2649 2649 I gbei.screencast: type=1400 audit(0.0:1212): avc: denied { open } for path="/sys/devices/virtual/net/dummy0/address" dev="sysfs" ino=16906 scontext=u:r:platform_app:s0:c512,c768 tcontext=u:object_r:sysfs_net:s0 tclass=file permissive=1 app=com.dangbei.screencast
06-25 14:28:31.428 2649 2649 I gbei.screencast: type=1400 audit(0.0:1213): avc: denied { getattr } for path="/sys/devices/virtual/net/dummy0/address" dev="sysfs" ino=16906 scontext=u:r:platform_app:s0:c512,c768 tcontext=u:object_r:sysfs_net:s0 tclass=file permissive=1 app=com.dangbei.screencast
06-25 14:28:31.432 2649 2649 I gbei.screencast: type=1400 audit(0.0:1214): avc: denied { read } for name="address" dev="sysfs" ino=26267 scontext=u:r:platform_app:s0:c512,c768 tcontext=u:object_r:sysfs:s0 tclass=file permissive=1 app=com.dangbei.screencast
06-25 14:28:31.455 2649 2705 I crashsdk: version unique build id: 6230cced
06-25 14:28:31.475 2649 2688 I crashsdk: begin hack android.os.Process
06-25 14:28:31.475 2649 2688 I crashsdk: end hack android.os.Process
06-25 14:28:31.479 2649 2706 D crashsdk: Native log stat thread 2706 setup, waiting
06-25 14:28:31.495 2649 2649 I TDLog : setReportUncaughtExceptions: true
06-25 14:28:31.498 2649 2649 E Application: onCreate:Version:v2.8.3/20830/883432e
06-25 14:28:31.522 2649 2688 I Matrix.AnrTracer: anrTrace, final mAnrBeatTime:400, mAnrBeatRate:400
06-25 14:28:31.528 480 523 W IorapForwardingService: No service published for: iorapd
06-25 14:28:31.535 2649 2688 D LaunchConfigManager: check in allready
06-25 14:28:31.537 2649 2710 W efs.send_log: tryFileLock start!
06-25 14:28:31.539 2649 2689 I TDLog : TalkingData SDK init...
06-25 14:28:31.539 2649 2689 I TDLog : SDK_VERSION is: Android+TD+V5.0.7 gp Type:Native Build_Num:2141
06-25 14:28:31.539 2649 2689 I TDLog : App ID is: B9D7815EC975466AB1332111FCE62DF5
06-25 14:28:31.539 2649 2689 I TDLog : App Channel is: os
06-25 14:28:31.539 2649 2689 I TDLog : App Custom is:
06-25 14:28:31.539 2649 2689 I TDLog : SDK_OVC is: TDOVC+a3bb7754719798526508b6caad480dd7+SaaS
06-25 14:28:31.545 2649 2710 I efs.config: --->>> 删除旧的配置文件 false
06-25 14:28:31.547 2649 2725 I efs.base: lt=event`ev_ct=efs_core`ev_ac=pvuv`tm=2025-06-25 14:28:54`dn=884562d0-54da-4cce-9d74-00e5c75509d9`ps=com.dangbei.screencast`um_os=android`stime=1750832911167`pid=2649`fr=android`pkg=com.dangbei.screencast`vcode=20830`dsp_w=1920`uid=884562d0-54da-4cce-9d74-00e5c75509d9`rom=12`wid=884562d0-54da-4cce-9d74-00e5c75509d9`um_app_carrier=`um_access=wifi`um_app_channel=os`um_crash_sdk_version=1.4.0`ctime=1750832911`model=dbbox-a2`lang=zh`net=wifi`brand=dangbei`dsp_h=1080`um_network_type=0`ver=v2.8.3`build_model=DBBOX-A2`w_tm=1750832911`appid=5fc60c21094d637f3130af19`um_umid_header=ai1cc720f47734fc58e671cdbea6807313`sdk=31`tzone=Etc/GMT-8`sdk_ver=1.3.6.umeng
06-25 14:28:31.548 480 502 I ActivityManager: Background started FGS: Allowed [callingPackage: com.dangbei.screencast; callingUid: 10013; uidState: RCVR; intent: Intent { act=com.dangbei.screencast.STARTUP pkg=com.dangbei.screencast }; code:SYSTEM_ALERT_WINDOW_PERMISSION; tempAllowListReason:; targetSdkVersion:28; callerTargetSdkVersion:28; startForegroundCount:0; bindFromPackage:null]
06-25 14:28:31.552 2649 2726 I LaunchTrace: begin sendLaunchCache
06-25 14:28:31.553 2649 2710 I efs.config: current config version (-1) is older than another (1735614866)
06-25 14:28:31.554 2649 2710 I efs.config: load config from storage and notify observer
06-25 14:28:31.555 2649 2723 W efs.send_log: tryFileLock sendlock sucess! processname: com.dangbei.screencast
06-25 14:28:31.561 2649 2649 I crashsdk: Catcher mask: 5000, 20480
06-25 14:28:31.562 2649 2649 I crashsdk: Catcher thread 2654
06-25 14:28:31.562 2649 2649 D crashsdk: Register ANR handler ...
06-25 14:28:31.564 2649 2725 W efs.info.manager: network change: wifi
06-25 14:28:31.568 480 1383 D CompatibilityChangeReporter: Compat change id reported: 168419799; UID 1000; state: DISABLED
06-25 14:28:31.570 1290 1290 D RockyVoice: RestartReceiver onReceive
06-25 14:28:31.577 480 1383 W ActivityManager: Foreground service started from background can not have location/camera/microphone access: service com.dangbei.screencast/.startup.StartupService
06-25 14:28:31.580 480 541 I ActivityManager: Deferring FGS notification in legacy app com.dangbei.screencast/u0a13 : Notification(channel=channel_record shortcut=null contentView=null vibrate=null sound=null defaults=0x0 flags=0x60 color=0x00000000 category=transport vis=PUBLIC)
06-25 14:28:31.676 2649 2649 E raop : *********************AirplayBroadcastServer+++++++++
06-25 14:28:31.686 480 619 D NsdService: New client listening to asynchronous messages
06-25 14:28:31.687 480 619 D NsdService: New client, channel: com.android.internal.util.AsyncChannel@26ed233 messenger: android.os.Messenger@3ad39f0
06-25 14:28:31.688 2649 2649 D CompatibilityChangeReporter: Compat change id reported: 191844585; UID 10013; state: DISABLED
06-25 14:28:31.736 480 1383 I ActivityManager: Background started FGS: Allowed [callingPackage: com.dangbei.screencast; callingUid: 10013; uidState: FGS ; intent: Intent { cmp=com.dangbei.screencast/.huaweicast.service.HuaweiCastService }; code:PROC_STATE_FGS; tempAllowListReason:; targetSdkVersion:28; callerTargetSdkVersion:28; startForegroundCount:0; bindFromPackage:null]
06-25 14:28:31.744 2649 2649 E H264FrameQueue: H264FrameQueue: mFullQueueCount:200
06-25 14:28:31.751 2649 2727 I MobclickAgent: module init:azioc
06-25 14:28:31.810 1096 1985 D wenhc : getScreenInfo uri = content://com.dangbei.screencast.parts.info/screen_cast
06-25 14:28:31.878 378 378 D dom2reg : timezone change, new: Etc/GMT-8, pre:
06-25 14:28:31.878 378 378 W dom2reg : timezone [Etc/GMT-8] not in default tables, please check!
01-01 08:00:35.792 2727 2727 W audit : audit_lost=716 audit_rate_limit=5 audit_backlog_limit=64
01-01 08:00:35.792 2727 2727 E audit : rate limit exceeded
06-25 14:28:31.984 480 812 W TelephonyPermissions: reportAccessDeniedToReadIdentifiers:com.dangbei.screencast:getSerial:-1
06-25 14:28:32.124 2564 2578 W System : A resource failed to call close.
06-25 14:28:32.126 2564 2578 W System : A resource failed to call close.
06-25 14:28:32.161 1290 1290 D RockyVoice: RestartReceiver onReceive
06-25 14:28:32.187 480 812 D CompatibilityChangeReporter: Compat change id reported: 135634846; UID 10022; state: DISABLED
06-25 14:28:32.189 480 812 D CompatibilityChangeReporter: Compat change id reported: 177438394; UID 10022; state: DISABLED
06-25 14:28:32.191 480 812 D CompatibilityChangeReporter: Compat change id reported: 135772972; UID 10022; state: DISABLED
06-25 14:28:32.194 480 812 D CompatibilityChangeReporter: Compat change id reported: 135754954; UID 10022; state: ENABLED
06-25 14:28:32.195 480 542 D CompatibilityChangeReporter: Compat change id reported: 143937733; UID 10022; state: ENABLED
06-25 14:28:32.203 2649 2649 E HuaweiCastService: onCreate called().
06-25 14:28:32.223 659 659 E WifiHAL : wifi_get_link_stats: requestResponse Error:-5
06-25 14:28:32.225 480 609 E WifiVendorHal: getWifiLinkLayerStats_1_5_Internal(l.1191) failed {.code = ERROR_INVALID_ARGS, .description = }
06-25 14:28:32.237 248 248 D Zygote : Forked child process 2793
06-25 14:28:32.238 480 542 W ActivityManager: Slow operation: 61ms so far, now at startProcess: returned from zygote!
