06-25 14:28:20.067 1096 1196 D TheRouter::RouterInject: interception::===interface com.dangbei.leard.protocol.install.IInstallProtocol===InstallAppManagerInterface76658192
06-25 14:28:20.078 1096 1371 D hq : NetWorkStateReceiver:::检查网络,并且持续更新 isConnect=false
06-25 14:28:20.079 1096 1206 E hq : LookupControler:::startLookupControllerTimer
06-25 14:28:20.080 1096 1413 W ContextImpl: Calling a method in the system process without a qualified user: android.app.ContextImpl.bindService:1895 android.content.ContextWrapper.bindService:810 be.b.h:57 be.b$c.call:3 de.c$a.run:5
06-25 14:28:20.103 1290 1290 W ContextImpl: Calling a method in the system process without a qualified user: android.app.ContextImpl.bindService:1895 android.content.ContextWrapper.bindService:810 com.cvte.tv.api.TvApiSDKManager.:178 com.cvte.tv.api.TvApiSDKManager.init:217 com.dangbei.rocky.component.system.SystemControlUtils.initSystemAidl:82
06-25 14:28:20.115 685 685 D StorageNotification: Notifying about private volume: VolumeInfo{private}:
06-25 14:28:20.115 685 685 D StorageNotification: type=PRIVATE diskId=null partGuid=null mountFlags=0 mountUserId=-10000
06-25 14:28:20.115 685 685 D StorageNotification: state=MOUNTED
06-25 14:28:20.115 685 685 D StorageNotification: fsType=null fsUuid=null fsLabel=null
06-25 14:28:20.115 685 685 D StorageNotification: path=/data internalPath=null
06-25 14:28:20.145 186 186 I hwservicemanager: getTransport: Cannot find entry android.hardware.configstore@1.0::ISurfaceFlingerConfigs/default in either framework or device VINTF manifest.
06-25 14:28:20.167 480 502 D CompatibilityChangeReporter: Compat change id reported: 182734110; UID 10052; state: DISABLED
06-25 14:28:20.169 1239 1239 I BoostMultiDex: BoostMultiDex is installing, version is 1.0.1
06-25 14:28:20.170 1239 1239 I BoostMultiDex: VM with version 2.1.0 has support
06-25 14:28:20.172 1239 1239 I BoostMultiDex: BoostMultiDex support library is disabled for VM capable
06-25 14:28:20.172 1239 1239 I YstStartup: multidex cost=6
06-25 14:28:20.172 480 812 W ActivityManager: Unable to start service Intent { act=com.cvte.tv.api.TV_API_SERVICE pkg=com.cvte.tv.api.impl } U=0: not found
06-25 14:28:20.173 1290 1290 D TvApiSDKManager: getTvApi getSystemService = false
06-25 14:28:20.173 1290 1290 D TvApiSDKManager: getTvApi startService
06-25 14:28:20.173 1290 1290 W ContextImpl: Calling a method in the system process without a qualified user: android.app.ContextImpl.startService:1816 android.content.ContextWrapper.startService:774 com.cvte.tv.api.TvApiSDKManager.getTvApi:361 com.dangbei.rocky.component.system.SystemControlUtils.initSystemAidl:83 com.dangbei.rocky.component.system.SystemComponent.onAttached:38
06-25 14:28:20.175 480 812 W ActivityManager: Unable to start service Intent { act=com.cvte.tv.api.TV_API_SERVICE pkg=com.cvte.tv.api.impl } U=0: not found
06-25 14:28:20.176 1239 1239 I Btrace : BTRACE_ENABLED:false inMainProcess: true
06-25 14:28:20.179 1290 1290 W ContextImpl: Calling a method in the system process without a qualified user: android.app.ContextImpl.bindService:1895 android.content.ContextWrapper.bindService:810 com.cvte.tv.api.TvApiSDKManager.getTvApi:362 com.dangbei.rocky.component.system.SystemControlUtils.initSystemAidl:83 com.dangbei.rocky.component.system.SystemComponent.onAttached:38
06-25 14:28:20.180 480 812 W ActivityManager: Unable to start service Intent { act=com.cvte.tv.api.TV_API_SERVICE pkg=com.cvte.tv.api.impl } U=0: not found
06-25 14:28:20.194 685 685 D SystemUIBootTiming: SystemUIService: bootcomplete com.android.systemui.usb.StorageNotification took 349 ms
06-25 14:28:20.194 685 685 D SystemUIService: loading: com.android.systemui.power.PowerUI
06-25 14:28:20.196 1239 1239 I YstStartup: YST_MAIN_PROCESS_STARTUP_FAILED errorStatus=true, isCheckCanceled=false
06-25 14:28:20.207 1239 1239 I YstStartup: isNewStartup=false, process=com.xiaodianshi.tv.yst
01-01 08:00:24.054 1426 1426 W audit : audit_lost=32 audit_rate_limit=5 audit_backlog_limit=64
01-01 08:00:24.054 1426 1426 E audit : rate limit exceeded
06-25 14:28:20.213 685 685 D SystemUIService: running: com.android.systemui.power.PowerUI@e39dd4
06-25 14:28:20.227 480 760 D CompatibilityChangeReporter: Compat change id reported: 181136395; UID 1000; state: DISABLED
06-25 14:28:20.230 1096 1303 I UtilCommon: bluetoothMac=B4:2F:03:15:73:2F
06-25 14:28:20.231 1096 1303 E wangli : env: 0_false
06-25 14:28:20.237 480 760 D CompatibilityChangeReporter: Compat change id reported: 174042936; UID 1000; state: DISABLED
06-25 14:28:20.243 1258 1356 I CallLogProvider: Syncing call composer pics -- source user=0, isShadow=true, forAllUser=false
06-25 14:28:20.245 1258 1356 I CallLogProvider: Fetching list of Uris to sync
06-25 14:28:20.246 278 937 E HWComposer: getSupportedContentTypes: getSupportedContentTypes failed for display 0: Unsupported (8)
06-25 14:28:20.258 186 186 I hwservicemanager: getTransport: Cannot find entry android.hardware.graphics.mapper@4.0::IMapper/default in either framework or device VINTF manifest.
06-25 14:28:20.259 1096 1429 I Gralloc4: mapper 4.x is not supported
06-25 14:28:20.267 1038 1336 V MediaProvider: onOpen() for internal.db
06-25 14:28:20.267 186 186 I hwservicemanager: getTransport: Cannot find entry android.hardware.graphics.mapper@3.0::IMapper/default in either framework or device VINTF manifest.
06-25 14:28:20.268 1096 1429 W Gralloc3: mapper 3.x is not supported
06-25 14:28:20.272 480 760 W ActivityManager: Slow operation: 80ms so far, now at attachApplicationLocked: after mServices.attachApplicationLocked
06-25 14:28:20.275 480 875 D ConnectivityService: requestNetwork for uid/pid:10079/1239 activeRequest: null callbackRequest: 29 [NetworkRequest [ REQUEST id=30, [ Capabilities: INTERNET&NOT_RESTRICTED&TRUSTED&NOT_VCN_MANAGED Uid: 10079 RequestorUid: 10079 RequestorPkg: com.xiaodianshi.tv.yst] ]] callback flags: 0 priority: 2147483647
06-25 14:28:20.280 1096 1429 E gralloc : Arm Module v1.0
06-25 14:28:20.279 1290 1290 W ContextImpl: Calling a method in the system process without a qualified user: android.app.ContextImpl.startService:1816 android.content.ContextWrapper.startService:774 com.dangbei.phrike.core.DownloadManager.register:294 com.dangbei.component_appcontrol.phrike.XPhrikeAppCreator.register:47 com.dangbei.component_appcontrol.AppControlComponent.onAttached:65
06-25 14:28:20.282 1038 1336 V MediaProvider: onOpen() finished for internal.db
06-25 14:28:20.288 1393 1393 D CompatibilityChangeReporter: Compat change id reported: 171979766; UID 1000; state: ENABLED
06-25 14:28:20.293 186 186 I hwservicemanager: getTransport: Cannot find entry android.hardware.graphics.allocator@4.0::IAllocator/default in either framework or device VINTF manifest.
06-25 14:28:20.294 1096 1429 W Gralloc4: allocator 4.x is not supported
06-25 14:28:20.294 186 186 I hwservicemanager: getTransport: Cannot find entry android.hardware.graphics.allocator@3.0::IAllocator/default in either framework or device VINTF manifest.
06-25 14:28:20.294 1096 1429 W Gralloc3: allocator 3.x is not supported
06-25 14:28:20.301 261 310 I gralloc : alloc buffer:W:1920 H:1080 S:1920 PL[1920 1080] SZ:8294400 fmt:1 if:0 af:1 usg:20000b00 fg:00000004
06-25 14:28:20.301 1096 1429 E ion : ioctl c0044901 failed with code -1: Inappropriate ioctl for device
06-25 14:28:20.307 480 523 W IorapForwardingService: No service published for: iorapd
06-25 14:28:20.308 261 310 I gralloc : alloc buffer:W:1920 H:1080 S:1920 PL[1920 1080] SZ:8294400 fmt:1 if:0 af:1 usg:20000b00 fg:00000004
06-25 14:28:20.315 261 310 I gralloc : alloc buffer:W:1920 H:1080 S:1920 PL[1920 1080] SZ:8294400 fmt:1 if:0 af:1 usg:20000b00 fg:00000004
06-25 14:28:20.316 480 616 D ConnectivityService: NetReassign [no changes]
06-25 14:28:20.321 480 502 D CompatibilityChangeReporter: Compat change id reported: 168419799; UID 1000; state: DISABLED
06-25 14:28:20.325 1290 1290 I RockyManager: initSDKDelegate:
06-25 14:28:20.353 1258 1374 D ContactsDatabaseHelper: WAL enabled for contacts2.db: true
06-25 14:28:20.402 396 757 D BufferPoolAccessor2.0: bufferpool2 0xe899a418 : 0(0 size) total buffers - 0(0 size) used buffers - 16/19 (recycle/alloc) - 3/18 (fetch/transfer)
06-25 14:28:20.403 396 757 D BufferPoolAccessor2.0: bufferpool2 0xe899a2d8 : 0(0 size) total buffers - 0(0 size) used buffers - 17/21 (recycle/alloc) - 4/20 (fetch/transfer)
06-25 14:28:20.404 396 757 D BufferPoolAccessor2.0: bufferpool2 0xe899aa58 : 0(0 size) total buffers - 0(0 size) used buffers - 30/32 (recycle/alloc) - 2/31 (fetch/transfer)
06-25 14:28:20.404 396 757 D BufferPoolAccessor2.0: bufferpool2 0xe8999dd8 : 0(0 size) total buffers - 0(0 size) used buffers - 137/145 (recycle/alloc) - 8/144 (fetch/transfer)
06-25 14:28:20.404 396 757 D BufferPoolAccessor2.0: bufferpool2 0xe899ab98 : 0(0 size) total buffers - 0(0 size) used buffers - 43/46 (recycle/alloc) - 3/45 (fetch/transfer)
06-25 14:28:20.404 396 757 D BufferPoolAccessor2.0: bufferpool2 0xe899a918 : 0(0 size) total buffers - 0(0 size) used buffers - 40/44 (recycle/alloc) - 4/43 (fetch/transfer)
06-25 14:28:20.404 396 757 D BufferPoolAccessor2.0: bufferpool2 0xe899a698 : 0(0 size) total buffers - 0(0 size) used buffers - 33/36 (recycle/alloc) - 3/35 (fetch/transfer)
06-25 14:28:20.404 396 757 D BufferPoolAccessor2.0: evictor expired: 7, evicted: 7
06-25 14:28:20.405 685 685 D SystemUIBootTiming: SystemUIService: bootcomplete com.android.systemui.power.PowerUI took 211 ms
06-25 14:28:20.406 685 685 D SystemUIService: loading: com.android.systemui.media.RingtonePlayer
06-25 14:28:20.409 685 685 D SystemUIService: running: com.android.systemui.media.RingtonePlayer@e311d35
06-25 14:28:20.413 480 907 D BufferPoolAccessor2.0: bufferpool2 0xf1539ed8 : 0(0 size) total buffers - 0(0 size) used buffers - 2/7 (recycle/alloc) - 5/68 (fetch/transfer)
06-25 14:28:20.413 480 907 D BufferPoolAccessor2.0: bufferpool2 0xf1539758 : 0(0 size) total buffers - 0(0 size) used buffers - 1/7 (recycle/alloc) - 6/42 (fetch/transfer)
06-25 14:28:20.413 480 907 D BufferPoolAccessor2.0: bufferpool2 0xf185c858 : 0(0 size) total buffers - 0(0 size) used buffers - 2/7 (recycle/alloc) - 10/294 (fetch/transfer)
06-25 14:28:20.413 480 907 D BufferPoolAccessor2.0: bufferpool2 0xf15399d8 : 0(0 size) total buffers - 0(0 size) used buffers - 2/7 (recycle/alloc) - 5/76 (fetch/transfer)
06-25 14:28:20.413 480 907 D BufferPoolAccessor2.0: bufferpool2 0xf1539b18 : 0(0 size) total buffers - 0(0 size) used buffers - 1/7 (recycle/alloc) - 5/46 (fetch/transfer)
06-25 14:28:20.413 480 907 D BufferPoolAccessor2.0: evictor expired: 5, evicted: 5
06-25 14:28:20.428 685 685 I queued-work-loo: type=1400 audit(0.0:499): avc: denied { write } for name="shared_prefs" dev="mmcblk0p25" ino=1621 scontext=u:r:platform_app:s0:c512,c768 tcontext=u:object_r:app_data_file:s0:c512,c768 tclass=dir permissive=1 app=com.softwinner.screenshot
06-25 14:28:20.428 685 685 I queued-work-loo: type=1400 audit(0.0:500): avc: denied { remove_name } for name="powerui_prefs.xml" dev="mmcblk0p25" ino=59429 scontext=u:r:platform_app:s0:c512,c768 tcontext=u:object_r:app_data_file:s0:c512,c768 tclass=dir permissive=1 app=com.softwinner.screenshot
06-25 14:28:20.428 685 685 I queued-work-loo: type=1400 audit(0.0:501): avc: denied { rename } for name="powerui_prefs.xml" dev="mmcblk0p25" ino=59429 scontext=u:r:platform_app:s0:c512,c768 tcontext=u:object_r:app_data_file:s0:c512,c768 tclass=file permissive=1 app=com.softwinner.screenshot
06-25 14:28:20.428 685 685 I queued-work-loo: type=1400 audit(0.0:502): avc: denied { add_name } for name="powerui_prefs.xml.bak" scontext=u:r:platform_app:s0:c512,c768 tcontext=u:object_r:app_data_file:s0:c512,c768 tclass=dir permissive=1 app=com.softwinner.screenshot
06-25 14:28:20.432 685 685 I queued-work-loo: type=1400 audit(0.0:503): avc: denied { create } for name="powerui_prefs.xml" scontext=u:r:platform_app:s0:c512,c768 tcontext=u:object_r:app_data_file:s0:c512,c768 tclass=file permissive=1 app=com.softwinner.screenshot
06-25 14:28:20.447 685 685 D SystemUIBootTiming: SystemUIService: bootcomplete com.android.systemui.media.RingtonePlayer took 41 ms
06-25 14:28:20.448 685 685 D SystemUIService: loading: com.android.systemui.keyboard.KeyboardUI
06-25 14:28:20.456 685 685 D SystemUIService: running: com.android.systemui.keyboard.KeyboardUI@411ba58
06-25 14:28:20.458 480 655 D Ethernet: got request NetworkRequest [ REQUEST id=30, [ Capabilities: INTERNET&NOT_RESTRICTED&TRUSTED&NOT_VCN_MANAGED Uid: 10079 RequestorUid: 10079 RequestorPkg: com.xiaodianshi.tv.yst] ]
06-25 14:28:20.458 480 655 D EthernetNetworkFactory: acceptRequest, request: NetworkRequest [ REQUEST id=30, [ Capabilities: INTERNET&NOT_RESTRICTED&TRUSTED&NOT_VCN_MANAGED Uid: 10079 RequestorUid: 10079 RequestorPkg: com.xiaodianshi.tv.yst] ]
06-25 14:28:20.459 480 655 I EthernetNetworkFactory: networkForRequest, request: NetworkRequest [ REQUEST id=30, [ Capabilities: INTERNET&NOT_RESTRICTED&TRUSTED&NOT_VCN_MANAGED Uid: 10079 RequestorUid: 10079 RequestorPkg: com.xiaodianshi.tv.yst] ], network: null
06-25 14:28:20.459 480 657 D PPPOE : got request NetworkRequest [ REQUEST id=30, [ Capabilities: INTERNET&NOT_RESTRICTED&TRUSTED&NOT_VCN_MANAGED Uid: 10079 RequestorUid: 10079 RequestorPkg: com.xiaodianshi.tv.yst] ]
06-25 14:28:20.478 685 685 D SystemUIBootTiming: SystemUIService: bootcomplete com.android.systemui.keyboard.KeyboardUI took 30 ms
06-25 14:28:20.478 685 685 D SystemUIService: loading: com.android.systemui.shortcut.ShortcutKeyDispatcher
06-25 14:28:20.480 685 685 D SystemUIService: running: com.android.systemui.shortcut.ShortcutKeyDispatcher@a6357b1
06-25 14:28:20.495 1096 1096 E hq : NetWorkStateReceiver:::NetWorkStateReceiver onReceive: 网络变化广播 >>>> intent.action=android.net.wifi.SCAN_RESULTS
06-25 14:28:20.498 685 685 D SystemUIBootTiming: SystemUIService: bootcomplete com.android.systemui.shortcut.ShortcutKeyDispatcher took 20 ms
06-25 14:28:20.498 685 685 D SystemUIService: loading: com.android.systemui.VendorServices
06-25 14:28:20.499 685 685 D SystemUIService: running: com.android.systemui.VendorServices@95d8817
06-25 14:28:20.499 685 685 D SystemUIBootTiming: SystemUIService: bootcomplete com.android.systemui.VendorServices took 1 ms
06-25 14:28:20.499 685 685 D SystemUIService: loading: com.android.systemui.SliceBroadcastRelayHandler
06-25 14:28:20.499 685 685 D SystemUIService: running: com.android.systemui.SliceBroadcastRelayHandler@5142404
06-25 14:28:20.499 685 685 D SystemUIBootTiming: SystemUIService: bootcomplete com.android.systemui.SliceBroadcastRelayHandler took 0 ms
06-25 14:28:20.500 685 685 D SystemUIService: loading: com.android.systemui.statusbar.notification.InstantAppNotifier
06-25 14:28:20.508 685 685 D SystemUIService: running: com.android.systemui.statusbar.notification.InstantAppNotifier@ab17c70
06-25 14:28:20.540 824 915 D BufferPoolAccessor2.0: bufferpool2 0xf2494e98 : 0(0 size) total buffers - 0(0 size) used buffers - 2/7 (recycle/alloc) - 5/96 (fetch/transfer)
06-25 14:28:20.540 824 915 D BufferPoolAccessor2.0: evictor expired: 1, evicted: 1
06-25 14:28:20.556 480 525 E ActivityRecord: real home.....com.dangbei.leard.leradlauncher/com.dangbei.launcher.home.LauncherActivity
06-25 14:28:20.557 480 525 E +++ActivityRecord: pre led_switch = 5
06-25 14:28:20.589 685 685 D SystemUIBootTiming: SystemUIService: bootcomplete com.android.systemui.statusbar.notification.InstantAppNotifier took 89 ms
06-25 14:28:20.589 685 685 D SystemUIService: loading: com.android.systemui.toast.ToastUI
06-25 14:28:20.613 480 525 I WindowManager: ******* TELLING SURFACE FLINGER WE ARE BOOTED!
06-25 14:28:20.613 278 763 I SurfaceFlinger: Boot is finished (15411 ms)
06-25 14:28:20.624 685 685 D SystemUIService: running: com.android.systemui.toast.ToastUI@93630f
06-25 14:28:20.624 685 685 D SystemUIBootTiming: SystemUIService: bootcomplete com.android.systemui.toast.ToastUI took 35 ms
06-25 14:28:20.624 685 685 D SystemUIService: loading: com.android.systemui.wmshell.WMShell
06-25 14:28:20.625 685 685 D SystemUIService: running: com.android.systemui.wmshell.WMShell@389ef9c
06-25 14:28:20.636 185 185 I servicemanager: Found android.hardware.power.IPower/default in device VINTF manifest.
06-25 14:28:20.636 278 763 I PowerAdvisor: Loaded AIDL Power HAL service
06-25 14:28:20.637 267 267 I AW_PowerHAL: check: Mode 6 not Supported ,do nothing
06-25 14:28:20.637 267 267 I AW_PowerHAL: isBoostSupported: 1
06-25 14:28:20.640 480 1347 W OverlayManager: service 'idmap' died
06-25 14:28:20.702 518 531 D BootAnimation: BootAnimationStopTiming start time: 22490ms
06-25 14:28:20.709 685 685 D SystemUIBootTiming: SystemUIService: bootcomplete com.android.systemui.wmshell.WMShell took 85 ms
06-25 14:28:20.709 685 685 D SystemUIService: loading: com.android.systemui.media.systemsounds.HomeSoundEffectController
06-25 14:28:20.710 685 685 D SystemUIService: running: com.android.systemui.media.systemsounds.HomeSoundEffectController@6088f21
06-25 14:28:20.716 685 685 D SystemUIBootTiming: SystemUIService: bootcomplete com.android.systemui.media.systemsounds.HomeSoundEffectController took 7 ms
06-25 14:28:20.730 1393 1393 V GraphicsEnvironment: ANGLE Developer option for 'com.android.localtransport' set to: 'default'
06-25 14:28:20.731 1393 1393 V GraphicsEnvironment: Neither updatable production driver nor prerelease driver is supported.
01-01 08:00:24.588 1 1 I init : starting service 'net_disconnect'...
06-25 14:28:20.736 480 812 D CompatibilityChangeReporter: Compat change id reported: 149924527; UID 10074; state: ENABLED
06-25 14:28:20.742 480 654 D CompatibilityChangeReporter: Compat change id reported: 132649864; UID 10074; state: DISABLED
01-01 08:00:24.596 1 1 I init : Control message: Processed ctl.start for 'net_disconnect' from pid: 1472 (start net_disconnect)
06-25 14:28:20.744 685 685 I ManagerService: --------------------- system activated! ---------------
06-25 14:28:20.744 685 685 D SystemUIBootTiming: SystemUIService: bootcomplete com.android.systemui.oranth.ManagerService took 27 ms
06-25 14:28:20.745 1393 1393 D NetworkSecurityConfig: No Network Security Config specified, using platform default
06-25 14:28:20.746 1393 1393 D NetworkSecurityConfig: No Network Security Config specified, using platform default
01-01 08:00:24.600 1 1 I init : Service 'exec 19 (/vendor/bin/led_switch.sh 5)' (pid 1459) exited with status 0 waiting took 0.179000 seconds
01-01 08:00:24.600 1 1 I init : Sending signal 9 to service 'exec 19 (/vendor/bin/led_switch.sh 5)' (pid 1459) process group...
01-01 08:00:24.601 1 1 I libprocessgroup: Successfully killed process cgroup uid 0 pid 1459 in 0ms
06-25 14:28:20.766 480 480 D NetworkSecurityConfig: No Network Security Config specified, using platform default
06-25 14:28:20.766 1290 1290 W bei.lerad.rock: Class com.iflytek.aiui.AIUIAgent failed lock verification and will run slower.
06-25 14:28:20.766 1290 1290 W bei.lerad.rock: Common causes for lock verification issues are non-optimized dex code
06-25 14:28:20.766 1290 1290 W bei.lerad.rock: and incorrect proguard optimizations.
06-25 14:28:20.792 480 480 E BootReceiver: Could not open /sys/kernel/tracing/instances/bootreceiver/trace_pipe
06-25 14:28:20.792 480 480 E BootReceiver: android.system.ErrnoException: open failed: ENOENT (No such file or directory)
06-25 14:28:20.792 480 480 E BootReceiver: at libcore.io.Linux.open(Native Method)
06-25 14:28:20.792 480 480 E BootReceiver: at libcore.io.ForwardingOs.open(ForwardingOs.java:567)
06-25 14:28:20.792 480 480 E BootReceiver: at libcore.io.BlockGuardOs.open(BlockGuardOs.java:273)
06-25 14:28:20.792 480 480 E BootReceiver: at android.system.Os.open(Os.java:501)
06-25 14:28:20.792 480 480 E BootReceiver: at com.android.server.BootReceiver.onReceive(BootReceiver.java:167)
06-25 14:28:20.792 480 480 E BootReceiver: at android.app.ActivityThread.handleReceiver(ActivityThread.java:4308)
06-25 14:28:20.792 480 480 E BootReceiver: at android.app.ActivityThread.access$1600(ActivityThread.java:247)
06-25 14:28:20.792 480 480 E BootReceiver: at android.app.ActivityThread$H.handleMessage(ActivityThread.java:2064)
06-25 14:28:20.792 480 480 E BootReceiver: at android.os.Handler.dispatchMessage(Handler.java:106)
06-25 14:28:20.792 480 480 E BootReceiver: at android.os.Looper.loopOnce(Looper.java:201)
06-25 14:28:20.792 480 480 E BootReceiver: at android.os.Looper.loop(Looper.java:288)
06-25 14:28:20.792 480 480 E BootReceiver: at com.android.server.SystemServer.run(SystemServer.java:966)
06-25 14:28:20.792 480 480 E BootReceiver: at com.android.server.SystemServer.main(SystemServer.java:628)
06-25 14:28:20.792 480 480 E BootReceiver: at java.lang.reflect.Method.invoke(Native Method)
06-25 14:28:20.792 480 480 E BootReceiver: at com.android.internal.os.RuntimeInit$MethodAndArgsCaller.run(RuntimeInit.java:548)
06-25 14:28:20.792 480 480 E BootReceiver: at com.android.internal.os.ZygoteInit.main(ZygoteInit.java:1160)
06-25 14:28:20.797 1290 1290 I AiuiEngine: create aiui agent
06-25 14:28:20.797 1290 1290 D RockyVoice_AiUiDelegate: 初始化成功
06-25 14:28:20.802 824 824 W ContextImpl: Calling a method in the system process without a qualified user: android.app.ContextImpl.startService:1816 android.content.ContextWrapper.startService:774 android.content.ContextWrapper.startService:774 com.android.tv.settings.users.UserSwitchListenerService$BootReceiver.onReceive:50 android.app.ActivityThread.handleReceiver:4308
01-01 08:00:24.655 1 1 I init : Service 'gmsopt' (pid 1019) exited with status 0 oneshot service took 4.487000 seconds in background
01-01 08:00:24.655 1 1 I init : Sending signal 9 to service 'gmsopt' (pid 1019) process group...
01-01 08:00:24.657 1 1 I libprocessgroup: Successfully killed process cgroup uid 0 pid 1019 in 1ms
06-25 14:28:20.808 1290 1290 D RockyNetMessageUtil: initTipsList tipEntity = null isRequestTipSuccess = false
06-25 14:28:20.816 480 480 V AudioDeviceManagerObserver: AudioDeviceManagerObserver init()
06-25 14:28:20.817 480 480 D AudioDeviceManagerObserver: AudioDeviceManagerObserver: newCardId: /sys/class/sound/card0/id
06-25 14:28:20.821 480 480 D AudioDeviceManagerObserver: AudioDeviceManagerObserver: devName: pcmC0D0p
06-25 14:28:20.821 480 480 D AudioDeviceManagerObserver: ~~~~~~~~ AudioDeviceManagerObserver: findNameMap: id: audiocodec
06-25 14:28:20.821 480 480 D AudioDeviceManagerObserver: AudioDeviceManagerObserver: name_linux: audiocodec, name_android: AUDIO_CODEC
06-25 14:28:20.822 480 480 D AudioDeviceManagerObserver: AudioDeviceManagerObserver: newCardId: /sys/class/sound/card1/id
06-25 14:28:20.822 480 480 D AudioDeviceManagerObserver: AudioDeviceManagerObserver: devName: pcmC1D0c
06-25 14:28:20.829 480 480 D AudioDeviceManagerObserver: ~~~~~~~~ AudioDeviceManagerObserver: findNameMap: id: sndspdif
06-25 14:28:20.830 480 480 D AudioDeviceManagerObserver: AudioDeviceManagerObserver: devName: pcmC1D0p
06-25 14:28:20.830 480 480 D AudioDeviceManagerObserver: ~~~~~~~~ AudioDeviceManagerObserver: findNameMap: id: sndspdif
06-25 14:28:20.830 480 480 D AudioDeviceManagerObserver: AudioDeviceManagerObserver: name_linux: sndspdif, name_android: AUDIO_SPDIF
06-25 14:28:20.831 480 480 D AudioDeviceManagerObserver: AudioDeviceManagerObserver: newCardId: /sys/class/sound/card2/id
06-25 14:28:20.832 480 480 D AudioDeviceManagerObserver: AudioDeviceManagerObserver: name_linux: ahubdam, name_android: AUDIO_SPDIF
06-25 14:28:20.836 480 480 D AudioDeviceManagerObserver: AudioDeviceManagerObserver: newCardId: /sys/class/sound/card3/id
06-25 14:28:20.840 480 480 D AudioDeviceManagerObserver: AudioDeviceManagerObserver: devName: pcmC3D0c
06-25 14:28:20.843 480 480 D AudioDeviceManagerObserver: ~~~~~~~~ AudioDeviceManagerObserver: findNameMap: id: ahubhdmi
06-25 14:28:20.844 480 480 D AudioDeviceManagerObserver: AudioDeviceManagerObserver: devName: pcmC3D0p
06-25 14:28:20.846 480 480 D AudioDeviceManagerObserver: ~~~~~~~~ AudioDeviceManagerObserver: findNameMap: id: ahubhdmi
06-25 14:28:20.846 480 480 D AudioDeviceManagerObserver: AudioDeviceManagerObserver: name_linux: ahubhdmi, name_android: AUDIO_USB_ahubhdmi
06-25 14:28:20.848 480 480 D AudioDeviceManagerObserver: AudioDeviceManagerObserver: newCardId: /sys/class/sound/card4/id
06-25 14:28:20.854 480 480 D AudioDeviceManagerObserver: AudioDeviceManagerObserver: devName: pcmC4D0c
06-25 14:28:20.855 480 480 D AudioDeviceManagerObserver: ~~~~~~~~ AudioDeviceManagerObserver: findNameMap: id: ahubi2s2
06-25 14:28:20.856 480 480 D AudioDeviceManagerObserver: AudioDeviceManagerObserver: devName: pcmC4D0p
06-25 14:28:20.856 480 480 D AudioDeviceManagerObserver: ~~~~~~~~ AudioDeviceManagerObserver: findNameMap: id: ahubi2s2
06-25 14:28:20.856 480 480 D AudioDeviceManagerObserver: AudioDeviceManagerObserver: name_linux: ahubi2s2, name_android: AUDIO_USB_ahubi2s2
06-25 14:28:20.856 480 480 D AudioDeviceManagerObserver: AudioDeviceManagerObserver: newCardId: /sys/class/sound/card5/id
06-25 14:28:20.859 480 1481 I RecoverySystem: No recovery log file
06-25 14:28:20.864 480 480 V AudioDeviceManagerObserver: This kernel does not have sound card5
06-25 14:28:20.873 1290 1479 W bei.lerad.rock: Class com.iflytek.aiui.utils.c failed lock verification and will run slower.
06-25 14:28:20.879 1104 1104 D aaa : LedStatusService onStartCommand begin
06-25 14:28:20.885 1104 1491 D aaa : topPkg is -------------- :com.dangbei.leard.leradlauncher
06-25 14:28:20.894 1258 1356 I CallLogProvider: Will sync following Uris:[]
06-25 14:28:20.900 1239 1239 I odianshi.tv.ys: Waiting for a blocking GC ClassLinker
06-25 14:28:20.910 1290 1290 D RockyNetMessageUtil: initMediaControlPage pageEntity = null isRequestPageControlSuccess = false
06-25 14:28:20.914 1290 1492 D XHttpObservable: handleRequest: start https://tyapi.qun7.com/v1/voice/getsoundshowmsg ,,, isCache = false
06-25 14:28:20.914 1258 1356 I CallLogProvider: Syncing call composer pics -- got []
06-25 14:28:20.939 480 480 D AudioManagerEx: AudioManagerEx
06-25 14:28:20.945 480 1481 I DropBoxManagerService: add tag=SYSTEM_BOOT isTagEnabled=true flags=0x2
06-25 14:28:20.958 253 253 D audio_hw_primary: getAudioDevices()
06-25 14:28:20.958 253 253 D audio_hw_primary: out dev:AUDIO_CODEC
06-25 14:28:20.958 253 253 D audio_hw_primary: in dev:AUDIO_SPDIF
06-25 14:28:20.958 1219 1232 I m.android.musi: Background young concurrent copying GC freed 9383(573KB) AllocSpace objects, 0(0B) LOS objects, 89% free, 3006KB/26MB, paused 195us total 630.144ms
06-25 14:28:20.958 253 253 D audio_hw_primary: out dev:AUDIO_SPDIF
06-25 14:28:20.958 253 253 D audio_hw_primary: in dev:AUDIO_HDMI
06-25 14:28:20.958 253 253 D audio_hw_primary: out dev:AUDIO_HDMI
06-25 14:28:20.958 253 253 D audio_hw_primary: in dev:AUDIO_I2S2
06-25 14:28:20.958 253 253 D audio_hw_primary: out playback: AUDIO_CODEC,AUDIO_SPDIF,AUDIO_HDMI
06-25 14:28:20.960 253 303 D xm_audio: adev_get_parameters
06-25 14:28:20.961 273 448 I hash_map_utils: system/bt/osi/src/hash_map_utils.cc:81 hash_map_utils_dump_string_keys_string_values: key: 'audio_devices_out' value: ''
06-25 14:28:20.966 480 480 D AudioManagerEx: type audio_devices_out list AUDIO_CODEC,AUDIO_SPDIF,AUDIO_HDMI=
06-25 14:28:20.966 480 480 D AudioManagerPolicy: get AUDIO_MANAGE_POLICY is 2
06-25 14:28:20.973 480 480 E AudioDeviceManagerObserver: Could not parse switch state for /sys/devices/virtual/switch/h2w/state ,fail because /sys/devices/virtual/switch/h2w/state: open failed: ENOENT (No such file or directory)
06-25 14:28:20.973 480 480 D AudioManagerPolicy: no usb audio i=3 size=3
06-25 14:28:20.974 480 760 W InputManager-JNI: Input channel object 'a3a552e com.android.tv.settings/com.android.tv.settings.system.FallbackHome (client)' was disposed without first being removed with the input manager!
06-25 14:28:20.975 480 521 W Looper : Slow dispatch took 331ms android.fg h=android.os.Handler c=com.android.server.wm.ActivityMetricsLogger$$ExternalSyntheticLambda1@d02cd51 m=0
06-25 14:28:20.976 480 521 I ActivityTaskManager: +++Displayed com.dangbei.leard.leradlauncher/com.dangbei.launcher.home.LauncherActivity: +3s553ms
06-25 14:28:20.976 480 521 W Looper : Slow delivery took 331ms android.fg h=android.os.Handler c=com.android.server.wm.ActivityMetricsLogger$$ExternalSyntheticLambda2@8c706b7 m=0
06-25 14:28:20.978 480 1481 I BootReceiver: Copying audit failures to DropBox
06-25 14:28:20.980 480 480 D AudioManagerPolicy: curType4 isHdmiPlugin =true
06-25 14:28:20.987 480 521 W Looper : Drained
06-25 14:28:20.988 480 480 D AudioManagerPolicy: hdmi is available on init.
06-25 14:28:20.988 480 480 D AudioManagerPolicy: notifyHdmiAvailable hdmi is available
06-25 14:28:20.992 1290 1479 W bei.lerad.rock: Class com.iflytek.aiui.utils.l failed lock verification and will run slower.
06-25 14:28:20.994 480 1481 I BootReceiver: Checking for fsck errors
06-25 14:28:21.012 685 685 V TvNotificationHandler: Notification not added because it isn't relevant for tv
06-25 14:28:21.027 1290 1496 D XHttpObservable: handleRequest: start https://tyapi.qun7.com/v1/voice/getResponseControlPage ,,, isCache = false
06-25 14:28:21.029 480 1481 D CompatibilityChangeReporter: Compat change id reported: 135634846; UID 10015; state: DISABLED
06-25 14:28:21.029 480 1481 D CompatibilityChangeReporter: Compat change id reported: 177438394; UID 10015; state: DISABLED
06-25 14:28:21.031 480 1481 D CompatibilityChangeReporter: Compat change id reported: 135772972; UID 10015; state: DISABLED
06-25 14:28:21.032 480 1481 D CompatibilityChangeReporter: Compat change id reported: 135754954; UID 10015; state: ENABLED
06-25 14:28:21.033 480 542 D CompatibilityChangeReporter: Compat change id reported: 143937733; UID 10015; state: ENABLED
06-25 14:28:21.049 1290 1290 W SoundPool: Use of stream types is deprecated for operations other than volume control
06-25 14:28:21.051 1290 1290 W SoundPool: See the documentation of SoundPool() for what to use instead with android.media.AudioAttributes to qualify your playback use case
06-25 14:28:21.056 248 248 D Zygote : Forked child process 1503
06-25 14:28:21.058 480 542 I ActivityManager: app.processName = android.process.media
06-25 14:28:21.058 480 542 I ActivityManager: Start proc 1503:android.process.media/u0a15 for content provider {com.android.providers.downloads/com.android.providers.downloads.DownloadProvider}
06-25 14:28:21.074 1239 1249 I odianshi.tv.ys: Background young concurrent copying GC freed 16549(835KB) AllocSpace objects, 0(0B) LOS objects, 88% free, 3320KB/27MB, paused 92.284ms total 694.201ms
06-25 14:28:21.074 1239 1239 I odianshi.tv.ys: WaitForGcToComplete blocked ClassLinker on Background for 174.539ms
06-25 14:28:21.084 1503 1503 I Zygote : seccomp disabled by setenforce 0
06-25 14:28:21.095 253 303 D audio_hw_primary: Mic get_audio_devices_active:
06-25 14:28:21.095 253 303 D audio_hw_primary: get_audio_devices_active: AUDIO_HDMI
06-25 14:28:21.096 253 303 D xm_audio: adev_get_parameters
06-25 14:28:21.096 273 448 I hash_map_utils: system/bt/osi/src/hash_map_utils.cc:81 hash_map_utils_dump_string_keys_string_values: key: 'audio_devices_out_active' value: ''
06-25 14:28:21.097 480 480 D AudioManagerEx: type audio_devices_out_active list AUDIO_HDMI=
06-25 14:28:21.097 480 480 D AudioManagerEx: AudioManagerEx
06-25 14:28:21.098 480 480 D AudioManagerPolicy: save audio is AUDIO_HDMI
06-25 14:28:21.098 480 480 D AudioManagerPolicy: get AUDIO_MANAGE_POLICY is 2
06-25 14:28:21.098 480 480 D AudioManagerPolicy: POLICY_2 Remove USB Audio or No USB Audio Output Device Connected!
06-25 14:28:21.099 480 480 D AudioManagerEx: state=audio_devices_out_active,dev=[AUDIO_HDMI]
06-25 14:28:21.105 480 480 D AudioManagerEx: enablePassThrough = true
06-25 14:28:21.106 408 423 I adbd : jdwp connection from 1503
06-25 14:28:21.111 480 480 D AudioManagerEx: Hdmi status true,true,1
06-25 14:28:21.111 480 480 D AudioManagerEx: HDMI AUDIO_HDMI
06-25 14:28:21.112 480 480 D AudioManagerEx: AUDIO_NAME_HDMI
06-25 14:28:21.117 253 303 V audio_hw_primary: adev_set_parameters, mediasw.sft.rawdata=HDMI_RAW
06-25 14:28:21.120 480 480 D AudioManagerEx: audio=AUDIO_HDMI
06-25 14:28:21.121 253 303 V audio_hw_primary: adev_set_parameters, audio_devices_out_active=AUDIO_HDMI
06-25 14:28:21.121 253 303 V audio_hw_primary: out AUDIO_PARAMETER_DEVICES_OUT_ACTIVE: AUDIO_HDMI
06-25 14:28:21.126 253 303 V audio_hw_primary: set property persist.vendor.audio.output.active: AUDIO_HDMI ok
06-25 14:28:21.126 253 303 V audio_hw_primary: AUDIO_HDMI output device will be active
06-25 14:28:21.133 1290 1290 D RockyReceiver: action: android.net.wifi.WIFI_STATE_CHANGED
06-25 14:28:21.135 480 480 D AudioManagerEx: Update Settings.System.AUDIO_OUTPUT_CHANNEL, now save audio is AUDIO_HDMI
06-25 14:28:21.136 480 812 E ConnectivityService: Exception = android.content.pm.PackageManager$NameNotFoundException: android.net.cts
06-25 14:28:21.136 480 480 D AudioManagerPolicy: get AUDIO_MANAGE_POLICY is 2
06-25 14:28:21.137 253 1527 D audio_hw_primary: getAudioDevices()
06-25 14:28:21.137 253 1527 D audio_hw_primary: out dev:AUDIO_CODEC
06-25 14:28:21.137 253 1527 D audio_hw_primary: in dev:AUDIO_SPDIF
06-25 14:28:21.137 253 1527 D audio_hw_primary: out dev:AUDIO_SPDIF
06-25 14:28:21.137 253 1527 D audio_hw_primary: in dev:AUDIO_HDMI
06-25 14:28:21.137 253 1527 D audio_hw_primary: out dev:AUDIO_HDMI
06-25 14:28:21.137 253 1527 D audio_hw_primary: in dev:AUDIO_I2S2
06-25 14:28:21.137 253 1527 D audio_hw_primary: in capture: AUDIO_SPDIF,AUDIO_HDMI,AUDIO_I2S2
06-25 14:28:21.138 253 303 D xm_audio: adev_get_parameters
06-25 14:28:21.138 273 448 I hash_map_utils: system/bt/osi/src/hash_map_utils.cc:81 hash_map_utils_dump_string_keys_string_values: key: 'audio_devices_in' value: ''
06-25 14:28:21.141 480 480 D AudioManagerEx: type audio_devices_in list AUDIO_SPDIF,AUDIO_HDMI,AUDIO_I2S2=
06-25 14:28:21.141 480 480 D AudioManagerEx: state=audio_devices_in_active,dev=[AUDIO_CODEC]
06-25 14:28:21.141 480 480 D AudioManagerEx: enablePassThrough = true
06-25 14:28:21.141 480 480 D AudioManagerEx: audio=AUDIO_CODEC
06-25 14:28:21.142 253 303 V audio_hw_primary: adev_set_parameters, audio_devices_in_active=AUDIO_CODEC
06-25 14:28:21.142 253 303 V audio_hw_primary: in AUDIO_PARAMETER_DEVICES_IN_ACTIVE: AUDIO_CODEC
06-25 14:28:21.147 253 303 V audio_hw_primary: set property persist.vendor.audio.input.active: AUDIO_CODEC ok
06-25 14:28:21.155 480 480 W Looper : Slow dispatch took 340ms main h=android.app.ActivityThread$H c=android.app.LoadedApk$ReceiverDispatcher$Args$$ExternalSyntheticLambda0@600875b m=0
06-25 14:28:21.157 480 480 I TransportClient: LocalTransportService#0: Notifying [TransportManager.registerTransport()] transport = IBackupTransport
06-25 14:28:21.165 480 480 W Looper : Slow delivery took 329ms main h=android.app.ActivityThread$H c=android.app.LoadedApk$ServiceDispatcher$RunConnection@9d6b10d m=0
06-25 14:28:21.165 480 480 D AudioDeviceManagerObserver: name: AUDIO_HDMI, state: 0, type: 1
06-25 14:28:21.168 1239 1239 D InfraInitProvider: Init in com.xiaodianshi.tv.yst
06-25 14:28:21.202 480 480 D AudioManagerPolicy: On Audio device plug in/out receive,name=AUDIO_HDMI type=1 state=0 extra=null
06-25 14:28:21.202 480 480 V AudioManagerPolicy: chengkan------------- hdmi inactive
06-25 14:28:21.206 1239 1251 W System : A resource failed to call close.
06-25 14:28:21.210 480 480 D AudioManagerPolicy: get AUDIO_MANAGE_POLICY is 2
06-25 14:28:21.210 480 480 D AudioManagerPolicy: Policy2 HDMI Plug Out/In Switch! Booting
06-25 14:28:21.211 480 480 D AudioManagerEx: AudioManagerEx
06-25 14:28:21.211 480 480 D AudioManagerPolicy: save audio is AUDIO_HDMI
06-25 14:28:21.211 480 480 D AudioManagerPolicy: get AUDIO_MANAGE_POLICY is 2
06-25 14:28:21.211 480 480 D AudioManagerPolicy: POLICY_2 Remove USB Audio or No USB Audio Output Device Connected!
06-25 14:28:21.212 480 480 D AudioManagerEx: state=audio_devices_out_active,dev=[AUDIO_HDMI]
06-25 14:28:21.212 480 480 D AudioManagerEx: enablePassThrough = true
01-01 08:00:25.072 1539 1539 W audit : audit_lost=84 audit_rate_limit=5 audit_backlog_limit=64
01-01 08:00:25.072 1539 1539 E audit : rate limit exceeded
06-25 14:28:21.222 480 480 D AudioManagerEx: Hdmi status true,true,1
06-25 14:28:21.222 480 480 D AudioManagerEx: HDMI AUDIO_HDMI
06-25 14:28:21.222 480 480 D AudioManagerEx: AUDIO_NAME_HDMI
06-25 14:28:21.224 253 1527 V audio_hw_primary: adev_set_parameters, mediasw.sft.rawdata=HDMI_RAW
06-25 14:28:21.226 480 480 D AudioManagerEx: audio=AUDIO_HDMI
06-25 14:28:21.226 253 1527 V audio_hw_primary: adev_set_parameters, audio_devices_out_active=AUDIO_HDMI
06-25 14:28:21.226 253 1527 V audio_hw_primary: out AUDIO_PARAMETER_DEVICES_OUT_ACTIVE: AUDIO_HDMI
06-25 14:28:21.230 1290 1313 W System : A resource failed to call close.
06-25 14:28:21.233 253 1527 V audio_hw_primary: set property persist.vendor.audio.output.active: AUDIO_HDMI ok
06-25 14:28:21.233 253 1527 V audio_hw_primary: AUDIO_HDMI output device will be active
01-01 08:00:25.093 33 33 I binder : undelivered transaction 25974, process died.
01-01 08:00:25.095 1 1 I init : Service 'bootanim' (pid 518) exited with status 0 oneshot service took 13.246000 seconds in background
01-01 08:00:25.095 1 1 I init : Sending signal 9 to service 'bootanim' (pid 518) process group...
06-25 14:28:21.248 480 1032 D BackupTransportManager: Transport com.android.localtransport/.LocalTransportService registered
06-25 14:28:21.248 480 1032 D BackupManagerService: [UserID:0] Transport com.android.localtransport/.LocalTransport registered 4513ms after first request (delay = 3000ms)
06-25 14:28:21.253 480 480 D AudioManagerEx: Update Settings.System.AUDIO_OUTPUT_CHANNEL, now save audio is AUDIO_HDMI
06-25 14:28:21.255 480 480 I ActivityManager: com.android.dynsystem is exempt from freezer
06-25 14:28:21.258 480 480 D CompatibilityChangeReporter: Compat change id reported: 135634846; UID 1000; state: DISABLED
06-25 14:28:21.283 1290 1363 I UtilCommon: bluetoothMac=B4:2F:03:15:73:2F
06-25 14:28:21.286 1219 1339 D MusicProvider: Failed to move cursor to first row (no query result)
06-25 14:28:21.286 1239 1507 I fb-UnpackingSoSource: dso store is up-to-date: /data/user/0/com.xiaodianshi.tv.yst/lib-main
06-25 14:28:21.289 248 248 D Zygote : Forked child process 1553
06-25 14:28:21.292 1290 1554 W System.err: java.net.UnknownHostException: Unable to resolve host "tyapi.qun7.com": No address associated with hostname
06-25 14:28:21.293 1038 1336 I MediaProvider: Scanned internal due to REASON_MOUNTED, found 5 items in 1008ms, 0 inserts 0 updates 0 deletes
06-25 14:28:21.293 1290 1554 W System.err: at java.net.Inet6AddressImpl.lookupHostByName(Inet6AddressImpl.java:124)
06-25 14:28:21.293 1290 1554 W System.err: at java.net.Inet6AddressImpl.lookupAllHostAddr(Inet6AddressImpl.java:103)
06-25 14:28:21.293 1290 1554 W System.err: at java.net.InetAddress.getAllByName(InetAddress.java:1152)
06-25 14:28:21.293 1290 1554 W System.err: at com.android.okhttp.Dns$1.lookup(Dns.java:41)
06-25 14:28:21.293 1290 1554 W System.err: at com.android.okhttp.internal.http.RouteSelector.resetNextInetSocketAddress(RouteSelector.java:178)
06-25 14:28:21.293 1290 1554 W System.err: at com.android.okhttp.internal.http.RouteSelector.nextProxy(RouteSelector.java:144)
06-25 14:28:21.293 1290 1554 W System.err: at com.android.okhttp.internal.http.RouteSelector.next(RouteSelector.java:86)
06-25 14:28:21.293 1290 1554 W System.err: at com.android.okhttp.internal.http.StreamAllocation.findConnection(StreamAllocation.java:176)
06-25 14:28:21.293 1290 1554 W System.err: at com.android.okhttp.internal.http.StreamAllocation.findHealthyConnection(StreamAllocation.java:128)
06-25 14:28:21.293 1290 1554 W System.err: at com.android.okhttp.internal.http.StreamAllocation.newStream(StreamAllocation.java:97)
06-25 14:28:21.293 1290 1554 W System.err: at com.android.okhttp.internal.http.HttpEngine.connect(HttpEngine.java:289)
06-25 14:28:21.293 1290 1554 W System.err: at com.android.okhttp.internal.http.HttpEngine.sendRequest(HttpEngine.java:232)
06-25 14:28:21.293 1290 1554 W System.err: at com.android.okhttp.internal.huc.HttpURLConnectionImpl.execute(HttpURLConnectionImpl.java:465)
06-25 14:28:21.293 1290 1554 W System.err: at com.android.okhttp.internal.huc.HttpURLConnectionImpl.getResponse(HttpURLConnectionImpl.java:411)
06-25 14:28:21.293 1290 1554 W System.err: at com.android.okhttp.internal.huc.HttpURLConnectionImpl.getResponseCode(HttpURLConnectionImpl.java:542)
06-25 14:28:21.293 1290 1554 W System.err: at com.dangbei.statistics.UtilCommon.networkGetIp(UtilCommon.java:826)
06-25 14:28:21.293 1290 1554 W System.err: at com.dangbei.statistics.UtilCommon$1.accept(UtilCommon.java:807)
06-25 14:28:21.293 1290 1554 W System.err: at com.dangbei.statistics.UtilCommon$1.accept(UtilCommon.java:803)
06-25 14:28:21.293 1290 1554 W System.err: at io.reactivex.internal.operators.observable.ObservableDoOnEach$DoOnEachObserver.onNext(ObservableDoOnEach.java:93)
06-25 14:28:21.293 1290 1554 W System.err: at io.reactivex.internal.operators.observable.ObservableObserveOn$ObserveOnObserver.drainNormal(ObservableObserveOn.java:201)
06-25 14:28:21.293 1290 1554 W System.err: at io.reactivex.internal.operators.observable.ObservableObserveOn$ObserveOnObserver.run(ObservableObserveOn.java:255)
06-25 14:28:21.293 1290 1554 W System.err: at io.reactivex.internal.schedulers.ScheduledRunnable.run(ScheduledRunnable.java:66)
06-25 14:28:21.293 1290 1554 W System.err: at io.reactivex.internal.schedulers.ScheduledRunnable.call(ScheduledRunnable.java:57)
06-25 14:28:21.293 1290 1554 W System.err: at java.util.concurrent.FutureTask.run(FutureTask.java:266)
06-25 14:28:21.293 1290 1554 W System.err: at java.util.concurrent.ScheduledThreadPoolExecutor$ScheduledFutureTask.run(ScheduledThreadPoolExecutor.java:301)
06-25 14:28:21.293 1290 1554 W System.err: at java.util.concurrent.ThreadPoolExecutor.runWorker(ThreadPoolExecutor.java:1167)
06-25 14:28:21.293 1290 1554 W System.err: at java.util.concurrent.ThreadPoolExecutor$Worker.run(ThreadPoolExecutor.java:641)
06-25 14:28:21.293 1290 1554 W System.err: at java.lang.Thread.run(Thread.java:920)
06-25 14:28:21.298 1239 1239 W TribeStub: stub provider for bundle[secondary - com.xiaodianshi.tv.yst.ui.search.TvSearchSuggestionProvider]
06-25 14:28:21.298 1553 1553 I Zygote : seccomp disabled by setenforce 0
06-25 14:28:21.305 480 542 W ActivityManager: Slow operation: 51ms so far, now at startProcess: done updating battery stats
06-25 14:28:21.305 480 542 W ActivityManager: Slow operation: 51ms so far, now at startProcess: building log message
06-25 14:28:21.306 480 542 I ActivityManager: app.processName = com.android.dynsystem
06-25 14:28:21.306 480 542 I ActivityManager: Start proc 1553:com.android.dynsystem/1000 for broadcast {com.android.dynsystem/com.android.dynsystem.BootCompletedReceiver}
06-25 14:28:21.306 480 542 W ActivityManager: Slow operation: 51ms so far, now at startProcess: starting to update pids map
06-25 14:28:21.306 480 542 W ActivityManager: Slow operation: 52ms so far, now at startProcess: done updating pids map
06-25 14:28:21.336 408 423 I adbd : jdwp connection from 1553
06-25 14:28:21.343 1219 1219 D music_MediaPlaybackSer: Received catalog result, success: true
06-25 14:28:21.344 1219 1219 D music_MediaPlaybackSer: OnLoadChildren.ROOT
06-25 14:28:21.344 1219 1219 D music_MediaPlaybackSer: OnLoadChildren sending 4 results for __ROOT__
06-25 14:28:21.345 480 523 W IorapForwardingService: No service published for: iorapd
06-25 14:28:21.362 480 1347 D CompatibilityChangeReporter: Compat change id reported: 168419799; UID 10015; state: DISABLED
06-25 14:28:21.369 480 480 W Looper : Drained
06-25 14:28:21.373 668 668 D AvrcpBrowsablePlayerConnector: Received a message: msg.what=0
06-25 14:28:21.380 668 668 I AvrcpBrowsablePlayerConnector: Successfully added package to results: com.android.music
06-25 14:28:21.385 1219 1219 D music_MediaPlaybackSer: onDestroy
06-25 14:28:21.385 1219 1219 D music_MusicApp: remove mount callback: com.android.music.MediaPlaybackService@5d59034
06-25 14:28:21.385 1219 1219 D music_MediaPlaybackSer: handleStopRequest: mState=0 error=destroy
06-25 14:28:21.385 1219 1219 D music_MediaPlaybackSer: updatePlaybackState, playback state=1
06-25 14:28:21.390 1038 1336 W ModernMediaScanner: Failed to visit /oem/media: java.nio.file.NoSuchFileException: /oem/media
06-25 14:28:21.390 1219 1219 D Playback: giveUpAudioFocus
06-25 14:28:21.390 1219 1219 D Playback: relaxResources. releaseMediaPlayer=true
06-25 14:28:21.392 480 654 D CompatibilityChangeReporter: Compat change id reported: 149924527; UID 10079; state: ENABLED
06-25 14:28:21.394 480 654 D CompatibilityChangeReporter: Compat change id reported: 132649864; UID 10079; state: DISABLED
06-25 14:28:21.401 1038 1336 I MediaProvider: Scanned internal due to REASON_MOUNTED, found 0 items in 12ms, 0 inserts 0 updates 0 deletes
06-25 14:28:21.408 1503 1503 D CompatibilityChangeReporter: Compat change id reported: 171979766; UID 10015; state: ENABLED
06-25 14:28:21.408 1219 1219 D music_MediaPlaybackSer: updatePlaybackState, playback state=1
06-25 14:28:21.415 668 668 V MediaPlayerList: onActiveSessionsChanged: number of controllers: 0
06-25 14:28:21.439 1258 1374 I ContactLocale: AddressBook Labels [[zh_CN]]: […, A, B, C, D, E, F, G, H, I, J, K, L, M, N, O, P, Q, R, S, T, U, V, W, X, Y, Z, Α, Β, Γ, Δ, Ε, Ζ, Η, Θ, Ι, Κ, Λ, Μ, Ν, Ξ, Ο, Π, Ρ, Σ, Τ, Υ, Φ, Χ, Ψ, Ω, …, А, Б, В, Г, Д, Ђ, Е, Є, Ж, З, И, І, Й, Ј, К, Л, Љ, М, Н, Њ, О, П, Р, С, Т, Ћ, У, Ф, Х, Ц, Ч, Џ, Ш, Щ, Ю, Я, …, א, ב, ג, ד, ה, ו, ז, ח, ט, י, כ, ל, מ, נ, ס, ע, פ, צ, ק, ר, ש, ת, …, ا, ب, ت, ث, ج, ح, خ, د, ذ, ر, ز, س, ش, ص, ض, ط, ظ, ع, غ, ف, ق, ك, ل, م, ن, ه, و, ي, …, ก, ข, ฃ, ค, ฅ, ฆ, ง, จ, ฉ, ช, ซ, ฌ, ญ, ฎ, ฏ, ฐ, ฑ, ฒ, ณ, ด, ต, ถ, ท, ธ, น, บ, ป, ผ, ฝ, พ, ฟ, ภ, ม, ย, ร, ฤ, ล, ฦ, ว, ศ, ษ, ส, ห, ฬ, อ, ฮ, …, ㄱ, ㄴ, ㄷ, ㄹ, ㅁ, ㅂ, ㅅ, ㅇ, ㅈ, ㅊ, ㅋ, ㅌ, ㅍ, ㅎ, …, あ, か, さ, た, な, は, ま, や, ら, わ, #, …]
06-25 14:28:21.468 1553 1553 D CompatibilityChangeReporter: Compat change id reported: 171979766; UID 1000; state: ENABLED
06-25 14:28:21.485 1258 1269 I d.process.acor: Background young concurrent copying GC freed 12096(697KB) AllocSpace objects, 2(40KB) LOS objects, 86% free, 3742KB/27MB, paused 4.098ms total 977.125ms
06-25 14:28:21.484 1592 1592 I cmd : type=1400 audit(0.0:571): avc: denied { call } for scontext=u:r:preinstall:s0 tcontext=u:r:servicemanager:s0 tclass=binder permissive=1
06-25 14:28:21.529 1503 1503 V GraphicsEnvironment: ANGLE Developer option for 'com.android.providers.downloads' set to: 'default'
06-25 14:28:21.529 1503 1503 V GraphicsEnvironment: Neither updatable production driver nor prerelease driver is supported.
06-25 14:28:21.531 1503 1503 D NetworkSecurityConfig: No Network Security Config specified, using platform default
06-25 14:28:21.534 1503 1503 D NetworkSecurityConfig: No Network Security Config specified, using platform default
06-25 14:28:21.535 254 954 E bt_upio : upio_set : /proc/bluetooth/sleep/btwrite(-1) incorrent
06-25 14:28:21.564 480 480 I Binder:480_4: type=1400 audit(0.0:572): avc: denied { call } for scontext=u:r:system_server:s0 tcontext=u:r:preinstall:s0 tclass=binder permissive=1
06-25 14:28:21.578 480 1032 I BackupManagerService: [UserID:0] Found 175 stale backup journal(s), scheduling.
06-25 14:28:21.580 480 1032 V BackupManagerConstants: getKeyValueBackupIntervalMilliseconds(...) returns 14400000
06-25 14:28:21.580 480 1032 V BackupManagerConstants: getKeyValueBackupFuzzMilliseconds(...) returns 600000
06-25 14:28:21.580 480 1032 V BackupManagerConstants: getKeyValueBackupRequiredNetworkType(...) returns 1
06-25 14:28:21.580 480 1032 V BackupManagerConstants: getKeyValueBackupRequireCharging(...) returns true
06-25 14:28:21.580 480 1032 V KeyValueBackupJob: Scheduling k/v pass in 243 minutes
06-25 14:28:21.597 480 609 D WifiNetworkFactory: got request NetworkRequest [ REQUEST id=28, [ Capabilities: INTERNET&NOT_RESTRICTED&TRUSTED&NOT_VCN_MANAGED Uid: 1000 RequestorUid: 1000 RequestorPkg: com.dangbei.leard.leradlauncher] ]
06-25 14:28:21.598 480 609 D UntrustedWifiNetworkFactory: got request NetworkRequest [ REQUEST id=28, [ Capabilities: INTERNET&NOT_RESTRICTED&TRUSTED&NOT_VCN_MANAGED Uid: 1000 RequestorUid: 1000 RequestorPkg: com.dangbei.leard.leradlauncher] ]
06-25 14:28:21.608 480 609 D OemPaidWifiNetworkFactory: got request NetworkRequest [ REQUEST id=28, [ Capabilities: INTERNET&NOT_RESTRICTED&TRUSTED&NOT_VCN_MANAGED Uid: 1000 RequestorUid: 1000 RequestorPkg: com.dangbei.leard.leradlauncher] ]
06-25 14:28:21.608 480 609 D WifiNetworkFactory: got request NetworkRequest [ REQUEST id=30, [ Capabilities: INTERNET&NOT_RESTRICTED&TRUSTED&NOT_VCN_MANAGED Uid: 10079 RequestorUid: 10079 RequestorPkg: com.xiaodianshi.tv.yst] ]
06-25 14:28:21.608 480 609 D UntrustedWifiNetworkFactory: got request NetworkRequest [ REQUEST id=30, [ Capabilities: INTERNET&NOT_RESTRICTED&TRUSTED&NOT_VCN_MANAGED Uid: 10079 RequestorUid: 10079 RequestorPkg: com.xiaodianshi.tv.yst] ]
06-25 14:28:21.608 480 609 D OemPaidWifiNetworkFactory: got request NetworkRequest [ REQUEST id=30, [ Capabilities: INTERNET&NOT_RESTRICTED&TRUSTED&NOT_VCN_MANAGED Uid: 10079 RequestorUid: 10079 RequestorPkg: com.xiaodianshi.tv.yst] ]
06-25 14:28:21.609 480 609 D WifiScoreReport: setShouldReduceNetworkScore=false mNetworkAgent is null? true
06-25 14:28:21.609 480 609 D WifiClientModeImpl[wlan0]: CMD_START_CONNECT my state DisconnectedState nid=0 roam=false
06-25 14:28:21.609 1096 1096 W eventbuscore: post Event:com.dangbei.leard.base.entity.event.NetWifiRssiEvent
06-25 14:28:21.629 1553 1553 V GraphicsEnvironment: ANGLE Developer option for 'com.android.dynsystem' set to: 'default'
06-25 14:28:21.629 1553 1553 V GraphicsEnvironment: Neither updatable production driver nor prerelease driver is supported.
06-25 14:28:21.634 1096 1096 E xxxxxxxxxxxxxxx: onReceive:mIsHDMIPlugged = false
