01-01 08:00:12.223 480 528 I SystemConfig: Reading permissions from /system/etc/permissions/android.test.runner.xml
01-01 08:00:12.223 480 480 D CompatConfig: Adding: com.android.server.compat.config.Change@f78654d
01-01 08:00:12.224 480 480 D CompatConfig: Adding: com.android.server.compat.config.Change@baec802
01-01 08:00:12.225 480 528 I SystemConfig: Reading permissions from /system/etc/permissions/android.hardware.location.network.xml
01-01 08:00:12.225 480 480 D CompatConfig: Adding: com.android.server.compat.config.Change@8215350
01-01 08:00:12.229 480 528 I SystemConfig: Reading permissions from /system/etc/permissions/privapp-vendor-permissions.xml
01-01 08:00:12.229 480 512 I Zygote : Preloading shared libraries...
01-01 08:00:12.230 480 480 D CompatConfig: No directory /apex/com.android.appsearch/etc/compatconfig, skipping
01-01 08:00:12.230 480 480 D CompatConfig: No directory /apex/com.android.adbd/etc/compatconfig, skipping
01-01 08:00:12.231 480 528 I SystemConfig: Reading permissions from /system/etc/permissions/platform.xml
01-01 08:00:12.237 480 480 I SystemServerTiming: StartFileIntegrityService
01-01 08:00:12.237 480 480 I SystemServiceManager: Starting com.android.server.security.FileIntegrityService
01-01 08:00:12.241 480 528 I SystemConfig: Reading permissions from /vendor/etc/permissions/android.hardware.opengles.aep.xml
01-01 08:00:12.242 480 528 I SystemConfig: Reading permissions from /vendor/etc/permissions/android.hardware.vulkan.version.xml
01-01 08:00:12.244 480 528 I SystemConfig: Reading permissions from /vendor/etc/permissions/android.hardware.keystore.app_attest_key.xml
01-01 08:00:12.245 480 528 I SystemConfig: Reading permissions from /vendor/etc/permissions/android.hardware.vulkan.level.xml
01-01 08:00:12.247 480 528 I SystemConfig: Reading permissions from /vendor/etc/permissions/android.software.pppoe.xml
01-01 08:00:12.248 480 528 I SystemConfig: Reading permissions from /vendor/etc/permissions/android.software.ipsec_tunnels.xml
01-01 08:00:12.251 480 528 I SystemConfig: Reading permissions from /vendor/etc/permissions/android.hardware.usb.accessory.xml
01-01 08:00:12.252 480 528 I SystemConfig: Reading permissions from /vendor/etc/permissions/id.hardware.camera.xml
01-01 08:00:12.253 480 528 I SystemConfig: Reading permissions from /vendor/etc/permissions/android.hardware.ethernet.xml
01-01 08:00:12.255 480 528 I SystemConfig: Reading permissions from /vendor/etc/permissions/android.hardware.wifi.passpoint.xml
01-01 08:00:12.256 480 528 I SystemConfig: Reading permissions from /vendor/etc/permissions/android.software.vulkan.deqp.level.xml
01-01 08:00:12.258 480 528 I SystemConfig: Reading permissions from /vendor/etc/permissions/android.software.verified_boot.xml
01-01 08:00:12.259 480 528 I SystemConfig: Reading permissions from /vendor/etc/permissions/android.hardware.camera.front.xml
01-01 08:00:12.261 480 528 I SystemConfig: Reading permissions from /vendor/etc/permissions/android.hardware.bluetooth_le.xml
01-01 08:00:12.262 480 528 I SystemConfig: Reading permissions from /vendor/etc/permissions/android.hardware.bluetooth.xml
01-01 08:00:12.263 480 528 I SystemConfig: Reading permissions from /vendor/etc/permissions/android.hardware.camera.external.xml
01-01 08:00:12.264 480 528 I SystemConfig: Reading permissions from /vendor/etc/permissions/android.hardware.vulkan.compute.xml
01-01 08:00:12.266 480 528 I SystemConfig: Reading permissions from /vendor/etc/permissions/android.hardware.camera.flash-autofocus.xml
01-01 08:00:12.272 480 528 I SystemConfig: Reading permissions from /vendor/etc/permissions/android.hardware.hardware_keystore.xml
01-01 08:00:12.276 480 480 I SystemServerTiming: StartInstaller
01-01 08:00:12.276 480 480 I SystemServiceManager: Starting com.android.server.pm.Installer
01-01 08:00:12.276 518 518 I BootAnimation: type=1400 audit(0.0:316): avc: denied { search } for name="data" dev="mmcblk0p25" ino=87 scontext=u:r:bootanim:s0 tcontext=u:object_r:system_data_file:s0:c512,c768 tclass=dir permissive=1
01-01 08:00:12.277 480 528 I SystemConfig: Reading permissions from /vendor/etc/permissions/android.hardware.wifi.direct.xml
01-01 08:00:12.280 480 528 I SystemConfig: Reading permissions from /vendor/etc/permissions/android.software.opengles.deqp.level.xml
01-01 08:00:12.282 480 528 I SystemConfig: Reading permissions from /vendor/etc/permissions/tv_core_hardware.xml
01-01 08:00:12.283 186 186 I hwservicemanager: getTransport: Cannot find entry android.hardware.configstore@1.0::ISurfaceFlingerConfigs/default in either framework or device VINTF manifest.
01-01 08:00:12.283 480 528 I SystemConfig: Reading permissions from /vendor/etc/permissions/android.hardware.usb.host.xml
01-01 08:00:12.287 361 371 D installd: Found quota mount /dev/block/by-name/userdata at /data
01-01 08:00:12.287 361 371 D installd: Found quota mount /dev/block/by-name/userdata at /data/user/0
01-01 08:00:12.289 480 480 I SystemServerTiming: DeviceIdentifiersPolicyService
01-01 08:00:12.289 480 480 I SystemServiceManager: Starting com.android.server.os.DeviceIdentifiersPolicyService
01-01 08:00:12.291 480 480 I SystemServerTiming: UriGrantsManagerService
01-01 08:00:12.291 480 480 I SystemServiceManager: Starting com.android.server.uri.UriGrantsManagerService$Lifecycle
01-01 08:00:12.291 480 528 I SystemConfig: Reading permissions from /vendor/etc/permissions/android.software.backup.xml
01-01 08:00:12.292 480 528 I SystemConfig: Reading permissions from /vendor/etc/permissions/android.software.midi.xml
01-01 08:00:12.295 480 528 I SystemConfig: Reading permissions from /vendor/etc/permissions/android.hardware.reboot_escrow.xml
01-01 08:00:12.296 480 480 I SystemServerTiming: StartPowerStatsService
01-01 08:00:12.296 480 480 I SystemServiceManager: Starting com.android.server.powerstats.PowerStatsService
01-01 08:00:12.297 480 528 I SystemConfig: Reading permissions from /vendor/etc/permissions/android.hardware.wifi.xml
01-01 08:00:12.300 185 185 E servicemanager: Could not find android.hardware.power.stats.IPowerStats/default in the VINTF manifest.
01-01 08:00:12.301 480 528 I SystemConfig: Reading permissions from /vendor/etc/permissions/android.hardware.touchscreen.multitouch.xml
01-01 08:00:12.304 186 186 I hwservicemanager: getTransport: Cannot find entry android.hardware.power.stats@1.0::IPowerStats/default in either framework or device VINTF manifest.
01-01 08:00:12.305 480 480 E PowerStatsService: Unable to get power.stats HAL service.
01-01 08:00:12.305 480 480 E PowerStatsService: nativeInit failed to connect to power.stats HAL
01-01 08:00:12.305 398 398 I update_engine: [INFO:cleanup_previous_update_action.cc(112)] Executing task 1
01-01 08:00:12.306 480 480 I SystemServerTiming: StartIStatsService
01-01 08:00:12.307 186 186 I hwservicemanager: getTransport: Cannot find entry android.frameworks.stats@1.0::IStats/default in either framework or device VINTF manifest.
01-01 08:00:12.307 480 480 E HidlServiceManagement: Service android.frameworks.stats@1.0::IStats/default must be in VINTF manifest in order to register/get.
01-01 08:00:12.307 480 480 W system_server: Cannot register HIDL android.frameworks.stats@1.0::IStats: -2147483648
01-01 08:00:12.308 185 185 I servicemanager: Found android.frameworks.stats.IStats/default in framework VINTF manifest.
01-01 08:00:12.308 480 480 I SystemServerTiming: MemtrackProxyService
01-01 08:00:12.309 186 186 I hwservicemanager: getTransport: Cannot find entry android.hardware.memtrack@1.0::IMemtrack/default in either framework or device VINTF manifest.
01-01 08:00:12.309 398 398 I update_engine: [INFO:cleanup_previous_update_action.cc(124)] CleanupPreviousUpdateAction scheduled task ID 3 for WaitBootCompleted
01-01 08:00:12.310 185 185 E servicemanager: Could not find android.hardware.memtrack.IMemtrack/default in the VINTF manifest.
01-01 08:00:12.310 480 528 I SystemConfig: Reading permissions from /product/etc/sysconfig/preinstalled-packages-platform-overlays.xml
01-01 08:00:12.311 480 480 I Stability: Interface set with vintf stability wire protocol version 1 downgraded to system stability wire protocol version 1 stability
01-01 08:00:12.312 480 480 I SystemServerTiming: StartActivityManager
01-01 08:00:12.312 480 480 I SystemServiceManager: Starting com.android.server.wm.ActivityTaskManagerService$Lifecycle
01-01 08:00:12.319 480 528 I SystemConfig: Reading permissions from /product/etc/sysconfig/preinstalled-packages-platform-handheld-product.xml
01-01 08:00:12.324 518 531 D BootAnimation: BootAnimationShownTiming start time: 10260ms
01-01 08:00:12.325 480 528 I SystemConfig: Reading permissions from /product/etc/permissions/com.android.tv.xml
01-01 08:00:12.325 480 480 I SystemServiceManager: Starting com.android.server.am.ActivityManagerService$Lifecycle
01-01 08:00:12.327 480 528 I SystemConfig: Reading permissions from /product/etc/permissions/com.android.settings.intelligence.xml
01-01 08:00:12.328 480 528 W SystemConfig: No directory /system_ext/etc/sysconfig, skipping
01-01 08:00:12.332 480 528 I SystemConfig: Reading permissions from /system_ext/etc/permissions/provision-permissions.xml
01-01 08:00:12.335 480 528 I SystemConfig: Reading permissions from /system_ext/etc/permissions/com.android.carrierconfig.xml
01-01 08:00:12.337 480 528 I SystemConfig: Reading permissions from /system_ext/etc/permissions/com.softwinner.screenshot.xml
01-01 08:00:12.339 480 528 I SystemConfig: Reading permissions from /system_ext/etc/permissions/privapp-settingssetup.xml
01-01 08:00:12.341 480 528 I SystemConfig: Reading permissions from /system_ext/etc/permissions/com.android.tv.settings.xml
01-01 08:00:12.343 480 480 I ActivityManager: Memory class: 256
01-01 08:00:12.345 480 528 I SystemConfig: Reading permissions from /system_ext/etc/permissions/com.android.storagemanager.xml
01-01 08:00:12.346 480 528 I SystemConfig: Reading permissions from /system_ext/etc/permissions/com.android.provision.xml
01-01 08:00:12.348 480 528 I SystemConfig: Reading permissions from /system_ext/etc/permissions/com.android.systemui.xml
01-01 08:00:12.351 480 541 I Binder : Setting heavy hitter watcher config: false, 0, 0.0
01-01 08:00:12.356 480 528 I SystemConfig: Reading permissions from /apex/com.android.ipsec/etc/permissions/android.net.ipsec.ike.xml
01-01 08:00:12.370 480 528 W SystemConfig: Failed to read public libraries file /vendor/etc/public.libraries.txt
01-01 08:00:12.370 480 528 W SystemConfig: java.io.FileNotFoundException: /vendor/etc/public.libraries.txt: open failed: ENOENT (No such file or directory)
01-01 08:00:12.370 480 528 W SystemConfig: at libcore.io.IoBridge.open(IoBridge.java:575)
01-01 08:00:12.370 480 528 W SystemConfig: at java.io.FileInputStream.(FileInputStream.java:160)
01-01 08:00:12.370 480 528 W SystemConfig: at java.io.FileReader.(FileReader.java:72)
01-01 08:00:12.370 480 528 W SystemConfig: at com.android.server.SystemConfig.readPublicLibrariesListFile(SystemConfig.java:1601)
01-01 08:00:12.370 480 528 W SystemConfig: at com.android.server.SystemConfig.readPublicNativeLibrariesList(SystemConfig.java:1583)
01-01 08:00:12.370 480 528 W SystemConfig: at com.android.server.SystemConfig.(SystemConfig.java:484)
01-01 08:00:12.370 480 528 W SystemConfig: at com.android.server.SystemConfig.getInstance(SystemConfig.java:272)
01-01 08:00:12.370 480 528 W SystemConfig: at com.android.server.SystemServer$$ExternalSyntheticLambda7.run(Unknown Source:0)
01-01 08:00:12.370 480 528 W SystemConfig: at com.android.server.SystemServerInitThreadPool.lambda$submitTask$0$SystemServerInitThreadPool(SystemServerInitThreadPool.java:105)
01-01 08:00:12.370 480 528 W SystemConfig: at com.android.server.SystemServerInitThreadPool$$ExternalSyntheticLambda0.run(Unknown Source:6)
01-01 08:00:12.370 480 528 W SystemConfig: at java.util.concurrent.Executors$RunnableAdapter.call(Executors.java:462)
01-01 08:00:12.370 480 528 W SystemConfig: at java.util.concurrent.FutureTask.run(FutureTask.java:266)
01-01 08:00:12.370 480 528 W SystemConfig: at java.util.concurrent.ThreadPoolExecutor.runWorker(ThreadPoolExecutor.java:1167)
01-01 08:00:12.370 480 528 W SystemConfig: at java.util.concurrent.ThreadPoolExecutor$Worker.run(ThreadPoolExecutor.java:641)
01-01 08:00:12.370 480 528 W SystemConfig: at com.android.internal.util.ConcurrentUtils$1$1.run(ConcurrentUtils.java:65)
01-01 08:00:12.370 480 528 W SystemConfig: Caused by: android.system.ErrnoException: open failed: ENOENT (No such file or directory)
01-01 08:00:12.370 480 528 W SystemConfig: at libcore.io.Linux.open(Native Method)
01-01 08:00:12.370 480 528 W SystemConfig: at libcore.io.ForwardingOs.open(ForwardingOs.java:567)
01-01 08:00:12.370 480 528 W SystemConfig: at libcore.io.BlockGuardOs.open(BlockGuardOs.java:273)
01-01 08:00:12.370 480 528 W SystemConfig: at libcore.io.IoBridge.open(IoBridge.java:561)
01-01 08:00:12.370 480 528 W SystemConfig: ... 14 more
01-01 08:00:12.371 480 528 D SystemServerInitThreadPool: Finished executing ReadingSystemConfig
01-01 08:00:12.389 186 186 I hwservicemanager: getTransport: Cannot find entry android.hardware.graphics.mapper@4.0::IMapper/default in either framework or device VINTF manifest.
01-01 08:00:12.390 518 531 I Gralloc4: mapper 4.x is not supported
01-01 08:00:12.390 186 186 I hwservicemanager: getTransport: Cannot find entry android.hardware.graphics.mapper@3.0::IMapper/default in either framework or device VINTF manifest.
01-01 08:00:12.392 518 531 W Gralloc3: mapper 3.x is not supported
01-01 08:00:12.399 518 531 E gralloc : Arm Module v1.0
01-01 08:00:12.400 186 186 I hwservicemanager: getTransport: Cannot find entry android.hardware.graphics.allocator@4.0::IAllocator/default in either framework or device VINTF manifest.
01-01 08:00:12.401 518 531 W Gralloc4: allocator 4.x is not supported
01-01 08:00:12.401 186 186 I hwservicemanager: getTransport: Cannot find entry android.hardware.graphics.allocator@3.0::IAllocator/default in either framework or device VINTF manifest.
01-01 08:00:12.401 518 531 W Gralloc3: allocator 3.x is not supported
01-01 08:00:12.406 261 261 I gralloc : alloc buffer:W:1920 H:1080 S:1920 PL[1920 1080] SZ:8294400 fmt:43 if:0 af:43 usg:20000b00 fg:00000004
01-01 08:00:12.407 518 531 E ion : ioctl c0044901 failed with code -1: Inappropriate ioctl for device
01-01 08:00:12.434 480 511 W Zygote : Class not found for preloading: android.view.SurfaceView$2
01-01 08:00:12.435 278 278 I SurfaceFlinger: Enter boot animation
01-01 08:00:12.437 480 480 D BatteryStatsImpl: Reading daily items from /data/system/batterystats-daily.xml
01-01 08:00:12.437 262 305 E ion : ioctl c0044901 failed with code -1: Inappropriate ioctl for device
01-01 08:00:12.443 381 381 I : DVI mode selected: packets not configured
01-01 08:00:12.443 381 381 I : Error: set vsif failed
01-01 08:00:12.472 186 186 I hwservicemanager: getTransport: Cannot find entry android.hardware.power.stats@1.0::IPowerStats/default in either framework or device VINTF manifest.
01-01 08:00:12.476 480 548 E BatteryStatsService: Unable to load Power.Stats.HAL. Setting rail availability to false
01-01 08:00:12.478 480 548 E BluetoothAdapter: Bluetooth binder is null
01-01 08:00:12.485 480 548 I KernelCpuUidFreqTimeReader: mPerClusterTimesAvailable=false
01-01 08:00:12.494 480 548 W KernelCpuUidFreqTimeBpfMapReader: Failed to start tracking
01-01 08:00:12.498 261 261 I gralloc : alloc buffer:W:1920 H:1080 S:1920 PL[1920 1080] SZ:8294400 fmt:43 if:0 af:43 usg:20000b00 fg:00000004
01-01 08:00:12.499 480 548 W KernelCpuProcStringReader: File not found. It's normal if not implemented: /proc/uid_time_in_state
01-01 08:00:12.499 480 548 W KernelCpuUidActiveTimeBpfMapReader: Failed to start tracking
01-01 08:00:12.500 480 548 W KernelCpuProcStringReader: File not found. It's normal if not implemented: /proc/uid_concurrent_active_time
01-01 08:00:12.508 480 548 W KernelCpuUidClusterTimeBpfMapReader: Failed to start tracking
01-01 08:00:12.509 480 548 W KernelCpuProcStringReader: File not found. It's normal if not implemented: /proc/uid_concurrent_policy_time
01-01 08:00:12.511 480 548 E KernelCpuSpeedReader: Failed to read cpu-freq: /sys/devices/system/cpu/cpu0/cpufreq/stats/time_in_state: open failed: ENOENT (No such file or directory)
01-01 08:00:12.511 480 548 E system_server: Cannot read thread CPU times for PID 480
01-01 08:00:12.512 208 208 I Binder:208_2: type=1400 audit(0.0:317): avc: denied { read } for name="event_count" dev="sysfs" ino=22115 scontext=u:r:system_suspend:s0 tcontext=u:object_r:sysfs:s0 tclass=file permissive=1
01-01 08:00:12.512 208 208 I Binder:208_2: type=1400 audit(0.0:318): avc: denied { open } for path="/sys/devices/platform/soc@3000000/7040000.s_cir/wakeup/wakeup4/event_count" dev="sysfs" ino=22115 scontext=u:r:system_suspend:s0 tcontext=u:object_r:sysfs:s0 tclass=file permissive=1
01-01 08:00:12.512 208 208 I Binder:208_2: type=1400 audit(0.0:319): avc: denied { getattr } for path="/sys/devices/platform/soc@3000000/7040000.s_cir/wakeup/wakeup4/event_count" dev="sysfs" ino=22115 scontext=u:r:system_suspend:s0 tcontext=u:object_r:sysfs:s0 tclass=file permissive=1
01-01 08:00:12.522 381 381 I : DVI mode selected: packets not configured
01-01 08:00:12.522 381 381 I : Error: set vsif failed
01-01 08:00:12.527 480 548 W KernelMemoryBandwidthStats: No kernel memory bandwidth stats available
01-01 08:00:12.572 381 381 I : DVI mode selected: packets not configured
01-01 08:00:12.572 381 381 I : Error: set vsif failed
01-01 08:00:12.622 381 381 I : DVI mode selected: packets not configured
01-01 08:00:12.622 381 381 I : Error: set vsif failed
01-01 08:00:12.674 381 381 I : DVI mode selected: packets not configured
01-01 08:00:12.674 381 381 I : Error: set vsif failed
01-01 08:00:12.684 480 511 I Zygote : ...preloaded 7337 classes in 1007ms.
01-01 08:00:12.685 480 510 I Zygote : Called ZygoteHooks.endPreload()
01-01 08:00:12.686 480 510 I Zygote : Installed AndroidKeyStoreProvider in 1ms.
01-01 08:00:12.703 480 510 I Zygote : Warmed up JCA providers in 17ms.
01-01 08:00:12.704 480 510 D Zygote : Zygote:ThreadPreadloadClass took 1030ms.
01-01 08:00:12.738 381 381 I : DVI mode selected: packets not configured
01-01 08:00:12.738 381 381 I : Error: set vsif failed
01-01 08:00:12.743 480 480 I IntentFirewall: Read new rules (A:0 B:0 S:0)
01-01 08:00:12.762 480 480 E libprocessgroup: Failed to open /dev/memcg/apps: Permission denied
01-01 08:00:12.766 480 480 D AppOps : AppOpsService published
01-01 08:00:12.768 480 480 I SystemServerTiming: StartDataLoaderManagerService
01-01 08:00:12.768 480 480 I SystemServiceManager: Starting com.android.server.pm.DataLoaderManagerService
01-01 08:00:12.772 480 480 I SystemServerTiming: StartIncrementalService
01-01 08:00:12.777 480 480 I incfs-mounts: [incfs] Loaded incremental-fs mount info: 0 instances, 0 mount points
01-01 08:00:12.779 480 480 I SystemServerTiming: StartPowerManager
01-01 08:00:12.779 480 480 I SystemServiceManager: Starting com.android.server.power.PowerManagerService
01-01 08:00:12.789 381 381 I : DVI mode selected: packets not configured
01-01 08:00:12.789 381 381 I : Error: set vsif failed
01-01 08:00:12.795 185 185 I servicemanager: Found android.hardware.power.IPower/default in device VINTF manifest.
01-01 08:00:12.802 186 186 I hw-BpHwBinder: onLastStrongRef automatically unlinking death recipients
01-01 08:00:12.804 267 267 I AW_PowerHAL: Power setMode: INTERACTIVE to: 1
01-01 08:00:12.804 267 267 I AW_PowerHAL: not completed yet, ignore mode request other
01-01 08:00:12.804 267 267 I AW_PowerHAL: check: Mode 0 not Supported ,do nothing
01-01 08:00:12.807 480 480 I SystemServerTiming: StartThermalManager
01-01 08:00:12.807 480 480 I SystemServiceManager: Starting com.android.server.power.ThermalManagerService
01-01 08:00:12.809 480 480 I SystemServerTiming: StartHintManager
01-01 08:00:12.810 480 480 I SystemServiceManager: Starting com.android.server.power.hint.HintManagerService
01-01 08:00:12.813 480 480 E PowerHalController: getHintSessionPreferredRate failed: Status(-129, EX_TRANSACTION_FAILED): 'UNKNOWN_TRANSACTION: '
01-01 08:00:12.815 480 480 I SystemServerTiming: InitPowerManagement
01-01 08:00:12.820 480 480 I SystemServerTiming: StartRecoverySystemService
01-01 08:00:12.820 480 480 I SystemServiceManager: Starting com.android.server.recoverysystem.RecoverySystemService$Lifecycle
01-01 08:00:12.825 480 480 I PackageWatchdog: Syncing state, reason: added new observer
01-01 08:00:12.825 480 480 I PackageWatchdog: Not pruning observers, elapsed time: 0ms
01-01 08:00:12.826 480 540 I PackageWatchdog: Saving observer state to file
01-01 08:00:12.827 480 480 I PackageWatchdog: Cancelling state sync, nothing to sync
01-01 08:00:12.835 480 480 I SystemServerTiming: StartLightsService
01-01 08:00:12.835 480 480 I SystemServiceManager: Starting com.android.server.lights.LightsService
01-01 08:00:12.839 185 185 I servicemanager: Found android.hardware.light.ILights/default in device VINTF manifest.
01-01 08:00:12.839 381 381 I : DVI mode selected: packets not configured
01-01 08:00:12.839 381 381 I : Error: set vsif failed
01-01 08:00:12.841 266 266 I android.hardware.lights-service: Lights reporting supported lights size=1
01-01 08:00:12.844 480 480 I SystemServerTiming: StartSidekickService
01-01 08:00:12.844 480 480 I SystemServerTiming: StartDisplayManager
01-01 08:00:12.844 480 480 I SystemServiceManager: Starting com.android.server.display.DisplayManagerService
01-01 08:00:12.862 278 332 E HWComposer: getSupportedContentTypes: getSupportedContentTypes failed for display 0: Unsupported (8)
01-01 08:00:12.862 480 480 I SystemServerTiming: WaitForDisplay
01-01 08:00:12.862 480 480 I SystemServiceManager: Starting phase 100
01-01 08:00:12.862 480 480 I SystemServerTiming: OnBootPhase_100
01-01 08:00:12.877 480 524 I DisplayDeviceRepository: Display device added: DisplayDeviceInfo{"内置屏幕": uniqueId="local:0", 1920 x 1080, modeId 1, defaultModeId 1, supportedModes [{id=1, width=1920, height=1080, fps=60.000004, alternativeRefreshRates=[]}], colorMode 0, supportedColorModes [0], hdrCapabilities HdrCapabilities{mSupportedHdrTypes=[2, 3], mMaxLuminance=500.0, mMaxAverageLuminance=500.0, mMinLuminance=0.0}, allmSupported false, gameContentTypeSupported false, density 240, 0.16 x 0.16 dpi, appVsyncOff 1000000, presDeadline 16666666, touch INTERNAL, rotation 0, type INTERNAL, address {port=0}, deviceProductInfo null, state UNKNOWN, frameRateOverride , brightnessMinimum 0.0, brightnessMaximum 1.0, brightnessDefault 0.39763778, FLAG_DEFAULT_DISPLAY, FLAG_ROTATES_WITH_CONTENT, FLAG_SECURE, FLAG_SUPPORTS_PROTECTED_BUFFERS}
01-01 08:00:12.879 480 524 I LogicalDisplayMapper: Applying layout: [{addr: {port=0}, dispId: 0(ON)}], Previous layout: null
01-01 08:00:12.881 480 524 I LogicalDisplayMapper: Adding new display: 0: DisplayInfo{"内置屏幕", displayId 0", displayGroupId -1, FLAG_SECURE, FLAG_SUPPORTS_PROTECTED_BUFFERS, FLAG_TRUSTED, real 1920 x 1080, largest app 1920 x 1080, smallest app 1920 x 1080, appVsyncOff 1000000, presDeadline 16666666, mode 1, defaultMode 1, modes [{id=1, width=1920, height=1080, fps=60.000004, alternativeRefreshRates=[]}], hdrCapabilities HdrCapabilities{mSupportedHdrTypes=[2, 3], mMaxLuminance=500.0, mMaxAverageLuminance=500.0, mMinLuminance=0.0}, userDisabledHdrTypes [], minimalPostProcessingSupported false, rotation 0, state UNKNOWN, type INTERNAL, uniqueId "local:0", app 1920 x 1080, density 240 (0.16 x 0.16) dpi, layerStack 0, colorMode 0, supportedColorModes [0], address {port=0}, deviceProductInfo null, removeMode 0, refreshRateOverride 0.0, brightnessMinimum 0.0, brightnessMaximum 1.0, brightnessDefault 0.39763778}
01-01 08:00:12.881 480 524 I LogicalDisplayMapper: Setting new display group 0 for display 0, from previous group: null
01-01 08:00:12.883 480 480 I SystemServerTiming: StartDomainVerificationService
01-01 08:00:12.891 381 381 I : DVI mode selected: packets not configured
01-01 08:00:12.891 381 381 I : Error: set vsif failed
01-01 08:00:12.909 480 480 I SystemServerTiming: StartPackageManagerService
01-01 08:00:12.909 480 480 I Watchdog: Pausing HandlerChecker: main thread for reason: packagemanagermain. Pause count: 1
01-01 08:00:12.916 480 480 I PackageManagerTiming: create package manager
01-01 08:00:12.926 480 480 E PackageManager: /oem/delete.txt not exist
01-01 08:00:12.926 480 480 I PackageManagerTiming: createSubComponents
01-01 08:00:12.955 381 381 I : DVI mode selected: packets not configured
01-01 08:00:12.955 381 381 I : Error: set vsif failed
01-01 08:00:12.963 480 480 I PackageManagerTiming: addSharedUsers
01-01 08:00:12.967 480 480 I PackageManagerTiming: get system config
01-01 08:00:12.970 480 480 D PackageManager: Directories scanned as system partitions: [/system:0, /vendor:524288, /odm:4194304, /oem:262144, /product:1048576, /system/system_ext:2097152, /apex/com.android.wifi:8388608, /apex/com.android.vndk.v31:8388608, /apex/com.android.tzdata:8388608, /apex/com.android.tethering:8388608, /apex/com.android.sdkext:8388608, /apex/com.android.scheduling:8388608, /apex/com.android.runtime:8388608, /apex/com.android.resolv:8388608, /apex/com.android.permission:8388608, /apex/com.android.os.statsd:8388608, /apex/com.android.neuralnetworks:8388608, /apex/com.android.mediaprovider:8388608, /apex/com.android.media.swcodec:8388608, /apex/com.android.media:8388608, /apex/com.android.ipsec:8388608, /apex/com.android.i18n:8388608, /apex/com.android.extservices:8388608, /apex/com.android.conscrypt:8388608, /apex/com.android.art:8388608, /apex/com.android.appsearch:8388608, /apex/com.android.adbd:8388608]
01-01 08:00:12.974 480 480 D SELinuxMMAC: Using policy file /system/etc/selinux/plat_mac_permissions.xml
01-01 08:00:12.979 480 480 D SELinuxMMAC: Using policy file /system_ext/etc/selinux/system_ext_mac_permissions.xml
01-01 08:00:12.981 480 480 D SELinuxMMAC: Using policy file /vendor/etc/selinux/vendor_mac_permissions.xml
01-01 08:00:12.983 480 480 I PackageManagerTiming: loadFallbacks
01-01 08:00:12.986 480 480 D FallbackCategoryProvider: Found 1 fallback categories
01-01 08:00:12.986 480 480 I PackageManagerTiming: read user settings
01-01 08:00:13.012 480 520 D SystemServerInitThreadPool: Finished executing loadPreinstalledSystemFontMap
01-01 08:00:13.196 480 480 W android.permission.PermissionManager: Missing ActivityManager; assuming 1000 holds android.permission.SET_PREFERRED_APPLICATIONS
01-01 08:00:13.197 480 480 W android.permission.PermissionManager: Missing ActivityManager; assuming 1000 holds android.permission.SET_PREFERRED_APPLICATIONS
01-01 08:00:13.197 480 480 W android.permission.PermissionManager: Missing ActivityManager; assuming 1000 holds android.permission.SET_PREFERRED_APPLICATIONS
01-01 08:00:13.197 480 480 W android.permission.PermissionManager: Missing ActivityManager; assuming 1000 holds android.permission.SET_PREFERRED_APPLICATIONS
01-01 08:00:13.197 480 480 W android.permission.PermissionManager: Missing ActivityManager; assuming 1000 holds android.permission.SET_PREFERRED_APPLICATIONS
01-01 08:00:13.197 480 480 W android.permission.PermissionManager: Missing ActivityManager; assuming 1000 holds android.permission.SET_PREFERRED_APPLICATIONS
01-01 08:00:13.198 480 480 W android.permission.PermissionManager: Missing ActivityManager; assuming 1000 holds android.permission.SET_PREFERRED_APPLICATIONS
01-01 08:00:13.198 480 480 W android.permission.PermissionManager: Missing ActivityManager; assuming 1000 holds android.permission.SET_PREFERRED_APPLICATIONS
01-01 08:00:13.198 480 480 W android.permission.PermissionManager: Missing ActivityManager; assuming 1000 holds android.permission.SET_PREFERRED_APPLICATIONS
01-01 08:00:13.198 480 480 W android.permission.PermissionManager: Missing ActivityManager; assuming 1000 holds android.permission.SET_PREFERRED_APPLICATIONS
01-01 08:00:13.199 480 480 W android.permission.PermissionManager: Missing ActivityManager; assuming 1000 holds android.permission.SET_PREFERRED_APPLICATIONS
01-01 08:00:13.199 480 480 W android.permission.PermissionManager: Missing ActivityManager; assuming 1000 holds android.permission.SET_PREFERRED_APPLICATIONS
01-01 08:00:13.199 480 480 W android.permission.PermissionManager: Missing ActivityManager; assuming 1000 holds android.permission.SET_PREFERRED_APPLICATIONS
01-01 08:00:13.200 480 480 W android.permission.PermissionManager: Missing ActivityManager; assuming 1000 holds android.permission.SET_PREFERRED_APPLICATIONS
01-01 08:00:13.200 480 480 W android.permission.PermissionManager: Missing ActivityManager; assuming 1000 holds android.permission.SET_PREFERRED_APPLICATIONS
01-01 08:00:13.200 480 480 W android.permission.PermissionManager: Missing ActivityManager; assuming 1000 holds android.permission.SET_PREFERRED_APPLICATIONS
01-01 08:00:13.200 480 480 W android.permission.PermissionManager: Missing ActivityManager; assuming 1000 holds android.permission.SET_PREFERRED_APPLICATIONS
01-01 08:00:13.200 480 480 W android.permission.PermissionManager: Missing ActivityManager; assuming 1000 holds android.permission.SET_PREFERRED_APPLICATIONS
01-01 08:00:13.201 480 480 W android.permission.PermissionManager: Missing ActivityManager; assuming 1000 holds android.permission.SET_PREFERRED_APPLICATIONS
01-01 08:00:13.201 480 480 W android.permission.PermissionManager: Missing ActivityManager; assuming 1000 holds android.permission.SET_PREFERRED_APPLICATIONS
01-01 08:00:13.201 480 480 W android.permission.PermissionManager: Missing ActivityManager; assuming 1000 holds android.permission.SET_PREFERRED_APPLICATIONS
01-01 08:00:13.201 480 480 W android.permission.PermissionManager: Missing ActivityManager; assuming 1000 holds android.permission.SET_PREFERRED_APPLICATIONS
01-01 08:00:13.202 480 480 W android.permission.PermissionManager: Missing ActivityManager; assuming 1000 holds android.permission.SET_PREFERRED_APPLICATIONS
01-01 08:00:13.202 480 480 W android.permission.PermissionManager: Missing ActivityManager; assuming 1000 holds android.permission.SET_PREFERRED_APPLICATIONS
01-01 08:00:13.202 480 480 W android.permission.PermissionManager: Missing ActivityManager; assuming 1000 holds android.permission.SET_PREFERRED_APPLICATIONS
01-01 08:00:13.202 480 480 W android.permission.PermissionManager: Missing ActivityManager; assuming 1000 holds android.permission.SET_PREFERRED_APPLICATIONS
01-01 08:00:13.203 480 480 W android.permission.PermissionManager: Missing ActivityManager; assuming 1000 holds android.permission.SET_PREFERRED_APPLICATIONS
01-01 08:00:13.203 480 480 W android.permission.PermissionManager: Missing ActivityManager; assuming 1000 holds android.permission.SET_PREFERRED_APPLICATIONS
01-01 08:00:13.203 480 480 W android.permission.PermissionManager: Missing ActivityManager; assuming 1000 holds android.permission.SET_PREFERRED_APPLICATIONS
01-01 08:00:13.203 480 480 W android.permission.PermissionManager: Missing ActivityManager; assuming 1000 holds android.permission.SET_PREFERRED_APPLICATIONS
01-01 08:00:13.203 480 480 W android.permission.PermissionManager: Missing ActivityManager; assuming 1000 holds android.permission.SET_PREFERRED_APPLICATIONS
01-01 08:00:13.204 480 480 W android.permission.PermissionManager: Missing ActivityManager; assuming 1000 holds android.permission.SET_PREFERRED_APPLICATIONS
01-01 08:00:13.204 480 480 W android.permission.PermissionManager: Missing ActivityManager; assuming 1000 holds android.permission.SET_PREFERRED_APPLICATIONS
01-01 08:00:13.204 480 480 W android.permission.PermissionManager: Missing ActivityManager; assuming 1000 holds android.permission.SET_PREFERRED_APPLICATIONS
01-01 08:00:13.204 480 480 W android.permission.PermissionManager: Missing ActivityManager; assuming 1000 holds android.permission.SET_PREFERRED_APPLICATIONS
01-01 08:00:13.205 480 480 W android.permission.PermissionManager: Missing ActivityManager; assuming 1000 holds android.permission.SET_PREFERRED_APPLICATIONS
01-01 08:00:13.205 480 480 W android.permission.PermissionManager: Missing ActivityManager; assuming 1000 holds android.permission.SET_PREFERRED_APPLICATIONS
01-01 08:00:13.205 480 480 W android.permission.PermissionManager: Missing ActivityManager; assuming 1000 holds android.permission.SET_PREFERRED_APPLICATIONS
01-01 08:00:13.205 480 480 W android.permission.PermissionManager: Missing ActivityManager; assuming 1000 holds android.permission.SET_PREFERRED_APPLICATIONS
01-01 08:00:13.206 480 480 W android.permission.PermissionManager: Missing ActivityManager; assuming 1000 holds android.permission.SET_PREFERRED_APPLICATIONS
01-01 08:00:13.206 480 480 W android.permission.PermissionManager: Missing ActivityManager; assuming 1000 holds android.permission.SET_PREFERRED_APPLICATIONS
01-01 08:00:13.206 480 480 W android.permission.PermissionManager: Missing ActivityManager; assuming 1000 holds android.permission.SET_PREFERRED_APPLICATIONS
01-01 08:00:13.206 480 480 W android.permission.PermissionManager: Missing ActivityManager; assuming 1000 holds android.permission.SET_PREFERRED_APPLICATIONS
01-01 08:00:13.206 480 480 W android.permission.PermissionManager: Missing ActivityManager; assuming 1000 holds android.permission.SET_PREFERRED_APPLICATIONS
01-01 08:00:13.207 480 480 W android.permission.PermissionManager: Missing ActivityManager; assuming 1000 holds android.permission.SET_PREFERRED_APPLICATIONS
01-01 08:00:13.207 480 480 W android.permission.PermissionManager: Missing ActivityManager; assuming 1000 holds android.permission.SET_PREFERRED_APPLICATIONS
01-01 08:00:13.207 480 480 W android.permission.PermissionManager: Missing ActivityManager; assuming 1000 holds android.permission.SET_PREFERRED_APPLICATIONS
01-01 08:00:13.207 480 480 W android.permission.PermissionManager: Missing ActivityManager; assuming 1000 holds android.permission.SET_PREFERRED_APPLICATIONS
01-01 08:00:13.208 480 480 W android.permission.PermissionManager: Missing ActivityManager; assuming 1000 holds android.permission.SET_PREFERRED_APPLICATIONS
01-01 08:00:13.208 480 480 W android.permission.PermissionManager: Missing ActivityManager; assuming 1000 holds android.permission.SET_PREFERRED_APPLICATIONS
01-01 08:00:13.208 480 480 W android.permission.PermissionManager: Missing ActivityManager; assuming 1000 holds android.permission.SET_PREFERRED_APPLICATIONS
01-01 08:00:13.208 480 480 W android.permission.PermissionManager: Missing ActivityManager; assuming 1000 holds android.permission.SET_PREFERRED_APPLICATIONS
01-01 08:00:13.209 480 480 W android.permission.PermissionManager: Missing ActivityManager; assuming 1000 holds android.permission.SET_PREFERRED_APPLICATIONS
01-01 08:00:13.209 480 480 W android.permission.PermissionManager: Missing ActivityManager; assuming 1000 holds android.permission.SET_PREFERRED_APPLICATIONS
01-01 08:00:13.209 480 480 W android.permission.PermissionManager: Missing ActivityManager; assuming 1000 holds android.permission.SET_PREFERRED_APPLICATIONS
01-01 08:00:13.209 480 480 W android.permission.PermissionManager: Missing ActivityManager; assuming 1000 holds android.permission.SET_PREFERRED_APPLICATIONS
01-01 08:00:13.209 480 480 W android.permission.PermissionManager: Missing ActivityManager; assuming 1000 holds android.permission.SET_PREFERRED_APPLICATIONS
01-01 08:00:13.210 480 480 W android.permission.PermissionManager: Missing ActivityManager; assuming 1000 holds android.permission.SET_PREFERRED_APPLICATIONS
01-01 08:00:13.210 480 480 W android.permission.PermissionManager: Missing ActivityManager; assuming 1000 holds android.permission.SET_PREFERRED_APPLICATIONS
01-01 08:00:13.210 480 480 W android.permission.PermissionManager: Missing ActivityManager; assuming 1000 holds android.permission.SET_PREFERRED_APPLICATIONS
01-01 08:00:13.210 480 480 W android.permission.PermissionManager: Missing ActivityManager; assuming 1000 holds android.permission.SET_PREFERRED_APPLICATIONS
01-01 08:00:13.210 480 480 W android.permission.PermissionManager: Missing ActivityManager; assuming 1000 holds android.permission.SET_PREFERRED_APPLICATIONS
01-01 08:00:13.211 480 480 W android.permission.PermissionManager: Missing ActivityManager; assuming 1000 holds android.permission.SET_PREFERRED_APPLICATIONS
01-01 08:00:13.211 480 480 W android.permission.PermissionManager: Missing ActivityManager; assuming 1000 holds android.permission.SET_PREFERRED_APPLICATIONS
01-01 08:00:13.211 480 480 W android.permission.PermissionManager: Missing ActivityManager; assuming 1000 holds android.permission.SET_PREFERRED_APPLICATIONS
01-01 08:00:13.211 480 480 W android.permission.PermissionManager: Missing ActivityManager; assuming 1000 holds android.permission.SET_PREFERRED_APPLICATIONS
01-01 08:00:13.212 480 480 W android.permission.PermissionManager: Missing ActivityManager; assuming 1000 holds android.permission.SET_PREFERRED_APPLICATIONS
01-01 08:00:13.212 480 480 W android.permission.PermissionManager: Missing ActivityManager; assuming 1000 holds android.permission.SET_PREFERRED_APPLICATIONS
01-01 08:00:13.212 480 480 W android.permission.PermissionManager: Missing ActivityManager; assuming 1000 holds android.permission.SET_PREFERRED_APPLICATIONS
01-01 08:00:13.212 480 480 W android.permission.PermissionManager: Missing ActivityManager; assuming 1000 holds android.permission.SET_PREFERRED_APPLICATIONS
01-01 08:00:13.213 480 480 W android.permission.PermissionManager: Missing ActivityManager; assuming 1000 holds android.permission.SET_PREFERRED_APPLICATIONS
01-01 08:00:13.213 480 480 W android.permission.PermissionManager: Missing ActivityManager; assuming 1000 holds android.permission.SET_PREFERRED_APPLICATIONS
01-01 08:00:13.213 480 480 W android.permission.PermissionManager: Missing ActivityManager; assuming 1000 holds android.permission.SET_PREFERRED_APPLICATIONS
01-01 08:00:13.213 480 480 W android.permission.PermissionManager: Missing ActivityManager; assuming 1000 holds android.permission.SET_PREFERRED_APPLICATIONS
01-01 08:00:13.213 480 480 W android.permission.PermissionManager: Missing ActivityManager; assuming 1000 holds android.permission.SET_PREFERRED_APPLICATIONS
01-01 08:00:13.214 480 480 W android.permission.PermissionManager: Missing ActivityManager; assuming 1000 holds android.permission.SET_PREFERRED_APPLICATIONS
01-01 08:00:13.214 480 480 W android.permission.PermissionManager: Missing ActivityManager; assuming 1000 holds android.permission.SET_PREFERRED_APPLICATIONS
01-01 08:00:13.214 480 480 W android.permission.PermissionManager: Missing ActivityManager; assuming 1000 holds android.permission.SET_PREFERRED_APPLICATIONS
01-01 08:00:13.214 480 480 W android.permission.PermissionManager: Missing ActivityManager; assuming 1000 holds android.permission.SET_PREFERRED_APPLICATIONS
01-01 08:00:13.214 480 480 W android.permission.PermissionManager: Missing ActivityManager; assuming 1000 holds android.permission.SET_PREFERRED_APPLICATIONS
01-01 08:00:13.215 480 480 W android.permission.PermissionManager: Missing ActivityManager; assuming 1000 holds android.permission.SET_PREFERRED_APPLICATIONS
01-01 08:00:13.215 480 480 W android.permission.PermissionManager: Missing ActivityManager; assuming 1000 holds android.permission.SET_PREFERRED_APPLICATIONS
01-01 08:00:13.215 480 480 W android.permission.PermissionManager: Missing ActivityManager; assuming 1000 holds android.permission.SET_PREFERRED_APPLICATIONS
01-01 08:00:13.215 480 480 W android.permission.PermissionManager: Missing ActivityManager; assuming 1000 holds android.permission.SET_PREFERRED_APPLICATIONS
01-01 08:00:13.216 480 480 W android.permission.PermissionManager: Missing ActivityManager; assuming 1000 holds android.permission.SET_PREFERRED_APPLICATIONS
01-01 08:00:13.216 480 480 W android.permission.PermissionManager: Missing ActivityManager; assuming 1000 holds android.permission.SET_PREFERRED_APPLICATIONS
01-01 08:00:13.216 480 480 W android.permission.PermissionManager: Missing ActivityManager; assuming 1000 holds android.permission.SET_PREFERRED_APPLICATIONS
01-01 08:00:13.216 480 480 W android.permission.PermissionManager: Missing ActivityManager; assuming 1000 holds android.permission.SET_PREFERRED_APPLICATIONS
01-01 08:00:13.217 480 480 W android.permission.PermissionManager: Missing ActivityManager; assuming 1000 holds android.permission.SET_PREFERRED_APPLICATIONS
01-01 08:00:13.217 480 480 W android.permission.PermissionManager: Missing ActivityManager; assuming 1000 holds android.permission.SET_PREFERRED_APPLICATIONS
01-01 08:00:13.217 480 480 W android.permission.PermissionManager: Missing ActivityManager; assuming 1000 holds android.permission.SET_PREFERRED_APPLICATIONS
01-01 08:00:13.217 480 480 W android.permission.PermissionManager: Missing ActivityManager; assuming 1000 holds android.permission.SET_PREFERRED_APPLICATIONS
01-01 08:00:13.217 480 480 W android.permission.PermissionManager: Missing ActivityManager; assuming 1000 holds android.permission.SET_PREFERRED_APPLICATIONS
01-01 08:00:13.218 480 480 W android.permission.PermissionManager: Missing ActivityManager; assuming 1000 holds android.permission.SET_PREFERRED_APPLICATIONS
01-01 08:00:13.218 480 480 W android.permission.PermissionManager: Missing ActivityManager; assuming 1000 holds android.permission.SET_PREFERRED_APPLICATIONS
01-01 08:00:13.218 480 480 W android.permission.PermissionManager: Missing ActivityManager; assuming 1000 holds android.permission.SET_PREFERRED_APPLICATIONS
01-01 08:00:13.218 480 480 W android.permission.PermissionManager: Missing ActivityManager; assuming 1000 holds android.permission.SET_PREFERRED_APPLICATIONS
01-01 08:00:13.219 480 480 W android.permission.PermissionManager: Missing ActivityManager; assuming 1000 holds android.permission.SET_PREFERRED_APPLICATIONS
01-01 08:00:13.219 480 480 W android.permission.PermissionManager: Missing ActivityManager; assuming 1000 holds android.permission.SET_PREFERRED_APPLICATIONS
01-01 08:00:13.219 480 480 W android.permission.PermissionManager: Missing ActivityManager; assuming 1000 holds android.permission.SET_PREFERRED_APPLICATIONS
01-01 08:00:13.219 480 480 W android.permission.PermissionManager: Missing ActivityManager; assuming 1000 holds android.permission.SET_PREFERRED_APPLICATIONS
01-01 08:00:13.219 480 480 W android.permission.PermissionManager: Missing ActivityManager; assuming 1000 holds android.permission.SET_PREFERRED_APPLICATIONS
01-01 08:00:13.220 480 480 W android.permission.PermissionManager: Missing ActivityManager; assuming 1000 holds android.permission.SET_PREFERRED_APPLICATIONS
01-01 08:00:13.220 480 480 W android.permission.PermissionManager: Missing ActivityManager; assuming 1000 holds android.permission.SET_PREFERRED_APPLICATIONS
01-01 08:00:13.220 480 480 W android.permission.PermissionManager: Missing ActivityManager; assuming 1000 holds android.permission.SET_PREFERRED_APPLICATIONS
01-01 08:00:13.220 480 480 W android.permission.PermissionManager: Missing ActivityManager; assuming 1000 holds android.permission.SET_PREFERRED_APPLICATIONS
01-01 08:00:13.221 480 480 W android.permission.PermissionManager: Missing ActivityManager; assuming 1000 holds android.permission.SET_PREFERRED_APPLICATIONS
01-01 08:00:13.221 480 480 W android.permission.PermissionManager: Missing ActivityManager; assuming 1000 holds android.permission.SET_PREFERRED_APPLICATIONS
01-01 08:00:13.221 480 480 W android.permission.PermissionManager: Missing ActivityManager; assuming 1000 holds android.permission.SET_PREFERRED_APPLICATIONS
01-01 08:00:13.221 480 480 W android.permission.PermissionManager: Missing ActivityManager; assuming 1000 holds android.permission.SET_PREFERRED_APPLICATIONS
01-01 08:00:13.222 480 480 W android.permission.PermissionManager: Missing ActivityManager; assuming 1000 holds android.permission.SET_PREFERRED_APPLICATIONS
01-01 08:00:13.222 480 480 W android.permission.PermissionManager: Missing ActivityManager; assuming 1000 holds android.permission.SET_PREFERRED_APPLICATIONS
01-01 08:00:13.222 480 480 W android.permission.PermissionManager: Missing ActivityManager; assuming 1000 holds android.permission.SET_PREFERRED_APPLICATIONS
01-01 08:00:13.222 480 480 W android.permission.PermissionManager: Missing ActivityManager; assuming 1000 holds android.permission.SET_PREFERRED_APPLICATIONS
01-01 08:00:13.222 480 480 W android.permission.PermissionManager: Missing ActivityManager; assuming 1000 holds android.permission.SET_PREFERRED_APPLICATIONS
01-01 08:00:13.223 480 480 W android.permission.PermissionManager: Missing ActivityManager; assuming 1000 holds android.permission.SET_PREFERRED_APPLICATIONS
01-01 08:00:13.223 480 480 W android.permission.PermissionManager: Missing ActivityManager; assuming 1000 holds android.permission.SET_PREFERRED_APPLICATIONS
01-01 08:00:13.223 480 480 W android.permission.PermissionManager: Missing ActivityManager; assuming 1000 holds android.permission.SET_PREFERRED_APPLICATIONS
01-01 08:00:13.224 480 480 W android.permission.PermissionManager: Missing ActivityManager; assuming 1000 holds android.permission.SET_PREFERRED_APPLICATIONS
01-01 08:00:13.225 480 480 W android.permission.PermissionManager: Missing ActivityManager; assuming 1000 holds android.permission.SET_PREFERRED_APPLICATIONS
01-01 08:00:13.226 480 480 W android.permission.PermissionManager: Missing ActivityManager; assuming 1000 holds android.permission.SET_PREFERRED_APPLICATIONS
01-01 08:00:13.228 480 480 W android.permission.PermissionManager: Missing ActivityManager; assuming 1000 holds android.permission.SET_PREFERRED_APPLICATIONS
01-01 08:00:13.230 480 480 W android.permission.PermissionManager: Missing ActivityManager; assuming 1000 holds android.permission.SET_PREFERRED_APPLICATIONS
01-01 08:00:13.258 480 480 W PackageSettings: Missing permission state for package: com.android.cts.priv.ctsshim
01-01 08:00:13.259 480 480 W PackageSettings: Missing permission state for package: com.android.internal.systemui.navbar.gestural_wide_back
01-01 08:00:13.259 480 480 W PackageSettings: Missing permission state for package: com.softwinner.awlogsettings
01-01 08:00:13.259 480 480 W PackageSettings: Missing permission state for package: com.android.htmlviewer
01-01 08:00:13.259 480 480 W PackageSettings: Missing permission state for package: com.android.internal.systemui.onehanded.gestural
01-01 08:00:13.259 480 480 W PackageSettings: Missing permission state for package: com.android.simappdialog
01-01 08:00:13.259 480 480 W PackageSettings: Missing permission state for package: com.android.connectivity.resources
01-01 08:00:13.259 480 480 W PackageSettings: Missing permission state for package: com.android.modulemetadata
01-01 08:00:13.259 480 480 W PackageSettings: Missing permission state for package: com.google.android.apps.searchlite.overlay
01-01 08:00:13.259 480 480 W PackageSettings: Missing permission state for package: com.android.internal.systemui.navbar.threebutton
01-01 08:00:13.259 480 480 W PackageSettings: Missing permission state for package: com.google.android.networkstackconfig
01-01 08:00:13.260 480 480 W PackageSettings: Missing permission state for package: com.android.internal.systemui.navbar.gestural_extra_wide_back
01-01 08:00:13.260 480 480 W PackageSettings: Missing permission state for package: com.android.dreams.basic
01-01 08:00:13.261 480 480 W PackageSettings: Missing permission state for package: android.ext.shared
01-01 08:00:13.261 480 480 W PackageSettings: Missing permission state for package: com.google.android.networkstack.tetheringconfig
01-01 08:00:13.261 480 480 W PackageSettings: Missing permission state for package: com.android.wifi.resources
01-01 08:00:13.261 480 480 W PackageSettings: Missing permission state for package: com.android.theme.font.notoserifsource
01-01 08:00:13.261 480 480 W PackageSettings: Missing permission state for package: com.allwinnertech.packageoverride
01-01 08:00:13.261 480 480 W PackageSettings: Missing permission state for package: com.android.bookmarkprovider
01-01 08:00:13.261 480 480 W PackageSettings: Missing permission state for package: com.android.cts.ctsshim
01-01 08:00:13.261 480 480 W PackageSettings: Missing permission state for package: com.softwinner.theme.icon
01-01 08:00:13.262 480 480 W PackageSettings: Missing permission state for package: com.softwinner.theme.color
01-01 08:00:13.262 480 480 W PackageSettings: Missing permission state for package: com.android.internal.systemui.navbar.gestural
01-01 08:00:13.262 480 480 W PackageSettings: Missing permission state for package: com.android.internal.systemui.navbar.gestural_narrow_back
01-01 08:00:13.263 480 480 W PackageSettings: Missing permission state for package: android.auto_generated_rro_vendor__
01-01 08:00:13.264 480 480 W PackageSettings: Missing permission state for shared user: android.uid.log
01-01 08:00:13.264 480 480 W PackageSettings: Missing permission state for shared user: android.uid.nfc
01-01 08:00:13.264 480 480 W PackageSettings: Missing permission state for shared user: android.uid.uwb
01-01 08:00:13.273 480 480 D PackageManager: Keeping known cache 3dc8b134d3d58551e214cac5814125e8c098fd06
01-01 08:00:13.275 480 480 D PackageManager: No files in app dir /system/system_ext/overlay
01-01 08:00:13.283 480 480 I PackageBackwardCompatibility: Loaded android.content.pm.AndroidTestBaseUpdater
01-01 08:00:13.287 480 480 D CompatibilityChangeReporter: Compat change id reported: 143539591; UID -1; state: ENABLED
01-01 08:00:13.310 480 480 D PackageManager: No files in app dir /oem/overlay
01-01 08:00:13.310 480 480 D PackageManager: No files in app dir /odm/overlay
01-01 08:00:13.320 480 480 W PackageManager: Failed to parse /system/framework/arm: Missing base APK in /system/framework/arm
01-01 08:00:13.320 480 480 W PackageManager: Failed to parse /system/framework/oat: Missing base APK in /system/framework/oat/arm
01-01 08:00:13.406 246 246 W ServiceManager: Service statscompanion didn't start. Returning NULL
