06-25 14:28:40.394 480 812 W InputManager-JNI: Input channel object '45df8cd com.dangbei.lerad.etna.haqu (client)' was disposed without first being removed with the input manager!
06-25 14:28:40.405 248 248 D Zygote : Forked child process 3082
06-25 14:28:40.407 480 542 I ActivityManager: app.processName = com.dangbei.haqusetting
06-25 14:28:40.407 480 542 I ActivityManager: Start proc 3082:com.dangbei.haqusetting/1000 for pre-top-activity {com.dangbei.haqusetting/com.dangbei.haqusetting.ui.HomeActivity}
06-25 14:28:40.423 3082 3082 I Zygote : seccomp disabled by setenforce 0
06-25 14:28:40.428 480 542 W ActivityManager: Slow operation: 60ms so far, now at startProcess: starting to update pids map
06-25 14:28:40.439 480 542 W ActivityManager: Slow operation: 72ms so far, now at startProcess: done updating pids map
06-25 14:28:40.444 2649 2649 I queued-work-loo: type=1400 audit(0.0:1307): avc: denied { search } for name="com.dangbei.screencast" dev="mmcblk0p25" ino=891 scontext=u:r:platform_app:s0:c512,c768 tcontext=u:object_r:app_data_file:s0:c512,c768 tclass=dir permissive=1 app=com.dangbei.screencast
06-25 14:28:40.452 2649 2649 I queued-work-loo: type=1400 audit(0.0:1308): avc: denied { write } for name="shared_prefs" dev="mmcblk0p25" ino=1887 scontext=u:r:platform_app:s0:c512,c768 tcontext=u:object_r:app_data_file:s0:c512,c768 tclass=dir permissive=1 app=com.dangbei.screencast
01-01 08:00:44.311 2722 2722 W audit : audit_lost=763 audit_rate_limit=5 audit_backlog_limit=64
01-01 08:00:44.311 2722 2722 E audit : rate limit exceeded
06-25 14:28:40.458 2227 2227 I DefaultIMS: onStartInput attribute=android.view.inputmethod.EditorInfo@b3542cb restarting=false inputType: 0
06-25 14:28:40.475 685 685 D TvPipController: onTaskStackChanged()
06-25 14:28:40.481 408 423 I adbd : jdwp connection from 3082
06-25 14:28:40.526 480 1383 D AW_CODE : rotation =0
06-25 14:28:40.531 480 1383 D CompatibilityChangeReporter: Compat change id reported: 181136395; UID 1000; state: DISABLED
06-25 14:28:40.533 480 1383 D CompatibilityChangeReporter: Compat change id reported: 174042936; UID 1000; state: DISABLED
06-25 14:28:40.550 3082 3082 D CompatibilityChangeReporter: Compat change id reported: 171979766; UID 1000; state: ENABLED
06-25 14:28:40.552 480 523 W IorapForwardingService: No service published for: iorapd
06-25 14:28:40.652 3082 3082 V GraphicsEnvironment: ANGLE Developer option for 'com.dangbei.haqusetting' set to: 'default'
06-25 14:28:40.652 3082 3082 V GraphicsEnvironment: Neither updatable production driver nor prerelease driver is supported.
06-25 14:28:40.653 3082 3082 D NetworkSecurityConfig: No Network Security Config specified, using platform default
06-25 14:28:40.653 3082 3082 D NetworkSecurityConfig: No Network Security Config specified, using platform default
06-25 14:28:40.657 480 619 D NsdService: Native daemon message SERVICE_REGISTERED: 606 4 "b42f0315e8b9@当贝投屏H9"
06-25 14:28:40.657 480 619 D NsdService: Native daemon message SERVICE_REGISTERED: 606 3 "当贝投屏H9"
06-25 14:28:40.677 3082 3082 I MultiDex: VM with version 2.1.0 has multidex support
06-25 14:28:40.677 3082 3082 I MultiDex: Installing application
06-25 14:28:40.677 3082 3082 I MultiDex: VM has multidex support, MultiDex support library is disabled.
06-25 14:28:40.698 3082 3082 E ccc : cccccc HaquSettingApplication app onCreate start
06-25 14:28:40.731 3082 3082 E ccc : cccccc HaquSettingApplication app onCreate end
06-25 14:28:40.745 2649 2756 E accept : myIp:192.168.3.161
06-25 14:28:40.750 2649 2756 E accept : connect error
06-25 14:28:40.752 3082 3104 W ContextImpl: Calling a method in the system process without a qualified user: android.app.ContextImpl.bindService:1895 android.content.ContextWrapper.bindService:810 com.dangbei.lerad.etna.lib.client.EtnaClient.bindServer:138 com.dangbei.lerad.etna.lib.client.EtnaClient.access$600:29 com.dangbei.lerad.etna.lib.client.EtnaClient$3.call:205
06-25 14:28:40.757 2649 2756 I UpnpServiceImpl: >>> Starting UPnP service...
06-25 14:28:40.758 2649 2756 I UpnpServiceImpl: Using configuration: org.fourthline.cling.android.AndroidUpnpServiceConfiguration
06-25 14:28:40.761 2649 2756 I Router : Creating Router: org.fourthline.cling.android.AndroidRouter
06-25 14:28:40.763 2649 2756 W Router : enable lock:org.fourthline.cling.android.AndroidRouter@30299aa_java.util.concurrent.locks.ReentrantReadWriteLock$WriteLock@669699b[Unlocked]
06-25 14:28:40.783 2649 2756 W tworkAddressFactoryImpl: Network interface may not be multicast capable: dummy0
06-25 14:28:40.788 2649 2756 I MulticastReceiver: Creating wildcard socket (for receiving multicast datagrams) on port: 1900
06-25 14:28:40.789 2649 2756 I MulticastReceiver: Joining multicast group: /239.255.255.250:1900 on network interface: wlan0
06-25 14:28:40.808 2898 3025 D nStackXCoAP: IsInSameNetwork:[276] :IsInSameNetwork exec
06-25 14:28:40.810 2898 3025 I nStackXDFinder: GetLocalInterfaceDetail:[461] :GetLocalInterfaceDetail in
06-25 14:28:40.810 2898 3025 E nStackXCoAP: IsInSameNetwork:[281] :IsInSameNetwork: not priority process
06-25 14:28:40.810 2898 3025 D nStackXCoAP: ParseServiceDiscover:[330] :new device join
06-25 14:28:40.810 2898 3025 I nStackXDFinder: NotifyDeviceListChanged:[540] :notify callback: device list changed callback is null
06-25 14:28:40.810 2898 3025 E nStackXDFinder: GetLocalIp:[401] :GetLocalIp exec
06-25 14:28:40.839 2649 2756 E accept : Adding connector try: 192.168.3.161/192.168.3.161:33915
06-25 14:28:40.842 2649 2756 E accept : Adding connector result: 192.168.3.161/192.168.3.161:33915
06-25 14:28:40.876 1041 1075 E ccc : cccccc etnaService addListener com.dangbei.lerad.etna.aidl.IEtnaAidlListener$Stub$Proxy@7f2c4e1 com.dangbei.haqusetting
06-25 14:28:40.876 3082 3082 E ccc : cccccc etna-haqu-connected
06-25 14:28:40.880 2898 3025 D nStackXCoAP: CoapMessageHandler:[133] :2.01
06-25 14:28:40.912 480 619 D NsdService: Native daemon message SERVICE_REGISTERED: 606 5 "当贝投屏H9"
06-25 14:28:40.915 2898 3025 D nStackXCoAP: IsInSameNetwork:[276] :IsInSameNetwork exec
06-25 14:28:40.915 2898 3025 I nStackXDFinder: GetLocalInterfaceDetail:[461] :GetLocalInterfaceDetail in
06-25 14:28:40.915 2898 3025 E nStackXCoAP: IsInSameNetwork:[281] :IsInSameNetwork: not priority process
06-25 14:28:40.915 2898 3025 D nStackXCoAP: ParseServiceDiscover:[330] :new device join
06-25 14:28:40.915 2898 3025 E nStackXDFinder: GetLocalIp:[401] :GetLocalIp exec
01-01 08:00:44.776 1 1 I init : processing action (sys.topWindow.package=com.dangbei.haqusetting) from (/vendor/etc/init/hw/init.oranth.rc:147)
01-01 08:00:44.777 1 1 I init : starting service 'exec 21 (/system/bin/preinstall.sh)'...
06-25 14:28:40.926 2898 3025 D nStackXCoAP: CoapMessageHandler:[133] :2.01
01-01 08:00:44.786 1 1 I init : SVC_EXEC service 'exec 21 (/system/bin/preinstall.sh)' pid 3118 (uid 0 gid 0+0 context default) started; waiting...
06-25 14:28:40.952 3118 3118 I preinstall.sh: type=1400 audit(0.0:1314): avc: denied { write search } for name="tmp" dev="mmcblk0p25" ino=85 scontext=u:r:preinstall:s0 tcontext=u:object_r:shell_data_file:s0 tclass=dir permissive=1
06-25 14:28:40.952 3118 3118 I preinstall.sh: type=1400 audit(0.0:1315): avc: denied { getattr } for path="/data/local/tmp" dev="mmcblk0p25" ino=85 scontext=u:r:preinstall:s0 tcontext=u:object_r:shell_data_file:s0 tclass=dir permissive=1
06-25 14:28:40.974 186 186 I hwservicemanager: getTransport: Cannot find entry android.hardware.configstore@1.0::ISurfaceFlingerConfigs/default in either framework or device VINTF manifest.
06-25 14:28:41.004 3127 3127 I cmd : type=1400 audit(0.0:1316): avc: denied { call } for scontext=u:r:preinstall:s0 tcontext=u:r:servicemanager:s0 tclass=binder permissive=1
06-25 14:28:41.012 2649 2756 I JettyServletContainer: Registering UPnP servlet under context path: /upnp
06-25 14:28:41.016 278 532 E HWComposer: getSupportedContentTypes: getSupportedContentTypes failed for display 0: Unsupported (8)
06-25 14:28:41.008 3127 3127 I cmd : type=1400 audit(0.0:1317): avc: denied { call } for scontext=u:r:preinstall:s0 tcontext=u:r:system_server:s0 tclass=binder permissive=1
06-25 14:28:41.008 3127 3127 I cmd : type=1400 audit(0.0:1318): avc: denied { transfer } for scontext=u:r:preinstall:s0 tcontext=u:r:system_server:s0 tclass=binder permissive=1
06-25 14:28:41.024 186 186 I hwservicemanager: getTransport: Cannot find entry android.hardware.graphics.mapper@4.0::IMapper/default in either framework or device VINTF manifest.
06-25 14:28:41.025 3082 3130 I Gralloc4: mapper 4.x is not supported
06-25 14:28:41.026 186 186 I hwservicemanager: getTransport: Cannot find entry android.hardware.graphics.mapper@3.0::IMapper/default in either framework or device VINTF manifest.
06-25 14:28:41.026 3082 3130 W Gralloc3: mapper 3.x is not supported
06-25 14:28:41.032 3082 3130 E gralloc : Arm Module v1.0
06-25 14:28:41.034 2649 2756 I DatagramIO: Creating bound socket (for datagram input/output) on: 192.168.3.161/192.168.3.161
06-25 14:28:41.036 186 186 I hwservicemanager: getTransport: Cannot find entry android.hardware.graphics.allocator@4.0::IAllocator/default in either framework or device VINTF manifest.
06-25 14:28:41.036 3082 3130 W Gralloc4: allocator 4.x is not supported
06-25 14:28:41.036 186 186 I hwservicemanager: getTransport: Cannot find entry android.hardware.graphics.allocator@3.0::IAllocator/default in either framework or device VINTF manifest.
06-25 14:28:41.036 3082 3130 W Gralloc3: allocator 3.x is not supported
06-25 14:28:41.038 261 310 I gralloc : alloc buffer:W:1920 H:1080 S:1920 PL[1920 1080] SZ:8294400 fmt:1 if:0 af:1 usg:20000b00 fg:00000004
06-25 14:28:41.039 3082 3130 E ion : ioctl c0044901 failed with code -1: Inappropriate ioctl for device
06-25 14:28:41.044 2649 3134 E JettyServletContainer: gogogo
06-25 14:28:41.044 2649 3134 I JettyServletContainer: Starting Jetty server...
06-25 14:28:41.047 2649 2756 I Router : WiFi multicast lock acquired
06-25 14:28:41.048 480 502 I WifiService: acquireMulticastLock uid=10013
06-25 14:28:41.048 2649 3134 W System.err: 2025-06-25 14:28:41.045:INFO:lcaf.p:jetty-8.y.z-SNAPSHOT
06-25 14:28:41.066 261 310 I gralloc : alloc buffer:W:1920 H:1080 S:1920 PL[1920 1080] SZ:8294400 fmt:1 if:0 af:1 usg:20000b00 fg:00000004
06-25 14:28:41.076 2649 2756 I Router : WiFi lock acquired
06-25 14:28:41.077 480 1383 I WifiService: acquireWifiLock uid=10013 lockMode=3
06-25 14:28:41.081 261 310 I gralloc : alloc buffer:W:1920 H:1080 S:1920 PL[1920 1080] SZ:8294400 fmt:1 if:0 af:1 usg:20000b00 fg:00000004
06-25 14:28:41.086 2649 2756 W Router : enable unlock:org.fourthline.cling.android.AndroidRouter@30299aa
06-25 14:28:41.087 2649 2756 I UpnpServiceImpl: <<< UPnP service started successfully
06-25 14:28:41.104 2898 3025 D nStackXCoAP: IsInSameNetwork:[276] :IsInSameNetwork exec
06-25 14:28:41.104 2898 3025 I nStackXDFinder: GetLocalInterfaceDetail:[461] :GetLocalInterfaceDetail in
06-25 14:28:41.104 2898 3025 E nStackXCoAP: IsInSameNetwork:[281] :IsInSameNetwork: not priority process
06-25 14:28:41.104 2898 3025 D nStackXCoAP: ParseServiceDiscover:[330] :new device join
06-25 14:28:41.105 2898 3025 E nStackXDFinder: GetLocalIp:[401] :GetLocalIp exec
06-25 14:28:41.107 3082 3082 W RecyclerView: No adapter attached; skipping layout
06-25 14:28:41.134 267 267 I AW_PowerHAL: Power setMode: LAUNCH to: 0
06-25 14:28:41.144 267 267 I AW_PowerHAL: cur-mode:SCHEDUTIL
06-25 14:28:41.175 480 521 I ActivityTaskManager: +++Displayed com.dangbei.haqusetting/.ui.HomeActivity: +774ms
06-25 14:28:41.182 2227 2227 I DefaultIMS: onStartInput attribute=android.view.inputmethod.EditorInfo@86681f2 restarting=false inputType: 0
06-25 14:28:41.211 1041 1075 E ccc : cccccc UpdateHelper onMessageReceived com.dangbei.haqusetting com.dangbei.etna.update {"action":"get","functionTag":"leaf_controller_function_controller_dangbei_update","value":0} com.dangbei.lerad.etna.aidl.IEtnaAidlCallback$Stub$Proxy@1609206
06-25 14:28:41.219 1041 1075 E ccc : cccccc 缓存获取遥控器版本 DB-15B-H5-R0111
06-25 14:28:41.221 2898 3025 D nStackXCoAP: IsInSameNetwork:[276] :IsInSameNetwork exec
06-25 14:28:41.221 2898 3025 I nStackXDFinder: GetLocalInterfaceDetail:[461] :GetLocalInterfaceDetail in
06-25 14:28:41.221 2898 3025 E nStackXCoAP: IsInSameNetwork:[281] :IsInSameNetwork: not priority process
06-25 14:28:41.221 2898 3025 D nStackXCoAP: ParseServiceDiscover:[330] :new device join
06-25 14:28:41.221 2898 3025 E nStackXDFinder: GetLocalIp:[401] :GetLocalIp exec
06-25 14:28:41.260 1041 3058 D BluetoothGatt: connect() - device: E4:BB:D3:57:C0:18, auto: true
06-25 14:28:41.260 1041 3058 D BluetoothGatt: registerApp()
06-25 14:28:41.261 1041 3058 D BluetoothGatt: registerApp() - UUID=610807e7-daa2-4f43-9e26-ed8e81c74673
06-25 14:28:41.264 668 955 I bluetooth: system/bt/stack/gatt/gatt_api.cc:1019 GATT_Register: Allocated name:GattClient uuid:7fb3b233-45f4-411d-08ad-18b19b4ccab7 gatt_if:6 eatt_support:0
06-25 14:28:41.265 668 955 I bt_bta_gattc: system/bt/bta/gatt/bta_gattc_act.cc:1110 bta_gattc_conn_cback: Connected att_id:6 transport:le reason:GATT_CONN_OK
06-25 14:28:41.268 1041 3067 D BluetoothGatt: onClientRegistered() - status=0 clientIf=6
06-25 14:28:41.270 1041 3058 E ccc : cccccc 请求电量实时 -1
06-25 14:28:41.270 668 870 I bt_btif_config: system/bt/btif/src/btif_config.cc:137 btif_get_device_type: Device [e4:bb:d3:57:c0:18] device type 2
06-25 14:28:41.271 1041 3067 D BluetoothGatt: onClientConnectionState() - status=0 clientIf=6 device=E4:BB:D3:57:C0:18
06-25 14:28:41.271 1041 3067 D BluetoothGatt: discoverServices() - device: E4:BB:D3:57:C0:18
06-25 14:28:41.281 668 870 I bt_bta_gattc: system/bt/bta/gatt/bta_gattc_cache.cc:902 bta_gattc_get_gatt_db: bta_gattc_get_gatt_db
06-25 14:28:41.284 1041 3067 D BluetoothGatt: onSearchComplete() = Device=E4:BB:D3:57:C0:18 Status=0
06-25 14:28:41.294 2898 3025 D nStackXCoAP: CoapMessageHandler:[133] :2.01
06-25 14:28:41.297 2898 3025 D nStackXCoAP: CoapMessageHandler:[133] :2.01
06-25 14:28:41.319 2898 3025 D nStackXCoAP: IsInSameNetwork:[276] :IsInSameNetwork exec
06-25 14:28:41.319 2898 3025 I nStackXDFinder: GetLocalInterfaceDetail:[461] :GetLocalInterfaceDetail in
06-25 14:28:41.319 2898 3025 E nStackXCoAP: IsInSameNetwork:[281] :IsInSameNetwork: not priority process
06-25 14:28:41.319 2898 3025 D nStackXCoAP: ParseServiceDiscover:[330] :new device join
06-25 14:28:41.319 2898 3025 E nStackXDFinder: GetLocalIp:[401] :GetLocalIp exec
06-25 14:28:41.320 2649 3134 W System.err: 2025-06-25 14:28:41.319:INFO:lcaf.a:Started @192.168.3.161:33915
06-25 14:28:41.348 268 307 D hdmi-cec: receive invalid cec message!
06-25 14:28:41.348 268 307 D hdmi-cec: receive poll message [04], skip!
06-25 14:28:41.376 480 523 D CompatibilityChangeReporter: Compat change id reported: 168419799; UID 10075; state: DISABLED
06-25 14:28:41.384 659 659 E WifiHAL : wifi_get_link_stats: requestResponse Error:-5
06-25 14:28:41.386 480 609 E WifiVendorHal: getWifiLinkLayerStats_1_5_Internal(l.1191) failed {.code = ERROR_INVALID_ARGS, .description = }
06-25 14:28:41.416 480 1383 D ConnectivityService: requestNetwork for uid/pid:1000/3082 activeRequest: null callbackRequest: 45 [NetworkRequest [ REQUEST id=46, [ Capabilities: INTERNET&NOT_RESTRICTED&TRUSTED&NOT_VCN_MANAGED Uid: 1000 RequestorUid: 1000 RequestorPkg: com.dangbei.haqusetting] ]] callback flags: 0 priority: 2147483647
06-25 14:28:41.423 480 616 D ConnectivityService: NetReassign [46 : null → 100]
06-25 14:28:41.434 2898 3025 D nStackXCoAP: CoapMessageHandler:[133] :2.01
06-25 14:28:41.455 480 655 D Ethernet: got request NetworkRequest [ REQUEST id=46, [ Capabilities: INTERNET&NOT_RESTRICTED&TRUSTED&NOT_VCN_MANAGED Uid: 1000 RequestorUid: 1000 RequestorPkg: com.dangbei.haqusetting] ]
06-25 14:28:41.456 480 655 D EthernetNetworkFactory: acceptRequest, request: NetworkRequest [ REQUEST id=46, [ Capabilities: INTERNET&NOT_RESTRICTED&TRUSTED&NOT_VCN_MANAGED Uid: 1000 RequestorUid: 1000 RequestorPkg: com.dangbei.haqusetting] ]
06-25 14:28:41.456 480 655 I EthernetNetworkFactory: networkForRequest, request: NetworkRequest [ REQUEST id=46, [ Capabilities: INTERNET&NOT_RESTRICTED&TRUSTED&NOT_VCN_MANAGED Uid: 1000 RequestorUid: 1000 RequestorPkg: com.dangbei.haqusetting] ], network: null
06-25 14:28:41.478 2227 2227 I DefaultIMS: onStartInput attribute=android.view.inputmethod.EditorInfo@2694043 restarting=false inputType: 0
06-25 14:28:41.496 480 609 D WifiNetworkFactory: got request NetworkRequest [ REQUEST id=46, [ Capabilities: INTERNET&NOT_RESTRICTED&TRUSTED&NOT_VCN_MANAGED Uid: 1000 RequestorUid: 1000 RequestorPkg: com.dangbei.haqusetting] ]
06-25 14:28:41.526 1041 3067 E ccc : cccccc settingHelper resetManager
06-25 14:28:41.528 1041 3067 D DisplayOutputImpl: updateSupportModes type = 4
06-25 14:28:41.530 2898 3025 D nStackXCoAP: IsInSameNetwork:[276] :IsInSameNetwork exec
06-25 14:28:41.530 2898 3025 I nStackXDFinder: GetLocalInterfaceDetail:[461] :GetLocalInterfaceDetail in
06-25 14:28:41.530 2898 3025 E nStackXCoAP: IsInSameNetwork:[281] :IsInSameNetwork: not priority process
06-25 14:28:41.530 2898 3025 D nStackXCoAP: ParseServiceDiscover:[330] :new device join
06-25 14:28:41.530 2898 3025 E nStackXDFinder: GetLocalIp:[401] :GetLocalIp exec
06-25 14:28:41.530 262 305 D DisplayConfig: virtual Return vendor::display::config::V1_0::implementation::DisplayConfig::getSupportedModes(int32_t, vendor::display::config::V1_0::IDisplayConfig::getSupportedModes_cb): display[0] ret=0, supported modes count(13)
06-25 14:28:41.539 2898 3025 D nStackXCoAP: CoapMessageHandler:[133] :2.01
06-25 14:28:41.540 262 305 D DisplayConfig: virtual Return vendor::display::config::V1_0::implementation::DisplayConfig::getSupportedModes(int32_t, vendor::display::config::V1_0::IDisplayConfig::getSupportedModes_cb): display[0] ret=0, supported modes count(13)
06-25 14:28:41.541 262 305 W displayd: xxxxxxx: hdmi user strategy: 10
06-25 14:28:41.541 262 305 W displayd: xxxxxxx: getHDMINativeMode: use perfect hdmi mode(34) as native mode
06-25 14:28:41.541 1041 3067 D DisplayOutputImpl: updateSupportModes = 10 , 10 , false
06-25 14:28:41.541 480 609 D UntrustedWifiNetworkFactory: got request NetworkRequest [ REQUEST id=46, [ Capabilities: INTERNET&NOT_RESTRICTED&TRUSTED&NOT_VCN_MANAGED Uid: 1000 RequestorUid: 1000 RequestorPkg: com.dangbei.haqusetting] ]
06-25 14:28:41.542 1041 3067 V HdmiDisplayManager: H618
06-25 14:28:41.543 262 305 D DisplayConfig: virtual Return vendor::display::config::V1_0::implementation::DisplayConfig::getSupportedModes(int32_t, vendor::display::config::V1_0::IDisplayConfig::getSupportedModes_cb): display[0] ret=0, supported modes count(13)
06-25 14:28:41.544 262 305 W displayd: xxxxxxx: hdmi user strategy: 10
06-25 14:28:41.544 262 305 W displayd: xxxxxxx: getHDMINativeMode: use perfect hdmi mode(34) as native mode
06-25 14:28:41.544 1041 3067 D DisplayOutputImpl: getDisplayOutputMode = 10 , 10 , false
06-25 14:28:41.545 262 305 D DisplayConfig: virtual Return vendor::display::config::V1_0::implementation::DisplayConfig::getSupportedModes(int32_t, vendor::display::config::V1_0::IDisplayConfig::getSupportedModes_cb): display[0] ret=0, supported modes count(13)
06-25 14:28:41.546 262 305 W displayd: xxxxxxx: hdmi user strategy: 10
06-25 14:28:41.546 262 305 W displayd: xxxxxxx: getHDMINativeMode: use perfect hdmi mode(34) as native mode
06-25 14:28:41.547 1041 3067 D DisplayOutputImpl: getDisplayOutputMode = 10 , 10 , false
06-25 14:28:41.547 1041 3067 E ccc : cccccc current is 1080p 60Hz
06-25 14:28:41.547 1041 3067 D DisplayOutputImpl: updateSupportModes type = 4
06-25 14:28:41.551 480 609 D OemPaidWifiNetworkFactory: got request NetworkRequest [ REQUEST id=46, [ Capabilities: INTERNET&NOT_RESTRICTED&TRUSTED&NOT_VCN_MANAGED Uid: 1000 RequestorUid: 1000 RequestorPkg: com.dangbei.haqusetting] ]
06-25 14:28:41.552 2649 2756 E g : channel :os
06-25 14:28:41.556 262 305 D DisplayConfig: virtual Return vendor::display::config::V1_0::implementation::DisplayConfig::getSupportedModes(int32_t, vendor::display::config::V1_0::IDisplayConfig::getSupportedModes_cb): display[0] ret=0, supported modes count(13)
06-25 14:28:41.557 262 305 D DisplayConfig: virtual Return vendor::display::config::V1_0::implementation::DisplayConfig::getSupportedModes(int32_t, vendor::display::config::V1_0::IDisplayConfig::getSupportedModes_cb): display[0] ret=0, supported modes count(13)
06-25 14:28:41.557 262 305 W displayd: xxxxxxx: hdmi user strategy: 10
06-25 14:28:41.558 262 305 W displayd: xxxxxxx: getHDMINativeMode: use perfect hdmi mode(34) as native mode
06-25 14:28:41.558 1041 3067 D DisplayOutputImpl: updateSupportModes = 10 , 10 , false
06-25 14:28:41.563 480 523 W IorapForwardingService: No service published for: iorapd
06-25 14:28:41.566 1041 3067 E ccc : cccccc ColorFormatManager reset
06-25 14:28:41.570 1041 3067 E ccc : cccccc ColorHelper current get AUTO
06-25 14:28:41.573 262 305 D DisplayConfig: virtual Return vendor::display::config::V1_0::implementation::DisplayConfig::getSupportedModes(int32_t, vendor::display::config::V1_0::IDisplayConfig::getSupportedModes_cb): display[0] ret=0, supported modes count(13)
06-25 14:28:41.575 262 305 W displayd: xxxxxxx: hdmi user strategy: 10
06-25 14:28:41.575 262 305 W displayd: xxxxxxx: getHDMINativeMode: use perfect hdmi mode(34) as native mode
06-25 14:28:41.576 1041 3058 D DisplayOutputImpl: getDisplayOutputMode = 10 , 10 , false
06-25 14:28:41.576 1041 3058 E ccc : cccccc current is 1080p 60Hz
01-01 08:00:45.435 2710 2710 W audit : audit_lost=772 audit_rate_limit=5 audit_backlog_limit=64
01-01 08:00:45.435 2710 2710 E audit : rate limit exceeded
06-25 14:28:41.578 1041 3067 E ccc : cccccc ColorHelper current get AUTO
06-25 14:28:41.614 2898 3025 D nStackXCoAP: IsInSameNetwork:[276] :IsInSameNetwork exec
06-25 14:28:41.614 2898 3025 I nStackXDFinder: GetLocalInterfaceDetail:[461] :GetLocalInterfaceDetail in
06-25 14:28:41.614 2898 3025 E nStackXCoAP: IsInSameNetwork:[281] :IsInSameNetwork: not priority process
06-25 14:28:41.614 2898 3025 D nStackXCoAP: ParseServiceDiscover:[330] :new device join
06-25 14:28:41.614 2898 3025 E nStackXDFinder: GetLocalIp:[401] :GetLocalIp exec
06-25 14:28:41.639 2649 2729 I efs.base: lt=event`ev_ct=efs_core`ev_ac=log_lag`tm=2025-06-25 14:28:63`dn=884562d0-54da-4cce-9d74-00e5c75509d9`ps=com.dangbei.screencast`um_os=android`stime=1750832911167`pid=2649`fr=android`pkg=com.dangbei.screencast`vcode=20830`dsp_w=1920`uid=884562d0-54da-4cce-9d74-00e5c75509d9`rom=12`wid=884562d0-54da-4cce-9d74-00e5c75509d9`um_app_carrier=`um_access=wifi`um_app_channel=os`um_crash_sdk_version=1.4.0`ctime=1750832921`model=dbbox-a2`lang=zh`net=wifi`brand=dangbei`dsp_h=1080`um_network_type=0`ver=v2.8.3`cnt=1`build_model=DBBOX-A2`w_tm=1750832921`appid=5fc60c21094d637f3130af19`um_umid_header=ai1cc720f47734fc58e671cdbea6807313`sdk=31`tzone=Etc/GMT-8`sdk_ver=1.3.6.umeng
06-25 14:28:41.644 2898 3025 D nStackXCoAP: CoapMessageHandler:[133] :2.01
06-25 14:28:41.715 2898 3025 D nStackXCoAP: IsInSameNetwork:[276] :IsInSameNetwork exec
06-25 14:28:41.715 2898 3025 I nStackXDFinder: GetLocalInterfaceDetail:[461] :GetLocalInterfaceDetail in
06-25 14:28:41.715 2898 3025 E nStackXCoAP: IsInSameNetwork:[281] :IsInSameNetwork: not priority process
06-25 14:28:41.715 2898 3025 D nStackXCoAP: ParseServiceDiscover:[330] :new device join
06-25 14:28:41.716 2898 3025 E nStackXDFinder: GetLocalIp:[401] :GetLocalIp exec
06-25 14:28:41.734 2898 3025 D nStackXCoAP: CoapMessageHandler:[133] :2.01
06-25 14:28:41.816 480 480 W NotificationHistory: Attempted to add notif for locked/gone/disabled user 0
06-25 14:28:41.839 685 685 V TvNotificationHandler: Notification not added because it isn't relevant for tv
06-25 14:28:41.880 378 378 D dom2reg : timezone change, new: Etc/GMT-8, pre:
06-25 14:28:41.880 378 378 W dom2reg : timezone [Etc/GMT-8] not in default tables, please check!
06-25 14:28:41.921 2898 3025 D nStackXCoAP: IsInSameNetwork:[276] :IsInSameNetwork exec
06-25 14:28:41.925 2898 3025 I nStackXDFinder: GetLocalInterfaceDetail:[461] :GetLocalInterfaceDetail in
06-25 14:28:41.925 2898 3025 E nStackXCoAP: IsInSameNetwork:[281] :IsInSameNetwork: not priority process
06-25 14:28:41.925 2898 3025 D nStackXCoAP: ParseServiceDiscover:[330] :new device join
06-25 14:28:41.925 2898 3025 E nStackXDFinder: GetLocalIp:[401] :GetLocalIp exec
06-25 14:28:41.952 2898 3025 D nStackXCoAP: CoapMessageHandler:[133] :2.01
06-25 14:28:42.104 396 757 D BufferPoolAccessor2.0: evictor expired: 6, evicted: 0
06-25 14:28:42.113 480 907 D BufferPoolAccessor2.0: bufferpool2 0xef82c758 : 0(0 size) total buffers - 0(0 size) used buffers - 2/7 (recycle/alloc) - 9/42 (fetch/transfer)
06-25 14:28:42.113 480 907 D BufferPoolAccessor2.0: evictor expired: 7, evicted: 1
06-25 14:28:42.124 2898 3025 D nStackXCoAP: IsInSameNetwork:[276] :IsInSameNetwork exec
06-25 14:28:42.124 2898 3025 I nStackXDFinder: GetLocalInterfaceDetail:[461] :GetLocalInterfaceDetail in
06-25 14:28:42.124 2898 3025 E nStackXCoAP: IsInSameNetwork:[281] :IsInSameNetwork: not priority process
06-25 14:28:42.124 2898 3025 D nStackXCoAP: ParseServiceDiscover:[330] :new device join
06-25 14:28:42.124 2898 3025 E nStackXDFinder: GetLocalIp:[401] :GetLocalIp exec
06-25 14:28:42.211 2898 3025 D nStackXCoAP: CoapMessageHandler:[133] :2.01
06-25 14:28:42.227 2898 3025 D nStackXCoAP: IsInSameNetwork:[276] :IsInSameNetwork exec
06-25 14:28:42.227 2898 3025 I nStackXDFinder: GetLocalInterfaceDetail:[461] :GetLocalInterfaceDetail in
06-25 14:28:42.227 2898 3025 E nStackXCoAP: IsInSameNetwork:[281] :IsInSameNetwork: not priority process
06-25 14:28:42.227 2898 3025 D nStackXCoAP: ParseServiceDiscover:[330] :new device join
06-25 14:28:42.227 2898 3025 E nStackXDFinder: GetLocalIp:[401] :GetLocalIp exec
06-25 14:28:42.255 2898 3025 D nStackXCoAP: CoapMessageHandler:[133] :2.01
06-25 14:28:42.307 824 915 D BufferPoolAccessor2.0: evictor expired: 2, evicted: 0
06-25 14:28:42.329 2898 3025 D nStackXCoAP: IsInSameNetwork:[276] :IsInSameNetwork exec
06-25 14:28:42.329 2898 3025 I nStackXDFinder: GetLocalInterfaceDetail:[461] :GetLocalInterfaceDetail in
06-25 14:28:42.329 2898 3025 E nStackXCoAP: IsInSameNetwork:[281] :IsInSameNetwork: not priority process
06-25 14:28:42.330 2898 3025 D nStackXCoAP: ParseServiceDiscover:[330] :new device join
06-25 14:28:42.330 2898 3025 E nStackXDFinder: GetLocalIp:[401] :GetLocalIp exec
06-25 14:28:42.343 2898 3025 D nStackXCoAP: CoapMessageHandler:[133] :2.01
06-25 14:28:42.450 2898 3025 D nStackXCoAP: IsInSameNetwork:[276] :IsInSameNetwork exec
06-25 14:28:42.450 2898 3025 I nStackXDFinder: GetLocalInterfaceDetail:[461] :GetLocalInterfaceDetail in
06-25 14:28:42.450 2898 3025 E nStackXCoAP: IsInSameNetwork:[281] :IsInSameNetwork: not priority process
06-25 14:28:42.450 2898 3025 D nStackXCoAP: ParseServiceDiscover:[330] :new device join
06-25 14:28:42.450 2898 3025 E nStackXDFinder: GetLocalIp:[401] :GetLocalIp exec
06-25 14:28:42.487 2898 3025 D nStackXCoAP: CoapMessageHandler:[133] :2.01
06-25 14:28:42.504 2898 2898 I Timer-1 : type=1400 audit(0.0:1327): avc: denied { read } for name="address" dev="sysfs" ino=26267 scontext=u:r:platform_app:s0:c512,c768 tcontext=u:object_r:sysfs:s0 tclass=file permissive=1 app=com.dangbei.screencast
06-25 14:28:42.504 2898 2898 I Timer-1 : type=1400 audit(0.0:1328): avc: denied { open } for path="/sys/devices/platform/unisoc_wifi/net/wlan1/address" dev="sysfs" ino=26267 scontext=u:r:platform_app:s0:c512,c768 tcontext=u:object_r:sysfs:s0 tclass=file permissive=1 app=com.dangbei.screencast
06-25 14:28:42.504 2898 2898 I Timer-1 : type=1400 audit(0.0:1329): avc: denied { getattr } for path="/sys/devices/platform/unisoc_wifi/net/wlan1/address" dev="sysfs" ino=26267 scontext=u:r:platform_app:s0:c512,c768 tcontext=u:object_r:sysfs:s0 tclass=file permissive=1 app=com.dangbei.screencast
06-25 14:28:42.568 480 523 W IorapForwardingService: No service published for: iorapd
06-25 14:28:42.570 480 654 W TelephonyPermissions: reportAccessDeniedToReadIdentifiers:com.dangbei.screencast:getSerial:-1
06-25 14:28:42.637 2898 3025 D nStackXCoAP: IsInSameNetwork:[276] :IsInSameNetwork exec
06-25 14:28:42.637 2898 3025 I nStackXDFinder: GetLocalInterfaceDetail:[461] :GetLocalInterfaceDetail in
06-25 14:28:42.637 2898 3025 E nStackXCoAP: IsInSameNetwork:[281] :IsInSameNetwork: not priority process
06-25 14:28:42.637 2898 3025 D nStackXCoAP: ParseServiceDiscover:[330] :new device join
06-25 14:28:42.637 2898 3025 E nStackXDFinder: GetLocalIp:[401] :GetLocalIp exec
06-25 14:28:42.652 2898 2988 V NFC : this device does not have NFC support
06-25 14:28:42.716 2898 3025 D nStackXCoAP: CoapMessageHandler:[133] :2.01
06-25 14:28:42.762 2898 3025 D nStackXCoAP: IsInSameNetwork:[276] :IsInSameNetwork exec
06-25 14:28:42.763 2898 3025 I nStackXDFinder: GetLocalInterfaceDetail:[461] :GetLocalInterfaceDetail in
06-25 14:28:42.763 2898 3025 E nStackXCoAP: IsInSameNetwork:[281] :IsInSameNetwork: not priority process
06-25 14:28:42.763 2898 3025 D nStackXCoAP: ParseServiceDiscover:[330] :new device join
06-25 14:28:42.763 2898 3025 E nStackXDFinder: GetLocalIp:[401] :GetLocalIp exec
06-25 14:28:42.768 3118 3118 I preinstall.sh: type=1400 audit(0.0:1330): avc: denied { getattr } for path="/data/local/pre_apks_installed" dev="mmcblk0p25" ino=1996 scontext=u:r:preinstall:s0 tcontext=u:object_r:preinstall_system_file:s0 tclass=file permissive=1
06-25 14:28:42.768 3118 3118 I preinstall.sh: type=1400 audit(0.0:1331): avc: denied { search } for name="data" dev="mmcblk0p25" ino=87 scontext=u:r:preinstall:s0 tcontext=u:object_r:system_data_file:s0:c512,c768 tclass=dir permissive=1
01-01 08:00:46.630 3118 3118 W audit : audit_lost=776 audit_rate_limit=5 audit_backlog_limit=64
01-01 08:00:46.630 3118 3118 E audit : rate limit exceeded
06-25 14:28:42.781 2898 3025 D nStackXCoAP: CoapMessageHandler:[133] :2.01
06-25 14:28:42.842 1104 1104 D aaa : LedStatusService onStartCommand begin
06-25 14:28:42.843 1104 3273 D aaa : topPkg is -------------- :com.dangbei.haqusetting
06-25 14:28:42.866 2649 2729 I efs.base: wa upload fail, resp is HttpResponse {succ=false, code=-1, data='', extra={}}
06-25 14:28:43.005 2649 2725 I efs.base: wa upload fail, resp is HttpResponse {succ=false, code=-1, data='', extra={}}
01-01 08:00:46.897 1 1 I init : Service 'exec 21 (/system/bin/preinstall.sh)' (pid 3118) exited with status 0 waiting took 2.117000 seconds
01-01 08:00:46.897 1 1 I init : Sending signal 9 to service 'exec 21 (/system/bin/preinstall.sh)' (pid 3118) process group...
01-01 08:00:46.898 1 1 I libprocessgroup: Successfully killed process cgroup uid 0 pid 3118 in 0ms
06-25 14:28:43.045 2898 3025 D nStackXCoAP: IsInSameNetwork:[276] :IsInSameNetwork exec
06-25 14:28:43.045 2898 3025 I nStackXDFinder: GetLocalInterfaceDetail:[461] :GetLocalInterfaceDetail in
06-25 14:28:43.045 2898 3025 E nStackXCoAP: IsInSameNetwork:[281] :IsInSameNetwork: not priority process
06-25 14:28:43.045 2898 3025 D nStackXCoAP: ParseServiceDiscover:[330] :new device join
06-25 14:28:43.045 2898 3025 E nStackXDFinder: GetLocalIp:[401] :GetLocalIp exec
06-25 14:28:43.055 2898 3025 D nStackXCoAP: IsInSameNetwork:[276] :IsInSameNetwork exec
06-25 14:28:43.055 2898 3025 I nStackXDFinder: GetLocalInterfaceDetail:[461] :GetLocalInterfaceDetail in
06-25 14:28:43.055 2898 3025 E nStackXCoAP: IsInSameNetwork:[281] :IsInSameNetwork: not priority process
06-25 14:28:43.055 2898 3025 D nStackXCoAP: ParseServiceDiscover:[330] :new device join
06-25 14:28:43.055 2898 3025 E nStackXDFinder: GetLocalIp:[401] :GetLocalIp exec
06-25 14:28:43.082 2898 3025 D nStackXCoAP: CoapMessageHandler:[133] :2.01
06-25 14:28:43.082 2898 3025 D nStackXCoAP: CoapMessageHandler:[133] :2.01
06-25 14:28:43.105 396 757 D BufferPoolAccessor2.0: bufferpool2 0xe89998d8 : 0(0 size) total buffers - 0(0 size) used buffers - 12/19 (recycle/alloc) - 7/18 (fetch/transfer)
06-25 14:28:43.105 396 757 D BufferPoolAccessor2.0: bufferpool2 0xe899aa58 : 0(0 size) total buffers - 0(0 size) used buffers - 21/28 (recycle/alloc) - 7/27 (fetch/transfer)
06-25 14:28:43.105 396 757 D BufferPoolAccessor2.0: bufferpool2 0xe8999dd8 : 0(0 size) total buffers - 0(0 size) used buffers - 19/23 (recycle/alloc) - 4/22 (fetch/transfer)
06-25 14:28:43.105 396 757 D BufferPoolAccessor2.0: evictor expired: 3, evicted: 3
06-25 14:28:43.114 480 907 D BufferPoolAccessor2.0: bufferpool2 0xf185c858 : 0(0 size) total buffers - 0(0 size) used buffers - 2/7 (recycle/alloc) - 9/60 (fetch/transfer)
06-25 14:28:43.114 480 907 D BufferPoolAccessor2.0: bufferpool2 0xf411dd98 : 0(0 size) total buffers - 0(0 size) used buffers - 2/7 (recycle/alloc) - 5/50 (fetch/transfer)
06-25 14:28:43.114 480 907 D BufferPoolAccessor2.0: evictor expired: 2, evicted: 2
06-25 14:28:43.135 2649 2729 I efs.base: wa upload fail, resp is HttpResponse {succ=false, code=-1, data='', extra={}}
06-25 14:28:43.152 2898 3025 D nStackXCoAP: IsInSameNetwork:[276] :IsInSameNetwork exec
06-25 14:28:43.152 2898 3025 I nStackXDFinder: GetLocalInterfaceDetail:[461] :GetLocalInterfaceDetail in
06-25 14:28:43.152 2898 3025 E nStackXCoAP: IsInSameNetwork:[281] :IsInSameNetwork: not priority process
06-25 14:28:43.152 2898 3025 D nStackXCoAP: ParseServiceDiscover:[330] :new device join
06-25 14:28:43.152 2898 3025 E nStackXDFinder: GetLocalIp:[401] :GetLocalIp exec
06-25 14:28:43.189 2898 3025 D nStackXCoAP: CoapMessageHandler:[133] :2.01
06-25 14:28:43.278 2649 2725 I efs.base: wa upload fail, resp is HttpResponse {succ=false, code=-1, data='', extra={}}
06-25 14:28:43.353 2898 3025 D nStackXCoAP: IsInSameNetwork:[276] :IsInSameNetwork exec
06-25 14:28:43.353 2898 3025 I nStackXDFinder: GetLocalInterfaceDetail:[461] :GetLocalInterfaceDetail in
06-25 14:28:43.353 2898 3025 E nStackXCoAP: IsInSameNetwork:[281] :IsInSameNetwork: not priority process
06-25 14:28:43.353 2898 3025 D nStackXCoAP: ParseServiceDiscover:[330] :new device join
06-25 14:28:43.353 2898 3025 E nStackXDFinder: GetLocalIp:[401] :GetLocalIp exec
06-25 14:28:43.367 2898 3025 D nStackXCoAP: CoapMessageHandler:[133] :2.01
06-25 14:28:43.456 2898 3025 D nStackXCoAP: IsInSameNetwork:[276] :IsInSameNetwork exec
06-25 14:28:43.457 2898 3025 I nStackXDFinder: GetLocalInterfaceDetail:[461] :GetLocalInterfaceDetail in
06-25 14:28:43.457 2898 3025 E nStackXCoAP: IsInSameNetwork:[281] :IsInSameNetwork: not priority process
06-25 14:28:43.457 2898 3025 D nStackXCoAP: ParseServiceDiscover:[330] :new device join
06-25 14:28:43.457 2898 3025 E nStackXDFinder: GetLocalIp:[401] :GetLocalIp exec
06-25 14:28:43.470 2898 3025 D nStackXCoAP: CoapMessageHandler:[133] :2.01
06-25 14:28:43.570 480 523 W IorapForwardingService: No service published for: iorapd
06-25 14:28:43.633 2649 2729 I efs.base: wa upload fail, resp is HttpResponse {succ=false, code=-1, data='', extra={}}
06-25 14:28:43.633 2649 2710 I efs.send_log: request error cnt gt 5, next request delay 10s
06-25 14:28:43.660 2898 3025 D nStackXCoAP: IsInSameNetwork:[276] :IsInSameNetwork exec
06-25 14:28:43.660 2898 3025 I nStackXDFinder: GetLocalInterfaceDetail:[461] :GetLocalInterfaceDetail in
06-25 14:28:43.660 2898 3025 E nStackXCoAP: IsInSameNetwork:[281] :IsInSameNetwork: not priority process
06-25 14:28:43.660 2898 3025 D nStackXCoAP: ParseServiceDiscover:[330] :new device join
06-25 14:28:43.660 2898 3025 E nStackXDFinder: GetLocalIp:[401] :GetLocalIp exec
06-25 14:28:43.687 2898 3025 D nStackXCoAP: CoapMessageHandler:[133] :2.01
06-25 14:28:43.763 2898 3025 D nStackXCoAP: IsInSameNetwork:[276] :IsInSameNetwork exec
06-25 14:28:43.763 2898 3025 I nStackXDFinder: GetLocalInterfaceDetail:[461] :GetLocalInterfaceDetail in
06-25 14:28:43.763 2898 3025 E nStackXCoAP: IsInSameNetwork:[281] :IsInSameNetwork: not priority process
06-25 14:28:43.763 2898 3025 D nStackXCoAP: ParseServiceDiscover:[330] :new device join
06-25 14:28:43.763 2898 3025 E nStackXDFinder: GetLocalIp:[401] :GetLocalIp exec
06-25 14:28:43.774 2898 3025 D nStackXCoAP: CoapMessageHandler:[133] :2.01
06-25 14:28:43.876 2898 3025 D nStackXCoAP: IsInSameNetwork:[276] :IsInSameNetwork exec
06-25 14:28:43.877 2898 3025 I nStackXDFinder: GetLocalInterfaceDetail:[461] :GetLocalInterfaceDetail in
06-25 14:28:43.877 2898 3025 E nStackXCoAP: IsInSameNetwork:[281] :IsInSameNetwork: not priority process
06-25 14:28:43.877 2898 3025 D nStackXCoAP: ParseServiceDiscover:[330] :new device join
06-25 14:28:43.877 2898 3025 E nStackXDFinder: GetLocalIp:[401] :GetLocalIp exec
06-25 14:28:43.881 378 378 D dom2reg : timezone change, new: Etc/GMT-8, pre:
06-25 14:28:43.881 378 378 W dom2reg : timezone [Etc/GMT-8] not in default tables, please check!
06-25 14:28:43.900 2898 3025 D nStackXCoAP: CoapMessageHandler:[133] :2.01
06-25 14:28:43.939 321 2277 D XM_HIDREAD: poll ret=1, event=1
06-25 14:28:43.939 321 2277 D XM_HIDREAD: [9 bytes]:01 00 00 50 00 00 00 00 00
06-25 14:28:43.940 480 597 D TvWindowManager: key event key = KEYCODE_DPAD_LEFT down = true
06-25 14:28:43.944 480 596 D GpioService: mFlickerEnable = true
06-25 14:28:43.946 2227 2227 I SogouIME: onKeyDown: keyoCode=21
06-25 14:28:43.946 2227 2227 I DefaultIMS: onKeyDown: keyoCode=21
06-25 14:28:43.948 480 1060 E TaskPersister: File error accessing recents directory (directory doesn't exist?).
06-25 14:28:43.959 2227 2227 I DefaultIMS: onStartInput attribute=android.view.inputmethod.EditorInfo@f36f6c0 restarting=false inputType: 0
06-25 14:28:44.096 2898 3025 D nStackXCoAP: IsInSameNetwork:[276] :IsInSameNetwork exec
06-25 14:28:44.096 2898 3025 I nStackXDFinder: GetLocalInterfaceDetail:[461] :GetLocalInterfaceDetail in
06-25 14:28:44.096 2898 3025 E nStackXCoAP: IsInSameNetwork:[281] :IsInSameNetwork: not priority process
06-25 14:28:44.096 2898 3025 D nStackXCoAP: ParseServiceDiscover:[330] :new device join
06-25 14:28:44.096 2898 3025 E nStackXDFinder: GetLocalIp:[401] :GetLocalIp exec
06-25 14:28:44.108 321 2277 D XM_HIDREAD: poll ret=1, event=1
06-25 14:28:44.108 321 2277 D XM_HIDREAD: [9 bytes]:01 00 00 00 00 00 00 00 00
06-25 14:28:44.110 480 597 D TvWindowManager: key event key = KEYCODE_DPAD_LEFT down = false
06-25 14:28:44.113 2227 2227 I SogouIME: onKeyUp: keyoCode=21
06-25 14:28:44.113 2227 2227 I DefaultIMS: onKeyUp: keyoCode=21
06-25 14:28:44.209 2898 3025 D nStackXCoAP: IsInSameNetwork:[276] :IsInSameNetwork exec
06-25 14:28:44.209 2898 3025 I nStackXDFinder: GetLocalInterfaceDetail:[461] :GetLocalInterfaceDetail in
06-25 14:28:44.209 2898 3025 E nStackXCoAP: IsInSameNetwork:[281] :IsInSameNetwork: not priority process
06-25 14:28:44.209 2898 3025 D nStackXCoAP: ParseServiceDiscover:[330] :new device join
06-25 14:28:44.209 2898 3025 E nStackXDFinder: GetLocalIp:[401] :GetLocalIp exec
06-25 14:28:44.378 2898 3025 D nStackXCoAP: IsInSameNetwork:[276] :IsInSameNetwork exec
06-25 14:28:44.378 2898 3025 I nStackXDFinder: GetLocalInterfaceDetail:[461] :GetLocalInterfaceDetail in
06-25 14:28:44.378 2898 3025 E nStackXCoAP: IsInSameNetwork:[281] :IsInSameNetwork: not priority process
06-25 14:28:44.378 2898 3025 D nStackXCoAP: ParseServiceDiscover:[330] :new device join
06-25 14:28:44.378 2898 3025 E nStackXDFinder: GetLocalIp:[401] :GetLocalIp exec
06-25 14:28:44.392 2898 3025 D nStackXCoAP: CoapMessageHandler:[133] :2.01
06-25 14:28:44.393 2898 3025 D nStackXCoAP: CoapMessageHandler:[133] :2.01
06-25 14:28:44.412 480 761 D SntpClient: request time failed: java.net.SocketTimeoutException: Poll timed out
06-25 14:28:44.412 480 761 D SntpClient: request time failed
06-25 14:28:44.415 2898 3025 D nStackXCoAP: CoapMessageHandler:[133] :2.01
06-25 14:28:44.465 659 659 E WifiHAL : wifi_get_link_stats: requestResponse Error:-5
06-25 14:28:44.466 480 609 E WifiVendorHal: getWifiLinkLayerStats_1_5_Internal(l.1191) failed {.code = ERROR_INVALID_ARGS, .description = }
06-25 14:28:44.486 2898 3025 D nStackXCoAP: IsInSameNetwork:[276] :IsInSameNetwork exec
06-25 14:28:44.486 2898 3025 I nStackXDFinder: GetLocalInterfaceDetail:[461] :GetLocalInterfaceDetail in
06-25 14:28:44.486 2898 3025 E nStackXCoAP: IsInSameNetwork:[281] :IsInSameNetwork: not priority process
06-25 14:28:44.486 2898 3025 D nStackXCoAP: ParseServiceDiscover:[330] :new device join
06-25 14:28:44.487 2898 3025 E nStackXDFinder: GetLocalIp:[401] :GetLocalIp exec
06-25 14:28:44.572 480 523 W IorapForwardingService: No service published for: iorapd
06-25 14:28:44.593 2898 3025 D nStackXCoAP: CoapMessageHandler:[133] :2.01
06-25 14:28:44.702 2898 3025 D nStackXCoAP: IsInSameNetwork:[276] :IsInSameNetwork exec
06-25 14:28:44.702 2898 3025 I nStackXDFinder: GetLocalInterfaceDetail:[461] :GetLocalInterfaceDetail in
06-25 14:28:44.702 2898 3025 E nStackXCoAP: IsInSameNetwork:[281] :IsInSameNetwork: not priority process
06-25 14:28:44.702 2898 3025 D nStackXCoAP: ParseServiceDiscover:[330] :new device join
06-25 14:28:44.702 2898 3025 E nStackXDFinder: GetLocalIp:[401] :GetLocalIp exec
06-25 14:28:44.794 2898 3025 D nStackXCoAP: IsInSameNetwork:[276] :IsInSameNetwork exec
06-25 14:28:44.794 2898 3025 I nStackXDFinder: GetLocalInterfaceDetail:[461] :GetLocalInterfaceDetail in
06-25 14:28:44.794 2898 3025 E nStackXCoAP: IsInSameNetwork:[281] :IsInSameNetwork: not priority process
06-25 14:28:44.794 2898 3025 D nStackXCoAP: ParseServiceDiscover:[330] :new device join
06-25 14:28:44.795 2898 3025 E nStackXDFinder: GetLocalIp:[401] :GetLocalIp exec
06-25 14:28:44.816 480 761 D SntpClient: round trip: 393ms, clock offset: 170396262ms
06-25 14:28:44.820 480 521 D AlarmManagerService: Setting time of day to sec=1751003321
06-27 13:48:41.133 480 592 E LazyAlarmStore: Removed TIME_TICK alarm
06-27 13:48:41.137 480 541 I DropBoxManagerService: add tag=system_server_wtf isTagEnabled=true flags=0x2
06-27 13:48:41.143 480 480 I JobScheduler: RTC now valid; recalculating persisted job windows
06-27 13:48:41.148 480 644 D CompatibilityChangeReporter: Compat change id reported: 171306433; UID 1000; state: ENABLED
06-27 13:48:41.151 2898 3025 D nStackXCoAP: IsInSameNetwork:[276] :IsInSameNetwork exec
06-27 13:48:41.151 2898 3025 I nStackXDFinder: GetLocalInterfaceDetail:[461] :GetLocalInterfaceDetail in
06-27 13:48:41.151 2898 3025 E nStackXCoAP: IsInSameNetwork:[281] :IsInSameNetwork: not priority process
06-27 13:48:41.151 2898 3025 D nStackXCoAP: ParseServiceDiscover:[330] :new device join
06-27 13:48:41.151 2898 3025 E nStackXDFinder: GetLocalIp:[401] :GetLocalIp exec
06-27 13:48:41.156 1096 1620 D yc_test : refreshWeather: null
06-27 13:48:41.167 2898 3025 D nStackXCoAP: CoapMessageHandler:[133] :2.01
06-27 13:48:41.182 2898 3025 D nStackXCoAP: CoapMessageHandler:[133] :2.01
06-27 13:48:41.197 2898 3025 D nStackXCoAP: CoapMessageHandler:[133] :2.01
06-27 13:48:41.208 1096 1620 E hq : WeatherRefresh:::请求网络地址后,更新的地理位置为:101280601
06-27 13:48:41.230 480 541 D CompatibilityChangeReporter: Compat change id reported: 168419799; UID 10030; state: DISABLED
06-27 13:48:41.234 480 480 W SyncManager: Clock is valid now.
06-27 13:48:41.235 480 480 D ConditionProviders.SCP: onReceive android.intent.action.TIME_SET
06-27 13:48:41.246 1176 1176 D bbb : onStartCommand begin !!!!!!! data分区剩余 20387MB
06-27 13:48:41.255 480 592 D CompatibilityChangeReporter: Compat change id reported: 168419799; UID 10017; state: DISABLED
06-27 13:48:41.258 321 2277 D XM_HIDREAD: poll ret=1, event=1
06-27 13:48:41.258 321 2277 D XM_HIDREAD: [9 bytes]:01 00 00 28 00 00 00 00 00
06-27 13:48:41.258 480 597 D TvWindowManager: key event key = KEYCODE_DPAD_CENTER down = true
06-27 13:48:41.265 480 480 D ConditionProviders.SCP: evaluateSubscriptionLocked cal=ScheduleCalendar[mDays={1, 2, 3, 4, 5, 6, 7}, mSchedule=ScheduleInfo{days=[1, 2, 3, 4, 5, 6, 7], startHour=22, startMinute=0, endHour=7, endMinute=0, exitAtAlarm=true, nextAlarm=Thu Jan 01 08:00:00 GMT+08:00 1970 (0)}], now=Fri Jun 27 13:48:41 GMT+08:00 2025 (1751003321235), nextUserAlarmTime=Thu Jan 01 08:00:00 GMT+08:00 1970 (0)
06-27 13:48:41.265 480 480 D ConditionProviders.SCP: notifyCondition condition://android/schedule?days=1.2.3.4.5.6.7&start=22.0&end=7.0&exitAtAlarm=true STATE_FALSE reason=!meetsSchedule
06-27 13:48:41.266 480 596 D GpioService: mFlickerEnable = true
06-27 13:48:41.268 2119 3307 D EpgDataCleanupService: Received intent: Intent { act=com.android.providers.tv.intent.CLEAN_UP_EPG_DATA cmp=com.android.providers.tv/.EpgDataCleanupService }
06-27 13:48:41.273 1096 1096 E martin : 组件:2025-06-27
06-27 13:48:41.274 1096 1096 E weatherWidget: dataChange:Fri Jun 27 13:48:41 GMT+08:00 2025
06-27 13:48:41.291 480 609 E WifiHealthMonitor: Hit PackageManager exception
06-27 13:48:41.291 480 609 E WifiHealthMonitor: android.content.pm.PackageManager$NameNotFoundException: No module info for package: com.android.wifi
06-27 13:48:41.291 480 609 E WifiHealthMonitor: at android.app.ApplicationPackageManager.getModuleInfo(ApplicationPackageManager.java:1079)
06-27 13:48:41.291 480 609 E WifiHealthMonitor: at com.android.server.wifi.WifiHealthMonitor.getWifiStackVersion(WifiHealthMonitor.java:366)
06-27 13:48:41.291 480 609 E WifiHealthMonitor: at com.android.server.wifi.WifiHealthMonitor.extractCurrentSoftwareBuildInfo(WifiHealthMonitor.java:587)
06-27 13:48:41.291 480 609 E WifiHealthMonitor: at com.android.server.wifi.WifiHealthMonitor.postBootSwBuildCheck(WifiHealthMonitor.java:522)
06-27 13:48:41.291 480 609 E WifiHealthMonitor: at com.android.server.wifi.WifiHealthMonitor.postBootDetectionHandler(WifiHealthMonitor.java:513)
06-27 13:48:41.291 480 609 E WifiHealthMonitor: at com.android.server.wifi.WifiHealthMonitor.access$500(WifiHealthMonitor.java:71)
06-27 13:48:41.291 480 609 E WifiHealthMonitor: at com.android.server.wifi.WifiHealthMonitor$2.onAlarm(WifiHealthMonitor.java:190)
06-27 13:48:41.291 480 609 E WifiHealthMonitor: at android.app.AlarmManager$ListenerWrapper.run(AlarmManager.java:323)
06-27 13:48:41.291 480 609 E WifiHealthMonitor: at android.os.Handler.handleCallback(Handler.java:938)
06-27 13:48:41.291 480 609 E WifiHealthMonitor: at android.os.Handler.dispatchMessage(Handler.java:99)
06-27 13:48:41.291 480 609 E WifiHealthMonitor: at android.os.Looper.loopOnce(Looper.java:201)
06-27 13:48:41.291 480 609 E WifiHealthMonitor: at android.os.Looper.loop(Looper.java:288)
06-27 13:48:41.291 480 609 E WifiHealthMonitor: at android.os.HandlerThread.run(HandlerThread.java:67)
06-27 13:48:41.292 659 659 E WifiHAL : wifi_get_driver_version: Error -5 happened.
06-27 13:48:41.292 659 659 E android.hardware.wifi@1.0-service-lazy: Failed to get driver version: INVALID_ARGS
06-27 13:48:41.304 480 480 D ConditionProviders.SCP: Scheduling evaluate for Fri Jun 27 22:00:00 GMT+08:00 2025 (1751032800000), in +8h11m18s765ms, now=Fri Jun 27 13:48:41 GMT+08:00 2025 (1751003321235)
06-27 13:48:41.304 480 609 E WifiVendorHal: requestChipDebugInfo(l.2167) failed {.code = ERROR_INVALID_ARGS, .description = failed to get driver version}
06-27 13:48:41.304 480 609 I WifiVendorHal: Driver: null Firmware: null
06-27 13:48:41.306 659 659 E WifiHAL : wifi_get_driver_version: Error -5 happened.
06-27 13:48:41.306 659 659 E android.hardware.wifi@1.0-service-lazy: Failed to get driver version: INVALID_ARGS
06-27 13:48:41.310 480 609 E WifiVendorHal: requestChipDebugInfo(l.2167) failed {.code = ERROR_INVALID_ARGS, .description = failed to get driver version}
06-27 13:48:41.310 480 609 I WifiVendorHal: Driver: null Firmware: null
06-27 13:48:41.322 247 247 I Binder:247_4: type=1400 audit(0.0:1349): avc: denied { add_name } for name="globalAlert" scontext=u:r:netd:s0 tcontext=u:object_r:proc_net:s0 tclass=dir permissive=1
06-27 13:48:41.322 247 247 I Binder:247_4: type=1400 audit(0.0:1350): avc: denied { create } for name="globalAlert" scontext=u:r:netd:s0 tcontext=u:object_r:proc_net:s0 tclass=file permissive=1
06-27 13:48:41.340 480 480 D CompatibilityChangeReporter: Compat change id reported: 168419799; UID 10057; state: DISABLED
06-27 13:48:41.355 480 480 D CompatibilityChangeReporter: Compat change id reported: 168419799; UID 1000; state: DISABLED
06-27 13:48:41.357 2898 3025 D nStackXCoAP: IsInSameNetwork:[276] :IsInSameNetwork exec
06-27 13:48:41.357 2898 3025 I nStackXDFinder: GetLocalInterfaceDetail:[461] :GetLocalInterfaceDetail in
06-27 13:48:41.357 2898 3025 E nStackXCoAP: IsInSameNetwork:[281] :IsInSameNetwork: not priority process
06-27 13:48:41.357 2898 3025 D nStackXCoAP: ParseServiceDiscover:[330] :new device join
06-27 13:48:41.357 2898 3025 E nStackXDFinder: GetLocalIp:[401] :GetLocalIp exec
06-27 13:48:41.361 480 480 D ConditionProviders.SCP: onReceive ScheduleConditionProvider.EVALUATE
06-27 13:48:41.362 480 480 D ConditionProviders.SCP: evaluateSubscriptionLocked cal=ScheduleCalendar[mDays={1, 2, 3, 4, 5, 6, 7}, mSchedule=ScheduleInfo{days=[1, 2, 3, 4, 5, 6, 7], startHour=22, startMinute=0, endHour=7, endMinute=0, exitAtAlarm=true, nextAlarm=Thu Jan 01 08:00:00 GMT+08:00 1970 (0)}], now=Fri Jun 27 13:48:41 GMT+08:00 2025 (1751003321361), nextUserAlarmTime=Thu Jan 01 08:00:00 GMT+08:00 1970 (0)
06-27 13:48:41.362 480 480 D ConditionProviders.SCP: notifyCondition condition://android/schedule?days=1.2.3.4.5.6.7&start=22.0&end=7.0&exitAtAlarm=true STATE_FALSE reason=!meetsSchedule
06-27 13:48:41.366 480 480 D ConditionProviders.SCP: Scheduling evaluate for Fri Jun 27 22:00:00 GMT+08:00 2025 (1751032800000), in +8h11m18s639ms, now=Fri Jun 27 13:48:41 GMT+08:00 2025 (1751003321361)
06-27 13:48:41.377 480 480 D NetworkSecurityConfig: No Network Security Config specified, using platform default
06-27 13:48:41.381 480 540 I UsageStatsService: User[0] Time changed in by 170396 seconds
06-27 13:48:41.381 480 540 I UsageStatsService: User[0] Flushing usage stats to disk
06-27 13:48:41.386 480 622 D CompatibilityChangeReporter: Compat change id reported: 143231523; UID 1000; state: DISABLED
06-27 13:48:41.404 321 2277 D XM_HIDREAD: poll ret=1, event=1
06-27 13:48:41.404 321 2277 D XM_HIDREAD: [9 bytes]:01 00 00 00 00 00 00 00 00
06-27 13:48:41.405 480 597 D TvWindowManager: key event key = KEYCODE_DPAD_CENTER down = false
