06-25 14:28:14.155 480 875 D NetworkStats: registerNetworkStatsProvider from OffloadController uid/pid=1073/762
06-25 14:28:14.155 366 476 I Codec2InfoBuilder: adding type 'video/hevc'
06-25 14:28:14.157 668 668 D BluetoothDatabase: Load Database
06-25 14:28:14.158 668 668 I BluetoothAdapterService: Phone policy enabled
06-25 14:28:14.158 396 434 V C2Store : in init
06-25 14:28:14.158 396 434 V C2Store : loading dll
06-25 14:28:14.160 396 434 I mediaswcodec: missing struct descriptor #Param::CoreIndex(--004) for field values of struct #Param::CoreIndex(F-12004)
06-25 14:28:14.161 396 434 D C2SoftHevcEnc: Given level 6000 does not cover current configuration: adjusting to 6001
06-25 14:28:14.165 685 685 D CompatibilityChangeReporter: Compat change id reported: 160794467; UID 10067; state: ENABLED
06-25 14:28:14.164 668 668 D BluetoothActiveDeviceManager: start()
06-25 14:28:14.174 685 685 D TvPipMenuController: onMediaActionsChanged()
06-25 14:28:14.174 396 434 I mediaswcodec: missing struct descriptor #Param::CoreIndex(--004) for field values of struct #Param::CoreIndex(F-12004)
06-25 14:28:14.174 396 821 V C2Store : in ~ComponentModule
06-25 14:28:14.175 396 821 V C2Store : unloading dll
06-25 14:28:14.179 396 434 D C2SoftHevcEnc: Given level 6000 does not cover current configuration: adjusting to 6001
06-25 14:28:14.180 836 836 D wpa_supplicant: wlan0: Own MAC address: b4:2f:03:15:e8:b9
06-25 14:28:14.180 836 836 D wpa_supplicant: wpa_driver_nl80211_set_key: ifindex=14 (wlan0) alg=0 addr=0x0 key_idx=0 set_tx=0 seq_len=0 key_len=0 key_flag=0x10
06-25 14:28:14.180 836 836 D wpa_supplicant: nl80211: DEL_KEY
06-25 14:28:14.180 836 836 D wpa_supplicant: broadcast key
06-25 14:28:14.180 836 836 D wpa_supplicant: wpa_driver_nl80211_set_key: ifindex=14 (wlan0) alg=0 addr=0x0 key_idx=1 set_tx=0 seq_len=0 key_len=0 key_flag=0x10
06-25 14:28:14.180 366 476 D Codec2InfoBuilder: codec entry for 'c2.android.hevc.encoder' is disabled
06-25 14:28:14.180 836 836 D wpa_supplicant: nl80211: DEL_KEY
06-25 14:28:14.180 836 836 D wpa_supplicant: broadcast key
06-25 14:28:14.181 836 836 D wpa_supplicant: wpa_driver_nl80211_set_key: ifindex=14 (wlan0) alg=0 addr=0x0 key_idx=2 set_tx=0 seq_len=0 key_len=0 key_flag=0x10
06-25 14:28:14.181 396 396 V C2Store : in init
06-25 14:28:14.181 836 836 D wpa_supplicant: nl80211: DEL_KEY
06-25 14:28:14.181 396 396 V C2Store : loading dll
06-25 14:28:14.181 836 836 D wpa_supplicant: broadcast key
06-25 14:28:14.181 836 836 D wpa_supplicant: wpa_driver_nl80211_set_key: ifindex=14 (wlan0) alg=0 addr=0x0 key_idx=3 set_tx=0 seq_len=0 key_len=0 key_flag=0x10
06-25 14:28:14.181 836 836 D wpa_supplicant: nl80211: DEL_KEY
06-25 14:28:14.181 836 836 D wpa_supplicant: broadcast key
06-25 14:28:14.181 836 836 D wpa_supplicant: wpa_driver_nl80211_set_key: ifindex=14 (wlan0) alg=0 addr=0x0 key_idx=4 set_tx=0 seq_len=0 key_len=0 key_flag=0x10
06-25 14:28:14.181 836 836 D wpa_supplicant: nl80211: DEL_KEY
06-25 14:28:14.181 836 836 D wpa_supplicant: broadcast key
06-25 14:28:14.181 836 836 D wpa_supplicant: wpa_driver_nl80211_set_key: ifindex=14 (wlan0) alg=0 addr=0x0 key_idx=5 set_tx=0 seq_len=0 key_len=0 key_flag=0x10
06-25 14:28:14.181 836 836 D wpa_supplicant: nl80211: DEL_KEY
06-25 14:28:14.181 836 836 D wpa_supplicant: broadcast key
06-25 14:28:14.182 836 836 D wpa_supplicant: wlan0: RSN: flushing PMKID list in the driver
06-25 14:28:14.182 836 836 D wpa_supplicant: nl80211: Flush PMKIDs
06-25 14:28:14.184 836 836 D wpa_supplicant: wlan0: State: DISCONNECTED -> INACTIVE
06-25 14:28:14.185 836 836 D wpa_supplicant: Notifying state change event to hidl control: 2
06-25 14:28:14.186 396 434 V C2Store : in ~ComponentModule
06-25 14:28:14.186 396 434 V C2Store : unloading dll
06-25 14:28:14.186 685 685 D TvPipNotification: setDelegate(), delegate=com.android.wm.shell.pip.tv.TvPipController@1305491
06-25 14:28:14.186 685 685 D TvPipMenuController: setDelegate(), delegate=com.android.wm.shell.pip.tv.TvPipController@1305491
06-25 14:28:14.187 396 434 V C2Store : in ~ComponentModule
06-25 14:28:14.187 396 434 V C2Store : unloading dll
06-25 14:28:14.190 366 476 I Codec2InfoBuilder: adding type 'audio/mpeg'
06-25 14:28:14.190 668 882 D BluetoothActiveDeviceManager: onAudioDevicesAdded
06-25 14:28:14.190 668 882 D BluetoothActiveDeviceManager: Audio device added: DBBOX-A2 type: 2
06-25 14:28:14.190 668 882 D BluetoothActiveDeviceManager: Audio device added: DBBOX-A2 type: 15
06-25 14:28:14.190 668 882 D BluetoothActiveDeviceManager: Audio device added: DBBOX-A2 type: 25
06-25 14:28:14.190 685 685 W OneHandedController: Device doesn't support OneHanded feature
06-25 14:28:14.191 396 433 V C2Store : in init
06-25 14:28:14.191 396 433 V C2Store : loading dll
06-25 14:28:14.191 396 434 V C2Store : in ~ComponentModule
06-25 14:28:14.192 396 434 V C2Store : unloading dll
06-25 14:28:14.192 668 668 D BluetoothAdapterService: setAdapterService() - trying to set service to com.android.bluetooth.btservice.AdapterService@1305491
06-25 14:28:14.197 366 476 D Codec2InfoBuilder: codec entry for 'c2.android.mpeg2.decoder' is disabled
06-25 14:28:14.198 396 396 V C2Store : in init
06-25 14:28:14.198 396 396 V C2Store : loading dll
06-25 14:28:14.198 396 434 V C2Store : in ~ComponentModule
06-25 14:28:14.198 396 434 V C2Store : unloading dll
06-25 14:28:14.200 668 668 D BluetoothAdapterService: onBind()
06-25 14:28:14.204 366 476 I Codec2InfoBuilder: adding type 'video/mp4v-es'
06-25 14:28:14.206 396 821 V C2Store : in init
06-25 14:28:14.206 396 821 V C2Store : loading dll
06-25 14:28:14.206 396 434 V C2Store : in ~ComponentModule
06-25 14:28:14.206 396 434 V C2Store : unloading dll
06-25 14:28:14.212 480 812 D NetworkStats: registerNetworkStatsProvider from BpfCoordinator uid/pid=1073/762
06-25 14:28:14.216 366 476 I Codec2InfoBuilder: adding type 'video/mp4v-es'
06-25 14:28:14.219 836 836 D wpa_supplicant: TDLS: TDLS operation not supported by driver
06-25 14:28:14.219 836 836 D wpa_supplicant: TDLS: Driver uses internal link setup
06-25 14:28:14.219 836 836 D wpa_supplicant: TDLS: Driver does not support TDLS channel switching
06-25 14:28:14.220 396 821 V C2Store : in ~ComponentModule
06-25 14:28:14.220 396 821 V C2Store : unloading dll
06-25 14:28:14.220 396 433 V C2Store : in init
06-25 14:28:14.220 396 433 V C2Store : loading dll
06-25 14:28:14.221 836 836 D wpa_supplicant: wlan0: WPS: UUID based on MAC address: 9c907f24-96c2-56f2-9fdd-752c11c3bef8
06-25 14:28:14.221 836 836 D wpa_supplicant: EAPOL: SUPP_PAE entering state DISCONNECTED
06-25 14:28:14.221 836 836 D wpa_supplicant: EAPOL: Supplicant port status: Unauthorized
06-25 14:28:14.221 836 836 D wpa_supplicant: nl80211: Skip set_supp_port(unauthorized) while not associated
06-25 14:28:14.221 836 836 D wpa_supplicant: EAPOL: KEY_RX entering state NO_KEY_RECEIVE
06-25 14:28:14.221 836 836 D wpa_supplicant: EAPOL: SUPP_BE entering state INITIALIZE
06-25 14:28:14.221 836 836 D wpa_supplicant: EAP: EAP entering state DISABLED
06-25 14:28:14.222 836 836 D wpa_supplicant: Using existing control interface directory.
06-25 14:28:14.225 836 836 D wpa_supplicant: ctrl_iface bind(PF_UNIX) failed: Address already in use
06-25 14:28:14.225 836 836 D wpa_supplicant: ctrl_iface exists, but does not allow connections - assuming it was leftover from forced program termination
06-25 14:28:14.225 480 480 D NetworkSecurityConfig: No Network Security Config specified, using platform default
06-25 14:28:14.226 836 836 D wpa_supplicant: Successfully replaced leftover ctrl_iface socket '/data/vendor/wifi/wpa/sockets/wlan0'
06-25 14:28:14.226 480 480 D NetworkSecurityConfig: No Network Security Config specified, using platform default
06-25 14:28:14.226 836 836 D wpa_supplicant: nl80211: Setting wowlan
06-25 14:28:14.227 762 762 D CompatibilityChangeReporter: Compat change id reported: 147600208; UID 1073; state: ENABLED
06-25 14:28:14.224 849 849 I id.ext.services: type=1400 audit(0.0:386): avc: denied { getattr } for path="/data/data/android.ext.services" dev="mmcblk0p25" ino=437 scontext=u:r:platform_app:s0:c512,c768 tcontext=u:object_r:app_data_file:s0:c512,c768 tclass=dir permissive=1 app=android.ext.services
06-25 14:28:14.230 836 836 D wpa_supplicant: MBO: Update non-preferred channels, non_pref_chan=N/A
06-25 14:28:14.230 480 812 D CompatibilityChangeReporter: Compat change id reported: 182478738; UID 1073; state: DISABLED
06-25 14:28:14.230 836 836 D wpa_supplicant: Registering interface to hidl control: wlan0
06-25 14:28:14.230 836 836 D wpa_supplicant: wlan0: Added interface wlan0
06-25 14:28:14.230 836 836 D wpa_supplicant: wlan0: State: INACTIVE -> DISCONNECTED
06-25 14:28:14.230 836 836 D wpa_supplicant: nl80211: Set wlan0 operstate 0->0 (DORMANT)
06-25 14:28:14.230 836 836 D wpa_supplicant: netlink: Operstate: ifindex=14 linkmode=-1 (no change), operstate=5 (IF_OPER_DORMANT)
06-25 14:28:14.230 836 836 D wpa_supplicant: Notifying state change event to hidl control: 0
06-25 14:28:14.230 836 836 D wpa_supplicant: nl80211: Create interface iftype 10 (P2P_DEVICE)
06-25 14:28:14.231 836 836 D wpa_supplicant: nl80211: New P2P Device interface p2p-dev-wlan0 (0x3) created
06-25 14:28:14.231 836 836 D wpa_supplicant: Override interface parameter: ctrl_interface ('/data/vendor/wifi/wpa/sockets' -> '/data/vendor/wifi/wpa/sockets')
06-25 14:28:14.231 836 836 D wpa_supplicant: Initializing interface 'p2p-dev-wlan0' conf '/data/vendor/wifi/wpa/wpa_supplicant.conf' driver 'nl80211' ctrl_interface '/data/vendor/wifi/wpa/sockets' bridge 'N/A'
06-25 14:28:14.231 836 836 D wpa_supplicant: Configuration file '/data/vendor/wifi/wpa/wpa_supplicant.conf' -> '/data/vendor/wifi/wpa/wpa_supplicant.conf'
06-25 14:28:14.231 836 836 D wpa_supplicant: Reading configuration file '/data/vendor/wifi/wpa/wpa_supplicant.conf'
06-25 14:28:14.231 836 836 D wpa_supplicant: update_config=1
06-25 14:28:14.231 836 836 D wpa_supplicant: eapol_version=1
06-25 14:28:14.231 836 836 D wpa_supplicant: ap_scan=1
06-25 14:28:14.231 836 836 D wpa_supplicant: fast_reauth=1
06-25 14:28:14.231 836 836 D wpa_supplicant: pmf=1
06-25 14:28:14.231 836 836 D wpa_supplicant: p2p_add_cli_chan=1
06-25 14:28:14.231 836 836 D wpa_supplicant: oce=1
06-25 14:28:14.231 836 836 D wpa_supplicant: sae_pwe=2
06-25 14:28:14.232 836 836 D wpa_supplicant: nl80211: Supported cipher 00-0f-ac:1
06-25 14:28:14.232 836 836 D wpa_supplicant: nl80211: Supported cipher 00-0f-ac:5
06-25 14:28:14.232 836 836 D wpa_supplicant: nl80211: Supported cipher 00-0f-ac:2
06-25 14:28:14.232 836 836 D wpa_supplicant: nl80211: Supported cipher 00-0f-ac:4
06-25 14:28:14.232 836 836 D wpa_supplicant: nl80211: Supported cipher 00-14-72:1
06-25 14:28:14.232 836 836 D wpa_supplicant: nl80211: Supported cipher 00-0f-ac:6
06-25 14:28:14.232 836 836 D wpa_supplicant: nl80211: Supported cipher 00-0f-ac:255
06-25 14:28:14.233 836 836 D wpa_supplicant: nl80211: Supported vendor command: vendor_id=0x1374 subcmd=9
06-25 14:28:14.233 836 836 D wpa_supplicant: nl80211: Supported vendor command: vendor_id=0x1374 subcmd=12
06-25 14:28:14.233 836 836 D wpa_supplicant: nl80211: Supported vendor command: vendor_id=0x1374 subcmd=14
06-25 14:28:14.233 836 836 D wpa_supplicant: nl80211: Supported vendor command: vendor_id=0x1374 subcmd=15
06-25 14:28:14.234 836 836 D wpa_supplicant: nl80211: Supported vendor command: vendor_id=0x1374 subcmd=16
06-25 14:28:14.234 836 836 D wpa_supplicant: nl80211: Supported vendor command: vendor_id=0x1374 subcmd=20
06-25 14:28:14.234 836 836 D wpa_supplicant: nl80211: Supported vendor command: vendor_id=0x1a11 subcmd=6
06-25 14:28:14.234 836 836 D wpa_supplicant: nl80211: Supported vendor command: vendor_id=0x1374 subcmd=21
06-25 14:28:14.234 836 836 D wpa_supplicant: nl80211: Supported vendor command: vendor_id=0x1374 subcmd=22
06-25 14:28:14.235 836 836 D wpa_supplicant: nl80211: Supported vendor command: vendor_id=0x1374 subcmd=23
06-25 14:28:14.235 836 836 D wpa_supplicant: nl80211: Supported vendor command: vendor_id=0x1374 subcmd=24
06-25 14:28:14.235 836 836 D wpa_supplicant: nl80211: Supported vendor command: vendor_id=0x1374 subcmd=29
06-25 14:28:14.235 836 836 D wpa_supplicant: nl80211: Supported vendor command: vendor_id=0x1374 subcmd=30
06-25 14:28:14.235 836 836 D wpa_supplicant: nl80211: Supported vendor command: vendor_id=0x1374 subcmd=32
06-25 14:28:14.235 836 836 D wpa_supplicant: nl80211: Supported vendor command: vendor_id=0x1374 subcmd=33
06-25 14:28:14.235 836 836 D wpa_supplicant: nl80211: Supported vendor command: vendor_id=0x1374 subcmd=38
06-25 14:28:14.235 836 836 D wpa_supplicant: nl80211: Supported vendor command: vendor_id=0x1374 subcmd=39
06-25 14:28:14.235 836 836 D wpa_supplicant: nl80211: Supported vendor command: vendor_id=0x1374 subcmd=42
06-25 14:28:14.235 836 836 D wpa_supplicant: nl80211: Supported vendor command: vendor_id=0x1374 subcmd=55
06-25 14:28:14.235 836 836 D wpa_supplicant: nl80211: Supported vendor command: vendor_id=0x1374 subcmd=61
06-25 14:28:14.235 836 836 D wpa_supplicant: nl80211: Supported vendor command: vendor_id=0x1374 subcmd=62
06-25 14:28:14.235 836 836 D wpa_supplicant: nl80211: Supported vendor command: vendor_id=0x1374 subcmd=63
06-25 14:28:14.235 836 836 D wpa_supplicant: nl80211: Supported vendor command: vendor_id=0x1374 subcmd=64
06-25 14:28:14.235 836 836 D wpa_supplicant: nl80211: Supported vendor command: vendor_id=0x1374 subcmd=65
06-25 14:28:14.235 836 836 D wpa_supplicant: nl80211: Supported vendor command: vendor_id=0x1374 subcmd=66
06-25 14:28:14.235 836 836 D wpa_supplicant: nl80211: Supported vendor command: vendor_id=0x1374 subcmd=69
06-25 14:28:14.235 836 836 D wpa_supplicant: nl80211: Supported vendor command: vendor_id=0x1374 subcmd=70
06-25 14:28:14.235 836 836 D wpa_supplicant: nl80211: Supported vendor command: vendor_id=0x1374 subcmd=71
06-25 14:28:14.235 836 836 D wpa_supplicant: nl80211: Supported vendor command: vendor_id=0x1374 subcmd=76
06-25 14:28:14.235 836 836 D wpa_supplicant: nl80211: Supported vendor command: vendor_id=0x1374 subcmd=77
06-25 14:28:14.235 836 836 D wpa_supplicant: nl80211: Supported vendor command: vendor_id=0x1374 subcmd=79
06-25 14:28:14.235 836 836 D wpa_supplicant: nl80211: Supported vendor command: vendor_id=0x1374 subcmd=80
06-25 14:28:14.235 836 836 D wpa_supplicant: nl80211: Supported vendor command: vendor_id=0x1374 subcmd=82
06-25 14:28:14.235 836 836 D wpa_supplicant: nl80211: Supported vendor command: vendor_id=0x1374 subcmd=85
06-25 14:28:14.235 836 836 D wpa_supplicant: nl80211: Supported vendor command: vendor_id=0x1374 subcmd=146
06-25 14:28:14.235 836 836 D wpa_supplicant: nl80211: Supported vendor command: vendor_id=0x1374 subcmd=12
06-25 14:28:14.235 836 836 D wpa_supplicant: nl80211: Supported vendor command: vendor_id=0x1374 subcmd=128
06-25 14:28:14.235 836 836 D wpa_supplicant: nl80211: Supported vendor command: vendor_id=0x1374 subcmd=129
06-25 14:28:14.235 836 836 D wpa_supplicant: nl80211: Supported vendor command: vendor_id=0x1374 subcmd=130
06-25 14:28:14.235 836 836 D wpa_supplicant: nl80211: Supported vendor command: vendor_id=0x1374 subcmd=133
06-25 14:28:14.235 836 836 D wpa_supplicant: nl80211: Supported vendor command: vendor_id=0x1374 subcmd=176
06-25 14:28:14.235 836 836 D wpa_supplicant: nl80211: Supported vendor event: vendor_id=0x1374 subcmd=80
06-25 14:28:14.235 836 836 D wpa_supplicant: nl80211: Supported vendor event: vendor_id=0x1374 subcmd=1
06-25 14:28:14.235 836 836 D wpa_supplicant: nl80211: Supported vendor event: vendor_id=0x1374 subcmd=1
06-25 14:28:14.235 836 836 D wpa_supplicant: nl80211: Supported vendor event: vendor_id=0x1374 subcmd=1
06-25 14:28:14.235 836 836 D wpa_supplicant: nl80211: Supported vendor event: vendor_id=0x1374 subcmd=1
06-25 14:28:14.235 836 836 D wpa_supplicant: nl80211: Supported vendor event: vendor_id=0x1374 subcmd=1
06-25 14:28:14.235 836 836 D wpa_supplicant: nl80211: Supported vendor event: vendor_id=0x1374 subcmd=20
06-25 14:28:14.235 836 836 D wpa_supplicant: nl80211: Supported vendor event: vendor_id=0x1374 subcmd=21
06-25 14:28:14.235 836 836 D wpa_supplicant: nl80211: Supported vendor event: vendor_id=0x1374 subcmd=23
06-25 14:28:14.235 836 836 D wpa_supplicant: nl80211: Supported vendor event: vendor_id=0x1374 subcmd=24
06-25 14:28:14.235 836 836 D wpa_supplicant: nl80211: Supported vendor event: vendor_id=0x1374 subcmd=25
06-25 14:28:14.235 836 836 D wpa_supplicant: nl80211: Supported vendor event: vendor_id=0x1374 subcmd=26
06-25 14:28:14.235 836 836 D wpa_supplicant: nl80211: Supported vendor event: vendor_id=0x1374 subcmd=27
06-25 14:28:14.235 836 836 D wpa_supplicant: nl80211: Supported vendor event: vendor_id=0x1374 subcmd=28
06-25 14:28:14.235 836 836 D wpa_supplicant: nl80211: Supported vendor event: vendor_id=0x1374 subcmd=41
06-25 14:28:14.235 836 836 D wpa_supplicant: nl80211: Supported vendor event: vendor_id=0x1374 subcmd=29
06-25 14:28:14.235 836 836 D wpa_supplicant: nl80211: Supported vendor event: vendor_id=0x1374 subcmd=30
06-25 14:28:14.235 836 836 D wpa_supplicant: nl80211: Supported vendor event: vendor_id=0x1374 subcmd=31
06-25 14:28:14.235 836 836 D wpa_supplicant: nl80211: Supported vendor event: vendor_id=0x1374 subcmd=32
06-25 14:28:14.235 836 836 D wpa_supplicant: nl80211: Supported vendor event: vendor_id=0x1374 subcmd=33
06-25 14:28:14.235 836 836 D wpa_supplicant: nl80211: Supported vendor event: vendor_id=0x0 subcmd=0
06-25 14:28:14.235 836 836 D wpa_supplicant: nl80211: Supported vendor event: vendor_id=0x0 subcmd=0
06-25 14:28:14.235 836 836 D wpa_supplicant: nl80211: Supported vendor event: vendor_id=0x0 subcmd=0
06-25 14:28:14.235 836 836 D wpa_supplicant: nl80211: Supported vendor event: vendor_id=0x0 subcmd=0
06-25 14:28:14.235 836 836 D wpa_supplicant: nl80211: Supported vendor event: vendor_id=0x0 subcmd=0
06-25 14:28:14.235 836 836 D wpa_supplicant: nl80211: Supported vendor event: vendor_id=0x0 subcmd=0
06-25 14:28:14.235 836 836 D wpa_supplicant: nl80211: Supported vendor event: vendor_id=0x0 subcmd=0
06-25 14:28:14.235 836 836 D wpa_supplicant: nl80211: Supported vendor event: vendor_id=0x0 subcmd=0
06-25 14:28:14.235 836 836 D wpa_supplicant: nl80211: Supported vendor event: vendor_id=0x0 subcmd=0
06-25 14:28:14.235 836 836 D wpa_supplicant: nl80211: Supported vendor event: vendor_id=0x0 subcmd=0
06-25 14:28:14.235 836 836 D wpa_supplicant: nl80211: Supported vendor event: vendor_id=0x0 subcmd=0
06-25 14:28:14.235 836 836 D wpa_supplicant: nl80211: Supported vendor event: vendor_id=0x0 subcmd=0
06-25 14:28:14.235 836 836 D wpa_supplicant: nl80211: Supported vendor event: vendor_id=0x1374 subcmd=5120
06-25 14:28:14.235 836 836 D wpa_supplicant: nl80211: Supported vendor event: vendor_id=0x0 subcmd=0
06-25 14:28:14.235 836 836 D wpa_supplicant: nl80211: Supported vendor event: vendor_id=0x0 subcmd=0
06-25 14:28:14.235 836 836 D wpa_supplicant: nl80211: Supported vendor event: vendor_id=0x0 subcmd=0
06-25 14:28:14.235 836 836 D wpa_supplicant: nl80211: Supported vendor event: vendor_id=0x0 subcmd=0
06-25 14:28:14.235 836 836 D wpa_supplicant: nl80211: Supported vendor event: vendor_id=0x0 subcmd=0
06-25 14:28:14.235 836 836 D wpa_supplicant: nl80211: Supported vendor event: vendor_id=0x0 subcmd=0
06-25 14:28:14.235 836 836 D wpa_supplicant: nl80211: Supported vendor event: vendor_id=0x0 subcmd=0
06-25 14:28:14.235 836 836 D wpa_supplicant: nl80211: Supported vendor event: vendor_id=0x0 subcmd=0
06-25 14:28:14.235 836 836 D wpa_supplicant: nl80211: Supported vendor event: vendor_id=0x0 subcmd=0
06-25 14:28:14.235 836 836 D wpa_supplicant: nl80211: Supported vendor event: vendor_id=0x0 subcmd=0
06-25 14:28:14.235 836 836 D wpa_supplicant: nl80211: Supported vendor event: vendor_id=0x0 subcmd=0
06-25 14:28:14.235 836 836 D wpa_supplicant: nl80211: Supported vendor event: vendor_id=0x0 subcmd=0
06-25 14:28:14.235 836 836 D wpa_supplicant: nl80211: Supported vendor event: vendor_id=0x0 subcmd=0
06-25 14:28:14.235 836 836 D wpa_supplicant: nl80211: Supported vendor event: vendor_id=0x0 subcmd=0
06-25 14:28:14.235 836 836 D wpa_supplicant: nl80211: Supported vendor event: vendor_id=0x0 subcmd=0
06-25 14:28:14.235 836 836 D wpa_supplicant: nl80211: Supported vendor event: vendor_id=0x0 subcmd=0
06-25 14:28:14.235 836 836 D wpa_supplicant: nl80211: Supported vendor event: vendor_id=0x0 subcmd=0
06-25 14:28:14.235 836 836 D wpa_supplicant: nl80211: Supported vendor event: vendor_id=0x0 subcmd=0
06-25 14:28:14.235 836 836 D wpa_supplicant: nl80211: Supported vendor event: vendor_id=0x0 subcmd=0
06-25 14:28:14.235 836 836 D wpa_supplicant: nl80211: Supported vendor event: vendor_id=0x0 subcmd=0
06-25 14:28:14.235 836 836 D wpa_supplicant: nl80211: Supported vendor event: vendor_id=0x0 subcmd=0
06-25 14:28:14.236 836 836 D wpa_supplicant: nl80211: Supported vendor event: vendor_id=0x0 subcmd=0
06-25 14:28:14.236 836 836 D wpa_supplicant: nl80211: Supported vendor event: vendor_id=0x0 subcmd=0
06-25 14:28:14.236 836 836 D wpa_supplicant: nl80211: Supported vendor event: vendor_id=0x0 subcmd=0
06-25 14:28:14.236 836 836 D wpa_supplicant: nl80211: Supported vendor event: vendor_id=0x0 subcmd=0
06-25 14:28:14.236 836 836 D wpa_supplicant: nl80211: Supported vendor event: vendor_id=0x0 subcmd=0
06-25 14:28:14.236 836 836 D wpa_supplicant: nl80211: Supported vendor event: vendor_id=0x0 subcmd=0
06-25 14:28:14.236 836 836 D wpa_supplicant: nl80211: Supported vendor event: vendor_id=0x0 subcmd=0
06-25 14:28:14.236 836 836 D wpa_supplicant: nl80211: Supported vendor event: vendor_id=0x0 subcmd=0
06-25 14:28:14.236 836 836 D wpa_supplicant: nl80211: Supported vendor event: vendor_id=0x0 subcmd=0
06-25 14:28:14.236 836 836 D wpa_supplicant: nl80211: Supported vendor event: vendor_id=0x0 subcmd=0
06-25 14:28:14.236 836 836 D wpa_supplicant: nl80211: Supported vendor event: vendor_id=0x1374 subcmd=131
06-25 14:28:14.236 836 836 D wpa_supplicant: nl80211: Supported vendor event: vendor_id=0x1374 subcmd=132
06-25 14:28:14.236 836 836 D wpa_supplicant: nl80211: Supported vendor event: vendor_id=0x0 subcmd=0
06-25 14:28:14.236 836 836 D wpa_supplicant: nl80211: Supported vendor event: vendor_id=0x0 subcmd=0
06-25 14:28:14.236 836 836 D wpa_supplicant: nl80211: Supported vendor event: vendor_id=0x0 subcmd=0
06-25 14:28:14.236 836 836 D wpa_supplicant: nl80211: Supported vendor event: vendor_id=0x0 subcmd=0
06-25 14:28:14.236 836 836 D wpa_supplicant: nl80211: Supported vendor event: vendor_id=0x0 subcmd=0
06-25 14:28:14.236 836 836 D wpa_supplicant: nl80211: Supported vendor event: vendor_id=0x0 subcmd=0
06-25 14:28:14.236 836 836 D wpa_supplicant: nl80211: Supported vendor event: vendor_id=0x1374 subcmd=72
06-25 14:28:14.236 836 836 D wpa_supplicant: nl80211: Use separate P2P group interface (driver advertised support)
06-25 14:28:14.236 836 836 D wpa_supplicant: nl80211: Enable multi-channel concurrent (driver advertised support)
06-25 14:28:14.236 836 836 D wpa_supplicant: nl80211: use P2P_DEVICE support
06-25 14:28:14.236 836 836 D wpa_supplicant: nl80211: key_mgmt=0xd0f enc=0x10f auth=0x7 flags=0x100100007a007ac0 rrm_flags=0x0 probe_resp_offloads=0x0 max_stations=10 max_remain_on_chan=5000 max_scan_ssids=12
06-25 14:28:14.236 836 836 D wpa_supplicant: nl80211: interface p2p-dev-wlan0 in phy phy0
06-25 14:28:14.237 836 836 D wpa_supplicant: nl80211: Set mode ifindex 0 iftype 10 (P2P_DEVICE)
06-25 14:28:14.237 836 836 D wpa_supplicant: nl80211: Failed to set interface 0 to mode 10: -22 (Invalid argument)
06-25 14:28:14.237 836 836 D wpa_supplicant: nl80211: Subscribe to mgmt frames with non-AP handle 0xe8c34848
06-25 14:28:14.237 836 836 D wpa_supplicant: nl80211: Register frame type=0xb0 (WLAN_FC_STYPE_AUTH) nl_handle=0xe8c34848 match=0300 multicast=0
06-25 14:28:14.237 836 836 D wpa_supplicant: nl80211: Register frame command failed (type=176): ret=-22 (Invalid argument)
06-25 14:28:14.237 836 836 D wpa_supplicant: nl80211: Register frame match - hexdump(len=2): 03 00
06-25 14:28:14.237 836 836 D wpa_supplicant: nl80211: Register frame type=0xd0 (WLAN_FC_STYPE_ACTION) nl_handle=0xe8c34848 match=0104 multicast=0
06-25 14:28:14.237 836 836 D wpa_supplicant: nl80211: Register frame type=0xd0 (WLAN_FC_STYPE_ACTION) nl_handle=0xe8c34848 match=040a multicast=0
06-25 14:28:14.238 836 836 D wpa_supplicant: nl80211: Register frame type=0xd0 (WLAN_FC_STYPE_ACTION) nl_handle=0xe8c34848 match=040b multicast=0
06-25 14:28:14.238 836 836 D wpa_supplicant: nl80211: Register frame type=0xd0 (WLAN_FC_STYPE_ACTION) nl_handle=0xe8c34848 match=040c multicast=0
06-25 14:28:14.238 836 836 D wpa_supplicant: nl80211: Register frame type=0xd0 (WLAN_FC_STYPE_ACTION) nl_handle=0xe8c34848 match=040d multicast=0
06-25 14:28:14.238 836 836 D wpa_supplicant: nl80211: Register frame type=0xd0 (WLAN_FC_STYPE_ACTION) nl_handle=0xe8c34848 match=090a multicast=0
06-25 14:28:14.238 836 836 D wpa_supplicant: nl80211: Register frame type=0xd0 (WLAN_FC_STYPE_ACTION) nl_handle=0xe8c34848 match=090b multicast=0
06-25 14:28:14.238 836 836 D wpa_supplicant: nl80211: Register frame type=0xd0 (WLAN_FC_STYPE_ACTION) nl_handle=0xe8c34848 match=090c multicast=0
06-25 14:28:14.238 836 836 D wpa_supplicant: nl80211: Register frame type=0xd0 (WLAN_FC_STYPE_ACTION) nl_handle=0xe8c34848 match=090d multicast=0
06-25 14:28:14.238 836 836 D wpa_supplicant: nl80211: Register frame type=0xd0 (WLAN_FC_STYPE_ACTION) nl_handle=0xe8c34848 match=0409506f9a09 multicast=0
06-25 14:28:14.238 836 836 D wpa_supplicant: nl80211: Register frame type=0xd0 (WLAN_FC_STYPE_ACTION) nl_handle=0xe8c34848 match=7f506f9a09 multicast=0
06-25 14:28:14.239 836 836 D wpa_supplicant: nl80211: Register frame type=0xd0 (WLAN_FC_STYPE_ACTION) nl_handle=0xe8c34848 match=0409506f9a1a multicast=0
06-25 14:28:14.239 836 836 D wpa_supplicant: nl80211: Register frame type=0xd0 (WLAN_FC_STYPE_ACTION) nl_handle=0xe8c34848 match=0801 multicast=0
06-25 14:28:14.239 836 836 D wpa_supplicant: nl80211: Register frame type=0xd0 (WLAN_FC_STYPE_ACTION) nl_handle=0xe8c34848 match=06 multicast=0
06-25 14:28:14.239 836 836 D wpa_supplicant: nl80211: Register frame type=0xd0 (WLAN_FC_STYPE_ACTION) nl_handle=0xe8c34848 match=0a07 multicast=0
06-25 14:28:14.240 480 521 I ServiceWatcher: [fused] connected to {com.android.location.fused/com.android.location.fused.FusedLocationService}
06-25 14:28:14.241 480 480 E WiredAccessoryManager: No state change.
06-25 14:28:14.241 480 480 W WiredAccessoryManager: Both input event and extcon are used for audio jack, please just choose one.
06-25 14:28:14.241 668 880 D BluetoothDatabase: compactLastConnectionTime: Compacting metadata after load
06-25 14:28:14.241 668 880 I BluetoothDatabase: cacheMetadata
06-25 14:28:14.241 668 880 V BluetoothDatabase: cacheMetadata: found device LocalStorage
06-25 14:28:14.241 668 880 V BluetoothDatabase: cacheMetadata: found device E4:BB:D3:57:C0:18
06-25 14:28:14.241 668 880 I BluetoothDatabase: cacheMetadata: Database is ready
06-25 14:28:14.242 836 836 D wpa_supplicant: nl80211: Register frame type=0xd0 (WLAN_FC_STYPE_ACTION) nl_handle=0xe8c34848 match=0a11 multicast=0
06-25 14:28:14.243 836 836 D wpa_supplicant: nl80211: Register frame type=0xd0 (WLAN_FC_STYPE_ACTION) nl_handle=0xe8c34848 match=0a0b multicast=0
06-25 14:28:14.243 836 836 D wpa_supplicant: nl80211: Register frame type=0xd0 (WLAN_FC_STYPE_ACTION) nl_handle=0xe8c34848 match=0a1a multicast=0
06-25 14:28:14.243 836 836 D wpa_supplicant: nl80211: Register frame type=0xd0 (WLAN_FC_STYPE_ACTION) nl_handle=0xe8c34848 match=1101 multicast=0
06-25 14:28:14.243 836 836 D wpa_supplicant: nl80211: Register frame type=0xd0 (WLAN_FC_STYPE_ACTION) nl_handle=0xe8c34848 match=1102 multicast=0
06-25 14:28:14.243 836 836 D wpa_supplicant: nl80211: Register frame type=0xd0 (WLAN_FC_STYPE_ACTION) nl_handle=0xe8c34848 match=0505 multicast=0
06-25 14:28:14.243 836 836 D wpa_supplicant: nl80211: Register frame type=0xd0 (WLAN_FC_STYPE_ACTION) nl_handle=0xe8c34848 match=0500 multicast=0
06-25 14:28:14.243 836 836 D wpa_supplicant: nl80211: Register frame type=0xd0 (WLAN_FC_STYPE_ACTION) nl_handle=0xe8c34848 match=1305 multicast=0
06-25 14:28:14.244 836 836 I wpa_supplicant: rfkill: Cannot get wiphy information
06-25 14:28:14.244 836 836 D wpa_supplicant: nl80211: RFKILL status not available
06-25 14:28:14.245 366 476 I Codec2InfoBuilder: adding type 'audio/opus'
06-25 14:28:14.245 480 480 W TrustManagerService: EXTRA_USER_HANDLE missing or invalid, value=0
06-25 14:28:14.246 396 396 V C2Store : in init
06-25 14:28:14.246 396 396 V C2Store : loading dll
06-25 14:28:14.247 396 821 V C2Store : in ~ComponentModule
06-25 14:28:14.247 396 821 V C2Store : unloading dll
06-25 14:28:14.248 836 836 D wpa_supplicant: nl80211: Start P2P Device p2p-dev-wlan0 (0x3): Success
06-25 14:28:14.250 836 836 D wpa_supplicant: Add interface p2p-dev-wlan0 to existing radio phy0
06-25 14:28:14.251 836 836 D wpa_supplicant: nl80211: No channel number found for frequency 5920 MHz
06-25 14:28:14.252 836 836 D wpa_supplicant: nl80211: No channel number found for frequency 5940 MHz
06-25 14:28:14.253 836 836 D wpa_supplicant: nl80211: Regulatory information - country=00
06-25 14:28:14.253 836 836 D wpa_supplicant: nl80211: 755-928 @ 2 MHz 20 mBm (no IR)
06-25 14:28:14.253 836 836 D wpa_supplicant: nl80211: 2402-2472 @ 40 MHz 20 mBm
06-25 14:28:14.253 836 836 D wpa_supplicant: nl80211: 2457-2482 @ 20 MHz 20 mBm (no IR)
06-25 14:28:14.253 366 476 I Codec2InfoBuilder: adding type 'audio/opus'
06-25 14:28:14.254 836 836 D wpa_supplicant: nl80211: 2474-2494 @ 20 MHz 20 mBm (no OFDM) (no IR)
06-25 14:28:14.254 396 821 V C2Store : in init
06-25 14:28:14.254 396 821 V C2Store : loading dll
06-25 14:28:14.254 836 836 D wpa_supplicant: nl80211: 5170-5250 @ 80 MHz 20 mBm (no IR)
06-25 14:28:14.254 836 836 D wpa_supplicant: nl80211: 5250-5330 @ 80 MHz 20 mBm (DFS) (no IR)
06-25 14:28:14.255 836 836 D wpa_supplicant: nl80211: 5490-5730 @ 160 MHz 20 mBm (DFS) (no IR)
06-25 14:28:14.255 836 836 D wpa_supplicant: nl80211: 5735-5835 @ 80 MHz 20 mBm (no IR)
06-25 14:28:14.255 836 836 D wpa_supplicant: nl80211: 57240-63720 @ 2160 MHz 0 mBm
06-25 14:28:14.255 836 836 D wpa_supplicant: nl80211: Added 802.11b mode based on 802.11g information
06-25 14:28:14.255 836 836 D wpa_supplicant: nl80211: Mode IEEE 802.11g: 2412 2417 2422 2427 2432 2437 2442 2447 2452 2457 2462 2467 2472 2484
06-25 14:28:14.255 836 836 D wpa_supplicant: nl80211: Mode IEEE 802.11a: 5170[DISABLED] 5180 5200 5220 5240 5260[RADAR] 5280[RADAR] 5300[RADAR] 5320[RADAR] 5500[RADAR] 5520[RADAR] 5540[RADAR] 5560[RADAR] 5580[RADAR] 5600[RADAR] 5620[RADAR] 5640[RADAR] 5660[RADAR]
06-25 14:28:14.255 836 836 D wpa_supplicant: nl80211: Mode IEEE 802.11b: 2412 2417 2422 2427 2432 2437 2442 2447 2452 2457 2462 2467 2472 2484
06-25 14:28:14.255 836 836 D wpa_supplicant: p2p-dev-wlan0: Own MAC address: b6:2f:03:15:e8:b9
06-25 14:28:14.256 836 836 D wpa_supplicant: p2p-dev-wlan0: RSN: flushing PMKID list in the driver
06-25 14:28:14.256 836 836 D wpa_supplicant: nl80211: Flush PMKIDs
06-25 14:28:14.256 836 836 D wpa_supplicant: p2p-dev-wlan0: State: DISCONNECTED -> INACTIVE
06-25 14:28:14.257 836 836 D wpa_supplicant: p2p-dev-wlan0: WPS: UUID from the first interface: 9c907f24-96c2-56f2-9fdd-752c11c3bef8
06-25 14:28:14.257 836 836 D wpa_supplicant: EAPOL: SUPP_PAE entering state DISCONNECTED
06-25 14:28:14.257 836 836 D wpa_supplicant: EAPOL: Supplicant port status: Unauthorized
06-25 14:28:14.257 836 836 D wpa_supplicant: nl80211: Skip set_supp_port(unauthorized) while not associated
06-25 14:28:14.257 836 836 D wpa_supplicant: EAPOL: KEY_RX entering state NO_KEY_RECEIVE
06-25 14:28:14.257 836 836 D wpa_supplicant: EAPOL: SUPP_BE entering state INITIALIZE
06-25 14:28:14.257 836 836 D wpa_supplicant: EAP: EAP entering state DISABLED
06-25 14:28:14.257 836 836 D wpa_supplicant: Using existing control interface directory.
06-25 14:28:14.258 762 762 V WifiManager: registerSoftApCallback: callback=com.android.networkstack.tethering.Tethering$TetheringSoftApCallback@8115332, executor=com.android.networkstack.tethering.Tethering$TetheringThreadExecutor@165d883
06-25 14:28:14.260 480 523 W IorapForwardingService: No service published for: iorapd
06-25 14:28:14.261 836 836 D wpa_supplicant: ctrl_iface bind(PF_UNIX) failed: Address already in use
06-25 14:28:14.261 836 836 D wpa_supplicant: ctrl_iface exists, but does not allow connections - assuming it was leftover from forced program termination
06-25 14:28:14.261 836 836 D wpa_supplicant: Successfully replaced leftover ctrl_iface socket '/data/vendor/wifi/wpa/sockets/p2p-dev-wlan0'
06-25 14:28:14.262 836 836 D wpa_supplicant: P2P: Add operating class 81
06-25 14:28:14.262 836 836 D wpa_supplicant: P2P: Channels - hexdump(len=13): 01 02 03 04 05 06 07 08 09 0a 0b 0c 0d
06-25 14:28:14.262 836 836 D wpa_supplicant: P2P: Add operating class 115
06-25 14:28:14.262 836 836 D wpa_supplicant: P2P: Channels - hexdump(len=4): 24 28 2c 30
06-25 14:28:14.262 836 836 D wpa_supplicant: P2P: Add operating class 116
06-25 14:28:14.262 836 836 D wpa_supplicant: P2P: Channels - hexdump(len=2): 24 2c
06-25 14:28:14.262 836 836 D wpa_supplicant: P2P: Add operating class 117
06-25 14:28:14.262 836 836 D wpa_supplicant: P2P: Channels - hexdump(len=2): 28 30
06-25 14:28:14.262 836 836 D wpa_supplicant: P2P: Add operating class 124
06-25 14:28:14.262 836 836 D wpa_supplicant: P2P: Channels - hexdump(len=4): 95 99 9d a1
06-25 14:28:14.262 836 836 D wpa_supplicant: P2P: Add operating class 125
06-25 14:28:14.262 836 836 D wpa_supplicant: P2P: Channels - hexdump(len=5): 95 99 9d a1 a5
06-25 14:28:14.262 836 836 D wpa_supplicant: P2P: Add operating class 126
06-25 14:28:14.262 836 836 D wpa_supplicant: P2P: Channels - hexdump(len=2): 95 9d
06-25 14:28:14.262 836 836 D wpa_supplicant: P2P: Add operating class 127
06-25 14:28:14.262 836 836 D wpa_supplicant: P2P: Channels - hexdump(len=2): 99 a1
06-25 14:28:14.262 836 836 D wpa_supplicant: P2P: Add operating class 128
06-25 14:28:14.262 836 836 D wpa_supplicant: P2P: Channels - hexdump(len=8): 24 28 2c 30 95 99 9d a1
06-25 14:28:14.262 836 836 D wpa_supplicant: P2P: Add operating class 130
06-25 14:28:14.262 836 836 D wpa_supplicant: P2P: Channels - hexdump(len=9): 24 28 2c 30 95 99 9d a1 a5
06-25 14:28:14.262 836 836 D wpa_supplicant: P2P: Own listen channel: 81:11
06-25 14:28:14.263 836 836 D wpa_supplicant: P2P: Random operating channel: 81:6
06-25 14:28:14.263 836 836 D wpa_supplicant: P2P: initialized
06-25 14:28:14.263 836 836 D wpa_supplicant: P2P: channels: 81:1,2,3,4,5,6,7,8,9,10,11,12,13 115:36,40,44,48 116:36,44 117:40,48 124:149,153,157,161 125:149,153,157,161,165 126:149,157 127:153,161 128:36,40,44,48,149,153,157,161 130:36,40,44,48,149,153,157,161,165
06-25 14:28:14.264 836 836 D wpa_supplicant: P2P: cli_channels:
06-25 14:28:14.264 836 836 D wpa_supplicant: MBO: Update non-preferred channels, non_pref_chan=N/A
06-25 14:28:14.264 836 836 D wpa_supplicant: Registering interface to hidl control: p2p-dev-wlan0
06-25 14:28:14.264 836 836 D wpa_supplicant: p2p-dev-wlan0: Added interface p2p-dev-wlan0
06-25 14:28:14.264 836 836 D wpa_supplicant: p2p-dev-wlan0: State: INACTIVE -> DISCONNECTED
06-25 14:28:14.264 836 836 D wpa_supplicant: nl80211: Set p2p-dev-wlan0 operstate 0->0 (DORMANT)
06-25 14:28:14.264 836 836 D wpa_supplicant: netlink: Operstate: ifindex=0 linkmode=-1 (no change), operstate=5 (IF_OPER_DORMANT)
06-25 14:28:14.264 836 836 D wpa_supplicant: p2p-dev-wlan0: Determining shared radio frequencies (max len 2)
06-25 14:28:14.264 836 836 D wpa_supplicant: p2p-dev-wlan0: Shared frequencies (len=0): completed iteration
06-25 14:28:14.264 836 836 D wpa_supplicant: P2P: Add operating class 81
06-25 14:28:14.264 836 836 D wpa_supplicant: P2P: Channels - hexdump(len=13): 01 02 03 04 05 06 07 08 09 0a 0b 0c 0d
06-25 14:28:14.264 836 836 D wpa_supplicant: P2P: Add operating class 115
06-25 14:28:14.264 836 836 D wpa_supplicant: P2P: Channels - hexdump(len=4): 24 28 2c 30
06-25 14:28:14.264 836 836 D wpa_supplicant: P2P: Add operating class 116
06-25 14:28:14.264 836 836 D wpa_supplicant: P2P: Channels - hexdump(len=2): 24 2c
06-25 14:28:14.264 836 836 D wpa_supplicant: P2P: Add operating class 117
06-25 14:28:14.264 836 836 D wpa_supplicant: P2P: Channels - hexdump(len=2): 28 30
06-25 14:28:14.264 836 836 D wpa_supplicant: P2P: Add operating class 124
06-25 14:28:14.264 836 836 D wpa_supplicant: P2P: Channels - hexdump(len=4): 95 99 9d a1
06-25 14:28:14.264 836 836 D wpa_supplicant: P2P: Add operating class 125
06-25 14:28:14.264 836 836 D wpa_supplicant: P2P: Channels - hexdump(len=5): 95 99 9d a1 a5
06-25 14:28:14.264 836 836 D wpa_supplicant: P2P: Add operating class 126
06-25 14:28:14.264 836 836 D wpa_supplicant: P2P: Channels - hexdump(len=2): 95 9d
06-25 14:28:14.264 836 836 D wpa_supplicant: P2P: Add operating class 127
06-25 14:28:14.264 836 836 D wpa_supplicant: P2P: Channels - hexdump(len=2): 99 a1
06-25 14:28:14.264 836 836 D wpa_supplicant: P2P: Add operating class 128
06-25 14:28:14.264 836 836 D wpa_supplicant: P2P: Channels - hexdump(len=8): 24 28 2c 30 95 99 9d a1
06-25 14:28:14.264 836 836 D wpa_supplicant: P2P: Add operating class 130
06-25 14:28:14.264 836 836 D wpa_supplicant: P2P: Channels - hexdump(len=9): 24 28 2c 30 95 99 9d a1 a5
06-25 14:28:14.264 836 836 D wpa_supplicant: P2P: Update channel list
06-25 14:28:14.264 836 836 D wpa_supplicant: P2P: channels: 81:1,2,3,4,5,6,7,8,9,10,11,12,13 115:36,40,44,48 116:36,44 117:40,48 124:149,153,157,161 125:149,153,157,161,165 126:149,157 127:153,161 128:36,40,44,48,149,153,157,161 130:36,40,44,48,149,153,157,161,165
06-25 14:28:14.264 836 836 D wpa_supplicant: P2P: cli_channels:
06-25 14:28:14.265 836 836 D wpa_supplicant: RTM_NEWLINK: ifi_index=14 ifname=wlan0 operstate=5 linkmode=0 ifi_family=0 ifi_flags=0x11003 ([UP][LOWER_UP])
06-25 14:28:14.266 836 836 D wpa_supplicant: RTM_NEWLINK: ifi_index=14 ifname=wlan0 operstate=5 linkmode=1 ifi_family=0 ifi_flags=0x11003 ([UP][LOWER_UP])
06-25 14:28:14.270 480 480 I SystemServerTiming: ManagedServices.unbindOtherUserServices_current0
06-25 14:28:14.270 480 480 I SystemServerTiming: ManagedServices.unbindOtherUserServices_current0
06-25 14:28:14.271 276 315 E cutils-trace: Error opening trace file: No such file or directory (2)
06-25 14:28:14.272 480 480 I SystemServerTiming: ManagedServices.unbindOtherUserServices_current0
06-25 14:28:14.272 480 574 D ConnectivityService: requestNetwork for uid/pid:1073/762 activeRequest: null callbackRequest: 21 [NetworkRequest [ TRACK_SYSTEM_DEFAULT id=21, [ Capabilities: INTERNET&NOT_RESTRICTED&TRUSTED&NOT_VPN&NOT_VCN_MANAGED RequestorUid: 1073 RequestorPkg: com.android.networkstack.tethering] ]] callback flags: 0 priority: 2147483647
06-25 14:28:14.272 480 480 V NotificationAssistants: enabling notification assistant for 0: ComponentInfo{android.ext.services/android.ext.services.notification.Assistant}
06-25 14:28:14.273 480 480 V NotificationAssistants: binding: Intent { act=android.service.notification.NotificationAssistantService cmp=android.ext.services/.notification.Assistant (has extras) }
06-25 14:28:14.273 366 476 I Codec2InfoBuilder: adding type 'audio/raw'
06-25 14:28:14.273 480 616 D ConnectivityService: NetReassign [no changes]
06-25 14:28:14.274 396 433 V C2Store : in init
06-25 14:28:14.274 396 433 V C2Store : loading dll
06-25 14:28:14.275 396 396 V C2Store : in ~ComponentModule
06-25 14:28:14.275 396 396 V C2Store : unloading dll
06-25 14:28:14.276 396 821 V C2Store : in ~ComponentModule
06-25 14:28:14.277 396 821 V C2Store : unloading dll
06-25 14:28:14.280 849 849 I id.ext.services: type=1400 audit(0.0:387): avc: denied { search } for name="android.ext.services" dev="mmcblk0p25" ino=437 scontext=u:r:platform_app:s0:c512,c768 tcontext=u:object_r:app_data_file:s0:c512,c768 tclass=dir permissive=1 app=android.ext.services
06-25 14:28:14.285 366 476 I Codec2InfoBuilder: adding type 'audio/vorbis'
06-25 14:28:14.286 396 396 V C2Store : in init
06-25 14:28:14.286 396 396 V C2Store : loading dll
06-25 14:28:14.287 849 849 V GraphicsEnvironment: ANGLE Developer option for 'android.ext.services' set to: 'default'
06-25 14:28:14.287 849 849 V GraphicsEnvironment: Neither updatable production driver nor prerelease driver is supported.
06-25 14:28:14.294 396 433 V C2Store : in ~ComponentModule
06-25 14:28:14.294 396 433 V C2Store : unloading dll
06-25 14:28:14.296 480 609 D SupplicantStaIfaceHal: Newer HAL is found, skip V1_3 remaining init flow.
06-25 14:28:14.296 480 609 D SupplicantStaIfaceHal: Newer HAL is found, skip V1_2 remaining init flow.
06-25 14:28:14.296 480 609 D SupplicantStaIfaceHal: Newer HAL is found, skip V1_1 remaining init flow.
06-25 14:28:14.296 480 609 D SupplicantStaIfaceHal: Newer HAL is found, skip V1_0 remaining init flow.
06-25 14:28:14.290 849 849 D NetworkSecurityConfig: No Network Security Config specified, using platform default
06-25 14:28:14.301 366 476 I Codec2InfoBuilder: adding type 'video/x-vnd.on2.vp8'
06-25 14:28:14.300 849 849 D NetworkSecurityConfig: No Network Security Config specified, using platform default
06-25 14:28:14.302 396 821 V C2Store : in init
06-25 14:28:14.302 396 821 V C2Store : loading dll
06-25 14:28:14.304 659 659 E WifiHAL : wifi_get_logger_supported_feature_set: Error -5 happened.
06-25 14:28:14.306 659 659 E WifiHAL : wifi_get_logger_supported_feature_set: Error -5 happened.
06-25 14:28:14.307 396 821 I C2SoftVp8Enc: setting temporal layering 0 + 0
01-01 08:00:18.159 659 659 I ieee80211 phy0: sprdwl_vendor_get_support_feature
01-01 08:00:18.161 659 659 I ieee80211 phy0: sprdwl_vendor_get_support_feature
06-25 14:28:14.311 836 836 D wpa_supplicant: Driver capability mask: 0xd
06-25 14:28:14.313 396 821 I C2SoftVp8Enc: setting temporal layering 0 + 0
06-25 14:28:14.314 480 609 I WifiNative: Successfully switched to connectivity mode on iface=Iface:{Name=wlan0,Id=0,Type=STA_CONNECTIVITY}
06-25 14:28:14.314 480 609 D WifiClientModeManager[wlan0]: entering ConnectModeState, starting ClientModeImpl
06-25 14:28:14.315 366 476 I Codec2InfoBuilder: adding type 'video/x-vnd.on2.vp8'
06-25 14:28:14.317 396 434 V C2Store : in init
06-25 14:28:14.318 396 434 V C2Store : loading dll
06-25 14:28:14.323 366 476 D Codec2InfoBuilder: component 'c2.android.vp9.decoder' not found in xml
06-25 14:28:14.324 396 881 V C2Store : in init
06-25 14:28:14.324 396 881 V C2Store : loading dll
06-25 14:28:14.326 396 881 I C2SoftVp9Enc: setting temporal layering 0 + 0
06-25 14:28:14.330 396 881 I C2SoftVp9Enc: setting temporal layering 0 + 0
06-25 14:28:14.332 396 396 V C2Store : in ~ComponentModule
06-25 14:28:14.332 396 434 V C2Store : in ~ComponentModule
06-25 14:28:14.332 396 396 V C2Store : unloading dll
06-25 14:28:14.333 396 434 V C2Store : unloading dll
06-25 14:28:14.334 396 821 V C2Store : in ~ComponentModule
06-25 14:28:14.334 396 821 V C2Store : unloading dll
06-25 14:28:14.335 366 476 D Codec2InfoBuilder: codec entry for 'c2.android.vp9.encoder' is disabled
06-25 14:28:14.336 396 434 V C2Store : in ~ComponentModule
06-25 14:28:14.336 396 434 V C2Store : unloading dll
06-25 14:28:14.337 480 720 D MediaCodecList: codecHandlesFormat: no format, so no extra checks
06-25 14:28:14.337 480 721 D MediaCodecList: codecHandlesFormat: no format, so no extra checks
06-25 14:28:14.336 900 900 I Thread-2: type=1400 audit(0.0:388): avc: denied { execute } for name="am" dev="dm-1" ino=1160 scontext=u:r:system_app:s0 tcontext=u:object_r:vendor_file:s0 tclass=file permissive=1
06-25 14:28:14.336 900 900 I Thread-2: type=1400 audit(0.0:389): avc: denied { read open } for path="/vendor/xbin/am" dev="dm-1" ino=1160 scontext=u:r:system_app:s0 tcontext=u:object_r:vendor_file:s0 tclass=file permissive=1
06-25 14:28:14.340 900 900 I Thread-2: type=1400 audit(0.0:390): avc: denied { execute_no_trans } for path="/vendor/xbin/am" dev="dm-1" ino=1160 scontext=u:r:system_app:s0 tcontext=u:object_r:vendor_file:s0 tclass=file permissive=1
06-25 14:28:14.352 329 329 I rainbow_flow: type=1400 audit(0.0:391): avc: denied { ioctl } for path="/dev/spidev1.0" dev="tmpfs" ino=749 ioctlcmd=0x6b00 scontext=u:r:init:s0 tcontext=u:object_r:device:s0 tclass=chr_file permissive=1
06-25 14:28:14.356 480 725 D CCodec : allocate(c2.android.vorbis.decoder)
06-25 14:28:14.358 480 724 D CCodec : allocate(c2.android.vorbis.decoder)
06-25 14:28:14.359 480 725 I Codec2Client: Available Codec2 services: "software"
06-25 14:28:14.365 396 898 V C2Store : in init
06-25 14:28:14.365 396 898 V C2Store : loading dll
06-25 14:28:14.366 480 875 D CompatibilityChangeReporter: Compat change id reported: 171306433; UID 1000; state: ENABLED
06-25 14:28:14.370 480 724 I CCodec : Created component [c2.android.vorbis.decoder]
06-25 14:28:14.371 480 724 D CCodecConfig: read media type: audio/vorbis
06-25 14:28:14.374 480 724 D ReflectedParamUpdater: extent() != 1 for single value type: algo.buffers.max-count.values
06-25 14:28:14.375 480 724 D ReflectedParamUpdater: extent() != 1 for single value type: output.subscribed-indices.values
06-25 14:28:14.375 480 724 D ReflectedParamUpdater: extent() != 1 for single value type: input.buffers.allocator-ids.values
06-25 14:28:14.375 480 724 D ReflectedParamUpdater: extent() != 1 for single value type: output.buffers.allocator-ids.values
06-25 14:28:14.376 480 724 D ReflectedParamUpdater: extent() != 1 for single value type: algo.buffers.allocator-ids.values
06-25 14:28:14.376 480 724 D ReflectedParamUpdater: extent() != 1 for single value type: output.buffers.pool-ids.values
06-25 14:28:14.376 480 724 D ReflectedParamUpdater: extent() != 1 for single value type: algo.buffers.pool-ids.values
06-25 14:28:14.380 480 724 I CCodecConfig: query failed after returning 7 values (BAD_INDEX)
06-25 14:28:14.380 480 725 I CCodec : Created component [c2.android.vorbis.decoder]
06-25 14:28:14.380 480 724 D CCodecConfig: c2 config diff is Dict {
06-25 14:28:14.380 480 724 D CCodecConfig: c2::u32 coded.bitrate.value = 64000
06-25 14:28:14.380 480 724 D CCodecConfig: c2::u32 input.buffers.max-size.value = 32768
06-25 14:28:14.380 480 724 D CCodecConfig: c2::u32 input.delay.value = 0
06-25 14:28:14.380 480 724 D CCodecConfig: string input.media-type.value = "audio/vorbis"
06-25 14:28:14.380 480 724 D CCodecConfig: string output.media-type.value = "audio/raw"
06-25 14:28:14.380 480 724 D CCodecConfig: c2::u32 raw.channel-count.value = 1
06-25 14:28:14.380 480 724 D CCodecConfig: c2::u32 raw.sample-rate.value = 48000
06-25 14:28:14.380 480 724 D CCodecConfig: }
06-25 14:28:14.380 480 725 D CCodecConfig: read media type: audio/vorbis
06-25 14:28:14.382 480 724 D CCodec : [c2.android.vorbis.decoder] buffers are bound to CCodec for this session
06-25 14:28:14.382 480 724 D CCodecConfig: no c2 equivalents for durationUs
06-25 14:28:14.382 480 724 D CCodecConfig: no c2 equivalents for track-id
06-25 14:28:14.383 480 724 D CCodecConfig: no c2 equivalents for csd-1
06-25 14:28:14.383 480 724 D CCodecConfig: no c2 equivalents for channel-mask
06-25 14:28:14.383 480 724 D CCodecConfig: no c2 equivalents for flags
06-25 14:28:14.385 480 724 D CCodecConfig: c2 config diff is c2::u32 raw.channel-count.value = 2
06-25 14:28:14.385 480 724 D CCodecConfig: c2::u32 raw.sample-rate.value = 44100
06-25 14:28:14.387 480 724 W Codec2Client: query -- param skipped: index = 1107298332.
06-25 14:28:14.388 480 724 D CCodec : setup formats input: AMessage(what = 0x00000000) = {
06-25 14:28:14.388 480 724 D CCodec : int32_t bitrate = 64000
06-25 14:28:14.388 480 724 D CCodec : int32_t channel-count = 2
06-25 14:28:14.388 480 724 D CCodec : int32_t max-input-size = 32768
06-25 14:28:14.388 480 724 D CCodec : string mime = "audio/vorbis"
06-25 14:28:14.388 480 724 D CCodec : int32_t sample-rate = 44100
06-25 14:28:14.388 480 724 D CCodec : }
06-25 14:28:14.388 480 724 D CCodec : setup formats output: AMessage(what = 0x00000000) = {
06-25 14:28:14.388 480 724 D CCodec : int32_t channel-count = 2
06-25 14:28:14.388 480 724 D CCodec : string mime = "audio/raw"
06-25 14:28:14.388 480 724 D CCodec : int32_t sample-rate = 44100
06-25 14:28:14.388 480 724 D CCodec : int32_t channel-mask = 3
06-25 14:28:14.388 480 724 D CCodec : }
06-25 14:28:14.389 480 724 I CCodecConfig: query failed after returning 7 values (BAD_INDEX)
06-25 14:28:14.389 480 725 D ReflectedParamUpdater: extent() != 1 for single value type: algo.buffers.max-count.values
06-25 14:28:14.389 480 725 D ReflectedParamUpdater: extent() != 1 for single value type: output.subscribed-indices.values
06-25 14:28:14.389 480 725 D ReflectedParamUpdater: extent() != 1 for single value type: input.buffers.allocator-ids.values
06-25 14:28:14.390 480 725 D ReflectedParamUpdater: extent() != 1 for single value type: output.buffers.allocator-ids.values
06-25 14:28:14.390 480 725 D ReflectedParamUpdater: extent() != 1 for single value type: algo.buffers.allocator-ids.values
06-25 14:28:14.390 480 725 D ReflectedParamUpdater: extent() != 1 for single value type: output.buffers.pool-ids.values
06-25 14:28:14.390 360 360 D incidentd: WorkDirectory::getReports
06-25 14:28:14.390 480 725 D ReflectedParamUpdater: extent() != 1 for single value type: algo.buffers.pool-ids.values
06-25 14:28:14.391 824 901 D MediaCodecList: codecHandlesFormat: no format, so no extra checks
06-25 14:28:14.393 480 724 W Codec2Client: query -- param skipped: index = 1342179345.
06-25 14:28:14.393 480 724 W Codec2Client: query -- param skipped: index = 2415921170.
06-25 14:28:14.394 480 724 D C2Store : Using ION
06-25 14:28:14.395 480 724 D CCodecBufferChannel: [c2.android.vorbis.decoder#900] Created input block pool with allocatorID 16 => poolID 17 - OK (0)
06-25 14:28:14.395 480 725 I CCodecConfig: query failed after returning 7 values (BAD_INDEX)
06-25 14:28:14.396 480 725 D CCodecConfig: c2 config diff is Dict {
06-25 14:28:14.396 480 725 D CCodecConfig: c2::u32 coded.bitrate.value = 64000
